Note: Google Test filter = FullStackInsertScanTest.MRSOnlyStressTest [==========] Running 1 test from 1 test case. [----------] Global test environment set-up. [----------] 1 test from FullStackInsertScanTest [ RUN ] FullStackInsertScanTest.MRSOnlyStressTest WARNING: Logging before InitGoogleLogging() is written to STDERR
I1214 13:30:27.913965 38914 test_util.cc:211] Using random seed: 1506866411
I1214 13:30:27.914237 38914 internal_mini_cluster.cc:152] Creating distributed mini masters. Addrs: 127.38.0.190:51742
I1214 13:30:27.914306 38914 env_posix.cc:1762] Not raising this process' open files per process limit of 32768; it is already as high as it can go
I1214 13:30:27.914371 38914 file_cache.cc:477] Constructed file cache file cache with capacity 13106
I1214 13:30:27.914721 38914 hybrid_clock.cc:244] auto-selected time source: system_unsync
W1214 13:30:27.914736 38914 system_unsync_time.cc:38] NTP support is disabled. Clock error bounds will not be accurate. This configuration is not suitable for distributed clusters.
I1214 13:30:27.914738 38914 hybrid_clock.cc:591] HybridClock initialized: now 1607981427914739 us; error 0 us; skew 500 ppm
I1214 13:30:27.914913 38914 fs_manager.cc:259] Metadata directory not provided
I1214 13:30:27.914927 38914 fs_manager.cc:265] Using write-ahead log directory (fs_wal_dir) as metadata directory
I1214 13:30:27.914945 38914 server_base.cc:497] This appears to be a new deployment of Kudu; creating new FS layout
I1214 13:30:27.915477 38914 fs_manager.cc:617] Generated new instance metadata in path /data/1/tmp/kudutest-jenkins/full_stack-insert-scan-test.FullStackInsertScanTest.MRSOnlyStressTest.1607981427907981-38914/minicluster-data/master-0-root/instance: uuid: "13ae8df39cb84135a825e104636c9b2f" format_stamp: "Formatted at 2020-12-14 21:30:27 on ve0520.halxg.cloudera.com"
I1214 13:30:27.916218 38914 fs_manager.cc:518] Time spent creating directory manager: real 0.001s user 0.001s sys 0.000s
I1214 13:30:27.916338 38914 log_block_manager.cc:2048] Data dir /data/1/tmp/kudutest-jenkins/full_stack-insert-scan-test.FullStackInsertScanTest.MRSOnlyStressTest.1607981427907981-38914/minicluster-data/master-0-root/data is on an ext4 filesystem vulnerable to KUDU-1508 with block size 2048
I1214 13:30:27.916347 38914 log_block_manager.cc:2058] Limiting containers on data directory /data/1/tmp/kudutest-jenkins/full_stack-insert-scan-test.FullStackInsertScanTest.MRSOnlyStressTest.1607981427907981-38914/minicluster-data/master-0-root/data to 1353 blocks
I1214 13:30:27.916440 38914 fs_manager.cc:433] Time spent opening block manager: real 0.000s user 0.000s sys 0.000s
I1214 13:30:27.916450 38914 fs_manager.cc:451] Opened local filesystem: /data/1/tmp/kudutest-jenkins/full_stack-insert-scan-test.FullStackInsertScanTest.MRSOnlyStressTest.1607981427907981-38914/minicluster-data/master-0-root uuid: "13ae8df39cb84135a825e104636c9b2f" format_stamp: "Formatted at 2020-12-14 21:30:27 on ve0520.halxg.cloudera.com"
I1214 13:30:27.916468 38914 fs_report.cc:352] FS layout report -------------------- wal directory: /data/1/tmp/kudutest-jenkins/full_stack-insert-scan-test.FullStackInsertScanTest.MRSOnlyStressTest.1607981427907981-38914/minicluster-data/master-0-root metadata directory: /data/1/tmp/kudutest-jenkins/full_stack-insert-scan-test.FullStackInsertScanTest.MRSOnlyStressTest.1607981427907981-38914/minicluster-data/master-0-root 1 data directories: /data/1/tmp/kudutest-jenkins/full_stack-insert-scan-test.FullStackInsertScanTest.MRSOnlyStressTest.1607981427907981-38914/minicluster-data/master-0-root/data Total live blocks: 0 Total live bytes: 0 Total live bytes (after alignment): 0 Total number of LBM containers: 0 (0 full) Did not check for missing blocks Did not check for orphaned blocks Total full LBM containers with extra space: 0 (0 repaired) Total full LBM container extra space in bytes: 0 (0 repaired) Total incomplete LBM containers: 0 (0 repaired) Total LBM partial records: 0 (0 repaired)
I1214 13:30:27.927868 38914 env_posix.cc:1757] Raising this process' running threads per effective uid limit from 32768 to 65536
I1214 13:30:27.928092 38923 maintenance_manager.cc:298] Maintenance manager is disabled. Stopping thread.
I1214 13:30:27.929939 38914 rpc_server.cc:221] RPC server started. Bound to: 127.38.0.190:51742
I1214 13:30:27.930092 38914 webserver.cc:390] Webserver started at http://127.38.0.190:49833/ using document root and password file
I1214 13:30:27.930338 38971 data_dirs.cc:395] Could only allocate 1 dirs of requested 3 for tablet 00000000000000000000000000000000. 1 dirs total, 0 dirs full, 0 dirs failed
I1214 13:30:27.931941 38971 tablet_bootstrap.cc:474] T 00000000000000000000000000000000 P 13ae8df39cb84135a825e104636c9b2f: Bootstrap starting.
I1214 13:30:27.932155 38971 tablet_bootstrap.cc:631] T 00000000000000000000000000000000 P 13ae8df39cb84135a825e104636c9b2f: No blocks or log segments found. Creating new log.
I1214 13:30:27.932252 38971 log.cc:816] T 00000000000000000000000000000000 P 13ae8df39cb84135a825e104636c9b2f: Log is configured to *not* fsync() on all Append() calls
I1214 13:30:27.932798 38971 tablet_bootstrap.cc:474] T 00000000000000000000000000000000 P 13ae8df39cb84135a825e104636c9b2f: No bootstrap required, opened a new log
I1214 13:30:27.933760 38971 raft_consensus.cc:344] T 00000000000000000000000000000000 P 13ae8df39cb84135a825e104636c9b2f [term 0 FOLLOWER]: Replica starting. Triggering 0 pending ops. Active config: opid_index: -1 OBSOLETE_local: true peers { permanent_uuid: "13ae8df39cb84135a825e104636c9b2f" member_type: VOTER }
I1214 13:30:27.933794 38971 raft_consensus.cc:370] T 00000000000000000000000000000000 P 13ae8df39cb84135a825e104636c9b2f [term 0 FOLLOWER]: Consensus starting up: Expiring failure detector timer to make a prompt election more likely
I1214 13:30:27.933805 38971 raft_consensus.cc:725] T 00000000000000000000000000000000 P 13ae8df39cb84135a825e104636c9b2f [term 0 FOLLOWER]: Becoming Follower/Learner. State: Replica: 13ae8df39cb84135a825e104636c9b2f, State: Initialized, Role: FOLLOWER
I1214 13:30:27.933827 38971 consensus_queue.cc:250] T 00000000000000000000000000000000 P 13ae8df39cb84135a825e104636c9b2f [NON_LEADER]: Queue going to NON_LEADER mode. State: All replicated index: 0, Majority replicated index: 0, Committed index: 0, Last appended: 0.0, Last appended by leader: 0, Current term: 0, Majority size: -1, State: 0, Mode: NON_LEADER, active raft config: opid_index: -1 OBSOLETE_local: true peers { permanent_uuid: "13ae8df39cb84135a825e104636c9b2f" member_type: VOTER }
I1214 13:30:27.933840 38971 raft_consensus.cc:384] T 00000000000000000000000000000000 P 13ae8df39cb84135a825e104636c9b2f [term 0 FOLLOWER]: Only one voter in the Raft config. Triggering election immediately
I1214 13:30:27.933846 38971 raft_consensus.cc:478] T 00000000000000000000000000000000 P 13ae8df39cb84135a825e104636c9b2f [term 0 FOLLOWER]: Starting leader election (initial election of a single-replica configuration)
I1214 13:30:27.933854 38971 raft_consensus.cc:3031] T 00000000000000000000000000000000 P 13ae8df39cb84135a825e104636c9b2f [term 0 FOLLOWER]: Advancing to term 1
I1214 13:30:27.934096 38971 raft_consensus.cc:500] T 00000000000000000000000000000000 P 13ae8df39cb84135a825e104636c9b2f [term 1 FOLLOWER]: Starting leader election with config: opid_index: -1 OBSOLETE_local: true peers { permanent_uuid: "13ae8df39cb84135a825e104636c9b2f" member_type: VOTER }
I1214 13:30:27.934121 38971 leader_election.cc:302] T 00000000000000000000000000000000 P 13ae8df39cb84135a825e104636c9b2f [CANDIDATE]: Term 1 election: Election decided. Result: candidate won. Election summary: received 1 responses out of 1 voters: 1 yes votes; 0 no votes. yes voters: 13ae8df39cb84135a825e104636c9b2f; no voters:
I1214 13:30:27.934190 38971 leader_election.cc:288] T 00000000000000000000000000000000 P 13ae8df39cb84135a825e104636c9b2f [CANDIDATE]: Term 1 election: Requested vote from peers
I1214 13:30:27.934244 38973 raft_consensus.cc:2777] T 00000000000000000000000000000000 P 13ae8df39cb84135a825e104636c9b2f [term 1 FOLLOWER]: Leader election won for term 1
I1214 13:30:27.934258 38971 sys_catalog.cc:527] T 00000000000000000000000000000000 P 13ae8df39cb84135a825e104636c9b2f [sys.catalog]: configured and running, proceeding with master startup.
I1214 13:30:27.934358 38973 raft_consensus.cc:682] T 00000000000000000000000000000000 P 13ae8df39cb84135a825e104636c9b2f [term 1 LEADER]: Becoming Leader. State: Replica: 13ae8df39cb84135a825e104636c9b2f, State: Running, Role: LEADER
I1214 13:30:27.934398 38973 consensus_queue.cc:227] T 00000000000000000000000000000000 P 13ae8df39cb84135a825e104636c9b2f [LEADER]: Queue going to LEADER mode. State: All replicated index: 0, Majority replicated index: 0, Committed index: 0, Last appended: 0.0, Last appended by leader: 0, Current term: 1, Majority size: 1, State: 0, Mode: LEADER, active raft config: opid_index: -1 OBSOLETE_local: true peers { permanent_uuid: "13ae8df39cb84135a825e104636c9b2f" member_type: VOTER }
I1214 13:30:27.934579 38974 sys_catalog.cc:425] T 00000000000000000000000000000000 P 13ae8df39cb84135a825e104636c9b2f [sys.catalog]: SysCatalogTable state changed. Reason: RaftConsensus started. Latest consensus state: current_term: 1 leader_uuid: "13ae8df39cb84135a825e104636c9b2f" committed_config { opid_index: -1 OBSOLETE_local: true peers { permanent_uuid: "13ae8df39cb84135a825e104636c9b2f" member_type: VOTER } }
I1214 13:30:27.934602 38975 sys_catalog.cc:425] T 00000000000000000000000000000000 P 13ae8df39cb84135a825e104636c9b2f [sys.catalog]: SysCatalogTable state changed. Reason: New leader 13ae8df39cb84135a825e104636c9b2f. Latest consensus state: current_term: 1 leader_uuid: "13ae8df39cb84135a825e104636c9b2f" committed_config { opid_index: -1 OBSOLETE_local: true peers { permanent_uuid: "13ae8df39cb84135a825e104636c9b2f" member_type: VOTER } }
I1214 13:30:27.934618 38974 sys_catalog.cc:428] T 00000000000000000000000000000000 P 13ae8df39cb84135a825e104636c9b2f [sys.catalog]: This master's current role is: LEADER
I1214 13:30:27.934636 38975 sys_catalog.cc:428] T 00000000000000000000000000000000 P 13ae8df39cb84135a825e104636c9b2f [sys.catalog]: This master's current role is: LEADER
I1214 13:30:27.934669 38914 internal_mini_cluster.cc:173] Waiting to initialize catalog manager on master 0
W1214 13:30:27.934846 38977 catalog_manager.cc:1281] T 00000000000000000000000000000000 P 13ae8df39cb84135a825e104636c9b2f: loading cluster ID for follower catalog manager: Not found: cluster ID entry not found
W1214 13:30:27.934860 38977 catalog_manager.cc:680] Not found: cluster ID entry not found: failed to prepare follower catalog manager, will retry
I1214 13:30:27.934886 38978 catalog_manager.cc:1198] Loading table and tablet metadata into memory...
I1214 13:30:27.934971 38978 catalog_manager.cc:1207] Initializing Kudu cluster ID...
I1214 13:30:27.935647 38978 catalog_manager.cc:1079] Generated new cluster ID: fe6cfc1bbc854a0baa8e7eecfc07ec3a
I1214 13:30:27.935658 38978 catalog_manager.cc:1218] Initializing Kudu internal certificate authority...
I1214 13:30:27.948608 38978 catalog_manager.cc:1093] Generated new certificate authority record
I1214 13:30:27.948940 38978 catalog_manager.cc:1227] Loading token signing keys...
I1214 13:30:27.953482 38978 catalog_manager.cc:4835] T 00000000000000000000000000000000 P 13ae8df39cb84135a825e104636c9b2f: Generated new TSK 0
I1214 13:30:27.953512 38978 catalog_manager.cc:1237] Initializing in-progress tserver states...
I1214 13:30:27.966164 38914 file_cache.cc:477] Constructed file cache file cache with capacity 13106
I1214 13:30:27.966302 38914 hybrid_clock.cc:244] auto-selected time source: system_unsync
W1214 13:30:27.966312 38914 system_unsync_time.cc:38] NTP support is disabled. Clock error bounds will not be accurate. This configuration is not suitable for distributed clusters.
I1214 13:30:27.966315 38914 hybrid_clock.cc:591] HybridClock initialized: now 1607981427966316 us; error 0 us; skew 500 ppm
I1214 13:30:27.966400 38914 fs_manager.cc:259] Metadata directory not provided
I1214 13:30:27.966411 38914 fs_manager.cc:265] Using write-ahead log directory (fs_wal_dir) as metadata directory
I1214 13:30:27.966423 38914 server_base.cc:497] This appears to be a new deployment of Kudu; creating new FS layout
I1214 13:30:27.966524 38914 fs_manager.cc:617] Generated new instance metadata in path /data/1/tmp/kudutest-jenkins/full_stack-insert-scan-test.FullStackInsertScanTest.MRSOnlyStressTest.1607981427907981-38914/minicluster-data/ts-0-root/instance: uuid: "920fe744cd694fef85b550ea9b6c18be" format_stamp: "Formatted at 2020-12-14 21:30:27 on ve0520.halxg.cloudera.com"
I1214 13:30:27.966962 38914 fs_manager.cc:518] Time spent creating directory manager: real 0.000s user 0.001s sys 0.000s
I1214 13:30:27.967053 38914 log_block_manager.cc:2048] Data dir /data/1/tmp/kudutest-jenkins/full_stack-insert-scan-test.FullStackInsertScanTest.MRSOnlyStressTest.1607981427907981-38914/minicluster-data/ts-0-root/data is on an ext4 filesystem vulnerable to KUDU-1508 with block size 2048
I1214 13:30:27.967061 38914 log_block_manager.cc:2058] Limiting containers on data directory /data/1/tmp/kudutest-jenkins/full_stack-insert-scan-test.FullStackInsertScanTest.MRSOnlyStressTest.1607981427907981-38914/minicluster-data/ts-0-root/data to 1353 blocks
I1214 13:30:27.967121 38914 fs_manager.cc:433] Time spent opening block manager: real 0.000s user 0.000s sys 0.000s
I1214 13:30:27.967128 38914 fs_manager.cc:451] Opened local filesystem: /data/1/tmp/kudutest-jenkins/full_stack-insert-scan-test.FullStackInsertScanTest.MRSOnlyStressTest.1607981427907981-38914/minicluster-data/ts-0-root uuid: "920fe744cd694fef85b550ea9b6c18be" format_stamp: "Formatted at 2020-12-14 21:30:27 on ve0520.halxg.cloudera.com"
I1214 13:30:27.967139 38914 fs_report.cc:352] FS layout report -------------------- wal directory: /data/1/tmp/kudutest-jenkins/full_stack-insert-scan-test.FullStackInsertScanTest.MRSOnlyStressTest.1607981427907981-38914/minicluster-data/ts-0-root metadata directory: /data/1/tmp/kudutest-jenkins/full_stack-insert-scan-test.FullStackInsertScanTest.MRSOnlyStressTest.1607981427907981-38914/minicluster-data/ts-0-root 1 data directories: /data/1/tmp/kudutest-jenkins/full_stack-insert-scan-test.FullStackInsertScanTest.MRSOnlyStressTest.1607981427907981-38914/minicluster-data/ts-0-root/data Total live blocks: 0 Total live bytes: 0 Total live bytes (after alignment): 0 Total number of LBM containers: 0 (0 full) Did not check for missing blocks Did not check for orphaned blocks Total full LBM containers with extra space: 0 (0 repaired) Total full LBM container extra space in bytes: 0 (0 repaired) Total incomplete LBM containers: 0 (0 repaired) Total LBM partial records: 0 (0 repaired)
I1214 13:30:27.975129 38914 ts_tablet_manager.cc:423] Loaded tablet metadata (0 total tablets, 0 live tablets)
I1214 13:30:27.975144 38914 ts_tablet_manager.cc:444] Registered 0 tablets
I1214 13:30:27.976863 38914 rpc_server.cc:221] RPC server started. Bound to: 127.38.0.129:60114
I1214 13:30:27.976994 38914 webserver.cc:390] Webserver started at http://127.38.0.129:47812/ using document root and password file
I1214 13:30:27.977079 39049 maintenance_manager.cc:298] Maintenance manager is disabled. Stopping thread.
I1214 13:30:27.979692 39048 heartbeater.cc:325] Connected to a master server at 127.38.0.190:51742
I1214 13:30:27.979710 39048 heartbeater.cc:416] Registering TS with master...
I1214 13:30:27.979737 39048 heartbeater.cc:465] Master 127.38.0.190:51742 requested a full tablet report, sending...
I1214 13:30:27.979835 38934 ts_manager.cc:191] Registered new tserver with Master: 920fe744cd694fef85b550ea9b6c18be (127.38.0.129:60114)
I1214 13:30:27.980239 38934 master_service.cc:391] Signed X509 certificate for tserver {username='jenkins'} at 127.38.0.190:33367
I1214 13:30:27.980293 38914 internal_mini_cluster.cc:353] 1 TS(s) registered with all masters after 0.00322671s
I1214 13:30:27.982192 38934 catalog_manager.cc:1613] Servicing CreateTable request from {username='jenkins'} at 127.38.0.190:33368: name: "full-stack-mrs-test-tbl" schema { columns { name: "key" type: INT64 is_key: true is_nullable: false encoding: AUTO_ENCODING compression: DEFAULT_COMPRESSION cfile_block_size: 0 } columns { name: "string_val" type: STRING is_key: false is_nullable: false encoding: AUTO_ENCODING compression: DEFAULT_COMPRESSION cfile_block_size: 0 } columns { name: "int32_val1" type: INT32 is_key: false is_nullable: false encoding: AUTO_ENCODING compression: DEFAULT_COMPRESSION cfile_block_size: 0 } columns { name: "int32_val2" type: INT32 is_key: false is_nullable: false encoding: AUTO_ENCODING compression: DEFAULT_COMPRESSION cfile_block_size: 0 } columns { name: "int32_val3" type: INT32 is_key: false is_nullable: false encoding: AUTO_ENCODING compression: DEFAULT_COMPRESSION cfile_block_size: 0 } columns { name: "int32_val4" type: INT32 is_key: false is_nullable: false encoding: AUTO_ENCODING compression: DEFAULT_COMPRESSION cfile_block_size: 0 } columns { name: "int64_val1" type: INT64 is_key: false is_nullable: false encoding: AUTO_ENCODING compression: DEFAULT_COMPRESSION cfile_block_size: 0 } columns { name: "int64_val2" type: INT64 is_key: false is_nullable: false encoding: AUTO_ENCODING compression: DEFAULT_COMPRESSION cfile_block_size: 0 } columns { name: "int64_val3" type: INT64 is_key: false is_nullable: false encoding: AUTO_ENCODING compression: DEFAULT_COMPRESSION cfile_block_size: 0 } columns { name: "int64_val4" type: INT64 is_key: false is_nullable: false encoding: AUTO_ENCODING compression: DEFAULT_COMPRESSION cfile_block_size: 0 } } num_replicas: 1 split_rows_range_bounds { } partition_schema { range_schema { columns { name: "key" } } }
I1214 13:30:27.985874 39011 tablet_service.cc:1399] Processing CreateTablet for tablet 545720f85cb8486ba1bb92178b10af73 (DEFAULT_TABLE table=full-stack-mrs-test-tbl [id=fe3b0ad247b7489f9459e550466447ad]), partition=RANGE (key) PARTITION UNBOUNDED
I1214 13:30:27.985967 39011 data_dirs.cc:395] Could only allocate 1 dirs of requested 3 for tablet 545720f85cb8486ba1bb92178b10af73. 1 dirs total, 0 dirs full, 0 dirs failed
I1214 13:30:27.986636 39060 tablet_bootstrap.cc:474] T 545720f85cb8486ba1bb92178b10af73 P 920fe744cd694fef85b550ea9b6c18be: Bootstrap starting.
I1214 13:30:27.986835 39060 tablet_bootstrap.cc:631] T 545720f85cb8486ba1bb92178b10af73 P 920fe744cd694fef85b550ea9b6c18be: No blocks or log segments found. Creating new log.
I1214 13:30:27.987141 39060 tablet_bootstrap.cc:474] T 545720f85cb8486ba1bb92178b10af73 P 920fe744cd694fef85b550ea9b6c18be: No bootstrap required, opened a new log
I1214 13:30:27.987154 39060 ts_tablet_manager.cc:1146] T 545720f85cb8486ba1bb92178b10af73 P 920fe744cd694fef85b550ea9b6c18be: Time spent bootstrapping tablet: real 0.001s user 0.000s sys 0.000s
I1214 13:30:27.987215 39060 raft_consensus.cc:344] T 545720f85cb8486ba1bb92178b10af73 P 920fe744cd694fef85b550ea9b6c18be [term 0 FOLLOWER]: Replica starting. Triggering 0 pending ops. Active config: opid_index: -1 OBSOLETE_local: true peers { permanent_uuid: "920fe744cd694fef85b550ea9b6c18be" member_type: VOTER last_known_addr { host: "127.38.0.129" port: 60114 } }
I1214 13:30:27.987238 39060 raft_consensus.cc:370] T 545720f85cb8486ba1bb92178b10af73 P 920fe744cd694fef85b550ea9b6c18be [term 0 FOLLOWER]: Consensus starting up: Expiring failure detector timer to make a prompt election more likely
I1214 13:30:27.987242 39060 raft_consensus.cc:725] T 545720f85cb8486ba1bb92178b10af73 P 920fe744cd694fef85b550ea9b6c18be [term 0 FOLLOWER]: Becoming Follower/Learner. State: Replica: 920fe744cd694fef85b550ea9b6c18be, State: Initialized, Role: FOLLOWER
I1214 13:30:27.987255 39060 consensus_queue.cc:250] T 545720f85cb8486ba1bb92178b10af73 P 920fe744cd694fef85b550ea9b6c18be [NON_LEADER]: Queue going to NON_LEADER mode. State: All replicated index: 0, Majority replicated index: 0, Committed index: 0, Last appended: 0.0, Last appended by leader: 0, Current term: 0, Majority size: -1, State: 0, Mode: NON_LEADER, active raft config: opid_index: -1 OBSOLETE_local: true peers { permanent_uuid: "920fe744cd694fef85b550ea9b6c18be" member_type: VOTER last_known_addr { host: "127.38.0.129" port: 60114 } }
I1214 13:30:27.987283 39060 raft_consensus.cc:384] T 545720f85cb8486ba1bb92178b10af73 P 920fe744cd694fef85b550ea9b6c18be [term 0 FOLLOWER]: Only one voter in the Raft config. Triggering election immediately
I1214 13:30:27.987287 39060 raft_consensus.cc:478] T 545720f85cb8486ba1bb92178b10af73 P 920fe744cd694fef85b550ea9b6c18be [term 0 FOLLOWER]: Starting leader election (initial election of a single-replica configuration)
I1214 13:30:27.987293 39060 raft_consensus.cc:3031] T 545720f85cb8486ba1bb92178b10af73 P 920fe744cd694fef85b550ea9b6c18be [term 0 FOLLOWER]: Advancing to term 1
I1214 13:30:27.987674 39060 raft_consensus.cc:500] T 545720f85cb8486ba1bb92178b10af73 P 920fe744cd694fef85b550ea9b6c18be [term 1 FOLLOWER]: Starting leader election with config: opid_index: -1 OBSOLETE_local: true peers { permanent_uuid: "920fe744cd694fef85b550ea9b6c18be" member_type: VOTER last_known_addr { host: "127.38.0.129" port: 60114 } }
I1214 13:30:27.987699 39060 leader_election.cc:302] T 545720f85cb8486ba1bb92178b10af73 P 920fe744cd694fef85b550ea9b6c18be [CANDIDATE]: Term 1 election: Election decided. Result: candidate won. Election summary: received 1 responses out of 1 voters: 1 yes votes; 0 no votes. yes voters: 920fe744cd694fef85b550ea9b6c18be; no voters:
I1214 13:30:27.987737 39060 leader_election.cc:288] T 545720f85cb8486ba1bb92178b10af73 P 920fe744cd694fef85b550ea9b6c18be [CANDIDATE]: Term 1 election: Requested vote from peers
I1214 13:30:27.987788 39062 raft_consensus.cc:2777] T 545720f85cb8486ba1bb92178b10af73 P 920fe744cd694fef85b550ea9b6c18be [term 1 FOLLOWER]: Leader election won for term 1
I1214 13:30:27.987804 39060 ts_tablet_manager.cc:1175] T 545720f85cb8486ba1bb92178b10af73 P 920fe744cd694fef85b550ea9b6c18be: Time spent starting tablet: real 0.001s user 0.000s sys 0.001s
I1214 13:30:27.987834 39062 raft_consensus.cc:682] T 545720f85cb8486ba1bb92178b10af73 P 920fe744cd694fef85b550ea9b6c18be [term 1 LEADER]: Becoming Leader. State: Replica: 920fe744cd694fef85b550ea9b6c18be, State: Running, Role: LEADER
I1214 13:30:27.987865 39048 heartbeater.cc:457] Master 127.38.0.190:51742 was elected leader, sending a full tablet report...
I1214 13:30:27.987860 39062 consensus_queue.cc:227] T 545720f85cb8486ba1bb92178b10af73 P 920fe744cd694fef85b550ea9b6c18be [LEADER]: Queue going to LEADER mode. State: All replicated index: 0, Majority replicated index: 0, Committed index: 0, Last appended: 0.0, Last appended by leader: 0, Current term: 1, Majority size: 1, State: 0, Mode: LEADER, active raft config: opid_index: -1 OBSOLETE_local: true peers { permanent_uuid: "920fe744cd694fef85b550ea9b6c18be" member_type: VOTER last_known_addr { host: "127.38.0.129" port: 60114 } }
I1214 13:30:27.988152 38934 catalog_manager.cc:4486] T 545720f85cb8486ba1bb92178b10af73 P 920fe744cd694fef85b550ea9b6c18be reported cstate change: term changed from 0 to 1, leader changed from to 920fe744cd694fef85b550ea9b6c18be (127.38.0.129). New cstate: current_term: 1 leader_uuid: "920fe744cd694fef85b550ea9b6c18be" committed_config { opid_index: -1 OBSOLETE_local: true peers { permanent_uuid: "920fe744cd694fef85b550ea9b6c18be" member_type: VOTER last_known_addr { host: "127.38.0.129" port: 60114 } health_report { overall_health: HEALTHY } } }
I1214 13:30:28.573664 39087 full_stack-insert-scan-test.cc:271] Insertion thread 22 of 50 is 9% done.
I1214 13:30:28.583431 39070 full_stack-insert-scan-test.cc:271] Insertion thread 5 of 50 is 9% done.
I1214 13:30:28.585784 39068 full_stack-insert-scan-test.cc:271] Insertion thread 3 of 50 is 9% done.
I1214 13:30:28.585798 39097 full_stack-insert-scan-test.cc:271] Insertion thread 32 of 50 is 9% done.
I1214 13:30:28.587766 39067 full_stack-insert-scan-test.cc:271] Insertion thread 2 of 50 is 9% done.
I1214 13:30:28.589284 39090 full_stack-insert-scan-test.cc:271] Insertion thread 25 of 50 is 9% done.
I1214 13:30:28.590303 39112 full_stack-insert-scan-test.cc:271] Insertion thread 47 of 50 is 9% done.
I1214 13:30:28.597864 39108 full_stack-insert-scan-test.cc:271] Insertion thread 43 of 50 is 9% done.
I1214 13:30:28.603375 39098 full_stack-insert-scan-test.cc:271] Insertion thread 33 of 50 is 9% done.
I1214 13:30:28.611701 39110 full_stack-insert-scan-test.cc:271] Insertion thread 45 of 50 is 9% done.
I1214 13:30:28.612532 39096 full_stack-insert-scan-test.cc:271] Insertion thread 31 of 50 is 9% done.
I1214 13:30:28.620110 39102 full_stack-insert-scan-test.cc:271] Insertion thread 37 of 50 is 9% done.
I1214 13:30:28.622946 39109 full_stack-insert-scan-test.cc:271] Insertion thread 44 of 50 is 9% done.
I1214 13:30:28.623431 39092 full_stack-insert-scan-test.cc:271] Insertion thread 27 of 50 is 9% done.
I1214 13:30:28.624984 39091 full_stack-insert-scan-test.cc:271] Insertion thread 26 of 50 is 9% done.
I1214 13:30:28.625080 39089 full_stack-insert-scan-test.cc:271] Insertion thread 24 of 50 is 9% done.
I1214 13:30:28.628566 39107 full_stack-insert-scan-test.cc:271] Insertion thread 42 of 50 is 9% done.
I1214 13:30:28.629436 39066 full_stack-insert-scan-test.cc:271] Insertion thread 1 of 50 is 9% done.
I1214 13:30:28.634903 39081 full_stack-insert-scan-test.cc:271] Insertion thread 16 of 50 is 9% done.
I1214 13:30:28.638571 39073 full_stack-insert-scan-test.cc:271] Insertion thread 8 of 50 is 9% done.
I1214 13:30:28.640554 39076 full_stack-insert-scan-test.cc:271] Insertion thread 11 of 50 is 9% done.
I1214 13:30:28.644239 39114 full_stack-insert-scan-test.cc:271] Insertion thread 49 of 50 is 9% done.
I1214 13:30:28.644906 39077 full_stack-insert-scan-test.cc:271] Insertion thread 12 of 50 is 9% done.
I1214 13:30:28.645100 39115 full_stack-insert-scan-test.cc:271] Insertion thread 50 of 50 is 9% done.
I1214 13:30:28.648372 39099 full_stack-insert-scan-test.cc:271] Insertion thread 34 of 50 is 9% done.
I1214 13:30:28.648777 39105 full_stack-insert-scan-test.cc:271] Insertion thread 40 of 50 is 9% done.
I1214 13:30:28.648905 39082 full_stack-insert-scan-test.cc:271] Insertion thread 17 of 50 is 9% done.
I1214 13:30:28.649746 39079 full_stack-insert-scan-test.cc:271] Insertion thread 14 of 50 is 9% done.
I1214 13:30:28.650481 39085 full_stack-insert-scan-test.cc:271] Insertion thread 20 of 50 is 9% done.
I1214 13:30:28.651053 39113 full_stack-insert-scan-test.cc:271] Insertion thread 48 of 50 is 9% done.
I1214 13:30:28.651233 39083 full_stack-insert-scan-test.cc:271] Insertion thread 18 of 50 is 9% done.
I1214 13:30:28.652137 39075 full_stack-insert-scan-test.cc:271] Insertion thread 10 of 50 is 9% done.
I1214 13:30:28.654040 39111 full_stack-insert-scan-test.cc:271] Insertion thread 46 of 50 is 9% done.
I1214 13:30:28.657541 39095 full_stack-insert-scan-test.cc:271] Insertion thread 30 of 50 is 9% done.
I1214 13:30:28.659240 39101 full_stack-insert-scan-test.cc:271] Insertion thread 36 of 50 is 9% done.
I1214 13:30:28.660344 39086 full_stack-insert-scan-test.cc:271] Insertion thread 21 of 50 is 9% done.
I1214 13:30:28.661864 39104 full_stack-insert-scan-test.cc:271] Insertion thread 39 of 50 is 9% done.
I1214 13:30:28.662966 39074 full_stack-insert-scan-test.cc:271] Insertion thread 9 of 50 is 9% done.
I1214 13:30:28.668346 39103 full_stack-insert-scan-test.cc:271] Insertion thread 38 of 50 is 9% done.
I1214 13:30:28.668784 39072 full_stack-insert-scan-test.cc:271] Insertion thread 7 of 50 is 9% done.
I1214 13:30:28.672327 39078 full_stack-insert-scan-test.cc:271] Insertion thread 13 of 50 is 9% done.
I1214 13:30:28.672469 39093 full_stack-insert-scan-test.cc:271] Insertion thread 28 of 50 is 9% done.
I1214 13:30:28.672477 39106 full_stack-insert-scan-test.cc:271] Insertion thread 41 of 50 is 9% done.
I1214 13:30:28.676774 39088 full_stack-insert-scan-test.cc:271] Insertion thread 23 of 50 is 9% done.
I1214 13:30:28.677974 39094 full_stack-insert-scan-test.cc:271] Insertion thread 29 of 50 is 9% done.
I1214 13:30:28.682914 39071 full_stack-insert-scan-test.cc:271] Insertion thread 6 of 50 is 9% done.
I1214 13:30:28.683342 39080 full_stack-insert-scan-test.cc:271] Insertion thread 15 of 50 is 9% done.
I1214 13:30:28.688704 39069 full_stack-insert-scan-test.cc:271] Insertion thread 4 of 50 is 9% done.
I1214 13:30:28.694358 39084 full_stack-insert-scan-test.cc:271] Insertion thread 19 of 50 is 9% done.
I1214 13:30:28.699682 39100 full_stack-insert-scan-test.cc:271] Insertion thread 35 of 50 is 9% done.
I1214 13:30:29.157862 39067 full_stack-insert-scan-test.cc:271] Insertion thread 2 of 50 is 19% done.
I1214 13:30:29.171895 39102 full_stack-insert-scan-test.cc:271] Insertion thread 37 of 50 is 19% done.
I1214 13:30:29.182684 39112 full_stack-insert-scan-test.cc:271] Insertion thread 47 of 50 is 19% done.
I1214 13:30:29.196897 39068 full_stack-insert-scan-test.cc:271] Insertion thread 3 of 50 is 19% done.
I1214 13:30:29.203037 39097 full_stack-insert-scan-test.cc:271] Insertion thread 32 of 50 is 19% done.
I1214 13:30:29.216763 39110 full_stack-insert-scan-test.cc:271] Insertion thread 45 of 50 is 19% done.
I1214 13:30:29.219972 39070 full_stack-insert-scan-test.cc:271] Insertion thread 5 of 50 is 19% done.
I1214 13:30:29.235497 39087 full_stack-insert-scan-test.cc:271] Insertion thread 22 of 50 is 19% done.
I1214 13:30:29.235970 39107 full_stack-insert-scan-test.cc:271] Insertion thread 42 of 50 is 19% done.
I1214 13:30:29.236081 39098 full_stack-insert-scan-test.cc:271] Insertion thread 33 of 50 is 19% done.
I1214 13:30:29.240666 39109 full_stack-insert-scan-test.cc:271] Insertion thread 44 of 50 is 19% done.
I1214 13:30:29.241386 39081 full_stack-insert-scan-test.cc:271] Insertion thread 16 of 50 is 19% done.
I1214 13:30:29.242745 39073 full_stack-insert-scan-test.cc:271] Insertion thread 8 of 50 is 19% done.
I1214 13:30:29.246563 39096 full_stack-insert-scan-test.cc:271] Insertion thread 31 of 50 is 19% done.
I1214 13:30:29.248528 39108 full_stack-insert-scan-test.cc:271] Insertion thread 43 of 50 is 19% done.
I1214 13:30:29.250494 39090 full_stack-insert-scan-test.cc:271] Insertion thread 25 of 50 is 19% done.
I1214 13:30:29.254549 39099 full_stack-insert-scan-test.cc:271] Insertion thread 34 of 50 is 19% done.
I1214 13:30:29.257568 39066 full_stack-insert-scan-test.cc:271] Insertion thread 1 of 50 is 19% done.
I1214 13:30:29.259003 39089 full_stack-insert-scan-test.cc:271] Insertion thread 24 of 50 is 19% done.
I1214 13:30:29.262110 39092 full_stack-insert-scan-test.cc:271] Insertion thread 27 of 50 is 19% done.
I1214 13:30:29.263633 39082 full_stack-insert-scan-test.cc:271] Insertion thread 17 of 50 is 19% done.
I1214 13:30:29.271418 39114 full_stack-insert-scan-test.cc:271] Insertion thread 49 of 50 is 19% done.
I1214 13:30:29.272783 39115 full_stack-insert-scan-test.cc:271] Insertion thread 50 of 50 is 19% done.
I1214 13:30:29.275629 39077 full_stack-insert-scan-test.cc:271] Insertion thread 12 of 50 is 19% done.
I1214 13:30:29.290043 39076 full_stack-insert-scan-test.cc:271] Insertion thread 11 of 50 is 19% done.
I1214 13:30:29.302479 39083 full_stack-insert-scan-test.cc:271] Insertion thread 18 of 50 is 19% done.
I1214 13:30:29.304941 39104 full_stack-insert-scan-test.cc:271] Insertion thread 39 of 50 is 19% done.
I1214 13:30:29.309003 39091 full_stack-insert-scan-test.cc:271] Insertion thread 26 of 50 is 19% done.
I1214 13:30:29.309554 39105 full_stack-insert-scan-test.cc:271] Insertion thread 40 of 50 is 19% done.
I1214 13:30:29.313745 39111 full_stack-insert-scan-test.cc:271] Insertion thread 46 of 50 is 19% done.
I1214 13:30:29.326779 39079 full_stack-insert-scan-test.cc:271] Insertion thread 14 of 50 is 19% done.
I1214 13:30:29.327833 39095 full_stack-insert-scan-test.cc:271] Insertion thread 30 of 50 is 19% done.
I1214 13:30:29.338032 39093 full_stack-insert-scan-test.cc:271] Insertion thread 28 of 50 is 19% done.
I1214 13:30:29.341181 39106 full_stack-insert-scan-test.cc:271] Insertion thread 41 of 50 is 19% done.
I1214 13:30:29.347537 39071 full_stack-insert-scan-test.cc:271] Insertion thread 6 of 50 is 19% done.
I1214 13:30:29.357803 39074 full_stack-insert-scan-test.cc:271] Insertion thread 9 of 50 is 19% done.
I1214 13:30:29.359601 39085 full_stack-insert-scan-test.cc:271] Insertion thread 20 of 50 is 19% done.
I1214 13:30:29.370484 39113 full_stack-insert-scan-test.cc:271] Insertion thread 48 of 50 is 19% done.
I1214 13:30:29.371484 39084 full_stack-insert-scan-test.cc:271] Insertion thread 19 of 50 is 19% done.
I1214 13:30:29.371510 39100 full_stack-insert-scan-test.cc:271] Insertion thread 35 of 50 is 19% done.
I1214 13:30:29.384294 39072 full_stack-insert-scan-test.cc:271] Insertion thread 7 of 50 is 19% done.
I1214 13:30:29.396209 39088 full_stack-insert-scan-test.cc:271] Insertion thread 23 of 50 is 19% done.
I1214 13:30:29.400642 39086 full_stack-insert-scan-test.cc:271] Insertion thread 21 of 50 is 19% done.
I1214 13:30:29.404712 39103 full_stack-insert-scan-test.cc:271] Insertion thread 38 of 50 is 19% done.
I1214 13:30:29.415328 39075 full_stack-insert-scan-test.cc:271] Insertion thread 10 of 50 is 19% done.
I1214 13:30:29.423710 39101 full_stack-insert-scan-test.cc:271] Insertion thread 36 of 50 is 19% done.
I1214 13:30:29.447491 39080 full_stack-insert-scan-test.cc:271] Insertion thread 15 of 50 is 19% done.
I1214 13:30:29.462569 39078 full_stack-insert-scan-test.cc:271] Insertion thread 13 of 50 is 19% done.
I1214 13:30:29.464164 39069 full_stack-insert-scan-test.cc:271] Insertion thread 4 of 50 is 19% done.
I1214 13:30:29.481166 39094 full_stack-insert-scan-test.cc:271] Insertion thread 29 of 50 is 19% done.
I1214 13:30:29.781368 39067 full_stack-insert-scan-test.cc:271] Insertion thread 2 of 50 is 29% done.
I1214 13:30:29.788754 39112 full_stack-insert-scan-test.cc:271] Insertion thread 47 of 50 is 29% done.
I1214 13:30:29.807220 39068 full_stack-insert-scan-test.cc:271] Insertion thread 3 of 50 is 29% done.
I1214 13:30:29.811710 39097 full_stack-insert-scan-test.cc:271] Insertion thread 32 of 50 is 29% done.
I1214 13:30:29.816834 39102 full_stack-insert-scan-test.cc:271] Insertion thread 37 of 50 is 29% done.
I1214 13:30:29.822875 39110 full_stack-insert-scan-test.cc:271] Insertion thread 45 of 50 is 29% done.
I1214 13:30:29.828631 39107 full_stack-insert-scan-test.cc:271] Insertion thread 42 of 50 is 29% done.
I1214 13:30:29.839788 39098 full_stack-insert-scan-test.cc:271] Insertion thread 33 of 50 is 29% done.
I1214 13:30:29.851864 39073 full_stack-insert-scan-test.cc:271] Insertion thread 8 of 50 is 29% done.
I1214 13:30:29.858345 39108 full_stack-insert-scan-test.cc:271] Insertion thread 43 of 50 is 29% done.
I1214 13:30:29.863109 39090 full_stack-insert-scan-test.cc:271] Insertion thread 25 of 50 is 29% done.
I1214 13:30:29.870355 39070 full_stack-insert-scan-test.cc:271] Insertion thread 5 of 50 is 29% done.
I1214 13:30:29.872098 39099 full_stack-insert-scan-test.cc:271] Insertion thread 34 of 50 is 29% done.
I1214 13:30:29.880560 39081 full_stack-insert-scan-test.cc:271] Insertion thread 16 of 50 is 29% done.
I1214 13:30:29.882720 39066 full_stack-insert-scan-test.cc:271] Insertion thread 1 of 50 is 29% done.
I1214 13:30:29.882972 39077 full_stack-insert-scan-test.cc:271] Insertion thread 12 of 50 is 29% done.
I1214 13:30:29.890753 39109 full_stack-insert-scan-test.cc:271] Insertion thread 44 of 50 is 29% done.
I1214 13:30:29.904673 39082 full_stack-insert-scan-test.cc:271] Insertion thread 17 of 50 is 29% done.
I1214 13:30:29.909106 39096 full_stack-insert-scan-test.cc:271] Insertion thread 31 of 50 is 29% done.
I1214 13:30:29.912999 39089 full_stack-insert-scan-test.cc:271] Insertion thread 24 of 50 is 29% done.
I1214 13:30:29.918128 39092 full_stack-insert-scan-test.cc:271] Insertion thread 27 of 50 is 29% done.
I1214 13:30:29.919785 39087 full_stack-insert-scan-test.cc:271] Insertion thread 22 of 50 is 29% done.
I1214 13:30:29.935118 39083 full_stack-insert-scan-test.cc:271] Insertion thread 18 of 50 is 29% done.
I1214 13:30:29.935577 39114 full_stack-insert-scan-test.cc:271] Insertion thread 49 of 50 is 29% done.
I1214 13:30:29.954391 39115 full_stack-insert-scan-test.cc:271] Insertion thread 50 of 50 is 29% done.
I1214 13:30:29.963973 39076 full_stack-insert-scan-test.cc:271] Insertion thread 11 of 50 is 29% done.
I1214 13:30:29.964342 39095 full_stack-insert-scan-test.cc:271] Insertion thread 30 of 50 is 29% done.
I1214 13:30:29.970562 39079 full_stack-insert-scan-test.cc:271] Insertion thread 14 of 50 is 29% done.
I1214 13:30:29.977772 39091 full_stack-insert-scan-test.cc:271] Insertion thread 26 of 50 is 29% done.
I1214 13:30:29.982045 39105 full_stack-insert-scan-test.cc:271] Insertion thread 40 of 50 is 29% done.
I1214 13:30:29.989449 39104 full_stack-insert-scan-test.cc:271] Insertion thread 39 of 50 is 29% done.
I1214 13:30:30.007484 39111 full_stack-insert-scan-test.cc:271] Insertion thread 46 of 50 is 29% done.
I1214 13:30:30.007589 39093 full_stack-insert-scan-test.cc:271] Insertion thread 28 of 50 is 29% done.
I1214 13:30:30.019872 39085 full_stack-insert-scan-test.cc:271] Insertion thread 20 of 50 is 29% done.
I1214 13:30:30.021095 39113 full_stack-insert-scan-test.cc:271] Insertion thread 48 of 50 is 29% done.
I1214 13:30:30.021891 39071 full_stack-insert-scan-test.cc:271] Insertion thread 6 of 50 is 29% done.
I1214 13:30:30.038648 39106 full_stack-insert-scan-test.cc:271] Insertion thread 41 of 50 is 29% done.
I1214 13:30:30.042402 39075 full_stack-insert-scan-test.cc:271] Insertion thread 10 of 50 is 29% done.
I1214 13:30:30.045683 39074 full_stack-insert-scan-test.cc:271] Insertion thread 9 of 50 is 29% done.
I1214 13:30:30.052736 39084 full_stack-insert-scan-test.cc:271] Insertion thread 19 of 50 is 29% done.
I1214 13:30:30.062781 39100 full_stack-insert-scan-test.cc:271] Insertion thread 35 of 50 is 29% done.
I1214 13:30:30.064184 39088 full_stack-insert-scan-test.cc:271] Insertion thread 23 of 50 is 29% done.
I1214 13:30:30.070307 39072 full_stack-insert-scan-test.cc:271] Insertion thread 7 of 50 is 29% done.
I1214 13:30:30.072571 39086 full_stack-insert-scan-test.cc:271] Insertion thread 21 of 50 is 29% done.
I1214 13:30:30.077096 39103 full_stack-insert-scan-test.cc:271] Insertion thread 38 of 50 is 29% done.
I1214 13:30:30.101258 39069 full_stack-insert-scan-test.cc:271] Insertion thread 4 of 50 is 29% done.
I1214 13:30:30.101333 39101 full_stack-insert-scan-test.cc:271] Insertion thread 36 of 50 is 29% done.
I1214 13:30:30.106812 39078 full_stack-insert-scan-test.cc:271] Insertion thread 13 of 50 is 29% done.
I1214 13:30:30.120990 39094 full_stack-insert-scan-test.cc:271] Insertion thread 29 of 50 is 29% done.
I1214 13:30:30.126665 39080 full_stack-insert-scan-test.cc:271] Insertion thread 15 of 50 is 29% done.
I1214 13:30:30.438161 39067 full_stack-insert-scan-test.cc:271] Insertion thread 2 of 50 is 39% done.
I1214 13:30:30.448731 39112 full_stack-insert-scan-test.cc:271] Insertion thread 47 of 50 is 39% done.
I1214 13:30:30.464664 39097 full_stack-insert-scan-test.cc:271] Insertion thread 32 of 50 is 39% done.
I1214 13:30:30.481647 39102 full_stack-insert-scan-test.cc:271] Insertion thread 37 of 50 is 39% done.
I1214 13:30:30.490141 39068 full_stack-insert-scan-test.cc:271] Insertion thread 3 of 50 is 39% done.
I1214 13:30:30.491385 39110 full_stack-insert-scan-test.cc:271] Insertion thread 45 of 50 is 39% done.
I1214 13:30:30.499612 39107 full_stack-insert-scan-test.cc:271] Insertion thread 42 of 50 is 39% done.
I1214 13:30:30.512802 39098 full_stack-insert-scan-test.cc:271] Insertion thread 33 of 50 is 39% done.
I1214 13:30:30.518278 39108 full_stack-insert-scan-test.cc:271] Insertion thread 43 of 50 is 39% done.
I1214 13:30:30.525247 39090 full_stack-insert-scan-test.cc:271] Insertion thread 25 of 50 is 39% done.
I1214 13:30:30.532639 39073 full_stack-insert-scan-test.cc:271] Insertion thread 8 of 50 is 39% done.
I1214 13:30:30.539975 39070 full_stack-insert-scan-test.cc:271] Insertion thread 5 of 50 is 39% done.
I1214 13:30:30.552951 39099 full_stack-insert-scan-test.cc:271] Insertion thread 34 of 50 is 39% done.
I1214 13:30:30.559178 39077 full_stack-insert-scan-test.cc:271] Insertion thread 12 of 50 is 39% done.
I1214 13:30:30.561300 39081 full_stack-insert-scan-test.cc:271] Insertion thread 16 of 50 is 39% done.
I1214 13:30:30.566532 39066 full_stack-insert-scan-test.cc:271] Insertion thread 1 of 50 is 39% done.
I1214 13:30:30.573021 39109 full_stack-insert-scan-test.cc:271] Insertion thread 44 of 50 is 39% done.
I1214 13:30:30.584309 39096 full_stack-insert-scan-test.cc:271] Insertion thread 31 of 50 is 39% done.
I1214 13:30:30.592454 39082 full_stack-insert-scan-test.cc:271] Insertion thread 17 of 50 is 39% done.
I1214 13:30:30.595623 39087 full_stack-insert-scan-test.cc:271] Insertion thread 22 of 50 is 39% done.
I1214 13:30:30.600703 39089 full_stack-insert-scan-test.cc:271] Insertion thread 24 of 50 is 39% done.
I1214 13:30:30.603621 39092 full_stack-insert-scan-test.cc:271] Insertion thread 27 of 50 is 39% done.
I1214 13:30:30.613930 39114 full_stack-insert-scan-test.cc:271] Insertion thread 49 of 50 is 39% done.
I1214 13:30:30.624861 39115 full_stack-insert-scan-test.cc:271] Insertion thread 50 of 50 is 39% done.
I1214 13:30:30.637048 39076 full_stack-insert-scan-test.cc:271] Insertion thread 11 of 50 is 39% done.
I1214 13:30:30.638105 39083 full_stack-insert-scan-test.cc:271] Insertion thread 18 of 50 is 39% done.
I1214 13:30:30.647069 39095 full_stack-insert-scan-test.cc:271] Insertion thread 30 of 50 is 39% done.
I1214 13:30:30.660243 39105 full_stack-insert-scan-test.cc:271] Insertion thread 40 of 50 is 39% done.
I1214 13:30:30.662595 39091 full_stack-insert-scan-test.cc:271] Insertion thread 26 of 50 is 39% done.
I1214 13:30:30.662813 39079 full_stack-insert-scan-test.cc:271] Insertion thread 14 of 50 is 39% done.
I1214 13:30:30.669134 39104 full_stack-insert-scan-test.cc:271] Insertion thread 39 of 50 is 39% done.
I1214 13:30:30.675527 39093 full_stack-insert-scan-test.cc:271] Insertion thread 28 of 50 is 39% done.
I1214 13:30:30.683511 39085 full_stack-insert-scan-test.cc:271] Insertion thread 20 of 50 is 39% done.
I1214 13:30:30.685247 39113 full_stack-insert-scan-test.cc:271] Insertion thread 48 of 50 is 39% done.
I1214 13:30:30.685273 39111 full_stack-insert-scan-test.cc:271] Insertion thread 46 of 50 is 39% done.
I1214 13:30:30.701030 39071 full_stack-insert-scan-test.cc:271] Insertion thread 6 of 50 is 39% done.
I1214 13:30:30.715404 39106 full_stack-insert-scan-test.cc:271] Insertion thread 41 of 50 is 39% done.
I1214 13:30:30.729270 39074 full_stack-insert-scan-test.cc:271] Insertion thread 9 of 50 is 39% done.
I1214 13:30:30.732390 39075 full_stack-insert-scan-test.cc:271] Insertion thread 10 of 50 is 39% done.
I1214 13:30:30.734740 39084 full_stack-insert-scan-test.cc:271] Insertion thread 19 of 50 is 39% done.
I1214 13:30:30.748677 39086 full_stack-insert-scan-test.cc:271] Insertion thread 21 of 50 is 39% done.
I1214 13:30:30.750954 39100 full_stack-insert-scan-test.cc:271] Insertion thread 35 of 50 is 39% done.
I1214 13:30:30.758194 39088 full_stack-insert-scan-test.cc:271] Insertion thread 23 of 50 is 39% done.
I1214 13:30:30.762450 39103 full_stack-insert-scan-test.cc:271] Insertion thread 38 of 50 is 39% done.
I1214 13:30:30.764797 39072 full_stack-insert-scan-test.cc:271] Insertion thread 7 of 50 is 39% done.
I1214 13:30:30.774336 39101 full_stack-insert-scan-test.cc:271] Insertion thread 36 of 50 is 39% done.
I1214 13:30:30.786182 39078 full_stack-insert-scan-test.cc:271] Insertion thread 13 of 50 is 39% done.
I1214 13:30:30.788877 39094 full_stack-insert-scan-test.cc:271] Insertion thread 29 of 50 is 39% done.
I1214 13:30:30.788960 39069 full_stack-insert-scan-test.cc:271] Insertion thread 4 of 50 is 39% done.
I1214 13:30:30.793231 39080 full_stack-insert-scan-test.cc:271] Insertion thread 15 of 50 is 39% done.
I1214 13:30:31.114830 39067 full_stack-insert-scan-test.cc:271] Insertion thread 2 of 50 is 49% done.
I1214 13:30:31.132969 39112 full_stack-insert-scan-test.cc:271] Insertion thread 47 of 50 is 49% done.
I1214 13:30:31.134483 39097 full_stack-insert-scan-test.cc:271] Insertion thread 32 of 50 is 49% done.
I1214 13:30:31.154356 39068 full_stack-insert-scan-test.cc:271] Insertion thread 3 of 50 is 49% done.
I1214 13:30:31.166357 39102 full_stack-insert-scan-test.cc:271] Insertion thread 37 of 50 is 49% done.
I1214 13:30:31.174347 39110 full_stack-insert-scan-test.cc:271] Insertion thread 45 of 50 is 49% done.
I1214 13:30:31.183641 39070 full_stack-insert-scan-test.cc:271] Insertion thread 5 of 50 is 49% done.
I1214 13:30:31.184603 39098 full_stack-insert-scan-test.cc:271] Insertion thread 33 of 50 is 49% done.
I1214 13:30:31.187222 39107 full_stack-insert-scan-test.cc:271] Insertion thread 42 of 50 is 49% done.
I1214 13:30:31.191130 39108 full_stack-insert-scan-test.cc:271] Insertion thread 43 of 50 is 49% done.
I1214 13:30:31.193861 39073 full_stack-insert-scan-test.cc:271] Insertion thread 8 of 50 is 49% done.
I1214 13:30:31.202955 39090 full_stack-insert-scan-test.cc:271] Insertion thread 25 of 50 is 49% done.
I1214 13:30:31.216735 39077 full_stack-insert-scan-test.cc:271] Insertion thread 12 of 50 is 49% done.
I1214 13:30:31.221849 39081 full_stack-insert-scan-test.cc:271] Insertion thread 16 of 50 is 49% done.
I1214 13:30:31.222987 39066 full_stack-insert-scan-test.cc:271] Insertion thread 1 of 50 is 49% done.
I1214 13:30:31.225344 39109 full_stack-insert-scan-test.cc:271] Insertion thread 44 of 50 is 49% done.
I1214 13:30:31.228083 39099 full_stack-insert-scan-test.cc:271] Insertion thread 34 of 50 is 49% done.
I1214 13:30:31.248641 39096 full_stack-insert-scan-test.cc:271] Insertion thread 31 of 50 is 49% done.
I1214 13:30:31.251854 39082 full_stack-insert-scan-test.cc:271] Insertion thread 17 of 50 is 49% done.
I1214 13:30:31.254766 39089 full_stack-insert-scan-test.cc:271] Insertion thread 24 of 50 is 49% done.
I1214 13:30:31.264137 39087 full_stack-insert-scan-test.cc:271] Insertion thread 22 of 50 is 49% done.
I1214 13:30:31.267182 39092 full_stack-insert-scan-test.cc:271] Insertion thread 27 of 50 is 49% done.
I1214 13:30:31.280886 39114 full_stack-insert-scan-test.cc:271] Insertion thread 49 of 50 is 49% done.
I1214 13:30:31.293102 39115 full_stack-insert-scan-test.cc:271] Insertion thread 50 of 50 is 49% done.
I1214 13:30:31.294442 39076 full_stack-insert-scan-test.cc:271] Insertion thread 11 of 50 is 49% done.
I1214 13:30:31.302296 39083 full_stack-insert-scan-test.cc:271] Insertion thread 18 of 50 is 49% done.
I1214 13:30:31.307493 39095 full_stack-insert-scan-test.cc:271] Insertion thread 30 of 50 is 49% done.
I1214 13:30:31.311278 39105 full_stack-insert-scan-test.cc:271] Insertion thread 40 of 50 is 49% done.
I1214 13:30:31.323670 39079 full_stack-insert-scan-test.cc:271] Insertion thread 14 of 50 is 49% done.
I1214 13:30:31.325570 39091 full_stack-insert-scan-test.cc:271] Insertion thread 26 of 50 is 49% done.
I1214 13:30:31.326604 39113 full_stack-insert-scan-test.cc:271] Insertion thread 48 of 50 is 49% done.
I1214 13:30:31.328833 39104 full_stack-insert-scan-test.cc:271] Insertion thread 39 of 50 is 49% done.
I1214 13:30:31.329044 39093 full_stack-insert-scan-test.cc:271] Insertion thread 28 of 50 is 49% done.
I1214 13:30:31.348417 39111 full_stack-insert-scan-test.cc:271] Insertion thread 46 of 50 is 49% done.
I1214 13:30:31.358065 39071 full_stack-insert-scan-test.cc:271] Insertion thread 6 of 50 is 49% done.
I1214 13:30:31.358148 39085 full_stack-insert-scan-test.cc:271] Insertion thread 20 of 50 is 49% done.
I1214 13:30:31.369957 39106 full_stack-insert-scan-test.cc:271] Insertion thread 41 of 50 is 49% done.
I1214 13:30:31.376830 39075 full_stack-insert-scan-test.cc:271] Insertion thread 10 of 50 is 49% done.
I1214 13:30:31.378439 39074 full_stack-insert-scan-test.cc:271] Insertion thread 9 of 50 is 49% done.
I1214 13:30:31.386045 39084 full_stack-insert-scan-test.cc:271] Insertion thread 19 of 50 is 49% done.
I1214 13:30:31.408841 39100 full_stack-insert-scan-test.cc:271] Insertion thread 35 of 50 is 49% done.
I1214 13:30:31.413143 39086 full_stack-insert-scan-test.cc:271] Insertion thread 21 of 50 is 49% done.
I1214 13:30:31.416200 39088 full_stack-insert-scan-test.cc:271] Insertion thread 23 of 50 is 49% done.
I1214 13:30:31.427809 39103 full_stack-insert-scan-test.cc:271] Insertion thread 38 of 50 is 49% done.
I1214 13:30:31.429049 39072 full_stack-insert-scan-test.cc:271] Insertion thread 7 of 50 is 49% done.
I1214 13:30:31.458052 39101 full_stack-insert-scan-test.cc:271] Insertion thread 36 of 50 is 49% done.
I1214 13:30:31.464370 39078 full_stack-insert-scan-test.cc:271] Insertion thread 13 of 50 is 49% done.
I1214 13:30:31.467156 39080 full_stack-insert-scan-test.cc:271] Insertion thread 15 of 50 is 49% done.
I1214 13:30:31.468955 39069 full_stack-insert-scan-test.cc:271] Insertion thread 4 of 50 is 49% done.
I1214 13:30:31.473697 39094 full_stack-insert-scan-test.cc:271] Insertion thread 29 of 50 is 49% done.
I1214 13:30:31.773335 39067 full_stack-insert-scan-test.cc:271] Insertion thread 2 of 50 is 59% done.
I1214 13:30:31.780704 39112 full_stack-insert-scan-test.cc:271] Insertion thread 47 of 50 is 59% done.
I1214 13:30:31.799393 39097 full_stack-insert-scan-test.cc:271] Insertion thread 32 of 50 is 59% done.
I1214 13:30:31.801448 39102 full_stack-insert-scan-test.cc:271] Insertion thread 37 of 50 is 59% done.
I1214 13:30:31.809880 39068 full_stack-insert-scan-test.cc:271] Insertion thread 3 of 50 is 59% done.
I1214 13:30:31.810228 39073 full_stack-insert-scan-test.cc:271] Insertion thread 8 of 50 is 59% done.
I1214 13:30:31.819937 39098 full_stack-insert-scan-test.cc:271] Insertion thread 33 of 50 is 59% done.
