E0910 00:42:50.822021 19932 catalog_manager.cc:646] Error processing pending assignments: Invalid argument: error selecting replicas for tablet f1ccd437019d439283d2c1e3f644ff82: Not enough tablet servers are online for table 'test'. Need at least 3 replicas, but only 0 tablet servers are available
I0910 00:42:50.824815 18802 master.cc:274] Master@127.0.0.1:0 shutting down...
I0910 00:42:50.832113 18802 raft_consensus.cc:2225] T 00000000000000000000000000000000 P 5d329e85e7324bafa0f6c63eaf45dc6f [term 1 LEADER]: Raft consensus shutting down.
I0910 00:42:50.832248 18802 raft_consensus.cc:2254] T 00000000000000000000000000000000 P 5d329e85e7324bafa0f6c63eaf45dc6f [term 1 FOLLOWER]: Raft consensus is shut down!
I0910 00:42:50.832471 18802 tablet_replica.cc:291] T 00000000000000000000000000000000 P 5d329e85e7324bafa0f6c63eaf45dc6f: stopping tablet replica
I0910 00:42:50.846484 18802 master.cc:288] Master@127.0.0.1:0 shutdown complete. [ OK ] MasterTest.TestGetTableLocationsDuringRepeatedTableVisit (139 ms) [ RUN ] MasterTest.TestGetTableSchemaIsAtomicWithCreateTable
I0910 00:42:50.852913 18802 file_cache.cc:477] Constructed file cache file cache with capacity 419430
I0910 00:42:50.855286 18802 hybrid_clock.cc:243] auto-selected time source: system_unsync
W0910 00:42:50.855355 18802 system_unsync_time.cc:38] NTP support is disabled. Clock error bounds will not be accurate. This configuration is not suitable for distributed clusters.
I0910 00:42:50.855383 18802 hybrid_clock.cc:590] HybridClock initialized: now 1599698570855370 us; error 0 us; skew 500 ppm
I0910 00:42:50.855764 18802 fs_manager.cc:259] Metadata directory not provided
I0910 00:42:50.855824 18802 fs_manager.cc:265] Using write-ahead log directory (fs_wal_dir) as metadata directory
I0910 00:42:50.855957 18802 server_base.cc:492] This appears to be a new deployment of Kudu; creating new FS layout
I0910 00:42:50.856492 18802 fs_manager.cc:617] Generated new instance metadata in path /tmp/dist-test-taskAWwjin/test-tmp/master-test.0.MasterTest.TestGetTableSchemaIsAtomicWithCreateTable.1599698566261733-18802/Master/instance: uuid: "b3b2ab26fbea4a928de9a956e41f0170" format_stamp: "Formatted at 2020-09-10 00:42:50 on dist-test-slave-dist-test-slave-z5x0"
I0910 00:42:50.860944 18802 fs_manager.cc:518] Time spent creating directory manager: real 0.004s user 0.005s sys 0.000s
I0910 00:42:50.863004 18802 fs_manager.cc:433] Time spent opening block manager: real 0.000s user 0.000s sys 0.000s
I0910 00:42:50.863087 18802 fs_manager.cc:451] Opened local filesystem: /tmp/dist-test-taskAWwjin/test-tmp/master-test.0.MasterTest.TestGetTableSchemaIsAtomicWithCreateTable.1599698566261733-18802/Master uuid: "b3b2ab26fbea4a928de9a956e41f0170" format_stamp: "Formatted at 2020-09-10 00:42:50 on dist-test-slave-dist-test-slave-z5x0"
I0910 00:42:50.863193 18802 fs_report.cc:352] FS layout report -------------------- wal directory: /tmp/dist-test-taskAWwjin/test-tmp/master-test.0.MasterTest.TestGetTableSchemaIsAtomicWithCreateTable.1599698566261733-18802/Master metadata directory: /tmp/dist-test-taskAWwjin/test-tmp/master-test.0.MasterTest.TestGetTableSchemaIsAtomicWithCreateTable.1599698566261733-18802/Master 1 data directories: /tmp/dist-test-taskAWwjin/test-tmp/master-test.0.MasterTest.TestGetTableSchemaIsAtomicWithCreateTable.1599698566261733-18802/Master/data Total live blocks: 0 Total live bytes: 0 Total live bytes (after alignment): 0 Total number of LBM containers: 0 (0 full) Did not check for missing blocks Did not check for orphaned blocks Total full LBM containers with extra space: 0 (0 repaired) Total full LBM container extra space in bytes: 0 (0 repaired) Total incomplete LBM containers: 0 (0 repaired) Total LBM partial records: 0 (0 repaired)
I0910 00:42:50.913480 18802 rpc_server.cc:221] RPC server started. Bound to: 127.0.0.1:39005
I0910 00:42:50.914142 18802 webserver.cc:381] Webserver started at http://127.0.0.1:42897/ using document root and password file
I0910 00:42:50.915236 19997 data_dirs.cc:395] Could only allocate 1 dirs of requested 3 for tablet 00000000000000000000000000000000. 1 dirs total, 0 dirs full, 0 dirs failed
I0910 00:42:50.919126 19997 tablet_bootstrap.cc:446] T 00000000000000000000000000000000 P b3b2ab26fbea4a928de9a956e41f0170: Bootstrap starting.
I0910 00:42:50.920537 19997 tablet_bootstrap.cc:602] T 00000000000000000000000000000000 P b3b2ab26fbea4a928de9a956e41f0170: No blocks or log segments found. Creating new log.
I0910 00:42:50.922224 19997 tablet_bootstrap.cc:446] T 00000000000000000000000000000000 P b3b2ab26fbea4a928de9a956e41f0170: No bootstrap required, opened a new log
I0910 00:42:50.923092 19997 raft_consensus.cc:344] T 00000000000000000000000000000000 P b3b2ab26fbea4a928de9a956e41f0170 [term 0 FOLLOWER]: Replica starting. Triggering 0 pending ops. Active config: opid_index: -1 OBSOLETE_local: true peers { permanent_uuid: "b3b2ab26fbea4a928de9a956e41f0170" member_type: VOTER }
I0910 00:42:50.923219 19997 raft_consensus.cc:370] T 00000000000000000000000000000000 P b3b2ab26fbea4a928de9a956e41f0170 [term 0 FOLLOWER]: Consensus starting up: Expiring failure detector timer to make a prompt election more likely
I0910 00:42:50.923281 19997 raft_consensus.cc:725] T 00000000000000000000000000000000 P b3b2ab26fbea4a928de9a956e41f0170 [term 0 FOLLOWER]: Becoming Follower/Learner. State: Replica: b3b2ab26fbea4a928de9a956e41f0170, State: Initialized, Role: FOLLOWER
I0910 00:42:50.923521 19997 consensus_queue.cc:250] T 00000000000000000000000000000000 P b3b2ab26fbea4a928de9a956e41f0170 [NON_LEADER]: Queue going to NON_LEADER mode. State: All replicated index: 0, Majority replicated index: 0, Committed index: 0, Last appended: 0.0, Last appended by leader: 0, Current term: 0, Majority size: -1, State: 0, Mode: NON_LEADER, active raft config: opid_index: -1 OBSOLETE_local: true peers { permanent_uuid: "b3b2ab26fbea4a928de9a956e41f0170" member_type: VOTER }
I0910 00:42:50.923665 19997 raft_consensus.cc:384] T 00000000000000000000000000000000 P b3b2ab26fbea4a928de9a956e41f0170 [term 0 FOLLOWER]: Only one voter in the Raft config. Triggering election immediately
I0910 00:42:50.923749 19997 raft_consensus.cc:478] T 00000000000000000000000000000000 P b3b2ab26fbea4a928de9a956e41f0170 [term 0 FOLLOWER]: Starting leader election (initial election of a single-replica configuration)
I0910 00:42:50.923890 19997 raft_consensus.cc:3032] T 00000000000000000000000000000000 P b3b2ab26fbea4a928de9a956e41f0170 [term 0 FOLLOWER]: Advancing to term 1
I0910 00:42:50.925420 19997 raft_consensus.cc:500] T 00000000000000000000000000000000 P b3b2ab26fbea4a928de9a956e41f0170 [term 1 FOLLOWER]: Starting leader election with config: opid_index: -1 OBSOLETE_local: true peers { permanent_uuid: "b3b2ab26fbea4a928de9a956e41f0170" member_type: VOTER }
I0910 00:42:50.925644 19997 leader_election.cc:302] T 00000000000000000000000000000000 P b3b2ab26fbea4a928de9a956e41f0170 [CANDIDATE]: Term 1 election: Election decided. Result: candidate won. Election summary: received 1 responses out of 1 voters: 1 yes votes; 0 no votes. yes voters: b3b2ab26fbea4a928de9a956e41f0170; no voters:
I0910 00:42:50.926018 19997 leader_election.cc:288] T 00000000000000000000000000000000 P b3b2ab26fbea4a928de9a956e41f0170 [CANDIDATE]: Term 1 election: Requested vote from peers
I0910 00:42:50.926139 19999 raft_consensus.cc:2778] T 00000000000000000000000000000000 P b3b2ab26fbea4a928de9a956e41f0170 [term 1 FOLLOWER]: Leader election won for term 1
I0910 00:42:50.926852 19999 raft_consensus.cc:682] T 00000000000000000000000000000000 P b3b2ab26fbea4a928de9a956e41f0170 [term 1 LEADER]: Becoming Leader. State: Replica: b3b2ab26fbea4a928de9a956e41f0170, State: Running, Role: LEADER
I0910 00:42:50.927218 19997 sys_catalog.cc:528] T 00000000000000000000000000000000 P b3b2ab26fbea4a928de9a956e41f0170 [sys.catalog]: configured and running, proceeding with master startup.
I0910 00:42:50.927220 19999 consensus_queue.cc:227] T 00000000000000000000000000000000 P b3b2ab26fbea4a928de9a956e41f0170 [LEADER]: Queue going to LEADER mode. State: All replicated index: 0, Majority replicated index: 0, Committed index: 0, Last appended: 0.0, Last appended by leader: 0, Current term: 1, Majority size: 1, State: 0, Mode: LEADER, active raft config: opid_index: -1 OBSOLETE_local: true peers { permanent_uuid: "b3b2ab26fbea4a928de9a956e41f0170" member_type: VOTER }
I0910 00:42:50.928131 20000 sys_catalog.cc:426] T 00000000000000000000000000000000 P b3b2ab26fbea4a928de9a956e41f0170 [sys.catalog]: SysCatalogTable state changed. Reason: RaftConsensus started. Latest consensus state: current_term: 1 leader_uuid: "b3b2ab26fbea4a928de9a956e41f0170" committed_config { opid_index: -1 OBSOLETE_local: true peers { permanent_uuid: "b3b2ab26fbea4a928de9a956e41f0170" member_type: VOTER } }
I0910 00:42:50.928423 20000 sys_catalog.cc:429] T 00000000000000000000000000000000 P b3b2ab26fbea4a928de9a956e41f0170 [sys.catalog]: This master's current role is: LEADER
I0910 00:42:50.928333 20001 sys_catalog.cc:426] T 00000000000000000000000000000000 P b3b2ab26fbea4a928de9a956e41f0170 [sys.catalog]: SysCatalogTable state changed. Reason: New leader b3b2ab26fbea4a928de9a956e41f0170. Latest consensus state: current_term: 1 leader_uuid: "b3b2ab26fbea4a928de9a956e41f0170" committed_config { opid_index: -1 OBSOLETE_local: true peers { permanent_uuid: "b3b2ab26fbea4a928de9a956e41f0170" member_type: VOTER } }
I0910 00:42:50.928550 20001 sys_catalog.cc:429] T 00000000000000000000000000000000 P b3b2ab26fbea4a928de9a956e41f0170 [sys.catalog]: This master's current role is: LEADER
I0910 00:42:50.929847 20004 catalog_manager.cc:1200] Loading table and tablet metadata into memory...
I0910 00:42:50.931612 20004 catalog_manager.cc:1209] Initializing Kudu cluster ID...
I0910 00:42:50.934726 20004 catalog_manager.cc:1081] Generated new cluster ID: 3bf433f9df9c4d3baa22ee5e76532bf8
I0910 00:42:50.934798 20004 catalog_manager.cc:1220] Initializing Kudu internal certificate authority...
I0910 00:42:50.946388 20004 catalog_manager.cc:1095] Generated new certificate authority record
I0910 00:42:50.947139 20004 catalog_manager.cc:1229] Loading token signing keys...
I0910 00:42:50.954205 20004 catalog_manager.cc:4740] T 00000000000000000000000000000000 P b3b2ab26fbea4a928de9a956e41f0170: Generated new TSK 0
I0910 00:42:50.954453 20004 catalog_manager.cc:1239] Initializing in-progress tserver states...
I0910 00:42:50.971498 19963 catalog_manager.cc:1614] Servicing CreateTable request from {username='slave'} at 127.0.0.1:38730: name: "testtb" schema { columns { name: "key" type: INT32 is_key: true is_nullable: false encoding: AUTO_ENCODING compression: DEFAULT_COMPRESSION cfile_block_size: 0 } columns { name: "v1" type: UINT64 is_key: false is_nullable: false encoding: AUTO_ENCODING compression: DEFAULT_COMPRESSION cfile_block_size: 0 } columns { name: "v2" type: STRING is_key: false is_nullable: false encoding: AUTO_ENCODING compression: DEFAULT_COMPRESSION cfile_block_size: 0 } } split_rows_range_bounds { rows: "\004\001\n\000\000\000\004\001\024\000\000\000""\004\001\n\000\000\000\004\001\024\000\000\000" indirect_data: """" }
W0910 00:42:50.972417 19963 catalog_manager.cc:1794] The number of live tablet servers is not enough to re-replicate a tablet replica of the newly created table testtb in case of a server failure: 4 tablet servers would be needed, 0 are available. Consider bringing up more tablet servers.
E0910 00:42:50.977064 20003 catalog_manager.cc:646] Error processing pending assignments: Invalid argument: error selecting replicas for tablet 077ff68e29384f2fa5ed1cc672cff8b5: Not enough tablet servers are online for table 'testtb'. Need at least 3 replicas, but only 0 tablet servers are available
I0910 00:42:50.979279 18802 master.cc:274] Master@127.0.0.1:0 shutting down...
I0910 00:42:50.986852 18802 raft_consensus.cc:2225] T 00000000000000000000000000000000 P b3b2ab26fbea4a928de9a956e41f0170 [term 1 LEADER]: Raft consensus shutting down.
I0910 00:42:50.986992 18802 raft_consensus.cc:2254] T 00000000000000000000000000000000 P b3b2ab26fbea4a928de9a956e41f0170 [term 1 FOLLOWER]: Raft consensus is shut down!
I0910 00:42:50.987190 18802 tablet_replica.cc:291] T 00000000000000000000000000000000 P b3b2ab26fbea4a928de9a956e41f0170: stopping tablet replica
I0910 00:42:51.001456 18802 master.cc:288] Master@127.0.0.1:0 shutdown complete. [ OK ] MasterTest.TestGetTableSchemaIsAtomicWithCreateTable (156 ms) [ RUN ] MasterTest.TestMasterMetadataConsistentDespiteFailures
I0910 00:42:51.008906 18802 file_cache.cc:477] Constructed file cache file cache with capacity 419430
I0910 00:42:51.011473 18802 hybrid_clock.cc:243] auto-selected time source: system_unsync
W0910 00:42:51.011536 18802 system_unsync_time.cc:38] NTP support is disabled. Clock error bounds will not be accurate. This configuration is not suitable for distributed clusters.
I0910 00:42:51.011592 18802 hybrid_clock.cc:590] HybridClock initialized: now 1599698571011566 us; error 0 us; skew 500 ppm
I0910 00:42:51.011967 18802 fs_manager.cc:259] Metadata directory not provided
I0910 00:42:51.012042 18802 fs_manager.cc:265] Using write-ahead log directory (fs_wal_dir) as metadata directory
I0910 00:42:51.012145 18802 server_base.cc:492] This appears to be a new deployment of Kudu; creating new FS layout
I0910 00:42:51.012714 18802 fs_manager.cc:617] Generated new instance metadata in path /tmp/dist-test-taskAWwjin/test-tmp/master-test.0.MasterTest.TestMasterMetadataConsistentDespiteFailures.1599698566261733-18802/Master/instance: uuid: "dabcc693b4c54ba49490d375e6b91bda" format_stamp: "Formatted at 2020-09-10 00:42:51 on dist-test-slave-dist-test-slave-z5x0"
I0910 00:42:51.017402 18802 fs_manager.cc:518] Time spent creating directory manager: real 0.004s user 0.005s sys 0.000s
I0910 00:42:51.019595 18802 fs_manager.cc:433] Time spent opening block manager: real 0.000s user 0.000s sys 0.000s
I0910 00:42:51.019661 18802 fs_manager.cc:451] Opened local filesystem: /tmp/dist-test-taskAWwjin/test-tmp/master-test.0.MasterTest.TestMasterMetadataConsistentDespiteFailures.1599698566261733-18802/Master uuid: "dabcc693b4c54ba49490d375e6b91bda" format_stamp: "Formatted at 2020-09-10 00:42:51 on dist-test-slave-dist-test-slave-z5x0"
I0910 00:42:51.019776 18802 fs_report.cc:352] FS layout report -------------------- wal directory: /tmp/dist-test-taskAWwjin/test-tmp/master-test.0.MasterTest.TestMasterMetadataConsistentDespiteFailures.1599698566261733-18802/Master metadata directory: /tmp/dist-test-taskAWwjin/test-tmp/master-test.0.MasterTest.TestMasterMetadataConsistentDespiteFailures.1599698566261733-18802/Master 1 data directories: /tmp/dist-test-taskAWwjin/test-tmp/master-test.0.MasterTest.TestMasterMetadataConsistentDespiteFailures.1599698566261733-18802/Master/data Total live blocks: 0 Total live bytes: 0 Total live bytes (after alignment): 0 Total number of LBM containers: 0 (0 full) Did not check for missing blocks Did not check for orphaned blocks Total full LBM containers with extra space: 0 (0 repaired) Total full LBM container extra space in bytes: 0 (0 repaired) Total incomplete LBM containers: 0 (0 repaired) Total LBM partial records: 0 (0 repaired)
I0910 00:42:51.070787 18802 rpc_server.cc:221] RPC server started. Bound to: 127.0.0.1:40619
I0910 00:42:51.071612 18802 webserver.cc:381] Webserver started at http://127.0.0.1:40469/ using document root and password file
I0910 00:42:51.072592 20068 data_dirs.cc:395] Could only allocate 1 dirs of requested 3 for tablet 00000000000000000000000000000000. 1 dirs total, 0 dirs full, 0 dirs failed
I0910 00:42:51.076320 20068 tablet_bootstrap.cc:446] T 00000000000000000000000000000000 P dabcc693b4c54ba49490d375e6b91bda: Bootstrap starting.
I0910 00:42:51.077594 20068 tablet_bootstrap.cc:602] T 00000000000000000000000000000000 P dabcc693b4c54ba49490d375e6b91bda: No blocks or log segments found. Creating new log.
I0910 00:42:51.079160 20068 tablet_bootstrap.cc:446] T 00000000000000000000000000000000 P dabcc693b4c54ba49490d375e6b91bda: No bootstrap required, opened a new log
I0910 00:42:51.079885 20068 raft_consensus.cc:344] T 00000000000000000000000000000000 P dabcc693b4c54ba49490d375e6b91bda [term 0 FOLLOWER]: Replica starting. Triggering 0 pending ops. Active config: opid_index: -1 OBSOLETE_local: true peers { permanent_uuid: "dabcc693b4c54ba49490d375e6b91bda" member_type: VOTER }
I0910 00:42:51.080006 20068 raft_consensus.cc:370] T 00000000000000000000000000000000 P dabcc693b4c54ba49490d375e6b91bda [term 0 FOLLOWER]: Consensus starting up: Expiring failure detector timer to make a prompt election more likely
I0910 00:42:51.080088 20068 raft_consensus.cc:725] T 00000000000000000000000000000000 P dabcc693b4c54ba49490d375e6b91bda [term 0 FOLLOWER]: Becoming Follower/Learner. State: Replica: dabcc693b4c54ba49490d375e6b91bda, State: Initialized, Role: FOLLOWER
I0910 00:42:51.080330 20068 consensus_queue.cc:250] T 00000000000000000000000000000000 P dabcc693b4c54ba49490d375e6b91bda [NON_LEADER]: Queue going to NON_LEADER mode. State: All replicated index: 0, Majority replicated index: 0, Committed index: 0, Last appended: 0.0, Last appended by leader: 0, Current term: 0, Majority size: -1, State: 0, Mode: NON_LEADER, active raft config: opid_index: -1 OBSOLETE_local: true peers { permanent_uuid: "dabcc693b4c54ba49490d375e6b91bda" member_type: VOTER }
I0910 00:42:51.080474 20068 raft_consensus.cc:384] T 00000000000000000000000000000000 P dabcc693b4c54ba49490d375e6b91bda [term 0 FOLLOWER]: Only one voter in the Raft config. Triggering election immediately
I0910 00:42:51.080555 20068 raft_consensus.cc:478] T 00000000000000000000000000000000 P dabcc693b4c54ba49490d375e6b91bda [term 0 FOLLOWER]: Starting leader election (initial election of a single-replica configuration)
I0910 00:42:51.080659 20068 raft_consensus.cc:3032] T 00000000000000000000000000000000 P dabcc693b4c54ba49490d375e6b91bda [term 0 FOLLOWER]: Advancing to term 1
I0910 00:42:51.082089 20068 raft_consensus.cc:500] T 00000000000000000000000000000000 P dabcc693b4c54ba49490d375e6b91bda [term 1 FOLLOWER]: Starting leader election with config: opid_index: -1 OBSOLETE_local: true peers { permanent_uuid: "dabcc693b4c54ba49490d375e6b91bda" member_type: VOTER }
I0910 00:42:51.082289 20068 leader_election.cc:302] T 00000000000000000000000000000000 P dabcc693b4c54ba49490d375e6b91bda [CANDIDATE]: Term 1 election: Election decided. Result: candidate won. Election summary: received 1 responses out of 1 voters: 1 yes votes; 0 no votes. yes voters: dabcc693b4c54ba49490d375e6b91bda; no voters:
I0910 00:42:51.082661 20068 leader_election.cc:288] T 00000000000000000000000000000000 P dabcc693b4c54ba49490d375e6b91bda [CANDIDATE]: Term 1 election: Requested vote from peers
I0910 00:42:51.082799 20070 raft_consensus.cc:2778] T 00000000000000000000000000000000 P dabcc693b4c54ba49490d375e6b91bda [term 1 FOLLOWER]: Leader election won for term 1
I0910 00:42:51.083532 20070 raft_consensus.cc:682] T 00000000000000000000000000000000 P dabcc693b4c54ba49490d375e6b91bda [term 1 LEADER]: Becoming Leader. State: Replica: dabcc693b4c54ba49490d375e6b91bda, State: Running, Role: LEADER
I0910 00:42:51.083844 20068 sys_catalog.cc:528] T 00000000000000000000000000000000 P dabcc693b4c54ba49490d375e6b91bda [sys.catalog]: configured and running, proceeding with master startup.
I0910 00:42:51.083827 20070 consensus_queue.cc:227] T 00000000000000000000000000000000 P dabcc693b4c54ba49490d375e6b91bda [LEADER]: Queue going to LEADER mode. State: All replicated index: 0, Majority replicated index: 0, Committed index: 0, Last appended: 0.0, Last appended by leader: 0, Current term: 1, Majority size: 1, State: 0, Mode: LEADER, active raft config: opid_index: -1 OBSOLETE_local: true peers { permanent_uuid: "dabcc693b4c54ba49490d375e6b91bda" member_type: VOTER }
I0910 00:42:51.084620 20072 sys_catalog.cc:426] T 00000000000000000000000000000000 P dabcc693b4c54ba49490d375e6b91bda [sys.catalog]: SysCatalogTable state changed. Reason: New leader dabcc693b4c54ba49490d375e6b91bda. Latest consensus state: current_term: 1 leader_uuid: "dabcc693b4c54ba49490d375e6b91bda" committed_config { opid_index: -1 OBSOLETE_local: true peers { permanent_uuid: "dabcc693b4c54ba49490d375e6b91bda" member_type: VOTER } }
I0910 00:42:51.085005 20072 sys_catalog.cc:429] T 00000000000000000000000000000000 P dabcc693b4c54ba49490d375e6b91bda [sys.catalog]: This master's current role is: LEADER
I0910 00:42:51.085012 20071 sys_catalog.cc:426] T 00000000000000000000000000000000 P dabcc693b4c54ba49490d375e6b91bda [sys.catalog]: SysCatalogTable state changed. Reason: RaftConsensus started. Latest consensus state: current_term: 1 leader_uuid: "dabcc693b4c54ba49490d375e6b91bda" committed_config { opid_index: -1 OBSOLETE_local: true peers { permanent_uuid: "dabcc693b4c54ba49490d375e6b91bda" member_type: VOTER } }
I0910 00:42:51.085351 20071 sys_catalog.cc:429] T 00000000000000000000000000000000 P dabcc693b4c54ba49490d375e6b91bda [sys.catalog]: This master's current role is: LEADER
I0910 00:42:51.086613 20075 catalog_manager.cc:1200] Loading table and tablet metadata into memory...
I0910 00:42:51.088227 20075 catalog_manager.cc:1209] Initializing Kudu cluster ID...
I0910 00:42:51.091153 20075 catalog_manager.cc:1081] Generated new cluster ID: 5534477b53544283830865ccebeafb9c
I0910 00:42:51.091225 20075 catalog_manager.cc:1220] Initializing Kudu internal certificate authority...
I0910 00:42:51.113188 20075 catalog_manager.cc:1095] Generated new certificate authority record
I0910 00:42:51.114023 20075 catalog_manager.cc:1229] Loading token signing keys...
I0910 00:42:51.119540 20075 catalog_manager.cc:4740] T 00000000000000000000000000000000 P dabcc693b4c54ba49490d375e6b91bda: Generated new TSK 0
I0910 00:42:51.119768 20075 catalog_manager.cc:1239] Initializing in-progress tserver states...
I0910 00:42:51.153316 18802 test_util.cc:230] Using random seed: -652947578
I0910 00:42:51.160257 20035 catalog_manager.cc:1614] Servicing CreateTable request from {username='slave'} at 127.0.0.1:56988: name: "table-3" schema { columns { name: "key" type: INT32 is_key: true is_nullable: false encoding: AUTO_ENCODING compression: DEFAULT_COMPRESSION cfile_block_size: 0 } columns { name: "v1" type: UINT64 is_key: false is_nullable: false encoding: AUTO_ENCODING compression: DEFAULT_COMPRESSION cfile_block_size: 0 } columns { name: "v2" type: STRING is_key: false is_nullable: false encoding: AUTO_ENCODING compression: DEFAULT_COMPRESSION cfile_block_size: 0 } } split_rows_range_bounds { rows: "\004\001\n\000\000\000\004\001\024\000\000\000""\004\001\n\000\000\000\004\001\024\000\000\000" indirect_data: """" }
W0910 00:42:51.161126 20035 catalog_manager.cc:1794] The number of live tablet servers is not enough to re-replicate a tablet replica of the newly created table table-3 in case of a server failure: 4 tablet servers would be needed, 0 are available. Consider bringing up more tablet servers.
W0910 00:42:51.162345 20035 fault_injection.cc:43] FAULT INJECTION ENABLED!
W0910 00:42:51.162421 20035 fault_injection.cc:44] THIS SERVER MAY CRASH!
E0910 00:42:51.165820 20074 catalog_manager.cc:646] Error processing pending assignments: Invalid argument: error selecting replicas for tablet a629159d326a4700b8c2593580cf3efa: Not enough tablet servers are online for table 'table-3'. Need at least 3 replicas, but only 0 tablet servers are available
I0910 00:42:51.166244 20035 catalog_manager.cc:2143] Servicing DeleteTable request from {username='slave'} at 127.0.0.1:56988: table { table_name: "table-3" }
I0910 00:42:51.169456 20035 catalog_manager.cc:4670] Not sending DeleteTablet requests; no consensus state for tablet a629159d326a4700b8c2593580cf3efa
I0910 00:42:51.169530 20035 catalog_manager.cc:4670] Not sending DeleteTablet requests; no consensus state for tablet ad043011c8fc478da727109391649ef2
I0910 00:42:51.169591 20035 catalog_manager.cc:4670] Not sending DeleteTablet requests; no consensus state for tablet 279d9760ff8245dcbdc15782c5809f75
I0910 00:42:51.170756 20035 catalog_manager.cc:1614] Servicing CreateTable request from {username='slave'} at 127.0.0.1:56988: name: "table-20" schema { columns { name: "key" type: INT32 is_key: true is_nullable: false encoding: AUTO_ENCODING compression: DEFAULT_COMPRESSION cfile_block_size: 0 } columns { name: "v1" type: UINT64 is_key: false is_nullable: false encoding: AUTO_ENCODING compression: DEFAULT_COMPRESSION cfile_block_size: 0 } columns { name: "v2" type: STRING is_key: false is_nullable: false encoding: AUTO_ENCODING compression: DEFAULT_COMPRESSION cfile_block_size: 0 } } split_rows_range_bounds { rows: "\004\001\n\000\000\000\004\001\024\000\000\000""\004\001\n\000\000\000\004\001\024\000\000\000" indirect_data: """" }
W0910 00:42:51.171391 20035 catalog_manager.cc:1794] The number of live tablet servers is not enough to re-replicate a tablet replica of the newly created table table-20 in case of a server failure: 4 tablet servers would be needed, 0 are available. Consider bringing up more tablet servers.
W0910 00:42:51.172401 20035 catalog_manager.cc:1901] Runtime error: an error occurred while writing to the sys-catalog: INJECTED FAILURE
I0910 00:42:51.173696 20035 catalog_manager.cc:1614] Servicing CreateTable request from {username='slave'} at 127.0.0.1:56988: name: "table-7" schema { columns { name: "key" type: INT32 is_key: true is_nullable: false encoding: AUTO_ENCODING compression: DEFAULT_COMPRESSION cfile_block_size: 0 } columns { name: "v1" type: UINT64 is_key: false is_nullable: false encoding: AUTO_ENCODING compression: DEFAULT_COMPRESSION cfile_block_size: 0 } columns { name: "v2" type: STRING is_key: false is_nullable: false encoding: AUTO_ENCODING compression: DEFAULT_COMPRESSION cfile_block_size: 0 } } split_rows_range_bounds { rows: "\004\001\n\000\000\000\004\001\024\000\000\000""\004\001\n\000\000\000\004\001\024\000\000\000" indirect_data: """" }
W0910 00:42:51.174232 20035 catalog_manager.cc:1794] The number of live tablet servers is not enough to re-replicate a tablet replica of the newly created table table-7 in case of a server failure: 4 tablet servers would be needed, 0 are available. Consider bringing up more tablet servers.
E0910 00:42:51.177784 20074 catalog_manager.cc:646] Error processing pending assignments: Invalid argument: error selecting replicas for tablet cda4c96c7859430c84fd7f821ee41ec0: Not enough tablet servers are online for table 'table-7'. Need at least 3 replicas, but only 0 tablet servers are available
I0910 00:42:51.178336 20035 catalog_manager.cc:1614] Servicing CreateTable request from {username='slave'} at 127.0.0.1:56988: name: "table-1" schema { columns { name: "key" type: INT32 is_key: true is_nullable: false encoding: AUTO_ENCODING compression: DEFAULT_COMPRESSION cfile_block_size: 0 } columns { name: "v1" type: UINT64 is_key: false is_nullable: false encoding: AUTO_ENCODING compression: DEFAULT_COMPRESSION cfile_block_size: 0 } columns { name: "v2" type: STRING is_key: false is_nullable: false encoding: AUTO_ENCODING compression: DEFAULT_COMPRESSION cfile_block_size: 0 } } split_rows_range_bounds { rows: "\004\001\n\000\000\000\004\001\024\000\000\000""\004\001\n\000\000\000\004\001\024\000\000\000" indirect_data: """" }
W0910 00:42:51.178853 20035 catalog_manager.cc:1794] The number of live tablet servers is not enough to re-replicate a tablet replica of the newly created table table-1 in case of a server failure: 4 tablet servers would be needed, 0 are available. Consider bringing up more tablet servers.
E0910 00:42:51.182420 20074 catalog_manager.cc:646] Error processing pending assignments: Invalid argument: error selecting replicas for tablet 43f0818f3ec84fc6bbaff625041cf07f: Not enough tablet servers are online for table 'table-1'. Need at least 3 replicas, but only 0 tablet servers are available
I0910 00:42:51.182761 20035 catalog_manager.cc:1614] Servicing CreateTable request from {username='slave'} at 127.0.0.1:56988: name: "table-16" schema { columns { name: "key" type: INT32 is_key: true is_nullable: false encoding: AUTO_ENCODING compression: DEFAULT_COMPRESSION cfile_block_size: 0 } columns { name: "v1" type: UINT64 is_key: false is_nullable: false encoding: AUTO_ENCODING compression: DEFAULT_COMPRESSION cfile_block_size: 0 } columns { name: "v2" type: STRING is_key: false is_nullable: false encoding: AUTO_ENCODING compression: DEFAULT_COMPRESSION cfile_block_size: 0 } } split_rows_range_bounds { rows: "\004\001\n\000\000\000\004\001\024\000\000\000""\004\001\n\000\000\000\004\001\024\000\000\000" indirect_data: """" }
W0910 00:42:51.183209 20035 catalog_manager.cc:1794] The number of live tablet servers is not enough to re-replicate a tablet replica of the newly created table table-16 in case of a server failure: 4 tablet servers would be needed, 0 are available. Consider bringing up more tablet servers.
W0910 00:42:51.184068 20035 catalog_manager.cc:1901] Runtime error: an error occurred while writing to the sys-catalog: INJECTED FAILURE
I0910 00:42:51.185264 20035 catalog_manager.cc:1614] Servicing CreateTable request from {username='slave'} at 127.0.0.1:56988: name: "table-17" schema { columns { name: "key" type: INT32 is_key: true is_nullable: false encoding: AUTO_ENCODING compression: DEFAULT_COMPRESSION cfile_block_size: 0 } columns { name: "v1" type: UINT64 is_key: false is_nullable: false encoding: AUTO_ENCODING compression: DEFAULT_COMPRESSION cfile_block_size: 0 } columns { name: "v2" type: STRING is_key: false is_nullable: false encoding: AUTO_ENCODING compression: DEFAULT_COMPRESSION cfile_block_size: 0 } } split_rows_range_bounds { rows: "\004\001\n\000\000\000\004\001\024\000\000\000""\004\001\n\000\000\000\004\001\024\000\000\000" indirect_data: """" }
W0910 00:42:51.185729 20035 catalog_manager.cc:1794] The number of live tablet servers is not enough to re-replicate a tablet replica of the newly created table table-17 in case of a server failure: 4 tablet servers would be needed, 0 are available. Consider bringing up more tablet servers.
E0910 00:42:51.189555 20074 catalog_manager.cc:646] Error processing pending assignments: Invalid argument: error selecting replicas for tablet 93fa262eb939466eb70855400385673f: Not enough tablet servers are online for table 'table-17'. Need at least 3 replicas, but only 0 tablet servers are available
I0910 00:42:51.189720 20035 catalog_manager.cc:1614] Servicing CreateTable request from {username='slave'} at 127.0.0.1:56988: name: "table-18" schema { columns { name: "key" type: INT32 is_key: true is_nullable: false encoding: AUTO_ENCODING compression: DEFAULT_COMPRESSION cfile_block_size: 0 } columns { name: "v1" type: UINT64 is_key: false is_nullable: false encoding: AUTO_ENCODING compression: DEFAULT_COMPRESSION cfile_block_size: 0 } columns { name: "v2" type: STRING is_key: false is_nullable: false encoding: AUTO_ENCODING compression: DEFAULT_COMPRESSION cfile_block_size: 0 } } split_rows_range_bounds { rows: "\004\001\n\000\000\000\004\001\024\000\000\000""\004\001\n\000\000\000\004\001\024\000\000\000" indirect_data: """" }
W0910 00:42:51.190284 20035 catalog_manager.cc:1794] The number of live tablet servers is not enough to re-replicate a tablet replica of the newly created table table-18 in case of a server failure: 4 tablet servers would be needed, 0 are available. Consider bringing up more tablet servers.
E0910 00:42:51.194412 20074 catalog_manager.cc:646] Error processing pending assignments: Invalid argument: error selecting replicas for tablet d3dbbaec219b44ba909f8b36a6a33e23: Not enough tablet servers are online for table 'table-18'. Need at least 3 replicas, but only 0 tablet servers are available
I0910 00:42:51.194252 20035 catalog_manager.cc:1614] Servicing CreateTable request from {username='slave'} at 127.0.0.1:56988: name: "table-24" schema { columns { name: "key" type: INT32 is_key: true is_nullable: false encoding: AUTO_ENCODING compression: DEFAULT_COMPRESSION cfile_block_size: 0 } columns { name: "v1" type: UINT64 is_key: false is_nullable: false encoding: AUTO_ENCODING compression: DEFAULT_COMPRESSION cfile_block_size: 0 } columns { name: "v2" type: STRING is_key: false is_nullable: false encoding: AUTO_ENCODING compression: DEFAULT_COMPRESSION cfile_block_size: 0 } } split_rows_range_bounds { rows: "\004\001\n\000\000\000\004\001\024\000\000\000""\004\001\n\000\000\000\004\001\024\000\000\000" indirect_data: """" }
W0910 00:42:51.194839 20035 catalog_manager.cc:1794] The number of live tablet servers is not enough to re-replicate a tablet replica of the newly created table table-24 in case of a server failure: 4 tablet servers would be needed, 0 are available. Consider bringing up more tablet servers.
I0910 00:42:51.198927 20035 catalog_manager.cc:2580] Servicing AlterTable request from {username='slave'} at 127.0.0.1:56988: table { table_name: "table-18" } new_table_name: "table-6"
E0910 00:42:51.199124 20074 catalog_manager.cc:646] Error processing pending assignments: Invalid argument: error selecting replicas for tablet d3dbbaec219b44ba909f8b36a6a33e23: Not enough tablet servers are online for table 'table-18'. Need at least 3 replicas, but only 0 tablet servers are available
W0910 00:42:51.199894 20035 catalog_manager.cc:2925] Runtime error: an error occurred while updating the sys-catalog: INJECTED FAILURE
I0910 00:42:51.200984 20035 catalog_manager.cc:2143] Servicing DeleteTable request from {username='slave'} at 127.0.0.1:56988: table { table_name: "table-1" }
I0910 00:42:51.203683 20035 catalog_manager.cc:4670] Not sending DeleteTablet requests; no consensus state for tablet 43f0818f3ec84fc6bbaff625041cf07f
I0910 00:42:51.203760 20035 catalog_manager.cc:4670] Not sending DeleteTablet requests; no consensus state for tablet fa3c5bbce0df42f18d1d2cceddc8407d
I0910 00:42:51.203812 20035 catalog_manager.cc:4670] Not sending DeleteTablet requests; no consensus state for tablet d45ce4910ebd447ea7372f1faaeec3cb
I0910 00:42:51.204757 20035 catalog_manager.cc:2580] Servicing AlterTable request from {username='slave'} at 127.0.0.1:56988: table { table_name: "table-7" } new_table_name: "table-4"
W0910 00:42:51.207499 20035 catalog_manager.cc:4648] Failed to send alter table request: Not found: failed to reset TS proxy: No leader found: Tablet cda4c96c7859430c84fd7f821ee41ec0 has no consensus state
W0910 00:42:51.207708 20035 catalog_manager.cc:4648] Failed to send alter table request: Not found: failed to reset TS proxy: No leader found: Tablet 33addbd2da654721bcdb29048605da72 has no consensus state
W0910 00:42:51.207868 20035 catalog_manager.cc:4648] Failed to send alter table request: Not found: failed to reset TS proxy: No leader found: Tablet f39eb138fffb41df93a7d754470ce75a has no consensus state
I0910 00:42:51.209049 20035 catalog_manager.cc:2580] Servicing AlterTable request from {username='slave'} at 127.0.0.1:56988: table { table_name: "table-24" } new_table_name: "table-8"
E0910 00:42:51.209137 20074 catalog_manager.cc:646] Error processing pending assignments: Invalid argument: error selecting replicas for tablet d3dbbaec219b44ba909f8b36a6a33e23: Not enough tablet servers are online for table 'table-18'. Need at least 3 replicas, but only 0 tablet servers are available
W0910 00:42:51.211447 20035 catalog_manager.cc:4648] Failed to send alter table request: Not found: failed to reset TS proxy: No leader found: Tablet 699fa40ab25d47aabbf195f7e2021e3d has no consensus state
W0910 00:42:51.211639 20035 catalog_manager.cc:4648] Failed to send alter table request: Not found: failed to reset TS proxy: No leader found: Tablet dfc1a203a9db4af09da7c58245c8197c has no consensus state
W0910 00:42:51.211787 20035 catalog_manager.cc:4648] Failed to send alter table request: Not found: failed to reset TS proxy: No leader found: Tablet e4a4933bd7b5417c93771754bb3bbfff has no consensus state
I0910 00:42:51.212870 20035 catalog_manager.cc:2143] Servicing DeleteTable request from {username='slave'} at 127.0.0.1:56988: table { table_name: "table-18" }
E0910 00:42:51.213090 20074 catalog_manager.cc:646] Error processing pending assignments: Invalid argument: error selecting replicas for tablet d3dbbaec219b44ba909f8b36a6a33e23: Not enough tablet servers are online for table 'table-18'. Need at least 3 replicas, but only 0 tablet servers are available
I0910 00:42:51.215569 20035 catalog_manager.cc:4670] Not sending DeleteTablet requests; no consensus state for tablet d3dbbaec219b44ba909f8b36a6a33e23
I0910 00:42:51.215648 20035 catalog_manager.cc:4670] Not sending DeleteTablet requests; no consensus state for tablet 18a1a1bf4cf1400eaa208c3b9bbf3329
I0910 00:42:51.215704 20035 catalog_manager.cc:4670] Not sending DeleteTablet requests; no consensus state for tablet 17f36292aff3410abc95c425ee5fb1c4
I0910 00:42:51.216648 20035 catalog_manager.cc:2580] Servicing AlterTable request from {username='slave'} at 127.0.0.1:56988: table { table_name: "table-8" } new_table_name: "table-5"
W0910 00:42:51.217319 20035 catalog_manager.cc:2925] Runtime error: an error occurred while updating the sys-catalog: INJECTED FAILURE
I0910 00:42:51.218449 20035 catalog_manager.cc:2580] Servicing AlterTable request from {username='slave'} at 127.0.0.1:56988: table { table_name: "table-17" } new_table_name: "table-15"
W0910 00:42:51.219126 20035 catalog_manager.cc:2925] Runtime error: an error occurred while updating the sys-catalog: INJECTED FAILURE
I0910 00:42:51.220149 20035 catalog_manager.cc:2580] Servicing AlterTable request from {username='slave'} at 127.0.0.1:56988: table { table_name: "table-17" } new_table_name: "table-24"
W0910 00:42:51.222575 20035 catalog_manager.cc:4648] Failed to send alter table request: Not found: failed to reset TS proxy: No leader found: Tablet 93fa262eb939466eb70855400385673f has no consensus state
W0910 00:42:51.222749 20035 catalog_manager.cc:4648] Failed to send alter table request: Not found: failed to reset TS proxy: No leader found: Tablet e498dd2e1b5942fd94cb866f722e0b4b has no consensus state
W0910 00:42:51.222913 20035 catalog_manager.cc:4648] Failed to send alter table request: Not found: failed to reset TS proxy: No leader found: Tablet 574be089e21d4217b295daba675c910f has no consensus state
E0910 00:42:51.223942 20074 catalog_manager.cc:646] Error processing pending assignments: Invalid argument: error selecting replicas for tablet 93fa262eb939466eb70855400385673f: Not enough tablet servers are online for table 'table-24'. Need at least 3 replicas, but only 0 tablet servers are available
I0910 00:42:51.224076 20035 catalog_manager.cc:2580] Servicing AlterTable request from {username='slave'} at 127.0.0.1:56988: table { table_name: "table-8" } new_table_name: "table-19"
W0910 00:42:51.226608 20035 catalog_manager.cc:4648] Failed to send alter table request: Not found: failed to reset TS proxy: No leader found: Tablet 699fa40ab25d47aabbf195f7e2021e3d has no consensus state
W0910 00:42:51.226784 20035 catalog_manager.cc:4648] Failed to send alter table request: Not found: failed to reset TS proxy: No leader found: Tablet dfc1a203a9db4af09da7c58245c8197c has no consensus state
W0910 00:42:51.226948 20035 catalog_manager.cc:4648] Failed to send alter table request: Not found: failed to reset TS proxy: No leader found: Tablet e4a4933bd7b5417c93771754bb3bbfff has no consensus state
E0910 00:42:51.227990 20074 catalog_manager.cc:646] Error processing pending assignments: Invalid argument: error selecting replicas for tablet 93fa262eb939466eb70855400385673f: Not enough tablet servers are online for table 'table-24'. Need at least 3 replicas, but only 0 tablet servers are available
I0910 00:42:51.228085 20035 catalog_manager.cc:2580] Servicing AlterTable request from {username='slave'} at 127.0.0.1:56988: table { table_name: "table-19" } new_table_name: "table-11"
W0910 00:42:51.229275 20018 catalog_manager.cc:3568] Async tablet task AlterTable RPC for tablet e4a4933bd7b5417c93771754bb3bbfff (table table-19 [id=41860b40e00a41918e312e85f1e2689b], current schema version=2) failed: Not found: failed to reset TS proxy: No leader found: Tablet e4a4933bd7b5417c93771754bb3bbfff has no consensus state
W0910 00:42:51.230587 20035 catalog_manager.cc:4648] Failed to send alter table request: Not found: failed to reset TS proxy: No leader found: Tablet 699fa40ab25d47aabbf195f7e2021e3d has no consensus state
W0910 00:42:51.230759 20035 catalog_manager.cc:4648] Failed to send alter table request: Not found: failed to reset TS proxy: No leader found: Tablet dfc1a203a9db4af09da7c58245c8197c has no consensus state
W0910 00:42:51.230882 20035 catalog_manager.cc:4648] Failed to send alter table request: Not found: failed to reset TS proxy: No leader found: Tablet e4a4933bd7b5417c93771754bb3bbfff has no consensus state
E0910 00:42:51.231825 20074 catalog_manager.cc:646] Error processing pending assignments: Invalid argument: error selecting replicas for tablet 93fa262eb939466eb70855400385673f: Not enough tablet servers are online for table 'table-24'. Need at least 3 replicas, but only 0 tablet servers are available
I0910 00:42:51.231871 20035 catalog_manager.cc:2580] Servicing AlterTable request from {username='slave'} at 127.0.0.1:56988: table { table_name: "table-4" } new_table_name: "table-1"
W0910 00:42:51.234225 20035 catalog_manager.cc:4648] Failed to send alter table request: Not found: failed to reset TS proxy: No leader found: Tablet cda4c96c7859430c84fd7f821ee41ec0 has no consensus state
W0910 00:42:51.234422 20035 catalog_manager.cc:4648] Failed to send alter table request: Not found: failed to reset TS proxy: No leader found: Tablet 33addbd2da654721bcdb29048605da72 has no consensus state
W0910 00:42:51.234573 20035 catalog_manager.cc:4648] Failed to send alter table request: Not found: failed to reset TS proxy: No leader found: Tablet f39eb138fffb41df93a7d754470ce75a has no consensus state
E0910 00:42:51.235662 20074 catalog_manager.cc:646] Error processing pending assignments: Invalid argument: error selecting replicas for tablet 93fa262eb939466eb70855400385673f: Not enough tablet servers are online for table 'table-24'. Need at least 3 replicas, but only 0 tablet servers are available
I0910 00:42:51.235658 20035 catalog_manager.cc:2143] Servicing DeleteTable request from {username='slave'} at 127.0.0.1:56988: table { table_name: "table-11" }
I0910 00:42:51.238484 20035 catalog_manager.cc:4670] Not sending DeleteTablet requests; no consensus state for tablet 699fa40ab25d47aabbf195f7e2021e3d
I0910 00:42:51.238545 20035 catalog_manager.cc:4670] Not sending DeleteTablet requests; no consensus state for tablet dfc1a203a9db4af09da7c58245c8197c
I0910 00:42:51.238569 20035 catalog_manager.cc:4670] Not sending DeleteTablet requests; no consensus state for tablet e4a4933bd7b5417c93771754bb3bbfff
I0910 00:42:51.239621 20035 catalog_manager.cc:1614] Servicing CreateTable request from {username='slave'} at 127.0.0.1:56988: name: "table-19" schema { columns { name: "key" type: INT32 is_key: true is_nullable: false encoding: AUTO_ENCODING compression: DEFAULT_COMPRESSION cfile_block_size: 0 } columns { name: "v1" type: UINT64 is_key: false is_nullable: false encoding: AUTO_ENCODING compression: DEFAULT_COMPRESSION cfile_block_size: 0 } columns { name: "v2" type: STRING is_key: false is_nullable: false encoding: AUTO_ENCODING compression: DEFAULT_COMPRESSION cfile_block_size: 0 } } split_rows_range_bounds { rows: "\004\001\n\000\000\000\004\001\024\000\000\000""\004\001\n\000\000\000\004\001\024\000\000\000" indirect_data: """" }
W0910 00:42:51.240097 20035 catalog_manager.cc:1794] The number of live tablet servers is not enough to re-replicate a tablet replica of the newly created table table-19 in case of a server failure: 4 tablet servers would be needed, 0 are available. Consider bringing up more tablet servers.
E0910 00:42:51.243984 20074 catalog_manager.cc:646] Error processing pending assignments: Invalid argument: error selecting replicas for tablet 0ece6ae530884dd1809cc5d1ed69b112: Not enough tablet servers are online for table 'table-19'. Need at least 3 replicas, but only 0 tablet servers are available
I0910 00:42:51.244273 20035 catalog_manager.cc:2580] Servicing AlterTable request from {username='slave'} at 127.0.0.1:56988: table { table_name: "table-24" } new_table_name: "table-10"
W0910 00:42:51.247018 20035 catalog_manager.cc:4648] Failed to send alter table request: Not found: failed to reset TS proxy: No leader found: Tablet 93fa262eb939466eb70855400385673f has no consensus state
W0910 00:42:51.247189 20035 catalog_manager.cc:4648] Failed to send alter table request: Not found: failed to reset TS proxy: No leader found: Tablet e498dd2e1b5942fd94cb866f722e0b4b has no consensus state
W0910 00:42:51.247334 20035 catalog_manager.cc:4648] Failed to send alter table request: Not found: failed to reset TS proxy: No leader found: Tablet 574be089e21d4217b295daba675c910f has no consensus state
E0910 00:42:51.248344 20074 catalog_manager.cc:646] Error processing pending assignments: Invalid argument: error selecting replicas for tablet 0ece6ae530884dd1809cc5d1ed69b112: Not enough tablet servers are online for table 'table-19'. Need at least 3 replicas, but only 0 tablet servers are available
I0910 00:42:51.248510 20035 catalog_manager.cc:2580] Servicing AlterTable request from {username='slave'} at 127.0.0.1:56988: table { table_name: "table-19" } new_table_name: "table-19"
I0910 00:42:51.250116 20035 catalog_manager.cc:2143] Servicing DeleteTable request from {username='slave'} at 127.0.0.1:56988: table { table_name: "table-1" }
I0910 00:42:51.253306 20035 catalog_manager.cc:4670] Not sending DeleteTablet requests; no consensus state for tablet cda4c96c7859430c84fd7f821ee41ec0
I0910 00:42:51.253371 20035 catalog_manager.cc:4670] Not sending DeleteTablet requests; no consensus state for tablet 33addbd2da654721bcdb29048605da72
I0910 00:42:51.253433 20035 catalog_manager.cc:4670] Not sending DeleteTablet requests; no consensus state for tablet f39eb138fffb41df93a7d754470ce75a
I0910 00:42:51.254669 20035 catalog_manager.cc:1614] Servicing CreateTable request from {username='slave'} at 127.0.0.1:56988: name: "table-19" schema { columns { name: "key" type: INT32 is_key: true is_nullable: false encoding: AUTO_ENCODING compression: DEFAULT_COMPRESSION cfile_block_size: 0 } columns { name: "v1" type: UINT64 is_key: false is_nullable: false encoding: AUTO_ENCODING compression: DEFAULT_COMPRESSION cfile_block_size: 0 } columns { name: "v2" type: STRING is_key: false is_nullable: false encoding: AUTO_ENCODING compression: DEFAULT_COMPRESSION cfile_block_size: 0 } } split_rows_range_bounds { rows: "\004\001\n\000\000\000\004\001\024\000\000\000""\004\001\n\000\000\000\004\001\024\000\000\000" indirect_data: """" }
W0910 00:42:51.255306 20035 catalog_manager.cc:1794] The number of live tablet servers is not enough to re-replicate a tablet replica of the newly created table table-19 in case of a server failure: 4 tablet servers would be needed, 0 are available. Consider bringing up more tablet servers.
I0910 00:42:51.256397 20035 catalog_manager.cc:2143] Servicing DeleteTable request from {username='slave'} at 127.0.0.1:56988: table { table_name: "table-10" }
W0910 00:42:51.257573 20035 catalog_manager.cc:2269] Runtime error: an error occurred while updating the sys-catalog: INJECTED FAILURE
I0910 00:42:51.258927 20035 catalog_manager.cc:2580] Servicing AlterTable request from {username='slave'} at 127.0.0.1:56988: table { table_name: "table-19" } new_table_name: "table-21"
W0910 00:42:51.261561 20035 catalog_manager.cc:4648] Failed to send alter table request: Not found: failed to reset TS proxy: No leader found: Tablet 0ece6ae530884dd1809cc5d1ed69b112 has no consensus state
W0910 00:42:51.261718 20035 catalog_manager.cc:4648] Failed to send alter table request: Not found: failed to reset TS proxy: No leader found: Tablet 36ff27b079bd48a59edbbf6bdb3ae4e0 has no consensus state
W0910 00:42:51.261905 20035 catalog_manager.cc:4648] Failed to send alter table request: Not found: failed to reset TS proxy: No leader found: Tablet 4ab5e3d014a7426890cdd0bb1874704c has no consensus state
E0910 00:42:51.262878 20074 catalog_manager.cc:646] Error processing pending assignments: Invalid argument: error selecting replicas for tablet 0ece6ae530884dd1809cc5d1ed69b112: Not enough tablet servers are online for table 'table-21'. Need at least 3 replicas, but only 0 tablet servers are available
I0910 00:42:51.263183 20035 catalog_manager.cc:1614] Servicing CreateTable request from {username='slave'} at 127.0.0.1:56988: name: "table-17" schema { columns { name: "key" type: INT32 is_key: true is_nullable: false encoding: AUTO_ENCODING compression: DEFAULT_COMPRESSION cfile_block_size: 0 } columns { name: "v1" type: UINT64 is_key: false is_nullable: false encoding: AUTO_ENCODING compression: DEFAULT_COMPRESSION cfile_block_size: 0 } columns { name: "v2" type: STRING is_key: false is_nullable: false encoding: AUTO_ENCODING compression: DEFAULT_COMPRESSION cfile_block_size: 0 } } split_rows_range_bounds { rows: "\004\001\n\000\000\000\004\001\024\000\000\000""\004\001\n\000\000\000\004\001\024\000\000\000" indirect_data: """" }
W0910 00:42:51.263669 20035 catalog_manager.cc:1794] The number of live tablet servers is not enough to re-replicate a tablet replica of the newly created table table-17 in case of a server failure: 4 tablet servers would be needed, 0 are available. Consider bringing up more tablet servers.
W0910 00:42:51.264588 20035 catalog_manager.cc:1901] Runtime error: an error occurred while writing to the sys-catalog: INJECTED FAILURE
I0910 00:42:51.265735 20035 catalog_manager.cc:2143] Servicing DeleteTable request from {username='slave'} at 127.0.0.1:56988: table { table_name: "table-10" }
