I0521 22:28:58.960597 750 sys_catalog.cc:458] T 00000000000000000000000000000000 P 528bb2d9313a499aaa0182c4e5d3606d [sys.catalog]: configured and running, proceeding with master startup.
I0521 22:28:58.965080 767 sys_catalog.cc:360] T 00000000000000000000000000000000 P 528bb2d9313a499aaa0182c4e5d3606d [sys.catalog]: This master's current role is: LEADER
I0521 22:28:58.970532 769 catalog_manager.cc:1131] Loading table and tablet metadata into memory...
I0521 22:28:59.001639 769 catalog_manager.cc:1142] Initializing Kudu internal certificate authority...
I0521 22:28:59.108660 769 catalog_manager.cc:1026] Generated new certificate authority record
I0521 22:28:59.111214 769 catalog_manager.cc:1151] Loading token signing keys...
I0521 22:28:59.148150 769 catalog_manager.cc:4538] T 00000000000000000000000000000000 P 528bb2d9313a499aaa0182c4e5d3606d: Generated new TSK 0
I0521 22:28:59.149901 769 catalog_manager.cc:1161] Initializing in-progress tserver states...
W0521 22:28:59.210136 751 thread.cc:616] rpc reactor (reactor) Time spent creating pthread: real 0.853s user 0.317s sys 0.531s
W0521 22:28:59.210526 751 thread.cc:582] rpc reactor (reactor) Time spent starting thread: real 0.853s user 0.318s sys 0.531s
I0521 22:28:59.283730 751 env_posix.cc:1747] Not raising this process' running threads per effective uid limit of 18446744073709551615; it is already as high as it can go
I0521 22:28:59.289932 751 ts_tablet_manager.cc:399] Loaded tablet metadata (0 total tablets, 0 live tablets)
I0521 22:28:59.290100 751 ts_tablet_manager.cc:420] Registered 0 tablets
I0521 22:28:59.431108 751 rpc_server.cc:221] RPC server started. Bound to: 127.0.89.193:37837
I0521 22:28:59.434352 751 webserver.cc:381] Webserver started at http://127.0.89.193:38971/ using document root and password file
I0521 22:28:59.435217 751 server_base.cc:675] Dumped server information to /tmp/dist-test-taskopyat3/test-tmp/kudu-tool-test.2.ToolTest.TestLoadgenDefaultParameters.1590100104622499-359/minicluster-data/ts-0/data/info.pb
I0521 22:28:59.438871 359 external_mini_cluster.cc:1078] Started /tmp/dist-test-taskopyat3/build/tsan/bin/kudu-tserver as pid 751
I0521 22:28:59.472235 883 heartbeater.cc:325] Connected to a master server at 127.0.89.254:37037
I0521 22:28:59.472551 883 heartbeater.cc:416] Registering TS with master...
I0521 22:28:59.473376 883 heartbeater.cc:465] Master 127.0.89.254:37037 requested a full tablet report, sending...
I0521 22:28:59.475888 717 ts_manager.cc:191] Registered new tserver with Master: 22eed2da88dd43cbbd818b095d200a61 (127.0.89.193:37837)
I0521 22:28:59.477421 359 external_mini_cluster.cc:699] 1 TS(s) registered with all masters
I0521 22:28:59.478543 717 master_service.cc:349] Signed X509 certificate for tserver {username='slave'} at 127.0.89.193:59063
W0521 22:28:59.757871 889 flags.cc:403] Enabled unsafe flag: --openssl_security_level_override=0
W0521 22:28:59.758303 889 flags.cc:403] Enabled unsafe flag: --never_fsync=true
I0521 22:29:00.482134 883 heartbeater.cc:457] Master 127.0.89.254:37037 was elected leader, sending a full tablet report...
W0521 22:29:00.715901 889 thread.cc:616] rpc reactor (reactor) Time spent creating pthread: real 0.909s user 0.410s sys 0.496s
W0521 22:29:00.716219 889 thread.cc:582] rpc reactor (reactor) Time spent starting thread: real 0.910s user 0.412s sys 0.496s
I0521 22:29:00.777909 717 catalog_manager.cc:1501] Servicing CreateTable request from {username='slave'} at 127.0.0.1:55448: name: "default.loadgen_auto_a5e4ccca01c34a7b95696aa74187d360" schema { columns { name: "key" type: INT64 is_key: true is_nullable: false encoding: AUTO_ENCODING compression: DEFAULT_COMPRESSION cfile_block_size: 0 } columns { name: "int_val" type: INT32 is_key: false is_nullable: true encoding: AUTO_ENCODING compression: DEFAULT_COMPRESSION cfile_block_size: 0 } columns { name: "string_val" type: STRING is_key: false is_nullable: true encoding: AUTO_ENCODING compression: DEFAULT_COMPRESSION cfile_block_size: 0 } } num_replicas: 1 split_rows_range_bounds { } partition_schema { hash_bucket_schemas { columns { name: "key" } num_buckets: 8 seed: 0 } range_schema { columns { name: "key" } } }
I0521 22:29:00.861421 818 tablet_service.cc:1232] Processing CreateTablet for tablet d9da032dbe4a4d5e99d8f8611b4f7975 (table=default.loadgen_auto_a5e4ccca01c34a7b95696aa74187d360 [id=3b49c397961948dbbd8b8ff4618fb27b]), partition=HASH (key) PARTITION 2, RANGE (key) PARTITION UNBOUNDED
I0521 22:29:00.868067 818 data_dirs.cc:395] Could only allocate 1 dirs of requested 3 for tablet d9da032dbe4a4d5e99d8f8611b4f7975. 1 dirs total, 0 dirs full, 0 dirs failed
I0521 22:29:00.863430 820 tablet_service.cc:1232] Processing CreateTablet for tablet 97407ed9a29447389a0d5996478ec095 (table=default.loadgen_auto_a5e4ccca01c34a7b95696aa74187d360 [id=3b49c397961948dbbd8b8ff4618fb27b]), partition=HASH (key) PARTITION 0, RANGE (key) PARTITION UNBOUNDED
I0521 22:29:00.918082 820 data_dirs.cc:395] Could only allocate 1 dirs of requested 3 for tablet 97407ed9a29447389a0d5996478ec095. 1 dirs total, 0 dirs full, 0 dirs failed
I0521 22:29:00.866396 816 tablet_service.cc:1232] Processing CreateTablet for tablet 1e2b697a16ce4a509e9710707ba29599 (table=default.loadgen_auto_a5e4ccca01c34a7b95696aa74187d360 [id=3b49c397961948dbbd8b8ff4618fb27b]), partition=HASH (key) PARTITION 4, RANGE (key) PARTITION UNBOUNDED
I0521 22:29:00.924731 816 data_dirs.cc:395] Could only allocate 1 dirs of requested 3 for tablet 1e2b697a16ce4a509e9710707ba29599. 1 dirs total, 0 dirs full, 0 dirs failed
I0521 22:29:00.866771 819 tablet_service.cc:1232] Processing CreateTablet for tablet dd718edca2b142bcbd22b058976a7ce8 (table=default.loadgen_auto_a5e4ccca01c34a7b95696aa74187d360 [id=3b49c397961948dbbd8b8ff4618fb27b]), partition=HASH (key) PARTITION 1, RANGE (key) PARTITION UNBOUNDED
I0521 22:29:00.939553 819 data_dirs.cc:395] Could only allocate 1 dirs of requested 3 for tablet dd718edca2b142bcbd22b058976a7ce8. 1 dirs total, 0 dirs full, 0 dirs failed
I0521 22:29:00.868875 814 tablet_service.cc:1232] Processing CreateTablet for tablet 026dd6c0a23b4f32b99b761cce35e0e5 (table=default.loadgen_auto_a5e4ccca01c34a7b95696aa74187d360 [id=3b49c397961948dbbd8b8ff4618fb27b]), partition=HASH (key) PARTITION 6, RANGE (key) PARTITION UNBOUNDED
I0521 22:29:01.055836 814 data_dirs.cc:395] Could only allocate 1 dirs of requested 3 for tablet 026dd6c0a23b4f32b99b761cce35e0e5. 1 dirs total, 0 dirs full, 0 dirs failed
I0521 22:29:00.871291 813 tablet_service.cc:1232] Processing CreateTablet for tablet efac2f865d364295860e193ae88a3617 (table=default.loadgen_auto_a5e4ccca01c34a7b95696aa74187d360 [id=3b49c397961948dbbd8b8ff4618fb27b]), partition=HASH (key) PARTITION 7, RANGE (key) PARTITION UNBOUNDED
I0521 22:29:01.072260 813 data_dirs.cc:395] Could only allocate 1 dirs of requested 3 for tablet efac2f865d364295860e193ae88a3617. 1 dirs total, 0 dirs full, 0 dirs failed
I0521 22:29:00.872365 815 tablet_service.cc:1232] Processing CreateTablet for tablet c50213863a5946c5acfeb8d31410a77d (table=default.loadgen_auto_a5e4ccca01c34a7b95696aa74187d360 [id=3b49c397961948dbbd8b8ff4618fb27b]), partition=HASH (key) PARTITION 5, RANGE (key) PARTITION UNBOUNDED
I0521 22:29:01.076634 815 data_dirs.cc:395] Could only allocate 1 dirs of requested 3 for tablet c50213863a5946c5acfeb8d31410a77d. 1 dirs total, 0 dirs full, 0 dirs failed
I0521 22:29:00.872457 817 tablet_service.cc:1232] Processing CreateTablet for tablet 0e1c6fb1311743818390cc85decc6d22 (table=default.loadgen_auto_a5e4ccca01c34a7b95696aa74187d360 [id=3b49c397961948dbbd8b8ff4618fb27b]), partition=HASH (key) PARTITION 3, RANGE (key) PARTITION UNBOUNDED
I0521 22:29:01.102651 817 data_dirs.cc:395] Could only allocate 1 dirs of requested 3 for tablet 0e1c6fb1311743818390cc85decc6d22. 1 dirs total, 0 dirs full, 0 dirs failed
I0521 22:29:01.117307 908 tablet_bootstrap.cc:440] T d9da032dbe4a4d5e99d8f8611b4f7975 P 22eed2da88dd43cbbd818b095d200a61: Bootstrap starting.
I0521 22:29:01.133571 908 tablet_bootstrap.cc:596] T d9da032dbe4a4d5e99d8f8611b4f7975 P 22eed2da88dd43cbbd818b095d200a61: No blocks or log segments found. Creating new log.
I0521 22:29:01.135027 908 log.cc:819] T d9da032dbe4a4d5e99d8f8611b4f7975 P 22eed2da88dd43cbbd818b095d200a61: Log is configured to *not* fsync() on all Append() calls
I0521 22:29:01.139703 908 tablet_bootstrap.cc:440] T d9da032dbe4a4d5e99d8f8611b4f7975 P 22eed2da88dd43cbbd818b095d200a61: No bootstrap required, opened a new log
I0521 22:29:01.140081 908 ts_tablet_manager.cc:1115] T d9da032dbe4a4d5e99d8f8611b4f7975 P 22eed2da88dd43cbbd818b095d200a61: Time spent bootstrapping tablet: real 0.023s user 0.005s sys 0.007s
I0521 22:29:01.153770 908 raft_consensus.cc:342] T d9da032dbe4a4d5e99d8f8611b4f7975 P 22eed2da88dd43cbbd818b095d200a61 [term 0 FOLLOWER]: Replica starting. Triggering 0 pending ops. Active config: opid_index: -1 OBSOLETE_local: true peers { permanent_uuid: "22eed2da88dd43cbbd818b095d200a61" member_type: VOTER last_known_addr { host: "127.0.89.193" port: 37837 } }
I0521 22:29:01.154318 908 raft_consensus.cc:368] T d9da032dbe4a4d5e99d8f8611b4f7975 P 22eed2da88dd43cbbd818b095d200a61 [term 0 FOLLOWER]: Consensus starting up: Expiring failure detector timer to make a prompt election more likely
I0521 22:29:01.154570 908 raft_consensus.cc:722] T d9da032dbe4a4d5e99d8f8611b4f7975 P 22eed2da88dd43cbbd818b095d200a61 [term 0 FOLLOWER]: Becoming Follower/Learner. State: Replica: 22eed2da88dd43cbbd818b095d200a61, State: Initialized, Role: FOLLOWER
I0521 22:29:01.155262 908 consensus_queue.cc:250] T d9da032dbe4a4d5e99d8f8611b4f7975 P 22eed2da88dd43cbbd818b095d200a61 [NON_LEADER]: Queue going to NON_LEADER mode. State: All replicated index: 0, Majority replicated index: 0, Committed index: 0, Last appended: 0.0, Last appended by leader: 0, Current term: 0, Majority size: -1, State: 0, Mode: NON_LEADER, active raft config: opid_index: -1 OBSOLETE_local: true peers { permanent_uuid: "22eed2da88dd43cbbd818b095d200a61" member_type: VOTER last_known_addr { host: "127.0.89.193" port: 37837 } }
I0521 22:29:01.155875 908 raft_consensus.cc:382] T d9da032dbe4a4d5e99d8f8611b4f7975 P 22eed2da88dd43cbbd818b095d200a61 [term 0 FOLLOWER]: Only one voter in the Raft config. Triggering election immediately
I0521 22:29:01.156222 908 raft_consensus.cc:478] T d9da032dbe4a4d5e99d8f8611b4f7975 P 22eed2da88dd43cbbd818b095d200a61 [term 0 FOLLOWER]: Starting leader election (initial election of a single-replica configuration)
I0521 22:29:01.156469 908 raft_consensus.cc:2975] T d9da032dbe4a4d5e99d8f8611b4f7975 P 22eed2da88dd43cbbd818b095d200a61 [term 0 FOLLOWER]: Advancing to term 1
I0521 22:29:01.306141 908 raft_consensus.cc:500] T d9da032dbe4a4d5e99d8f8611b4f7975 P 22eed2da88dd43cbbd818b095d200a61 [term 1 FOLLOWER]: Starting leader election with config: opid_index: -1 OBSOLETE_local: true peers { permanent_uuid: "22eed2da88dd43cbbd818b095d200a61" member_type: VOTER last_known_addr { host: "127.0.89.193" port: 37837 } }
I0521 22:29:01.307126 908 leader_election.cc:302] T d9da032dbe4a4d5e99d8f8611b4f7975 P 22eed2da88dd43cbbd818b095d200a61 [CANDIDATE]: Term 1 election: Election decided. Result: candidate won. Election summary: received 1 responses out of 1 voters: 1 yes votes; 0 no votes. yes voters: 22eed2da88dd43cbbd818b095d200a61; no voters:
I0521 22:29:01.310854 908 leader_election.cc:288] T d9da032dbe4a4d5e99d8f8611b4f7975 P 22eed2da88dd43cbbd818b095d200a61 [CANDIDATE]: Term 1 election: Requested vote from peers
I0521 22:29:01.311408 910 raft_consensus.cc:2721] T d9da032dbe4a4d5e99d8f8611b4f7975 P 22eed2da88dd43cbbd818b095d200a61 [term 1 FOLLOWER]: Leader election won for term 1
I0521 22:29:01.315780 908 ts_tablet_manager.cc:1144] T d9da032dbe4a4d5e99d8f8611b4f7975 P 22eed2da88dd43cbbd818b095d200a61: Time spent starting tablet: real 0.176s user 0.012s sys 0.016s
I0521 22:29:01.316686 910 raft_consensus.cc:683] T d9da032dbe4a4d5e99d8f8611b4f7975 P 22eed2da88dd43cbbd818b095d200a61 [term 1 LEADER]: Becoming Leader. State: Replica: 22eed2da88dd43cbbd818b095d200a61, State: Running, Role: LEADER
I0521 22:29:01.317163 908 tablet_bootstrap.cc:440] T 1e2b697a16ce4a509e9710707ba29599 P 22eed2da88dd43cbbd818b095d200a61: Bootstrap starting.
I0521 22:29:01.318672 910 consensus_queue.cc:227] T d9da032dbe4a4d5e99d8f8611b4f7975 P 22eed2da88dd43cbbd818b095d200a61 [LEADER]: Queue going to LEADER mode. State: All replicated index: 0, Majority replicated index: 0, Committed index: 0, Last appended: 0.0, Last appended by leader: 0, Current term: 1, Majority size: 1, State: 0, Mode: LEADER, active raft config: opid_index: -1 OBSOLETE_local: true peers { permanent_uuid: "22eed2da88dd43cbbd818b095d200a61" member_type: VOTER last_known_addr { host: "127.0.89.193" port: 37837 } }
I0521 22:29:01.325124 908 tablet_bootstrap.cc:596] T 1e2b697a16ce4a509e9710707ba29599 P 22eed2da88dd43cbbd818b095d200a61: No blocks or log segments found. Creating new log.
I0521 22:29:01.329876 717 catalog_manager.cc:4202] T d9da032dbe4a4d5e99d8f8611b4f7975 P 22eed2da88dd43cbbd818b095d200a61 reported cstate change: term changed from 0 to 1, leader changed from to 22eed2da88dd43cbbd818b095d200a61 (127.0.89.193). New cstate: current_term: 1 leader_uuid: "22eed2da88dd43cbbd818b095d200a61" committed_config { opid_index: -1 OBSOLETE_local: true peers { permanent_uuid: "22eed2da88dd43cbbd818b095d200a61" member_type: VOTER last_known_addr { host: "127.0.89.193" port: 37837 } health_report { overall_health: HEALTHY } } }
I0521 22:29:01.337992 908 tablet_bootstrap.cc:440] T 1e2b697a16ce4a509e9710707ba29599 P 22eed2da88dd43cbbd818b095d200a61: No bootstrap required, opened a new log
I0521 22:29:01.338282 908 ts_tablet_manager.cc:1115] T 1e2b697a16ce4a509e9710707ba29599 P 22eed2da88dd43cbbd818b095d200a61: Time spent bootstrapping tablet: real 0.022s user 0.018s sys 0.000s
I0521 22:29:01.340600 908 raft_consensus.cc:342] T 1e2b697a16ce4a509e9710707ba29599 P 22eed2da88dd43cbbd818b095d200a61 [term 0 FOLLOWER]: Replica starting. Triggering 0 pending ops. Active config: opid_index: -1 OBSOLETE_local: true peers { permanent_uuid: "22eed2da88dd43cbbd818b095d200a61" member_type: VOTER last_known_addr { host: "127.0.89.193" port: 37837 } }
I0521 22:29:01.340960 908 raft_consensus.cc:368] T 1e2b697a16ce4a509e9710707ba29599 P 22eed2da88dd43cbbd818b095d200a61 [term 0 FOLLOWER]: Consensus starting up: Expiring failure detector timer to make a prompt election more likely
I0521 22:29:01.341138 908 raft_consensus.cc:722] T 1e2b697a16ce4a509e9710707ba29599 P 22eed2da88dd43cbbd818b095d200a61 [term 0 FOLLOWER]: Becoming Follower/Learner. State: Replica: 22eed2da88dd43cbbd818b095d200a61, State: Initialized, Role: FOLLOWER
I0521 22:29:01.341591 908 consensus_queue.cc:250] T 1e2b697a16ce4a509e9710707ba29599 P 22eed2da88dd43cbbd818b095d200a61 [NON_LEADER]: Queue going to NON_LEADER mode. State: All replicated index: 0, Majority replicated index: 0, Committed index: 0, Last appended: 0.0, Last appended by leader: 0, Current term: 0, Majority size: -1, State: 0, Mode: NON_LEADER, active raft config: opid_index: -1 OBSOLETE_local: true peers { permanent_uuid: "22eed2da88dd43cbbd818b095d200a61" member_type: VOTER last_known_addr { host: "127.0.89.193" port: 37837 } }
I0521 22:29:01.342025 908 raft_consensus.cc:382] T 1e2b697a16ce4a509e9710707ba29599 P 22eed2da88dd43cbbd818b095d200a61 [term 0 FOLLOWER]: Only one voter in the Raft config. Triggering election immediately
I0521 22:29:01.342232 908 raft_consensus.cc:478] T 1e2b697a16ce4a509e9710707ba29599 P 22eed2da88dd43cbbd818b095d200a61 [term 0 FOLLOWER]: Starting leader election (initial election of a single-replica configuration)
I0521 22:29:01.342499 908 raft_consensus.cc:2975] T 1e2b697a16ce4a509e9710707ba29599 P 22eed2da88dd43cbbd818b095d200a61 [term 0 FOLLOWER]: Advancing to term 1
W0521 22:29:02.129524 702 debug-util.cc:402] Leaking SignalData structure 0x7b080002b7a0 after lost signal to thread 689
W0521 22:29:02.129973 702 debug-util.cc:402] Leaking SignalData structure 0x7b080002b5e0 after lost signal to thread 748
W0521 22:29:02.132236 908 consensus_meta.cc:220] T 1e2b697a16ce4a509e9710707ba29599 P 22eed2da88dd43cbbd818b095d200a61: Time spent flushing consensus metadata: real 0.789s user 0.000s sys 0.005s
I0521 22:29:02.132668 908 raft_consensus.cc:500] T 1e2b697a16ce4a509e9710707ba29599 P 22eed2da88dd43cbbd818b095d200a61 [term 1 FOLLOWER]: Starting leader election with config: opid_index: -1 OBSOLETE_local: true peers { permanent_uuid: "22eed2da88dd43cbbd818b095d200a61" member_type: VOTER last_known_addr { host: "127.0.89.193" port: 37837 } }
I0521 22:29:02.133455 908 leader_election.cc:302] T 1e2b697a16ce4a509e9710707ba29599 P 22eed2da88dd43cbbd818b095d200a61 [CANDIDATE]: Term 1 election: Election decided. Result: candidate won. Election summary: received 1 responses out of 1 voters: 1 yes votes; 0 no votes. yes voters: 22eed2da88dd43cbbd818b095d200a61; no voters:
I0521 22:29:02.136368 908 leader_election.cc:288] T 1e2b697a16ce4a509e9710707ba29599 P 22eed2da88dd43cbbd818b095d200a61 [CANDIDATE]: Term 1 election: Requested vote from peers
I0521 22:29:02.136613 919 raft_consensus.cc:2721] T 1e2b697a16ce4a509e9710707ba29599 P 22eed2da88dd43cbbd818b095d200a61 [term 1 FOLLOWER]: Leader election won for term 1
I0521 22:29:02.141232 908 ts_tablet_manager.cc:1144] T 1e2b697a16ce4a509e9710707ba29599 P 22eed2da88dd43cbbd818b095d200a61: Time spent starting tablet: real 0.803s user 0.006s sys 0.013s
W0521 22:29:02.141505 908 ts_tablet_manager.cc:1174] T 1e2b697a16ce4a509e9710707ba29599 P 22eed2da88dd43cbbd818b095d200a61: Tablet startup took 803ms
W0521 22:29:02.141734 908 ts_tablet_manager.cc:1176] T 1e2b697a16ce4a509e9710707ba29599 P 22eed2da88dd43cbbd818b095d200a61: Trace: 0521 22:29:00.863582 (+ 0us) service_pool.cc:164] Inserting onto call queue 0521 22:29:00.863777 (+ 195us) service_pool.cc:223] Handling call 0521 22:29:00.924219 (+ 60442us) ts_tablet_manager.cc:466] Acquired tablet manager lock 0521 22:29:00.924328 (+ 109us) ts_tablet_manager.cc:479] Creating new metadata... 0521 22:29:00.933060 (+ 8732us) tablet_metadata.cc:585] Metadata flushed 0521 22:29:00.943272 (+ 10212us) tablet_replica.cc:153] Creating consensus instance 0521 22:29:00.944735 (+ 1463us) inbound_call.cc:163] Queueing success response 0521 22:29:01.316421 (+371686us) ts_tablet_manager.cc:1093] Bootstrapping tablet 0521 22:29:01.338453 (+ 22032us) ts_tablet_manager.cc:1145] Starting tablet replica 0521 22:29:01.339422 (+ 969us) tablet_replica.cc:206] Starting instrumentation 0521 22:29:01.339766 (+ 344us) tablet_replica.cc:225] Starting consensus Metrics: {"raft.queue_time_us":9991,"raft.run_cpu_time_us":187,"raft.run_wall_time_us":186,"tablet-open.queue_time_us":371875,"thread_start_us":5717,"threads_started":3}
I0521 22:29:02.144059 908 tablet_bootstrap.cc:440] T 97407ed9a29447389a0d5996478ec095 P 22eed2da88dd43cbbd818b095d200a61: Bootstrap starting.
I0521 22:29:02.149317 908 tablet_bootstrap.cc:596] T 97407ed9a29447389a0d5996478ec095 P 22eed2da88dd43cbbd818b095d200a61: No blocks or log segments found. Creating new log.
I0521 22:29:02.155190 908 tablet_bootstrap.cc:440] T 97407ed9a29447389a0d5996478ec095 P 22eed2da88dd43cbbd818b095d200a61: No bootstrap required, opened a new log
I0521 22:29:02.155647 908 ts_tablet_manager.cc:1115] T 97407ed9a29447389a0d5996478ec095 P 22eed2da88dd43cbbd818b095d200a61: Time spent bootstrapping tablet: real 0.012s user 0.007s sys 0.003s
I0521 22:29:02.158334 908 raft_consensus.cc:342] T 97407ed9a29447389a0d5996478ec095 P 22eed2da88dd43cbbd818b095d200a61 [term 0 FOLLOWER]: Replica starting. Triggering 0 pending ops. Active config: opid_index: -1 OBSOLETE_local: true peers { permanent_uuid: "22eed2da88dd43cbbd818b095d200a61" member_type: VOTER last_known_addr { host: "127.0.89.193" port: 37837 } }
I0521 22:29:02.159132 919 raft_consensus.cc:683] T 1e2b697a16ce4a509e9710707ba29599 P 22eed2da88dd43cbbd818b095d200a61 [term 1 LEADER]: Becoming Leader. State: Replica: 22eed2da88dd43cbbd818b095d200a61, State: Running, Role: LEADER
I0521 22:29:02.159343 908 raft_consensus.cc:368] T 97407ed9a29447389a0d5996478ec095 P 22eed2da88dd43cbbd818b095d200a61 [term 0 FOLLOWER]: Consensus starting up: Expiring failure detector timer to make a prompt election more likely
I0521 22:29:02.159655 908 raft_consensus.cc:722] T 97407ed9a29447389a0d5996478ec095 P 22eed2da88dd43cbbd818b095d200a61 [term 0 FOLLOWER]: Becoming Follower/Learner. State: Replica: 22eed2da88dd43cbbd818b095d200a61, State: Initialized, Role: FOLLOWER
I0521 22:29:02.159838 919 consensus_queue.cc:227] T 1e2b697a16ce4a509e9710707ba29599 P 22eed2da88dd43cbbd818b095d200a61 [LEADER]: Queue going to LEADER mode. State: All replicated index: 0, Majority replicated index: 0, Committed index: 0, Last appended: 0.0, Last appended by leader: 0, Current term: 1, Majority size: 1, State: 0, Mode: LEADER, active raft config: opid_index: -1 OBSOLETE_local: true peers { permanent_uuid: "22eed2da88dd43cbbd818b095d200a61" member_type: VOTER last_known_addr { host: "127.0.89.193" port: 37837 } }
I0521 22:29:02.160619 908 consensus_queue.cc:250] T 97407ed9a29447389a0d5996478ec095 P 22eed2da88dd43cbbd818b095d200a61 [NON_LEADER]: Queue going to NON_LEADER mode. State: All replicated index: 0, Majority replicated index: 0, Committed index: 0, Last appended: 0.0, Last appended by leader: 0, Current term: 0, Majority size: -1, State: 0, Mode: NON_LEADER, active raft config: opid_index: -1 OBSOLETE_local: true peers { permanent_uuid: "22eed2da88dd43cbbd818b095d200a61" member_type: VOTER last_known_addr { host: "127.0.89.193" port: 37837 } }
I0521 22:29:02.161373 908 raft_consensus.cc:382] T 97407ed9a29447389a0d5996478ec095 P 22eed2da88dd43cbbd818b095d200a61 [term 0 FOLLOWER]: Only one voter in the Raft config. Triggering election immediately
I0521 22:29:02.161809 908 raft_consensus.cc:478] T 97407ed9a29447389a0d5996478ec095 P 22eed2da88dd43cbbd818b095d200a61 [term 0 FOLLOWER]: Starting leader election (initial election of a single-replica configuration)
I0521 22:29:02.162163 908 raft_consensus.cc:2975] T 97407ed9a29447389a0d5996478ec095 P 22eed2da88dd43cbbd818b095d200a61 [term 0 FOLLOWER]: Advancing to term 1
I0521 22:29:02.167161 717 catalog_manager.cc:4202] T 1e2b697a16ce4a509e9710707ba29599 P 22eed2da88dd43cbbd818b095d200a61 reported cstate change: term changed from 0 to 1, leader changed from to 22eed2da88dd43cbbd818b095d200a61 (127.0.89.193). New cstate: current_term: 1 leader_uuid: "22eed2da88dd43cbbd818b095d200a61" committed_config { opid_index: -1 OBSOLETE_local: true peers { permanent_uuid: "22eed2da88dd43cbbd818b095d200a61" member_type: VOTER last_known_addr { host: "127.0.89.193" port: 37837 } health_report { overall_health: HEALTHY } } }
W0521 22:29:02.941017 908 consensus_meta.cc:220] T 97407ed9a29447389a0d5996478ec095 P 22eed2da88dd43cbbd818b095d200a61: Time spent flushing consensus metadata: real 0.778s user 0.003s sys 0.002s
I0521 22:29:02.941275 908 raft_consensus.cc:500] T 97407ed9a29447389a0d5996478ec095 P 22eed2da88dd43cbbd818b095d200a61 [term 1 FOLLOWER]: Starting leader election with config: opid_index: -1 OBSOLETE_local: true peers { permanent_uuid: "22eed2da88dd43cbbd818b095d200a61" member_type: VOTER last_known_addr { host: "127.0.89.193" port: 37837 } }
I0521 22:29:02.941802 908 leader_election.cc:302] T 97407ed9a29447389a0d5996478ec095 P 22eed2da88dd43cbbd818b095d200a61 [CANDIDATE]: Term 1 election: Election decided. Result: candidate won. Election summary: received 1 responses out of 1 voters: 1 yes votes; 0 no votes. yes voters: 22eed2da88dd43cbbd818b095d200a61; no voters:
I0521 22:29:02.943224 908 leader_election.cc:288] T 97407ed9a29447389a0d5996478ec095 P 22eed2da88dd43cbbd818b095d200a61 [CANDIDATE]: Term 1 election: Requested vote from peers
I0521 22:29:02.943518 928 raft_consensus.cc:2721] T 97407ed9a29447389a0d5996478ec095 P 22eed2da88dd43cbbd818b095d200a61 [term 1 FOLLOWER]: Leader election won for term 1
I0521 22:29:02.946138 908 ts_tablet_manager.cc:1144] T 97407ed9a29447389a0d5996478ec095 P 22eed2da88dd43cbbd818b095d200a61: Time spent starting tablet: real 0.790s user 0.008s sys 0.006s
W0521 22:29:02.946447 908 ts_tablet_manager.cc:1174] T 97407ed9a29447389a0d5996478ec095 P 22eed2da88dd43cbbd818b095d200a61: Tablet startup took 790ms
W0521 22:29:02.946676 908 ts_tablet_manager.cc:1176] T 97407ed9a29447389a0d5996478ec095 P 22eed2da88dd43cbbd818b095d200a61: Trace: 0521 22:29:00.856690 (+ 0us) service_pool.cc:164] Inserting onto call queue 0521 22:29:00.856864 (+ 174us) service_pool.cc:223] Handling call 0521 22:29:00.917563 (+ 60699us) ts_tablet_manager.cc:466] Acquired tablet manager lock 0521 22:29:00.917650 (+ 87us) ts_tablet_manager.cc:479] Creating new metadata... 0521 22:29:00.926531 (+ 8881us) tablet_metadata.cc:585] Metadata flushed 0521 22:29:00.945656 (+ 19125us) tablet_replica.cc:153] Creating consensus instance 0521 22:29:00.946252 (+ 596us) inbound_call.cc:163] Queueing success response 0521 22:29:02.143804 (+1197552us) ts_tablet_manager.cc:1093] Bootstrapping tablet 0521 22:29:02.155943 (+ 12139us) ts_tablet_manager.cc:1145] Starting tablet replica 0521 22:29:02.156467 (+ 524us) tablet_replica.cc:206] Starting instrumentation 0521 22:29:02.157061 (+ 594us) tablet_replica.cc:225] Starting consensus Metrics: {"raft.queue_time_us":5228,"raft.run_cpu_time_us":176,"raft.run_wall_time_us":686,"tablet-open.queue_time_us":1197869,"thread_start_us":2510,"threads_started":3}
W0521 22:29:02.948531 884 tablet.cc:1820] T 97407ed9a29447389a0d5996478ec095 P 22eed2da88dd43cbbd818b095d200a61: Can't schedule compaction. Clean time has not been advanced past its initial value.
I0521 22:29:02.949168 908 tablet_bootstrap.cc:440] T dd718edca2b142bcbd22b058976a7ce8 P 22eed2da88dd43cbbd818b095d200a61: Bootstrap starting.
I0521 22:29:02.952391 928 raft_consensus.cc:683] T 97407ed9a29447389a0d5996478ec095 P 22eed2da88dd43cbbd818b095d200a61 [term 1 LEADER]: Becoming Leader. State: Replica: 22eed2da88dd43cbbd818b095d200a61, State: Running, Role: LEADER
I0521 22:29:02.953022 928 consensus_queue.cc:227] T 97407ed9a29447389a0d5996478ec095 P 22eed2da88dd43cbbd818b095d200a61 [LEADER]: Queue going to LEADER mode. State: All replicated index: 0, Majority replicated index: 0, Committed index: 0, Last appended: 0.0, Last appended by leader: 0, Current term: 1, Majority size: 1, State: 0, Mode: LEADER, active raft config: opid_index: -1 OBSOLETE_local: true peers { permanent_uuid: "22eed2da88dd43cbbd818b095d200a61" member_type: VOTER last_known_addr { host: "127.0.89.193" port: 37837 } }
I0521 22:29:02.959028 908 tablet_bootstrap.cc:596] T dd718edca2b142bcbd22b058976a7ce8 P 22eed2da88dd43cbbd818b095d200a61: No blocks or log segments found. Creating new log.
I0521 22:29:02.960505 717 catalog_manager.cc:4202] T 97407ed9a29447389a0d5996478ec095 P 22eed2da88dd43cbbd818b095d200a61 reported cstate change: term changed from 0 to 1, leader changed from to 22eed2da88dd43cbbd818b095d200a61 (127.0.89.193). New cstate: current_term: 1 leader_uuid: "22eed2da88dd43cbbd818b095d200a61" committed_config { opid_index: -1 OBSOLETE_local: true peers { permanent_uuid: "22eed2da88dd43cbbd818b095d200a61" member_type: VOTER last_known_addr { host: "127.0.89.193" port: 37837 } health_report { overall_health: HEALTHY } } }
I0521 22:29:02.967530 908 tablet_bootstrap.cc:440] T dd718edca2b142bcbd22b058976a7ce8 P 22eed2da88dd43cbbd818b095d200a61: No bootstrap required, opened a new log
I0521 22:29:02.967828 908 ts_tablet_manager.cc:1115] T dd718edca2b142bcbd22b058976a7ce8 P 22eed2da88dd43cbbd818b095d200a61: Time spent bootstrapping tablet: real 0.019s user 0.002s sys 0.013s
I0521 22:29:02.969803 908 raft_consensus.cc:342] T dd718edca2b142bcbd22b058976a7ce8 P 22eed2da88dd43cbbd818b095d200a61 [term 0 FOLLOWER]: Replica starting. Triggering 0 pending ops. Active config: opid_index: -1 OBSOLETE_local: true peers { permanent_uuid: "22eed2da88dd43cbbd818b095d200a61" member_type: VOTER last_known_addr { host: "127.0.89.193" port: 37837 } }
I0521 22:29:02.970309 908 raft_consensus.cc:368] T dd718edca2b142bcbd22b058976a7ce8 P 22eed2da88dd43cbbd818b095d200a61 [term 0 FOLLOWER]: Consensus starting up: Expiring failure detector timer to make a prompt election more likely
I0521 22:29:02.970580 908 raft_consensus.cc:722] T dd718edca2b142bcbd22b058976a7ce8 P 22eed2da88dd43cbbd818b095d200a61 [term 0 FOLLOWER]: Becoming Follower/Learner. State: Replica: 22eed2da88dd43cbbd818b095d200a61, State: Initialized, Role: FOLLOWER
I0521 22:29:02.971382 908 consensus_queue.cc:250] T dd718edca2b142bcbd22b058976a7ce8 P 22eed2da88dd43cbbd818b095d200a61 [NON_LEADER]: Queue going to NON_LEADER mode. State: All replicated index: 0, Majority replicated index: 0, Committed index: 0, Last appended: 0.0, Last appended by leader: 0, Current term: 0, Majority size: -1, State: 0, Mode: NON_LEADER, active raft config: opid_index: -1 OBSOLETE_local: true peers { permanent_uuid: "22eed2da88dd43cbbd818b095d200a61" member_type: VOTER last_known_addr { host: "127.0.89.193" port: 37837 } }
I0521 22:29:02.972122 908 raft_consensus.cc:382] T dd718edca2b142bcbd22b058976a7ce8 P 22eed2da88dd43cbbd818b095d200a61 [term 0 FOLLOWER]: Only one voter in the Raft config. Triggering election immediately
I0521 22:29:02.972443 908 raft_consensus.cc:478] T dd718edca2b142bcbd22b058976a7ce8 P 22eed2da88dd43cbbd818b095d200a61 [term 0 FOLLOWER]: Starting leader election (initial election of a single-replica configuration)
I0521 22:29:02.973603 908 raft_consensus.cc:2975] T dd718edca2b142bcbd22b058976a7ce8 P 22eed2da88dd43cbbd818b095d200a61 [term 0 FOLLOWER]: Advancing to term 1
W0521 22:29:03.779189 908 consensus_meta.cc:220] T dd718edca2b142bcbd22b058976a7ce8 P 22eed2da88dd43cbbd818b095d200a61: Time spent flushing consensus metadata: real 0.805s user 0.003s sys 0.003s
I0521 22:29:03.779525 908 raft_consensus.cc:500] T dd718edca2b142bcbd22b058976a7ce8 P 22eed2da88dd43cbbd818b095d200a61 [term 1 FOLLOWER]: Starting leader election with config: opid_index: -1 OBSOLETE_local: true peers { permanent_uuid: "22eed2da88dd43cbbd818b095d200a61" member_type: VOTER last_known_addr { host: "127.0.89.193" port: 37837 } }
I0521 22:29:03.780249 908 leader_election.cc:302] T dd718edca2b142bcbd22b058976a7ce8 P 22eed2da88dd43cbbd818b095d200a61 [CANDIDATE]: Term 1 election: Election decided. Result: candidate won. Election summary: received 1 responses out of 1 voters: 1 yes votes; 0 no votes. yes voters: 22eed2da88dd43cbbd818b095d200a61; no voters:
I0521 22:29:03.781239 908 leader_election.cc:288] T dd718edca2b142bcbd22b058976a7ce8 P 22eed2da88dd43cbbd818b095d200a61 [CANDIDATE]: Term 1 election: Requested vote from peers
I0521 22:29:03.781495 937 raft_consensus.cc:2721] T dd718edca2b142bcbd22b058976a7ce8 P 22eed2da88dd43cbbd818b095d200a61 [term 1 FOLLOWER]: Leader election won for term 1
I0521 22:29:03.782353 937 raft_consensus.cc:683] T dd718edca2b142bcbd22b058976a7ce8 P 22eed2da88dd43cbbd818b095d200a61 [term 1 LEADER]: Becoming Leader. State: Replica: 22eed2da88dd43cbbd818b095d200a61, State: Running, Role: LEADER
I0521 22:29:03.782948 937 consensus_queue.cc:227] T dd718edca2b142bcbd22b058976a7ce8 P 22eed2da88dd43cbbd818b095d200a61 [LEADER]: Queue going to LEADER mode. State: All replicated index: 0, Majority replicated index: 0, Committed index: 0, Last appended: 0.0, Last appended by leader: 0, Current term: 1, Majority size: 1, State: 0, Mode: LEADER, active raft config: opid_index: -1 OBSOLETE_local: true peers { permanent_uuid: "22eed2da88dd43cbbd818b095d200a61" member_type: VOTER last_known_addr { host: "127.0.89.193" port: 37837 } }
I0521 22:29:03.784921 908 ts_tablet_manager.cc:1144] T dd718edca2b142bcbd22b058976a7ce8 P 22eed2da88dd43cbbd818b095d200a61: Time spent starting tablet: real 0.817s user 0.009s sys 0.007s
W0521 22:29:03.785135 908 ts_tablet_manager.cc:1174] T dd718edca2b142bcbd22b058976a7ce8 P 22eed2da88dd43cbbd818b095d200a61: Tablet startup took 817ms
W0521 22:29:03.785331 908 ts_tablet_manager.cc:1176] T dd718edca2b142bcbd22b058976a7ce8 P 22eed2da88dd43cbbd818b095d200a61: Trace: 0521 22:29:00.857039 (+ 0us) service_pool.cc:164] Inserting onto call queue 0521 22:29:00.857168 (+ 129us) service_pool.cc:223] Handling call 0521 22:29:00.938823 (+ 81655us) ts_tablet_manager.cc:466] Acquired tablet manager lock 0521 22:29:00.938908 (+ 85us) ts_tablet_manager.cc:479] Creating new metadata... 0521 22:29:00.948634 (+ 9726us) tablet_metadata.cc:585] Metadata flushed 0521 22:29:00.957769 (+ 9135us) tablet_replica.cc:153] Creating consensus instance 0521 22:29:00.958446 (+ 677us) inbound_call.cc:163] Queueing success response 0521 22:29:02.948902 (+1990456us) ts_tablet_manager.cc:1093] Bootstrapping tablet 0521 22:29:02.968002 (+ 19100us) ts_tablet_manager.cc:1145] Starting tablet replica 0521 22:29:02.968338 (+ 336us) tablet_replica.cc:206] Starting instrumentation 0521 22:29:02.968661 (+ 323us) tablet_replica.cc:225] Starting consensus 0521 22:29:03.784075 (+815414us) log.cc:840] Serialized 26 byte log entry Metrics: {"raft.queue_time_us":3348,"raft.run_cpu_time_us":184,"raft.run_wall_time_us":798,"tablet-open.queue_time_us":1990829,"thread_start_us":2966,"threads_started":4}
I0521 22:29:03.787286 908 tablet_bootstrap.cc:440] T 026dd6c0a23b4f32b99b761cce35e0e5 P 22eed2da88dd43cbbd818b095d200a61: Bootstrap starting.
I0521 22:29:03.791777 717 catalog_manager.cc:4202] T dd718edca2b142bcbd22b058976a7ce8 P 22eed2da88dd43cbbd818b095d200a61 reported cstate change: term changed from 0 to 1, leader changed from to 22eed2da88dd43cbbd818b095d200a61 (127.0.89.193). New cstate: current_term: 1 leader_uuid: "22eed2da88dd43cbbd818b095d200a61" committed_config { opid_index: -1 OBSOLETE_local: true peers { permanent_uuid: "22eed2da88dd43cbbd818b095d200a61" member_type: VOTER last_known_addr { host: "127.0.89.193" port: 37837 } health_report { overall_health: HEALTHY } } }
I0521 22:29:03.792593 908 tablet_bootstrap.cc:596] T 026dd6c0a23b4f32b99b761cce35e0e5 P 22eed2da88dd43cbbd818b095d200a61: No blocks or log segments found. Creating new log.
I0521 22:29:03.800877 908 tablet_bootstrap.cc:440] T 026dd6c0a23b4f32b99b761cce35e0e5 P 22eed2da88dd43cbbd818b095d200a61: No bootstrap required, opened a new log
I0521 22:29:03.801285 908 ts_tablet_manager.cc:1115] T 026dd6c0a23b4f32b99b761cce35e0e5 P 22eed2da88dd43cbbd818b095d200a61: Time spent bootstrapping tablet: real 0.014s user 0.010s sys 0.004s
I0521 22:29:03.803558 908 raft_consensus.cc:342] T 026dd6c0a23b4f32b99b761cce35e0e5 P 22eed2da88dd43cbbd818b095d200a61 [term 0 FOLLOWER]: Replica starting. Triggering 0 pending ops. Active config: opid_index: -1 OBSOLETE_local: true peers { permanent_uuid: "22eed2da88dd43cbbd818b095d200a61" member_type: VOTER last_known_addr { host: "127.0.89.193" port: 37837 } }
I0521 22:29:03.804108 908 raft_consensus.cc:368] T 026dd6c0a23b4f32b99b761cce35e0e5 P 22eed2da88dd43cbbd818b095d200a61 [term 0 FOLLOWER]: Consensus starting up: Expiring failure detector timer to make a prompt election more likely
I0521 22:29:03.804370 908 raft_consensus.cc:722] T 026dd6c0a23b4f32b99b761cce35e0e5 P 22eed2da88dd43cbbd818b095d200a61 [term 0 FOLLOWER]: Becoming Follower/Learner. State: Replica: 22eed2da88dd43cbbd818b095d200a61, State: Initialized, Role: FOLLOWER
I0521 22:29:03.804968 908 consensus_queue.cc:250] T 026dd6c0a23b4f32b99b761cce35e0e5 P 22eed2da88dd43cbbd818b095d200a61 [NON_LEADER]: Queue going to NON_LEADER mode. State: All replicated index: 0, Majority replicated index: 0, Committed index: 0, Last appended: 0.0, Last appended by leader: 0, Current term: 0, Majority size: -1, State: 0, Mode: NON_LEADER, active raft config: opid_index: -1 OBSOLETE_local: true peers { permanent_uuid: "22eed2da88dd43cbbd818b095d200a61" member_type: VOTER last_known_addr { host: "127.0.89.193" port: 37837 } }
I0521 22:29:03.805543 908 raft_consensus.cc:382] T 026dd6c0a23b4f32b99b761cce35e0e5 P 22eed2da88dd43cbbd818b095d200a61 [term 0 FOLLOWER]: Only one voter in the Raft config. Triggering election immediately
I0521 22:29:03.805820 908 raft_consensus.cc:478] T 026dd6c0a23b4f32b99b761cce35e0e5 P 22eed2da88dd43cbbd818b095d200a61 [term 0 FOLLOWER]: Starting leader election (initial election of a single-replica configuration)
I0521 22:29:03.806056 908 raft_consensus.cc:2975] T 026dd6c0a23b4f32b99b761cce35e0e5 P 22eed2da88dd43cbbd818b095d200a61 [term 0 FOLLOWER]: Advancing to term 1
I0521 22:29:03.811376 908 raft_consensus.cc:500] T 026dd6c0a23b4f32b99b761cce35e0e5 P 22eed2da88dd43cbbd818b095d200a61 [term 1 FOLLOWER]: Starting leader election with config: opid_index: -1 OBSOLETE_local: true peers { permanent_uuid: "22eed2da88dd43cbbd818b095d200a61" member_type: VOTER last_known_addr { host: "127.0.89.193" port: 37837 } }
I0521 22:29:03.811931 908 leader_election.cc:302] T 026dd6c0a23b4f32b99b761cce35e0e5 P 22eed2da88dd43cbbd818b095d200a61 [CANDIDATE]: Term 1 election: Election decided. Result: candidate won. Election summary: received 1 responses out of 1 voters: 1 yes votes; 0 no votes. yes voters: 22eed2da88dd43cbbd818b095d200a61; no voters:
I0521 22:29:03.812472 908 leader_election.cc:288] T 026dd6c0a23b4f32b99b761cce35e0e5 P 22eed2da88dd43cbbd818b095d200a61 [CANDIDATE]: Term 1 election: Requested vote from peers
I0521 22:29:03.812599 937 raft_consensus.cc:2721] T 026dd6c0a23b4f32b99b761cce35e0e5 P 22eed2da88dd43cbbd818b095d200a61 [term 1 FOLLOWER]: Leader election won for term 1
I0521 22:29:03.814786 937 raft_consensus.cc:683] T 026dd6c0a23b4f32b99b761cce35e0e5 P 22eed2da88dd43cbbd818b095d200a61 [term 1 LEADER]: Becoming Leader. State: Replica: 22eed2da88dd43cbbd818b095d200a61, State: Running, Role: LEADER
I0521 22:29:03.815454 908 ts_tablet_manager.cc:1144] T 026dd6c0a23b4f32b99b761cce35e0e5 P 22eed2da88dd43cbbd818b095d200a61: Time spent starting tablet: real 0.014s user 0.013s sys 0.000s
I0521 22:29:03.815378 937 consensus_queue.cc:227] T 026dd6c0a23b4f32b99b761cce35e0e5 P 22eed2da88dd43cbbd818b095d200a61 [LEADER]: Queue going to LEADER mode. State: All replicated index: 0, Majority replicated index: 0, Committed index: 0, Last appended: 0.0, Last appended by leader: 0, Current term: 1, Majority size: 1, State: 0, Mode: LEADER, active raft config: opid_index: -1 OBSOLETE_local: true peers { permanent_uuid: "22eed2da88dd43cbbd818b095d200a61" member_type: VOTER last_known_addr { host: "127.0.89.193" port: 37837 } }
I0521 22:29:03.816385 908 tablet_bootstrap.cc:440] T efac2f865d364295860e193ae88a3617 P 22eed2da88dd43cbbd818b095d200a61: Bootstrap starting.
I0521 22:29:03.822146 908 tablet_bootstrap.cc:596] T efac2f865d364295860e193ae88a3617 P 22eed2da88dd43cbbd818b095d200a61: No blocks or log segments found. Creating new log.
I0521 22:29:03.829733 908 tablet_bootstrap.cc:440] T efac2f865d364295860e193ae88a3617 P 22eed2da88dd43cbbd818b095d200a61: No bootstrap required, opened a new log
I0521 22:29:03.830081 908 ts_tablet_manager.cc:1115] T efac2f865d364295860e193ae88a3617 P 22eed2da88dd43cbbd818b095d200a61: Time spent bootstrapping tablet: real 0.014s user 0.008s sys 0.004s
I0521 22:29:03.829783 717 catalog_manager.cc:4202] T 026dd6c0a23b4f32b99b761cce35e0e5 P 22eed2da88dd43cbbd818b095d200a61 reported cstate change: term changed from 0 to 1, leader changed from to 22eed2da88dd43cbbd818b095d200a61 (127.0.89.193). New cstate: current_term: 1 leader_uuid: "22eed2da88dd43cbbd818b095d200a61" committed_config { opid_index: -1 OBSOLETE_local: true peers { permanent_uuid: "22eed2da88dd43cbbd818b095d200a61" member_type: VOTER last_known_addr { host: "127.0.89.193" port: 37837 } health_report { overall_health: HEALTHY } } }
I0521 22:29:03.832113 908 raft_consensus.cc:342] T efac2f865d364295860e193ae88a3617 P 22eed2da88dd43cbbd818b095d200a61 [term 0 FOLLOWER]: Replica starting. Triggering 0 pending ops. Active config: opid_index: -1 OBSOLETE_local: true peers { permanent_uuid: "22eed2da88dd43cbbd818b095d200a61" member_type: VOTER last_known_addr { host: "127.0.89.193" port: 37837 } }
I0521 22:29:03.832624 908 raft_consensus.cc:368] T efac2f865d364295860e193ae88a3617 P 22eed2da88dd43cbbd818b095d200a61 [term 0 FOLLOWER]: Consensus starting up: Expiring failure detector timer to make a prompt election more likely
I0521 22:29:03.832862 908 raft_consensus.cc:722] T efac2f865d364295860e193ae88a3617 P 22eed2da88dd43cbbd818b095d200a61 [term 0 FOLLOWER]: Becoming Follower/Learner. State: Replica: 22eed2da88dd43cbbd818b095d200a61, State: Initialized, Role: FOLLOWER
I0521 22:29:03.833349 908 consensus_queue.cc:250] T efac2f865d364295860e193ae88a3617 P 22eed2da88dd43cbbd818b095d200a61 [NON_LEADER]: Queue going to NON_LEADER mode. State: All replicated index: 0, Majority replicated index: 0, Committed index: 0, Last appended: 0.0, Last appended by leader: 0, Current term: 0, Majority size: -1, State: 0, Mode: NON_LEADER, active raft config: opid_index: -1 OBSOLETE_local: true peers { permanent_uuid: "22eed2da88dd43cbbd818b095d200a61" member_type: VOTER last_known_addr { host: "127.0.89.193" port: 37837 } }
I0521 22:29:03.833895 908 raft_consensus.cc:382] T efac2f865d364295860e193ae88a3617 P 22eed2da88dd43cbbd818b095d200a61 [term 0 FOLLOWER]: Only one voter in the Raft config. Triggering election immediately
I0521 22:29:03.834123 908 raft_consensus.cc:478] T efac2f865d364295860e193ae88a3617 P 22eed2da88dd43cbbd818b095d200a61 [term 0 FOLLOWER]: Starting leader election (initial election of a single-replica configuration)
I0521 22:29:03.834360 908 raft_consensus.cc:2975] T efac2f865d364295860e193ae88a3617 P 22eed2da88dd43cbbd818b095d200a61 [term 0 FOLLOWER]: Advancing to term 1
I0521 22:29:03.839583 908 raft_consensus.cc:500] T efac2f865d364295860e193ae88a3617 P 22eed2da88dd43cbbd818b095d200a61 [term 1 FOLLOWER]: Starting leader election with config: opid_index: -1 OBSOLETE_local: true peers { permanent_uuid: "22eed2da88dd43cbbd818b095d200a61" member_type: VOTER last_known_addr { host: "127.0.89.193" port: 37837 } }
I0521 22:29:03.840184 908 leader_election.cc:302] T efac2f865d364295860e193ae88a3617 P 22eed2da88dd43cbbd818b095d200a61 [CANDIDATE]: Term 1 election: Election decided. Result: candidate won. Election summary: received 1 responses out of 1 voters: 1 yes votes; 0 no votes. yes voters: 22eed2da88dd43cbbd818b095d200a61; no voters:
I0521 22:29:03.840648 908 leader_election.cc:288] T efac2f865d364295860e193ae88a3617 P 22eed2da88dd43cbbd818b095d200a61 [CANDIDATE]: Term 1 election: Requested vote from peers
I0521 22:29:03.840792 937 raft_consensus.cc:2721] T efac2f865d364295860e193ae88a3617 P 22eed2da88dd43cbbd818b095d200a61 [term 1 FOLLOWER]: Leader election won for term 1
I0521 22:29:03.841181 937 raft_consensus.cc:683] T efac2f865d364295860e193ae88a3617 P 22eed2da88dd43cbbd818b095d200a61 [term 1 LEADER]: Becoming Leader. State: Replica: 22eed2da88dd43cbbd818b095d200a61, State: Running, Role: LEADER
I0521 22:29:03.841771 937 consensus_queue.cc:227] T efac2f865d364295860e193ae88a3617 P 22eed2da88dd43cbbd818b095d200a61 [LEADER]: Queue going to LEADER mode. State: All replicated index: 0, Majority replicated index: 0, Committed index: 0, Last appended: 0.0, Last appended by leader: 0, Current term: 1, Majority size: 1, State: 0, Mode: LEADER, active raft config: opid_index: -1 OBSOLETE_local: true peers { permanent_uuid: "22eed2da88dd43cbbd818b095d200a61" member_type: VOTER last_known_addr { host: "127.0.89.193" port: 37837 } }
I0521 22:29:03.843649 908 ts_tablet_manager.cc:1144] T efac2f865d364295860e193ae88a3617 P 22eed2da88dd43cbbd818b095d200a61: Time spent starting tablet: real 0.013s user 0.008s sys 0.004s
I0521 22:29:03.844364 908 tablet_bootstrap.cc:440] T c50213863a5946c5acfeb8d31410a77d P 22eed2da88dd43cbbd818b095d200a61: Bootstrap starting.
I0521 22:29:03.848310 717 catalog_manager.cc:4202] T efac2f865d364295860e193ae88a3617 P 22eed2da88dd43cbbd818b095d200a61 reported cstate change: term changed from 0 to 1, leader changed from to 22eed2da88dd43cbbd818b095d200a61 (127.0.89.193). New cstate: current_term: 1 leader_uuid: "22eed2da88dd43cbbd818b095d200a61" committed_config { opid_index: -1 OBSOLETE_local: true peers { permanent_uuid: "22eed2da88dd43cbbd818b095d200a61" member_type: VOTER last_known_addr { host: "127.0.89.193" port: 37837 } health_report { overall_health: HEALTHY } } }
I0521 22:29:03.848991 908 tablet_bootstrap.cc:596] T c50213863a5946c5acfeb8d31410a77d P 22eed2da88dd43cbbd818b095d200a61: No blocks or log segments found. Creating new log.
I0521 22:29:03.854046 908 tablet_bootstrap.cc:440] T c50213863a5946c5acfeb8d31410a77d P 22eed2da88dd43cbbd818b095d200a61: No bootstrap required, opened a new log
I0521 22:29:03.854334 908 ts_tablet_manager.cc:1115] T c50213863a5946c5acfeb8d31410a77d P 22eed2da88dd43cbbd818b095d200a61: Time spent bootstrapping tablet: real 0.010s user 0.008s sys 0.000s
I0521 22:29:03.856020 908 raft_consensus.cc:342] T c50213863a5946c5acfeb8d31410a77d P 22eed2da88dd43cbbd818b095d200a61 [term 0 FOLLOWER]: Replica starting. Triggering 0 pending ops. Active config: opid_index: -1 OBSOLETE_local: true peers { permanent_uuid: "22eed2da88dd43cbbd818b095d200a61" member_type: VOTER last_known_addr { host: "127.0.89.193" port: 37837 } }
I0521 22:29:03.856438 908 raft_consensus.cc:368] T c50213863a5946c5acfeb8d31410a77d P 22eed2da88dd43cbbd818b095d200a61 [term 0 FOLLOWER]: Consensus starting up: Expiring failure detector timer to make a prompt election more likely
I0521 22:29:03.856611 908 raft_consensus.cc:722] T c50213863a5946c5acfeb8d31410a77d P 22eed2da88dd43cbbd818b095d200a61 [term 0 FOLLOWER]: Becoming Follower/Learner. State: Replica: 22eed2da88dd43cbbd818b095d200a61, State: Initialized, Role: FOLLOWER
I0521 22:29:03.857031 908 consensus_queue.cc:250] T c50213863a5946c5acfeb8d31410a77d P 22eed2da88dd43cbbd818b095d200a61 [NON_LEADER]: Queue going to NON_LEADER mode. State: All replicated index: 0, Majority replicated index: 0, Committed index: 0, Last appended: 0.0, Last appended by leader: 0, Current term: 0, Majority size: -1, State: 0, Mode: NON_LEADER, active raft config: opid_index: -1 OBSOLETE_local: true peers { permanent_uuid: "22eed2da88dd43cbbd818b095d200a61" member_type: VOTER last_known_addr { host: "127.0.89.193" port: 37837 } }
I0521 22:29:03.857420 908 raft_consensus.cc:382] T c50213863a5946c5acfeb8d31410a77d P 22eed2da88dd43cbbd818b095d200a61 [term 0 FOLLOWER]: Only one voter in the Raft config. Triggering election immediately
I0521 22:29:03.857587 908 raft_consensus.cc:478] T c50213863a5946c5acfeb8d31410a77d P 22eed2da88dd43cbbd818b095d200a61 [term 0 FOLLOWER]: Starting leader election (initial election of a single-replica configuration)
I0521 22:29:03.857777 908 raft_consensus.cc:2975] T c50213863a5946c5acfeb8d31410a77d P 22eed2da88dd43cbbd818b095d200a61 [term 0 FOLLOWER]: Advancing to term 1
I0521 22:29:03.861145 908 raft_consensus.cc:500] T c50213863a5946c5acfeb8d31410a77d P 22eed2da88dd43cbbd818b095d200a61 [term 1 FOLLOWER]: Starting leader election with config: opid_index: -1 OBSOLETE_local: true peers { permanent_uuid: "22eed2da88dd43cbbd818b095d200a61" member_type: VOTER last_known_addr { host: "127.0.89.193" port: 37837 } }
I0521 22:29:03.861557 908 leader_election.cc:302] T c50213863a5946c5acfeb8d31410a77d P 22eed2da88dd43cbbd818b095d200a61 [CANDIDATE]: Term 1 election: Election decided. Result: candidate won. Election summary: received 1 responses out of 1 voters: 1 yes votes; 0 no votes. yes voters: 22eed2da88dd43cbbd818b095d200a61; no voters:
I0521 22:29:03.861913 908 leader_election.cc:288] T c50213863a5946c5acfeb8d31410a77d P 22eed2da88dd43cbbd818b095d200a61 [CANDIDATE]: Term 1 election: Requested vote from peers
I0521 22:29:03.862040 937 raft_consensus.cc:2721] T c50213863a5946c5acfeb8d31410a77d P 22eed2da88dd43cbbd818b095d200a61 [term 1 FOLLOWER]: Leader election won for term 1
I0521 22:29:03.862443 937 raft_consensus.cc:683] T c50213863a5946c5acfeb8d31410a77d P 22eed2da88dd43cbbd818b095d200a61 [term 1 LEADER]: Becoming Leader. State: Replica: 22eed2da88dd43cbbd818b095d200a61, State: Running, Role: LEADER
I0521 22:29:03.863088 908 ts_tablet_manager.cc:1144] T c50213863a5946c5acfeb8d31410a77d P 22eed2da88dd43cbbd818b095d200a61: Time spent starting tablet: real 0.009s user 0.007s sys 0.000s
I0521 22:29:03.862948 937 consensus_queue.cc:227] T c50213863a5946c5acfeb8d31410a77d P 22eed2da88dd43cbbd818b095d200a61 [LEADER]: Queue going to LEADER mode. State: All replicated index: 0, Majority replicated index: 0, Committed index: 0, Last appended: 0.0, Last appended by leader: 0, Current term: 1, Majority size: 1, State: 0, Mode: LEADER, active raft config: opid_index: -1 OBSOLETE_local: true peers { permanent_uuid: "22eed2da88dd43cbbd818b095d200a61" member_type: VOTER last_known_addr { host: "127.0.89.193" port: 37837 } }
I0521 22:29:03.863621 908 tablet_bootstrap.cc:440] T 0e1c6fb1311743818390cc85decc6d22 P 22eed2da88dd43cbbd818b095d200a61: Bootstrap starting.
I0521 22:29:03.866837 908 tablet_bootstrap.cc:596] T 0e1c6fb1311743818390cc85decc6d22 P 22eed2da88dd43cbbd818b095d200a61: No blocks or log segments found. Creating new log.
I0521 22:29:03.872864 717 catalog_manager.cc:4202] T c50213863a5946c5acfeb8d31410a77d P 22eed2da88dd43cbbd818b095d200a61 reported cstate change: term changed from 0 to 1, leader changed from to 22eed2da88dd43cbbd818b095d200a61 (127.0.89.193). New cstate: current_term: 1 leader_uuid: "22eed2da88dd43cbbd818b095d200a61" committed_config { opid_index: -1 OBSOLETE_local: true peers { permanent_uuid: "22eed2da88dd43cbbd818b095d200a61" member_type: VOTER last_known_addr { host: "127.0.89.193" port: 37837 } health_report { overall_health: HEALTHY } } }
I0521 22:29:03.875278 908 tablet_bootstrap.cc:440] T 0e1c6fb1311743818390cc85decc6d22 P 22eed2da88dd43cbbd818b095d200a61: No bootstrap required, opened a new log
I0521 22:29:03.875567 908 ts_tablet_manager.cc:1115] T 0e1c6fb1311743818390cc85decc6d22 P 22eed2da88dd43cbbd818b095d200a61: Time spent bootstrapping tablet: real 0.012s user 0.005s sys 0.001s
