I0521 22:29:42.575984 2052 leader_election.cc:302] T 4542efb30bcd49ed9129c50322c2a46f P 4b7b9aa33cb9488eb6b9dd818c9cd33a [CANDIDATE]: Term 1 election: Election decided. Result: candidate won. Election summary: received 1 responses out of 1 voters: 1 yes votes; 0 no votes. yes voters: 4b7b9aa33cb9488eb6b9dd818c9cd33a; no voters:
I0521 22:29:42.576747 2052 leader_election.cc:288] T 4542efb30bcd49ed9129c50322c2a46f P 4b7b9aa33cb9488eb6b9dd818c9cd33a [CANDIDATE]: Term 1 election: Requested vote from peers
I0521 22:29:42.576804 2056 raft_consensus.cc:2721] T 4542efb30bcd49ed9129c50322c2a46f P 4b7b9aa33cb9488eb6b9dd818c9cd33a [term 1 FOLLOWER]: Leader election won for term 1
I0521 22:29:42.577246 2056 raft_consensus.cc:683] T 4542efb30bcd49ed9129c50322c2a46f P 4b7b9aa33cb9488eb6b9dd818c9cd33a [term 1 LEADER]: Becoming Leader. State: Replica: 4b7b9aa33cb9488eb6b9dd818c9cd33a, State: Running, Role: LEADER
I0521 22:29:42.577751 2056 consensus_queue.cc:227] T 4542efb30bcd49ed9129c50322c2a46f P 4b7b9aa33cb9488eb6b9dd818c9cd33a [LEADER]: Queue going to LEADER mode. State: All replicated index: 0, Majority replicated index: 0, Committed index: 0, Last appended: 0.0, Last appended by leader: 0, Current term: 1, Majority size: 1, State: 0, Mode: LEADER, active raft config: opid_index: -1 OBSOLETE_local: true peers { permanent_uuid: "4b7b9aa33cb9488eb6b9dd818c9cd33a" member_type: VOTER last_known_addr { host: "127.0.89.193" port: 32791 } }
I0521 22:29:42.580230 2052 ts_tablet_manager.cc:1144] T 4542efb30bcd49ed9129c50322c2a46f P 4b7b9aa33cb9488eb6b9dd818c9cd33a: Time spent starting tablet: real 0.014s user 0.011s sys 0.003s
I0521 22:29:42.581033 2052 tablet_bootstrap.cc:440] T 5fd1558bc9954796ab33160f32dadb09 P 4b7b9aa33cb9488eb6b9dd818c9cd33a: Bootstrap starting.
I0521 22:29:42.588002 2052 tablet_bootstrap.cc:596] T 5fd1558bc9954796ab33160f32dadb09 P 4b7b9aa33cb9488eb6b9dd818c9cd33a: No blocks or log segments found. Creating new log.
I0521 22:29:42.587466 1859 catalog_manager.cc:4202] T 4542efb30bcd49ed9129c50322c2a46f P 4b7b9aa33cb9488eb6b9dd818c9cd33a reported cstate change: term changed from 0 to 1, leader changed from to 4b7b9aa33cb9488eb6b9dd818c9cd33a (127.0.89.193). New cstate: current_term: 1 leader_uuid: "4b7b9aa33cb9488eb6b9dd818c9cd33a" committed_config { opid_index: -1 OBSOLETE_local: true peers { permanent_uuid: "4b7b9aa33cb9488eb6b9dd818c9cd33a" member_type: VOTER last_known_addr { host: "127.0.89.193" port: 32791 } health_report { overall_health: HEALTHY } } }
I0521 22:29:42.593554 2052 tablet_bootstrap.cc:440] T 5fd1558bc9954796ab33160f32dadb09 P 4b7b9aa33cb9488eb6b9dd818c9cd33a: No bootstrap required, opened a new log
I0521 22:29:42.593940 2052 ts_tablet_manager.cc:1115] T 5fd1558bc9954796ab33160f32dadb09 P 4b7b9aa33cb9488eb6b9dd818c9cd33a: Time spent bootstrapping tablet: real 0.013s user 0.008s sys 0.001s
I0521 22:29:42.596449 2052 raft_consensus.cc:342] T 5fd1558bc9954796ab33160f32dadb09 P 4b7b9aa33cb9488eb6b9dd818c9cd33a [term 0 FOLLOWER]: Replica starting. Triggering 0 pending ops. Active config: opid_index: -1 OBSOLETE_local: true peers { permanent_uuid: "4b7b9aa33cb9488eb6b9dd818c9cd33a" member_type: VOTER last_known_addr { host: "127.0.89.193" port: 32791 } }
I0521 22:29:42.596944 2052 raft_consensus.cc:368] T 5fd1558bc9954796ab33160f32dadb09 P 4b7b9aa33cb9488eb6b9dd818c9cd33a [term 0 FOLLOWER]: Consensus starting up: Expiring failure detector timer to make a prompt election more likely
I0521 22:29:42.597172 2052 raft_consensus.cc:722] T 5fd1558bc9954796ab33160f32dadb09 P 4b7b9aa33cb9488eb6b9dd818c9cd33a [term 0 FOLLOWER]: Becoming Follower/Learner. State: Replica: 4b7b9aa33cb9488eb6b9dd818c9cd33a, State: Initialized, Role: FOLLOWER
I0521 22:29:42.597697 2052 consensus_queue.cc:250] T 5fd1558bc9954796ab33160f32dadb09 P 4b7b9aa33cb9488eb6b9dd818c9cd33a [NON_LEADER]: Queue going to NON_LEADER mode. State: All replicated index: 0, Majority replicated index: 0, Committed index: 0, Last appended: 0.0, Last appended by leader: 0, Current term: 0, Majority size: -1, State: 0, Mode: NON_LEADER, active raft config: opid_index: -1 OBSOLETE_local: true peers { permanent_uuid: "4b7b9aa33cb9488eb6b9dd818c9cd33a" member_type: VOTER last_known_addr { host: "127.0.89.193" port: 32791 } }
I0521 22:29:42.598260 2052 raft_consensus.cc:382] T 5fd1558bc9954796ab33160f32dadb09 P 4b7b9aa33cb9488eb6b9dd818c9cd33a [term 0 FOLLOWER]: Only one voter in the Raft config. Triggering election immediately
I0521 22:29:42.598536 2052 raft_consensus.cc:478] T 5fd1558bc9954796ab33160f32dadb09 P 4b7b9aa33cb9488eb6b9dd818c9cd33a [term 0 FOLLOWER]: Starting leader election (initial election of a single-replica configuration)
I0521 22:29:42.598824 2052 raft_consensus.cc:2975] T 5fd1558bc9954796ab33160f32dadb09 P 4b7b9aa33cb9488eb6b9dd818c9cd33a [term 0 FOLLOWER]: Advancing to term 1
I0521 22:29:42.603058 2052 raft_consensus.cc:500] T 5fd1558bc9954796ab33160f32dadb09 P 4b7b9aa33cb9488eb6b9dd818c9cd33a [term 1 FOLLOWER]: Starting leader election with config: opid_index: -1 OBSOLETE_local: true peers { permanent_uuid: "4b7b9aa33cb9488eb6b9dd818c9cd33a" member_type: VOTER last_known_addr { host: "127.0.89.193" port: 32791 } }
I0521 22:29:42.603469 2052 leader_election.cc:302] T 5fd1558bc9954796ab33160f32dadb09 P 4b7b9aa33cb9488eb6b9dd818c9cd33a [CANDIDATE]: Term 1 election: Election decided. Result: candidate won. Election summary: received 1 responses out of 1 voters: 1 yes votes; 0 no votes. yes voters: 4b7b9aa33cb9488eb6b9dd818c9cd33a; no voters:
I0521 22:29:42.603811 2052 leader_election.cc:288] T 5fd1558bc9954796ab33160f32dadb09 P 4b7b9aa33cb9488eb6b9dd818c9cd33a [CANDIDATE]: Term 1 election: Requested vote from peers
I0521 22:29:42.603974 2056 raft_consensus.cc:2721] T 5fd1558bc9954796ab33160f32dadb09 P 4b7b9aa33cb9488eb6b9dd818c9cd33a [term 1 FOLLOWER]: Leader election won for term 1
I0521 22:29:42.604650 2056 raft_consensus.cc:683] T 5fd1558bc9954796ab33160f32dadb09 P 4b7b9aa33cb9488eb6b9dd818c9cd33a [term 1 LEADER]: Becoming Leader. State: Replica: 4b7b9aa33cb9488eb6b9dd818c9cd33a, State: Running, Role: LEADER
I0521 22:29:42.605023 2052 ts_tablet_manager.cc:1144] T 5fd1558bc9954796ab33160f32dadb09 P 4b7b9aa33cb9488eb6b9dd818c9cd33a: Time spent starting tablet: real 0.011s user 0.011s sys 0.001s
I0521 22:29:42.605506 2052 tablet_bootstrap.cc:440] T bc3c2ebc310c49ef900e7e605859dca0 P 4b7b9aa33cb9488eb6b9dd818c9cd33a: Bootstrap starting.
I0521 22:29:42.605264 2056 consensus_queue.cc:227] T 5fd1558bc9954796ab33160f32dadb09 P 4b7b9aa33cb9488eb6b9dd818c9cd33a [LEADER]: Queue going to LEADER mode. State: All replicated index: 0, Majority replicated index: 0, Committed index: 0, Last appended: 0.0, Last appended by leader: 0, Current term: 1, Majority size: 1, State: 0, Mode: LEADER, active raft config: opid_index: -1 OBSOLETE_local: true peers { permanent_uuid: "4b7b9aa33cb9488eb6b9dd818c9cd33a" member_type: VOTER last_known_addr { host: "127.0.89.193" port: 32791 } }
I0521 22:29:42.610105 2052 tablet_bootstrap.cc:596] T bc3c2ebc310c49ef900e7e605859dca0 P 4b7b9aa33cb9488eb6b9dd818c9cd33a: No blocks or log segments found. Creating new log.
I0521 22:29:42.612128 1859 catalog_manager.cc:4202] T 5fd1558bc9954796ab33160f32dadb09 P 4b7b9aa33cb9488eb6b9dd818c9cd33a reported cstate change: term changed from 0 to 1, leader changed from to 4b7b9aa33cb9488eb6b9dd818c9cd33a (127.0.89.193). New cstate: current_term: 1 leader_uuid: "4b7b9aa33cb9488eb6b9dd818c9cd33a" committed_config { opid_index: -1 OBSOLETE_local: true peers { permanent_uuid: "4b7b9aa33cb9488eb6b9dd818c9cd33a" member_type: VOTER last_known_addr { host: "127.0.89.193" port: 32791 } health_report { overall_health: HEALTHY } } }
I0521 22:29:42.616688 2052 tablet_bootstrap.cc:440] T bc3c2ebc310c49ef900e7e605859dca0 P 4b7b9aa33cb9488eb6b9dd818c9cd33a: No bootstrap required, opened a new log
I0521 22:29:42.616976 2052 ts_tablet_manager.cc:1115] T bc3c2ebc310c49ef900e7e605859dca0 P 4b7b9aa33cb9488eb6b9dd818c9cd33a: Time spent bootstrapping tablet: real 0.012s user 0.002s sys 0.008s
I0521 22:29:42.618695 2052 raft_consensus.cc:342] T bc3c2ebc310c49ef900e7e605859dca0 P 4b7b9aa33cb9488eb6b9dd818c9cd33a [term 0 FOLLOWER]: Replica starting. Triggering 0 pending ops. Active config: opid_index: -1 OBSOLETE_local: true peers { permanent_uuid: "4b7b9aa33cb9488eb6b9dd818c9cd33a" member_type: VOTER last_known_addr { host: "127.0.89.193" port: 32791 } }
I0521 22:29:42.619177 2052 raft_consensus.cc:368] T bc3c2ebc310c49ef900e7e605859dca0 P 4b7b9aa33cb9488eb6b9dd818c9cd33a [term 0 FOLLOWER]: Consensus starting up: Expiring failure detector timer to make a prompt election more likely
I0521 22:29:42.619351 2052 raft_consensus.cc:722] T bc3c2ebc310c49ef900e7e605859dca0 P 4b7b9aa33cb9488eb6b9dd818c9cd33a [term 0 FOLLOWER]: Becoming Follower/Learner. State: Replica: 4b7b9aa33cb9488eb6b9dd818c9cd33a, State: Initialized, Role: FOLLOWER
I0521 22:29:42.619817 2052 consensus_queue.cc:250] T bc3c2ebc310c49ef900e7e605859dca0 P 4b7b9aa33cb9488eb6b9dd818c9cd33a [NON_LEADER]: Queue going to NON_LEADER mode. State: All replicated index: 0, Majority replicated index: 0, Committed index: 0, Last appended: 0.0, Last appended by leader: 0, Current term: 0, Majority size: -1, State: 0, Mode: NON_LEADER, active raft config: opid_index: -1 OBSOLETE_local: true peers { permanent_uuid: "4b7b9aa33cb9488eb6b9dd818c9cd33a" member_type: VOTER last_known_addr { host: "127.0.89.193" port: 32791 } }
I0521 22:29:42.620246 2052 raft_consensus.cc:382] T bc3c2ebc310c49ef900e7e605859dca0 P 4b7b9aa33cb9488eb6b9dd818c9cd33a [term 0 FOLLOWER]: Only one voter in the Raft config. Triggering election immediately
I0521 22:29:42.620491 2052 raft_consensus.cc:478] T bc3c2ebc310c49ef900e7e605859dca0 P 4b7b9aa33cb9488eb6b9dd818c9cd33a [term 0 FOLLOWER]: Starting leader election (initial election of a single-replica configuration)
I0521 22:29:42.620764 2052 raft_consensus.cc:2975] T bc3c2ebc310c49ef900e7e605859dca0 P 4b7b9aa33cb9488eb6b9dd818c9cd33a [term 0 FOLLOWER]: Advancing to term 1
I0521 22:29:42.624641 2052 raft_consensus.cc:500] T bc3c2ebc310c49ef900e7e605859dca0 P 4b7b9aa33cb9488eb6b9dd818c9cd33a [term 1 FOLLOWER]: Starting leader election with config: opid_index: -1 OBSOLETE_local: true peers { permanent_uuid: "4b7b9aa33cb9488eb6b9dd818c9cd33a" member_type: VOTER last_known_addr { host: "127.0.89.193" port: 32791 } }
I0521 22:29:42.625085 2052 leader_election.cc:302] T bc3c2ebc310c49ef900e7e605859dca0 P 4b7b9aa33cb9488eb6b9dd818c9cd33a [CANDIDATE]: Term 1 election: Election decided. Result: candidate won. Election summary: received 1 responses out of 1 voters: 1 yes votes; 0 no votes. yes voters: 4b7b9aa33cb9488eb6b9dd818c9cd33a; no voters:
I0521 22:29:42.625447 2052 leader_election.cc:288] T bc3c2ebc310c49ef900e7e605859dca0 P 4b7b9aa33cb9488eb6b9dd818c9cd33a [CANDIDATE]: Term 1 election: Requested vote from peers
I0521 22:29:42.625591 2056 raft_consensus.cc:2721] T bc3c2ebc310c49ef900e7e605859dca0 P 4b7b9aa33cb9488eb6b9dd818c9cd33a [term 1 FOLLOWER]: Leader election won for term 1
I0521 22:29:42.625950 2056 raft_consensus.cc:683] T bc3c2ebc310c49ef900e7e605859dca0 P 4b7b9aa33cb9488eb6b9dd818c9cd33a [term 1 LEADER]: Becoming Leader. State: Replica: 4b7b9aa33cb9488eb6b9dd818c9cd33a, State: Running, Role: LEADER
I0521 22:29:42.626498 2056 consensus_queue.cc:227] T bc3c2ebc310c49ef900e7e605859dca0 P 4b7b9aa33cb9488eb6b9dd818c9cd33a [LEADER]: Queue going to LEADER mode. State: All replicated index: 0, Majority replicated index: 0, Committed index: 0, Last appended: 0.0, Last appended by leader: 0, Current term: 1, Majority size: 1, State: 0, Mode: LEADER, active raft config: opid_index: -1 OBSOLETE_local: true peers { permanent_uuid: "4b7b9aa33cb9488eb6b9dd818c9cd33a" member_type: VOTER last_known_addr { host: "127.0.89.193" port: 32791 } }
I0521 22:29:42.627033 2052 ts_tablet_manager.cc:1144] T bc3c2ebc310c49ef900e7e605859dca0 P 4b7b9aa33cb9488eb6b9dd818c9cd33a: Time spent starting tablet: real 0.010s user 0.010s sys 0.000s
I0521 22:29:42.627643 2052 tablet_bootstrap.cc:440] T 242fc29f3e354eb093742447e66cfdf3 P 4b7b9aa33cb9488eb6b9dd818c9cd33a: Bootstrap starting.
I0521 22:29:42.630890 2052 tablet_bootstrap.cc:596] T 242fc29f3e354eb093742447e66cfdf3 P 4b7b9aa33cb9488eb6b9dd818c9cd33a: No blocks or log segments found. Creating new log.
I0521 22:29:42.636127 2052 tablet_bootstrap.cc:440] T 242fc29f3e354eb093742447e66cfdf3 P 4b7b9aa33cb9488eb6b9dd818c9cd33a: No bootstrap required, opened a new log
I0521 22:29:42.636528 2052 ts_tablet_manager.cc:1115] T 242fc29f3e354eb093742447e66cfdf3 P 4b7b9aa33cb9488eb6b9dd818c9cd33a: Time spent bootstrapping tablet: real 0.009s user 0.008s sys 0.000s
I0521 22:29:42.636642 1859 catalog_manager.cc:4202] T bc3c2ebc310c49ef900e7e605859dca0 P 4b7b9aa33cb9488eb6b9dd818c9cd33a reported cstate change: term changed from 0 to 1, leader changed from to 4b7b9aa33cb9488eb6b9dd818c9cd33a (127.0.89.193). New cstate: current_term: 1 leader_uuid: "4b7b9aa33cb9488eb6b9dd818c9cd33a" committed_config { opid_index: -1 OBSOLETE_local: true peers { permanent_uuid: "4b7b9aa33cb9488eb6b9dd818c9cd33a" member_type: VOTER last_known_addr { host: "127.0.89.193" port: 32791 } health_report { overall_health: HEALTHY } } }
I0521 22:29:42.638731 2052 raft_consensus.cc:342] T 242fc29f3e354eb093742447e66cfdf3 P 4b7b9aa33cb9488eb6b9dd818c9cd33a [term 0 FOLLOWER]: Replica starting. Triggering 0 pending ops. Active config: opid_index: -1 OBSOLETE_local: true peers { permanent_uuid: "4b7b9aa33cb9488eb6b9dd818c9cd33a" member_type: VOTER last_known_addr { host: "127.0.89.193" port: 32791 } }
I0521 22:29:42.639328 2052 raft_consensus.cc:368] T 242fc29f3e354eb093742447e66cfdf3 P 4b7b9aa33cb9488eb6b9dd818c9cd33a [term 0 FOLLOWER]: Consensus starting up: Expiring failure detector timer to make a prompt election more likely
I0521 22:29:42.639546 2052 raft_consensus.cc:722] T 242fc29f3e354eb093742447e66cfdf3 P 4b7b9aa33cb9488eb6b9dd818c9cd33a [term 0 FOLLOWER]: Becoming Follower/Learner. State: Replica: 4b7b9aa33cb9488eb6b9dd818c9cd33a, State: Initialized, Role: FOLLOWER
I0521 22:29:42.640172 2052 consensus_queue.cc:250] T 242fc29f3e354eb093742447e66cfdf3 P 4b7b9aa33cb9488eb6b9dd818c9cd33a [NON_LEADER]: Queue going to NON_LEADER mode. State: All replicated index: 0, Majority replicated index: 0, Committed index: 0, Last appended: 0.0, Last appended by leader: 0, Current term: 0, Majority size: -1, State: 0, Mode: NON_LEADER, active raft config: opid_index: -1 OBSOLETE_local: true peers { permanent_uuid: "4b7b9aa33cb9488eb6b9dd818c9cd33a" member_type: VOTER last_known_addr { host: "127.0.89.193" port: 32791 } }
I0521 22:29:42.640724 2052 raft_consensus.cc:382] T 242fc29f3e354eb093742447e66cfdf3 P 4b7b9aa33cb9488eb6b9dd818c9cd33a [term 0 FOLLOWER]: Only one voter in the Raft config. Triggering election immediately
I0521 22:29:42.640969 2052 raft_consensus.cc:478] T 242fc29f3e354eb093742447e66cfdf3 P 4b7b9aa33cb9488eb6b9dd818c9cd33a [term 0 FOLLOWER]: Starting leader election (initial election of a single-replica configuration)
I0521 22:29:42.641268 2052 raft_consensus.cc:2975] T 242fc29f3e354eb093742447e66cfdf3 P 4b7b9aa33cb9488eb6b9dd818c9cd33a [term 0 FOLLOWER]: Advancing to term 1
I0521 22:29:42.646073 2052 raft_consensus.cc:500] T 242fc29f3e354eb093742447e66cfdf3 P 4b7b9aa33cb9488eb6b9dd818c9cd33a [term 1 FOLLOWER]: Starting leader election with config: opid_index: -1 OBSOLETE_local: true peers { permanent_uuid: "4b7b9aa33cb9488eb6b9dd818c9cd33a" member_type: VOTER last_known_addr { host: "127.0.89.193" port: 32791 } }
I0521 22:29:42.646672 2052 leader_election.cc:302] T 242fc29f3e354eb093742447e66cfdf3 P 4b7b9aa33cb9488eb6b9dd818c9cd33a [CANDIDATE]: Term 1 election: Election decided. Result: candidate won. Election summary: received 1 responses out of 1 voters: 1 yes votes; 0 no votes. yes voters: 4b7b9aa33cb9488eb6b9dd818c9cd33a; no voters:
I0521 22:29:42.647157 2052 leader_election.cc:288] T 242fc29f3e354eb093742447e66cfdf3 P 4b7b9aa33cb9488eb6b9dd818c9cd33a [CANDIDATE]: Term 1 election: Requested vote from peers
I0521 22:29:42.647248 2056 raft_consensus.cc:2721] T 242fc29f3e354eb093742447e66cfdf3 P 4b7b9aa33cb9488eb6b9dd818c9cd33a [term 1 FOLLOWER]: Leader election won for term 1
I0521 22:29:42.647903 2056 raft_consensus.cc:683] T 242fc29f3e354eb093742447e66cfdf3 P 4b7b9aa33cb9488eb6b9dd818c9cd33a [term 1 LEADER]: Becoming Leader. State: Replica: 4b7b9aa33cb9488eb6b9dd818c9cd33a, State: Running, Role: LEADER
I0521 22:29:42.648461 2052 ts_tablet_manager.cc:1144] T 242fc29f3e354eb093742447e66cfdf3 P 4b7b9aa33cb9488eb6b9dd818c9cd33a: Time spent starting tablet: real 0.012s user 0.011s sys 0.000s
I0521 22:29:42.648468 2056 consensus_queue.cc:227] T 242fc29f3e354eb093742447e66cfdf3 P 4b7b9aa33cb9488eb6b9dd818c9cd33a [LEADER]: Queue going to LEADER mode. State: All replicated index: 0, Majority replicated index: 0, Committed index: 0, Last appended: 0.0, Last appended by leader: 0, Current term: 1, Majority size: 1, State: 0, Mode: LEADER, active raft config: opid_index: -1 OBSOLETE_local: true peers { permanent_uuid: "4b7b9aa33cb9488eb6b9dd818c9cd33a" member_type: VOTER last_known_addr { host: "127.0.89.193" port: 32791 } }
I0521 22:29:42.653867 1859 catalog_manager.cc:4202] T 242fc29f3e354eb093742447e66cfdf3 P 4b7b9aa33cb9488eb6b9dd818c9cd33a reported cstate change: term changed from 0 to 1, leader changed from to 4b7b9aa33cb9488eb6b9dd818c9cd33a (127.0.89.193). New cstate: current_term: 1 leader_uuid: "4b7b9aa33cb9488eb6b9dd818c9cd33a" committed_config { opid_index: -1 OBSOLETE_local: true peers { permanent_uuid: "4b7b9aa33cb9488eb6b9dd818c9cd33a" member_type: VOTER last_known_addr { host: "127.0.89.193" port: 32791 } health_report { overall_health: HEALTHY } } }
I0521 22:29:43.273299 1855 catalog_manager.cc:1999] Servicing DeleteTable request from {username='slave'} at 127.0.0.1:37262: table { table_name: "default.loadgen_auto_a520b38651484728b239941c5a736af0" } modify_external_catalogs: true
I0521 22:29:43.286136 1855 catalog_manager.cc:4473] T 00000000000000000000000000000000 P 094a180260dd4f009e2ab26992767d87: Sending DeleteTablet for 1 replicas of tablet 12f4f5220d084576815ce1c5a257f08f
I0521 22:29:43.286729 1855 catalog_manager.cc:4473] T 00000000000000000000000000000000 P 094a180260dd4f009e2ab26992767d87: Sending DeleteTablet for 1 replicas of tablet 5fd1558bc9954796ab33160f32dadb09
I0521 22:29:43.287240 1855 catalog_manager.cc:4473] T 00000000000000000000000000000000 P 094a180260dd4f009e2ab26992767d87: Sending DeleteTablet for 1 replicas of tablet 4542efb30bcd49ed9129c50322c2a46f
I0521 22:29:43.287766 1957 tablet_service.cc:1276] Processing DeleteTablet for tablet 12f4f5220d084576815ce1c5a257f08f with delete_type TABLET_DATA_DELETED (Table deleted at 2020-05-21 22:29:43 UTC) from {username='slave'} at 127.0.0.1:37860
I0521 22:29:43.288168 1961 tablet_service.cc:1276] Processing DeleteTablet for tablet 5fd1558bc9954796ab33160f32dadb09 with delete_type TABLET_DATA_DELETED (Table deleted at 2020-05-21 22:29:43 UTC) from {username='slave'} at 127.0.0.1:37860
I0521 22:29:43.288301 1855 catalog_manager.cc:4473] T 00000000000000000000000000000000 P 094a180260dd4f009e2ab26992767d87: Sending DeleteTablet for 1 replicas of tablet 83aa2bf8513e451f8306740264a3803d
I0521 22:29:43.288756 1963 tablet_service.cc:1276] Processing DeleteTablet for tablet 4542efb30bcd49ed9129c50322c2a46f with delete_type TABLET_DATA_DELETED (Table deleted at 2020-05-21 22:29:43 UTC) from {username='slave'} at 127.0.0.1:37860
I0521 22:29:43.288897 1855 catalog_manager.cc:4473] T 00000000000000000000000000000000 P 094a180260dd4f009e2ab26992767d87: Sending DeleteTablet for 1 replicas of tablet 848b408ab3f442b89a009e896bedfa42
I0521 22:29:43.289826 1855 catalog_manager.cc:4473] T 00000000000000000000000000000000 P 094a180260dd4f009e2ab26992767d87: Sending DeleteTablet for 1 replicas of tablet 01ddf7bac38243399df51c3c834e5d11
I0521 22:29:43.289988 1957 tablet_service.cc:1276] Processing DeleteTablet for tablet 83aa2bf8513e451f8306740264a3803d with delete_type TABLET_DATA_DELETED (Table deleted at 2020-05-21 22:29:43 UTC) from {username='slave'} at 127.0.0.1:37860
I0521 22:29:43.290228 2092 tablet_replica.cc:277] T 12f4f5220d084576815ce1c5a257f08f P 4b7b9aa33cb9488eb6b9dd818c9cd33a: stopping tablet replica
I0521 22:29:43.290376 1963 tablet_service.cc:1276] Processing DeleteTablet for tablet 848b408ab3f442b89a009e896bedfa42 with delete_type TABLET_DATA_DELETED (Table deleted at 2020-05-21 22:29:43 UTC) from {username='slave'} at 127.0.0.1:37860
I0521 22:29:43.290824 1855 catalog_manager.cc:4473] T 00000000000000000000000000000000 P 094a180260dd4f009e2ab26992767d87: Sending DeleteTablet for 1 replicas of tablet bc3c2ebc310c49ef900e7e605859dca0
I0521 22:29:43.291110 2092 raft_consensus.cc:2186] T 12f4f5220d084576815ce1c5a257f08f P 4b7b9aa33cb9488eb6b9dd818c9cd33a [term 1 LEADER]: Raft consensus shutting down.
I0521 22:29:43.291149 1963 tablet_service.cc:1276] Processing DeleteTablet for tablet 01ddf7bac38243399df51c3c834e5d11 with delete_type TABLET_DATA_DELETED (Table deleted at 2020-05-21 22:29:43 UTC) from {username='slave'} at 127.0.0.1:37860
I0521 22:29:43.291790 2092 raft_consensus.cc:2213] T 12f4f5220d084576815ce1c5a257f08f P 4b7b9aa33cb9488eb6b9dd818c9cd33a [term 1 FOLLOWER]: Raft consensus is shut down!
I0521 22:29:43.291857 1855 catalog_manager.cc:4473] T 00000000000000000000000000000000 P 094a180260dd4f009e2ab26992767d87: Sending DeleteTablet for 1 replicas of tablet 242fc29f3e354eb093742447e66cfdf3
I0521 22:29:43.292165 1963 tablet_service.cc:1276] Processing DeleteTablet for tablet bc3c2ebc310c49ef900e7e605859dca0 with delete_type TABLET_DATA_DELETED (Table deleted at 2020-05-21 22:29:43 UTC) from {username='slave'} at 127.0.0.1:37860
I0521 22:29:43.293295 1963 tablet_service.cc:1276] Processing DeleteTablet for tablet 242fc29f3e354eb093742447e66cfdf3 with delete_type TABLET_DATA_DELETED (Table deleted at 2020-05-21 22:29:43 UTC) from {username='slave'} at 127.0.0.1:37860
I0521 22:29:43.295481 2092 ts_tablet_manager.cc:1476] T 12f4f5220d084576815ce1c5a257f08f P 4b7b9aa33cb9488eb6b9dd818c9cd33a: Deleting tablet data with delete state TABLET_DATA_DELETED
I0521 22:29:43.306275 2092 ts_tablet_manager.cc:1489] T 12f4f5220d084576815ce1c5a257f08f P 4b7b9aa33cb9488eb6b9dd818c9cd33a: tablet deleted with delete type TABLET_DATA_DELETED: last-logged OpId 1.3
I0521 22:29:43.306576 2092 log.cc:1189] T 12f4f5220d084576815ce1c5a257f08f P 4b7b9aa33cb9488eb6b9dd818c9cd33a: Deleting WAL directory at /tmp/dist-test-taskopyat3/test-tmp/kudu-tool-test.2.ToolTest.TestLoadgenHmsEnabled.1590100104622499-359/minicluster-data/ts-0/wal/wals/12f4f5220d084576815ce1c5a257f08f
I0521 22:29:43.307288 2092 ts_tablet_manager.cc:1510] T 12f4f5220d084576815ce1c5a257f08f P 4b7b9aa33cb9488eb6b9dd818c9cd33a: Deleting consensus metadata
I0521 22:29:43.310225 2092 tablet_replica.cc:277] T 5fd1558bc9954796ab33160f32dadb09 P 4b7b9aa33cb9488eb6b9dd818c9cd33a: stopping tablet replica
I0521 22:29:43.310336 1840 catalog_manager.cc:3571] TS 4b7b9aa33cb9488eb6b9dd818c9cd33a (127.0.89.193:32791): tablet 12f4f5220d084576815ce1c5a257f08f (table default.loadgen_auto_a520b38651484728b239941c5a736af0 [id=d92e77f7e37841b99de0404d164a96f0]) successfully deleted
I0521 22:29:43.310993 2092 raft_consensus.cc:2186] T 5fd1558bc9954796ab33160f32dadb09 P 4b7b9aa33cb9488eb6b9dd818c9cd33a [term 1 LEADER]: Raft consensus shutting down.
I0521 22:29:43.311376 2092 raft_consensus.cc:2213] T 5fd1558bc9954796ab33160f32dadb09 P 4b7b9aa33cb9488eb6b9dd818c9cd33a [term 1 FOLLOWER]: Raft consensus is shut down!
I0521 22:29:43.314545 2092 ts_tablet_manager.cc:1476] T 5fd1558bc9954796ab33160f32dadb09 P 4b7b9aa33cb9488eb6b9dd818c9cd33a: Deleting tablet data with delete state TABLET_DATA_DELETED
I0521 22:29:43.324751 2092 ts_tablet_manager.cc:1489] T 5fd1558bc9954796ab33160f32dadb09 P 4b7b9aa33cb9488eb6b9dd818c9cd33a: tablet deleted with delete type TABLET_DATA_DELETED: last-logged OpId 1.3
I0521 22:29:43.325019 2092 log.cc:1189] T 5fd1558bc9954796ab33160f32dadb09 P 4b7b9aa33cb9488eb6b9dd818c9cd33a: Deleting WAL directory at /tmp/dist-test-taskopyat3/test-tmp/kudu-tool-test.2.ToolTest.TestLoadgenHmsEnabled.1590100104622499-359/minicluster-data/ts-0/wal/wals/5fd1558bc9954796ab33160f32dadb09
I0521 22:29:43.325654 2092 ts_tablet_manager.cc:1510] T 5fd1558bc9954796ab33160f32dadb09 P 4b7b9aa33cb9488eb6b9dd818c9cd33a: Deleting consensus metadata
I0521 22:29:43.328907 2092 tablet_replica.cc:277] T 4542efb30bcd49ed9129c50322c2a46f P 4b7b9aa33cb9488eb6b9dd818c9cd33a: stopping tablet replica
I0521 22:29:43.329003 1840 catalog_manager.cc:3571] TS 4b7b9aa33cb9488eb6b9dd818c9cd33a (127.0.89.193:32791): tablet 5fd1558bc9954796ab33160f32dadb09 (table default.loadgen_auto_a520b38651484728b239941c5a736af0 [id=d92e77f7e37841b99de0404d164a96f0]) successfully deleted
I0521 22:29:43.329564 2092 raft_consensus.cc:2186] T 4542efb30bcd49ed9129c50322c2a46f P 4b7b9aa33cb9488eb6b9dd818c9cd33a [term 1 LEADER]: Raft consensus shutting down.
I0521 22:29:43.329913 2092 raft_consensus.cc:2213] T 4542efb30bcd49ed9129c50322c2a46f P 4b7b9aa33cb9488eb6b9dd818c9cd33a [term 1 FOLLOWER]: Raft consensus is shut down!
I0521 22:29:43.332864 2092 ts_tablet_manager.cc:1476] T 4542efb30bcd49ed9129c50322c2a46f P 4b7b9aa33cb9488eb6b9dd818c9cd33a: Deleting tablet data with delete state TABLET_DATA_DELETED
I0521 22:29:43.343120 2092 ts_tablet_manager.cc:1489] T 4542efb30bcd49ed9129c50322c2a46f P 4b7b9aa33cb9488eb6b9dd818c9cd33a: tablet deleted with delete type TABLET_DATA_DELETED: last-logged OpId 1.3
I0521 22:29:43.343413 2092 log.cc:1189] T 4542efb30bcd49ed9129c50322c2a46f P 4b7b9aa33cb9488eb6b9dd818c9cd33a: Deleting WAL directory at /tmp/dist-test-taskopyat3/test-tmp/kudu-tool-test.2.ToolTest.TestLoadgenHmsEnabled.1590100104622499-359/minicluster-data/ts-0/wal/wals/4542efb30bcd49ed9129c50322c2a46f
I0521 22:29:43.344097 2092 ts_tablet_manager.cc:1510] T 4542efb30bcd49ed9129c50322c2a46f P 4b7b9aa33cb9488eb6b9dd818c9cd33a: Deleting consensus metadata
I0521 22:29:43.346544 2092 tablet_replica.cc:277] T 83aa2bf8513e451f8306740264a3803d P 4b7b9aa33cb9488eb6b9dd818c9cd33a: stopping tablet replica
I0521 22:29:43.346575 1840 catalog_manager.cc:3571] TS 4b7b9aa33cb9488eb6b9dd818c9cd33a (127.0.89.193:32791): tablet 4542efb30bcd49ed9129c50322c2a46f (table default.loadgen_auto_a520b38651484728b239941c5a736af0 [id=d92e77f7e37841b99de0404d164a96f0]) successfully deleted
I0521 22:29:43.347185 2092 raft_consensus.cc:2186] T 83aa2bf8513e451f8306740264a3803d P 4b7b9aa33cb9488eb6b9dd818c9cd33a [term 1 LEADER]: Raft consensus shutting down.
I0521 22:29:43.347541 2092 raft_consensus.cc:2213] T 83aa2bf8513e451f8306740264a3803d P 4b7b9aa33cb9488eb6b9dd818c9cd33a [term 1 FOLLOWER]: Raft consensus is shut down!
I0521 22:29:43.350500 2092 ts_tablet_manager.cc:1476] T 83aa2bf8513e451f8306740264a3803d P 4b7b9aa33cb9488eb6b9dd818c9cd33a: Deleting tablet data with delete state TABLET_DATA_DELETED
I0521 22:29:43.360627 2092 ts_tablet_manager.cc:1489] T 83aa2bf8513e451f8306740264a3803d P 4b7b9aa33cb9488eb6b9dd818c9cd33a: tablet deleted with delete type TABLET_DATA_DELETED: last-logged OpId 1.3
I0521 22:29:43.360922 2092 log.cc:1189] T 83aa2bf8513e451f8306740264a3803d P 4b7b9aa33cb9488eb6b9dd818c9cd33a: Deleting WAL directory at /tmp/dist-test-taskopyat3/test-tmp/kudu-tool-test.2.ToolTest.TestLoadgenHmsEnabled.1590100104622499-359/minicluster-data/ts-0/wal/wals/83aa2bf8513e451f8306740264a3803d
I0521 22:29:43.361570 2092 ts_tablet_manager.cc:1510] T 83aa2bf8513e451f8306740264a3803d P 4b7b9aa33cb9488eb6b9dd818c9cd33a: Deleting consensus metadata
I0521 22:29:43.363881 2092 tablet_replica.cc:277] T 848b408ab3f442b89a009e896bedfa42 P 4b7b9aa33cb9488eb6b9dd818c9cd33a: stopping tablet replica
I0521 22:29:43.363937 1840 catalog_manager.cc:3571] TS 4b7b9aa33cb9488eb6b9dd818c9cd33a (127.0.89.193:32791): tablet 83aa2bf8513e451f8306740264a3803d (table default.loadgen_auto_a520b38651484728b239941c5a736af0 [id=d92e77f7e37841b99de0404d164a96f0]) successfully deleted
I0521 22:29:43.364549 2092 raft_consensus.cc:2186] T 848b408ab3f442b89a009e896bedfa42 P 4b7b9aa33cb9488eb6b9dd818c9cd33a [term 1 LEADER]: Raft consensus shutting down.
I0521 22:29:43.364899 2092 raft_consensus.cc:2213] T 848b408ab3f442b89a009e896bedfa42 P 4b7b9aa33cb9488eb6b9dd818c9cd33a [term 1 FOLLOWER]: Raft consensus is shut down!
I0521 22:29:43.367827 2092 ts_tablet_manager.cc:1476] T 848b408ab3f442b89a009e896bedfa42 P 4b7b9aa33cb9488eb6b9dd818c9cd33a: Deleting tablet data with delete state TABLET_DATA_DELETED
I0521 22:29:43.377085 2092 ts_tablet_manager.cc:1489] T 848b408ab3f442b89a009e896bedfa42 P 4b7b9aa33cb9488eb6b9dd818c9cd33a: tablet deleted with delete type TABLET_DATA_DELETED: last-logged OpId 1.3
I0521 22:29:43.377285 2092 log.cc:1189] T 848b408ab3f442b89a009e896bedfa42 P 4b7b9aa33cb9488eb6b9dd818c9cd33a: Deleting WAL directory at /tmp/dist-test-taskopyat3/test-tmp/kudu-tool-test.2.ToolTest.TestLoadgenHmsEnabled.1590100104622499-359/minicluster-data/ts-0/wal/wals/848b408ab3f442b89a009e896bedfa42
I0521 22:29:43.377779 2092 ts_tablet_manager.cc:1510] T 848b408ab3f442b89a009e896bedfa42 P 4b7b9aa33cb9488eb6b9dd818c9cd33a: Deleting consensus metadata
I0521 22:29:43.379559 2092 tablet_replica.cc:277] T 01ddf7bac38243399df51c3c834e5d11 P 4b7b9aa33cb9488eb6b9dd818c9cd33a: stopping tablet replica
I0521 22:29:43.379622 1840 catalog_manager.cc:3571] TS 4b7b9aa33cb9488eb6b9dd818c9cd33a (127.0.89.193:32791): tablet 848b408ab3f442b89a009e896bedfa42 (table default.loadgen_auto_a520b38651484728b239941c5a736af0 [id=d92e77f7e37841b99de0404d164a96f0]) successfully deleted
I0521 22:29:43.380051 2092 raft_consensus.cc:2186] T 01ddf7bac38243399df51c3c834e5d11 P 4b7b9aa33cb9488eb6b9dd818c9cd33a [term 1 LEADER]: Raft consensus shutting down.
I0521 22:29:43.380345 2092 raft_consensus.cc:2213] T 01ddf7bac38243399df51c3c834e5d11 P 4b7b9aa33cb9488eb6b9dd818c9cd33a [term 1 FOLLOWER]: Raft consensus is shut down!
I0521 22:29:43.382916 2092 ts_tablet_manager.cc:1476] T 01ddf7bac38243399df51c3c834e5d11 P 4b7b9aa33cb9488eb6b9dd818c9cd33a: Deleting tablet data with delete state TABLET_DATA_DELETED
I0521 22:29:43.389499 2092 ts_tablet_manager.cc:1489] T 01ddf7bac38243399df51c3c834e5d11 P 4b7b9aa33cb9488eb6b9dd818c9cd33a: tablet deleted with delete type TABLET_DATA_DELETED: last-logged OpId 1.3
I0521 22:29:43.389731 2092 log.cc:1189] T 01ddf7bac38243399df51c3c834e5d11 P 4b7b9aa33cb9488eb6b9dd818c9cd33a: Deleting WAL directory at /tmp/dist-test-taskopyat3/test-tmp/kudu-tool-test.2.ToolTest.TestLoadgenHmsEnabled.1590100104622499-359/minicluster-data/ts-0/wal/wals/01ddf7bac38243399df51c3c834e5d11
I0521 22:29:43.390228 2092 ts_tablet_manager.cc:1510] T 01ddf7bac38243399df51c3c834e5d11 P 4b7b9aa33cb9488eb6b9dd818c9cd33a: Deleting consensus metadata
I0521 22:29:43.391983 2092 tablet_replica.cc:277] T bc3c2ebc310c49ef900e7e605859dca0 P 4b7b9aa33cb9488eb6b9dd818c9cd33a: stopping tablet replica
I0521 22:29:43.392158 1840 catalog_manager.cc:3571] TS 4b7b9aa33cb9488eb6b9dd818c9cd33a (127.0.89.193:32791): tablet 01ddf7bac38243399df51c3c834e5d11 (table default.loadgen_auto_a520b38651484728b239941c5a736af0 [id=d92e77f7e37841b99de0404d164a96f0]) successfully deleted
I0521 22:29:43.392489 2092 raft_consensus.cc:2186] T bc3c2ebc310c49ef900e7e605859dca0 P 4b7b9aa33cb9488eb6b9dd818c9cd33a [term 1 LEADER]: Raft consensus shutting down.
I0521 22:29:43.392771 2092 raft_consensus.cc:2213] T bc3c2ebc310c49ef900e7e605859dca0 P 4b7b9aa33cb9488eb6b9dd818c9cd33a [term 1 FOLLOWER]: Raft consensus is shut down!
I0521 22:29:43.394943 2092 ts_tablet_manager.cc:1476] T bc3c2ebc310c49ef900e7e605859dca0 P 4b7b9aa33cb9488eb6b9dd818c9cd33a: Deleting tablet data with delete state TABLET_DATA_DELETED
I0521 22:29:43.401453 2092 ts_tablet_manager.cc:1489] T bc3c2ebc310c49ef900e7e605859dca0 P 4b7b9aa33cb9488eb6b9dd818c9cd33a: tablet deleted with delete type TABLET_DATA_DELETED: last-logged OpId 1.3
I0521 22:29:43.401661 2092 log.cc:1189] T bc3c2ebc310c49ef900e7e605859dca0 P 4b7b9aa33cb9488eb6b9dd818c9cd33a: Deleting WAL directory at /tmp/dist-test-taskopyat3/test-tmp/kudu-tool-test.2.ToolTest.TestLoadgenHmsEnabled.1590100104622499-359/minicluster-data/ts-0/wal/wals/bc3c2ebc310c49ef900e7e605859dca0
I0521 22:29:43.402168 2092 ts_tablet_manager.cc:1510] T bc3c2ebc310c49ef900e7e605859dca0 P 4b7b9aa33cb9488eb6b9dd818c9cd33a: Deleting consensus metadata
I0521 22:29:43.403844 2092 tablet_replica.cc:277] T 242fc29f3e354eb093742447e66cfdf3 P 4b7b9aa33cb9488eb6b9dd818c9cd33a: stopping tablet replica
I0521 22:29:43.403956 1840 catalog_manager.cc:3571] TS 4b7b9aa33cb9488eb6b9dd818c9cd33a (127.0.89.193:32791): tablet bc3c2ebc310c49ef900e7e605859dca0 (table default.loadgen_auto_a520b38651484728b239941c5a736af0 [id=d92e77f7e37841b99de0404d164a96f0]) successfully deleted
I0521 22:29:43.404326 2092 raft_consensus.cc:2186] T 242fc29f3e354eb093742447e66cfdf3 P 4b7b9aa33cb9488eb6b9dd818c9cd33a [term 1 LEADER]: Raft consensus shutting down.
I0521 22:29:43.404619 2092 raft_consensus.cc:2213] T 242fc29f3e354eb093742447e66cfdf3 P 4b7b9aa33cb9488eb6b9dd818c9cd33a [term 1 FOLLOWER]: Raft consensus is shut down!
I0521 22:29:43.406841 2092 ts_tablet_manager.cc:1476] T 242fc29f3e354eb093742447e66cfdf3 P 4b7b9aa33cb9488eb6b9dd818c9cd33a: Deleting tablet data with delete state TABLET_DATA_DELETED
I0521 22:29:43.413287 2092 ts_tablet_manager.cc:1489] T 242fc29f3e354eb093742447e66cfdf3 P 4b7b9aa33cb9488eb6b9dd818c9cd33a: tablet deleted with delete type TABLET_DATA_DELETED: last-logged OpId 1.3
I0521 22:29:43.413507 2092 log.cc:1189] T 242fc29f3e354eb093742447e66cfdf3 P 4b7b9aa33cb9488eb6b9dd818c9cd33a: Deleting WAL directory at /tmp/dist-test-taskopyat3/test-tmp/kudu-tool-test.2.ToolTest.TestLoadgenHmsEnabled.1590100104622499-359/minicluster-data/ts-0/wal/wals/242fc29f3e354eb093742447e66cfdf3
I0521 22:29:43.414026 2092 ts_tablet_manager.cc:1510] T 242fc29f3e354eb093742447e66cfdf3 P 4b7b9aa33cb9488eb6b9dd818c9cd33a: Deleting consensus metadata
I0521 22:29:43.415879 1840 catalog_manager.cc:3571] TS 4b7b9aa33cb9488eb6b9dd818c9cd33a (127.0.89.193:32791): tablet 242fc29f3e354eb093742447e66cfdf3 (table default.loadgen_auto_a520b38651484728b239941c5a736af0 [id=d92e77f7e37841b99de0404d164a96f0]) successfully deleted
I0521 22:29:44.319471 359 external_mini_cluster.cc:1234] Killing /tmp/dist-test-taskopyat3/build/tsan/bin/kudu-tserver with pid 1894
I0521 22:29:44.344019 359 external_mini_cluster.cc:1234] Killing /tmp/dist-test-taskopyat3/build/tsan/bin/kudu-master with pid 1831 Shutting down hive metastore. 2020-05-21T22:29:44Z chronyd exiting [ OK ] ToolTest.TestLoadgenHmsEnabled (22569 ms) [ RUN ] ToolTest.TestPerfTabletScan 2020-05-21T22:29:44Z chronyd version 3.5 starting (+CMDMON +NTP +REFCLOCK +RTC -PRIVDROP -SCFILTER -SIGND +ASYNCDNS -SECHASH -IPV6 +DEBUG) 2020-05-21T22:29:44Z Disabled control of system clock
I0521 22:29:44.777721 359 external_mini_cluster.cc:1016] Running /tmp/dist-test-taskopyat3/build/tsan/bin/kudu-master /tmp/dist-test-taskopyat3/build/tsan/bin/kudu-master --fs_wal_dir=/tmp/dist-test-taskopyat3/test-tmp/kudu-tool-test.2.ToolTest.TestPerfTabletScan.1590100104622499-359/minicluster-data/master-0/wal --fs_data_dirs=/tmp/dist-test-taskopyat3/test-tmp/kudu-tool-test.2.ToolTest.TestPerfTabletScan.1590100104622499-359/minicluster-data/master-0/data --block_manager=log --webserver_interface=localhost --never_fsync --ipki_server_key_size=768 --openssl_security_level_override=0 --enable_minidumps=false --redact=none --metrics_log_interval_ms=1000 --log_dir=/tmp/dist-test-taskopyat3/test-tmp/kudu-tool-test.2.ToolTest.TestPerfTabletScan.1590100104622499-359/minicluster-data/master-0/logs --server_dump_info_path=/tmp/dist-test-taskopyat3/test-tmp/kudu-tool-test.2.ToolTest.TestPerfTabletScan.1590100104622499-359/minicluster-data/master-0/data/info.pb --server_dump_info_format=pb --rpc_server_allow_ephemeral_ports --unlock_experimental_flags --unlock_unsafe_flags --logtostderr --logbuflevel=-1 --ipki_ca_key_size=768 --tsk_num_rsa_bits=512 --rpc_bind_addresses=127.0.89.254:46765 --webserver_interface=127.0.89.254 --webserver_port=0 --builtin_ntp_servers=127.0.89.212:42971 --builtin_ntp_poll_interval_ms=100 --ntp_initial_sync_wait_secs=10 --time_source=builtin --rpc_reuseport=true with env {} WARNING: Logging before InitGoogleLogging() is written to STDERR
W0521 22:29:44.926046 2100 flags.cc:403] Enabled unsafe flag: --openssl_security_level_override=0
W0521 22:29:44.926600 2100 flags.cc:403] Enabled unsafe flag: --rpc_server_allow_ephemeral_ports=true
W0521 22:29:44.927116 2100 flags.cc:403] Enabled unsafe flag: --never_fsync=true
W0521 22:29:44.939999 2100 flags.cc:403] Enabled experimental flag: --ipki_ca_key_size=768
W0521 22:29:44.940264 2100 flags.cc:403] Enabled experimental flag: --ipki_server_key_size=768
W0521 22:29:44.940507 2100 flags.cc:403] Enabled experimental flag: --tsk_num_rsa_bits=512
W0521 22:29:44.940730 2100 flags.cc:403] Enabled experimental flag: --rpc_reuseport=true
I0521 22:29:44.959209 2100 master_runner.cc:93] Master server non-default flags: --builtin_ntp_poll_interval_ms=100 --builtin_ntp_servers=127.0.89.212:42971 --ntp_initial_sync_wait_secs=10 --time_source=builtin --fs_data_dirs=/tmp/dist-test-taskopyat3/test-tmp/kudu-tool-test.2.ToolTest.TestPerfTabletScan.1590100104622499-359/minicluster-data/master-0/data --fs_wal_dir=/tmp/dist-test-taskopyat3/test-tmp/kudu-tool-test.2.ToolTest.TestPerfTabletScan.1590100104622499-359/minicluster-data/master-0/wal --ipki_ca_key_size=768 --ipki_server_key_size=768 --openssl_security_level_override=0 --tsk_num_rsa_bits=512 --rpc_bind_addresses=127.0.89.254:46765 --rpc_reuseport=true --rpc_server_allow_ephemeral_ports=true --metrics_log_interval_ms=1000 --server_dump_info_format=pb --server_dump_info_path=/tmp/dist-test-taskopyat3/test-tmp/kudu-tool-test.2.ToolTest.TestPerfTabletScan.1590100104622499-359/minicluster-data/master-0/data/info.pb --webserver_interface=127.0.89.254 --webserver_port=0 --never_fsync=true --redact=none --unlock_experimental_flags=true --unlock_unsafe_flags=true --log_filename=kudu-master --enable_minidumps=false --log_dir=/tmp/dist-test-taskopyat3/test-tmp/kudu-tool-test.2.ToolTest.TestPerfTabletScan.1590100104622499-359/minicluster-data/master-0/logs --logbuflevel=-1 --logtostderr=true Master server version: kudu 1.13.0-SNAPSHOT revision 1c6e9a70e819ae2aa7f189c121df80342e1174d1 build type FASTDEBUG built by None at 21 May 2020 22:15:25 UTC on jenkins-slave-snjf build id 21722 TSAN enabled
I0521 22:29:44.960103 2100 env_posix.cc:1747] Not raising this process' open files per process limit of 1048576; it is already as high as it can go
I0521 22:29:44.961583 2100 file_cache.cc:477] Constructed file cache file cache with capacity 419430
I0521 22:29:44.976486 2100 hybrid_clock.cc:243] auto-selected time source: builtin
I0521 22:29:44.980196 2100 hybrid_clock.cc:572] waiting up to --ntp_initial_sync_wait_secs=10 seconds for the clock to synchronize
I0521 22:29:44.981551 2100 hybrid_clock.cc:590] HybridClock initialized: now 1590100184981496 us; error 61 us; skew 500 ppm
I0521 22:29:44.983592 2100 fs_manager.cc:259] Metadata directory not provided
I0521 22:29:44.983736 2100 fs_manager.cc:265] Using write-ahead log directory (fs_wal_dir) as metadata directory
I0521 22:29:44.984087 2100 server_base.cc:492] This appears to be a new deployment of Kudu; creating new FS layout
I0521 22:29:44.987190 2100 fs_manager.cc:617] Generated new instance metadata in path /tmp/dist-test-taskopyat3/test-tmp/kudu-tool-test.2.ToolTest.TestPerfTabletScan.1590100104622499-359/minicluster-data/master-0/data/instance: uuid: "d3706b80d38444ca81c41b4042787745" format_stamp: "Formatted at 2020-05-21 22:29:44 on dist-test-slave-dist-test-slave-jp1g"
I0521 22:29:44.987977 2100 fs_manager.cc:617] Generated new instance metadata in path /tmp/dist-test-taskopyat3/test-tmp/kudu-tool-test.2.ToolTest.TestPerfTabletScan.1590100104622499-359/minicluster-data/master-0/wal/instance: uuid: "d3706b80d38444ca81c41b4042787745" format_stamp: "Formatted at 2020-05-21 22:29:44 on dist-test-slave-dist-test-slave-jp1g"
I0521 22:29:45.007642 2100 fs_manager.cc:518] Time spent creating directory manager: real 0.019s user 0.014s sys 0.004s
I0521 22:29:45.015704 2100 fs_manager.cc:433] Time spent opening block manager: real 0.001s user 0.001s sys 0.000s
I0521 22:29:45.015857 2100 fs_manager.cc:451] Opened local filesystem: /tmp/dist-test-taskopyat3/test-tmp/kudu-tool-test.2.ToolTest.TestPerfTabletScan.1590100104622499-359/minicluster-data/master-0/data,/tmp/dist-test-taskopyat3/test-tmp/kudu-tool-test.2.ToolTest.TestPerfTabletScan.1590100104622499-359/minicluster-data/master-0/wal uuid: "d3706b80d38444ca81c41b4042787745" format_stamp: "Formatted at 2020-05-21 22:29:44 on dist-test-slave-dist-test-slave-jp1g"
I0521 22:29:45.016144 2100 fs_report.cc:352] FS layout report -------------------- wal directory: /tmp/dist-test-taskopyat3/test-tmp/kudu-tool-test.2.ToolTest.TestPerfTabletScan.1590100104622499-359/minicluster-data/master-0/wal metadata directory: /tmp/dist-test-taskopyat3/test-tmp/kudu-tool-test.2.ToolTest.TestPerfTabletScan.1590100104622499-359/minicluster-data/master-0/wal 1 data directories: /tmp/dist-test-taskopyat3/test-tmp/kudu-tool-test.2.ToolTest.TestPerfTabletScan.1590100104622499-359/minicluster-data/master-0/data/data Total live blocks: 0 Total live bytes: 0 Total live bytes (after alignment): 0 Total number of LBM containers: 0 (0 full) Did not check for missing blocks Did not check for orphaned blocks Total full LBM containers with extra space: 0 (0 repaired) Total full LBM container extra space in bytes: 0 (0 repaired) Total incomplete LBM containers: 0 (0 repaired) Total LBM partial records: 0 (0 repaired)
W0521 22:29:45.764956 2100 thread.cc:616] rpc reactor (reactor) Time spent creating pthread: real 0.722s user 0.275s sys 0.447s
W0521 22:29:45.765259 2100 thread.cc:582] rpc reactor (reactor) Time spent starting thread: real 0.723s user 0.275s sys 0.447s
I0521 22:29:45.798774 2100 env_posix.cc:1747] Not raising this process' running threads per effective uid limit of 18446744073709551615; it is already as high as it can go
I0521 22:29:45.870369 2100 rpc_server.cc:221] RPC server started. Bound to: 127.0.89.254:46765
I0521 22:29:45.875396 2100 webserver.cc:381] Webserver started at http://127.0.89.254:43341/ using document root and password file
I0521 22:29:45.876839 2100 server_base.cc:675] Dumped server information to /tmp/dist-test-taskopyat3/test-tmp/kudu-tool-test.2.ToolTest.TestPerfTabletScan.1590100104622499-359/minicluster-data/master-0/data/info.pb
I0521 22:29:45.881561 359 external_mini_cluster.cc:1078] Started /tmp/dist-test-taskopyat3/build/tsan/bin/kudu-master as pid 2100
I0521 22:29:45.881919 2163 data_dirs.cc:395] Could only allocate 1 dirs of requested 3 for tablet 00000000000000000000000000000000. 1 dirs total, 0 dirs full, 0 dirs failed
I0521 22:29:45.884177 359 external_mini_cluster.cc:1016] Running /tmp/dist-test-taskopyat3/build/tsan/bin/kudu-tserver /tmp/dist-test-taskopyat3/build/tsan/bin/kudu-tserver --fs_wal_dir=/tmp/dist-test-taskopyat3/test-tmp/kudu-tool-test.2.ToolTest.TestPerfTabletScan.1590100104622499-359/minicluster-data/ts-0/wal --fs_data_dirs=/tmp/dist-test-taskopyat3/test-tmp/kudu-tool-test.2.ToolTest.TestPerfTabletScan.1590100104622499-359/minicluster-data/ts-0/data --block_manager=log --webserver_interface=localhost --never_fsync --ipki_server_key_size=768 --openssl_security_level_override=0 --enable_minidumps=false --redact=none --metrics_log_interval_ms=1000 --log_dir=/tmp/dist-test-taskopyat3/test-tmp/kudu-tool-test.2.ToolTest.TestPerfTabletScan.1590100104622499-359/minicluster-data/ts-0/logs --server_dump_info_path=/tmp/dist-test-taskopyat3/test-tmp/kudu-tool-test.2.ToolTest.TestPerfTabletScan.1590100104622499-359/minicluster-data/ts-0/data/info.pb --server_dump_info_format=pb --rpc_server_allow_ephemeral_ports --unlock_experimental_flags --unlock_unsafe_flags --logtostderr --logbuflevel=-1 --rpc_bind_addresses=127.0.89.193:0 --local_ip_for_outbound_sockets=127.0.89.193 --webserver_interface=127.0.89.193 --webserver_port=0 --tserver_master_addrs=127.0.89.254:46765 --builtin_ntp_servers=127.0.89.212:42971 --builtin_ntp_poll_interval_ms=100 --ntp_initial_sync_wait_secs=10 --time_source=builtin with env {}
I0521 22:29:45.906474 2163 tablet_bootstrap.cc:440] T 00000000000000000000000000000000 P d3706b80d38444ca81c41b4042787745: Bootstrap starting.
I0521 22:29:45.913311 2163 tablet_bootstrap.cc:596] T 00000000000000000000000000000000 P d3706b80d38444ca81c41b4042787745: No blocks or log segments found. Creating new log.
I0521 22:29:45.915716 2163 log.cc:819] T 00000000000000000000000000000000 P d3706b80d38444ca81c41b4042787745: Log is configured to *not* fsync() on all Append() calls
I0521 22:29:45.921182 2163 tablet_bootstrap.cc:440] T 00000000000000000000000000000000 P d3706b80d38444ca81c41b4042787745: No bootstrap required, opened a new log
I0521 22:29:45.945971 2163 raft_consensus.cc:342] T 00000000000000000000000000000000 P d3706b80d38444ca81c41b4042787745 [term 0 FOLLOWER]: Replica starting. Triggering 0 pending ops. Active config: opid_index: -1 OBSOLETE_local: true peers { permanent_uuid: "d3706b80d38444ca81c41b4042787745" member_type: VOTER }
I0521 22:29:45.946519 2163 raft_consensus.cc:368] T 00000000000000000000000000000000 P d3706b80d38444ca81c41b4042787745 [term 0 FOLLOWER]: Consensus starting up: Expiring failure detector timer to make a prompt election more likely
I0521 22:29:45.946763 2163 raft_consensus.cc:722] T 00000000000000000000000000000000 P d3706b80d38444ca81c41b4042787745 [term 0 FOLLOWER]: Becoming Follower/Learner. State: Replica: d3706b80d38444ca81c41b4042787745, State: Initialized, Role: FOLLOWER
I0521 22:29:45.947530 2163 consensus_queue.cc:250] T 00000000000000000000000000000000 P d3706b80d38444ca81c41b4042787745 [NON_LEADER]: Queue going to NON_LEADER mode. State: All replicated index: 0, Majority replicated index: 0, Committed index: 0, Last appended: 0.0, Last appended by leader: 0, Current term: 0, Majority size: -1, State: 0, Mode: NON_LEADER, active raft config: opid_index: -1 OBSOLETE_local: true peers { permanent_uuid: "d3706b80d38444ca81c41b4042787745" member_type: VOTER }
I0521 22:29:45.948107 2163 raft_consensus.cc:382] T 00000000000000000000000000000000 P d3706b80d38444ca81c41b4042787745 [term 0 FOLLOWER]: Only one voter in the Raft config. Triggering election immediately
I0521 22:29:45.948385 2163 raft_consensus.cc:478] T 00000000000000000000000000000000 P d3706b80d38444ca81c41b4042787745 [term 0 FOLLOWER]: Starting leader election (initial election of a single-replica configuration)
I0521 22:29:45.948702 2163 raft_consensus.cc:2975] T 00000000000000000000000000000000 P d3706b80d38444ca81c41b4042787745 [term 0 FOLLOWER]: Advancing to term 1
I0521 22:29:45.953657 2163 raft_consensus.cc:500] T 00000000000000000000000000000000 P d3706b80d38444ca81c41b4042787745 [term 1 FOLLOWER]: Starting leader election with config: opid_index: -1 OBSOLETE_local: true peers { permanent_uuid: "d3706b80d38444ca81c41b4042787745" member_type: VOTER }
I0521 22:29:45.954433 2163 leader_election.cc:302] T 00000000000000000000000000000000 P d3706b80d38444ca81c41b4042787745 [CANDIDATE]: Term 1 election: Election decided. Result: candidate won. Election summary: received 1 responses out of 1 voters: 1 yes votes; 0 no votes. yes voters: d3706b80d38444ca81c41b4042787745; no voters:
I0521 22:29:45.956620 2166 raft_consensus.cc:2721] T 00000000000000000000000000000000 P d3706b80d38444ca81c41b4042787745 [term 1 FOLLOWER]: Leader election won for term 1
I0521 22:29:45.958065 2163 leader_election.cc:288] T 00000000000000000000000000000000 P d3706b80d38444ca81c41b4042787745 [CANDIDATE]: Term 1 election: Requested vote from peers
I0521 22:29:46.074198 2166 raft_consensus.cc:683] T 00000000000000000000000000000000 P d3706b80d38444ca81c41b4042787745 [term 1 LEADER]: Becoming Leader. State: Replica: d3706b80d38444ca81c41b4042787745, State: Running, Role: LEADER
I0521 22:29:46.075093 2166 consensus_queue.cc:227] T 00000000000000000000000000000000 P d3706b80d38444ca81c41b4042787745 [LEADER]: Queue going to LEADER mode. State: All replicated index: 0, Majority replicated index: 0, Committed index: 0, Last appended: 0.0, Last appended by leader: 0, Current term: 1, Majority size: 1, State: 0, Mode: LEADER, active raft config: opid_index: -1 OBSOLETE_local: true peers { permanent_uuid: "d3706b80d38444ca81c41b4042787745" member_type: VOTER }
I0521 22:29:46.082160 2167 sys_catalog.cc:357] T 00000000000000000000000000000000 P d3706b80d38444ca81c41b4042787745 [sys.catalog]: SysCatalogTable state changed. Reason: New leader d3706b80d38444ca81c41b4042787745. Latest consensus state: current_term: 1 leader_uuid: "d3706b80d38444ca81c41b4042787745" committed_config { opid_index: -1 OBSOLETE_local: true peers { permanent_uuid: "d3706b80d38444ca81c41b4042787745" member_type: VOTER } }
I0521 22:29:46.082712 2167 sys_catalog.cc:360] T 00000000000000000000000000000000 P d3706b80d38444ca81c41b4042787745 [sys.catalog]: This master's current role is: LEADER
I0521 22:29:46.082325 2168 sys_catalog.cc:357] T 00000000000000000000000000000000 P d3706b80d38444ca81c41b4042787745 [sys.catalog]: SysCatalogTable state changed. Reason: RaftConsensus started. Latest consensus state: current_term: 1 leader_uuid: "d3706b80d38444ca81c41b4042787745" committed_config { opid_index: -1 OBSOLETE_local: true peers { permanent_uuid: "d3706b80d38444ca81c41b4042787745" member_type: VOTER } }
I0521 22:29:46.083015 2168 sys_catalog.cc:360] T 00000000000000000000000000000000 P d3706b80d38444ca81c41b4042787745 [sys.catalog]: This master's current role is: LEADER
