I0521 22:30:05.669080 2530 consensus_queue.cc:250] T 550f3367b26d46b892a6c07eb4981bca P 0910ecf09a21464eb0366a9258316f92 [NON_LEADER]: Queue going to NON_LEADER mode. State: All replicated index: 0, Majority replicated index: 0, Committed index: 0, Last appended: 0.0, Last appended by leader: 0, Current term: 0, Majority size: -1, State: 0, Mode: NON_LEADER, active raft config: opid_index: -1 OBSOLETE_local: true peers { permanent_uuid: "0910ecf09a21464eb0366a9258316f92" member_type: VOTER last_known_addr { host: "127.0.89.193" port: 36477 } }
I0521 22:30:05.669509 2530 raft_consensus.cc:382] T 550f3367b26d46b892a6c07eb4981bca P 0910ecf09a21464eb0366a9258316f92 [term 0 FOLLOWER]: Only one voter in the Raft config. Triggering election immediately
I0521 22:30:05.669708 2530 raft_consensus.cc:478] T 550f3367b26d46b892a6c07eb4981bca P 0910ecf09a21464eb0366a9258316f92 [term 0 FOLLOWER]: Starting leader election (initial election of a single-replica configuration)
I0521 22:30:05.669940 2530 raft_consensus.cc:2975] T 550f3367b26d46b892a6c07eb4981bca P 0910ecf09a21464eb0366a9258316f92 [term 0 FOLLOWER]: Advancing to term 1
I0521 22:30:05.673974 2530 raft_consensus.cc:500] T 550f3367b26d46b892a6c07eb4981bca P 0910ecf09a21464eb0366a9258316f92 [term 1 FOLLOWER]: Starting leader election with config: opid_index: -1 OBSOLETE_local: true peers { permanent_uuid: "0910ecf09a21464eb0366a9258316f92" member_type: VOTER last_known_addr { host: "127.0.89.193" port: 36477 } }
I0521 22:30:05.674687 2530 leader_election.cc:302] T 550f3367b26d46b892a6c07eb4981bca P 0910ecf09a21464eb0366a9258316f92 [CANDIDATE]: Term 1 election: Election decided. Result: candidate won. Election summary: received 1 responses out of 1 voters: 1 yes votes; 0 no votes. yes voters: 0910ecf09a21464eb0366a9258316f92; no voters:
I0521 22:30:05.675433 2532 raft_consensus.cc:2721] T 550f3367b26d46b892a6c07eb4981bca P 0910ecf09a21464eb0366a9258316f92 [term 1 FOLLOWER]: Leader election won for term 1
I0521 22:30:05.675801 2532 raft_consensus.cc:683] T 550f3367b26d46b892a6c07eb4981bca P 0910ecf09a21464eb0366a9258316f92 [term 1 LEADER]: Becoming Leader. State: Replica: 0910ecf09a21464eb0366a9258316f92, State: Running, Role: LEADER
I0521 22:30:05.676383 2532 consensus_queue.cc:227] T 550f3367b26d46b892a6c07eb4981bca P 0910ecf09a21464eb0366a9258316f92 [LEADER]: Queue going to LEADER mode. State: All replicated index: 0, Majority replicated index: 0, Committed index: 0, Last appended: 0.0, Last appended by leader: 0, Current term: 1, Majority size: 1, State: 0, Mode: LEADER, active raft config: opid_index: -1 OBSOLETE_local: true peers { permanent_uuid: "0910ecf09a21464eb0366a9258316f92" member_type: VOTER last_known_addr { host: "127.0.89.193" port: 36477 } }
I0521 22:30:05.681694 2530 leader_election.cc:288] T 550f3367b26d46b892a6c07eb4981bca P 0910ecf09a21464eb0366a9258316f92 [CANDIDATE]: Term 1 election: Requested vote from peers
I0521 22:30:05.683204 2530 ts_tablet_manager.cc:1144] T 550f3367b26d46b892a6c07eb4981bca P 0910ecf09a21464eb0366a9258316f92: Time spent starting tablet: real 0.017s user 0.011s sys 0.000s
I0521 22:30:05.683776 2530 tablet_bootstrap.cc:440] T 35d79bbc87724c8a8e1d7617727056bf P 0910ecf09a21464eb0366a9258316f92: Bootstrap starting.
I0521 22:30:05.686517 2408 catalog_manager.cc:4202] T 550f3367b26d46b892a6c07eb4981bca P 0910ecf09a21464eb0366a9258316f92 reported cstate change: term changed from 0 to 1, leader changed from to 0910ecf09a21464eb0366a9258316f92 (127.0.89.193). New cstate: current_term: 1 leader_uuid: "0910ecf09a21464eb0366a9258316f92" committed_config { opid_index: -1 OBSOLETE_local: true peers { permanent_uuid: "0910ecf09a21464eb0366a9258316f92" member_type: VOTER last_known_addr { host: "127.0.89.193" port: 36477 } health_report { overall_health: HEALTHY } } }
I0521 22:30:05.688967 2530 tablet_bootstrap.cc:596] T 35d79bbc87724c8a8e1d7617727056bf P 0910ecf09a21464eb0366a9258316f92: No blocks or log segments found. Creating new log.
I0521 22:30:05.693662 2530 tablet_bootstrap.cc:440] T 35d79bbc87724c8a8e1d7617727056bf P 0910ecf09a21464eb0366a9258316f92: No bootstrap required, opened a new log
I0521 22:30:05.694063 2530 ts_tablet_manager.cc:1115] T 35d79bbc87724c8a8e1d7617727056bf P 0910ecf09a21464eb0366a9258316f92: Time spent bootstrapping tablet: real 0.010s user 0.004s sys 0.004s
I0521 22:30:05.696403 2530 raft_consensus.cc:342] T 35d79bbc87724c8a8e1d7617727056bf P 0910ecf09a21464eb0366a9258316f92 [term 0 FOLLOWER]: Replica starting. Triggering 0 pending ops. Active config: opid_index: -1 OBSOLETE_local: true peers { permanent_uuid: "0910ecf09a21464eb0366a9258316f92" member_type: VOTER last_known_addr { host: "127.0.89.193" port: 36477 } }
I0521 22:30:05.696925 2530 raft_consensus.cc:368] T 35d79bbc87724c8a8e1d7617727056bf P 0910ecf09a21464eb0366a9258316f92 [term 0 FOLLOWER]: Consensus starting up: Expiring failure detector timer to make a prompt election more likely
I0521 22:30:05.697238 2530 raft_consensus.cc:722] T 35d79bbc87724c8a8e1d7617727056bf P 0910ecf09a21464eb0366a9258316f92 [term 0 FOLLOWER]: Becoming Follower/Learner. State: Replica: 0910ecf09a21464eb0366a9258316f92, State: Initialized, Role: FOLLOWER
I0521 22:30:05.697794 2530 consensus_queue.cc:250] T 35d79bbc87724c8a8e1d7617727056bf P 0910ecf09a21464eb0366a9258316f92 [NON_LEADER]: Queue going to NON_LEADER mode. State: All replicated index: 0, Majority replicated index: 0, Committed index: 0, Last appended: 0.0, Last appended by leader: 0, Current term: 0, Majority size: -1, State: 0, Mode: NON_LEADER, active raft config: opid_index: -1 OBSOLETE_local: true peers { permanent_uuid: "0910ecf09a21464eb0366a9258316f92" member_type: VOTER last_known_addr { host: "127.0.89.193" port: 36477 } }
I0521 22:30:05.698253 2530 raft_consensus.cc:382] T 35d79bbc87724c8a8e1d7617727056bf P 0910ecf09a21464eb0366a9258316f92 [term 0 FOLLOWER]: Only one voter in the Raft config. Triggering election immediately
I0521 22:30:05.698446 2530 raft_consensus.cc:478] T 35d79bbc87724c8a8e1d7617727056bf P 0910ecf09a21464eb0366a9258316f92 [term 0 FOLLOWER]: Starting leader election (initial election of a single-replica configuration)
I0521 22:30:05.698671 2530 raft_consensus.cc:2975] T 35d79bbc87724c8a8e1d7617727056bf P 0910ecf09a21464eb0366a9258316f92 [term 0 FOLLOWER]: Advancing to term 1
I0521 22:30:05.702733 2530 raft_consensus.cc:500] T 35d79bbc87724c8a8e1d7617727056bf P 0910ecf09a21464eb0366a9258316f92 [term 1 FOLLOWER]: Starting leader election with config: opid_index: -1 OBSOLETE_local: true peers { permanent_uuid: "0910ecf09a21464eb0366a9258316f92" member_type: VOTER last_known_addr { host: "127.0.89.193" port: 36477 } }
I0521 22:30:05.703294 2530 leader_election.cc:302] T 35d79bbc87724c8a8e1d7617727056bf P 0910ecf09a21464eb0366a9258316f92 [CANDIDATE]: Term 1 election: Election decided. Result: candidate won. Election summary: received 1 responses out of 1 voters: 1 yes votes; 0 no votes. yes voters: 0910ecf09a21464eb0366a9258316f92; no voters:
I0521 22:30:05.703742 2530 leader_election.cc:288] T 35d79bbc87724c8a8e1d7617727056bf P 0910ecf09a21464eb0366a9258316f92 [CANDIDATE]: Term 1 election: Requested vote from peers
I0521 22:30:05.703877 2532 raft_consensus.cc:2721] T 35d79bbc87724c8a8e1d7617727056bf P 0910ecf09a21464eb0366a9258316f92 [term 1 FOLLOWER]: Leader election won for term 1
I0521 22:30:05.704324 2532 raft_consensus.cc:683] T 35d79bbc87724c8a8e1d7617727056bf P 0910ecf09a21464eb0366a9258316f92 [term 1 LEADER]: Becoming Leader. State: Replica: 0910ecf09a21464eb0366a9258316f92, State: Running, Role: LEADER
I0521 22:30:05.704870 2532 consensus_queue.cc:227] T 35d79bbc87724c8a8e1d7617727056bf P 0910ecf09a21464eb0366a9258316f92 [LEADER]: Queue going to LEADER mode. State: All replicated index: 0, Majority replicated index: 0, Committed index: 0, Last appended: 0.0, Last appended by leader: 0, Current term: 1, Majority size: 1, State: 0, Mode: LEADER, active raft config: opid_index: -1 OBSOLETE_local: true peers { permanent_uuid: "0910ecf09a21464eb0366a9258316f92" member_type: VOTER last_known_addr { host: "127.0.89.193" port: 36477 } }
I0521 22:30:05.705411 2530 ts_tablet_manager.cc:1144] T 35d79bbc87724c8a8e1d7617727056bf P 0910ecf09a21464eb0366a9258316f92: Time spent starting tablet: real 0.011s user 0.008s sys 0.004s
I0521 22:30:05.706117 2530 tablet_bootstrap.cc:440] T b46d06fd7afc4a64aca392c75116e7ac P 0910ecf09a21464eb0366a9258316f92: Bootstrap starting.
I0521 22:30:05.712755 2408 catalog_manager.cc:4202] T 35d79bbc87724c8a8e1d7617727056bf P 0910ecf09a21464eb0366a9258316f92 reported cstate change: term changed from 0 to 1, leader changed from to 0910ecf09a21464eb0366a9258316f92 (127.0.89.193). New cstate: current_term: 1 leader_uuid: "0910ecf09a21464eb0366a9258316f92" committed_config { opid_index: -1 OBSOLETE_local: true peers { permanent_uuid: "0910ecf09a21464eb0366a9258316f92" member_type: VOTER last_known_addr { host: "127.0.89.193" port: 36477 } health_report { overall_health: HEALTHY } } }
I0521 22:30:05.715344 2530 tablet_bootstrap.cc:596] T b46d06fd7afc4a64aca392c75116e7ac P 0910ecf09a21464eb0366a9258316f92: No blocks or log segments found. Creating new log.
I0521 22:30:05.723415 2530 tablet_bootstrap.cc:440] T b46d06fd7afc4a64aca392c75116e7ac P 0910ecf09a21464eb0366a9258316f92: No bootstrap required, opened a new log
I0521 22:30:05.723709 2530 ts_tablet_manager.cc:1115] T b46d06fd7afc4a64aca392c75116e7ac P 0910ecf09a21464eb0366a9258316f92: Time spent bootstrapping tablet: real 0.018s user 0.008s sys 0.004s
I0521 22:30:05.725469 2530 raft_consensus.cc:342] T b46d06fd7afc4a64aca392c75116e7ac P 0910ecf09a21464eb0366a9258316f92 [term 0 FOLLOWER]: Replica starting. Triggering 0 pending ops. Active config: opid_index: -1 OBSOLETE_local: true peers { permanent_uuid: "0910ecf09a21464eb0366a9258316f92" member_type: VOTER last_known_addr { host: "127.0.89.193" port: 36477 } }
I0521 22:30:05.725824 2530 raft_consensus.cc:368] T b46d06fd7afc4a64aca392c75116e7ac P 0910ecf09a21464eb0366a9258316f92 [term 0 FOLLOWER]: Consensus starting up: Expiring failure detector timer to make a prompt election more likely
I0521 22:30:05.726003 2530 raft_consensus.cc:722] T b46d06fd7afc4a64aca392c75116e7ac P 0910ecf09a21464eb0366a9258316f92 [term 0 FOLLOWER]: Becoming Follower/Learner. State: Replica: 0910ecf09a21464eb0366a9258316f92, State: Initialized, Role: FOLLOWER
I0521 22:30:05.726418 2530 consensus_queue.cc:250] T b46d06fd7afc4a64aca392c75116e7ac P 0910ecf09a21464eb0366a9258316f92 [NON_LEADER]: Queue going to NON_LEADER mode. State: All replicated index: 0, Majority replicated index: 0, Committed index: 0, Last appended: 0.0, Last appended by leader: 0, Current term: 0, Majority size: -1, State: 0, Mode: NON_LEADER, active raft config: opid_index: -1 OBSOLETE_local: true peers { permanent_uuid: "0910ecf09a21464eb0366a9258316f92" member_type: VOTER last_known_addr { host: "127.0.89.193" port: 36477 } }
I0521 22:30:05.726819 2530 raft_consensus.cc:382] T b46d06fd7afc4a64aca392c75116e7ac P 0910ecf09a21464eb0366a9258316f92 [term 0 FOLLOWER]: Only one voter in the Raft config. Triggering election immediately
I0521 22:30:05.727013 2530 raft_consensus.cc:478] T b46d06fd7afc4a64aca392c75116e7ac P 0910ecf09a21464eb0366a9258316f92 [term 0 FOLLOWER]: Starting leader election (initial election of a single-replica configuration)
I0521 22:30:05.727229 2530 raft_consensus.cc:2975] T b46d06fd7afc4a64aca392c75116e7ac P 0910ecf09a21464eb0366a9258316f92 [term 0 FOLLOWER]: Advancing to term 1
I0521 22:30:05.730408 2530 raft_consensus.cc:500] T b46d06fd7afc4a64aca392c75116e7ac P 0910ecf09a21464eb0366a9258316f92 [term 1 FOLLOWER]: Starting leader election with config: opid_index: -1 OBSOLETE_local: true peers { permanent_uuid: "0910ecf09a21464eb0366a9258316f92" member_type: VOTER last_known_addr { host: "127.0.89.193" port: 36477 } }
I0521 22:30:05.730850 2530 leader_election.cc:302] T b46d06fd7afc4a64aca392c75116e7ac P 0910ecf09a21464eb0366a9258316f92 [CANDIDATE]: Term 1 election: Election decided. Result: candidate won. Election summary: received 1 responses out of 1 voters: 1 yes votes; 0 no votes. yes voters: 0910ecf09a21464eb0366a9258316f92; no voters:
I0521 22:30:05.731231 2530 leader_election.cc:288] T b46d06fd7afc4a64aca392c75116e7ac P 0910ecf09a21464eb0366a9258316f92 [CANDIDATE]: Term 1 election: Requested vote from peers
I0521 22:30:05.731390 2532 raft_consensus.cc:2721] T b46d06fd7afc4a64aca392c75116e7ac P 0910ecf09a21464eb0366a9258316f92 [term 1 FOLLOWER]: Leader election won for term 1
I0521 22:30:05.732067 2532 raft_consensus.cc:683] T b46d06fd7afc4a64aca392c75116e7ac P 0910ecf09a21464eb0366a9258316f92 [term 1 LEADER]: Becoming Leader. State: Replica: 0910ecf09a21464eb0366a9258316f92, State: Running, Role: LEADER
I0521 22:30:05.732663 2530 ts_tablet_manager.cc:1144] T b46d06fd7afc4a64aca392c75116e7ac P 0910ecf09a21464eb0366a9258316f92: Time spent starting tablet: real 0.009s user 0.010s sys 0.000s
I0521 22:30:05.732650 2532 consensus_queue.cc:227] T b46d06fd7afc4a64aca392c75116e7ac P 0910ecf09a21464eb0366a9258316f92 [LEADER]: Queue going to LEADER mode. State: All replicated index: 0, Majority replicated index: 0, Committed index: 0, Last appended: 0.0, Last appended by leader: 0, Current term: 1, Majority size: 1, State: 0, Mode: LEADER, active raft config: opid_index: -1 OBSOLETE_local: true peers { permanent_uuid: "0910ecf09a21464eb0366a9258316f92" member_type: VOTER last_known_addr { host: "127.0.89.193" port: 36477 } }
I0521 22:30:05.733242 2530 tablet_bootstrap.cc:440] T 4199b9e1b41947a8bde6f17bd6245deb P 0910ecf09a21464eb0366a9258316f92: Bootstrap starting.
I0521 22:30:05.738765 2530 tablet_bootstrap.cc:596] T 4199b9e1b41947a8bde6f17bd6245deb P 0910ecf09a21464eb0366a9258316f92: No blocks or log segments found. Creating new log.
I0521 22:30:05.738911 2408 catalog_manager.cc:4202] T b46d06fd7afc4a64aca392c75116e7ac P 0910ecf09a21464eb0366a9258316f92 reported cstate change: term changed from 0 to 1, leader changed from to 0910ecf09a21464eb0366a9258316f92 (127.0.89.193). New cstate: current_term: 1 leader_uuid: "0910ecf09a21464eb0366a9258316f92" committed_config { opid_index: -1 OBSOLETE_local: true peers { permanent_uuid: "0910ecf09a21464eb0366a9258316f92" member_type: VOTER last_known_addr { host: "127.0.89.193" port: 36477 } health_report { overall_health: HEALTHY } } }
I0521 22:30:05.744458 2530 tablet_bootstrap.cc:440] T 4199b9e1b41947a8bde6f17bd6245deb P 0910ecf09a21464eb0366a9258316f92: No bootstrap required, opened a new log
I0521 22:30:05.744874 2530 ts_tablet_manager.cc:1115] T 4199b9e1b41947a8bde6f17bd6245deb P 0910ecf09a21464eb0366a9258316f92: Time spent bootstrapping tablet: real 0.012s user 0.009s sys 0.001s
I0521 22:30:05.747344 2530 raft_consensus.cc:342] T 4199b9e1b41947a8bde6f17bd6245deb P 0910ecf09a21464eb0366a9258316f92 [term 0 FOLLOWER]: Replica starting. Triggering 0 pending ops. Active config: opid_index: -1 OBSOLETE_local: true peers { permanent_uuid: "0910ecf09a21464eb0366a9258316f92" member_type: VOTER last_known_addr { host: "127.0.89.193" port: 36477 } }
I0521 22:30:05.747834 2530 raft_consensus.cc:368] T 4199b9e1b41947a8bde6f17bd6245deb P 0910ecf09a21464eb0366a9258316f92 [term 0 FOLLOWER]: Consensus starting up: Expiring failure detector timer to make a prompt election more likely
I0521 22:30:05.748097 2530 raft_consensus.cc:722] T 4199b9e1b41947a8bde6f17bd6245deb P 0910ecf09a21464eb0366a9258316f92 [term 0 FOLLOWER]: Becoming Follower/Learner. State: Replica: 0910ecf09a21464eb0366a9258316f92, State: Initialized, Role: FOLLOWER
I0521 22:30:05.748661 2530 consensus_queue.cc:250] T 4199b9e1b41947a8bde6f17bd6245deb P 0910ecf09a21464eb0366a9258316f92 [NON_LEADER]: Queue going to NON_LEADER mode. State: All replicated index: 0, Majority replicated index: 0, Committed index: 0, Last appended: 0.0, Last appended by leader: 0, Current term: 0, Majority size: -1, State: 0, Mode: NON_LEADER, active raft config: opid_index: -1 OBSOLETE_local: true peers { permanent_uuid: "0910ecf09a21464eb0366a9258316f92" member_type: VOTER last_known_addr { host: "127.0.89.193" port: 36477 } }
I0521 22:30:05.749260 2530 raft_consensus.cc:382] T 4199b9e1b41947a8bde6f17bd6245deb P 0910ecf09a21464eb0366a9258316f92 [term 0 FOLLOWER]: Only one voter in the Raft config. Triggering election immediately
I0521 22:30:05.749567 2530 raft_consensus.cc:478] T 4199b9e1b41947a8bde6f17bd6245deb P 0910ecf09a21464eb0366a9258316f92 [term 0 FOLLOWER]: Starting leader election (initial election of a single-replica configuration)
I0521 22:30:05.749872 2530 raft_consensus.cc:2975] T 4199b9e1b41947a8bde6f17bd6245deb P 0910ecf09a21464eb0366a9258316f92 [term 0 FOLLOWER]: Advancing to term 1
I0521 22:30:05.754914 2530 raft_consensus.cc:500] T 4199b9e1b41947a8bde6f17bd6245deb P 0910ecf09a21464eb0366a9258316f92 [term 1 FOLLOWER]: Starting leader election with config: opid_index: -1 OBSOLETE_local: true peers { permanent_uuid: "0910ecf09a21464eb0366a9258316f92" member_type: VOTER last_known_addr { host: "127.0.89.193" port: 36477 } }
I0521 22:30:05.755527 2530 leader_election.cc:302] T 4199b9e1b41947a8bde6f17bd6245deb P 0910ecf09a21464eb0366a9258316f92 [CANDIDATE]: Term 1 election: Election decided. Result: candidate won. Election summary: received 1 responses out of 1 voters: 1 yes votes; 0 no votes. yes voters: 0910ecf09a21464eb0366a9258316f92; no voters:
I0521 22:30:05.756093 2530 leader_election.cc:288] T 4199b9e1b41947a8bde6f17bd6245deb P 0910ecf09a21464eb0366a9258316f92 [CANDIDATE]: Term 1 election: Requested vote from peers
I0521 22:30:05.756222 2532 raft_consensus.cc:2721] T 4199b9e1b41947a8bde6f17bd6245deb P 0910ecf09a21464eb0366a9258316f92 [term 1 FOLLOWER]: Leader election won for term 1
I0521 22:30:05.756721 2532 raft_consensus.cc:683] T 4199b9e1b41947a8bde6f17bd6245deb P 0910ecf09a21464eb0366a9258316f92 [term 1 LEADER]: Becoming Leader. State: Replica: 0910ecf09a21464eb0366a9258316f92, State: Running, Role: LEADER
I0521 22:30:05.757359 2532 consensus_queue.cc:227] T 4199b9e1b41947a8bde6f17bd6245deb P 0910ecf09a21464eb0366a9258316f92 [LEADER]: Queue going to LEADER mode. State: All replicated index: 0, Majority replicated index: 0, Committed index: 0, Last appended: 0.0, Last appended by leader: 0, Current term: 1, Majority size: 1, State: 0, Mode: LEADER, active raft config: opid_index: -1 OBSOLETE_local: true peers { permanent_uuid: "0910ecf09a21464eb0366a9258316f92" member_type: VOTER last_known_addr { host: "127.0.89.193" port: 36477 } }
I0521 22:30:05.758579 2530 ts_tablet_manager.cc:1144] T 4199b9e1b41947a8bde6f17bd6245deb P 0910ecf09a21464eb0366a9258316f92: Time spent starting tablet: real 0.013s user 0.008s sys 0.004s
I0521 22:30:05.760090 2530 tablet_bootstrap.cc:440] T 0e54106c9f2b41ddbd5598e955f7f2b9 P 0910ecf09a21464eb0366a9258316f92: Bootstrap starting.
I0521 22:30:05.763464 2408 catalog_manager.cc:4202] T 4199b9e1b41947a8bde6f17bd6245deb P 0910ecf09a21464eb0366a9258316f92 reported cstate change: term changed from 0 to 1, leader changed from to 0910ecf09a21464eb0366a9258316f92 (127.0.89.193). New cstate: current_term: 1 leader_uuid: "0910ecf09a21464eb0366a9258316f92" committed_config { opid_index: -1 OBSOLETE_local: true peers { permanent_uuid: "0910ecf09a21464eb0366a9258316f92" member_type: VOTER last_known_addr { host: "127.0.89.193" port: 36477 } health_report { overall_health: HEALTHY } } }
I0521 22:30:05.765489 2530 tablet_bootstrap.cc:596] T 0e54106c9f2b41ddbd5598e955f7f2b9 P 0910ecf09a21464eb0366a9258316f92: No blocks or log segments found. Creating new log.
I0521 22:30:05.770967 2530 tablet_bootstrap.cc:440] T 0e54106c9f2b41ddbd5598e955f7f2b9 P 0910ecf09a21464eb0366a9258316f92: No bootstrap required, opened a new log
I0521 22:30:05.771418 2530 ts_tablet_manager.cc:1115] T 0e54106c9f2b41ddbd5598e955f7f2b9 P 0910ecf09a21464eb0366a9258316f92: Time spent bootstrapping tablet: real 0.011s user 0.007s sys 0.003s
I0521 22:30:05.773883 2530 raft_consensus.cc:342] T 0e54106c9f2b41ddbd5598e955f7f2b9 P 0910ecf09a21464eb0366a9258316f92 [term 0 FOLLOWER]: Replica starting. Triggering 0 pending ops. Active config: opid_index: -1 OBSOLETE_local: true peers { permanent_uuid: "0910ecf09a21464eb0366a9258316f92" member_type: VOTER last_known_addr { host: "127.0.89.193" port: 36477 } }
I0521 22:30:05.774444 2530 raft_consensus.cc:368] T 0e54106c9f2b41ddbd5598e955f7f2b9 P 0910ecf09a21464eb0366a9258316f92 [term 0 FOLLOWER]: Consensus starting up: Expiring failure detector timer to make a prompt election more likely
I0521 22:30:05.774742 2530 raft_consensus.cc:722] T 0e54106c9f2b41ddbd5598e955f7f2b9 P 0910ecf09a21464eb0366a9258316f92 [term 0 FOLLOWER]: Becoming Follower/Learner. State: Replica: 0910ecf09a21464eb0366a9258316f92, State: Initialized, Role: FOLLOWER
I0521 22:30:05.775368 2530 consensus_queue.cc:250] T 0e54106c9f2b41ddbd5598e955f7f2b9 P 0910ecf09a21464eb0366a9258316f92 [NON_LEADER]: Queue going to NON_LEADER mode. State: All replicated index: 0, Majority replicated index: 0, Committed index: 0, Last appended: 0.0, Last appended by leader: 0, Current term: 0, Majority size: -1, State: 0, Mode: NON_LEADER, active raft config: opid_index: -1 OBSOLETE_local: true peers { permanent_uuid: "0910ecf09a21464eb0366a9258316f92" member_type: VOTER last_known_addr { host: "127.0.89.193" port: 36477 } }
I0521 22:30:05.776010 2530 raft_consensus.cc:382] T 0e54106c9f2b41ddbd5598e955f7f2b9 P 0910ecf09a21464eb0366a9258316f92 [term 0 FOLLOWER]: Only one voter in the Raft config. Triggering election immediately
I0521 22:30:05.776288 2530 raft_consensus.cc:478] T 0e54106c9f2b41ddbd5598e955f7f2b9 P 0910ecf09a21464eb0366a9258316f92 [term 0 FOLLOWER]: Starting leader election (initial election of a single-replica configuration)
I0521 22:30:05.776644 2530 raft_consensus.cc:2975] T 0e54106c9f2b41ddbd5598e955f7f2b9 P 0910ecf09a21464eb0366a9258316f92 [term 0 FOLLOWER]: Advancing to term 1
I0521 22:30:05.781846 2530 raft_consensus.cc:500] T 0e54106c9f2b41ddbd5598e955f7f2b9 P 0910ecf09a21464eb0366a9258316f92 [term 1 FOLLOWER]: Starting leader election with config: opid_index: -1 OBSOLETE_local: true peers { permanent_uuid: "0910ecf09a21464eb0366a9258316f92" member_type: VOTER last_known_addr { host: "127.0.89.193" port: 36477 } }
I0521 22:30:05.782466 2530 leader_election.cc:302] T 0e54106c9f2b41ddbd5598e955f7f2b9 P 0910ecf09a21464eb0366a9258316f92 [CANDIDATE]: Term 1 election: Election decided. Result: candidate won. Election summary: received 1 responses out of 1 voters: 1 yes votes; 0 no votes. yes voters: 0910ecf09a21464eb0366a9258316f92; no voters:
I0521 22:30:05.782994 2530 leader_election.cc:288] T 0e54106c9f2b41ddbd5598e955f7f2b9 P 0910ecf09a21464eb0366a9258316f92 [CANDIDATE]: Term 1 election: Requested vote from peers
I0521 22:30:05.783113 2532 raft_consensus.cc:2721] T 0e54106c9f2b41ddbd5598e955f7f2b9 P 0910ecf09a21464eb0366a9258316f92 [term 1 FOLLOWER]: Leader election won for term 1
I0521 22:30:05.783507 2532 raft_consensus.cc:683] T 0e54106c9f2b41ddbd5598e955f7f2b9 P 0910ecf09a21464eb0366a9258316f92 [term 1 LEADER]: Becoming Leader. State: Replica: 0910ecf09a21464eb0366a9258316f92, State: Running, Role: LEADER
I0521 22:30:05.784108 2532 consensus_queue.cc:227] T 0e54106c9f2b41ddbd5598e955f7f2b9 P 0910ecf09a21464eb0366a9258316f92 [LEADER]: Queue going to LEADER mode. State: All replicated index: 0, Majority replicated index: 0, Committed index: 0, Last appended: 0.0, Last appended by leader: 0, Current term: 1, Majority size: 1, State: 0, Mode: LEADER, active raft config: opid_index: -1 OBSOLETE_local: true peers { permanent_uuid: "0910ecf09a21464eb0366a9258316f92" member_type: VOTER last_known_addr { host: "127.0.89.193" port: 36477 } }
I0521 22:30:05.785159 2530 ts_tablet_manager.cc:1144] T 0e54106c9f2b41ddbd5598e955f7f2b9 P 0910ecf09a21464eb0366a9258316f92: Time spent starting tablet: real 0.013s user 0.008s sys 0.004s
I0521 22:30:05.785902 2530 tablet_bootstrap.cc:440] T a894f47d27674d978d208a696539c513 P 0910ecf09a21464eb0366a9258316f92: Bootstrap starting.
I0521 22:30:05.789613 2408 catalog_manager.cc:4202] T 0e54106c9f2b41ddbd5598e955f7f2b9 P 0910ecf09a21464eb0366a9258316f92 reported cstate change: term changed from 0 to 1, leader changed from to 0910ecf09a21464eb0366a9258316f92 (127.0.89.193). New cstate: current_term: 1 leader_uuid: "0910ecf09a21464eb0366a9258316f92" committed_config { opid_index: -1 OBSOLETE_local: true peers { permanent_uuid: "0910ecf09a21464eb0366a9258316f92" member_type: VOTER last_known_addr { host: "127.0.89.193" port: 36477 } health_report { overall_health: HEALTHY } } }
I0521 22:30:05.790622 2530 tablet_bootstrap.cc:596] T a894f47d27674d978d208a696539c513 P 0910ecf09a21464eb0366a9258316f92: No blocks or log segments found. Creating new log.
I0521 22:30:05.806386 2530 tablet_bootstrap.cc:440] T a894f47d27674d978d208a696539c513 P 0910ecf09a21464eb0366a9258316f92: No bootstrap required, opened a new log
I0521 22:30:05.806730 2530 ts_tablet_manager.cc:1115] T a894f47d27674d978d208a696539c513 P 0910ecf09a21464eb0366a9258316f92: Time spent bootstrapping tablet: real 0.021s user 0.007s sys 0.009s
I0521 22:30:05.809111 2530 raft_consensus.cc:342] T a894f47d27674d978d208a696539c513 P 0910ecf09a21464eb0366a9258316f92 [term 0 FOLLOWER]: Replica starting. Triggering 0 pending ops. Active config: opid_index: -1 OBSOLETE_local: true peers { permanent_uuid: "0910ecf09a21464eb0366a9258316f92" member_type: VOTER last_known_addr { host: "127.0.89.193" port: 36477 } }
I0521 22:30:05.809473 2530 raft_consensus.cc:368] T a894f47d27674d978d208a696539c513 P 0910ecf09a21464eb0366a9258316f92 [term 0 FOLLOWER]: Consensus starting up: Expiring failure detector timer to make a prompt election more likely
I0521 22:30:05.809684 2530 raft_consensus.cc:722] T a894f47d27674d978d208a696539c513 P 0910ecf09a21464eb0366a9258316f92 [term 0 FOLLOWER]: Becoming Follower/Learner. State: Replica: 0910ecf09a21464eb0366a9258316f92, State: Initialized, Role: FOLLOWER
I0521 22:30:05.810111 2530 consensus_queue.cc:250] T a894f47d27674d978d208a696539c513 P 0910ecf09a21464eb0366a9258316f92 [NON_LEADER]: Queue going to NON_LEADER mode. State: All replicated index: 0, Majority replicated index: 0, Committed index: 0, Last appended: 0.0, Last appended by leader: 0, Current term: 0, Majority size: -1, State: 0, Mode: NON_LEADER, active raft config: opid_index: -1 OBSOLETE_local: true peers { permanent_uuid: "0910ecf09a21464eb0366a9258316f92" member_type: VOTER last_known_addr { host: "127.0.89.193" port: 36477 } }
I0521 22:30:05.810497 2530 raft_consensus.cc:382] T a894f47d27674d978d208a696539c513 P 0910ecf09a21464eb0366a9258316f92 [term 0 FOLLOWER]: Only one voter in the Raft config. Triggering election immediately
I0521 22:30:05.810673 2530 raft_consensus.cc:478] T a894f47d27674d978d208a696539c513 P 0910ecf09a21464eb0366a9258316f92 [term 0 FOLLOWER]: Starting leader election (initial election of a single-replica configuration)
I0521 22:30:05.810881 2530 raft_consensus.cc:2975] T a894f47d27674d978d208a696539c513 P 0910ecf09a21464eb0366a9258316f92 [term 0 FOLLOWER]: Advancing to term 1
I0521 22:30:05.813892 2530 raft_consensus.cc:500] T a894f47d27674d978d208a696539c513 P 0910ecf09a21464eb0366a9258316f92 [term 1 FOLLOWER]: Starting leader election with config: opid_index: -1 OBSOLETE_local: true peers { permanent_uuid: "0910ecf09a21464eb0366a9258316f92" member_type: VOTER last_known_addr { host: "127.0.89.193" port: 36477 } }
I0521 22:30:05.814325 2530 leader_election.cc:302] T a894f47d27674d978d208a696539c513 P 0910ecf09a21464eb0366a9258316f92 [CANDIDATE]: Term 1 election: Election decided. Result: candidate won. Election summary: received 1 responses out of 1 voters: 1 yes votes; 0 no votes. yes voters: 0910ecf09a21464eb0366a9258316f92; no voters:
I0521 22:30:05.814685 2530 leader_election.cc:288] T a894f47d27674d978d208a696539c513 P 0910ecf09a21464eb0366a9258316f92 [CANDIDATE]: Term 1 election: Requested vote from peers
I0521 22:30:05.814844 2532 raft_consensus.cc:2721] T a894f47d27674d978d208a696539c513 P 0910ecf09a21464eb0366a9258316f92 [term 1 FOLLOWER]: Leader election won for term 1
I0521 22:30:05.815245 2532 raft_consensus.cc:683] T a894f47d27674d978d208a696539c513 P 0910ecf09a21464eb0366a9258316f92 [term 1 LEADER]: Becoming Leader. State: Replica: 0910ecf09a21464eb0366a9258316f92, State: Running, Role: LEADER
I0521 22:30:05.815752 2530 ts_tablet_manager.cc:1144] T a894f47d27674d978d208a696539c513 P 0910ecf09a21464eb0366a9258316f92: Time spent starting tablet: real 0.009s user 0.005s sys 0.000s
I0521 22:30:05.816256 2530 tablet_bootstrap.cc:440] T a29148539a414d429508dcb4d038f2bc P 0910ecf09a21464eb0366a9258316f92: Bootstrap starting.
I0521 22:30:05.815824 2532 consensus_queue.cc:227] T a894f47d27674d978d208a696539c513 P 0910ecf09a21464eb0366a9258316f92 [LEADER]: Queue going to LEADER mode. State: All replicated index: 0, Majority replicated index: 0, Committed index: 0, Last appended: 0.0, Last appended by leader: 0, Current term: 1, Majority size: 1, State: 0, Mode: LEADER, active raft config: opid_index: -1 OBSOLETE_local: true peers { permanent_uuid: "0910ecf09a21464eb0366a9258316f92" member_type: VOTER last_known_addr { host: "127.0.89.193" port: 36477 } }
I0521 22:30:05.819548 2530 tablet_bootstrap.cc:596] T a29148539a414d429508dcb4d038f2bc P 0910ecf09a21464eb0366a9258316f92: No blocks or log segments found. Creating new log.
I0521 22:30:05.824723 2408 catalog_manager.cc:4202] T a894f47d27674d978d208a696539c513 P 0910ecf09a21464eb0366a9258316f92 reported cstate change: term changed from 0 to 1, leader changed from to 0910ecf09a21464eb0366a9258316f92 (127.0.89.193). New cstate: current_term: 1 leader_uuid: "0910ecf09a21464eb0366a9258316f92" committed_config { opid_index: -1 OBSOLETE_local: true peers { permanent_uuid: "0910ecf09a21464eb0366a9258316f92" member_type: VOTER last_known_addr { host: "127.0.89.193" port: 36477 } health_report { overall_health: HEALTHY } } }
I0521 22:30:05.825706 2530 tablet_bootstrap.cc:440] T a29148539a414d429508dcb4d038f2bc P 0910ecf09a21464eb0366a9258316f92: No bootstrap required, opened a new log
I0521 22:30:05.825995 2530 ts_tablet_manager.cc:1115] T a29148539a414d429508dcb4d038f2bc P 0910ecf09a21464eb0366a9258316f92: Time spent bootstrapping tablet: real 0.010s user 0.005s sys 0.002s
I0521 22:30:05.827531 2530 raft_consensus.cc:342] T a29148539a414d429508dcb4d038f2bc P 0910ecf09a21464eb0366a9258316f92 [term 0 FOLLOWER]: Replica starting. Triggering 0 pending ops. Active config: opid_index: -1 OBSOLETE_local: true peers { permanent_uuid: "0910ecf09a21464eb0366a9258316f92" member_type: VOTER last_known_addr { host: "127.0.89.193" port: 36477 } }
I0521 22:30:05.827857 2530 raft_consensus.cc:368] T a29148539a414d429508dcb4d038f2bc P 0910ecf09a21464eb0366a9258316f92 [term 0 FOLLOWER]: Consensus starting up: Expiring failure detector timer to make a prompt election more likely
I0521 22:30:05.828048 2530 raft_consensus.cc:722] T a29148539a414d429508dcb4d038f2bc P 0910ecf09a21464eb0366a9258316f92 [term 0 FOLLOWER]: Becoming Follower/Learner. State: Replica: 0910ecf09a21464eb0366a9258316f92, State: Initialized, Role: FOLLOWER
I0521 22:30:05.828501 2530 consensus_queue.cc:250] T a29148539a414d429508dcb4d038f2bc P 0910ecf09a21464eb0366a9258316f92 [NON_LEADER]: Queue going to NON_LEADER mode. State: All replicated index: 0, Majority replicated index: 0, Committed index: 0, Last appended: 0.0, Last appended by leader: 0, Current term: 0, Majority size: -1, State: 0, Mode: NON_LEADER, active raft config: opid_index: -1 OBSOLETE_local: true peers { permanent_uuid: "0910ecf09a21464eb0366a9258316f92" member_type: VOTER last_known_addr { host: "127.0.89.193" port: 36477 } }
I0521 22:30:05.828897 2530 raft_consensus.cc:382] T a29148539a414d429508dcb4d038f2bc P 0910ecf09a21464eb0366a9258316f92 [term 0 FOLLOWER]: Only one voter in the Raft config. Triggering election immediately
I0521 22:30:05.829071 2530 raft_consensus.cc:478] T a29148539a414d429508dcb4d038f2bc P 0910ecf09a21464eb0366a9258316f92 [term 0 FOLLOWER]: Starting leader election (initial election of a single-replica configuration)
I0521 22:30:05.829282 2530 raft_consensus.cc:2975] T a29148539a414d429508dcb4d038f2bc P 0910ecf09a21464eb0366a9258316f92 [term 0 FOLLOWER]: Advancing to term 1
I0521 22:30:05.832379 2530 raft_consensus.cc:500] T a29148539a414d429508dcb4d038f2bc P 0910ecf09a21464eb0366a9258316f92 [term 1 FOLLOWER]: Starting leader election with config: opid_index: -1 OBSOLETE_local: true peers { permanent_uuid: "0910ecf09a21464eb0366a9258316f92" member_type: VOTER last_known_addr { host: "127.0.89.193" port: 36477 } }
I0521 22:30:05.832788 2530 leader_election.cc:302] T a29148539a414d429508dcb4d038f2bc P 0910ecf09a21464eb0366a9258316f92 [CANDIDATE]: Term 1 election: Election decided. Result: candidate won. Election summary: received 1 responses out of 1 voters: 1 yes votes; 0 no votes. yes voters: 0910ecf09a21464eb0366a9258316f92; no voters:
I0521 22:30:05.833151 2530 leader_election.cc:288] T a29148539a414d429508dcb4d038f2bc P 0910ecf09a21464eb0366a9258316f92 [CANDIDATE]: Term 1 election: Requested vote from peers
I0521 22:30:05.833287 2532 raft_consensus.cc:2721] T a29148539a414d429508dcb4d038f2bc P 0910ecf09a21464eb0366a9258316f92 [term 1 FOLLOWER]: Leader election won for term 1
I0521 22:30:05.833983 2532 raft_consensus.cc:683] T a29148539a414d429508dcb4d038f2bc P 0910ecf09a21464eb0366a9258316f92 [term 1 LEADER]: Becoming Leader. State: Replica: 0910ecf09a21464eb0366a9258316f92, State: Running, Role: LEADER
I0521 22:30:05.835291 2530 ts_tablet_manager.cc:1144] T a29148539a414d429508dcb4d038f2bc P 0910ecf09a21464eb0366a9258316f92: Time spent starting tablet: real 0.009s user 0.008s sys 0.001s
I0521 22:30:05.834985 2532 consensus_queue.cc:227] T a29148539a414d429508dcb4d038f2bc P 0910ecf09a21464eb0366a9258316f92 [LEADER]: Queue going to LEADER mode. State: All replicated index: 0, Majority replicated index: 0, Committed index: 0, Last appended: 0.0, Last appended by leader: 0, Current term: 1, Majority size: 1, State: 0, Mode: LEADER, active raft config: opid_index: -1 OBSOLETE_local: true peers { permanent_uuid: "0910ecf09a21464eb0366a9258316f92" member_type: VOTER last_known_addr { host: "127.0.89.193" port: 36477 } }
I0521 22:30:05.836107 2530 tablet_bootstrap.cc:440] T d6e9964553ec42c6aa013b2fa01417a5 P 0910ecf09a21464eb0366a9258316f92: Bootstrap starting.
I0521 22:30:05.841203 2530 tablet_bootstrap.cc:596] T d6e9964553ec42c6aa013b2fa01417a5 P 0910ecf09a21464eb0366a9258316f92: No blocks or log segments found. Creating new log.
I0521 22:30:05.844218 2408 catalog_manager.cc:4202] T a29148539a414d429508dcb4d038f2bc P 0910ecf09a21464eb0366a9258316f92 reported cstate change: term changed from 0 to 1, leader changed from to 0910ecf09a21464eb0366a9258316f92 (127.0.89.193). New cstate: current_term: 1 leader_uuid: "0910ecf09a21464eb0366a9258316f92" committed_config { opid_index: -1 OBSOLETE_local: true peers { permanent_uuid: "0910ecf09a21464eb0366a9258316f92" member_type: VOTER last_known_addr { host: "127.0.89.193" port: 36477 } health_report { overall_health: HEALTHY } } }
I0521 22:30:05.846611 2530 tablet_bootstrap.cc:440] T d6e9964553ec42c6aa013b2fa01417a5 P 0910ecf09a21464eb0366a9258316f92: No bootstrap required, opened a new log
I0521 22:30:05.846922 2530 ts_tablet_manager.cc:1115] T d6e9964553ec42c6aa013b2fa01417a5 P 0910ecf09a21464eb0366a9258316f92: Time spent bootstrapping tablet: real 0.011s user 0.009s sys 0.000s
I0521 22:30:05.849068 2530 raft_consensus.cc:342] T d6e9964553ec42c6aa013b2fa01417a5 P 0910ecf09a21464eb0366a9258316f92 [term 0 FOLLOWER]: Replica starting. Triggering 0 pending ops. Active config: opid_index: -1 OBSOLETE_local: true peers { permanent_uuid: "0910ecf09a21464eb0366a9258316f92" member_type: VOTER last_known_addr { host: "127.0.89.193" port: 36477 } }
I0521 22:30:05.849584 2530 raft_consensus.cc:368] T d6e9964553ec42c6aa013b2fa01417a5 P 0910ecf09a21464eb0366a9258316f92 [term 0 FOLLOWER]: Consensus starting up: Expiring failure detector timer to make a prompt election more likely
I0521 22:30:05.849859 2530 raft_consensus.cc:722] T d6e9964553ec42c6aa013b2fa01417a5 P 0910ecf09a21464eb0366a9258316f92 [term 0 FOLLOWER]: Becoming Follower/Learner. State: Replica: 0910ecf09a21464eb0366a9258316f92, State: Initialized, Role: FOLLOWER
I0521 22:30:05.850544 2530 consensus_queue.cc:250] T d6e9964553ec42c6aa013b2fa01417a5 P 0910ecf09a21464eb0366a9258316f92 [NON_LEADER]: Queue going to NON_LEADER mode. State: All replicated index: 0, Majority replicated index: 0, Committed index: 0, Last appended: 0.0, Last appended by leader: 0, Current term: 0, Majority size: -1, State: 0, Mode: NON_LEADER, active raft config: opid_index: -1 OBSOLETE_local: true peers { permanent_uuid: "0910ecf09a21464eb0366a9258316f92" member_type: VOTER last_known_addr { host: "127.0.89.193" port: 36477 } }
I0521 22:30:05.851106 2530 raft_consensus.cc:382] T d6e9964553ec42c6aa013b2fa01417a5 P 0910ecf09a21464eb0366a9258316f92 [term 0 FOLLOWER]: Only one voter in the Raft config. Triggering election immediately
I0521 22:30:05.851298 2530 raft_consensus.cc:478] T d6e9964553ec42c6aa013b2fa01417a5 P 0910ecf09a21464eb0366a9258316f92 [term 0 FOLLOWER]: Starting leader election (initial election of a single-replica configuration)
I0521 22:30:05.851538 2530 raft_consensus.cc:2975] T d6e9964553ec42c6aa013b2fa01417a5 P 0910ecf09a21464eb0366a9258316f92 [term 0 FOLLOWER]: Advancing to term 1
I0521 22:30:05.855159 2530 raft_consensus.cc:500] T d6e9964553ec42c6aa013b2fa01417a5 P 0910ecf09a21464eb0366a9258316f92 [term 1 FOLLOWER]: Starting leader election with config: opid_index: -1 OBSOLETE_local: true peers { permanent_uuid: "0910ecf09a21464eb0366a9258316f92" member_type: VOTER last_known_addr { host: "127.0.89.193" port: 36477 } }
I0521 22:30:05.855639 2530 leader_election.cc:302] T d6e9964553ec42c6aa013b2fa01417a5 P 0910ecf09a21464eb0366a9258316f92 [CANDIDATE]: Term 1 election: Election decided. Result: candidate won. Election summary: received 1 responses out of 1 voters: 1 yes votes; 0 no votes. yes voters: 0910ecf09a21464eb0366a9258316f92; no voters:
I0521 22:30:05.856083 2530 leader_election.cc:288] T d6e9964553ec42c6aa013b2fa01417a5 P 0910ecf09a21464eb0366a9258316f92 [CANDIDATE]: Term 1 election: Requested vote from peers
I0521 22:30:05.856215 2532 raft_consensus.cc:2721] T d6e9964553ec42c6aa013b2fa01417a5 P 0910ecf09a21464eb0366a9258316f92 [term 1 FOLLOWER]: Leader election won for term 1
I0521 22:30:05.856923 2532 raft_consensus.cc:683] T d6e9964553ec42c6aa013b2fa01417a5 P 0910ecf09a21464eb0366a9258316f92 [term 1 LEADER]: Becoming Leader. State: Replica: 0910ecf09a21464eb0366a9258316f92, State: Running, Role: LEADER
I0521 22:30:05.857601 2530 ts_tablet_manager.cc:1144] T d6e9964553ec42c6aa013b2fa01417a5 P 0910ecf09a21464eb0366a9258316f92: Time spent starting tablet: real 0.011s user 0.011s sys 0.000s
I0521 22:30:05.857522 2532 consensus_queue.cc:227] T d6e9964553ec42c6aa013b2fa01417a5 P 0910ecf09a21464eb0366a9258316f92 [LEADER]: Queue going to LEADER mode. State: All replicated index: 0, Majority replicated index: 0, Committed index: 0, Last appended: 0.0, Last appended by leader: 0, Current term: 1, Majority size: 1, State: 0, Mode: LEADER, active raft config: opid_index: -1 OBSOLETE_local: true peers { permanent_uuid: "0910ecf09a21464eb0366a9258316f92" member_type: VOTER last_known_addr { host: "127.0.89.193" port: 36477 } }
I0521 22:30:05.858280 2530 tablet_bootstrap.cc:440] T 0c6a8f75ffd44c92935ce8c24bb92a8e P 0910ecf09a21464eb0366a9258316f92: Bootstrap starting.
I0521 22:30:05.863596 2407 catalog_manager.cc:4202] T d6e9964553ec42c6aa013b2fa01417a5 P 0910ecf09a21464eb0366a9258316f92 reported cstate change: term changed from 0 to 1, leader changed from to 0910ecf09a21464eb0366a9258316f92 (127.0.89.193). New cstate: current_term: 1 leader_uuid: "0910ecf09a21464eb0366a9258316f92" committed_config { opid_index: -1 OBSOLETE_local: true peers { permanent_uuid: "0910ecf09a21464eb0366a9258316f92" member_type: VOTER last_known_addr { host: "127.0.89.193" port: 36477 } health_report { overall_health: HEALTHY } } }
I0521 22:30:05.867161 2530 tablet_bootstrap.cc:596] T 0c6a8f75ffd44c92935ce8c24bb92a8e P 0910ecf09a21464eb0366a9258316f92: No blocks or log segments found. Creating new log.
I0521 22:30:05.871395 2530 tablet_bootstrap.cc:440] T 0c6a8f75ffd44c92935ce8c24bb92a8e P 0910ecf09a21464eb0366a9258316f92: No bootstrap required, opened a new log
I0521 22:30:05.871735 2530 ts_tablet_manager.cc:1115] T 0c6a8f75ffd44c92935ce8c24bb92a8e P 0910ecf09a21464eb0366a9258316f92: Time spent bootstrapping tablet: real 0.014s user 0.005s sys 0.002s
I0521 22:30:05.873454 2530 raft_consensus.cc:342] T 0c6a8f75ffd44c92935ce8c24bb92a8e P 0910ecf09a21464eb0366a9258316f92 [term 0 FOLLOWER]: Replica starting. Triggering 0 pending ops. Active config: opid_index: -1 OBSOLETE_local: true peers { permanent_uuid: "0910ecf09a21464eb0366a9258316f92" member_type: VOTER last_known_addr { host: "127.0.89.193" port: 36477 } }
I0521 22:30:05.873790 2530 raft_consensus.cc:368] T 0c6a8f75ffd44c92935ce8c24bb92a8e P 0910ecf09a21464eb0366a9258316f92 [term 0 FOLLOWER]: Consensus starting up: Expiring failure detector timer to make a prompt election more likely
I0521 22:30:05.873958 2530 raft_consensus.cc:722] T 0c6a8f75ffd44c92935ce8c24bb92a8e P 0910ecf09a21464eb0366a9258316f92 [term 0 FOLLOWER]: Becoming Follower/Learner. State: Replica: 0910ecf09a21464eb0366a9258316f92, State: Initialized, Role: FOLLOWER
I0521 22:30:05.874433 2530 consensus_queue.cc:250] T 0c6a8f75ffd44c92935ce8c24bb92a8e P 0910ecf09a21464eb0366a9258316f92 [NON_LEADER]: Queue going to NON_LEADER mode. State: All replicated index: 0, Majority replicated index: 0, Committed index: 0, Last appended: 0.0, Last appended by leader: 0, Current term: 0, Majority size: -1, State: 0, Mode: NON_LEADER, active raft config: opid_index: -1 OBSOLETE_local: true peers { permanent_uuid: "0910ecf09a21464eb0366a9258316f92" member_type: VOTER last_known_addr { host: "127.0.89.193" port: 36477 } }
I0521 22:30:05.874859 2530 raft_consensus.cc:382] T 0c6a8f75ffd44c92935ce8c24bb92a8e P 0910ecf09a21464eb0366a9258316f92 [term 0 FOLLOWER]: Only one voter in the Raft config. Triggering election immediately
I0521 22:30:05.875031 2530 raft_consensus.cc:478] T 0c6a8f75ffd44c92935ce8c24bb92a8e P 0910ecf09a21464eb0366a9258316f92 [term 0 FOLLOWER]: Starting leader election (initial election of a single-replica configuration)
I0521 22:30:05.875283 2530 raft_consensus.cc:2975] T 0c6a8f75ffd44c92935ce8c24bb92a8e P 0910ecf09a21464eb0366a9258316f92 [term 0 FOLLOWER]: Advancing to term 1
I0521 22:30:05.878268 2530 raft_consensus.cc:500] T 0c6a8f75ffd44c92935ce8c24bb92a8e P 0910ecf09a21464eb0366a9258316f92 [term 1 FOLLOWER]: Starting leader election with config: opid_index: -1 OBSOLETE_local: true peers { permanent_uuid: "0910ecf09a21464eb0366a9258316f92" member_type: VOTER last_known_addr { host: "127.0.89.193" port: 36477 } }
I0521 22:30:05.878679 2530 leader_election.cc:302] T 0c6a8f75ffd44c92935ce8c24bb92a8e P 0910ecf09a21464eb0366a9258316f92 [CANDIDATE]: Term 1 election: Election decided. Result: candidate won. Election summary: received 1 responses out of 1 voters: 1 yes votes; 0 no votes. yes voters: 0910ecf09a21464eb0366a9258316f92; no voters:
I0521 22:30:05.879153 2530 leader_election.cc:288] T 0c6a8f75ffd44c92935ce8c24bb92a8e P 0910ecf09a21464eb0366a9258316f92 [CANDIDATE]: Term 1 election: Requested vote from peers
I0521 22:30:05.879297 2532 raft_consensus.cc:2721] T 0c6a8f75ffd44c92935ce8c24bb92a8e P 0910ecf09a21464eb0366a9258316f92 [term 1 FOLLOWER]: Leader election won for term 1
I0521 22:30:05.879884 2532 raft_consensus.cc:683] T 0c6a8f75ffd44c92935ce8c24bb92a8e P 0910ecf09a21464eb0366a9258316f92 [term 1 LEADER]: Becoming Leader. State: Replica: 0910ecf09a21464eb0366a9258316f92, State: Running, Role: LEADER
I0521 22:30:05.880352 2530 ts_tablet_manager.cc:1144] T 0c6a8f75ffd44c92935ce8c24bb92a8e P 0910ecf09a21464eb0366a9258316f92: Time spent starting tablet: real 0.008s user 0.005s sys 0.004s
I0521 22:30:05.880494 2532 consensus_queue.cc:227] T 0c6a8f75ffd44c92935ce8c24bb92a8e P 0910ecf09a21464eb0366a9258316f92 [LEADER]: Queue going to LEADER mode. State: All replicated index: 0, Majority replicated index: 0, Committed index: 0, Last appended: 0.0, Last appended by leader: 0, Current term: 1, Majority size: 1, State: 0, Mode: LEADER, active raft config: opid_index: -1 OBSOLETE_local: true peers { permanent_uuid: "0910ecf09a21464eb0366a9258316f92" member_type: VOTER last_known_addr { host: "127.0.89.193" port: 36477 } }
I0521 22:30:05.886193 2407 catalog_manager.cc:4202] T 0c6a8f75ffd44c92935ce8c24bb92a8e P 0910ecf09a21464eb0366a9258316f92 reported cstate change: term changed from 0 to 1, leader changed from to 0910ecf09a21464eb0366a9258316f92 (127.0.89.193). New cstate: current_term: 1 leader_uuid: "0910ecf09a21464eb0366a9258316f92" committed_config { opid_index: -1 OBSOLETE_local: true peers { permanent_uuid: "0910ecf09a21464eb0366a9258316f92" member_type: VOTER last_known_addr { host: "127.0.89.193" port: 36477 } health_report { overall_health: HEALTHY } } }
I0521 22:30:05.934867 359 tablet_server.cc:157] TabletServer@127.0.89.193:0 shutting down...
I0521 22:30:05.955356 359 ts_tablet_manager.cc:1199] Shutting down tablet manager...
I0521 22:30:05.955910 359 tablet_replica.cc:277] T d6e9964553ec42c6aa013b2fa01417a5 P 0910ecf09a21464eb0366a9258316f92: stopping tablet replica
I0521 22:30:05.956547 359 raft_consensus.cc:2186] T d6e9964553ec42c6aa013b2fa01417a5 P 0910ecf09a21464eb0366a9258316f92 [term 1 LEADER]: Raft consensus shutting down.
I0521 22:30:05.956872 359 raft_consensus.cc:2213] T d6e9964553ec42c6aa013b2fa01417a5 P 0910ecf09a21464eb0366a9258316f92 [term 1 FOLLOWER]: Raft consensus is shut down!
I0521 22:30:05.959492 359 tablet_replica.cc:277] T a894f47d27674d978d208a696539c513 P 0910ecf09a21464eb0366a9258316f92: stopping tablet replica
I0521 22:30:05.959959 359 raft_consensus.cc:2186] T a894f47d27674d978d208a696539c513 P 0910ecf09a21464eb0366a9258316f92 [term 1 LEADER]: Raft consensus shutting down.
I0521 22:30:05.960279 359 raft_consensus.cc:2213] T a894f47d27674d978d208a696539c513 P 0910ecf09a21464eb0366a9258316f92 [term 1 FOLLOWER]: Raft consensus is shut down!
I0521 22:30:05.962478 359 tablet_replica.cc:277] T 0e54106c9f2b41ddbd5598e955f7f2b9 P 0910ecf09a21464eb0366a9258316f92: stopping tablet replica
I0521 22:30:05.962899 359 raft_consensus.cc:2186] T 0e54106c9f2b41ddbd5598e955f7f2b9 P 0910ecf09a21464eb0366a9258316f92 [term 1 LEADER]: Raft consensus shutting down.
I0521 22:30:05.963160 359 raft_consensus.cc:2213] T 0e54106c9f2b41ddbd5598e955f7f2b9 P 0910ecf09a21464eb0366a9258316f92 [term 1 FOLLOWER]: Raft consensus is shut down!
I0521 22:30:05.965147 359 tablet_replica.cc:277] T a29148539a414d429508dcb4d038f2bc P 0910ecf09a21464eb0366a9258316f92: stopping tablet replica
I0521 22:30:05.965551 359 raft_consensus.cc:2186] T a29148539a414d429508dcb4d038f2bc P 0910ecf09a21464eb0366a9258316f92 [term 1 LEADER]: Raft consensus shutting down.
I0521 22:30:05.965808 359 raft_consensus.cc:2213] T a29148539a414d429508dcb4d038f2bc P 0910ecf09a21464eb0366a9258316f92 [term 1 FOLLOWER]: Raft consensus is shut down!
I0521 22:30:05.967653 359 tablet_replica.cc:277] T b46d06fd7afc4a64aca392c75116e7ac P 0910ecf09a21464eb0366a9258316f92: stopping tablet replica
I0521 22:30:05.968088 359 raft_consensus.cc:2186] T b46d06fd7afc4a64aca392c75116e7ac P 0910ecf09a21464eb0366a9258316f92 [term 1 LEADER]: Raft consensus shutting down.
I0521 22:30:05.968349 359 raft_consensus.cc:2213] T b46d06fd7afc4a64aca392c75116e7ac P 0910ecf09a21464eb0366a9258316f92 [term 1 FOLLOWER]: Raft consensus is shut down!
I0521 22:30:05.970758 359 tablet_replica.cc:277] T 35d79bbc87724c8a8e1d7617727056bf P 0910ecf09a21464eb0366a9258316f92: stopping tablet replica
I0521 22:30:05.971186 359 raft_consensus.cc:2186] T 35d79bbc87724c8a8e1d7617727056bf P 0910ecf09a21464eb0366a9258316f92 [term 1 LEADER]: Raft consensus shutting down.
I0521 22:30:05.971458 359 raft_consensus.cc:2213] T 35d79bbc87724c8a8e1d7617727056bf P 0910ecf09a21464eb0366a9258316f92 [term 1 FOLLOWER]: Raft consensus is shut down!
I0521 22:30:05.973563 359 tablet_replica.cc:277] T 550f3367b26d46b892a6c07eb4981bca P 0910ecf09a21464eb0366a9258316f92: stopping tablet replica
I0521 22:30:05.973950 359 raft_consensus.cc:2186] T 550f3367b26d46b892a6c07eb4981bca P 0910ecf09a21464eb0366a9258316f92 [term 1 LEADER]: Raft consensus shutting down.
I0521 22:30:05.974231 359 raft_consensus.cc:2213] T 550f3367b26d46b892a6c07eb4981bca P 0910ecf09a21464eb0366a9258316f92 [term 1 FOLLOWER]: Raft consensus is shut down!
I0521 22:30:05.976835 359 tablet_replica.cc:277] T 4199b9e1b41947a8bde6f17bd6245deb P 0910ecf09a21464eb0366a9258316f92: stopping tablet replica
I0521 22:30:05.977298 359 raft_consensus.cc:2186] T 4199b9e1b41947a8bde6f17bd6245deb P 0910ecf09a21464eb0366a9258316f92 [term 1 LEADER]: Raft consensus shutting down.
I0521 22:30:05.977579 359 raft_consensus.cc:2213] T 4199b9e1b41947a8bde6f17bd6245deb P 0910ecf09a21464eb0366a9258316f92 [term 1 FOLLOWER]: Raft consensus is shut down!
I0521 22:30:05.980262 359 tablet_replica.cc:277] T 0c6a8f75ffd44c92935ce8c24bb92a8e P 0910ecf09a21464eb0366a9258316f92: stopping tablet replica
I0521 22:30:05.980646 359 raft_consensus.cc:2186] T 0c6a8f75ffd44c92935ce8c24bb92a8e P 0910ecf09a21464eb0366a9258316f92 [term 1 LEADER]: Raft consensus shutting down.
I0521 22:30:05.980921 359 raft_consensus.cc:2213] T 0c6a8f75ffd44c92935ce8c24bb92a8e P 0910ecf09a21464eb0366a9258316f92 [term 1 FOLLOWER]: Raft consensus is shut down!
I0521 22:30:05.983238 359 tablet_replica.cc:277] T 98f91e535b574584b4c783a29cdeef7d P 0910ecf09a21464eb0366a9258316f92: stopping tablet replica
I0521 22:30:05.983608 359 raft_consensus.cc:2186] T 98f91e535b574584b4c783a29cdeef7d P 0910ecf09a21464eb0366a9258316f92 [term 1 LEADER]: Raft consensus shutting down.
