I0521 22:29:46.084740 2163 sys_catalog.cc:458] T 00000000000000000000000000000000 P d3706b80d38444ca81c41b4042787745 [sys.catalog]: configured and running, proceeding with master startup. WARNING: Logging before InitGoogleLogging() is written to STDERR
W0521 22:29:46.084787 2164 flags.cc:403] Enabled unsafe flag: --openssl_security_level_override=0
W0521 22:29:46.085501 2164 flags.cc:403] Enabled unsafe flag: --rpc_server_allow_ephemeral_ports=true
W0521 22:29:46.086380 2164 flags.cc:403] Enabled unsafe flag: --never_fsync=true
I0521 22:29:46.086666 2170 catalog_manager.cc:1131] Loading table and tablet metadata into memory...
I0521 22:29:46.093811 2173 catalog_manager.cc:609] Waiting for catalog manager background task thread to start: Service unavailable: Catalog manager is not initialized. State: Starting
I0521 22:29:46.099651 2170 catalog_manager.cc:1142] Initializing Kudu internal certificate authority...
W0521 22:29:46.099700 2164 flags.cc:403] Enabled experimental flag: --ipki_server_key_size=768
W0521 22:29:46.101253 2164 flags.cc:403] Enabled experimental flag: --local_ip_for_outbound_sockets=127.0.89.193
I0521 22:29:46.130321 2164 tablet_server_runner.cc:68] Tablet server non-default flags: --builtin_ntp_poll_interval_ms=100 --builtin_ntp_servers=127.0.89.212:42971 --ntp_initial_sync_wait_secs=10 --time_source=builtin --fs_data_dirs=/tmp/dist-test-taskopyat3/test-tmp/kudu-tool-test.2.ToolTest.TestPerfTabletScan.1590100104622499-359/minicluster-data/ts-0/data --fs_wal_dir=/tmp/dist-test-taskopyat3/test-tmp/kudu-tool-test.2.ToolTest.TestPerfTabletScan.1590100104622499-359/minicluster-data/ts-0/wal --ipki_server_key_size=768 --openssl_security_level_override=0 --rpc_bind_addresses=127.0.89.193:0 --rpc_server_allow_ephemeral_ports=true --metrics_log_interval_ms=1000 --server_dump_info_format=pb --server_dump_info_path=/tmp/dist-test-taskopyat3/test-tmp/kudu-tool-test.2.ToolTest.TestPerfTabletScan.1590100104622499-359/minicluster-data/ts-0/data/info.pb --webserver_interface=127.0.89.193 --webserver_port=0 --tserver_master_addrs=127.0.89.254:46765 --never_fsync=true --redact=none --unlock_experimental_flags=true --unlock_unsafe_flags=true --log_filename=kudu-tserver --enable_minidumps=false --local_ip_for_outbound_sockets=127.0.89.193 --log_dir=/tmp/dist-test-taskopyat3/test-tmp/kudu-tool-test.2.ToolTest.TestPerfTabletScan.1590100104622499-359/minicluster-data/ts-0/logs --logbuflevel=-1 --logtostderr=true Tablet server version: kudu 1.13.0-SNAPSHOT revision 1c6e9a70e819ae2aa7f189c121df80342e1174d1 build type FASTDEBUG built by None at 21 May 2020 22:15:25 UTC on jenkins-slave-snjf build id 21722 TSAN enabled
I0521 22:29:46.131798 2164 env_posix.cc:1747] Not raising this process' open files per process limit of 1048576; it is already as high as it can go
I0521 22:29:46.133996 2164 file_cache.cc:477] Constructed file cache file cache with capacity 419430
I0521 22:29:46.150919 2170 catalog_manager.cc:1026] Generated new certificate authority record
I0521 22:29:46.152654 2170 catalog_manager.cc:1151] Loading token signing keys...
I0521 22:29:46.163547 2164 hybrid_clock.cc:243] auto-selected time source: builtin
I0521 22:29:46.167629 2164 hybrid_clock.cc:572] waiting up to --ntp_initial_sync_wait_secs=10 seconds for the clock to synchronize
I0521 22:29:46.169085 2164 hybrid_clock.cc:590] HybridClock initialized: now 1590100186169025 us; error 76 us; skew 500 ppm
I0521 22:29:46.171607 2164 fs_manager.cc:259] Metadata directory not provided
I0521 22:29:46.171811 2164 fs_manager.cc:265] Using write-ahead log directory (fs_wal_dir) as metadata directory
I0521 22:29:46.172330 2164 server_base.cc:492] This appears to be a new deployment of Kudu; creating new FS layout
I0521 22:29:46.176517 2170 catalog_manager.cc:4538] T 00000000000000000000000000000000 P d3706b80d38444ca81c41b4042787745: Generated new TSK 0
I0521 22:29:46.177297 2170 catalog_manager.cc:1161] Initializing in-progress tserver states...
I0521 22:29:46.177139 2164 fs_manager.cc:617] Generated new instance metadata in path /tmp/dist-test-taskopyat3/test-tmp/kudu-tool-test.2.ToolTest.TestPerfTabletScan.1590100104622499-359/minicluster-data/ts-0/data/instance: uuid: "a9dab01160ba42c3b3131c7222096a7b" format_stamp: "Formatted at 2020-05-21 22:29:46 on dist-test-slave-dist-test-slave-jp1g"
I0521 22:29:46.178326 2164 fs_manager.cc:617] Generated new instance metadata in path /tmp/dist-test-taskopyat3/test-tmp/kudu-tool-test.2.ToolTest.TestPerfTabletScan.1590100104622499-359/minicluster-data/ts-0/wal/instance: uuid: "a9dab01160ba42c3b3131c7222096a7b" format_stamp: "Formatted at 2020-05-21 22:29:46 on dist-test-slave-dist-test-slave-jp1g"
I0521 22:29:46.217653 2164 fs_manager.cc:518] Time spent creating directory manager: real 0.039s user 0.040s sys 0.000s
I0521 22:29:46.232321 2164 fs_manager.cc:433] Time spent opening block manager: real 0.002s user 0.002s sys 0.000s
I0521 22:29:46.232559 2164 fs_manager.cc:451] Opened local filesystem: /tmp/dist-test-taskopyat3/test-tmp/kudu-tool-test.2.ToolTest.TestPerfTabletScan.1590100104622499-359/minicluster-data/ts-0/data,/tmp/dist-test-taskopyat3/test-tmp/kudu-tool-test.2.ToolTest.TestPerfTabletScan.1590100104622499-359/minicluster-data/ts-0/wal uuid: "a9dab01160ba42c3b3131c7222096a7b" format_stamp: "Formatted at 2020-05-21 22:29:46 on dist-test-slave-dist-test-slave-jp1g"
I0521 22:29:46.232969 2164 fs_report.cc:352] FS layout report -------------------- wal directory: /tmp/dist-test-taskopyat3/test-tmp/kudu-tool-test.2.ToolTest.TestPerfTabletScan.1590100104622499-359/minicluster-data/ts-0/wal metadata directory: /tmp/dist-test-taskopyat3/test-tmp/kudu-tool-test.2.ToolTest.TestPerfTabletScan.1590100104622499-359/minicluster-data/ts-0/wal 1 data directories: /tmp/dist-test-taskopyat3/test-tmp/kudu-tool-test.2.ToolTest.TestPerfTabletScan.1590100104622499-359/minicluster-data/ts-0/data/data Total live blocks: 0 Total live bytes: 0 Total live bytes (after alignment): 0 Total number of LBM containers: 0 (0 full) Did not check for missing blocks Did not check for orphaned blocks Total full LBM containers with extra space: 0 (0 repaired) Total full LBM container extra space in bytes: 0 (0 repaired) Total incomplete LBM containers: 0 (0 repaired) Total LBM partial records: 0 (0 repaired)
W0521 22:29:47.186486 2164 thread.cc:616] rpc reactor (reactor) Time spent creating pthread: real 0.906s user 0.381s sys 0.520s
W0521 22:29:47.186712 2164 thread.cc:582] rpc reactor (reactor) Time spent starting thread: real 0.906s user 0.381s sys 0.520s
I0521 22:29:47.201740 2164 env_posix.cc:1747] Not raising this process' running threads per effective uid limit of 18446744073709551615; it is already as high as it can go
I0521 22:29:47.210057 2164 ts_tablet_manager.cc:399] Loaded tablet metadata (0 total tablets, 0 live tablets)
I0521 22:29:47.210214 2164 ts_tablet_manager.cc:420] Registered 0 tablets
I0521 22:29:47.608525 2164 rpc_server.cc:221] RPC server started. Bound to: 127.0.89.193:44821
I0521 22:29:47.616590 2164 webserver.cc:381] Webserver started at http://127.0.89.193:33765/ using document root and password file
I0521 22:29:47.617759 2164 server_base.cc:675] Dumped server information to /tmp/dist-test-taskopyat3/test-tmp/kudu-tool-test.2.ToolTest.TestPerfTabletScan.1590100104622499-359/minicluster-data/ts-0/data/info.pb
I0521 22:29:47.622370 359 external_mini_cluster.cc:1078] Started /tmp/dist-test-taskopyat3/build/tsan/bin/kudu-tserver as pid 2164
I0521 22:29:47.653323 2296 heartbeater.cc:325] Connected to a master server at 127.0.89.254:46765
I0521 22:29:47.653702 2296 heartbeater.cc:416] Registering TS with master...
I0521 22:29:47.654428 2296 heartbeater.cc:465] Master 127.0.89.254:46765 requested a full tablet report, sending...
I0521 22:29:47.657124 2130 ts_manager.cc:191] Registered new tserver with Master: a9dab01160ba42c3b3131c7222096a7b (127.0.89.193:44821)
I0521 22:29:47.659360 359 external_mini_cluster.cc:699] 1 TS(s) registered with all masters
I0521 22:29:47.660064 2130 master_service.cc:349] Signed X509 certificate for tserver {username='slave'} at 127.0.89.193:55903
I0521 22:29:47.705260 2130 catalog_manager.cc:1501] Servicing CreateTable request from {username='slave'} at 127.0.0.1:40210: name: "perf.tablet_scan" schema { columns { name: "key" type: INT64 is_key: true is_nullable: false encoding: AUTO_ENCODING compression: DEFAULT_COMPRESSION cfile_block_size: 0 } columns { name: "bool_val" type: BOOL is_key: false is_nullable: false encoding: AUTO_ENCODING compression: DEFAULT_COMPRESSION cfile_block_size: 0 } columns { name: "int8_val" type: INT8 is_key: false is_nullable: false encoding: AUTO_ENCODING compression: DEFAULT_COMPRESSION cfile_block_size: 0 } columns { name: "int16_val" type: INT16 is_key: false is_nullable: false encoding: AUTO_ENCODING compression: DEFAULT_COMPRESSION cfile_block_size: 0 } columns { name: "int32_val" type: INT32 is_key: false is_nullable: false encoding: AUTO_ENCODING compression: DEFAULT_COMPRESSION cfile_block_size: 0 } columns { name: "int64_val" type: INT64 is_key: false is_nullable: false encoding: AUTO_ENCODING compression: DEFAULT_COMPRESSION cfile_block_size: 0 } columns { name: "float_val" type: FLOAT is_key: false is_nullable: false encoding: AUTO_ENCODING compression: DEFAULT_COMPRESSION cfile_block_size: 0 } columns { name: "double_val" type: DOUBLE is_key: false is_nullable: false encoding: AUTO_ENCODING compression: DEFAULT_COMPRESSION cfile_block_size: 0 } columns { name: "decimal32_val" type: DECIMAL32 is_key: false is_nullable: false encoding: AUTO_ENCODING compression: DEFAULT_COMPRESSION cfile_block_size: 0 type_attributes { precision: 9 scale: 9 } } columns { name: "decimal64_val" type: DECIMAL64 is_key: false is_nullable: false encoding: AUTO_ENCODING compression: DEFAULT_COMPRESSION cfile_block_size: 0 type_attributes { precision: 18 scale: 2 } } columns { name: "decimal128_val" type: DECIMAL128 is_key: false is_nullable: false encoding: AUTO_ENCODING compression: DEFAULT_COMPRESSION cfile_block_size: 0 type_attributes { precision: 38 scale: 0 } } columns { name: "unixtime_micros_val" type: UNIXTIME_MICROS is_key: false is_nullable: false encoding: AUTO_ENCODING compression: DEFAULT_COMPRESSION cfile_block_size: 0 } columns { name: "string_val" type: STRING is_key: false is_nullable: false encoding: AUTO_ENCODING compression: DEFAULT_COMPRESSION cfile_block_size: 0 } columns { name: "binary_val" type: BINARY is_key: false is_nullable: false encoding: AUTO_ENCODING compression: DEFAULT_COMPRESSION cfile_block_size: 0 } } num_replicas: 1 split_rows_range_bounds { } partition_schema { hash_bucket_schemas { columns { name: "key" } num_buckets: 2 seed: 0 } }
I0521 22:29:47.783131 2233 tablet_service.cc:1232] Processing CreateTablet for tablet 1cb4bafaa19d4ef78572eb91ea9759f8 (table=perf.tablet_scan [id=987aff7ff5ee4885bef9383653de689a]), partition=HASH (key) PARTITION 0, RANGE (key) PARTITION UNBOUNDED
I0521 22:29:47.784605 2233 data_dirs.cc:395] Could only allocate 1 dirs of requested 3 for tablet 1cb4bafaa19d4ef78572eb91ea9759f8. 1 dirs total, 0 dirs full, 0 dirs failed
I0521 22:29:47.783457 2232 tablet_service.cc:1232] Processing CreateTablet for tablet 2e505c82cd05412c8169b661e4933c6d (table=perf.tablet_scan [id=987aff7ff5ee4885bef9383653de689a]), partition=HASH (key) PARTITION 1, RANGE (key) PARTITION UNBOUNDED
I0521 22:29:47.829340 2232 data_dirs.cc:395] Could only allocate 1 dirs of requested 3 for tablet 2e505c82cd05412c8169b661e4933c6d. 1 dirs total, 0 dirs full, 0 dirs failed
I0521 22:29:47.831650 2313 tablet_bootstrap.cc:440] T 1cb4bafaa19d4ef78572eb91ea9759f8 P a9dab01160ba42c3b3131c7222096a7b: Bootstrap starting.
I0521 22:29:47.838368 2313 tablet_bootstrap.cc:596] T 1cb4bafaa19d4ef78572eb91ea9759f8 P a9dab01160ba42c3b3131c7222096a7b: No blocks or log segments found. Creating new log.
I0521 22:29:47.840920 2313 log.cc:819] T 1cb4bafaa19d4ef78572eb91ea9759f8 P a9dab01160ba42c3b3131c7222096a7b: Log is configured to *not* fsync() on all Append() calls
I0521 22:29:47.845337 2313 tablet_bootstrap.cc:440] T 1cb4bafaa19d4ef78572eb91ea9759f8 P a9dab01160ba42c3b3131c7222096a7b: No bootstrap required, opened a new log
I0521 22:29:47.845683 2313 ts_tablet_manager.cc:1115] T 1cb4bafaa19d4ef78572eb91ea9759f8 P a9dab01160ba42c3b3131c7222096a7b: Time spent bootstrapping tablet: real 0.014s user 0.006s sys 0.006s
I0521 22:29:47.858891 2313 raft_consensus.cc:342] T 1cb4bafaa19d4ef78572eb91ea9759f8 P a9dab01160ba42c3b3131c7222096a7b [term 0 FOLLOWER]: Replica starting. Triggering 0 pending ops. Active config: opid_index: -1 OBSOLETE_local: true peers { permanent_uuid: "a9dab01160ba42c3b3131c7222096a7b" member_type: VOTER last_known_addr { host: "127.0.89.193" port: 44821 } }
I0521 22:29:47.859606 2313 raft_consensus.cc:368] T 1cb4bafaa19d4ef78572eb91ea9759f8 P a9dab01160ba42c3b3131c7222096a7b [term 0 FOLLOWER]: Consensus starting up: Expiring failure detector timer to make a prompt election more likely
I0521 22:29:47.859863 2313 raft_consensus.cc:722] T 1cb4bafaa19d4ef78572eb91ea9759f8 P a9dab01160ba42c3b3131c7222096a7b [term 0 FOLLOWER]: Becoming Follower/Learner. State: Replica: a9dab01160ba42c3b3131c7222096a7b, State: Initialized, Role: FOLLOWER
I0521 22:29:47.860515 2313 consensus_queue.cc:250] T 1cb4bafaa19d4ef78572eb91ea9759f8 P a9dab01160ba42c3b3131c7222096a7b [NON_LEADER]: Queue going to NON_LEADER mode. State: All replicated index: 0, Majority replicated index: 0, Committed index: 0, Last appended: 0.0, Last appended by leader: 0, Current term: 0, Majority size: -1, State: 0, Mode: NON_LEADER, active raft config: opid_index: -1 OBSOLETE_local: true peers { permanent_uuid: "a9dab01160ba42c3b3131c7222096a7b" member_type: VOTER last_known_addr { host: "127.0.89.193" port: 44821 } }
I0521 22:29:47.860956 2313 raft_consensus.cc:382] T 1cb4bafaa19d4ef78572eb91ea9759f8 P a9dab01160ba42c3b3131c7222096a7b [term 0 FOLLOWER]: Only one voter in the Raft config. Triggering election immediately
I0521 22:29:47.861186 2313 raft_consensus.cc:478] T 1cb4bafaa19d4ef78572eb91ea9759f8 P a9dab01160ba42c3b3131c7222096a7b [term 0 FOLLOWER]: Starting leader election (initial election of a single-replica configuration)
I0521 22:29:47.861444 2313 raft_consensus.cc:2975] T 1cb4bafaa19d4ef78572eb91ea9759f8 P a9dab01160ba42c3b3131c7222096a7b [term 0 FOLLOWER]: Advancing to term 1
I0521 22:29:47.864981 2313 raft_consensus.cc:500] T 1cb4bafaa19d4ef78572eb91ea9759f8 P a9dab01160ba42c3b3131c7222096a7b [term 1 FOLLOWER]: Starting leader election with config: opid_index: -1 OBSOLETE_local: true peers { permanent_uuid: "a9dab01160ba42c3b3131c7222096a7b" member_type: VOTER last_known_addr { host: "127.0.89.193" port: 44821 } }
I0521 22:29:47.865567 2313 leader_election.cc:302] T 1cb4bafaa19d4ef78572eb91ea9759f8 P a9dab01160ba42c3b3131c7222096a7b [CANDIDATE]: Term 1 election: Election decided. Result: candidate won. Election summary: received 1 responses out of 1 voters: 1 yes votes; 0 no votes. yes voters: a9dab01160ba42c3b3131c7222096a7b; no voters:
I0521 22:29:47.867224 2315 raft_consensus.cc:2721] T 1cb4bafaa19d4ef78572eb91ea9759f8 P a9dab01160ba42c3b3131c7222096a7b [term 1 FOLLOWER]: Leader election won for term 1
I0521 22:29:47.868142 2313 leader_election.cc:288] T 1cb4bafaa19d4ef78572eb91ea9759f8 P a9dab01160ba42c3b3131c7222096a7b [CANDIDATE]: Term 1 election: Requested vote from peers
I0521 22:29:47.870077 2315 raft_consensus.cc:683] T 1cb4bafaa19d4ef78572eb91ea9759f8 P a9dab01160ba42c3b3131c7222096a7b [term 1 LEADER]: Becoming Leader. State: Replica: a9dab01160ba42c3b3131c7222096a7b, State: Running, Role: LEADER
I0521 22:29:47.870851 2296 heartbeater.cc:457] Master 127.0.89.254:46765 was elected leader, sending a full tablet report...
I0521 22:29:47.871038 2315 consensus_queue.cc:227] T 1cb4bafaa19d4ef78572eb91ea9759f8 P a9dab01160ba42c3b3131c7222096a7b [LEADER]: Queue going to LEADER mode. State: All replicated index: 0, Majority replicated index: 0, Committed index: 0, Last appended: 0.0, Last appended by leader: 0, Current term: 1, Majority size: 1, State: 0, Mode: LEADER, active raft config: opid_index: -1 OBSOLETE_local: true peers { permanent_uuid: "a9dab01160ba42c3b3131c7222096a7b" member_type: VOTER last_known_addr { host: "127.0.89.193" port: 44821 } }
I0521 22:29:47.877998 2313 ts_tablet_manager.cc:1144] T 1cb4bafaa19d4ef78572eb91ea9759f8 P a9dab01160ba42c3b3131c7222096a7b: Time spent starting tablet: real 0.032s user 0.020s sys 0.011s
I0521 22:29:47.878738 2313 tablet_bootstrap.cc:440] T 2e505c82cd05412c8169b661e4933c6d P a9dab01160ba42c3b3131c7222096a7b: Bootstrap starting.
I0521 22:29:47.886665 2313 tablet_bootstrap.cc:596] T 2e505c82cd05412c8169b661e4933c6d P a9dab01160ba42c3b3131c7222096a7b: No blocks or log segments found. Creating new log.
I0521 22:29:47.886720 2130 catalog_manager.cc:4202] T 1cb4bafaa19d4ef78572eb91ea9759f8 P a9dab01160ba42c3b3131c7222096a7b reported cstate change: term changed from 0 to 1, leader changed from to a9dab01160ba42c3b3131c7222096a7b (127.0.89.193). New cstate: current_term: 1 leader_uuid: "a9dab01160ba42c3b3131c7222096a7b" committed_config { opid_index: -1 OBSOLETE_local: true peers { permanent_uuid: "a9dab01160ba42c3b3131c7222096a7b" member_type: VOTER last_known_addr { host: "127.0.89.193" port: 44821 } health_report { overall_health: HEALTHY } } }
I0521 22:29:47.894315 2313 tablet_bootstrap.cc:440] T 2e505c82cd05412c8169b661e4933c6d P a9dab01160ba42c3b3131c7222096a7b: No bootstrap required, opened a new log
I0521 22:29:47.894680 2313 ts_tablet_manager.cc:1115] T 2e505c82cd05412c8169b661e4933c6d P a9dab01160ba42c3b3131c7222096a7b: Time spent bootstrapping tablet: real 0.016s user 0.006s sys 0.005s
I0521 22:29:47.896546 2313 raft_consensus.cc:342] T 2e505c82cd05412c8169b661e4933c6d P a9dab01160ba42c3b3131c7222096a7b [term 0 FOLLOWER]: Replica starting. Triggering 0 pending ops. Active config: opid_index: -1 OBSOLETE_local: true peers { permanent_uuid: "a9dab01160ba42c3b3131c7222096a7b" member_type: VOTER last_known_addr { host: "127.0.89.193" port: 44821 } }
I0521 22:29:47.896957 2313 raft_consensus.cc:368] T 2e505c82cd05412c8169b661e4933c6d P a9dab01160ba42c3b3131c7222096a7b [term 0 FOLLOWER]: Consensus starting up: Expiring failure detector timer to make a prompt election more likely
I0521 22:29:47.897137 2313 raft_consensus.cc:722] T 2e505c82cd05412c8169b661e4933c6d P a9dab01160ba42c3b3131c7222096a7b [term 0 FOLLOWER]: Becoming Follower/Learner. State: Replica: a9dab01160ba42c3b3131c7222096a7b, State: Initialized, Role: FOLLOWER
I0521 22:29:47.897619 2313 consensus_queue.cc:250] T 2e505c82cd05412c8169b661e4933c6d P a9dab01160ba42c3b3131c7222096a7b [NON_LEADER]: Queue going to NON_LEADER mode. State: All replicated index: 0, Majority replicated index: 0, Committed index: 0, Last appended: 0.0, Last appended by leader: 0, Current term: 0, Majority size: -1, State: 0, Mode: NON_LEADER, active raft config: opid_index: -1 OBSOLETE_local: true peers { permanent_uuid: "a9dab01160ba42c3b3131c7222096a7b" member_type: VOTER last_known_addr { host: "127.0.89.193" port: 44821 } }
I0521 22:29:47.898012 2313 raft_consensus.cc:382] T 2e505c82cd05412c8169b661e4933c6d P a9dab01160ba42c3b3131c7222096a7b [term 0 FOLLOWER]: Only one voter in the Raft config. Triggering election immediately
I0521 22:29:47.898248 2313 raft_consensus.cc:478] T 2e505c82cd05412c8169b661e4933c6d P a9dab01160ba42c3b3131c7222096a7b [term 0 FOLLOWER]: Starting leader election (initial election of a single-replica configuration)
I0521 22:29:47.898576 2313 raft_consensus.cc:2975] T 2e505c82cd05412c8169b661e4933c6d P a9dab01160ba42c3b3131c7222096a7b [term 0 FOLLOWER]: Advancing to term 1
I0521 22:29:47.901908 2313 raft_consensus.cc:500] T 2e505c82cd05412c8169b661e4933c6d P a9dab01160ba42c3b3131c7222096a7b [term 1 FOLLOWER]: Starting leader election with config: opid_index: -1 OBSOLETE_local: true peers { permanent_uuid: "a9dab01160ba42c3b3131c7222096a7b" member_type: VOTER last_known_addr { host: "127.0.89.193" port: 44821 } }
I0521 22:29:47.902542 2313 leader_election.cc:302] T 2e505c82cd05412c8169b661e4933c6d P a9dab01160ba42c3b3131c7222096a7b [CANDIDATE]: Term 1 election: Election decided. Result: candidate won. Election summary: received 1 responses out of 1 voters: 1 yes votes; 0 no votes. yes voters: a9dab01160ba42c3b3131c7222096a7b; no voters:
I0521 22:29:47.903072 2313 leader_election.cc:288] T 2e505c82cd05412c8169b661e4933c6d P a9dab01160ba42c3b3131c7222096a7b [CANDIDATE]: Term 1 election: Requested vote from peers
I0521 22:29:47.903223 2315 raft_consensus.cc:2721] T 2e505c82cd05412c8169b661e4933c6d P a9dab01160ba42c3b3131c7222096a7b [term 1 FOLLOWER]: Leader election won for term 1
I0521 22:29:47.903975 2315 raft_consensus.cc:683] T 2e505c82cd05412c8169b661e4933c6d P a9dab01160ba42c3b3131c7222096a7b [term 1 LEADER]: Becoming Leader. State: Replica: a9dab01160ba42c3b3131c7222096a7b, State: Running, Role: LEADER
I0521 22:29:47.904686 2315 consensus_queue.cc:227] T 2e505c82cd05412c8169b661e4933c6d P a9dab01160ba42c3b3131c7222096a7b [LEADER]: Queue going to LEADER mode. State: All replicated index: 0, Majority replicated index: 0, Committed index: 0, Last appended: 0.0, Last appended by leader: 0, Current term: 1, Majority size: 1, State: 0, Mode: LEADER, active raft config: opid_index: -1 OBSOLETE_local: true peers { permanent_uuid: "a9dab01160ba42c3b3131c7222096a7b" member_type: VOTER last_known_addr { host: "127.0.89.193" port: 44821 } }
I0521 22:29:47.907857 2313 ts_tablet_manager.cc:1144] T 2e505c82cd05412c8169b661e4933c6d P a9dab01160ba42c3b3131c7222096a7b: Time spent starting tablet: real 0.013s user 0.011s sys 0.001s
I0521 22:29:47.911069 2130 catalog_manager.cc:4202] T 2e505c82cd05412c8169b661e4933c6d P a9dab01160ba42c3b3131c7222096a7b reported cstate change: term changed from 0 to 1, leader changed from to a9dab01160ba42c3b3131c7222096a7b (127.0.89.193). New cstate: current_term: 1 leader_uuid: "a9dab01160ba42c3b3131c7222096a7b" committed_config { opid_index: -1 OBSOLETE_local: true peers { permanent_uuid: "a9dab01160ba42c3b3131c7222096a7b" member_type: VOTER last_known_addr { host: "127.0.89.193" port: 44821 } health_report { overall_health: HEALTHY } } }
W0521 22:29:48.146955 2322 flags.cc:403] Enabled unsafe flag: --openssl_security_level_override=0
W0521 22:29:48.147397 2322 flags.cc:403] Enabled unsafe flag: --never_fsync=true
W0521 22:29:49.009662 2322 thread.cc:616] rpc reactor (reactor) Time spent creating pthread: real 0.791s user 0.001s sys 0.001s
W0521 22:29:49.009865 2322 thread.cc:582] rpc reactor (reactor) Time spent starting thread: real 0.791s user 0.001s sys 0.001s Using table 'perf.tablet_scan' INSERT report rows total: 2000 time total: 718.279 ms time per row: 0.359139 ms
W0521 22:29:49.832731 2328 outbound_call.cc:285] RPC callback for RPC call kudu.tserver.TabletServerService.Write -> {remote=127.0.89.193:44821, user_credentials={real_user=slave}} blocked reactor thread for 58971.8us
I0521 22:29:50.807451 359 external_mini_cluster.cc:1234] Killing /tmp/dist-test-taskopyat3/build/tsan/bin/kudu-tserver with pid 2164
I0521 22:29:50.836561 359 external_mini_cluster.cc:1234] Killing /tmp/dist-test-taskopyat3/build/tsan/bin/kudu-master with pid 2100 2020-05-21T22:30:03Z chronyd exiting [ OK ] ToolTest.TestPerfTabletScan (18652 ms) [ RUN ] ToolTest.TestLocalReplicaDeleteMultiple
I0521 22:30:03.409620 359 internal_mini_cluster.cc:145] Creating distributed mini masters. Addrs: 127.0.89.254:44861
I0521 22:30:03.410622 359 env_posix.cc:1747] Not raising this process' open files per process limit of 1048576; it is already as high as it can go
I0521 22:30:03.411679 359 file_cache.cc:477] Constructed file cache file cache with capacity 419430
I0521 22:30:03.428217 359 hybrid_clock.cc:243] auto-selected time source: system_unsync
W0521 22:30:03.428437 359 system_unsync_time.cc:38] NTP support is disabled. Clock error bounds will not be accurate. This configuration is not suitable for distributed clusters.
I0521 22:30:03.428601 359 hybrid_clock.cc:590] HybridClock initialized: now 1590100203428575 us; error 0 us; skew 500 ppm
I0521 22:30:03.429735 359 fs_manager.cc:259] Metadata directory not provided
I0521 22:30:03.429896 359 fs_manager.cc:265] Using write-ahead log directory (fs_wal_dir) as metadata directory
I0521 22:30:03.430168 359 server_base.cc:492] This appears to be a new deployment of Kudu; creating new FS layout
I0521 22:30:03.431391 359 fs_manager.cc:617] Generated new instance metadata in path /tmp/dist-test-taskopyat3/test-tmp/kudu-tool-test.2.ToolTest.TestLocalReplicaDeleteMultiple.1590100104622499-359/minicluster-data/master-0-root/instance: uuid: "47ff8aad212b4c20850c8579a322c143" format_stamp: "Formatted at 2020-05-21 22:30:03 on dist-test-slave-dist-test-slave-jp1g"
I0521 22:30:03.451213 359 fs_manager.cc:518] Time spent creating directory manager: real 0.019s user 0.017s sys 0.004s
I0521 22:30:03.458099 359 fs_manager.cc:433] Time spent opening block manager: real 0.001s user 0.001s sys 0.000s
I0521 22:30:03.458272 359 fs_manager.cc:451] Opened local filesystem: /tmp/dist-test-taskopyat3/test-tmp/kudu-tool-test.2.ToolTest.TestLocalReplicaDeleteMultiple.1590100104622499-359/minicluster-data/master-0-root uuid: "47ff8aad212b4c20850c8579a322c143" format_stamp: "Formatted at 2020-05-21 22:30:03 on dist-test-slave-dist-test-slave-jp1g"
I0521 22:30:03.458546 359 fs_report.cc:352] FS layout report -------------------- wal directory: /tmp/dist-test-taskopyat3/test-tmp/kudu-tool-test.2.ToolTest.TestLocalReplicaDeleteMultiple.1590100104622499-359/minicluster-data/master-0-root metadata directory: /tmp/dist-test-taskopyat3/test-tmp/kudu-tool-test.2.ToolTest.TestLocalReplicaDeleteMultiple.1590100104622499-359/minicluster-data/master-0-root 1 data directories: /tmp/dist-test-taskopyat3/test-tmp/kudu-tool-test.2.ToolTest.TestLocalReplicaDeleteMultiple.1590100104622499-359/minicluster-data/master-0-root/data Total live blocks: 0 Total live bytes: 0 Total live bytes (after alignment): 0 Total number of LBM containers: 0 (0 full) Did not check for missing blocks Did not check for orphaned blocks Total full LBM containers with extra space: 0 (0 repaired) Total full LBM container extra space in bytes: 0 (0 repaired) Total incomplete LBM containers: 0 (0 repaired) Total LBM partial records: 0 (0 repaired)
I0521 22:30:03.475412 359 env_posix.cc:1747] Not raising this process' running threads per effective uid limit of 18446744073709551615; it is already as high as it can go
I0521 22:30:03.527745 359 rpc_server.cc:221] RPC server started. Bound to: 127.0.89.254:44861
I0521 22:30:03.530854 359 webserver.cc:381] Webserver started at http://127.0.89.254:38667/ using document root and password file
I0521 22:30:03.533741 2441 data_dirs.cc:395] Could only allocate 1 dirs of requested 3 for tablet 00000000000000000000000000000000. 1 dirs total, 0 dirs full, 0 dirs failed
I0521 22:30:03.543177 2441 tablet_bootstrap.cc:440] T 00000000000000000000000000000000 P 47ff8aad212b4c20850c8579a322c143: Bootstrap starting.
I0521 22:30:03.547410 2441 tablet_bootstrap.cc:596] T 00000000000000000000000000000000 P 47ff8aad212b4c20850c8579a322c143: No blocks or log segments found. Creating new log.
I0521 22:30:03.548965 2441 log.cc:819] T 00000000000000000000000000000000 P 47ff8aad212b4c20850c8579a322c143: Log is configured to *not* fsync() on all Append() calls
I0521 22:30:03.552780 2441 tablet_bootstrap.cc:440] T 00000000000000000000000000000000 P 47ff8aad212b4c20850c8579a322c143: No bootstrap required, opened a new log
I0521 22:30:03.566068 2441 raft_consensus.cc:342] T 00000000000000000000000000000000 P 47ff8aad212b4c20850c8579a322c143 [term 0 FOLLOWER]: Replica starting. Triggering 0 pending ops. Active config: opid_index: -1 OBSOLETE_local: true peers { permanent_uuid: "47ff8aad212b4c20850c8579a322c143" member_type: VOTER }
I0521 22:30:03.566495 2441 raft_consensus.cc:368] T 00000000000000000000000000000000 P 47ff8aad212b4c20850c8579a322c143 [term 0 FOLLOWER]: Consensus starting up: Expiring failure detector timer to make a prompt election more likely
I0521 22:30:03.566673 2441 raft_consensus.cc:722] T 00000000000000000000000000000000 P 47ff8aad212b4c20850c8579a322c143 [term 0 FOLLOWER]: Becoming Follower/Learner. State: Replica: 47ff8aad212b4c20850c8579a322c143, State: Initialized, Role: FOLLOWER
I0521 22:30:03.567260 2441 consensus_queue.cc:250] T 00000000000000000000000000000000 P 47ff8aad212b4c20850c8579a322c143 [NON_LEADER]: Queue going to NON_LEADER mode. State: All replicated index: 0, Majority replicated index: 0, Committed index: 0, Last appended: 0.0, Last appended by leader: 0, Current term: 0, Majority size: -1, State: 0, Mode: NON_LEADER, active raft config: opid_index: -1 OBSOLETE_local: true peers { permanent_uuid: "47ff8aad212b4c20850c8579a322c143" member_type: VOTER }
I0521 22:30:03.567679 2441 raft_consensus.cc:382] T 00000000000000000000000000000000 P 47ff8aad212b4c20850c8579a322c143 [term 0 FOLLOWER]: Only one voter in the Raft config. Triggering election immediately
I0521 22:30:03.567885 2441 raft_consensus.cc:478] T 00000000000000000000000000000000 P 47ff8aad212b4c20850c8579a322c143 [term 0 FOLLOWER]: Starting leader election (initial election of a single-replica configuration)
I0521 22:30:03.568138 2441 raft_consensus.cc:2975] T 00000000000000000000000000000000 P 47ff8aad212b4c20850c8579a322c143 [term 0 FOLLOWER]: Advancing to term 1
I0521 22:30:03.571199 2441 raft_consensus.cc:500] T 00000000000000000000000000000000 P 47ff8aad212b4c20850c8579a322c143 [term 1 FOLLOWER]: Starting leader election with config: opid_index: -1 OBSOLETE_local: true peers { permanent_uuid: "47ff8aad212b4c20850c8579a322c143" member_type: VOTER }
I0521 22:30:03.571782 2441 leader_election.cc:302] T 00000000000000000000000000000000 P 47ff8aad212b4c20850c8579a322c143 [CANDIDATE]: Term 1 election: Election decided. Result: candidate won. Election summary: received 1 responses out of 1 voters: 1 yes votes; 0 no votes. yes voters: 47ff8aad212b4c20850c8579a322c143; no voters:
I0521 22:30:03.573455 2441 leader_election.cc:288] T 00000000000000000000000000000000 P 47ff8aad212b4c20850c8579a322c143 [CANDIDATE]: Term 1 election: Requested vote from peers
I0521 22:30:03.573822 2443 raft_consensus.cc:2721] T 00000000000000000000000000000000 P 47ff8aad212b4c20850c8579a322c143 [term 1 FOLLOWER]: Leader election won for term 1
I0521 22:30:04.954149 2443 raft_consensus.cc:683] T 00000000000000000000000000000000 P 47ff8aad212b4c20850c8579a322c143 [term 1 LEADER]: Becoming Leader. State: Replica: 47ff8aad212b4c20850c8579a322c143, State: Running, Role: LEADER
W0521 22:30:04.954586 2441 thread.cc:616] raft [worker] (thread pool) Time spent creating pthread: real 1.380s user 0.529s sys 0.797s
W0521 22:30:04.954967 2441 thread.cc:582] raft [worker] (thread pool) Time spent starting thread: real 1.381s user 0.529s sys 0.797s
I0521 22:30:04.955472 2443 consensus_queue.cc:227] T 00000000000000000000000000000000 P 47ff8aad212b4c20850c8579a322c143 [LEADER]: Queue going to LEADER mode. State: All replicated index: 0, Majority replicated index: 0, Committed index: 0, Last appended: 0.0, Last appended by leader: 0, Current term: 1, Majority size: 1, State: 0, Mode: LEADER, active raft config: opid_index: -1 OBSOLETE_local: true peers { permanent_uuid: "47ff8aad212b4c20850c8579a322c143" member_type: VOTER }
I0521 22:30:04.966365 2441 sys_catalog.cc:458] T 00000000000000000000000000000000 P 47ff8aad212b4c20850c8579a322c143 [sys.catalog]: configured and running, proceeding with master startup.
I0521 22:30:04.965961 2447 sys_catalog.cc:357] T 00000000000000000000000000000000 P 47ff8aad212b4c20850c8579a322c143 [sys.catalog]: SysCatalogTable state changed. Reason: New leader 47ff8aad212b4c20850c8579a322c143. Latest consensus state: current_term: 1 leader_uuid: "47ff8aad212b4c20850c8579a322c143" committed_config { opid_index: -1 OBSOLETE_local: true peers { permanent_uuid: "47ff8aad212b4c20850c8579a322c143" member_type: VOTER } }
I0521 22:30:04.966800 2447 sys_catalog.cc:360] T 00000000000000000000000000000000 P 47ff8aad212b4c20850c8579a322c143 [sys.catalog]: This master's current role is: LEADER
I0521 22:30:04.966531 2444 sys_catalog.cc:357] T 00000000000000000000000000000000 P 47ff8aad212b4c20850c8579a322c143 [sys.catalog]: SysCatalogTable state changed. Reason: RaftConsensus started. Latest consensus state: current_term: 1 leader_uuid: "47ff8aad212b4c20850c8579a322c143" committed_config { opid_index: -1 OBSOLETE_local: true peers { permanent_uuid: "47ff8aad212b4c20850c8579a322c143" member_type: VOTER } }
I0521 22:30:04.967407 2444 sys_catalog.cc:360] T 00000000000000000000000000000000 P 47ff8aad212b4c20850c8579a322c143 [sys.catalog]: This master's current role is: LEADER
I0521 22:30:04.970005 359 internal_mini_cluster.cc:165] Waiting to initialize catalog manager on master 0
W0521 22:30:04.980154 2449 catalog_manager.cc:1201] T 00000000000000000000000000000000 P 47ff8aad212b4c20850c8579a322c143: acquiring CA information for follower catalog manager: Not found: root CA entry not found
W0521 22:30:04.980554 2449 catalog_manager.cc:667] Not found: root CA entry not found: failed to prepare follower catalog manager, will retry
I0521 22:30:04.981029 2450 catalog_manager.cc:1131] Loading table and tablet metadata into memory...
I0521 22:30:04.987768 2450 catalog_manager.cc:1142] Initializing Kudu internal certificate authority...
I0521 22:30:05.045461 2450 catalog_manager.cc:1026] Generated new certificate authority record
I0521 22:30:05.048125 2450 catalog_manager.cc:1151] Loading token signing keys...
I0521 22:30:05.071601 2450 catalog_manager.cc:4538] T 00000000000000000000000000000000 P 47ff8aad212b4c20850c8579a322c143: Generated new TSK 0
I0521 22:30:05.072623 2450 catalog_manager.cc:1161] Initializing in-progress tserver states...
I0521 22:30:05.102913 359 file_cache.cc:477] Constructed file cache file cache with capacity 419430
I0521 22:30:05.118731 359 hybrid_clock.cc:243] auto-selected time source: system_unsync
W0521 22:30:05.118894 359 system_unsync_time.cc:38] NTP support is disabled. Clock error bounds will not be accurate. This configuration is not suitable for distributed clusters.
I0521 22:30:05.119042 359 hybrid_clock.cc:590] HybridClock initialized: now 1590100205119026 us; error 0 us; skew 500 ppm
I0521 22:30:05.121176 359 fs_manager.cc:259] Metadata directory not provided
I0521 22:30:05.121337 359 fs_manager.cc:265] Using write-ahead log directory (fs_wal_dir) as metadata directory
I0521 22:30:05.121616 359 server_base.cc:492] This appears to be a new deployment of Kudu; creating new FS layout
I0521 22:30:05.122803 359 fs_manager.cc:617] Generated new instance metadata in path /tmp/dist-test-taskopyat3/test-tmp/kudu-tool-test.2.ToolTest.TestLocalReplicaDeleteMultiple.1590100104622499-359/minicluster-data/ts-0-root/instance: uuid: "0910ecf09a21464eb0366a9258316f92" format_stamp: "Formatted at 2020-05-21 22:30:05 on dist-test-slave-dist-test-slave-jp1g"
I0521 22:30:05.145967 359 fs_manager.cc:518] Time spent creating directory manager: real 0.023s user 0.017s sys 0.007s
I0521 22:30:05.153926 359 fs_manager.cc:433] Time spent opening block manager: real 0.001s user 0.000s sys 0.000s
I0521 22:30:05.154078 359 fs_manager.cc:451] Opened local filesystem: /tmp/dist-test-taskopyat3/test-tmp/kudu-tool-test.2.ToolTest.TestLocalReplicaDeleteMultiple.1590100104622499-359/minicluster-data/ts-0-root uuid: "0910ecf09a21464eb0366a9258316f92" format_stamp: "Formatted at 2020-05-21 22:30:05 on dist-test-slave-dist-test-slave-jp1g"
I0521 22:30:05.154356 359 fs_report.cc:352] FS layout report -------------------- wal directory: /tmp/dist-test-taskopyat3/test-tmp/kudu-tool-test.2.ToolTest.TestLocalReplicaDeleteMultiple.1590100104622499-359/minicluster-data/ts-0-root metadata directory: /tmp/dist-test-taskopyat3/test-tmp/kudu-tool-test.2.ToolTest.TestLocalReplicaDeleteMultiple.1590100104622499-359/minicluster-data/ts-0-root 1 data directories: /tmp/dist-test-taskopyat3/test-tmp/kudu-tool-test.2.ToolTest.TestLocalReplicaDeleteMultiple.1590100104622499-359/minicluster-data/ts-0-root/data Total live blocks: 0 Total live bytes: 0 Total live bytes (after alignment): 0 Total number of LBM containers: 0 (0 full) Did not check for missing blocks Did not check for orphaned blocks Total full LBM containers with extra space: 0 (0 repaired) Total full LBM container extra space in bytes: 0 (0 repaired) Total incomplete LBM containers: 0 (0 repaired) Total LBM partial records: 0 (0 repaired)
I0521 22:30:05.205652 359 ts_tablet_manager.cc:399] Loaded tablet metadata (0 total tablets, 0 live tablets)
I0521 22:30:05.205843 359 ts_tablet_manager.cc:420] Registered 0 tablets
I0521 22:30:05.340373 359 rpc_server.cc:221] RPC server started. Bound to: 127.0.89.193:36477
I0521 22:30:05.343741 359 webserver.cc:381] Webserver started at http://127.0.89.193:41991/ using document root and password file
I0521 22:30:05.365321 2518 heartbeater.cc:325] Connected to a master server at 127.0.89.254:44861
I0521 22:30:05.365645 2518 heartbeater.cc:416] Registering TS with master...
I0521 22:30:05.366303 2518 heartbeater.cc:465] Master 127.0.89.254:44861 requested a full tablet report, sending...
I0521 22:30:05.368721 2408 ts_manager.cc:191] Registered new tserver with Master: 0910ecf09a21464eb0366a9258316f92 (127.0.89.193:36477)
I0521 22:30:05.369124 359 internal_mini_cluster.cc:328] 1 TS(s) registered with all masters after 0.022294707s
I0521 22:30:05.371850 2408 master_service.cc:349] Signed X509 certificate for tserver {username='slave'} at 127.0.0.1:43614
I0521 22:30:05.373600 359 test_util.cc:232] Using random seed: 233179269
I0521 22:30:05.412448 2408 catalog_manager.cc:1501] Servicing CreateTable request from {username='slave'} at 127.0.0.1:43616: name: "test-workload" schema { columns { name: "key" type: INT32 is_key: true is_nullable: false encoding: AUTO_ENCODING compression: DEFAULT_COMPRESSION cfile_block_size: 0 } columns { name: "int_val" type: INT32 is_key: false is_nullable: false encoding: AUTO_ENCODING compression: DEFAULT_COMPRESSION cfile_block_size: 0 } columns { name: "string_val" type: STRING is_key: false is_nullable: true encoding: AUTO_ENCODING compression: DEFAULT_COMPRESSION cfile_block_size: 0 } } num_replicas: 1 split_rows_range_bounds { rows: "\004\001\000\314\314\314\014\004\001\000\230\231\231\031\004\001\000dff&\004\001\0000333\004\001\000\374\377\377?\004\001\000\310\314\314L\004\001\000\224\231\231Y\004\001\000`fff\004\001\000,33s" indirect_data: "" } partition_schema { range_schema { columns { name: "key" } } }
I0521 22:30:05.474156 2483 tablet_service.cc:1232] Processing CreateTablet for tablet 0e54106c9f2b41ddbd5598e955f7f2b9 (table=test-workload [id=be2be18755a04d98a14932092b5d8230]), partition=RANGE (key) PARTITION 429496728 <= VALUES < 644245092
I0521 22:30:05.474301 2482 tablet_service.cc:1232] Processing CreateTablet for tablet 0c6a8f75ffd44c92935ce8c24bb92a8e (table=test-workload [id=be2be18755a04d98a14932092b5d8230]), partition=RANGE (key) PARTITION 644245092 <= VALUES < 858993456
I0521 22:30:05.475423 2483 data_dirs.cc:395] Could only allocate 1 dirs of requested 3 for tablet 0e54106c9f2b41ddbd5598e955f7f2b9. 1 dirs total, 0 dirs full, 0 dirs failed
I0521 22:30:05.477579 2480 tablet_service.cc:1232] Processing CreateTablet for tablet 4199b9e1b41947a8bde6f17bd6245deb (table=test-workload [id=be2be18755a04d98a14932092b5d8230]), partition=RANGE (key) PARTITION 1073741820 <= VALUES < 1288490184
I0521 22:30:05.479655 2484 tablet_service.cc:1232] Processing CreateTablet for tablet d6e9964553ec42c6aa013b2fa01417a5 (table=test-workload [id=be2be18755a04d98a14932092b5d8230]), partition=RANGE (key) PARTITION 214748364 <= VALUES < 429496728
I0521 22:30:05.480698 2480 data_dirs.cc:395] Could only allocate 1 dirs of requested 3 for tablet 4199b9e1b41947a8bde6f17bd6245deb. 1 dirs total, 0 dirs full, 0 dirs failed
I0521 22:30:05.481163 2481 tablet_service.cc:1232] Processing CreateTablet for tablet a894f47d27674d978d208a696539c513 (table=test-workload [id=be2be18755a04d98a14932092b5d8230]), partition=RANGE (key) PARTITION 858993456 <= VALUES < 1073741820
I0521 22:30:05.483100 2481 data_dirs.cc:395] Could only allocate 1 dirs of requested 3 for tablet a894f47d27674d978d208a696539c513. 1 dirs total, 0 dirs full, 0 dirs failed
I0521 22:30:05.485837 2479 tablet_service.cc:1232] Processing CreateTablet for tablet 98f91e535b574584b4c783a29cdeef7d (table=test-workload [id=be2be18755a04d98a14932092b5d8230]), partition=RANGE (key) PARTITION 1288490184 <= VALUES < 1503238548
I0521 22:30:05.487241 2479 data_dirs.cc:395] Could only allocate 1 dirs of requested 3 for tablet 98f91e535b574584b4c783a29cdeef7d. 1 dirs total, 0 dirs full, 0 dirs failed
I0521 22:30:05.486464 2478 tablet_service.cc:1232] Processing CreateTablet for tablet 35d79bbc87724c8a8e1d7617727056bf (table=test-workload [id=be2be18755a04d98a14932092b5d8230]), partition=RANGE (key) PARTITION 1503238548 <= VALUES < 1717986912
I0521 22:30:05.490686 2477 tablet_service.cc:1232] Processing CreateTablet for tablet a29148539a414d429508dcb4d038f2bc (table=test-workload [id=be2be18755a04d98a14932092b5d8230]), partition=RANGE (key) PARTITION 1717986912 <= VALUES < 1932735276
I0521 22:30:05.491636 2485 tablet_service.cc:1232] Processing CreateTablet for tablet 550f3367b26d46b892a6c07eb4981bca (table=test-workload [id=be2be18755a04d98a14932092b5d8230]), partition=RANGE (key) PARTITION VALUES < 214748364
I0521 22:30:05.492668 2478 data_dirs.cc:395] Could only allocate 1 dirs of requested 3 for tablet 35d79bbc87724c8a8e1d7617727056bf. 1 dirs total, 0 dirs full, 0 dirs failed
I0521 22:30:05.493237 2485 data_dirs.cc:395] Could only allocate 1 dirs of requested 3 for tablet 550f3367b26d46b892a6c07eb4981bca. 1 dirs total, 0 dirs full, 0 dirs failed
I0521 22:30:05.498123 2476 tablet_service.cc:1232] Processing CreateTablet for tablet b46d06fd7afc4a64aca392c75116e7ac (table=test-workload [id=be2be18755a04d98a14932092b5d8230]), partition=RANGE (key) PARTITION VALUES >= 1932735276
I0521 22:30:05.499877 2476 data_dirs.cc:395] Could only allocate 1 dirs of requested 3 for tablet b46d06fd7afc4a64aca392c75116e7ac. 1 dirs total, 0 dirs full, 0 dirs failed
I0521 22:30:05.583988 2484 data_dirs.cc:395] Could only allocate 1 dirs of requested 3 for tablet d6e9964553ec42c6aa013b2fa01417a5. 1 dirs total, 0 dirs full, 0 dirs failed
I0521 22:30:05.588301 2477 data_dirs.cc:395] Could only allocate 1 dirs of requested 3 for tablet a29148539a414d429508dcb4d038f2bc. 1 dirs total, 0 dirs full, 0 dirs failed
I0521 22:30:05.589283 2482 data_dirs.cc:395] Could only allocate 1 dirs of requested 3 for tablet 0c6a8f75ffd44c92935ce8c24bb92a8e. 1 dirs total, 0 dirs full, 0 dirs failed
I0521 22:30:05.616559 2530 tablet_bootstrap.cc:440] T 98f91e535b574584b4c783a29cdeef7d P 0910ecf09a21464eb0366a9258316f92: Bootstrap starting.
I0521 22:30:05.620239 2530 tablet_bootstrap.cc:596] T 98f91e535b574584b4c783a29cdeef7d P 0910ecf09a21464eb0366a9258316f92: No blocks or log segments found. Creating new log.
I0521 22:30:05.626850 2530 tablet_bootstrap.cc:440] T 98f91e535b574584b4c783a29cdeef7d P 0910ecf09a21464eb0366a9258316f92: No bootstrap required, opened a new log
I0521 22:30:05.627166 2530 ts_tablet_manager.cc:1115] T 98f91e535b574584b4c783a29cdeef7d P 0910ecf09a21464eb0366a9258316f92: Time spent bootstrapping tablet: real 0.011s user 0.009s sys 0.000s
I0521 22:30:05.629106 2530 raft_consensus.cc:342] T 98f91e535b574584b4c783a29cdeef7d P 0910ecf09a21464eb0366a9258316f92 [term 0 FOLLOWER]: Replica starting. Triggering 0 pending ops. Active config: opid_index: -1 OBSOLETE_local: true peers { permanent_uuid: "0910ecf09a21464eb0366a9258316f92" member_type: VOTER last_known_addr { host: "127.0.89.193" port: 36477 } }
I0521 22:30:05.629478 2530 raft_consensus.cc:368] T 98f91e535b574584b4c783a29cdeef7d P 0910ecf09a21464eb0366a9258316f92 [term 0 FOLLOWER]: Consensus starting up: Expiring failure detector timer to make a prompt election more likely
I0521 22:30:05.629676 2530 raft_consensus.cc:722] T 98f91e535b574584b4c783a29cdeef7d P 0910ecf09a21464eb0366a9258316f92 [term 0 FOLLOWER]: Becoming Follower/Learner. State: Replica: 0910ecf09a21464eb0366a9258316f92, State: Initialized, Role: FOLLOWER
I0521 22:30:05.630190 2530 consensus_queue.cc:250] T 98f91e535b574584b4c783a29cdeef7d P 0910ecf09a21464eb0366a9258316f92 [NON_LEADER]: Queue going to NON_LEADER mode. State: All replicated index: 0, Majority replicated index: 0, Committed index: 0, Last appended: 0.0, Last appended by leader: 0, Current term: 0, Majority size: -1, State: 0, Mode: NON_LEADER, active raft config: opid_index: -1 OBSOLETE_local: true peers { permanent_uuid: "0910ecf09a21464eb0366a9258316f92" member_type: VOTER last_known_addr { host: "127.0.89.193" port: 36477 } }
I0521 22:30:05.630625 2530 raft_consensus.cc:382] T 98f91e535b574584b4c783a29cdeef7d P 0910ecf09a21464eb0366a9258316f92 [term 0 FOLLOWER]: Only one voter in the Raft config. Triggering election immediately
I0521 22:30:05.630834 2530 raft_consensus.cc:478] T 98f91e535b574584b4c783a29cdeef7d P 0910ecf09a21464eb0366a9258316f92 [term 0 FOLLOWER]: Starting leader election (initial election of a single-replica configuration)
I0521 22:30:05.631075 2530 raft_consensus.cc:2975] T 98f91e535b574584b4c783a29cdeef7d P 0910ecf09a21464eb0366a9258316f92 [term 0 FOLLOWER]: Advancing to term 1
I0521 22:30:05.634536 2530 raft_consensus.cc:500] T 98f91e535b574584b4c783a29cdeef7d P 0910ecf09a21464eb0366a9258316f92 [term 1 FOLLOWER]: Starting leader election with config: opid_index: -1 OBSOLETE_local: true peers { permanent_uuid: "0910ecf09a21464eb0366a9258316f92" member_type: VOTER last_known_addr { host: "127.0.89.193" port: 36477 } }
I0521 22:30:05.635002 2530 leader_election.cc:302] T 98f91e535b574584b4c783a29cdeef7d P 0910ecf09a21464eb0366a9258316f92 [CANDIDATE]: Term 1 election: Election decided. Result: candidate won. Election summary: received 1 responses out of 1 voters: 1 yes votes; 0 no votes. yes voters: 0910ecf09a21464eb0366a9258316f92; no voters:
I0521 22:30:05.636137 2532 raft_consensus.cc:2721] T 98f91e535b574584b4c783a29cdeef7d P 0910ecf09a21464eb0366a9258316f92 [term 1 FOLLOWER]: Leader election won for term 1
I0521 22:30:05.636839 2530 leader_election.cc:288] T 98f91e535b574584b4c783a29cdeef7d P 0910ecf09a21464eb0366a9258316f92 [CANDIDATE]: Term 1 election: Requested vote from peers
I0521 22:30:05.638892 2532 raft_consensus.cc:683] T 98f91e535b574584b4c783a29cdeef7d P 0910ecf09a21464eb0366a9258316f92 [term 1 LEADER]: Becoming Leader. State: Replica: 0910ecf09a21464eb0366a9258316f92, State: Running, Role: LEADER
I0521 22:30:05.640213 2530 ts_tablet_manager.cc:1144] T 98f91e535b574584b4c783a29cdeef7d P 0910ecf09a21464eb0366a9258316f92: Time spent starting tablet: real 0.013s user 0.012s sys 0.000s
I0521 22:30:05.640341 2518 heartbeater.cc:457] Master 127.0.89.254:44861 was elected leader, sending a full tablet report...
I0521 22:30:05.641233 2532 consensus_queue.cc:227] T 98f91e535b574584b4c783a29cdeef7d P 0910ecf09a21464eb0366a9258316f92 [LEADER]: Queue going to LEADER mode. State: All replicated index: 0, Majority replicated index: 0, Committed index: 0, Last appended: 0.0, Last appended by leader: 0, Current term: 1, Majority size: 1, State: 0, Mode: LEADER, active raft config: opid_index: -1 OBSOLETE_local: true peers { permanent_uuid: "0910ecf09a21464eb0366a9258316f92" member_type: VOTER last_known_addr { host: "127.0.89.193" port: 36477 } }
I0521 22:30:05.642109 2530 tablet_bootstrap.cc:440] T 550f3367b26d46b892a6c07eb4981bca P 0910ecf09a21464eb0366a9258316f92: Bootstrap starting.
I0521 22:30:05.648350 2530 tablet_bootstrap.cc:596] T 550f3367b26d46b892a6c07eb4981bca P 0910ecf09a21464eb0366a9258316f92: No blocks or log segments found. Creating new log.
I0521 22:30:05.654817 2408 catalog_manager.cc:4202] T 98f91e535b574584b4c783a29cdeef7d P 0910ecf09a21464eb0366a9258316f92 reported cstate change: term changed from 0 to 1, leader changed from to 0910ecf09a21464eb0366a9258316f92 (127.0.89.193). New cstate: current_term: 1 leader_uuid: "0910ecf09a21464eb0366a9258316f92" committed_config { opid_index: -1 OBSOLETE_local: true peers { permanent_uuid: "0910ecf09a21464eb0366a9258316f92" member_type: VOTER last_known_addr { host: "127.0.89.193" port: 36477 } health_report { overall_health: HEALTHY } } }
I0521 22:30:05.665611 2530 tablet_bootstrap.cc:440] T 550f3367b26d46b892a6c07eb4981bca P 0910ecf09a21464eb0366a9258316f92: No bootstrap required, opened a new log
I0521 22:30:05.665932 2530 ts_tablet_manager.cc:1115] T 550f3367b26d46b892a6c07eb4981bca P 0910ecf09a21464eb0366a9258316f92: Time spent bootstrapping tablet: real 0.024s user 0.004s sys 0.006s
I0521 22:30:05.667745 2530 raft_consensus.cc:342] T 550f3367b26d46b892a6c07eb4981bca P 0910ecf09a21464eb0366a9258316f92 [term 0 FOLLOWER]: Replica starting. Triggering 0 pending ops. Active config: opid_index: -1 OBSOLETE_local: true peers { permanent_uuid: "0910ecf09a21464eb0366a9258316f92" member_type: VOTER last_known_addr { host: "127.0.89.193" port: 36477 } }
I0521 22:30:05.668292 2530 raft_consensus.cc:368] T 550f3367b26d46b892a6c07eb4981bca P 0910ecf09a21464eb0366a9258316f92 [term 0 FOLLOWER]: Consensus starting up: Expiring failure detector timer to make a prompt election more likely
I0521 22:30:05.668530 2530 raft_consensus.cc:722] T 550f3367b26d46b892a6c07eb4981bca P 0910ecf09a21464eb0366a9258316f92 [term 0 FOLLOWER]: Becoming Follower/Learner. State: Replica: 0910ecf09a21464eb0366a9258316f92, State: Initialized, Role: FOLLOWER
