I0521 22:29:11.815485 1015 ts_manager.cc:191] Registered new tserver with Master: e4889a5698f944459719d537988dbaea (127.0.89.195:35691)
I0521 22:29:11.817246 1015 master_service.cc:349] Signed X509 certificate for tserver {username='slave'} at 127.0.89.195:41683
I0521 22:29:11.818189 359 external_mini_cluster.cc:699] 3 TS(s) registered with all masters
I0521 22:29:11.851701 1015 catalog_manager.cc:1501] Servicing CreateTable request from {username='slave'} at 127.0.0.1:50490: name: "bench_manual_flush" schema { columns { name: "key" type: INT64 is_key: true is_nullable: false encoding: AUTO_ENCODING compression: DEFAULT_COMPRESSION cfile_block_size: 0 } columns { name: "bool_val" type: BOOL is_key: false is_nullable: false encoding: AUTO_ENCODING compression: DEFAULT_COMPRESSION cfile_block_size: 0 } columns { name: "int8_val" type: INT8 is_key: false is_nullable: false encoding: AUTO_ENCODING compression: DEFAULT_COMPRESSION cfile_block_size: 0 } columns { name: "int16_val" type: INT16 is_key: false is_nullable: false encoding: AUTO_ENCODING compression: DEFAULT_COMPRESSION cfile_block_size: 0 } columns { name: "int32_val" type: INT32 is_key: false is_nullable: false encoding: AUTO_ENCODING compression: DEFAULT_COMPRESSION cfile_block_size: 0 } columns { name: "int64_val" type: INT64 is_key: false is_nullable: false encoding: AUTO_ENCODING compression: DEFAULT_COMPRESSION cfile_block_size: 0 } columns { name: "float_val" type: FLOAT is_key: false is_nullable: false encoding: AUTO_ENCODING compression: DEFAULT_COMPRESSION cfile_block_size: 0 } columns { name: "double_val" type: DOUBLE is_key: false is_nullable: false encoding: AUTO_ENCODING compression: DEFAULT_COMPRESSION cfile_block_size: 0 } columns { name: "decimal32_val" type: DECIMAL32 is_key: false is_nullable: false encoding: AUTO_ENCODING compression: DEFAULT_COMPRESSION cfile_block_size: 0 type_attributes { precision: 9 scale: 9 } } columns { name: "decimal64_val" type: DECIMAL64 is_key: false is_nullable: false encoding: AUTO_ENCODING compression: DEFAULT_COMPRESSION cfile_block_size: 0 type_attributes { precision: 18 scale: 2 } } columns { name: "decimal128_val" type: DECIMAL128 is_key: false is_nullable: false encoding: AUTO_ENCODING compression: DEFAULT_COMPRESSION cfile_block_size: 0 type_attributes { precision: 38 scale: 0 } } columns { name: "unixtime_micros_val" type: UNIXTIME_MICROS is_key: false is_nullable: false encoding: AUTO_ENCODING compression: DEFAULT_COMPRESSION cfile_block_size: 0 } columns { name: "string_val" type: STRING is_key: false is_nullable: false encoding: AUTO_ENCODING compression: DEFAULT_COMPRESSION cfile_block_size: 0 } columns { name: "binary_val" type: BINARY is_key: false is_nullable: false encoding: AUTO_ENCODING compression: DEFAULT_COMPRESSION cfile_block_size: 0 } } num_replicas: 3 split_rows_range_bounds { } partition_schema { hash_bucket_schemas { columns { name: "key" } num_buckets: 2 seed: 0 } }
W0521 22:29:11.866477 1015 catalog_manager.cc:1666] The number of live tablet servers is not enough to re-replicate a tablet replica of the newly created table bench_manual_flush in case of a server failure: 4 tablet servers would be needed, 3 are available. Consider bringing up more tablet servers.
I0521 22:29:11.927067 1244 tablet_service.cc:1232] Processing CreateTablet for tablet db62be61ab374802a1d543ea858f9113 (table=bench_manual_flush [id=9436caed107d45b6aac9e72ee79baf33]), partition=HASH (key) PARTITION 0, RANGE (key) PARTITION UNBOUNDED
I0521 22:29:11.929874 1244 data_dirs.cc:395] Could only allocate 1 dirs of requested 3 for tablet db62be61ab374802a1d543ea858f9113. 1 dirs total, 0 dirs full, 0 dirs failed
I0521 22:29:11.933924 1369 tablet_service.cc:1232] Processing CreateTablet for tablet e7001908da8140df8082f3243384a351 (table=bench_manual_flush [id=9436caed107d45b6aac9e72ee79baf33]), partition=HASH (key) PARTITION 1, RANGE (key) PARTITION UNBOUNDED
I0521 22:29:11.936858 1369 data_dirs.cc:395] Could only allocate 1 dirs of requested 3 for tablet e7001908da8140df8082f3243384a351. 1 dirs total, 0 dirs full, 0 dirs failed
I0521 22:29:11.930771 1118 tablet_service.cc:1232] Processing CreateTablet for tablet db62be61ab374802a1d543ea858f9113 (table=bench_manual_flush [id=9436caed107d45b6aac9e72ee79baf33]), partition=HASH (key) PARTITION 0, RANGE (key) PARTITION UNBOUNDED
I0521 22:29:11.941782 1118 data_dirs.cc:395] Could only allocate 1 dirs of requested 3 for tablet db62be61ab374802a1d543ea858f9113. 1 dirs total, 0 dirs full, 0 dirs failed
I0521 22:29:11.933928 1370 tablet_service.cc:1232] Processing CreateTablet for tablet db62be61ab374802a1d543ea858f9113 (table=bench_manual_flush [id=9436caed107d45b6aac9e72ee79baf33]), partition=HASH (key) PARTITION 0, RANGE (key) PARTITION UNBOUNDED
I0521 22:29:11.995908 1370 data_dirs.cc:395] Could only allocate 1 dirs of requested 3 for tablet db62be61ab374802a1d543ea858f9113. 1 dirs total, 0 dirs full, 0 dirs failed
I0521 22:29:12.007134 1454 tablet_bootstrap.cc:440] T e7001908da8140df8082f3243384a351 P e4889a5698f944459719d537988dbaea: Bootstrap starting.
I0521 22:29:11.932466 1117 tablet_service.cc:1232] Processing CreateTablet for tablet e7001908da8140df8082f3243384a351 (table=bench_manual_flush [id=9436caed107d45b6aac9e72ee79baf33]), partition=HASH (key) PARTITION 1, RANGE (key) PARTITION UNBOUNDED
I0521 22:29:12.028003 1117 data_dirs.cc:395] Could only allocate 1 dirs of requested 3 for tablet e7001908da8140df8082f3243384a351. 1 dirs total, 0 dirs full, 0 dirs failed
I0521 22:29:12.037917 1454 tablet_bootstrap.cc:596] T e7001908da8140df8082f3243384a351 P e4889a5698f944459719d537988dbaea: No blocks or log segments found. Creating new log.
I0521 22:29:12.038583 1455 tablet_bootstrap.cc:440] T db62be61ab374802a1d543ea858f9113 P 343052a5d259480dbf4599078770bfe1: Bootstrap starting.
I0521 22:29:12.039683 1454 log.cc:819] T e7001908da8140df8082f3243384a351 P e4889a5698f944459719d537988dbaea: Log is configured to *not* fsync() on all Append() calls
I0521 22:29:12.051631 1455 tablet_bootstrap.cc:596] T db62be61ab374802a1d543ea858f9113 P 343052a5d259480dbf4599078770bfe1: No blocks or log segments found. Creating new log.
I0521 22:29:12.054328 1455 log.cc:819] T db62be61ab374802a1d543ea858f9113 P 343052a5d259480dbf4599078770bfe1: Log is configured to *not* fsync() on all Append() calls
I0521 22:29:12.056092 1454 tablet_bootstrap.cc:440] T e7001908da8140df8082f3243384a351 P e4889a5698f944459719d537988dbaea: No bootstrap required, opened a new log
I0521 22:29:12.056594 1454 ts_tablet_manager.cc:1115] T e7001908da8140df8082f3243384a351 P e4889a5698f944459719d537988dbaea: Time spent bootstrapping tablet: real 0.050s user 0.009s sys 0.011s
I0521 22:29:12.064152 1455 tablet_bootstrap.cc:440] T db62be61ab374802a1d543ea858f9113 P 343052a5d259480dbf4599078770bfe1: No bootstrap required, opened a new log
I0521 22:29:12.064666 1455 ts_tablet_manager.cc:1115] T db62be61ab374802a1d543ea858f9113 P 343052a5d259480dbf4599078770bfe1: Time spent bootstrapping tablet: real 0.026s user 0.010s sys 0.012s
I0521 22:29:12.085675 1454 raft_consensus.cc:342] T e7001908da8140df8082f3243384a351 P e4889a5698f944459719d537988dbaea [term 0 FOLLOWER]: Replica starting. Triggering 0 pending ops. Active config: opid_index: -1 OBSOLETE_local: false peers { permanent_uuid: "343052a5d259480dbf4599078770bfe1" member_type: VOTER last_known_addr { host: "127.0.89.193" port: 45719 } } peers { permanent_uuid: "aa747fc1bcba4e4fb55a9bce3a0c7c37" member_type: VOTER last_known_addr { host: "127.0.89.194" port: 46087 } } peers { permanent_uuid: "e4889a5698f944459719d537988dbaea" member_type: VOTER last_known_addr { host: "127.0.89.195" port: 35691 } }
I0521 22:29:12.086751 1454 raft_consensus.cc:368] T e7001908da8140df8082f3243384a351 P e4889a5698f944459719d537988dbaea [term 0 FOLLOWER]: Consensus starting up: Expiring failure detector timer to make a prompt election more likely
I0521 22:29:12.087041 1454 raft_consensus.cc:722] T e7001908da8140df8082f3243384a351 P e4889a5698f944459719d537988dbaea [term 0 FOLLOWER]: Becoming Follower/Learner. State: Replica: e4889a5698f944459719d537988dbaea, State: Initialized, Role: FOLLOWER
I0521 22:29:12.087990 1454 consensus_queue.cc:250] T e7001908da8140df8082f3243384a351 P e4889a5698f944459719d537988dbaea [NON_LEADER]: Queue going to NON_LEADER mode. State: All replicated index: 0, Majority replicated index: 0, Committed index: 0, Last appended: 0.0, Last appended by leader: 0, Current term: 0, Majority size: -1, State: 0, Mode: NON_LEADER, active raft config: opid_index: -1 OBSOLETE_local: false peers { permanent_uuid: "343052a5d259480dbf4599078770bfe1" member_type: VOTER last_known_addr { host: "127.0.89.193" port: 45719 } } peers { permanent_uuid: "aa747fc1bcba4e4fb55a9bce3a0c7c37" member_type: VOTER last_known_addr { host: "127.0.89.194" port: 46087 } } peers { permanent_uuid: "e4889a5698f944459719d537988dbaea" member_type: VOTER last_known_addr { host: "127.0.89.195" port: 35691 } }
I0521 22:29:12.093050 1433 heartbeater.cc:457] Master 127.0.89.254:45857 was elected leader, sending a full tablet report...
I0521 22:29:12.093480 1454 ts_tablet_manager.cc:1144] T e7001908da8140df8082f3243384a351 P e4889a5698f944459719d537988dbaea: Time spent starting tablet: real 0.037s user 0.026s sys 0.007s
I0521 22:29:12.094933 1454 tablet_bootstrap.cc:440] T db62be61ab374802a1d543ea858f9113 P e4889a5698f944459719d537988dbaea: Bootstrap starting.
I0521 22:29:12.096691 1455 raft_consensus.cc:342] T db62be61ab374802a1d543ea858f9113 P 343052a5d259480dbf4599078770bfe1 [term 0 FOLLOWER]: Replica starting. Triggering 0 pending ops. Active config: opid_index: -1 OBSOLETE_local: false peers { permanent_uuid: "343052a5d259480dbf4599078770bfe1" member_type: VOTER last_known_addr { host: "127.0.89.193" port: 45719 } } peers { permanent_uuid: "aa747fc1bcba4e4fb55a9bce3a0c7c37" member_type: VOTER last_known_addr { host: "127.0.89.194" port: 46087 } } peers { permanent_uuid: "e4889a5698f944459719d537988dbaea" member_type: VOTER last_known_addr { host: "127.0.89.195" port: 35691 } }
I0521 22:29:12.097707 1455 raft_consensus.cc:368] T db62be61ab374802a1d543ea858f9113 P 343052a5d259480dbf4599078770bfe1 [term 0 FOLLOWER]: Consensus starting up: Expiring failure detector timer to make a prompt election more likely
I0521 22:29:12.098203 1455 raft_consensus.cc:722] T db62be61ab374802a1d543ea858f9113 P 343052a5d259480dbf4599078770bfe1 [term 0 FOLLOWER]: Becoming Follower/Learner. State: Replica: 343052a5d259480dbf4599078770bfe1, State: Initialized, Role: FOLLOWER
I0521 22:29:12.102499 1454 tablet_bootstrap.cc:596] T db62be61ab374802a1d543ea858f9113 P e4889a5698f944459719d537988dbaea: No blocks or log segments found. Creating new log.
I0521 22:29:12.104801 1455 consensus_queue.cc:250] T db62be61ab374802a1d543ea858f9113 P 343052a5d259480dbf4599078770bfe1 [NON_LEADER]: Queue going to NON_LEADER mode. State: All replicated index: 0, Majority replicated index: 0, Committed index: 0, Last appended: 0.0, Last appended by leader: 0, Current term: 0, Majority size: -1, State: 0, Mode: NON_LEADER, active raft config: opid_index: -1 OBSOLETE_local: false peers { permanent_uuid: "343052a5d259480dbf4599078770bfe1" member_type: VOTER last_known_addr { host: "127.0.89.193" port: 45719 } } peers { permanent_uuid: "aa747fc1bcba4e4fb55a9bce3a0c7c37" member_type: VOTER last_known_addr { host: "127.0.89.194" port: 46087 } } peers { permanent_uuid: "e4889a5698f944459719d537988dbaea" member_type: VOTER last_known_addr { host: "127.0.89.195" port: 35691 } }
I0521 22:29:12.107457 1460 raft_consensus.cc:478] T db62be61ab374802a1d543ea858f9113 P 343052a5d259480dbf4599078770bfe1 [term 0 FOLLOWER]: Starting pre-election (no leader contacted us within the election timeout)
I0521 22:29:12.108309 1460 raft_consensus.cc:500] T db62be61ab374802a1d543ea858f9113 P 343052a5d259480dbf4599078770bfe1 [term 0 FOLLOWER]: Starting pre-election with config: opid_index: -1 OBSOLETE_local: false peers { permanent_uuid: "343052a5d259480dbf4599078770bfe1" member_type: VOTER last_known_addr { host: "127.0.89.193" port: 45719 } } peers { permanent_uuid: "aa747fc1bcba4e4fb55a9bce3a0c7c37" member_type: VOTER last_known_addr { host: "127.0.89.194" port: 46087 } } peers { permanent_uuid: "e4889a5698f944459719d537988dbaea" member_type: VOTER last_known_addr { host: "127.0.89.195" port: 35691 } }
I0521 22:29:12.124442 1454 tablet_bootstrap.cc:440] T db62be61ab374802a1d543ea858f9113 P e4889a5698f944459719d537988dbaea: No bootstrap required, opened a new log
I0521 22:29:12.124894 1454 ts_tablet_manager.cc:1115] T db62be61ab374802a1d543ea858f9113 P e4889a5698f944459719d537988dbaea: Time spent bootstrapping tablet: real 0.030s user 0.006s sys 0.012s
I0521 22:29:12.125893 1455 ts_tablet_manager.cc:1144] T db62be61ab374802a1d543ea858f9113 P 343052a5d259480dbf4599078770bfe1: Time spent starting tablet: real 0.061s user 0.027s sys 0.018s
I0521 22:29:12.127521 1455 tablet_bootstrap.cc:440] T e7001908da8140df8082f3243384a351 P 343052a5d259480dbf4599078770bfe1: Bootstrap starting.
I0521 22:29:12.127521 1454 raft_consensus.cc:342] T db62be61ab374802a1d543ea858f9113 P e4889a5698f944459719d537988dbaea [term 0 FOLLOWER]: Replica starting. Triggering 0 pending ops. Active config: opid_index: -1 OBSOLETE_local: false peers { permanent_uuid: "343052a5d259480dbf4599078770bfe1" member_type: VOTER last_known_addr { host: "127.0.89.193" port: 45719 } } peers { permanent_uuid: "aa747fc1bcba4e4fb55a9bce3a0c7c37" member_type: VOTER last_known_addr { host: "127.0.89.194" port: 46087 } } peers { permanent_uuid: "e4889a5698f944459719d537988dbaea" member_type: VOTER last_known_addr { host: "127.0.89.195" port: 35691 } }
I0521 22:29:12.128301 1454 raft_consensus.cc:368] T db62be61ab374802a1d543ea858f9113 P e4889a5698f944459719d537988dbaea [term 0 FOLLOWER]: Consensus starting up: Expiring failure detector timer to make a prompt election more likely
I0521 22:29:12.129695 1454 raft_consensus.cc:722] T db62be61ab374802a1d543ea858f9113 P e4889a5698f944459719d537988dbaea [term 0 FOLLOWER]: Becoming Follower/Learner. State: Replica: e4889a5698f944459719d537988dbaea, State: Initialized, Role: FOLLOWER
I0521 22:29:12.130446 1454 consensus_queue.cc:250] T db62be61ab374802a1d543ea858f9113 P e4889a5698f944459719d537988dbaea [NON_LEADER]: Queue going to NON_LEADER mode. State: All replicated index: 0, Majority replicated index: 0, Committed index: 0, Last appended: 0.0, Last appended by leader: 0, Current term: 0, Majority size: -1, State: 0, Mode: NON_LEADER, active raft config: opid_index: -1 OBSOLETE_local: false peers { permanent_uuid: "343052a5d259480dbf4599078770bfe1" member_type: VOTER last_known_addr { host: "127.0.89.193" port: 45719 } } peers { permanent_uuid: "aa747fc1bcba4e4fb55a9bce3a0c7c37" member_type: VOTER last_known_addr { host: "127.0.89.194" port: 46087 } } peers { permanent_uuid: "e4889a5698f944459719d537988dbaea" member_type: VOTER last_known_addr { host: "127.0.89.195" port: 35691 } }
I0521 22:29:12.138955 1454 ts_tablet_manager.cc:1144] T db62be61ab374802a1d543ea858f9113 P e4889a5698f944459719d537988dbaea: Time spent starting tablet: real 0.014s user 0.004s sys 0.002s
I0521 22:29:12.113180 1460 leader_election.cc:288] T db62be61ab374802a1d543ea858f9113 P 343052a5d259480dbf4599078770bfe1 [CANDIDATE]: Term 1 pre-election: Requested pre-vote from peers aa747fc1bcba4e4fb55a9bce3a0c7c37 (127.0.89.194:46087), e4889a5698f944459719d537988dbaea (127.0.89.195:35691)
I0521 22:29:12.154974 1264 tablet_service.cc:1504] Received RequestConsensusVote() RPC: tablet_id: "db62be61ab374802a1d543ea858f9113" candidate_uuid: "343052a5d259480dbf4599078770bfe1" candidate_term: 1 candidate_status { last_received { term: 0 index: 0 } } ignore_live_leader: false dest_uuid: "aa747fc1bcba4e4fb55a9bce3a0c7c37" is_pre_election: true
W0521 22:29:12.165828 1061 leader_election.cc:341] T db62be61ab374802a1d543ea858f9113 P 343052a5d259480dbf4599078770bfe1 [CANDIDATE]: Term 1 pre-election: Tablet error from VoteRequest() call to peer aa747fc1bcba4e4fb55a9bce3a0c7c37 (127.0.89.194:46087): Illegal state: must be running to vote when last-logged opid is not known
I0521 22:29:12.166260 1455 tablet_bootstrap.cc:596] T e7001908da8140df8082f3243384a351 P 343052a5d259480dbf4599078770bfe1: No blocks or log segments found. Creating new log.
I0521 22:29:11.935708 1243 tablet_service.cc:1232] Processing CreateTablet for tablet e7001908da8140df8082f3243384a351 (table=bench_manual_flush [id=9436caed107d45b6aac9e72ee79baf33]), partition=HASH (key) PARTITION 1, RANGE (key) PARTITION UNBOUNDED
I0521 22:29:12.176015 1243 data_dirs.cc:395] Could only allocate 1 dirs of requested 3 for tablet e7001908da8140df8082f3243384a351. 1 dirs total, 0 dirs full, 0 dirs failed
I0521 22:29:12.178606 1455 tablet_bootstrap.cc:440] T e7001908da8140df8082f3243384a351 P 343052a5d259480dbf4599078770bfe1: No bootstrap required, opened a new log
I0521 22:29:12.179059 1455 ts_tablet_manager.cc:1115] T e7001908da8140df8082f3243384a351 P 343052a5d259480dbf4599078770bfe1: Time spent bootstrapping tablet: real 0.052s user 0.002s sys 0.019s
I0521 22:29:12.179101 1390 tablet_service.cc:1504] Received RequestConsensusVote() RPC: tablet_id: "db62be61ab374802a1d543ea858f9113" candidate_uuid: "343052a5d259480dbf4599078770bfe1" candidate_term: 1 candidate_status { last_received { term: 0 index: 0 } } ignore_live_leader: false dest_uuid: "e4889a5698f944459719d537988dbaea" is_pre_election: true
I0521 22:29:12.179818 1390 raft_consensus.cc:2407] T db62be61ab374802a1d543ea858f9113 P e4889a5698f944459719d537988dbaea [term 0 FOLLOWER]: Leader pre-election vote request: Granting yes vote for candidate 343052a5d259480dbf4599078770bfe1 in term 0.
I0521 22:29:12.180881 1062 leader_election.cc:302] T db62be61ab374802a1d543ea858f9113 P 343052a5d259480dbf4599078770bfe1 [CANDIDATE]: Term 1 pre-election: Election decided. Result: candidate won. Election summary: received 3 responses out of 3 voters: 2 yes votes; 1 no votes. yes voters: 343052a5d259480dbf4599078770bfe1, e4889a5698f944459719d537988dbaea; no voters: aa747fc1bcba4e4fb55a9bce3a0c7c37
I0521 22:29:12.181468 1460 raft_consensus.cc:2721] T db62be61ab374802a1d543ea858f9113 P 343052a5d259480dbf4599078770bfe1 [term 0 FOLLOWER]: Leader pre-election won for term 1
I0521 22:29:12.181735 1460 raft_consensus.cc:478] T db62be61ab374802a1d543ea858f9113 P 343052a5d259480dbf4599078770bfe1 [term 0 FOLLOWER]: Starting leader election (no leader contacted us within the election timeout)
I0521 22:29:12.182582 1460 raft_consensus.cc:2975] T db62be61ab374802a1d543ea858f9113 P 343052a5d259480dbf4599078770bfe1 [term 0 FOLLOWER]: Advancing to term 1
I0521 22:29:12.182999 1455 raft_consensus.cc:342] T e7001908da8140df8082f3243384a351 P 343052a5d259480dbf4599078770bfe1 [term 0 FOLLOWER]: Replica starting. Triggering 0 pending ops. Active config: opid_index: -1 OBSOLETE_local: false peers { permanent_uuid: "343052a5d259480dbf4599078770bfe1" member_type: VOTER last_known_addr { host: "127.0.89.193" port: 45719 } } peers { permanent_uuid: "aa747fc1bcba4e4fb55a9bce3a0c7c37" member_type: VOTER last_known_addr { host: "127.0.89.194" port: 46087 } } peers { permanent_uuid: "e4889a5698f944459719d537988dbaea" member_type: VOTER last_known_addr { host: "127.0.89.195" port: 35691 } }
I0521 22:29:12.183782 1455 raft_consensus.cc:368] T e7001908da8140df8082f3243384a351 P 343052a5d259480dbf4599078770bfe1 [term 0 FOLLOWER]: Consensus starting up: Expiring failure detector timer to make a prompt election more likely
I0521 22:29:12.184067 1455 raft_consensus.cc:722] T e7001908da8140df8082f3243384a351 P 343052a5d259480dbf4599078770bfe1 [term 0 FOLLOWER]: Becoming Follower/Learner. State: Replica: 343052a5d259480dbf4599078770bfe1, State: Initialized, Role: FOLLOWER
I0521 22:29:12.184885 1455 consensus_queue.cc:250] T e7001908da8140df8082f3243384a351 P 343052a5d259480dbf4599078770bfe1 [NON_LEADER]: Queue going to NON_LEADER mode. State: All replicated index: 0, Majority replicated index: 0, Committed index: 0, Last appended: 0.0, Last appended by leader: 0, Current term: 0, Majority size: -1, State: 0, Mode: NON_LEADER, active raft config: opid_index: -1 OBSOLETE_local: false peers { permanent_uuid: "343052a5d259480dbf4599078770bfe1" member_type: VOTER last_known_addr { host: "127.0.89.193" port: 45719 } } peers { permanent_uuid: "aa747fc1bcba4e4fb55a9bce3a0c7c37" member_type: VOTER last_known_addr { host: "127.0.89.194" port: 46087 } } peers { permanent_uuid: "e4889a5698f944459719d537988dbaea" member_type: VOTER last_known_addr { host: "127.0.89.195" port: 35691 } }
I0521 22:29:12.187199 1456 tablet_bootstrap.cc:440] T db62be61ab374802a1d543ea858f9113 P aa747fc1bcba4e4fb55a9bce3a0c7c37: Bootstrap starting.
I0521 22:29:12.187803 1455 ts_tablet_manager.cc:1144] T e7001908da8140df8082f3243384a351 P 343052a5d259480dbf4599078770bfe1: Time spent starting tablet: real 0.008s user 0.007s sys 0.000s
I0521 22:29:12.187628 1460 raft_consensus.cc:500] T db62be61ab374802a1d543ea858f9113 P 343052a5d259480dbf4599078770bfe1 [term 1 FOLLOWER]: Starting leader election with config: opid_index: -1 OBSOLETE_local: false peers { permanent_uuid: "343052a5d259480dbf4599078770bfe1" member_type: VOTER last_known_addr { host: "127.0.89.193" port: 45719 } } peers { permanent_uuid: "aa747fc1bcba4e4fb55a9bce3a0c7c37" member_type: VOTER last_known_addr { host: "127.0.89.194" port: 46087 } } peers { permanent_uuid: "e4889a5698f944459719d537988dbaea" member_type: VOTER last_known_addr { host: "127.0.89.195" port: 35691 } }
I0521 22:29:12.190265 1390 tablet_service.cc:1504] Received RequestConsensusVote() RPC: tablet_id: "db62be61ab374802a1d543ea858f9113" candidate_uuid: "343052a5d259480dbf4599078770bfe1" candidate_term: 1 candidate_status { last_received { term: 0 index: 0 } } ignore_live_leader: false dest_uuid: "e4889a5698f944459719d537988dbaea"
I0521 22:29:12.190110 1264 tablet_service.cc:1504] Received RequestConsensusVote() RPC: tablet_id: "db62be61ab374802a1d543ea858f9113" candidate_uuid: "343052a5d259480dbf4599078770bfe1" candidate_term: 1 candidate_status { last_received { term: 0 index: 0 } } ignore_live_leader: false dest_uuid: "aa747fc1bcba4e4fb55a9bce3a0c7c37"
I0521 22:29:12.190692 1390 raft_consensus.cc:2975] T db62be61ab374802a1d543ea858f9113 P e4889a5698f944459719d537988dbaea [term 0 FOLLOWER]: Advancing to term 1
W0521 22:29:12.193406 1061 leader_election.cc:341] T db62be61ab374802a1d543ea858f9113 P 343052a5d259480dbf4599078770bfe1 [CANDIDATE]: Term 1 election: Tablet error from VoteRequest() call to peer aa747fc1bcba4e4fb55a9bce3a0c7c37 (127.0.89.194:46087): Illegal state: must be running to vote when last-logged opid is not known
I0521 22:29:12.196934 1460 leader_election.cc:288] T db62be61ab374802a1d543ea858f9113 P 343052a5d259480dbf4599078770bfe1 [CANDIDATE]: Term 1 election: Requested vote from peers aa747fc1bcba4e4fb55a9bce3a0c7c37 (127.0.89.194:46087), e4889a5698f944459719d537988dbaea (127.0.89.195:35691)
I0521 22:29:12.199515 1390 raft_consensus.cc:2407] T db62be61ab374802a1d543ea858f9113 P e4889a5698f944459719d537988dbaea [term 1 FOLLOWER]: Leader election vote request: Granting yes vote for candidate 343052a5d259480dbf4599078770bfe1 in term 1.
I0521 22:29:12.201617 1062 leader_election.cc:302] T db62be61ab374802a1d543ea858f9113 P 343052a5d259480dbf4599078770bfe1 [CANDIDATE]: Term 1 election: Election decided. Result: candidate won. Election summary: received 3 responses out of 3 voters: 2 yes votes; 1 no votes. yes voters: 343052a5d259480dbf4599078770bfe1, e4889a5698f944459719d537988dbaea; no voters: aa747fc1bcba4e4fb55a9bce3a0c7c37
I0521 22:29:12.202075 1456 tablet_bootstrap.cc:596] T db62be61ab374802a1d543ea858f9113 P aa747fc1bcba4e4fb55a9bce3a0c7c37: No blocks or log segments found. Creating new log.
I0521 22:29:12.202605 1460 raft_consensus.cc:2721] T db62be61ab374802a1d543ea858f9113 P 343052a5d259480dbf4599078770bfe1 [term 1 FOLLOWER]: Leader election won for term 1
I0521 22:29:12.203050 1460 raft_consensus.cc:683] T db62be61ab374802a1d543ea858f9113 P 343052a5d259480dbf4599078770bfe1 [term 1 LEADER]: Becoming Leader. State: Replica: 343052a5d259480dbf4599078770bfe1, State: Running, Role: LEADER
I0521 22:29:12.204015 1456 log.cc:819] T db62be61ab374802a1d543ea858f9113 P aa747fc1bcba4e4fb55a9bce3a0c7c37: Log is configured to *not* fsync() on all Append() calls
I0521 22:29:12.203876 1460 consensus_queue.cc:227] T db62be61ab374802a1d543ea858f9113 P 343052a5d259480dbf4599078770bfe1 [LEADER]: Queue going to LEADER mode. State: All replicated index: 0, Majority replicated index: 0, Committed index: 0, Last appended: 0.0, Last appended by leader: 0, Current term: 1, Majority size: 2, State: 0, Mode: LEADER, active raft config: opid_index: -1 OBSOLETE_local: false peers { permanent_uuid: "343052a5d259480dbf4599078770bfe1" member_type: VOTER last_known_addr { host: "127.0.89.193" port: 45719 } } peers { permanent_uuid: "aa747fc1bcba4e4fb55a9bce3a0c7c37" member_type: VOTER last_known_addr { host: "127.0.89.194" port: 46087 } } peers { permanent_uuid: "e4889a5698f944459719d537988dbaea" member_type: VOTER last_known_addr { host: "127.0.89.195" port: 35691 } }
I0521 22:29:12.211246 1456 tablet_bootstrap.cc:440] T db62be61ab374802a1d543ea858f9113 P aa747fc1bcba4e4fb55a9bce3a0c7c37: No bootstrap required, opened a new log
I0521 22:29:12.211712 1456 ts_tablet_manager.cc:1115] T db62be61ab374802a1d543ea858f9113 P aa747fc1bcba4e4fb55a9bce3a0c7c37: Time spent bootstrapping tablet: real 0.025s user 0.005s sys 0.010s
I0521 22:29:12.214108 1014 catalog_manager.cc:4202] T db62be61ab374802a1d543ea858f9113 P 343052a5d259480dbf4599078770bfe1 reported cstate change: term changed from 0 to 1, leader changed from to 343052a5d259480dbf4599078770bfe1 (127.0.89.193). New cstate: current_term: 1 leader_uuid: "343052a5d259480dbf4599078770bfe1" committed_config { opid_index: -1 OBSOLETE_local: false peers { permanent_uuid: "343052a5d259480dbf4599078770bfe1" member_type: VOTER last_known_addr { host: "127.0.89.193" port: 45719 } health_report { overall_health: HEALTHY } } peers { permanent_uuid: "aa747fc1bcba4e4fb55a9bce3a0c7c37" member_type: VOTER last_known_addr { host: "127.0.89.194" port: 46087 } health_report { overall_health: UNKNOWN } } peers { permanent_uuid: "e4889a5698f944459719d537988dbaea" member_type: VOTER last_known_addr { host: "127.0.89.195" port: 35691 } health_report { overall_health: UNKNOWN } } }
I0521 22:29:12.223186 1456 raft_consensus.cc:342] T db62be61ab374802a1d543ea858f9113 P aa747fc1bcba4e4fb55a9bce3a0c7c37 [term 0 FOLLOWER]: Replica starting. Triggering 0 pending ops. Active config: opid_index: -1 OBSOLETE_local: false peers { permanent_uuid: "343052a5d259480dbf4599078770bfe1" member_type: VOTER last_known_addr { host: "127.0.89.193" port: 45719 } } peers { permanent_uuid: "aa747fc1bcba4e4fb55a9bce3a0c7c37" member_type: VOTER last_known_addr { host: "127.0.89.194" port: 46087 } } peers { permanent_uuid: "e4889a5698f944459719d537988dbaea" member_type: VOTER last_known_addr { host: "127.0.89.195" port: 35691 } }
I0521 22:29:12.223824 1456 raft_consensus.cc:368] T db62be61ab374802a1d543ea858f9113 P aa747fc1bcba4e4fb55a9bce3a0c7c37 [term 0 FOLLOWER]: Consensus starting up: Expiring failure detector timer to make a prompt election more likely
I0521 22:29:12.224018 1456 raft_consensus.cc:722] T db62be61ab374802a1d543ea858f9113 P aa747fc1bcba4e4fb55a9bce3a0c7c37 [term 0 FOLLOWER]: Becoming Follower/Learner. State: Replica: aa747fc1bcba4e4fb55a9bce3a0c7c37, State: Initialized, Role: FOLLOWER
W0521 22:29:12.224828 1182 tablet.cc:1820] T db62be61ab374802a1d543ea858f9113 P 343052a5d259480dbf4599078770bfe1: Can't schedule compaction. Clean time has not been advanced past its initial value.
I0521 22:29:12.224735 1456 consensus_queue.cc:250] T db62be61ab374802a1d543ea858f9113 P aa747fc1bcba4e4fb55a9bce3a0c7c37 [NON_LEADER]: Queue going to NON_LEADER mode. State: All replicated index: 0, Majority replicated index: 0, Committed index: 0, Last appended: 0.0, Last appended by leader: 0, Current term: 0, Majority size: -1, State: 0, Mode: NON_LEADER, active raft config: opid_index: -1 OBSOLETE_local: false peers { permanent_uuid: "343052a5d259480dbf4599078770bfe1" member_type: VOTER last_known_addr { host: "127.0.89.193" port: 45719 } } peers { permanent_uuid: "aa747fc1bcba4e4fb55a9bce3a0c7c37" member_type: VOTER last_known_addr { host: "127.0.89.194" port: 46087 } } peers { permanent_uuid: "e4889a5698f944459719d537988dbaea" member_type: VOTER last_known_addr { host: "127.0.89.195" port: 35691 } }
I0521 22:29:12.228577 1456 ts_tablet_manager.cc:1144] T db62be61ab374802a1d543ea858f9113 P aa747fc1bcba4e4fb55a9bce3a0c7c37: Time spent starting tablet: real 0.017s user 0.018s sys 0.001s
I0521 22:29:12.229214 1456 tablet_bootstrap.cc:440] T e7001908da8140df8082f3243384a351 P aa747fc1bcba4e4fb55a9bce3a0c7c37: Bootstrap starting.
I0521 22:29:12.235227 1456 tablet_bootstrap.cc:596] T e7001908da8140df8082f3243384a351 P aa747fc1bcba4e4fb55a9bce3a0c7c37: No blocks or log segments found. Creating new log.
I0521 22:29:12.242450 1456 tablet_bootstrap.cc:440] T e7001908da8140df8082f3243384a351 P aa747fc1bcba4e4fb55a9bce3a0c7c37: No bootstrap required, opened a new log
I0521 22:29:12.242729 1456 ts_tablet_manager.cc:1115] T e7001908da8140df8082f3243384a351 P aa747fc1bcba4e4fb55a9bce3a0c7c37: Time spent bootstrapping tablet: real 0.014s user 0.006s sys 0.006s
I0521 22:29:12.244442 1456 raft_consensus.cc:342] T e7001908da8140df8082f3243384a351 P aa747fc1bcba4e4fb55a9bce3a0c7c37 [term 0 FOLLOWER]: Replica starting. Triggering 0 pending ops. Active config: opid_index: -1 OBSOLETE_local: false peers { permanent_uuid: "343052a5d259480dbf4599078770bfe1" member_type: VOTER last_known_addr { host: "127.0.89.193" port: 45719 } } peers { permanent_uuid: "aa747fc1bcba4e4fb55a9bce3a0c7c37" member_type: VOTER last_known_addr { host: "127.0.89.194" port: 46087 } } peers { permanent_uuid: "e4889a5698f944459719d537988dbaea" member_type: VOTER last_known_addr { host: "127.0.89.195" port: 35691 } }
I0521 22:29:12.244904 1456 raft_consensus.cc:368] T e7001908da8140df8082f3243384a351 P aa747fc1bcba4e4fb55a9bce3a0c7c37 [term 0 FOLLOWER]: Consensus starting up: Expiring failure detector timer to make a prompt election more likely
I0521 22:29:12.245062 1456 raft_consensus.cc:722] T e7001908da8140df8082f3243384a351 P aa747fc1bcba4e4fb55a9bce3a0c7c37 [term 0 FOLLOWER]: Becoming Follower/Learner. State: Replica: aa747fc1bcba4e4fb55a9bce3a0c7c37, State: Initialized, Role: FOLLOWER
I0521 22:29:12.245446 1456 consensus_queue.cc:250] T e7001908da8140df8082f3243384a351 P aa747fc1bcba4e4fb55a9bce3a0c7c37 [NON_LEADER]: Queue going to NON_LEADER mode. State: All replicated index: 0, Majority replicated index: 0, Committed index: 0, Last appended: 0.0, Last appended by leader: 0, Current term: 0, Majority size: -1, State: 0, Mode: NON_LEADER, active raft config: opid_index: -1 OBSOLETE_local: false peers { permanent_uuid: "343052a5d259480dbf4599078770bfe1" member_type: VOTER last_known_addr { host: "127.0.89.193" port: 45719 } } peers { permanent_uuid: "aa747fc1bcba4e4fb55a9bce3a0c7c37" member_type: VOTER last_known_addr { host: "127.0.89.194" port: 46087 } } peers { permanent_uuid: "e4889a5698f944459719d537988dbaea" member_type: VOTER last_known_addr { host: "127.0.89.195" port: 35691 } }
I0521 22:29:12.246686 1456 ts_tablet_manager.cc:1144] T e7001908da8140df8082f3243384a351 P aa747fc1bcba4e4fb55a9bce3a0c7c37: Time spent starting tablet: real 0.004s user 0.000s sys 0.003s
W0521 22:29:12.296563 1434 tablet.cc:1820] T db62be61ab374802a1d543ea858f9113 P e4889a5698f944459719d537988dbaea: Can't schedule compaction. Clean time has not been advanced past its initial value.
I0521 22:29:12.326362 1459 raft_consensus.cc:478] T e7001908da8140df8082f3243384a351 P e4889a5698f944459719d537988dbaea [term 0 FOLLOWER]: Starting pre-election (no leader contacted us within the election timeout)
I0521 22:29:12.326709 1459 raft_consensus.cc:500] T e7001908da8140df8082f3243384a351 P e4889a5698f944459719d537988dbaea [term 0 FOLLOWER]: Starting pre-election with config: opid_index: -1 OBSOLETE_local: false peers { permanent_uuid: "343052a5d259480dbf4599078770bfe1" member_type: VOTER last_known_addr { host: "127.0.89.193" port: 45719 } } peers { permanent_uuid: "aa747fc1bcba4e4fb55a9bce3a0c7c37" member_type: VOTER last_known_addr { host: "127.0.89.194" port: 46087 } } peers { permanent_uuid: "e4889a5698f944459719d537988dbaea" member_type: VOTER last_known_addr { host: "127.0.89.195" port: 35691 } }
I0521 22:29:12.328660 1459 leader_election.cc:288] T e7001908da8140df8082f3243384a351 P e4889a5698f944459719d537988dbaea [CANDIDATE]: Term 1 pre-election: Requested pre-vote from peers 343052a5d259480dbf4599078770bfe1 (127.0.89.193:45719), aa747fc1bcba4e4fb55a9bce3a0c7c37 (127.0.89.194:46087)
I0521 22:29:12.344676 1138 tablet_service.cc:1504] Received RequestConsensusVote() RPC: tablet_id: "e7001908da8140df8082f3243384a351" candidate_uuid: "e4889a5698f944459719d537988dbaea" candidate_term: 1 candidate_status { last_received { term: 0 index: 0 } } ignore_live_leader: false dest_uuid: "343052a5d259480dbf4599078770bfe1" is_pre_election: true
I0521 22:29:12.344980 1264 tablet_service.cc:1504] Received RequestConsensusVote() RPC: tablet_id: "e7001908da8140df8082f3243384a351" candidate_uuid: "e4889a5698f944459719d537988dbaea" candidate_term: 1 candidate_status { last_received { term: 0 index: 0 } } ignore_live_leader: false dest_uuid: "aa747fc1bcba4e4fb55a9bce3a0c7c37" is_pre_election: true
I0521 22:29:12.345383 1138 raft_consensus.cc:2407] T e7001908da8140df8082f3243384a351 P 343052a5d259480dbf4599078770bfe1 [term 0 FOLLOWER]: Leader pre-election vote request: Granting yes vote for candidate e4889a5698f944459719d537988dbaea in term 0.
I0521 22:29:12.345527 1264 raft_consensus.cc:2407] T e7001908da8140df8082f3243384a351 P aa747fc1bcba4e4fb55a9bce3a0c7c37 [term 0 FOLLOWER]: Leader pre-election vote request: Granting yes vote for candidate e4889a5698f944459719d537988dbaea in term 0.
I0521 22:29:12.347998 1320 leader_election.cc:302] T e7001908da8140df8082f3243384a351 P e4889a5698f944459719d537988dbaea [CANDIDATE]: Term 1 pre-election: Election decided. Result: candidate won. Election summary: received 2 responses out of 3 voters: 2 yes votes; 0 no votes. yes voters: aa747fc1bcba4e4fb55a9bce3a0c7c37, e4889a5698f944459719d537988dbaea; no voters:
I0521 22:29:12.348734 1459 raft_consensus.cc:2721] T e7001908da8140df8082f3243384a351 P e4889a5698f944459719d537988dbaea [term 0 FOLLOWER]: Leader pre-election won for term 1
I0521 22:29:12.348976 1459 raft_consensus.cc:478] T e7001908da8140df8082f3243384a351 P e4889a5698f944459719d537988dbaea [term 0 FOLLOWER]: Starting leader election (no leader contacted us within the election timeout)
I0521 22:29:12.349187 1459 raft_consensus.cc:2975] T e7001908da8140df8082f3243384a351 P e4889a5698f944459719d537988dbaea [term 0 FOLLOWER]: Advancing to term 1
I0521 22:29:12.352537 1459 raft_consensus.cc:500] T e7001908da8140df8082f3243384a351 P e4889a5698f944459719d537988dbaea [term 1 FOLLOWER]: Starting leader election with config: opid_index: -1 OBSOLETE_local: false peers { permanent_uuid: "343052a5d259480dbf4599078770bfe1" member_type: VOTER last_known_addr { host: "127.0.89.193" port: 45719 } } peers { permanent_uuid: "aa747fc1bcba4e4fb55a9bce3a0c7c37" member_type: VOTER last_known_addr { host: "127.0.89.194" port: 46087 } } peers { permanent_uuid: "e4889a5698f944459719d537988dbaea" member_type: VOTER last_known_addr { host: "127.0.89.195" port: 35691 } }
I0521 22:29:12.353763 1459 leader_election.cc:288] T e7001908da8140df8082f3243384a351 P e4889a5698f944459719d537988dbaea [CANDIDATE]: Term 1 election: Requested vote from peers 343052a5d259480dbf4599078770bfe1 (127.0.89.193:45719), aa747fc1bcba4e4fb55a9bce3a0c7c37 (127.0.89.194:46087)
I0521 22:29:12.354454 1138 tablet_service.cc:1504] Received RequestConsensusVote() RPC: tablet_id: "e7001908da8140df8082f3243384a351" candidate_uuid: "e4889a5698f944459719d537988dbaea" candidate_term: 1 candidate_status { last_received { term: 0 index: 0 } } ignore_live_leader: false dest_uuid: "343052a5d259480dbf4599078770bfe1"
I0521 22:29:12.354640 1264 tablet_service.cc:1504] Received RequestConsensusVote() RPC: tablet_id: "e7001908da8140df8082f3243384a351" candidate_uuid: "e4889a5698f944459719d537988dbaea" candidate_term: 1 candidate_status { last_received { term: 0 index: 0 } } ignore_live_leader: false dest_uuid: "aa747fc1bcba4e4fb55a9bce3a0c7c37"
I0521 22:29:12.354809 1138 raft_consensus.cc:2975] T e7001908da8140df8082f3243384a351 P 343052a5d259480dbf4599078770bfe1 [term 0 FOLLOWER]: Advancing to term 1
I0521 22:29:12.356305 1264 raft_consensus.cc:2975] T e7001908da8140df8082f3243384a351 P aa747fc1bcba4e4fb55a9bce3a0c7c37 [term 0 FOLLOWER]: Advancing to term 1
I0521 22:29:12.360388 1138 raft_consensus.cc:2407] T e7001908da8140df8082f3243384a351 P 343052a5d259480dbf4599078770bfe1 [term 1 FOLLOWER]: Leader election vote request: Granting yes vote for candidate e4889a5698f944459719d537988dbaea in term 1.
I0521 22:29:12.360435 1264 raft_consensus.cc:2407] T e7001908da8140df8082f3243384a351 P aa747fc1bcba4e4fb55a9bce3a0c7c37 [term 1 FOLLOWER]: Leader election vote request: Granting yes vote for candidate e4889a5698f944459719d537988dbaea in term 1.
I0521 22:29:12.361196 1321 leader_election.cc:302] T e7001908da8140df8082f3243384a351 P e4889a5698f944459719d537988dbaea [CANDIDATE]: Term 1 election: Election decided. Result: candidate won. Election summary: received 2 responses out of 3 voters: 2 yes votes; 0 no votes. yes voters: 343052a5d259480dbf4599078770bfe1, e4889a5698f944459719d537988dbaea; no voters:
I0521 22:29:12.361737 1459 raft_consensus.cc:2721] T e7001908da8140df8082f3243384a351 P e4889a5698f944459719d537988dbaea [term 1 FOLLOWER]: Leader election won for term 1
I0521 22:29:12.362851 1459 raft_consensus.cc:683] T e7001908da8140df8082f3243384a351 P e4889a5698f944459719d537988dbaea [term 1 LEADER]: Becoming Leader. State: Replica: e4889a5698f944459719d537988dbaea, State: Running, Role: LEADER
I0521 22:29:12.364709 1459 consensus_queue.cc:227] T e7001908da8140df8082f3243384a351 P e4889a5698f944459719d537988dbaea [LEADER]: Queue going to LEADER mode. State: All replicated index: 0, Majority replicated index: 0, Committed index: 0, Last appended: 0.0, Last appended by leader: 0, Current term: 1, Majority size: 2, State: 0, Mode: LEADER, active raft config: opid_index: -1 OBSOLETE_local: false peers { permanent_uuid: "343052a5d259480dbf4599078770bfe1" member_type: VOTER last_known_addr { host: "127.0.89.193" port: 45719 } } peers { permanent_uuid: "aa747fc1bcba4e4fb55a9bce3a0c7c37" member_type: VOTER last_known_addr { host: "127.0.89.194" port: 46087 } } peers { permanent_uuid: "e4889a5698f944459719d537988dbaea" member_type: VOTER last_known_addr { host: "127.0.89.195" port: 35691 } }
W0521 22:29:12.370155 1308 tablet.cc:1820] T db62be61ab374802a1d543ea858f9113 P aa747fc1bcba4e4fb55a9bce3a0c7c37: Can't schedule compaction. Clean time has not been advanced past its initial value.
I0521 22:29:12.371588 1014 catalog_manager.cc:4202] T e7001908da8140df8082f3243384a351 P e4889a5698f944459719d537988dbaea reported cstate change: term changed from 0 to 1, leader changed from to e4889a5698f944459719d537988dbaea (127.0.89.195). New cstate: current_term: 1 leader_uuid: "e4889a5698f944459719d537988dbaea" committed_config { opid_index: -1 OBSOLETE_local: false peers { permanent_uuid: "343052a5d259480dbf4599078770bfe1" member_type: VOTER last_known_addr { host: "127.0.89.193" port: 45719 } health_report { overall_health: UNKNOWN } } peers { permanent_uuid: "aa747fc1bcba4e4fb55a9bce3a0c7c37" member_type: VOTER last_known_addr { host: "127.0.89.194" port: 46087 } health_report { overall_health: UNKNOWN } } peers { permanent_uuid: "e4889a5698f944459719d537988dbaea" member_type: VOTER last_known_addr { host: "127.0.89.195" port: 35691 } health_report { overall_health: HEALTHY } } }
I0521 22:29:12.607981 1460 consensus_queue.cc:1003] T db62be61ab374802a1d543ea858f9113 P 343052a5d259480dbf4599078770bfe1 [LEADER]: Connected to new peer: Peer: permanent_uuid: "e4889a5698f944459719d537988dbaea" member_type: VOTER last_known_addr { host: "127.0.89.195" port: 35691 }, Status: LMP_MISMATCH, Last received: 0.0, Next index: 1, Last known committed idx: 0, Time since last communication: 0.000s
I0521 22:29:12.627355 1264 raft_consensus.cc:2975] T db62be61ab374802a1d543ea858f9113 P aa747fc1bcba4e4fb55a9bce3a0c7c37 [term 0 FOLLOWER]: Advancing to term 1
I0521 22:29:12.640710 1461 consensus_queue.cc:1003] T db62be61ab374802a1d543ea858f9113 P 343052a5d259480dbf4599078770bfe1 [LEADER]: Connected to new peer: Peer: permanent_uuid: "aa747fc1bcba4e4fb55a9bce3a0c7c37" member_type: VOTER last_known_addr { host: "127.0.89.194" port: 46087 }, Status: LMP_MISMATCH, Last received: 0.0, Next index: 1, Last known committed idx: 0, Time since last communication: 0.000s
W0521 22:29:12.662631 1474 flags.cc:403] Enabled unsafe flag: --openssl_security_level_override=0
W0521 22:29:12.663349 1474 flags.cc:403] Enabled unsafe flag: --never_fsync=true
I0521 22:29:12.895987 1459 consensus_queue.cc:1003] T e7001908da8140df8082f3243384a351 P e4889a5698f944459719d537988dbaea [LEADER]: Connected to new peer: Peer: permanent_uuid: "343052a5d259480dbf4599078770bfe1" member_type: VOTER last_known_addr { host: "127.0.89.193" port: 45719 }, Status: LMP_MISMATCH, Last received: 0.0, Next index: 1, Last known committed idx: 0, Time since last communication: 0.001s
I0521 22:29:12.913938 1459 consensus_queue.cc:1003] T e7001908da8140df8082f3243384a351 P e4889a5698f944459719d537988dbaea [LEADER]: Connected to new peer: Peer: permanent_uuid: "aa747fc1bcba4e4fb55a9bce3a0c7c37" member_type: VOTER last_known_addr { host: "127.0.89.194" port: 46087 }, Status: LMP_MISMATCH, Last received: 0.0, Next index: 1, Last known committed idx: 0, Time since last communication: 0.000s
W0521 22:29:13.832960 1474 thread.cc:616] rpc reactor (reactor) Time spent creating pthread: real 1.113s user 0.002s sys 0.000s
W0521 22:29:13.833196 1474 thread.cc:582] rpc reactor (reactor) Time spent starting thread: real 1.113s user 0.002s sys 0.000s Using table 'bench_manual_flush'
W0521 22:29:14.612097 1507 log.cc:914] Time spent T db62be61ab374802a1d543ea858f9113 P 343052a5d259480dbf4599078770bfe1: Append to log took a long time: real 0.091s user 0.011s sys 0.012s
W0521 22:29:14.675644 1512 log.cc:914] Time spent T db62be61ab374802a1d543ea858f9113 P aa747fc1bcba4e4fb55a9bce3a0c7c37: Append to log took a long time: real 0.093s user 0.019s sys 0.000s
W0521 22:29:14.865909 1515 log.cc:914] Time spent T e7001908da8140df8082f3243384a351 P e4889a5698f944459719d537988dbaea: Append to log took a long time: real 0.113s user 0.025s sys 0.000s
W0521 22:29:14.882180 1512 log.cc:914] Time spent T db62be61ab374802a1d543ea858f9113 P aa747fc1bcba4e4fb55a9bce3a0c7c37: Append to log took a long time: real 0.051s user 0.021s sys 0.000s
W0521 22:29:14.883325 1507 log.cc:914] Time spent T db62be61ab374802a1d543ea858f9113 P 343052a5d259480dbf4599078770bfe1: Append to log took a long time: real 0.116s user 0.020s sys 0.002s
W0521 22:29:14.893787 1510 log.cc:914] Time spent T db62be61ab374802a1d543ea858f9113 P e4889a5698f944459719d537988dbaea: Append to log took a long time: real 0.089s user 0.019s sys 0.005s
W0521 22:29:14.960158 1518 log.cc:914] Time spent T e7001908da8140df8082f3243384a351 P 343052a5d259480dbf4599078770bfe1: Append to log took a long time: real 0.166s user 0.015s sys 0.011s
W0521 22:29:15.024173 1519 log.cc:914] Time spent T e7001908da8140df8082f3243384a351 P aa747fc1bcba4e4fb55a9bce3a0c7c37: Append to log took a long time: real 0.183s user 0.018s sys 0.006s
W0521 22:29:15.115633 1515 log.cc:914] Time spent T e7001908da8140df8082f3243384a351 P e4889a5698f944459719d537988dbaea: Append to log took a long time: real 0.061s user 0.021s sys 0.003s
W0521 22:29:15.198767 1519 log.cc:914] Time spent T e7001908da8140df8082f3243384a351 P aa747fc1bcba4e4fb55a9bce3a0c7c37: Append to log took a long time: real 0.111s user 0.020s sys 0.001s
W0521 22:29:15.223415 1518 log.cc:914] Time spent T e7001908da8140df8082f3243384a351 P 343052a5d259480dbf4599078770bfe1: Append to log took a long time: real 0.113s user 0.023s sys 0.000s
W0521 22:29:15.368443 1512 log.cc:914] Time spent T db62be61ab374802a1d543ea858f9113 P aa747fc1bcba4e4fb55a9bce3a0c7c37: Append to log took a long time: real 0.063s user 0.023s sys 0.000s
W0521 22:29:15.421121 1507 log.cc:914] Time spent T db62be61ab374802a1d543ea858f9113 P 343052a5d259480dbf4599078770bfe1: Append to log took a long time: real 0.140s user 0.022s sys 0.002s
W0521 22:29:15.480876 1510 log.cc:914] Time spent T db62be61ab374802a1d543ea858f9113 P e4889a5698f944459719d537988dbaea: Append to log took a long time: real 0.169s user 0.023s sys 0.000s
W0521 22:29:15.491575 1515 log.cc:914] Time spent T e7001908da8140df8082f3243384a351 P e4889a5698f944459719d537988dbaea: Append to log took a long time: real 0.112s user 0.009s sys 0.011s
W0521 22:29:15.515008 1519 log.cc:914] Time spent T e7001908da8140df8082f3243384a351 P aa747fc1bcba4e4fb55a9bce3a0c7c37: Append to log took a long time: real 0.078s user 0.019s sys 0.000s
W0521 22:29:15.538266 1518 log.cc:914] Time spent T e7001908da8140df8082f3243384a351 P 343052a5d259480dbf4599078770bfe1: Append to log took a long time: real 0.103s user 0.016s sys 0.004s
I0521 22:29:15.826570 1525 rpcz_store.cc:269] Call kudu.tserver.TabletServerService.Write from 127.0.0.1:47006 (ReqId={client: cf7e57ef59544d6fb1124a196d50bf47, seq_no=1, attempt_no=0}) took 1452ms. Trace:
I0521 22:29:15.827020 1525 rpcz_store.cc:270] 0521 22:29:14.374182 (+ 0us) service_pool.cc:164] Inserting onto call queue 0521 22:29:14.374310 (+ 128us) service_pool.cc:223] Handling call 0521 22:29:15.826410 (+1452100us) inbound_call.cc:163] Queueing success response Related trace 'op': 0521 22:29:14.408520 (+ 0us) write_op.cc:151] PREPARE: Starting. 0521 22:29:14.409385 (+ 865us) write_op.cc:335] Acquiring schema lock in shared mode 0521 22:29:14.409412 (+ 27us) write_op.cc:338] Acquired schema lock 0521 22:29:14.409426 (+ 14us) tablet.cc:452] Decoding operations 0521 22:29:14.549092 (+139666us) tablet.cc:474] Acquiring locks for 533 operations 0521 22:29:14.745197 (+196105us) tablet.cc:479] Locks acquired 0521 22:29:14.745214 (+ 17us) write_op.cc:186] PREPARE: Finished. 0521 22:29:14.745454 (+ 240us) write_op.cc:196] Start() 0521 22:29:14.745565 (+ 111us) write_op.cc:201] Timestamp: P: 1590100154745392 usec, L: 0 0521 22:29:14.745593 (+ 28us) op_driver.cc:321] REPLICATION: Starting. 0521 22:29:14.747421 (+ 1828us) log.cc:840] Serialized 74645 byte log entry 0521 22:29:14.966118 (+218697us) op_driver.cc:434] REPLICATION: Finished. 0521 22:29:14.980718 (+ 14600us) write_op.cc:225] APPLY: Starting. 0521 22:29:15.614413 (+633695us) spinlock_profiling.cc:243] Waited 13.6 ms on lock 0x7b5c0004fff0. stack: 00007f5d60b8cac3 00007f5d60b8c9c0 00007f5d6042da14 00007f5d69e5c154 00007f5d69e5c0e9 00007f5d68c02c81 00007f5d68be9b75 00007f5d68be992a 00007f5d68ca5a05 00007f5d68c94bf9 00007f5d68c995e1 00007f5d68c99571 00007f5d68c99501 00007f5d68c994c1 00007f5d68c9855d 00007f5d6404c0f4 0521 22:29:15.736733 (+122320us) tablet_metrics.cc:461] ProbeStats: bloom_lookups=0,key_file_lookups=0,delta_file_lookups=0,mrs_lookups=0 0521 22:29:15.736776 (+ 43us) write_op.cc:236] APPLY: Finished. 0521 22:29:15.757305 (+ 20529us) log.cc:840] Serialized 3217 byte log entry 0521 22:29:15.773640 (+ 16335us) write_op.cc:379] Releasing row and schema locks 0521 22:29:15.816834 (+ 43194us) write_op.cc:344] Released schema lock 0521 22:29:15.826092 (+ 9258us) write_op.cc:260] FINISH: Updating metrics. Metrics: {"child_traces":[["op",{"apply.queue_time_us":14433,"num_ops":533,"prepare.queue_time_us":5075,"prepare.run_cpu_time_us":99784,"prepare.run_wall_time_us":368395,"raft.queue_time_us":223,"raft.run_cpu_time_us":4590,"raft.run_wall_time_us":10659,"replication_time_us":220426,"spinlock_wait_cycles":31952512,"thread_start_us":27270,"threads_started":3,"wal-append.queue_time_us":4948}]]}
W0521 22:29:15.899062 1488 outbound_call.cc:285] RPC callback for RPC call kudu.tserver.TabletServerService.Write -> {remote=127.0.89.195:35691, user_credentials={real_user=slave}} blocked reactor thread for 65416.6us
W0521 22:29:15.961350 1510 log.cc:914] Time spent T db62be61ab374802a1d543ea858f9113 P e4889a5698f944459719d537988dbaea: Append to log took a long time: real 0.088s user 0.023s sys 0.000s
I0521 22:29:16.012696 1522 rpcz_store.cc:269] Call kudu.tserver.TabletServerService.Write from 127.0.0.1:36428 (ReqId={client: cf7e57ef59544d6fb1124a196d50bf47, seq_no=2, attempt_no=0}) took 1586ms. Trace:
