I0521 22:31:42.830545 359 external_mini_cluster.cc:1016] Running /tmp/dist-test-taskopyat3/build/tsan/bin/kudu-tserver /tmp/dist-test-taskopyat3/build/tsan/bin/kudu-tserver --fs_wal_dir=/tmp/dist-test-taskopyat3/test-tmp/kudu-tool-test.2.ToolTest.TestHmsList.1590100104622499-359/minicluster-data/ts-0/wal --fs_data_dirs=/tmp/dist-test-taskopyat3/test-tmp/kudu-tool-test.2.ToolTest.TestHmsList.1590100104622499-359/minicluster-data/ts-0/data --block_manager=log --webserver_interface=localhost --never_fsync --ipki_server_key_size=768 --openssl_security_level_override=0 --enable_minidumps=false --redact=none --metrics_log_interval_ms=1000 --log_dir=/tmp/dist-test-taskopyat3/test-tmp/kudu-tool-test.2.ToolTest.TestHmsList.1590100104622499-359/minicluster-data/ts-0/logs --server_dump_info_path=/tmp/dist-test-taskopyat3/test-tmp/kudu-tool-test.2.ToolTest.TestHmsList.1590100104622499-359/minicluster-data/ts-0/data/info.pb --server_dump_info_format=pb --rpc_server_allow_ephemeral_ports --unlock_experimental_flags --unlock_unsafe_flags --logtostderr --logbuflevel=-1 --rpc_bind_addresses=127.0.89.193:0 --local_ip_for_outbound_sockets=127.0.89.193 --webserver_interface=127.0.89.193 --webserver_port=0 --tserver_master_addrs=127.0.89.254:42487 --builtin_ntp_servers=127.0.89.212:46657 --builtin_ntp_poll_interval_ms=100 --ntp_initial_sync_wait_secs=10 --time_source=builtin with env {}
I0521 22:31:42.832937 4355 data_dirs.cc:395] Could only allocate 1 dirs of requested 3 for tablet 00000000000000000000000000000000. 1 dirs total, 0 dirs full, 0 dirs failed
I0521 22:31:42.861208 4355 tablet_bootstrap.cc:440] T 00000000000000000000000000000000 P c3cc85c33a5447b2aa520019fe162966: Bootstrap starting.
I0521 22:31:42.867784 4355 tablet_bootstrap.cc:596] T 00000000000000000000000000000000 P c3cc85c33a5447b2aa520019fe162966: No blocks or log segments found. Creating new log.
I0521 22:31:42.869653 4355 log.cc:819] T 00000000000000000000000000000000 P c3cc85c33a5447b2aa520019fe162966: Log is configured to *not* fsync() on all Append() calls
I0521 22:31:42.873440 4355 tablet_bootstrap.cc:440] T 00000000000000000000000000000000 P c3cc85c33a5447b2aa520019fe162966: No bootstrap required, opened a new log
I0521 22:31:42.888317 4355 raft_consensus.cc:342] T 00000000000000000000000000000000 P c3cc85c33a5447b2aa520019fe162966 [term 0 FOLLOWER]: Replica starting. Triggering 0 pending ops. Active config: opid_index: -1 OBSOLETE_local: true peers { permanent_uuid: "c3cc85c33a5447b2aa520019fe162966" member_type: VOTER }
I0521 22:31:42.888710 4355 raft_consensus.cc:368] T 00000000000000000000000000000000 P c3cc85c33a5447b2aa520019fe162966 [term 0 FOLLOWER]: Consensus starting up: Expiring failure detector timer to make a prompt election more likely
I0521 22:31:42.888916 4355 raft_consensus.cc:722] T 00000000000000000000000000000000 P c3cc85c33a5447b2aa520019fe162966 [term 0 FOLLOWER]: Becoming Follower/Learner. State: Replica: c3cc85c33a5447b2aa520019fe162966, State: Initialized, Role: FOLLOWER
I0521 22:31:42.889519 4355 consensus_queue.cc:250] T 00000000000000000000000000000000 P c3cc85c33a5447b2aa520019fe162966 [NON_LEADER]: Queue going to NON_LEADER mode. State: All replicated index: 0, Majority replicated index: 0, Committed index: 0, Last appended: 0.0, Last appended by leader: 0, Current term: 0, Majority size: -1, State: 0, Mode: NON_LEADER, active raft config: opid_index: -1 OBSOLETE_local: true peers { permanent_uuid: "c3cc85c33a5447b2aa520019fe162966" member_type: VOTER }
I0521 22:31:42.889902 4355 raft_consensus.cc:382] T 00000000000000000000000000000000 P c3cc85c33a5447b2aa520019fe162966 [term 0 FOLLOWER]: Only one voter in the Raft config. Triggering election immediately
I0521 22:31:42.890127 4355 raft_consensus.cc:478] T 00000000000000000000000000000000 P c3cc85c33a5447b2aa520019fe162966 [term 0 FOLLOWER]: Starting leader election (initial election of a single-replica configuration)
I0521 22:31:42.890388 4355 raft_consensus.cc:2975] T 00000000000000000000000000000000 P c3cc85c33a5447b2aa520019fe162966 [term 0 FOLLOWER]: Advancing to term 1
I0521 22:31:42.893512 4355 raft_consensus.cc:500] T 00000000000000000000000000000000 P c3cc85c33a5447b2aa520019fe162966 [term 1 FOLLOWER]: Starting leader election with config: opid_index: -1 OBSOLETE_local: true peers { permanent_uuid: "c3cc85c33a5447b2aa520019fe162966" member_type: VOTER }
I0521 22:31:42.894030 4355 leader_election.cc:302] T 00000000000000000000000000000000 P c3cc85c33a5447b2aa520019fe162966 [CANDIDATE]: Term 1 election: Election decided. Result: candidate won. Election summary: received 1 responses out of 1 voters: 1 yes votes; 0 no votes. yes voters: c3cc85c33a5447b2aa520019fe162966; no voters:
I0521 22:31:42.895610 4358 raft_consensus.cc:2721] T 00000000000000000000000000000000 P c3cc85c33a5447b2aa520019fe162966 [term 1 FOLLOWER]: Leader election won for term 1 WARNING: Logging before InitGoogleLogging() is written to STDERR
W0521 22:31:43.017310 4356 flags.cc:403] Enabled unsafe flag: --openssl_security_level_override=0
W0521 22:31:43.017983 4356 flags.cc:403] Enabled unsafe flag: --rpc_server_allow_ephemeral_ports=true
W0521 22:31:43.018806 4356 flags.cc:403] Enabled unsafe flag: --never_fsync=true
W0521 22:31:43.035740 4356 flags.cc:403] Enabled experimental flag: --ipki_server_key_size=768
W0521 22:31:43.036779 4356 flags.cc:403] Enabled experimental flag: --local_ip_for_outbound_sockets=127.0.89.193
I0521 22:31:43.064343 4356 tablet_server_runner.cc:68] Tablet server non-default flags: --builtin_ntp_poll_interval_ms=100 --builtin_ntp_servers=127.0.89.212:46657 --ntp_initial_sync_wait_secs=10 --time_source=builtin --fs_data_dirs=/tmp/dist-test-taskopyat3/test-tmp/kudu-tool-test.2.ToolTest.TestHmsList.1590100104622499-359/minicluster-data/ts-0/data --fs_wal_dir=/tmp/dist-test-taskopyat3/test-tmp/kudu-tool-test.2.ToolTest.TestHmsList.1590100104622499-359/minicluster-data/ts-0/wal --ipki_server_key_size=768 --openssl_security_level_override=0 --rpc_bind_addresses=127.0.89.193:0 --rpc_server_allow_ephemeral_ports=true --metrics_log_interval_ms=1000 --server_dump_info_format=pb --server_dump_info_path=/tmp/dist-test-taskopyat3/test-tmp/kudu-tool-test.2.ToolTest.TestHmsList.1590100104622499-359/minicluster-data/ts-0/data/info.pb --webserver_interface=127.0.89.193 --webserver_port=0 --tserver_master_addrs=127.0.89.254:42487 --never_fsync=true --redact=none --unlock_experimental_flags=true --unlock_unsafe_flags=true --log_filename=kudu-tserver --enable_minidumps=false --local_ip_for_outbound_sockets=127.0.89.193 --log_dir=/tmp/dist-test-taskopyat3/test-tmp/kudu-tool-test.2.ToolTest.TestHmsList.1590100104622499-359/minicluster-data/ts-0/logs --logbuflevel=-1 --logtostderr=true Tablet server version: kudu 1.13.0-SNAPSHOT revision 1c6e9a70e819ae2aa7f189c121df80342e1174d1 build type FASTDEBUG built by None at 21 May 2020 22:15:25 UTC on jenkins-slave-snjf build id 21722 TSAN enabled
I0521 22:31:43.065726 4356 env_posix.cc:1747] Not raising this process' open files per process limit of 1048576; it is already as high as it can go
I0521 22:31:43.067737 4356 file_cache.cc:477] Constructed file cache file cache with capacity 419430
I0521 22:31:42.896714 4355 leader_election.cc:288] T 00000000000000000000000000000000 P c3cc85c33a5447b2aa520019fe162966 [CANDIDATE]: Term 1 election: Requested vote from peers
I0521 22:31:43.083209 4358 raft_consensus.cc:683] T 00000000000000000000000000000000 P c3cc85c33a5447b2aa520019fe162966 [term 1 LEADER]: Becoming Leader. State: Replica: c3cc85c33a5447b2aa520019fe162966, State: Running, Role: LEADER
I0521 22:31:43.084136 4358 consensus_queue.cc:227] T 00000000000000000000000000000000 P c3cc85c33a5447b2aa520019fe162966 [LEADER]: Queue going to LEADER mode. State: All replicated index: 0, Majority replicated index: 0, Committed index: 0, Last appended: 0.0, Last appended by leader: 0, Current term: 1, Majority size: 1, State: 0, Mode: LEADER, active raft config: opid_index: -1 OBSOLETE_local: true peers { permanent_uuid: "c3cc85c33a5447b2aa520019fe162966" member_type: VOTER }
I0521 22:31:43.090762 4356 hybrid_clock.cc:243] auto-selected time source: builtin
I0521 22:31:43.094280 4356 hybrid_clock.cc:572] waiting up to --ntp_initial_sync_wait_secs=10 seconds for the clock to synchronize
I0521 22:31:43.095782 4356 hybrid_clock.cc:590] HybridClock initialized: now 1590100303095730 us; error 49 us; skew 500 ppm
I0521 22:31:43.098260 4356 fs_manager.cc:259] Metadata directory not provided
I0521 22:31:43.098515 4356 fs_manager.cc:265] Using write-ahead log directory (fs_wal_dir) as metadata directory
I0521 22:31:43.099030 4356 server_base.cc:492] This appears to be a new deployment of Kudu; creating new FS layout
I0521 22:31:43.099093 4359 sys_catalog.cc:357] T 00000000000000000000000000000000 P c3cc85c33a5447b2aa520019fe162966 [sys.catalog]: SysCatalogTable state changed. Reason: New leader c3cc85c33a5447b2aa520019fe162966. Latest consensus state: current_term: 1 leader_uuid: "c3cc85c33a5447b2aa520019fe162966" committed_config { opid_index: -1 OBSOLETE_local: true peers { permanent_uuid: "c3cc85c33a5447b2aa520019fe162966" member_type: VOTER } }
I0521 22:31:43.099925 4359 sys_catalog.cc:360] T 00000000000000000000000000000000 P c3cc85c33a5447b2aa520019fe162966 [sys.catalog]: This master's current role is: LEADER
I0521 22:31:43.099354 4358 sys_catalog.cc:357] T 00000000000000000000000000000000 P c3cc85c33a5447b2aa520019fe162966 [sys.catalog]: SysCatalogTable state changed. Reason: RaftConsensus started. Latest consensus state: current_term: 1 leader_uuid: "c3cc85c33a5447b2aa520019fe162966" committed_config { opid_index: -1 OBSOLETE_local: true peers { permanent_uuid: "c3cc85c33a5447b2aa520019fe162966" member_type: VOTER } }
I0521 22:31:43.100544 4358 sys_catalog.cc:360] T 00000000000000000000000000000000 P c3cc85c33a5447b2aa520019fe162966 [sys.catalog]: This master's current role is: LEADER
I0521 22:31:43.101390 4355 sys_catalog.cc:458] T 00000000000000000000000000000000 P c3cc85c33a5447b2aa520019fe162966 [sys.catalog]: configured and running, proceeding with master startup.
I0521 22:31:43.103873 4356 fs_manager.cc:617] Generated new instance metadata in path /tmp/dist-test-taskopyat3/test-tmp/kudu-tool-test.2.ToolTest.TestHmsList.1590100104622499-359/minicluster-data/ts-0/data/instance: uuid: "cf9e08c4271e4d9aa28b1aacbd630908" format_stamp: "Formatted at 2020-05-21 22:31:43 on dist-test-slave-dist-test-slave-jp1g"
I0521 22:31:43.105044 4356 fs_manager.cc:617] Generated new instance metadata in path /tmp/dist-test-taskopyat3/test-tmp/kudu-tool-test.2.ToolTest.TestHmsList.1590100104622499-359/minicluster-data/ts-0/wal/instance: uuid: "cf9e08c4271e4d9aa28b1aacbd630908" format_stamp: "Formatted at 2020-05-21 22:31:43 on dist-test-slave-dist-test-slave-jp1g"
W0521 22:31:43.117657 4370 catalog_manager.cc:1201] T 00000000000000000000000000000000 P c3cc85c33a5447b2aa520019fe162966: acquiring CA information for follower catalog manager: Not found: root CA entry not found
W0521 22:31:43.117868 4370 catalog_manager.cc:667] Not found: root CA entry not found: failed to prepare follower catalog manager, will retry
I0521 22:31:43.118238 4369 catalog_manager.cc:1131] Loading table and tablet metadata into memory...
I0521 22:31:43.123997 4369 catalog_manager.cc:1142] Initializing Kudu internal certificate authority...
I0521 22:31:43.137558 4356 fs_manager.cc:518] Time spent creating directory manager: real 0.032s user 0.028s sys 0.004s
I0521 22:31:43.151026 4356 fs_manager.cc:433] Time spent opening block manager: real 0.002s user 0.001s sys 0.000s
I0521 22:31:43.151242 4356 fs_manager.cc:451] Opened local filesystem: /tmp/dist-test-taskopyat3/test-tmp/kudu-tool-test.2.ToolTest.TestHmsList.1590100104622499-359/minicluster-data/ts-0/data,/tmp/dist-test-taskopyat3/test-tmp/kudu-tool-test.2.ToolTest.TestHmsList.1590100104622499-359/minicluster-data/ts-0/wal uuid: "cf9e08c4271e4d9aa28b1aacbd630908" format_stamp: "Formatted at 2020-05-21 22:31:43 on dist-test-slave-dist-test-slave-jp1g"
I0521 22:31:43.151612 4356 fs_report.cc:352] FS layout report -------------------- wal directory: /tmp/dist-test-taskopyat3/test-tmp/kudu-tool-test.2.ToolTest.TestHmsList.1590100104622499-359/minicluster-data/ts-0/wal metadata directory: /tmp/dist-test-taskopyat3/test-tmp/kudu-tool-test.2.ToolTest.TestHmsList.1590100104622499-359/minicluster-data/ts-0/wal 1 data directories: /tmp/dist-test-taskopyat3/test-tmp/kudu-tool-test.2.ToolTest.TestHmsList.1590100104622499-359/minicluster-data/ts-0/data/data Total live blocks: 0 Total live bytes: 0 Total live bytes (after alignment): 0 Total number of LBM containers: 0 (0 full) Did not check for missing blocks Did not check for orphaned blocks Total full LBM containers with extra space: 0 (0 repaired) Total full LBM container extra space in bytes: 0 (0 repaired) Total incomplete LBM containers: 0 (0 repaired) Total LBM partial records: 0 (0 repaired)
I0521 22:31:43.186192 4369 catalog_manager.cc:1026] Generated new certificate authority record
I0521 22:31:43.188891 4369 catalog_manager.cc:1151] Loading token signing keys...
I0521 22:31:43.203888 4369 catalog_manager.cc:4538] T 00000000000000000000000000000000 P c3cc85c33a5447b2aa520019fe162966: Generated new TSK 0
I0521 22:31:43.204846 4369 catalog_manager.cc:1161] Initializing in-progress tserver states...
W0521 22:31:44.144129 4356 thread.cc:616] rpc reactor (reactor) Time spent creating pthread: real 0.952s user 0.001s sys 0.000s
W0521 22:31:44.144456 4356 thread.cc:582] rpc reactor (reactor) Time spent starting thread: real 0.952s user 0.002s sys 0.000s
I0521 22:31:44.176342 4356 env_posix.cc:1747] Not raising this process' running threads per effective uid limit of 18446744073709551615; it is already as high as it can go
I0521 22:31:44.181787 4356 ts_tablet_manager.cc:399] Loaded tablet metadata (0 total tablets, 0 live tablets)
I0521 22:31:44.181946 4356 ts_tablet_manager.cc:420] Registered 0 tablets
I0521 22:31:44.345577 4356 rpc_server.cc:221] RPC server started. Bound to: 127.0.89.193:43527
I0521 22:31:44.349176 4356 webserver.cc:381] Webserver started at http://127.0.89.193:37035/ using document root and password file
I0521 22:31:44.350070 4356 server_base.cc:675] Dumped server information to /tmp/dist-test-taskopyat3/test-tmp/kudu-tool-test.2.ToolTest.TestHmsList.1590100104622499-359/minicluster-data/ts-0/data/info.pb
I0521 22:31:44.359918 359 external_mini_cluster.cc:1078] Started /tmp/dist-test-taskopyat3/build/tsan/bin/kudu-tserver as pid 4356
I0521 22:31:44.383435 4488 heartbeater.cc:325] Connected to a master server at 127.0.89.254:42487
I0521 22:31:44.383755 4488 heartbeater.cc:416] Registering TS with master...
I0521 22:31:44.384799 4488 heartbeater.cc:465] Master 127.0.89.254:42487 requested a full tablet report, sending...
I0521 22:31:44.387462 4321 ts_manager.cc:191] Registered new tserver with Master: cf9e08c4271e4d9aa28b1aacbd630908 (127.0.89.193:43527)
I0521 22:31:44.390370 359 external_mini_cluster.cc:699] 1 TS(s) registered with all masters
I0521 22:31:44.390439 4321 master_service.cc:349] Signed X509 certificate for tserver {username='slave'} at 127.0.89.193:41027
I0521 22:31:44.437877 4321 catalog_manager.cc:1501] Servicing CreateTable request from {username='slave'} at 127.0.0.1:40182: name: "default.simple" schema { columns { name: "foo" type: INT32 is_key: true is_nullable: false encoding: AUTO_ENCODING compression: DEFAULT_COMPRESSION cfile_block_size: 0 } } num_replicas: 1 split_rows_range_bounds { } partition_schema { range_schema { columns { name: "foo" } } }
I0521 22:31:44.501204 4425 tablet_service.cc:1232] Processing CreateTablet for tablet ec39394695764bf38bd187eecb839716 (table=default.simple [id=d78c0e9e374e4c1787ae326a4f8ff676]), partition=RANGE (foo) PARTITION UNBOUNDED
I0521 22:31:44.502259 4425 data_dirs.cc:395] Could only allocate 1 dirs of requested 3 for tablet ec39394695764bf38bd187eecb839716. 1 dirs total, 0 dirs full, 0 dirs failed
I0521 22:31:44.519404 4509 tablet_bootstrap.cc:440] T ec39394695764bf38bd187eecb839716 P cf9e08c4271e4d9aa28b1aacbd630908: Bootstrap starting.
I0521 22:31:44.523663 4509 tablet_bootstrap.cc:596] T ec39394695764bf38bd187eecb839716 P cf9e08c4271e4d9aa28b1aacbd630908: No blocks or log segments found. Creating new log.
I0521 22:31:44.525950 4509 log.cc:819] T ec39394695764bf38bd187eecb839716 P cf9e08c4271e4d9aa28b1aacbd630908: Log is configured to *not* fsync() on all Append() calls
I0521 22:31:44.530289 4509 tablet_bootstrap.cc:440] T ec39394695764bf38bd187eecb839716 P cf9e08c4271e4d9aa28b1aacbd630908: No bootstrap required, opened a new log
I0521 22:31:44.530714 4509 ts_tablet_manager.cc:1115] T ec39394695764bf38bd187eecb839716 P cf9e08c4271e4d9aa28b1aacbd630908: Time spent bootstrapping tablet: real 0.012s user 0.004s sys 0.004s
I0521 22:31:44.551609 4509 raft_consensus.cc:342] T ec39394695764bf38bd187eecb839716 P cf9e08c4271e4d9aa28b1aacbd630908 [term 0 FOLLOWER]: Replica starting. Triggering 0 pending ops. Active config: opid_index: -1 OBSOLETE_local: true peers { permanent_uuid: "cf9e08c4271e4d9aa28b1aacbd630908" member_type: VOTER last_known_addr { host: "127.0.89.193" port: 43527 } }
I0521 22:31:44.552378 4509 raft_consensus.cc:368] T ec39394695764bf38bd187eecb839716 P cf9e08c4271e4d9aa28b1aacbd630908 [term 0 FOLLOWER]: Consensus starting up: Expiring failure detector timer to make a prompt election more likely
I0521 22:31:44.552637 4509 raft_consensus.cc:722] T ec39394695764bf38bd187eecb839716 P cf9e08c4271e4d9aa28b1aacbd630908 [term 0 FOLLOWER]: Becoming Follower/Learner. State: Replica: cf9e08c4271e4d9aa28b1aacbd630908, State: Initialized, Role: FOLLOWER
I0521 22:31:44.553342 4509 consensus_queue.cc:250] T ec39394695764bf38bd187eecb839716 P cf9e08c4271e4d9aa28b1aacbd630908 [NON_LEADER]: Queue going to NON_LEADER mode. State: All replicated index: 0, Majority replicated index: 0, Committed index: 0, Last appended: 0.0, Last appended by leader: 0, Current term: 0, Majority size: -1, State: 0, Mode: NON_LEADER, active raft config: opid_index: -1 OBSOLETE_local: true peers { permanent_uuid: "cf9e08c4271e4d9aa28b1aacbd630908" member_type: VOTER last_known_addr { host: "127.0.89.193" port: 43527 } }
I0521 22:31:44.553956 4509 raft_consensus.cc:382] T ec39394695764bf38bd187eecb839716 P cf9e08c4271e4d9aa28b1aacbd630908 [term 0 FOLLOWER]: Only one voter in the Raft config. Triggering election immediately
I0521 22:31:44.554352 4509 raft_consensus.cc:478] T ec39394695764bf38bd187eecb839716 P cf9e08c4271e4d9aa28b1aacbd630908 [term 0 FOLLOWER]: Starting leader election (initial election of a single-replica configuration)
I0521 22:31:44.554702 4509 raft_consensus.cc:2975] T ec39394695764bf38bd187eecb839716 P cf9e08c4271e4d9aa28b1aacbd630908 [term 0 FOLLOWER]: Advancing to term 1
I0521 22:31:44.559828 4509 raft_consensus.cc:500] T ec39394695764bf38bd187eecb839716 P cf9e08c4271e4d9aa28b1aacbd630908 [term 1 FOLLOWER]: Starting leader election with config: opid_index: -1 OBSOLETE_local: true peers { permanent_uuid: "cf9e08c4271e4d9aa28b1aacbd630908" member_type: VOTER last_known_addr { host: "127.0.89.193" port: 43527 } }
I0521 22:31:44.560588 4509 leader_election.cc:302] T ec39394695764bf38bd187eecb839716 P cf9e08c4271e4d9aa28b1aacbd630908 [CANDIDATE]: Term 1 election: Election decided. Result: candidate won. Election summary: received 1 responses out of 1 voters: 1 yes votes; 0 no votes. yes voters: cf9e08c4271e4d9aa28b1aacbd630908; no voters:
I0521 22:31:44.564512 4509 leader_election.cc:288] T ec39394695764bf38bd187eecb839716 P cf9e08c4271e4d9aa28b1aacbd630908 [CANDIDATE]: Term 1 election: Requested vote from peers
I0521 22:31:44.564888 4511 raft_consensus.cc:2721] T ec39394695764bf38bd187eecb839716 P cf9e08c4271e4d9aa28b1aacbd630908 [term 1 FOLLOWER]: Leader election won for term 1
I0521 22:31:44.778702 4509 ts_tablet_manager.cc:1144] T ec39394695764bf38bd187eecb839716 P cf9e08c4271e4d9aa28b1aacbd630908: Time spent starting tablet: real 0.248s user 0.029s sys 0.008s
I0521 22:31:44.779613 4488 heartbeater.cc:457] Master 127.0.89.254:42487 was elected leader, sending a full tablet report...
I0521 22:31:44.784168 4511 raft_consensus.cc:683] T ec39394695764bf38bd187eecb839716 P cf9e08c4271e4d9aa28b1aacbd630908 [term 1 LEADER]: Becoming Leader. State: Replica: cf9e08c4271e4d9aa28b1aacbd630908, State: Running, Role: LEADER
I0521 22:31:44.784973 4511 consensus_queue.cc:227] T ec39394695764bf38bd187eecb839716 P cf9e08c4271e4d9aa28b1aacbd630908 [LEADER]: Queue going to LEADER mode. State: All replicated index: 0, Majority replicated index: 0, Committed index: 0, Last appended: 0.0, Last appended by leader: 0, Current term: 1, Majority size: 1, State: 0, Mode: LEADER, active raft config: opid_index: -1 OBSOLETE_local: true peers { permanent_uuid: "cf9e08c4271e4d9aa28b1aacbd630908" member_type: VOTER last_known_addr { host: "127.0.89.193" port: 43527 } }
I0521 22:31:44.793190 4321 catalog_manager.cc:4202] T ec39394695764bf38bd187eecb839716 P cf9e08c4271e4d9aa28b1aacbd630908 reported cstate change: term changed from 0 to 1, leader changed from to cf9e08c4271e4d9aa28b1aacbd630908 (127.0.89.193). New cstate: current_term: 1 leader_uuid: "cf9e08c4271e4d9aa28b1aacbd630908" committed_config { opid_index: -1 OBSOLETE_local: true peers { permanent_uuid: "cf9e08c4271e4d9aa28b1aacbd630908" member_type: VOTER last_known_addr { host: "127.0.89.193" port: 43527 } health_report { overall_health: HEALTHY } } }
I0521 22:31:47.846518 359 external_mini_cluster.cc:1234] Killing /tmp/dist-test-taskopyat3/build/tsan/bin/kudu-master with pid 4293
I0521 22:31:47.866914 359 external_mini_cluster.cc:1016] Running /tmp/dist-test-taskopyat3/build/tsan/bin/kudu-master /tmp/dist-test-taskopyat3/build/tsan/bin/kudu-master --fs_wal_dir=/tmp/dist-test-taskopyat3/test-tmp/kudu-tool-test.2.ToolTest.TestHmsList.1590100104622499-359/minicluster-data/master-0/wal --fs_data_dirs=/tmp/dist-test-taskopyat3/test-tmp/kudu-tool-test.2.ToolTest.TestHmsList.1590100104622499-359/minicluster-data/master-0/data --block_manager=log --webserver_interface=localhost --never_fsync --ipki_server_key_size=768 --openssl_security_level_override=0 --enable_minidumps=false --redact=none --metrics_log_interval_ms=1000 --log_dir=/tmp/dist-test-taskopyat3/test-tmp/kudu-tool-test.2.ToolTest.TestHmsList.1590100104622499-359/minicluster-data/master-0/logs --server_dump_info_path=/tmp/dist-test-taskopyat3/test-tmp/kudu-tool-test.2.ToolTest.TestHmsList.1590100104622499-359/minicluster-data/master-0/data/info.pb --server_dump_info_format=pb --rpc_server_allow_ephemeral_ports --unlock_experimental_flags --unlock_unsafe_flags --logtostderr --logbuflevel=-1 --ipki_ca_key_size=768 --tsk_num_rsa_bits=512 --rpc_bind_addresses=127.0.89.254:42487 --webserver_interface=127.0.89.254 --webserver_port=43871 --builtin_ntp_servers=127.0.89.212:46657 --builtin_ntp_poll_interval_ms=100 --ntp_initial_sync_wait_secs=10 --time_source=builtin --rpc_reuseport=true --hive_metastore_uris=thrift://127.0.0.1:45491 --hive_metastore_sasl_enabled=false with env {} WARNING: Logging before InitGoogleLogging() is written to STDERR
W0521 22:31:48.025044 4530 flags.cc:403] Enabled unsafe flag: --openssl_security_level_override=0
W0521 22:31:48.025553 4530 flags.cc:403] Enabled unsafe flag: --rpc_server_allow_ephemeral_ports=true
W0521 22:31:48.026041 4530 flags.cc:403] Enabled unsafe flag: --never_fsync=true
W0521 22:31:48.038631 4530 flags.cc:403] Enabled experimental flag: --ipki_ca_key_size=768
W0521 22:31:48.038813 4530 flags.cc:403] Enabled experimental flag: --ipki_server_key_size=768
W0521 22:31:48.039024 4530 flags.cc:403] Enabled experimental flag: --tsk_num_rsa_bits=512
W0521 22:31:48.039217 4530 flags.cc:403] Enabled experimental flag: --rpc_reuseport=true
I0521 22:31:48.058411 4530 master_runner.cc:93] Master server non-default flags: --builtin_ntp_poll_interval_ms=100 --builtin_ntp_servers=127.0.89.212:46657 --ntp_initial_sync_wait_secs=10 --time_source=builtin --fs_data_dirs=/tmp/dist-test-taskopyat3/test-tmp/kudu-tool-test.2.ToolTest.TestHmsList.1590100104622499-359/minicluster-data/master-0/data --fs_wal_dir=/tmp/dist-test-taskopyat3/test-tmp/kudu-tool-test.2.ToolTest.TestHmsList.1590100104622499-359/minicluster-data/master-0/wal --hive_metastore_uris=thrift://127.0.0.1:45491 --ipki_ca_key_size=768 --ipki_server_key_size=768 --openssl_security_level_override=0 --tsk_num_rsa_bits=512 --rpc_bind_addresses=127.0.89.254:42487 --rpc_reuseport=true --rpc_server_allow_ephemeral_ports=true --metrics_log_interval_ms=1000 --server_dump_info_format=pb --server_dump_info_path=/tmp/dist-test-taskopyat3/test-tmp/kudu-tool-test.2.ToolTest.TestHmsList.1590100104622499-359/minicluster-data/master-0/data/info.pb --webserver_interface=127.0.89.254 --webserver_port=43871 --never_fsync=true --redact=none --unlock_experimental_flags=true --unlock_unsafe_flags=true --log_filename=kudu-master --enable_minidumps=false --log_dir=/tmp/dist-test-taskopyat3/test-tmp/kudu-tool-test.2.ToolTest.TestHmsList.1590100104622499-359/minicluster-data/master-0/logs --logbuflevel=-1 --logtostderr=true Master server version: kudu 1.13.0-SNAPSHOT revision 1c6e9a70e819ae2aa7f189c121df80342e1174d1 build type FASTDEBUG built by None at 21 May 2020 22:15:25 UTC on jenkins-slave-snjf build id 21722 TSAN enabled
I0521 22:31:48.059264 4530 env_posix.cc:1747] Not raising this process' open files per process limit of 1048576; it is already as high as it can go
I0521 22:31:48.060806 4530 file_cache.cc:477] Constructed file cache file cache with capacity 419430
I0521 22:31:48.075999 4530 hybrid_clock.cc:243] auto-selected time source: builtin
I0521 22:31:48.079511 4530 hybrid_clock.cc:572] waiting up to --ntp_initial_sync_wait_secs=10 seconds for the clock to synchronize
I0521 22:31:48.080824 4530 hybrid_clock.cc:590] HybridClock initialized: now 1590100308080796 us; error 36 us; skew 500 ppm
I0521 22:31:48.082504 4530 fs_manager.cc:259] Metadata directory not provided
I0521 22:31:48.082676 4530 fs_manager.cc:265] Using write-ahead log directory (fs_wal_dir) as metadata directory
I0521 22:31:48.098178 4530 fs_manager.cc:410] Time spent opening directory manager: real 0.013s user 0.013s sys 0.000s
I0521 22:31:48.105499 4530 fs_manager.cc:433] Time spent opening block manager: real 0.001s user 0.001s sys 0.000s
I0521 22:31:48.105657 4530 fs_manager.cc:451] Opened local filesystem: /tmp/dist-test-taskopyat3/test-tmp/kudu-tool-test.2.ToolTest.TestHmsList.1590100104622499-359/minicluster-data/master-0/data,/tmp/dist-test-taskopyat3/test-tmp/kudu-tool-test.2.ToolTest.TestHmsList.1590100104622499-359/minicluster-data/master-0/wal uuid: "c3cc85c33a5447b2aa520019fe162966" format_stamp: "Formatted at 2020-05-21 22:31:41 on dist-test-slave-dist-test-slave-jp1g"
I0521 22:31:48.106954 4530 fs_report.cc:352] FS layout report -------------------- wal directory: /tmp/dist-test-taskopyat3/test-tmp/kudu-tool-test.2.ToolTest.TestHmsList.1590100104622499-359/minicluster-data/master-0/wal metadata directory: /tmp/dist-test-taskopyat3/test-tmp/kudu-tool-test.2.ToolTest.TestHmsList.1590100104622499-359/minicluster-data/master-0/wal 1 data directories: /tmp/dist-test-taskopyat3/test-tmp/kudu-tool-test.2.ToolTest.TestHmsList.1590100104622499-359/minicluster-data/master-0/data/data Total live blocks: 0 Total live bytes: 0 Total live bytes (after alignment): 0 Total number of LBM containers: 0 (0 full) Did not check for missing blocks Did not check for orphaned blocks Total full LBM containers with extra space: 0 (0 repaired) Total full LBM container extra space in bytes: 0 (0 repaired) Total incomplete LBM containers: 0 (0 repaired) Total LBM partial records: 0 (0 repaired)
W0521 22:31:48.825923 4488 heartbeater.cc:581] Failed to heartbeat to 127.0.89.254:42487 (0 consecutive failures): Network error: Failed to send heartbeat to master: Client connection negotiation failed: client connection to 127.0.89.254:42487: connect: Connection refused (error 111)
W0521 22:31:49.046895 4530 thread.cc:616] rpc reactor (reactor) Time spent creating pthread: real 0.912s user 0.368s sys 0.544s
W0521 22:31:49.047197 4530 thread.cc:582] rpc reactor (reactor) Time spent starting thread: real 0.913s user 0.368s sys 0.544s
I0521 22:31:49.064340 4530 env_posix.cc:1747] Not raising this process' running threads per effective uid limit of 18446744073709551615; it is already as high as it can go
I0521 22:31:49.141993 4530 rpc_server.cc:221] RPC server started. Bound to: 127.0.89.254:42487
I0521 22:31:49.147094 4530 webserver.cc:381] Webserver started at http://127.0.89.254:43871/ using document root and password file
I0521 22:31:49.148650 4530 server_base.cc:675] Dumped server information to /tmp/dist-test-taskopyat3/test-tmp/kudu-tool-test.2.ToolTest.TestHmsList.1590100104622499-359/minicluster-data/master-0/data/info.pb
I0521 22:31:49.151304 359 external_mini_cluster.cc:1078] Started /tmp/dist-test-taskopyat3/build/tsan/bin/kudu-master as pid 4530
I0521 22:31:49.167654 4593 tablet_bootstrap.cc:440] T 00000000000000000000000000000000 P c3cc85c33a5447b2aa520019fe162966: Bootstrap starting.
I0521 22:31:49.214175 4593 log.cc:819] T 00000000000000000000000000000000 P c3cc85c33a5447b2aa520019fe162966: Log is configured to *not* fsync() on all Append() calls
I0521 22:31:49.235616 4593 tablet_bootstrap.cc:440] T 00000000000000000000000000000000 P c3cc85c33a5447b2aa520019fe162966: Bootstrap replayed 1/1 log segments. Stats: ops{read=6 overwritten=0 applied=6 ignored=0} inserts{seen=4 ignored=0} mutations{seen=2 ignored=0} orphaned_commits=0. Pending: 0 replicates
I0521 22:31:49.236541 4593 tablet_bootstrap.cc:440] T 00000000000000000000000000000000 P c3cc85c33a5447b2aa520019fe162966: Bootstrap complete.
I0521 22:31:49.252290 4593 raft_consensus.cc:342] T 00000000000000000000000000000000 P c3cc85c33a5447b2aa520019fe162966 [term 1 FOLLOWER]: Replica starting. Triggering 0 pending ops. Active config: opid_index: -1 OBSOLETE_local: true peers { permanent_uuid: "c3cc85c33a5447b2aa520019fe162966" member_type: VOTER }
I0521 22:31:49.254276 4593 raft_consensus.cc:722] T 00000000000000000000000000000000 P c3cc85c33a5447b2aa520019fe162966 [term 1 FOLLOWER]: Becoming Follower/Learner. State: Replica: c3cc85c33a5447b2aa520019fe162966, State: Initialized, Role: FOLLOWER
I0521 22:31:49.255015 4593 consensus_queue.cc:250] T 00000000000000000000000000000000 P c3cc85c33a5447b2aa520019fe162966 [NON_LEADER]: Queue going to NON_LEADER mode. State: All replicated index: 0, Majority replicated index: 0, Committed index: 6, Last appended: 1.6, Last appended by leader: 6, Current term: 0, Majority size: -1, State: 0, Mode: NON_LEADER, active raft config: opid_index: -1 OBSOLETE_local: true peers { permanent_uuid: "c3cc85c33a5447b2aa520019fe162966" member_type: VOTER }
I0521 22:31:49.255442 4593 raft_consensus.cc:382] T 00000000000000000000000000000000 P c3cc85c33a5447b2aa520019fe162966 [term 1 FOLLOWER]: Only one voter in the Raft config. Triggering election immediately
I0521 22:31:49.255760 4593 raft_consensus.cc:478] T 00000000000000000000000000000000 P c3cc85c33a5447b2aa520019fe162966 [term 1 FOLLOWER]: Starting leader election (initial election of a single-replica configuration)
I0521 22:31:49.256117 4593 raft_consensus.cc:2975] T 00000000000000000000000000000000 P c3cc85c33a5447b2aa520019fe162966 [term 1 FOLLOWER]: Advancing to term 2
I0521 22:31:49.263492 4593 raft_consensus.cc:500] T 00000000000000000000000000000000 P c3cc85c33a5447b2aa520019fe162966 [term 2 FOLLOWER]: Starting leader election with config: opid_index: -1 OBSOLETE_local: true peers { permanent_uuid: "c3cc85c33a5447b2aa520019fe162966" member_type: VOTER }
I0521 22:31:49.264251 4593 leader_election.cc:302] T 00000000000000000000000000000000 P c3cc85c33a5447b2aa520019fe162966 [CANDIDATE]: Term 2 election: Election decided. Result: candidate won. Election summary: received 1 responses out of 1 voters: 1 yes votes; 0 no votes. yes voters: c3cc85c33a5447b2aa520019fe162966; no voters:
I0521 22:31:49.266008 4597 raft_consensus.cc:2721] T 00000000000000000000000000000000 P c3cc85c33a5447b2aa520019fe162966 [term 2 FOLLOWER]: Leader election won for term 2
I0521 22:31:49.266993 4593 leader_election.cc:288] T 00000000000000000000000000000000 P c3cc85c33a5447b2aa520019fe162966 [CANDIDATE]: Term 2 election: Requested vote from peers
I0521 22:31:49.402870 4597 raft_consensus.cc:683] T 00000000000000000000000000000000 P c3cc85c33a5447b2aa520019fe162966 [term 2 LEADER]: Becoming Leader. State: Replica: c3cc85c33a5447b2aa520019fe162966, State: Running, Role: LEADER
I0521 22:31:49.403853 4597 consensus_queue.cc:227] T 00000000000000000000000000000000 P c3cc85c33a5447b2aa520019fe162966 [LEADER]: Queue going to LEADER mode. State: All replicated index: 0, Majority replicated index: 6, Committed index: 6, Last appended: 1.6, Last appended by leader: 6, Current term: 2, Majority size: 1, State: 0, Mode: LEADER, active raft config: opid_index: -1 OBSOLETE_local: true peers { permanent_uuid: "c3cc85c33a5447b2aa520019fe162966" member_type: VOTER }
I0521 22:31:49.409034 4598 sys_catalog.cc:357] T 00000000000000000000000000000000 P c3cc85c33a5447b2aa520019fe162966 [sys.catalog]: SysCatalogTable state changed. Reason: New leader c3cc85c33a5447b2aa520019fe162966. Latest consensus state: current_term: 2 leader_uuid: "c3cc85c33a5447b2aa520019fe162966" committed_config { opid_index: -1 OBSOLETE_local: true peers { permanent_uuid: "c3cc85c33a5447b2aa520019fe162966" member_type: VOTER } }
I0521 22:31:49.409512 4598 sys_catalog.cc:360] T 00000000000000000000000000000000 P c3cc85c33a5447b2aa520019fe162966 [sys.catalog]: This master's current role is: LEADER
I0521 22:31:49.410904 4593 sys_catalog.cc:458] T 00000000000000000000000000000000 P c3cc85c33a5447b2aa520019fe162966 [sys.catalog]: configured and running, proceeding with master startup.
I0521 22:31:49.410706 4599 sys_catalog.cc:357] T 00000000000000000000000000000000 P c3cc85c33a5447b2aa520019fe162966 [sys.catalog]: SysCatalogTable state changed. Reason: RaftConsensus started. Latest consensus state: current_term: 2 leader_uuid: "c3cc85c33a5447b2aa520019fe162966" committed_config { opid_index: -1 OBSOLETE_local: true peers { permanent_uuid: "c3cc85c33a5447b2aa520019fe162966" member_type: VOTER } }
I0521 22:31:49.411566 4599 sys_catalog.cc:360] T 00000000000000000000000000000000 P c3cc85c33a5447b2aa520019fe162966 [sys.catalog]: This master's current role is: LEADER
I0521 22:31:49.413431 4601 catalog_manager.cc:1131] Loading table and tablet metadata into memory...
I0521 22:31:49.420882 4601 catalog_manager.cc:427] Loaded metadata for table default.simple [id=d78c0e9e374e4c1787ae326a4f8ff676]
I0521 22:31:49.425580 4601 catalog_manager.cc:481] Loaded metadata for tablet ec39394695764bf38bd187eecb839716 (table default.simple [id=d78c0e9e374e4c1787ae326a4f8ff676])
I0521 22:31:49.426401 4601 catalog_manager.cc:1142] Initializing Kudu internal certificate authority...
I0521 22:31:49.432533 4601 catalog_manager.cc:1151] Loading token signing keys...
I0521 22:31:49.435567 4601 catalog_manager.cc:4549] T 00000000000000000000000000000000 P c3cc85c33a5447b2aa520019fe162966: Loaded TSK: 0
I0521 22:31:49.436857 4601 catalog_manager.cc:1161] Initializing in-progress tserver states...
I0521 22:31:49.446161 4606 hms_notification_log_listener.cc:228] Skipping Hive Metastore notification log poll: Service unavailable: Catalog manager is not initialized. State: Starting
I0521 22:31:49.839709 4488 heartbeater.cc:325] Connected to a master server at 127.0.89.254:42487
I0521 22:31:49.845547 4559 master_service.cc:295] Got heartbeat from unknown tserver (permanent_uuid: "cf9e08c4271e4d9aa28b1aacbd630908" instance_seqno: 1590100304311876) as {username='slave'} at 127.0.89.193:33867; Asking this server to re-register.
I0521 22:31:49.846786 4488 heartbeater.cc:416] Registering TS with master...
I0521 22:31:49.847297 4488 heartbeater.cc:465] Master 127.0.89.254:42487 requested a full tablet report, sending...
I0521 22:31:49.849771 4559 ts_manager.cc:191] Registered new tserver with Master: cf9e08c4271e4d9aa28b1aacbd630908 (127.0.89.193:43527)
I0521 22:31:49.852535 359 external_mini_cluster.cc:699] 1 TS(s) registered with all masters
W0521 22:32:23.142868 4545 debug-util.cc:402] Leaking SignalData structure 0x7b080002b060 after lost signal to thread 4531
W0521 22:32:23.143333 4545 debug-util.cc:402] Leaking SignalData structure 0x7b080002b780 after lost signal to thread 4591
W0521 22:32:28.996440 4545 debug-util.cc:402] Leaking SignalData structure 0x7b080002b740 after lost signal to thread 4531
W0521 22:32:28.996966 4545 debug-util.cc:402] Leaking SignalData structure 0x7b080002b520 after lost signal to thread 4591
W0521 22:33:05.743249 4380 debug-util.cc:402] Leaking SignalData structure 0x7b080002aae0 after lost signal to thread 4360
W0521 22:33:05.743983 4380 debug-util.cc:402] Leaking SignalData structure 0x7b080002af00 after lost signal to thread 4486
I0521 22:33:49.594769 4549 maintenance_manager.cc:326] P c3cc85c33a5447b2aa520019fe162966: Scheduling FlushMRSOp(00000000000000000000000000000000): perf score=0.033386
I0521 22:33:49.637208 4548 maintenance_manager.cc:525] P c3cc85c33a5447b2aa520019fe162966: FlushMRSOp(00000000000000000000000000000000) complete. Timing: real 0.042s user 0.032s sys 0.008s Metrics: {"bytes_written":6485,"cfile_init":1,"dirs.queue_time_us":675,"dirs.run_cpu_time_us":237,"dirs.run_wall_time_us":997,"drs_written":1,"lbm_read_time_us":231,"lbm_reads_lt_1ms":4,"lbm_write_time_us":1980,"lbm_writes_lt_1ms":27,"rows_written":5,"thread_start_us":953,"threads_started":2,"wal-append.queue_time_us":819}
I0521 22:33:49.639096 4549 maintenance_manager.cc:326] P c3cc85c33a5447b2aa520019fe162966: Scheduling UndoDeltaBlockGCOp(00000000000000000000000000000000): 396 bytes on disk
I0521 22:33:49.640486 4548 maintenance_manager.cc:525] P c3cc85c33a5447b2aa520019fe162966: UndoDeltaBlockGCOp(00000000000000000000000000000000) complete. Timing: real 0.001s user 0.001s sys 0.000s Metrics: {"cfile_init":1,"lbm_read_time_us":269,"lbm_reads_lt_1ms":4}
W0521 22:34:17.794472 4380 debug-util.cc:402] Leaking SignalData structure 0x7b080002ade0 after lost signal to thread 4360
W0521 22:34:17.795437 4380 debug-util.cc:402] Leaking SignalData structure 0x7b080002a7e0 after lost signal to thread 4486
W0521 22:34:20.286921 4545 debug-util.cc:402] Leaking SignalData structure 0x7b080002b2e0 after lost signal to thread 4531
W0521 22:34:20.287376 4545 debug-util.cc:402] Leaking SignalData structure 0x7b080002b140 after lost signal to thread 4591
W0521 22:35:27.726336 4380 debug-util.cc:402] Leaking SignalData structure 0x7b080002af40 after lost signal to thread 4360
W0521 22:35:27.727084 4380 debug-util.cc:402] Leaking SignalData structure 0x7b080002a980 after lost signal to thread 4486
W0521 22:36:12.250830 4545 debug-util.cc:402] Leaking SignalData structure 0x7b080002b9c0 after lost signal to thread 4531
W0521 22:36:12.251247 4545 debug-util.cc:402] Leaking SignalData structure 0x7b080002b220 after lost signal to thread 4591
W0521 22:36:34.702325 4545 debug-util.cc:402] Leaking SignalData structure 0x7b080002b800 after lost signal to thread 4531
W0521 22:36:34.702808 4545 debug-util.cc:402] Leaking SignalData structure 0x7b080002b700 after lost signal to thread 4591
W0521 22:37:03.237411 4380 debug-util.cc:402] Leaking SignalData structure 0x7b080002ab20 after lost signal to thread 4360
W0521 22:37:03.238131 4380 debug-util.cc:402] Leaking SignalData structure 0x7b080002a8e0 after lost signal to thread 4486
W0521 22:37:27.446748 4545 debug-util.cc:402] Leaking SignalData structure 0x7b080002b320 after lost signal to thread 4531
W0521 22:37:27.447190 4545 debug-util.cc:402] Leaking SignalData structure 0x7b080008a460 after lost signal to thread 4591
W0521 22:38:26.852612 4545 debug-util.cc:402] Leaking SignalData structure 0x7b080002b7c0 after lost signal to thread 4531
W0521 22:38:26.853031 4545 debug-util.cc:402] Leaking SignalData structure 0x7b080002b8c0 after lost signal to thread 4591
W0521 22:38:28.039356 4380 debug-util.cc:402] Leaking SignalData structure 0x7b080002a9a0 after lost signal to thread 4360
W0521 22:38:28.040096 4380 debug-util.cc:402] Leaking SignalData structure 0x7b080002ad80 after lost signal to thread 4486
W0521 22:38:45.889757 4380 debug-util.cc:402] Leaking SignalData structure 0x7b080002aa60 after lost signal to thread 4360
W0521 22:38:45.890512 4380 debug-util.cc:402] Leaking SignalData structure 0x7b080002a0a0 after lost signal to thread 4486
W0521 22:39:57.414119 4380 debug-util.cc:402] Leaking SignalData structure 0x7b080002ae60 after lost signal to thread 4360
W0521 22:39:57.414861 4380 debug-util.cc:402] Leaking SignalData structure 0x7b080002a140 after lost signal to thread 4486
W0521 22:40:04.007081 4545 debug-util.cc:402] Leaking SignalData structure 0x7b080002b240 after lost signal to thread 4531
W0521 22:40:04.007515 4545 debug-util.cc:402] Leaking SignalData structure 0x7b080002b8a0 after lost signal to thread 4591
W0521 22:40:41.883837 4380 debug-util.cc:402] Leaking SignalData structure 0x7b080002a880 after lost signal to thread 4360
W0521 22:40:41.884637 4380 debug-util.cc:402] Leaking SignalData structure 0x7b080002ace0 after lost signal to thread 4486
W0521 22:41:06.952173 4380 debug-util.cc:402] Leaking SignalData structure 0x7b0800058020 after lost signal to thread 4360
W0521 22:41:06.952941 4380 debug-util.cc:402] Leaking SignalData structure 0x7b080002a6e0 after lost signal to thread 4486
W0521 22:41:36.942020 4545 debug-util.cc:402] Leaking SignalData structure 0x7b080002b560 after lost signal to thread 4531
W0521 22:41:36.942495 4545 debug-util.cc:402] Leaking SignalData structure 0x7b080002b4a0 after lost signal to thread 4591
W0521 22:42:02.273381 4545 debug-util.cc:402] Leaking SignalData structure 0x7b080002bb20 after lost signal to thread 4531
W0521 22:42:02.273813 4545 debug-util.cc:402] Leaking SignalData structure 0x7b080002b0e0 after lost signal to thread 4591
W0521 22:42:37.898852 4380 debug-util.cc:402] Leaking SignalData structure 0x7b080002acc0 after lost signal to thread 4360
