W0220 18:44:28.776468 24819 flags.cc:403] Enabled experimental flag: --tsk_num_rsa_bits=512
W0220 18:44:28.776525 24819 flags.cc:403] Enabled experimental flag: --rpc_reuseport=true
I0220 18:44:28.779105 24819 master_runner.cc:90] Master server non-default flags: --builtin_ntp_poll_interval_ms=100 --builtin_ntp_servers=127.23.135.148:41009 --ntp_initial_sync_wait_secs=10 --time_source=builtin --fs_data_dirs=/tmp/dist-test-taskDlYUX2/test-tmp/maintenance_mode-itest.0.MaintenanceModeRF3ITest.TestFailedTServerInMaintenanceModeDoesntRereplicate.1582224264261468-24094/minicluster-data/master-0/data --fs_wal_dir=/tmp/dist-test-taskDlYUX2/test-tmp/maintenance_mode-itest.0.MaintenanceModeRF3ITest.TestFailedTServerInMaintenanceModeDoesntRereplicate.1582224264261468-24094/minicluster-data/master-0/wal --ipki_ca_key_size=1024 --ipki_server_key_size=1024 --tsk_num_rsa_bits=512 --rpc_bind_addresses=127.23.135.190:45127 --rpc_reuseport=true --rpc_server_allow_ephemeral_ports=true --metrics_log_interval_ms=1000 --server_dump_info_format=pb --server_dump_info_path=/tmp/dist-test-taskDlYUX2/test-tmp/maintenance_mode-itest.0.MaintenanceModeRF3ITest.TestFailedTServerInMaintenanceModeDoesntRereplicate.1582224264261468-24094/minicluster-data/master-0/data/info.pb --webserver_interface=127.23.135.190 --webserver_port=38291 --never_fsync=true --heap_profile_path=/tmp/kudu-master.24819 --redact=none --unlock_experimental_flags=true --unlock_unsafe_flags=true --log_filename=kudu-master --enable_minidumps=false --log_dir=/tmp/dist-test-taskDlYUX2/test-tmp/maintenance_mode-itest.0.MaintenanceModeRF3ITest.TestFailedTServerInMaintenanceModeDoesntRereplicate.1582224264261468-24094/minicluster-data/master-0/logs --logbuflevel=-1 --logtostderr=true Master server version: kudu 1.12.0-SNAPSHOT revision 924cf36232aa121073c75b5863683510c05eae48 build type DEBUG built by None at 20 Feb 2020 18:30:41 UTC on jenkins-slave-8qw8 build id 20512
I0220 18:44:28.779901 24819 env_posix.cc:1682] Not raising this process' open files per process limit of 1048576; it is already as high as it can go
I0220 18:44:28.781204 24819 file_cache.cc:476] Constructed file cache file cache with capacity 419430
I0220 18:44:28.788009 24819 hybrid_clock.cc:241] auto-selected time source: builtin
I0220 18:44:28.789309 24819 hybrid_clock.cc:534] waiting up to --ntp_initial_sync_wait_secs=10 seconds for the clock to synchronize
I0220 18:44:28.796699 24819 hybrid_clock.cc:552] HybridClock initialized: now 1582224268796602 us; error 83 us; skew 500 ppm
I0220 18:44:28.797691 24819 fs_manager.cc:259] Metadata directory not provided
I0220 18:44:28.797819 24819 fs_manager.cc:265] Using write-ahead log directory (fs_wal_dir) as metadata directory
W0220 18:44:28.805589 24433 consensus_peers.cc:472] T c0ca382ac98b46948b2b18c2d691a364 P bccadedc7a11414384f1d4875bf49aaa -> Peer 493be4abe83d46c1829e3d5cfc68a9de (127.23.135.129:35559): Couldn't send request to peer 493be4abe83d46c1829e3d5cfc68a9de. Status: Network error: Client connection negotiation failed: client connection to 127.23.135.129:35559: connect: Connection refused (error 111). This is attempt 36: this message will repeat every 5th retry.
I0220 18:44:28.833727 24819 fs_manager.cc:410] Time spent opening directory manager: real 0.035s user 0.007s sys 0.000s
I0220 18:44:28.844539 24819 fs_manager.cc:430] Time spent opening block manager: real 0.008s user 0.002s sys 0.000s
I0220 18:44:28.846748 24819 fs_manager.cc:447] Opened local filesystem: /tmp/dist-test-taskDlYUX2/test-tmp/maintenance_mode-itest.0.MaintenanceModeRF3ITest.TestFailedTServerInMaintenanceModeDoesntRereplicate.1582224264261468-24094/minicluster-data/master-0/data,/tmp/dist-test-taskDlYUX2/test-tmp/maintenance_mode-itest.0.MaintenanceModeRF3ITest.TestFailedTServerInMaintenanceModeDoesntRereplicate.1582224264261468-24094/minicluster-data/master-0/wal uuid: "1b8314706b1247e7a519c16d52957797" format_stamp: "Formatted at 2020-02-20 18:44:24 on dist-test-slave-dist-test-slave-sbf6"
I0220 18:44:28.847805 24819 fs_report.cc:352] FS layout report -------------------- wal directory: /tmp/dist-test-taskDlYUX2/test-tmp/maintenance_mode-itest.0.MaintenanceModeRF3ITest.TestFailedTServerInMaintenanceModeDoesntRereplicate.1582224264261468-24094/minicluster-data/master-0/wal metadata directory: /tmp/dist-test-taskDlYUX2/test-tmp/maintenance_mode-itest.0.MaintenanceModeRF3ITest.TestFailedTServerInMaintenanceModeDoesntRereplicate.1582224264261468-24094/minicluster-data/master-0/wal 1 data directories: /tmp/dist-test-taskDlYUX2/test-tmp/maintenance_mode-itest.0.MaintenanceModeRF3ITest.TestFailedTServerInMaintenanceModeDoesntRereplicate.1582224264261468-24094/minicluster-data/master-0/data/data Total live blocks: 0 Total live bytes: 0 Total live bytes (after alignment): 0 Total number of LBM containers: 0 (0 full) Did not check for missing blocks Did not check for orphaned blocks Total full LBM containers with extra space: 0 (0 repaired) Total full LBM container extra space in bytes: 0 (0 repaired) Total incomplete LBM containers: 0 (0 repaired) Total LBM partial records: 0 (0 repaired)
I0220 18:44:28.861413 24827 reactor.cc:496] Calling ReactorThread::RunThread()...
W0220 18:44:28.877388 24309 consensus_peers.cc:472] T c5b2eb9c654f49df828ad8a096c62921 P c8a15b6a57804d05ada89b15de898a87 -> Peer 493be4abe83d46c1829e3d5cfc68a9de (127.23.135.129:35559): Couldn't send request to peer 493be4abe83d46c1829e3d5cfc68a9de. Status: Network error: Client connection negotiation failed: client connection to 127.23.135.129:35559: connect: Connection refused (error 111). This is attempt 36: this message will repeat every 5th retry.
W0220 18:44:28.906489 24433 consensus_peers.cc:472] T a7a069dabd5b4df28954b6833f23ab31 P bccadedc7a11414384f1d4875bf49aaa -> Peer 493be4abe83d46c1829e3d5cfc68a9de (127.23.135.129:35559): Couldn't send request to peer 493be4abe83d46c1829e3d5cfc68a9de. Status: Network error: Client connection negotiation failed: client connection to 127.23.135.129:35559: connect: Connection refused (error 111). This is attempt 36: this message will repeat every 5th retry.
I0220 18:44:28.924638 24819 env_posix.cc:1682] Not raising this process' running threads per effective uid limit of 18446744073709551615; it is already as high as it can go
I0220 18:44:28.938321 24819 rpc_server.cc:211] RPC server started. Bound to: 127.23.135.190:45127
I0220 18:44:28.943949 24819 webserver.cc:382] Webserver started at http://127.23.135.190:38291/ using document root and password file
I0220 18:44:28.944742 24819 server_base.cc:678] Dumped server information to /tmp/dist-test-taskDlYUX2/test-tmp/maintenance_mode-itest.0.MaintenanceModeRF3ITest.TestFailedTServerInMaintenanceModeDoesntRereplicate.1582224264261468-24094/minicluster-data/master-0/data/info.pb
I0220 18:44:28.947841 24094 external_mini_cluster.cc:1127] Started /tmp/dist-test-taskDlYUX2/build/debug/bin/kudu-master as pid 24819
I0220 18:44:28.949564 24880 tablet_bootstrap.cc:441] T 00000000000000000000000000000000 P 1b8314706b1247e7a519c16d52957797: Bootstrap starting.
I0220 18:44:28.964274 24880 log.cc:828] T 00000000000000000000000000000000 P 1b8314706b1247e7a519c16d52957797: Log is configured to *not* fsync() on all Append() calls
I0220 18:44:28.988085 24880 tablet_bootstrap.cc:441] T 00000000000000000000000000000000 P 1b8314706b1247e7a519c16d52957797: Bootstrap replayed 1/1 log segments. Stats: ops{read=15 overwritten=0 applied=15 ignored=0} inserts{seen=10 ignored=0} mutations{seen=15 ignored=0} orphaned_commits=0. Pending: 0 replicates
I0220 18:44:28.988620 24880 tablet_bootstrap.cc:441] T 00000000000000000000000000000000 P 1b8314706b1247e7a519c16d52957797: Bootstrap complete.
I0220 18:44:29.004179 24880 raft_consensus.cc:346] T 00000000000000000000000000000000 P 1b8314706b1247e7a519c16d52957797 [term 1 FOLLOWER]: Replica starting. Triggering 0 pending transactions. Active config: opid_index: -1 OBSOLETE_local: true peers { permanent_uuid: "1b8314706b1247e7a519c16d52957797" member_type: VOTER }
I0220 18:44:29.004441 24880 raft_consensus.cc:726] T 00000000000000000000000000000000 P 1b8314706b1247e7a519c16d52957797 [term 1 FOLLOWER]: Becoming Follower/Learner. State: Replica: 1b8314706b1247e7a519c16d52957797, State: Initialized, Role: FOLLOWER
I0220 18:44:29.005038 24880 consensus_queue.cc:252] T 00000000000000000000000000000000 P 1b8314706b1247e7a519c16d52957797 [NON_LEADER]: Queue going to NON_LEADER mode. State: All replicated index: 0, Majority replicated index: 0, Committed index: 15, Last appended: 1.15, Last appended by leader: 15, Current term: 0, Majority size: -1, State: 0, Mode: NON_LEADER, active raft config: opid_index: -1 OBSOLETE_local: true peers { permanent_uuid: "1b8314706b1247e7a519c16d52957797" member_type: VOTER }
I0220 18:44:29.005362 24880 raft_consensus.cc:386] T 00000000000000000000000000000000 P 1b8314706b1247e7a519c16d52957797 [term 1 FOLLOWER]: Only one voter in the Raft config. Triggering election immediately
I0220 18:44:29.005448 24880 raft_consensus.cc:482] T 00000000000000000000000000000000 P 1b8314706b1247e7a519c16d52957797 [term 1 FOLLOWER]: Starting leader election (initial election of a single-replica configuration)
I0220 18:44:29.005568 24880 raft_consensus.cc:2983] T 00000000000000000000000000000000 P 1b8314706b1247e7a519c16d52957797 [term 1 FOLLOWER]: Advancing to term 2
I0220 18:44:29.007750 24880 raft_consensus.cc:504] T 00000000000000000000000000000000 P 1b8314706b1247e7a519c16d52957797 [term 2 FOLLOWER]: Starting leader election with config: opid_index: -1 OBSOLETE_local: true peers { permanent_uuid: "1b8314706b1247e7a519c16d52957797" member_type: VOTER }
I0220 18:44:29.008257 24880 leader_election.cc:307] T 00000000000000000000000000000000 P 1b8314706b1247e7a519c16d52957797 [CANDIDATE]: Term 2 election: Election decided. Result: candidate won. Election summary: received 1 responses out of 1 voters: 1 yes votes; 0 no votes. yes voters: 1b8314706b1247e7a519c16d52957797; no voters:
I0220 18:44:29.008821 24880 leader_election.cc:293] T 00000000000000000000000000000000 P 1b8314706b1247e7a519c16d52957797 [CANDIDATE]: Term 2 election: Requested vote from peers
I0220 18:44:29.009208 24880 sys_catalog.cc:365] T 00000000000000000000000000000000 P 1b8314706b1247e7a519c16d52957797 [sys.catalog]: SysCatalogTable state changed. Reason: Started TabletReplica. Latest consensus state: current_term: 2 committed_config { opid_index: -1 OBSOLETE_local: true peers { permanent_uuid: "1b8314706b1247e7a519c16d52957797" member_type: VOTER } }
I0220 18:44:29.009311 24880 sys_catalog.cc:368] T 00000000000000000000000000000000 P 1b8314706b1247e7a519c16d52957797 [sys.catalog]: This master's current role is: FOLLOWER
I0220 18:44:29.010077 24880 sys_catalog.cc:466] T 00000000000000000000000000000000 P 1b8314706b1247e7a519c16d52957797 [sys.catalog]: configured and running, proceeding with master startup.
I0220 18:44:29.010313 24882 raft_consensus.cc:2730] T 00000000000000000000000000000000 P 1b8314706b1247e7a519c16d52957797 [term 2 FOLLOWER]: Leader election won for term 2
I0220 18:44:29.010483 24882 raft_consensus.cc:686] T 00000000000000000000000000000000 P 1b8314706b1247e7a519c16d52957797 [term 2 LEADER]: Becoming Leader. State: Replica: 1b8314706b1247e7a519c16d52957797, State: Running, Role: LEADER
I0220 18:44:29.010785 24882 consensus_queue.cc:229] T 00000000000000000000000000000000 P 1b8314706b1247e7a519c16d52957797 [LEADER]: Queue going to LEADER mode. State: All replicated index: 0, Majority replicated index: 15, Committed index: 15, Last appended: 1.15, Last appended by leader: 15, Current term: 2, Majority size: 1, State: 0, Mode: LEADER, active raft config: opid_index: -1 OBSOLETE_local: true peers { permanent_uuid: "1b8314706b1247e7a519c16d52957797" member_type: VOTER }
I0220 18:44:29.012302 24882 sys_catalog.cc:365] T 00000000000000000000000000000000 P 1b8314706b1247e7a519c16d52957797 [sys.catalog]: SysCatalogTable state changed. Reason: New leader 1b8314706b1247e7a519c16d52957797. Latest consensus state: current_term: 2 leader_uuid: "1b8314706b1247e7a519c16d52957797" committed_config { opid_index: -1 OBSOLETE_local: true peers { permanent_uuid: "1b8314706b1247e7a519c16d52957797" member_type: VOTER } }
I0220 18:44:29.014847 24882 sys_catalog.cc:368] T 00000000000000000000000000000000 P 1b8314706b1247e7a519c16d52957797 [sys.catalog]: This master's current role is: LEADER
I0220 18:44:29.012738 24883 sys_catalog.cc:365] T 00000000000000000000000000000000 P 1b8314706b1247e7a519c16d52957797 [sys.catalog]: SysCatalogTable state changed. Reason: RaftConsensus started. Latest consensus state: current_term: 2 leader_uuid: "1b8314706b1247e7a519c16d52957797" committed_config { opid_index: -1 OBSOLETE_local: true peers { permanent_uuid: "1b8314706b1247e7a519c16d52957797" member_type: VOTER } }
I0220 18:44:29.015164 24883 sys_catalog.cc:368] T 00000000000000000000000000000000 P 1b8314706b1247e7a519c16d52957797 [sys.catalog]: This master's current role is: LEADER
I0220 18:44:29.017948 24884 catalog_manager.cc:1174] T 00000000000000000000000000000000 P 1b8314706b1247e7a519c16d52957797: acquiring CA information for follower catalog manager: success
I0220 18:44:29.019563 24884 catalog_manager.cc:1202] T 00000000000000000000000000000000 P 1b8314706b1247e7a519c16d52957797: importing token verification keys for follower catalog manager: success; most recent TSK sequence number 0
I0220 18:44:29.019675 24888 catalog_manager.cc:1107] Loading table and tablet metadata into memory...
I0220 18:44:29.021073 24888 catalog_manager.cc:408] Loaded metadata for table test-workload [id=73578aeb8f9e4f9597b79f5737a60111]
I0220 18:44:29.022157 24888 catalog_manager.cc:462] Loaded metadata for tablet 116ca55e12164875ad0a87183fe531bc (table test-workload [id=73578aeb8f9e4f9597b79f5737a60111])
I0220 18:44:29.022620 24888 catalog_manager.cc:462] Loaded metadata for tablet 2ca7a33c93d548f49d2a4b1eeca470ca (table test-workload [id=73578aeb8f9e4f9597b79f5737a60111])
I0220 18:44:29.022789 24888 catalog_manager.cc:462] Loaded metadata for tablet 827aa98f727b4da6a5015391b4da1960 (table test-workload [id=73578aeb8f9e4f9597b79f5737a60111])
I0220 18:44:29.022951 24888 catalog_manager.cc:462] Loaded metadata for tablet a7a069dabd5b4df28954b6833f23ab31 (table test-workload [id=73578aeb8f9e4f9597b79f5737a60111])
I0220 18:44:29.023097 24888 catalog_manager.cc:462] Loaded metadata for tablet c0ca382ac98b46948b2b18c2d691a364 (table test-workload [id=73578aeb8f9e4f9597b79f5737a60111])
I0220 18:44:29.023275 24888 catalog_manager.cc:462] Loaded metadata for tablet c5b2eb9c654f49df828ad8a096c62921 (table test-workload [id=73578aeb8f9e4f9597b79f5737a60111])
I0220 18:44:29.023356 24888 catalog_manager.cc:1118] Initializing Kudu internal certificate authority...
I0220 18:44:29.024211 24888 catalog_manager.cc:1127] Loading token signing keys...
I0220 18:44:29.024853 24888 catalog_manager.cc:4520] T 00000000000000000000000000000000 P 1b8314706b1247e7a519c16d52957797: Loaded TSK: 0
I0220 18:44:29.025418 24888 catalog_manager.cc:1137] Initializing in-progress tserver states...
W0220 18:44:29.094063 24433 consensus_peers.cc:472] T 827aa98f727b4da6a5015391b4da1960 P bccadedc7a11414384f1d4875bf49aaa -> Peer 493be4abe83d46c1829e3d5cfc68a9de (127.23.135.129:35559): Couldn't send request to peer 493be4abe83d46c1829e3d5cfc68a9de. Status: Network error: Client connection negotiation failed: client connection to 127.23.135.129:35559: connect: Connection refused (error 111). This is attempt 36: this message will repeat every 5th retry.
W0220 18:44:29.146634 24309 consensus_peers.cc:472] T 2ca7a33c93d548f49d2a4b1eeca470ca P c8a15b6a57804d05ada89b15de898a87 -> Peer 493be4abe83d46c1829e3d5cfc68a9de (127.23.135.129:35559): Couldn't send request to peer 493be4abe83d46c1829e3d5cfc68a9de. Status: Network error: Client connection negotiation failed: client connection to 127.23.135.129:35559: connect: Connection refused (error 111). This is attempt 26: this message will repeat every 5th retry.
I0220 18:44:29.243746 24846 master_service.cc:296] Got heartbeat from unknown tserver (permanent_uuid: "609fb788e999458bb50fe5ede9fbe320" instance_seqno: 1582224265208249) as {username='slave'} at 127.23.135.132:48341; Asking this server to re-register.
I0220 18:44:29.244881 24772 heartbeater.cc:406] Registering TS with master...
I0220 18:44:29.245004 24772 heartbeater.cc:455] Master 127.23.135.190:45127 requested a full tablet report, sending...
I0220 18:44:29.246129 24846 ts_manager.cc:192] Registered new tserver with Master: 609fb788e999458bb50fe5ede9fbe320 (127.23.135.132:45837)
W0220 18:44:29.283159 24433 consensus_peers.cc:472] T 116ca55e12164875ad0a87183fe531bc P bccadedc7a11414384f1d4875bf49aaa -> Peer 493be4abe83d46c1829e3d5cfc68a9de (127.23.135.129:35559): Couldn't send request to peer 493be4abe83d46c1829e3d5cfc68a9de. Status: Network error: Client connection negotiation failed: client connection to 127.23.135.129:35559: connect: Connection refused (error 111). This is attempt 36: this message will repeat every 5th retry.
W0220 18:44:29.296277 24433 consensus_peers.cc:472] T c0ca382ac98b46948b2b18c2d691a364 P bccadedc7a11414384f1d4875bf49aaa -> Peer 493be4abe83d46c1829e3d5cfc68a9de (127.23.135.129:35559): Couldn't send request to peer 493be4abe83d46c1829e3d5cfc68a9de. Status: Network error: Client connection negotiation failed: client connection to 127.23.135.129:35559: connect: Connection refused (error 111). This is attempt 41: this message will repeat every 5th retry.
W0220 18:44:29.359549 24309 consensus_peers.cc:472] T c5b2eb9c654f49df828ad8a096c62921 P c8a15b6a57804d05ada89b15de898a87 -> Peer 493be4abe83d46c1829e3d5cfc68a9de (127.23.135.129:35559): Couldn't send request to peer 493be4abe83d46c1829e3d5cfc68a9de. Status: Network error: Client connection negotiation failed: client connection to 127.23.135.129:35559: connect: Connection refused (error 111). This is attempt 41: this message will repeat every 5th retry.
W0220 18:44:29.440798 24433 consensus_peers.cc:472] T a7a069dabd5b4df28954b6833f23ab31 P bccadedc7a11414384f1d4875bf49aaa -> Peer 493be4abe83d46c1829e3d5cfc68a9de (127.23.135.129:35559): Couldn't send request to peer 493be4abe83d46c1829e3d5cfc68a9de. Status: Network error: Client connection negotiation failed: client connection to 127.23.135.129:35559: connect: Connection refused (error 111). This is attempt 41: this message will repeat every 5th retry.
I0220 18:44:29.594583 24846 master_service.cc:296] Got heartbeat from unknown tserver (permanent_uuid: "c8a15b6a57804d05ada89b15de898a87" instance_seqno: 1582224264679278) as {username='slave'} at 127.23.135.130:36223; Asking this server to re-register.
I0220 18:44:29.595196 24420 heartbeater.cc:406] Registering TS with master...
I0220 18:44:29.595293 24420 heartbeater.cc:455] Master 127.23.135.190:45127 requested a full tablet report, sending...
I0220 18:44:29.596387 24846 ts_manager.cc:192] Registered new tserver with Master: c8a15b6a57804d05ada89b15de898a87 (127.23.135.130:40621)
I0220 18:44:29.626696 24846 master_service.cc:296] Got heartbeat from unknown tserver (permanent_uuid: "bccadedc7a11414384f1d4875bf49aaa" instance_seqno: 1582224264783299) as {username='slave'} at 127.23.135.131:44515; Asking this server to re-register.
I0220 18:44:29.627168 24544 heartbeater.cc:406] Registering TS with master...
I0220 18:44:29.627277 24544 heartbeater.cc:455] Master 127.23.135.190:45127 requested a full tablet report, sending...
I0220 18:44:29.628271 24846 ts_manager.cc:192] Registered new tserver with Master: bccadedc7a11414384f1d4875bf49aaa (127.23.135.131:46803)
W0220 18:44:29.641538 24433 consensus_peers.cc:472] T 827aa98f727b4da6a5015391b4da1960 P bccadedc7a11414384f1d4875bf49aaa -> Peer 493be4abe83d46c1829e3d5cfc68a9de (127.23.135.129:35559): Couldn't send request to peer 493be4abe83d46c1829e3d5cfc68a9de. Status: Network error: Client connection negotiation failed: client connection to 127.23.135.129:35559: connect: Connection refused (error 111). This is attempt 41: this message will repeat every 5th retry.
W0220 18:44:29.664436 24309 consensus_peers.cc:472] T 2ca7a33c93d548f49d2a4b1eeca470ca P c8a15b6a57804d05ada89b15de898a87 -> Peer 493be4abe83d46c1829e3d5cfc68a9de (127.23.135.129:35559): Couldn't send request to peer 493be4abe83d46c1829e3d5cfc68a9de. Status: Network error: Client connection negotiation failed: client connection to 127.23.135.129:35559: connect: Connection refused (error 111). This is attempt 31: this message will repeat every 5th retry.
W0220 18:44:29.807526 24433 consensus_peers.cc:472] T 116ca55e12164875ad0a87183fe531bc P bccadedc7a11414384f1d4875bf49aaa -> Peer 493be4abe83d46c1829e3d5cfc68a9de (127.23.135.129:35559): Couldn't send request to peer 493be4abe83d46c1829e3d5cfc68a9de. Status: Network error: Client connection negotiation failed: client connection to 127.23.135.129:35559: connect: Connection refused (error 111). This is attempt 41: this message will repeat every 5th retry.
W0220 18:44:29.825513 24433 consensus_peers.cc:472] T c0ca382ac98b46948b2b18c2d691a364 P bccadedc7a11414384f1d4875bf49aaa -> Peer 493be4abe83d46c1829e3d5cfc68a9de (127.23.135.129:35559): Couldn't send request to peer 493be4abe83d46c1829e3d5cfc68a9de. Status: Network error: Client connection negotiation failed: client connection to 127.23.135.129:35559: connect: Connection refused (error 111). This is attempt 46: this message will repeat every 5th retry.
W0220 18:44:29.909018 24309 consensus_peers.cc:472] T c5b2eb9c654f49df828ad8a096c62921 P c8a15b6a57804d05ada89b15de898a87 -> Peer 493be4abe83d46c1829e3d5cfc68a9de (127.23.135.129:35559): Couldn't send request to peer 493be4abe83d46c1829e3d5cfc68a9de. Status: Network error: Client connection negotiation failed: client connection to 127.23.135.129:35559: connect: Connection refused (error 111). This is attempt 46: this message will repeat every 5th retry.
W0220 18:44:29.936578 24433 consensus_peers.cc:472] T a7a069dabd5b4df28954b6833f23ab31 P bccadedc7a11414384f1d4875bf49aaa -> Peer 493be4abe83d46c1829e3d5cfc68a9de (127.23.135.129:35559): Couldn't send request to peer 493be4abe83d46c1829e3d5cfc68a9de. Status: Network error: Client connection negotiation failed: client connection to 127.23.135.129:35559: connect: Connection refused (error 111). This is attempt 46: this message will repeat every 5th retry.
W0220 18:44:30.145784 24433 consensus_peers.cc:472] T 827aa98f727b4da6a5015391b4da1960 P bccadedc7a11414384f1d4875bf49aaa -> Peer 493be4abe83d46c1829e3d5cfc68a9de (127.23.135.129:35559): Couldn't send request to peer 493be4abe83d46c1829e3d5cfc68a9de. Status: Network error: Client connection negotiation failed: client connection to 127.23.135.129:35559: connect: Connection refused (error 111). This is attempt 46: this message will repeat every 5th retry.
W0220 18:44:30.151504 24309 consensus_peers.cc:472] T 2ca7a33c93d548f49d2a4b1eeca470ca P c8a15b6a57804d05ada89b15de898a87 -> Peer 493be4abe83d46c1829e3d5cfc68a9de (127.23.135.129:35559): Couldn't send request to peer 493be4abe83d46c1829e3d5cfc68a9de. Status: Network error: Client connection negotiation failed: client connection to 127.23.135.129:35559: connect: Connection refused (error 111). This is attempt 36: this message will repeat every 5th retry.
W0220 18:44:30.291378 24433 consensus_peers.cc:472] T 116ca55e12164875ad0a87183fe531bc P bccadedc7a11414384f1d4875bf49aaa -> Peer 493be4abe83d46c1829e3d5cfc68a9de (127.23.135.129:35559): Couldn't send request to peer 493be4abe83d46c1829e3d5cfc68a9de. Status: Network error: Client connection negotiation failed: client connection to 127.23.135.129:35559: connect: Connection refused (error 111). This is attempt 46: this message will repeat every 5th retry.
W0220 18:44:30.365767 24433 consensus_peers.cc:472] T c0ca382ac98b46948b2b18c2d691a364 P bccadedc7a11414384f1d4875bf49aaa -> Peer 493be4abe83d46c1829e3d5cfc68a9de (127.23.135.129:35559): Couldn't send request to peer 493be4abe83d46c1829e3d5cfc68a9de. Status: Network error: Client connection negotiation failed: client connection to 127.23.135.129:35559: connect: Connection refused (error 111). This is attempt 51: this message will repeat every 5th retry.
W0220 18:44:30.433513 24309 consensus_peers.cc:472] T c5b2eb9c654f49df828ad8a096c62921 P c8a15b6a57804d05ada89b15de898a87 -> Peer 493be4abe83d46c1829e3d5cfc68a9de (127.23.135.129:35559): Couldn't send request to peer 493be4abe83d46c1829e3d5cfc68a9de. Status: Network error: Client connection negotiation failed: client connection to 127.23.135.129:35559: connect: Connection refused (error 111). This is attempt 51: this message will repeat every 5th retry.
W0220 18:44:30.437088 24433 consensus_peers.cc:472] T a7a069dabd5b4df28954b6833f23ab31 P bccadedc7a11414384f1d4875bf49aaa -> Peer 493be4abe83d46c1829e3d5cfc68a9de (127.23.135.129:35559): Couldn't send request to peer 493be4abe83d46c1829e3d5cfc68a9de. Status: Network error: Client connection negotiation failed: client connection to 127.23.135.129:35559: connect: Connection refused (error 111). This is attempt 51: this message will repeat every 5th retry.
W0220 18:44:30.634651 24433 consensus_peers.cc:472] T 827aa98f727b4da6a5015391b4da1960 P bccadedc7a11414384f1d4875bf49aaa -> Peer 493be4abe83d46c1829e3d5cfc68a9de (127.23.135.129:35559): Couldn't send request to peer 493be4abe83d46c1829e3d5cfc68a9de. Status: Network error: Client connection negotiation failed: client connection to 127.23.135.129:35559: connect: Connection refused (error 111). This is attempt 51: this message will repeat every 5th retry.
W0220 18:44:30.686007 24309 consensus_peers.cc:472] T 2ca7a33c93d548f49d2a4b1eeca470ca P c8a15b6a57804d05ada89b15de898a87 -> Peer 493be4abe83d46c1829e3d5cfc68a9de (127.23.135.129:35559): Couldn't send request to peer 493be4abe83d46c1829e3d5cfc68a9de. Status: Network error: Client connection negotiation failed: client connection to 127.23.135.129:35559: connect: Connection refused (error 111). This is attempt 41: this message will repeat every 5th retry.
W0220 18:44:30.830899 24433 consensus_peers.cc:472] T 116ca55e12164875ad0a87183fe531bc P bccadedc7a11414384f1d4875bf49aaa -> Peer 493be4abe83d46c1829e3d5cfc68a9de (127.23.135.129:35559): Couldn't send request to peer 493be4abe83d46c1829e3d5cfc68a9de. Status: Network error: Client connection negotiation failed: client connection to 127.23.135.129:35559: connect: Connection refused (error 111). This is attempt 51: this message will repeat every 5th retry.
W0220 18:44:30.923017 24433 consensus_peers.cc:472] T c0ca382ac98b46948b2b18c2d691a364 P bccadedc7a11414384f1d4875bf49aaa -> Peer 493be4abe83d46c1829e3d5cfc68a9de (127.23.135.129:35559): Couldn't send request to peer 493be4abe83d46c1829e3d5cfc68a9de. Status: Network error: Client connection negotiation failed: client connection to 127.23.135.129:35559: connect: Connection refused (error 111). This is attempt 56: this message will repeat every 5th retry.
W0220 18:44:30.967667 24433 consensus_peers.cc:472] T a7a069dabd5b4df28954b6833f23ab31 P bccadedc7a11414384f1d4875bf49aaa -> Peer 493be4abe83d46c1829e3d5cfc68a9de (127.23.135.129:35559): Couldn't send request to peer 493be4abe83d46c1829e3d5cfc68a9de. Status: Network error: Client connection negotiation failed: client connection to 127.23.135.129:35559: connect: Connection refused (error 111). This is attempt 56: this message will repeat every 5th retry.
W0220 18:44:31.012115 24309 consensus_peers.cc:472] T c5b2eb9c654f49df828ad8a096c62921 P c8a15b6a57804d05ada89b15de898a87 -> Peer 493be4abe83d46c1829e3d5cfc68a9de (127.23.135.129:35559): Couldn't send request to peer 493be4abe83d46c1829e3d5cfc68a9de. Status: Network error: Client connection negotiation failed: client connection to 127.23.135.129:35559: connect: Connection refused (error 111). This is attempt 56: this message will repeat every 5th retry.
W0220 18:44:31.158686 24433 consensus_peers.cc:472] T 827aa98f727b4da6a5015391b4da1960 P bccadedc7a11414384f1d4875bf49aaa -> Peer 493be4abe83d46c1829e3d5cfc68a9de (127.23.135.129:35559): Couldn't send request to peer 493be4abe83d46c1829e3d5cfc68a9de. Status: Network error: Client connection negotiation failed: client connection to 127.23.135.129:35559: connect: Connection refused (error 111). This is attempt 56: this message will repeat every 5th retry.
W0220 18:44:31.240242 24309 consensus_peers.cc:472] T 2ca7a33c93d548f49d2a4b1eeca470ca P c8a15b6a57804d05ada89b15de898a87 -> Peer 493be4abe83d46c1829e3d5cfc68a9de (127.23.135.129:35559): Couldn't send request to peer 493be4abe83d46c1829e3d5cfc68a9de. Status: Network error: Client connection negotiation failed: client connection to 127.23.135.129:35559: connect: Connection refused (error 111). This is attempt 46: this message will repeat every 5th retry.
W0220 18:44:31.361838 24433 consensus_peers.cc:472] T 116ca55e12164875ad0a87183fe531bc P bccadedc7a11414384f1d4875bf49aaa -> Peer 493be4abe83d46c1829e3d5cfc68a9de (127.23.135.129:35559): Couldn't send request to peer 493be4abe83d46c1829e3d5cfc68a9de. Status: Network error: Client connection negotiation failed: client connection to 127.23.135.129:35559: connect: Connection refused (error 111). This is attempt 56: this message will repeat every 5th retry.
W0220 18:44:31.465348 24433 consensus_peers.cc:472] T c0ca382ac98b46948b2b18c2d691a364 P bccadedc7a11414384f1d4875bf49aaa -> Peer 493be4abe83d46c1829e3d5cfc68a9de (127.23.135.129:35559): Couldn't send request to peer 493be4abe83d46c1829e3d5cfc68a9de. Status: Network error: Client connection negotiation failed: client connection to 127.23.135.129:35559: connect: Connection refused (error 111). This is attempt 61: this message will repeat every 5th retry.
W0220 18:44:31.542157 24433 consensus_peers.cc:472] T a7a069dabd5b4df28954b6833f23ab31 P bccadedc7a11414384f1d4875bf49aaa -> Peer 493be4abe83d46c1829e3d5cfc68a9de (127.23.135.129:35559): Couldn't send request to peer 493be4abe83d46c1829e3d5cfc68a9de. Status: Network error: Client connection negotiation failed: client connection to 127.23.135.129:35559: connect: Connection refused (error 111). This is attempt 61: this message will repeat every 5th retry.
W0220 18:44:31.612354 24309 consensus_peers.cc:472] T c5b2eb9c654f49df828ad8a096c62921 P c8a15b6a57804d05ada89b15de898a87 -> Peer 493be4abe83d46c1829e3d5cfc68a9de (127.23.135.129:35559): Couldn't send request to peer 493be4abe83d46c1829e3d5cfc68a9de. Status: Network error: Client connection negotiation failed: client connection to 127.23.135.129:35559: connect: Connection refused (error 111). This is attempt 61: this message will repeat every 5th retry.
W0220 18:44:31.651751 24433 consensus_peers.cc:472] T 827aa98f727b4da6a5015391b4da1960 P bccadedc7a11414384f1d4875bf49aaa -> Peer 493be4abe83d46c1829e3d5cfc68a9de (127.23.135.129:35559): Couldn't send request to peer 493be4abe83d46c1829e3d5cfc68a9de. Status: Network error: Client connection negotiation failed: client connection to 127.23.135.129:35559: connect: Connection refused (error 111). This is attempt 61: this message will repeat every 5th retry.
W0220 18:44:31.868160 24433 consensus_peers.cc:472] T 116ca55e12164875ad0a87183fe531bc P bccadedc7a11414384f1d4875bf49aaa -> Peer 493be4abe83d46c1829e3d5cfc68a9de (127.23.135.129:35559): Couldn't send request to peer 493be4abe83d46c1829e3d5cfc68a9de. Status: Network error: Client connection negotiation failed: client connection to 127.23.135.129:35559: connect: Connection refused (error 111). This is attempt 61: this message will repeat every 5th retry.
W0220 18:44:31.868495 24309 consensus_peers.cc:472] T 2ca7a33c93d548f49d2a4b1eeca470ca P c8a15b6a57804d05ada89b15de898a87 -> Peer 493be4abe83d46c1829e3d5cfc68a9de (127.23.135.129:35559): Couldn't send request to peer 493be4abe83d46c1829e3d5cfc68a9de. Status: Network error: Client connection negotiation failed: client connection to 127.23.135.129:35559: connect: Connection refused (error 111). This is attempt 51: this message will repeat every 5th retry.
I0220 18:44:31.976627 24094 external_mini_cluster.cc:1065] Running /tmp/dist-test-taskDlYUX2/build/debug/bin/kudu-tserver /tmp/dist-test-taskDlYUX2/build/debug/bin/kudu-tserver --fs_wal_dir=/tmp/dist-test-taskDlYUX2/test-tmp/maintenance_mode-itest.0.MaintenanceModeRF3ITest.TestFailedTServerInMaintenanceModeDoesntRereplicate.1582224264261468-24094/minicluster-data/ts-0/wal --fs_data_dirs=/tmp/dist-test-taskDlYUX2/test-tmp/maintenance_mode-itest.0.MaintenanceModeRF3ITest.TestFailedTServerInMaintenanceModeDoesntRereplicate.1582224264261468-24094/minicluster-data/ts-0/data --block_manager=log --rpc_bind_addresses=127.23.135.129:35559 --local_ip_for_outbound_sockets=127.23.135.129 --webserver_port=45061 --webserver_interface=127.23.135.129 --tserver_master_addrs=127.23.135.190:45127 --never_fsync --ipki_server_key_size=1024 --enable_minidumps=false --redact=none --metrics_log_interval_ms=1000 --logtostderr --logbuflevel=-1 --log_dir=/tmp/dist-test-taskDlYUX2/test-tmp/maintenance_mode-itest.0.MaintenanceModeRF3ITest.TestFailedTServerInMaintenanceModeDoesntRereplicate.1582224264261468-24094/minicluster-data/ts-0/logs --server_dump_info_path=/tmp/dist-test-taskDlYUX2/test-tmp/maintenance_mode-itest.0.MaintenanceModeRF3ITest.TestFailedTServerInMaintenanceModeDoesntRereplicate.1582224264261468-24094/minicluster-data/ts-0/data/info.pb --server_dump_info_format=pb --rpc_server_allow_ephemeral_ports --unlock_experimental_flags --unlock_unsafe_flags --builtin_ntp_servers=127.23.135.148:41009 --builtin_ntp_poll_interval_ms=100 --ntp_initial_sync_wait_secs=10 --time_source=builtin --raft_heartbeat_interval_ms=100 --follower_unavailable_considered_failed_sec=2 --enable_log_gc=false with env {}
W0220 18:44:32.004093 24433 consensus_peers.cc:472] T c0ca382ac98b46948b2b18c2d691a364 P bccadedc7a11414384f1d4875bf49aaa -> Peer 493be4abe83d46c1829e3d5cfc68a9de (127.23.135.129:35559): Couldn't send request to peer 493be4abe83d46c1829e3d5cfc68a9de. Status: Network error: Client connection negotiation failed: client connection to 127.23.135.129:35559: connect: Connection refused (error 111). This is attempt 66: this message will repeat every 5th retry. WARNING: Logging before InitGoogleLogging() is written to STDERR
W0220 18:44:32.065403 24899 flags.cc:403] Enabled unsafe flag: --rpc_server_allow_ephemeral_ports=true
W0220 18:44:32.065656 24899 flags.cc:403] Enabled unsafe flag: --enable_log_gc=false
W0220 18:44:32.065711 24899 flags.cc:403] Enabled unsafe flag: --never_fsync=true
W0220 18:44:32.066946 24899 flags.cc:403] Enabled experimental flag: --ipki_server_key_size=1024
W0220 18:44:32.067028 24899 flags.cc:403] Enabled experimental flag: --local_ip_for_outbound_sockets=127.23.135.129
I0220 18:44:32.069119 24899 tablet_server_runner.cc:68] Tablet server non-default flags: --builtin_ntp_poll_interval_ms=100 --builtin_ntp_servers=127.23.135.148:41009 --ntp_initial_sync_wait_secs=10 --time_source=builtin --follower_unavailable_considered_failed_sec=2 --raft_heartbeat_interval_ms=100 --fs_data_dirs=/tmp/dist-test-taskDlYUX2/test-tmp/maintenance_mode-itest.0.MaintenanceModeRF3ITest.TestFailedTServerInMaintenanceModeDoesntRereplicate.1582224264261468-24094/minicluster-data/ts-0/data --fs_wal_dir=/tmp/dist-test-taskDlYUX2/test-tmp/maintenance_mode-itest.0.MaintenanceModeRF3ITest.TestFailedTServerInMaintenanceModeDoesntRereplicate.1582224264261468-24094/minicluster-data/ts-0/wal --ipki_server_key_size=1024 --rpc_bind_addresses=127.23.135.129:35559 --rpc_server_allow_ephemeral_ports=true --metrics_log_interval_ms=1000 --server_dump_info_format=pb --server_dump_info_path=/tmp/dist-test-taskDlYUX2/test-tmp/maintenance_mode-itest.0.MaintenanceModeRF3ITest.TestFailedTServerInMaintenanceModeDoesntRereplicate.1582224264261468-24094/minicluster-data/ts-0/data/info.pb --webserver_interface=127.23.135.129 --webserver_port=45061 --enable_log_gc=false --tserver_master_addrs=127.23.135.190:45127 --never_fsync=true --heap_profile_path=/tmp/kudu-tserver.24899 --redact=none --unlock_experimental_flags=true --unlock_unsafe_flags=true --log_filename=kudu-tserver --enable_minidumps=false --local_ip_for_outbound_sockets=127.23.135.129 --log_dir=/tmp/dist-test-taskDlYUX2/test-tmp/maintenance_mode-itest.0.MaintenanceModeRF3ITest.TestFailedTServerInMaintenanceModeDoesntRereplicate.1582224264261468-24094/minicluster-data/ts-0/logs --logbuflevel=-1 --logtostderr=true Tablet server version: kudu 1.12.0-SNAPSHOT revision 924cf36232aa121073c75b5863683510c05eae48 build type DEBUG built by None at 20 Feb 2020 18:30:41 UTC on jenkins-slave-8qw8 build id 20512
I0220 18:44:32.069705 24899 env_posix.cc:1682] Not raising this process' open files per process limit of 1048576; it is already as high as it can go
I0220 18:44:32.070535 24899 file_cache.cc:476] Constructed file cache file cache with capacity 419430
I0220 18:44:32.078851 24899 hybrid_clock.cc:241] auto-selected time source: builtin
I0220 18:44:32.080291 24899 hybrid_clock.cc:534] waiting up to --ntp_initial_sync_wait_secs=10 seconds for the clock to synchronize
I0220 18:44:32.081784 24899 hybrid_clock.cc:552] HybridClock initialized: now 1582224272081685 us; error 92 us; skew 500 ppm
I0220 18:44:32.082456 24899 fs_manager.cc:259] Metadata directory not provided
I0220 18:44:32.082523 24899 fs_manager.cc:265] Using write-ahead log directory (fs_wal_dir) as metadata directory
W0220 18:44:32.110680 24309 consensus_peers.cc:472] T c5b2eb9c654f49df828ad8a096c62921 P c8a15b6a57804d05ada89b15de898a87 -> Peer 493be4abe83d46c1829e3d5cfc68a9de (127.23.135.129:35559): Couldn't send request to peer 493be4abe83d46c1829e3d5cfc68a9de. Status: Network error: Client connection negotiation failed: client connection to 127.23.135.129:35559: connect: Connection refused (error 111). This is attempt 66: this message will repeat every 5th retry.
W0220 18:44:32.113605 24433 consensus_peers.cc:472] T a7a069dabd5b4df28954b6833f23ab31 P bccadedc7a11414384f1d4875bf49aaa -> Peer 493be4abe83d46c1829e3d5cfc68a9de (127.23.135.129:35559): Couldn't send request to peer 493be4abe83d46c1829e3d5cfc68a9de. Status: Network error: Client connection negotiation failed: client connection to 127.23.135.129:35559: connect: Connection refused (error 111). This is attempt 66: this message will repeat every 5th retry.
I0220 18:44:32.117552 24899 fs_manager.cc:410] Time spent opening directory manager: real 0.032s user 0.006s sys 0.000s
I0220 18:44:32.128114 24899 fs_manager.cc:430] Time spent opening block manager: real 0.004s user 0.001s sys 0.000s
I0220 18:44:32.128794 24899 fs_manager.cc:447] Opened local filesystem: /tmp/dist-test-taskDlYUX2/test-tmp/maintenance_mode-itest.0.MaintenanceModeRF3ITest.TestFailedTServerInMaintenanceModeDoesntRereplicate.1582224264261468-24094/minicluster-data/ts-0/data,/tmp/dist-test-taskDlYUX2/test-tmp/maintenance_mode-itest.0.MaintenanceModeRF3ITest.TestFailedTServerInMaintenanceModeDoesntRereplicate.1582224264261468-24094/minicluster-data/ts-0/wal uuid: "493be4abe83d46c1829e3d5cfc68a9de" format_stamp: "Formatted at 2020-02-20 18:44:24 on dist-test-slave-dist-test-slave-sbf6"
I0220 18:44:32.129119 24899 fs_report.cc:352] FS layout report -------------------- wal directory: /tmp/dist-test-taskDlYUX2/test-tmp/maintenance_mode-itest.0.MaintenanceModeRF3ITest.TestFailedTServerInMaintenanceModeDoesntRereplicate.1582224264261468-24094/minicluster-data/ts-0/wal metadata directory: /tmp/dist-test-taskDlYUX2/test-tmp/maintenance_mode-itest.0.MaintenanceModeRF3ITest.TestFailedTServerInMaintenanceModeDoesntRereplicate.1582224264261468-24094/minicluster-data/ts-0/wal 1 data directories: /tmp/dist-test-taskDlYUX2/test-tmp/maintenance_mode-itest.0.MaintenanceModeRF3ITest.TestFailedTServerInMaintenanceModeDoesntRereplicate.1582224264261468-24094/minicluster-data/ts-0/data/data Total live blocks: 0 Total live bytes: 0 Total live bytes (after alignment): 0 Total number of LBM containers: 0 (0 full) Did not check for missing blocks Did not check for orphaned blocks Total full LBM containers with extra space: 0 (0 repaired) Total full LBM container extra space in bytes: 0 (0 repaired) Total incomplete LBM containers: 0 (0 repaired) Total LBM partial records: 0 (0 repaired)
I0220 18:44:32.181311 24899 env_posix.cc:1682] Not raising this process' running threads per effective uid limit of 18446744073709551615; it is already as high as it can go
I0220 18:44:32.183084 24899 ts_tablet_manager.cc:383] Loading tablet metadata (0/6 complete)
I0220 18:44:32.189524 24899 ts_tablet_manager.cc:395] Loaded tablet metadata (6 total tablets, 6 live tablets)
I0220 18:44:32.189649 24899 ts_tablet_manager.cc:401] Registering tablets (0/6 complete)
I0220 18:44:32.192009 24916 tablet_bootstrap.cc:441] T c5b2eb9c654f49df828ad8a096c62921 P 493be4abe83d46c1829e3d5cfc68a9de: Bootstrap starting.
I0220 18:44:32.197342 24899 ts_tablet_manager.cc:415] Registered 6 tablets
I0220 18:44:32.210049 24899 rpc_server.cc:211] RPC server started. Bound to: 127.23.135.129:35559
I0220 18:44:32.215179 24899 webserver.cc:382] Webserver started at http://127.23.135.129:45061/ using document root and password file
I0220 18:44:32.215943 24899 server_base.cc:678] Dumped server information to /tmp/dist-test-taskDlYUX2/test-tmp/maintenance_mode-itest.0.MaintenanceModeRF3ITest.TestFailedTServerInMaintenanceModeDoesntRereplicate.1582224264261468-24094/minicluster-data/ts-0/data/info.pb
I0220 18:44:32.216823 24094 external_mini_cluster.cc:1127] Started /tmp/dist-test-taskDlYUX2/build/debug/bin/kudu-tserver as pid 24899
I0220 18:44:32.227834 24916 log.cc:828] T c5b2eb9c654f49df828ad8a096c62921 P 493be4abe83d46c1829e3d5cfc68a9de: Log is configured to *not* fsync() on all Append() calls
I0220 18:44:32.235584 25021 heartbeater.cc:322] Connected to a master server at 127.23.135.190:45127
I0220 18:44:32.235842 25021 heartbeater.cc:406] Registering TS with master...
I0220 18:44:32.236353 25021 heartbeater.cc:455] Master 127.23.135.190:45127 requested a full tablet report, sending...
I0220 18:44:32.238080 24846 ts_manager.cc:192] Registered new tserver with Master: 493be4abe83d46c1829e3d5cfc68a9de (127.23.135.129:35559)
I0220 18:44:32.240357 24846 master_service.cc:350] Signed X509 certificate for tserver {username='slave'} at 127.23.135.129:48655
W0220 18:44:32.275465 24433 consensus_peers.cc:472] T 827aa98f727b4da6a5015391b4da1960 P bccadedc7a11414384f1d4875bf49aaa -> Peer 493be4abe83d46c1829e3d5cfc68a9de (127.23.135.129:35559): Couldn't send request to peer 493be4abe83d46c1829e3d5cfc68a9de. Error code: TABLET_NOT_RUNNING (12). Status: Illegal state: Tablet not RUNNING: INITIALIZED. This is attempt 66: this message will repeat every 5th retry.
I0220 18:44:32.349565 24916 tablet_bootstrap.cc:441] T c5b2eb9c654f49df828ad8a096c62921 P 493be4abe83d46c1829e3d5cfc68a9de: Bootstrap replayed 1/1 log segments. Stats: ops{read=18 overwritten=0 applied=17 ignored=0} inserts{seen=124 ignored=0} mutations{seen=0 ignored=0} orphaned_commits=0. Pending: 1 replicates
I0220 18:44:32.350168 24916 tablet_bootstrap.cc:441] T c5b2eb9c654f49df828ad8a096c62921 P 493be4abe83d46c1829e3d5cfc68a9de: Bootstrap complete.
I0220 18:44:32.351289 24916 ts_tablet_manager.cc:1113] T c5b2eb9c654f49df828ad8a096c62921 P 493be4abe83d46c1829e3d5cfc68a9de: Time spent bootstrapping tablet: real 0.159s user 0.039s sys 0.000s
I0220 18:44:32.354754 24916 raft_consensus.cc:346] T c5b2eb9c654f49df828ad8a096c62921 P 493be4abe83d46c1829e3d5cfc68a9de [term 1 FOLLOWER]: Replica starting. Triggering 1 pending transactions. Active config: opid_index: -1 OBSOLETE_local: false peers { permanent_uuid: "493be4abe83d46c1829e3d5cfc68a9de" member_type: VOTER last_known_addr { host: "127.23.135.129" port: 35559 } } peers { permanent_uuid: "c8a15b6a57804d05ada89b15de898a87" member_type: VOTER last_known_addr { host: "127.23.135.130" port: 40621 } } peers { permanent_uuid: "bccadedc7a11414384f1d4875bf49aaa" member_type: VOTER last_known_addr { host: "127.23.135.131" port: 46803 } }
I0220 18:44:32.356245 24916 raft_consensus.cc:726] T c5b2eb9c654f49df828ad8a096c62921 P 493be4abe83d46c1829e3d5cfc68a9de [term 1 FOLLOWER]: Becoming Follower/Learner. State: Replica: 493be4abe83d46c1829e3d5cfc68a9de, State: Initialized, Role: FOLLOWER
I0220 18:44:32.356791 24916 consensus_queue.cc:252] T c5b2eb9c654f49df828ad8a096c62921 P 493be4abe83d46c1829e3d5cfc68a9de [NON_LEADER]: Queue going to NON_LEADER mode. State: All replicated index: 0, Majority replicated index: 0, Committed index: 17, Last appended: 1.18, Last appended by leader: 18, Current term: 0, Majority size: -1, State: 0, Mode: NON_LEADER, active raft config: opid_index: -1 OBSOLETE_local: false peers { permanent_uuid: "493be4abe83d46c1829e3d5cfc68a9de" member_type: VOTER last_known_addr { host: "127.23.135.129" port: 35559 } } peers { permanent_uuid: "c8a15b6a57804d05ada89b15de898a87" member_type: VOTER last_known_addr { host: "127.23.135.130" port: 40621 } } peers { permanent_uuid: "bccadedc7a11414384f1d4875bf49aaa" member_type: VOTER last_known_addr { host: "127.23.135.131" port: 46803 } }
I0220 18:44:32.357304 25021 heartbeater.cc:447] Master 127.23.135.190:45127 was elected leader, sending a full tablet report...
I0220 18:44:32.359993 24916 ts_tablet_manager.cc:1142] T c5b2eb9c654f49df828ad8a096c62921 P 493be4abe83d46c1829e3d5cfc68a9de: Time spent starting tablet: real 0.009s user 0.005s sys 0.000s
I0220 18:44:32.360265 24916 tablet_bootstrap.cc:441] T 827aa98f727b4da6a5015391b4da1960 P 493be4abe83d46c1829e3d5cfc68a9de: Bootstrap starting.
I0220 18:44:32.402170 24916 tablet_bootstrap.cc:441] T 827aa98f727b4da6a5015391b4da1960 P 493be4abe83d46c1829e3d5cfc68a9de: Bootstrap replayed 1/1 log segments. Stats: ops{read=17 overwritten=0 applied=16 ignored=0} inserts{seen=130 ignored=0} mutations{seen=0 ignored=0} orphaned_commits=0. Pending: 1 replicates
I0220 18:44:32.402477 24916 tablet_bootstrap.cc:441] T 827aa98f727b4da6a5015391b4da1960 P 493be4abe83d46c1829e3d5cfc68a9de: Bootstrap complete.
I0220 18:44:32.405004 24916 ts_tablet_manager.cc:1113] T 827aa98f727b4da6a5015391b4da1960 P 493be4abe83d46c1829e3d5cfc68a9de: Time spent bootstrapping tablet: real 0.045s user 0.018s sys 0.008s
I0220 18:44:32.405808 24916 raft_consensus.cc:346] T 827aa98f727b4da6a5015391b4da1960 P 493be4abe83d46c1829e3d5cfc68a9de [term 1 FOLLOWER]: Replica starting. Triggering 1 pending transactions. Active config: opid_index: -1 OBSOLETE_local: false peers { permanent_uuid: "493be4abe83d46c1829e3d5cfc68a9de" member_type: VOTER last_known_addr { host: "127.23.135.129" port: 35559 } } peers { permanent_uuid: "c8a15b6a57804d05ada89b15de898a87" member_type: VOTER last_known_addr { host: "127.23.135.130" port: 40621 } } peers { permanent_uuid: "bccadedc7a11414384f1d4875bf49aaa" member_type: VOTER last_known_addr { host: "127.23.135.131" port: 46803 } }
I0220 18:44:32.406280 24916 raft_consensus.cc:726] T 827aa98f727b4da6a5015391b4da1960 P 493be4abe83d46c1829e3d5cfc68a9de [term 1 FOLLOWER]: Becoming Follower/Learner. State: Replica: 493be4abe83d46c1829e3d5cfc68a9de, State: Initialized, Role: FOLLOWER
I0220 18:44:32.406812 24916 consensus_queue.cc:252] T 827aa98f727b4da6a5015391b4da1960 P 493be4abe83d46c1829e3d5cfc68a9de [NON_LEADER]: Queue going to NON_LEADER mode. State: All replicated index: 0, Majority replicated index: 0, Committed index: 16, Last appended: 1.17, Last appended by leader: 17, Current term: 0, Majority size: -1, State: 0, Mode: NON_LEADER, active raft config: opid_index: -1 OBSOLETE_local: false peers { permanent_uuid: "493be4abe83d46c1829e3d5cfc68a9de" member_type: VOTER last_known_addr { host: "127.23.135.129" port: 35559 } } peers { permanent_uuid: "c8a15b6a57804d05ada89b15de898a87" member_type: VOTER last_known_addr { host: "127.23.135.130" port: 40621 } } peers { permanent_uuid: "bccadedc7a11414384f1d4875bf49aaa" member_type: VOTER last_known_addr { host: "127.23.135.131" port: 46803 } }
I0220 18:44:32.407550 24916 ts_tablet_manager.cc:1142] T 827aa98f727b4da6a5015391b4da1960 P 493be4abe83d46c1829e3d5cfc68a9de: Time spent starting tablet: real 0.002s user 0.001s sys 0.000s
I0220 18:44:32.407793 24916 tablet_bootstrap.cc:441] T 2ca7a33c93d548f49d2a4b1eeca470ca P 493be4abe83d46c1829e3d5cfc68a9de: Bootstrap starting.
I0220 18:44:32.434604 24916 tablet_bootstrap.cc:441] T 2ca7a33c93d548f49d2a4b1eeca470ca P 493be4abe83d46c1829e3d5cfc68a9de: Bootstrap replayed 1/1 log segments. Stats: ops{read=17 overwritten=0 applied=16 ignored=0} inserts{seen=120 ignored=0} mutations{seen=0 ignored=0} orphaned_commits=0. Pending: 1 replicates
I0220 18:44:32.435042 24916 tablet_bootstrap.cc:441] T 2ca7a33c93d548f49d2a4b1eeca470ca P 493be4abe83d46c1829e3d5cfc68a9de: Bootstrap complete.
I0220 18:44:32.436026 24916 ts_tablet_manager.cc:1113] T 2ca7a33c93d548f49d2a4b1eeca470ca P 493be4abe83d46c1829e3d5cfc68a9de: Time spent bootstrapping tablet: real 0.028s user 0.011s sys 0.012s
W0220 18:44:32.439952 24433 consensus_peers.cc:472] T 116ca55e12164875ad0a87183fe531bc P bccadedc7a11414384f1d4875bf49aaa -> Peer 493be4abe83d46c1829e3d5cfc68a9de (127.23.135.129:35559): Couldn't send request to peer 493be4abe83d46c1829e3d5cfc68a9de. Error code: TABLET_NOT_RUNNING (12). Status: Illegal state: Tablet not RUNNING: INITIALIZED. This is attempt 66: this message will repeat every 5th retry.
I0220 18:44:32.440299 24916 raft_consensus.cc:346] T 2ca7a33c93d548f49d2a4b1eeca470ca P 493be4abe83d46c1829e3d5cfc68a9de [term 1 FOLLOWER]: Replica starting. Triggering 1 pending transactions. Active config: opid_index: -1 OBSOLETE_local: false peers { permanent_uuid: "c8a15b6a57804d05ada89b15de898a87" member_type: VOTER last_known_addr { host: "127.23.135.130" port: 40621 } } peers { permanent_uuid: "493be4abe83d46c1829e3d5cfc68a9de" member_type: VOTER last_known_addr { host: "127.23.135.129" port: 35559 } } peers { permanent_uuid: "bccadedc7a11414384f1d4875bf49aaa" member_type: VOTER last_known_addr { host: "127.23.135.131" port: 46803 } }
