I0220 18:44:41.280257 24094 external_mini_cluster.cc:1127] Started /tmp/dist-test-taskDlYUX2/build/debug/bin/kudu-tserver as pid 25464
I0220 18:44:41.280704 24094 external_mini_cluster.cc:1065] Running /tmp/dist-test-taskDlYUX2/build/debug/bin/kudu-tserver /tmp/dist-test-taskDlYUX2/build/debug/bin/kudu-tserver --fs_wal_dir=/tmp/dist-test-taskDlYUX2/test-tmp/maintenance_mode-itest.0.RollingRestartArgs_RollingRestartITest.TestWorkloads_4.1582224264261468-24094/minicluster-data/ts-3/wal --fs_data_dirs=/tmp/dist-test-taskDlYUX2/test-tmp/maintenance_mode-itest.0.RollingRestartArgs_RollingRestartITest.TestWorkloads_4.1582224264261468-24094/minicluster-data/ts-3/data --block_manager=log --rpc_bind_addresses=127.23.135.132:0 --local_ip_for_outbound_sockets=127.23.135.132 --webserver_interface=127.23.135.132 --webserver_port=0 --tserver_master_addrs=127.23.135.190:41437 --never_fsync --ipki_server_key_size=1024 --enable_minidumps=false --redact=none --metrics_log_interval_ms=1000 --logtostderr --logbuflevel=-1 --log_dir=/tmp/dist-test-taskDlYUX2/test-tmp/maintenance_mode-itest.0.RollingRestartArgs_RollingRestartITest.TestWorkloads_4.1582224264261468-24094/minicluster-data/ts-3/logs --server_dump_info_path=/tmp/dist-test-taskDlYUX2/test-tmp/maintenance_mode-itest.0.RollingRestartArgs_RollingRestartITest.TestWorkloads_4.1582224264261468-24094/minicluster-data/ts-3/data/info.pb --server_dump_info_format=pb --rpc_server_allow_ephemeral_ports --unlock_experimental_flags --unlock_unsafe_flags --builtin_ntp_servers=127.23.135.148:46155 --builtin_ntp_poll_interval_ms=100 --ntp_initial_sync_wait_secs=10 --time_source=builtin --raft_heartbeat_interval_ms=100 --scanner_default_batch_size_bytes=100 with env {}
I0220 18:44:41.282863 25586 heartbeater.cc:322] Connected to a master server at 127.23.135.190:41437
I0220 18:44:41.282989 25586 heartbeater.cc:406] Registering TS with master...
I0220 18:44:41.283298 25586 heartbeater.cc:455] Master 127.23.135.190:41437 requested a full tablet report, sending...
I0220 18:44:41.339429 25163 ts_manager.cc:192] Registered new tserver with Master: e4c29ba8de7e4745a4e497d213d63742 (127.23.135.131:45349)
I0220 18:44:41.340291 25163 master_service.cc:350] Signed X509 certificate for tserver {username='slave'} at 127.23.135.131:32773 WARNING: Logging before InitGoogleLogging() is written to STDERR
W0220 18:44:41.356940 25589 flags.cc:403] Enabled unsafe flag: --rpc_server_allow_ephemeral_ports=true
W0220 18:44:41.357123 25589 flags.cc:403] Enabled unsafe flag: --never_fsync=true
W0220 18:44:41.358042 25589 flags.cc:403] Enabled experimental flag: --ipki_server_key_size=1024
W0220 18:44:41.358129 25589 flags.cc:403] Enabled experimental flag: --local_ip_for_outbound_sockets=127.23.135.132
I0220 18:44:41.359503 25589 tablet_server_runner.cc:68] Tablet server non-default flags: --builtin_ntp_poll_interval_ms=100 --builtin_ntp_servers=127.23.135.148:46155 --ntp_initial_sync_wait_secs=10 --time_source=builtin --raft_heartbeat_interval_ms=100 --fs_data_dirs=/tmp/dist-test-taskDlYUX2/test-tmp/maintenance_mode-itest.0.RollingRestartArgs_RollingRestartITest.TestWorkloads_4.1582224264261468-24094/minicluster-data/ts-3/data --fs_wal_dir=/tmp/dist-test-taskDlYUX2/test-tmp/maintenance_mode-itest.0.RollingRestartArgs_RollingRestartITest.TestWorkloads_4.1582224264261468-24094/minicluster-data/ts-3/wal --ipki_server_key_size=1024 --rpc_bind_addresses=127.23.135.132:0 --rpc_server_allow_ephemeral_ports=true --metrics_log_interval_ms=1000 --server_dump_info_format=pb --server_dump_info_path=/tmp/dist-test-taskDlYUX2/test-tmp/maintenance_mode-itest.0.RollingRestartArgs_RollingRestartITest.TestWorkloads_4.1582224264261468-24094/minicluster-data/ts-3/data/info.pb --webserver_interface=127.23.135.132 --webserver_port=0 --tserver_master_addrs=127.23.135.190:41437 --scanner_default_batch_size_bytes=100 --never_fsync=true --heap_profile_path=/tmp/kudu-tserver.25589 --redact=none --unlock_experimental_flags=true --unlock_unsafe_flags=true --log_filename=kudu-tserver --enable_minidumps=false --local_ip_for_outbound_sockets=127.23.135.132 --log_dir=/tmp/dist-test-taskDlYUX2/test-tmp/maintenance_mode-itest.0.RollingRestartArgs_RollingRestartITest.TestWorkloads_4.1582224264261468-24094/minicluster-data/ts-3/logs --logbuflevel=-1 --logtostderr=true Tablet server version: kudu 1.12.0-SNAPSHOT revision 924cf36232aa121073c75b5863683510c05eae48 build type DEBUG built by None at 20 Feb 2020 18:30:41 UTC on jenkins-slave-8qw8 build id 20512
I0220 18:44:41.360028 25589 env_posix.cc:1682] Not raising this process' open files per process limit of 1048576; it is already as high as it can go
I0220 18:44:41.360705 25589 file_cache.cc:476] Constructed file cache file cache with capacity 419430
I0220 18:44:41.365811 25589 hybrid_clock.cc:241] auto-selected time source: builtin
I0220 18:44:41.366668 25589 hybrid_clock.cc:534] waiting up to --ntp_initial_sync_wait_secs=10 seconds for the clock to synchronize
I0220 18:44:41.367785 25589 hybrid_clock.cc:552] HybridClock initialized: now 1582224281367766 us; error 27 us; skew 500 ppm
I0220 18:44:41.368293 25589 fs_manager.cc:259] Metadata directory not provided
I0220 18:44:41.368324 25589 fs_manager.cc:265] Using write-ahead log directory (fs_wal_dir) as metadata directory
I0220 18:44:41.368496 25589 server_base.cc:502] Could not load existing FS layout: Not found: could not find a healthy instance file
I0220 18:44:41.368513 25589 server_base.cc:503] Attempting to create new FS layout instead
I0220 18:44:41.369858 25589 fs_manager.cc:613] Generated new instance metadata in path /tmp/dist-test-taskDlYUX2/test-tmp/maintenance_mode-itest.0.RollingRestartArgs_RollingRestartITest.TestWorkloads_4.1582224264261468-24094/minicluster-data/ts-3/data/instance: uuid: "8c751174fe9e41a0a4d3ea1dac04a50e" format_stamp: "Formatted at 2020-02-20 18:44:41 on dist-test-slave-dist-test-slave-sbf6"
I0220 18:44:41.370093 25589 fs_manager.cc:613] Generated new instance metadata in path /tmp/dist-test-taskDlYUX2/test-tmp/maintenance_mode-itest.0.RollingRestartArgs_RollingRestartITest.TestWorkloads_4.1582224264261468-24094/minicluster-data/ts-3/wal/instance: uuid: "8c751174fe9e41a0a4d3ea1dac04a50e" format_stamp: "Formatted at 2020-02-20 18:44:41 on dist-test-slave-dist-test-slave-sbf6"
I0220 18:44:41.371484 25589 dir_util.cc:225] Instance is unhealthy: Not found: Failed to read metadata file from /tmp/dist-test-taskDlYUX2/test-tmp/maintenance_mode-itest.0.RollingRestartArgs_RollingRestartITest.TestWorkloads_4.1582224264261468-24094/minicluster-data/ts-3/data/data/block_manager_instance: /tmp/dist-test-taskDlYUX2/test-tmp/maintenance_mode-itest.0.RollingRestartArgs_RollingRestartITest.TestWorkloads_4.1582224264261468-24094/minicluster-data/ts-3/data/data/block_manager_instance: No such file or directory (error 2)
I0220 18:44:41.375895 25589 fs_manager.cc:514] Time spent creating directory manager: real 0.006s user 0.006s sys 0.001s
I0220 18:44:41.379061 25589 fs_manager.cc:430] Time spent opening block manager: real 0.001s user 0.001s sys 0.000s
I0220 18:44:41.379146 25589 fs_manager.cc:447] Opened local filesystem: /tmp/dist-test-taskDlYUX2/test-tmp/maintenance_mode-itest.0.RollingRestartArgs_RollingRestartITest.TestWorkloads_4.1582224264261468-24094/minicluster-data/ts-3/data,/tmp/dist-test-taskDlYUX2/test-tmp/maintenance_mode-itest.0.RollingRestartArgs_RollingRestartITest.TestWorkloads_4.1582224264261468-24094/minicluster-data/ts-3/wal uuid: "8c751174fe9e41a0a4d3ea1dac04a50e" format_stamp: "Formatted at 2020-02-20 18:44:41 on dist-test-slave-dist-test-slave-sbf6"
I0220 18:44:41.379230 25589 fs_report.cc:352] FS layout report -------------------- wal directory: /tmp/dist-test-taskDlYUX2/test-tmp/maintenance_mode-itest.0.RollingRestartArgs_RollingRestartITest.TestWorkloads_4.1582224264261468-24094/minicluster-data/ts-3/wal metadata directory: /tmp/dist-test-taskDlYUX2/test-tmp/maintenance_mode-itest.0.RollingRestartArgs_RollingRestartITest.TestWorkloads_4.1582224264261468-24094/minicluster-data/ts-3/wal 1 data directories: /tmp/dist-test-taskDlYUX2/test-tmp/maintenance_mode-itest.0.RollingRestartArgs_RollingRestartITest.TestWorkloads_4.1582224264261468-24094/minicluster-data/ts-3/data/data Total live blocks: 0 Total live bytes: 0 Total live bytes (after alignment): 0 Total number of LBM containers: 0 (0 full) Did not check for missing blocks Did not check for orphaned blocks Total full LBM containers with extra space: 0 (0 repaired) Total full LBM container extra space in bytes: 0 (0 repaired) Total incomplete LBM containers: 0 (0 repaired) Total LBM partial records: 0 (0 repaired)
I0220 18:44:41.399873 25589 env_posix.cc:1682] Not raising this process' running threads per effective uid limit of 18446744073709551615; it is already as high as it can go
I0220 18:44:41.400715 25589 ts_tablet_manager.cc:395] Loaded tablet metadata (0 total tablets, 0 live tablets)
I0220 18:44:41.400744 25589 ts_tablet_manager.cc:415] Registered 0 tablets
I0220 18:44:41.408241 25589 rpc_server.cc:211] RPC server started. Bound to: 127.23.135.132:33963
I0220 18:44:41.408943 25589 webserver.cc:382] Webserver started at http://127.23.135.132:44317/ using document root and password file
I0220 18:44:41.409363 25589 server_base.cc:678] Dumped server information to /tmp/dist-test-taskDlYUX2/test-tmp/maintenance_mode-itest.0.RollingRestartArgs_RollingRestartITest.TestWorkloads_4.1582224264261468-24094/minicluster-data/ts-3/data/info.pb
I0220 18:44:41.415678 24094 external_mini_cluster.cc:1127] Started /tmp/dist-test-taskDlYUX2/build/debug/bin/kudu-tserver as pid 25589
I0220 18:44:41.416790 25711 heartbeater.cc:322] Connected to a master server at 127.23.135.190:41437
I0220 18:44:41.416913 25711 heartbeater.cc:406] Registering TS with master...
I0220 18:44:41.417270 25711 heartbeater.cc:455] Master 127.23.135.190:41437 requested a full tablet report, sending...
I0220 18:44:41.445315 25163 ts_manager.cc:192] Registered new tserver with Master: 8c751174fe9e41a0a4d3ea1dac04a50e (127.23.135.132:33963)
I0220 18:44:41.446202 24094 external_mini_cluster.cc:738] 4 TS(s) registered with all masters
I0220 18:44:41.446278 25163 master_service.cc:350] Signed X509 certificate for tserver {username='slave'} at 127.23.135.132:33083
I0220 18:44:41.453496 24094 test_util.cc:228] Using random seed: 1279280054
I0220 18:44:41.461108 25163 catalog_manager.cc:1472] Servicing CreateTable request from {username='slave'} at 127.0.0.1:42758: name: "test-workload" schema { columns { name: "key" type: INT32 is_key: true is_nullable: false encoding: AUTO_ENCODING compression: DEFAULT_COMPRESSION cfile_block_size: 0 } columns { name: "int_val" type: INT32 is_key: false is_nullable: false encoding: AUTO_ENCODING compression: DEFAULT_COMPRESSION cfile_block_size: 0 } columns { name: "string_val" type: STRING is_key: false is_nullable: true encoding: AUTO_ENCODING compression: DEFAULT_COMPRESSION cfile_block_size: 0 } } num_replicas: 3 split_rows_range_bounds { } partition_schema { range_schema { columns { name: "key" } } }
I0220 18:44:41.476491 25398 tablet_service.cc:1067] Processing CreateTablet for tablet 7e19d7c23cc941e3a7751fe2478481ec (table=test-workload [id=84bdfb5537804e8c9b2cded47cde24ba]), partition=RANGE (key) PARTITION UNBOUNDED
I0220 18:44:41.476601 25645 tablet_service.cc:1067] Processing CreateTablet for tablet 7e19d7c23cc941e3a7751fe2478481ec (table=test-workload [id=84bdfb5537804e8c9b2cded47cde24ba]), partition=RANGE (key) PARTITION UNBOUNDED
I0220 18:44:41.477007 25645 data_dirs.cc:394] Could only allocate 1 dirs of requested 3 for tablet 7e19d7c23cc941e3a7751fe2478481ec. 1 dirs total, 0 dirs full, 0 dirs failed
I0220 18:44:41.477030 25398 data_dirs.cc:394] Could only allocate 1 dirs of requested 3 for tablet 7e19d7c23cc941e3a7751fe2478481ec. 1 dirs total, 0 dirs full, 0 dirs failed
I0220 18:44:41.477159 25264 tablet_service.cc:1067] Processing CreateTablet for tablet 7e19d7c23cc941e3a7751fe2478481ec (table=test-workload [id=84bdfb5537804e8c9b2cded47cde24ba]), partition=RANGE (key) PARTITION UNBOUNDED
I0220 18:44:41.477587 25264 data_dirs.cc:394] Could only allocate 1 dirs of requested 3 for tablet 7e19d7c23cc941e3a7751fe2478481ec. 1 dirs total, 0 dirs full, 0 dirs failed
I0220 18:44:41.481534 25735 tablet_bootstrap.cc:441] T 7e19d7c23cc941e3a7751fe2478481ec P 8c751174fe9e41a0a4d3ea1dac04a50e: Bootstrap starting.
I0220 18:44:41.482957 25735 tablet_bootstrap.cc:597] T 7e19d7c23cc941e3a7751fe2478481ec P 8c751174fe9e41a0a4d3ea1dac04a50e: No blocks or log segments found. Creating new log.
I0220 18:44:41.483608 25735 log.cc:828] T 7e19d7c23cc941e3a7751fe2478481ec P 8c751174fe9e41a0a4d3ea1dac04a50e: Log is configured to *not* fsync() on all Append() calls
I0220 18:44:41.483927 25736 tablet_bootstrap.cc:441] T 7e19d7c23cc941e3a7751fe2478481ec P a6e352f77ef54932a47d9977e15d05f1: Bootstrap starting.
I0220 18:44:41.484314 25737 tablet_bootstrap.cc:441] T 7e19d7c23cc941e3a7751fe2478481ec P 853707498adf425fb8395cb60f41c9dc: Bootstrap starting.
I0220 18:44:41.485553 25737 tablet_bootstrap.cc:597] T 7e19d7c23cc941e3a7751fe2478481ec P 853707498adf425fb8395cb60f41c9dc: No blocks or log segments found. Creating new log.
I0220 18:44:41.486068 25737 log.cc:828] T 7e19d7c23cc941e3a7751fe2478481ec P 853707498adf425fb8395cb60f41c9dc: Log is configured to *not* fsync() on all Append() calls
I0220 18:44:41.487428 25736 tablet_bootstrap.cc:597] T 7e19d7c23cc941e3a7751fe2478481ec P a6e352f77ef54932a47d9977e15d05f1: No blocks or log segments found. Creating new log.
I0220 18:44:41.487947 25736 log.cc:828] T 7e19d7c23cc941e3a7751fe2478481ec P a6e352f77ef54932a47d9977e15d05f1: Log is configured to *not* fsync() on all Append() calls
I0220 18:44:41.489321 25736 tablet_bootstrap.cc:441] T 7e19d7c23cc941e3a7751fe2478481ec P a6e352f77ef54932a47d9977e15d05f1: No bootstrap required, opened a new log
I0220 18:44:41.489419 25737 tablet_bootstrap.cc:441] T 7e19d7c23cc941e3a7751fe2478481ec P 853707498adf425fb8395cb60f41c9dc: No bootstrap required, opened a new log
I0220 18:44:41.489475 25736 ts_tablet_manager.cc:1113] T 7e19d7c23cc941e3a7751fe2478481ec P a6e352f77ef54932a47d9977e15d05f1: Time spent bootstrapping tablet: real 0.006s user 0.002s sys 0.000s
I0220 18:44:41.489559 25737 ts_tablet_manager.cc:1113] T 7e19d7c23cc941e3a7751fe2478481ec P 853707498adf425fb8395cb60f41c9dc: Time spent bootstrapping tablet: real 0.005s user 0.002s sys 0.000s
I0220 18:44:41.491384 25737 raft_consensus.cc:346] T 7e19d7c23cc941e3a7751fe2478481ec P 853707498adf425fb8395cb60f41c9dc [term 0 FOLLOWER]: Replica starting. Triggering 0 pending transactions. Active config: opid_index: -1 OBSOLETE_local: false peers { permanent_uuid: "a6e352f77ef54932a47d9977e15d05f1" member_type: VOTER last_known_addr { host: "127.23.135.130" port: 36293 } } peers { permanent_uuid: "8c751174fe9e41a0a4d3ea1dac04a50e" member_type: VOTER last_known_addr { host: "127.23.135.132" port: 33963 } } peers { permanent_uuid: "853707498adf425fb8395cb60f41c9dc" member_type: VOTER last_known_addr { host: "127.23.135.129" port: 34551 } }
I0220 18:44:41.491385 25736 raft_consensus.cc:346] T 7e19d7c23cc941e3a7751fe2478481ec P a6e352f77ef54932a47d9977e15d05f1 [term 0 FOLLOWER]: Replica starting. Triggering 0 pending transactions. Active config: opid_index: -1 OBSOLETE_local: false peers { permanent_uuid: "a6e352f77ef54932a47d9977e15d05f1" member_type: VOTER last_known_addr { host: "127.23.135.130" port: 36293 } } peers { permanent_uuid: "8c751174fe9e41a0a4d3ea1dac04a50e" member_type: VOTER last_known_addr { host: "127.23.135.132" port: 33963 } } peers { permanent_uuid: "853707498adf425fb8395cb60f41c9dc" member_type: VOTER last_known_addr { host: "127.23.135.129" port: 34551 } }
I0220 18:44:41.491436 25737 raft_consensus.cc:372] T 7e19d7c23cc941e3a7751fe2478481ec P 853707498adf425fb8395cb60f41c9dc [term 0 FOLLOWER]: Consensus starting up: Expiring failure detector timer to make a prompt election more likely
I0220 18:44:41.491439 25736 raft_consensus.cc:372] T 7e19d7c23cc941e3a7751fe2478481ec P a6e352f77ef54932a47d9977e15d05f1 [term 0 FOLLOWER]: Consensus starting up: Expiring failure detector timer to make a prompt election more likely
I0220 18:44:41.491470 25737 raft_consensus.cc:726] T 7e19d7c23cc941e3a7751fe2478481ec P 853707498adf425fb8395cb60f41c9dc [term 0 FOLLOWER]: Becoming Follower/Learner. State: Replica: 853707498adf425fb8395cb60f41c9dc, State: Initialized, Role: FOLLOWER
I0220 18:44:41.491477 25736 raft_consensus.cc:726] T 7e19d7c23cc941e3a7751fe2478481ec P a6e352f77ef54932a47d9977e15d05f1 [term 0 FOLLOWER]: Becoming Follower/Learner. State: Replica: a6e352f77ef54932a47d9977e15d05f1, State: Initialized, Role: FOLLOWER
I0220 18:44:41.491852 25736 consensus_queue.cc:252] T 7e19d7c23cc941e3a7751fe2478481ec P a6e352f77ef54932a47d9977e15d05f1 [NON_LEADER]: Queue going to NON_LEADER mode. State: All replicated index: 0, Majority replicated index: 0, Committed index: 0, Last appended: 0.0, Last appended by leader: 0, Current term: 0, Majority size: -1, State: 0, Mode: NON_LEADER, active raft config: opid_index: -1 OBSOLETE_local: false peers { permanent_uuid: "a6e352f77ef54932a47d9977e15d05f1" member_type: VOTER last_known_addr { host: "127.23.135.130" port: 36293 } } peers { permanent_uuid: "8c751174fe9e41a0a4d3ea1dac04a50e" member_type: VOTER last_known_addr { host: "127.23.135.132" port: 33963 } } peers { permanent_uuid: "853707498adf425fb8395cb60f41c9dc" member_type: VOTER last_known_addr { host: "127.23.135.129" port: 34551 } }
I0220 18:44:41.492128 25737 consensus_queue.cc:252] T 7e19d7c23cc941e3a7751fe2478481ec P 853707498adf425fb8395cb60f41c9dc [NON_LEADER]: Queue going to NON_LEADER mode. State: All replicated index: 0, Majority replicated index: 0, Committed index: 0, Last appended: 0.0, Last appended by leader: 0, Current term: 0, Majority size: -1, State: 0, Mode: NON_LEADER, active raft config: opid_index: -1 OBSOLETE_local: false peers { permanent_uuid: "a6e352f77ef54932a47d9977e15d05f1" member_type: VOTER last_known_addr { host: "127.23.135.130" port: 36293 } } peers { permanent_uuid: "8c751174fe9e41a0a4d3ea1dac04a50e" member_type: VOTER last_known_addr { host: "127.23.135.132" port: 33963 } } peers { permanent_uuid: "853707498adf425fb8395cb60f41c9dc" member_type: VOTER last_known_addr { host: "127.23.135.129" port: 34551 } }
I0220 18:44:41.492234 25461 heartbeater.cc:447] Master 127.23.135.190:41437 was elected leader, sending a full tablet report...
I0220 18:44:41.492377 25736 ts_tablet_manager.cc:1142] T 7e19d7c23cc941e3a7751fe2478481ec P a6e352f77ef54932a47d9977e15d05f1: Time spent starting tablet: real 0.003s user 0.003s sys 0.000s
I0220 18:44:41.492595 25735 tablet_bootstrap.cc:441] T 7e19d7c23cc941e3a7751fe2478481ec P 8c751174fe9e41a0a4d3ea1dac04a50e: No bootstrap required, opened a new log
I0220 18:44:41.492696 25335 heartbeater.cc:447] Master 127.23.135.190:41437 was elected leader, sending a full tablet report...
I0220 18:44:41.492733 25735 ts_tablet_manager.cc:1113] T 7e19d7c23cc941e3a7751fe2478481ec P 8c751174fe9e41a0a4d3ea1dac04a50e: Time spent bootstrapping tablet: real 0.011s user 0.000s sys 0.002s
I0220 18:44:41.492830 25737 ts_tablet_manager.cc:1142] T 7e19d7c23cc941e3a7751fe2478481ec P 853707498adf425fb8395cb60f41c9dc: Time spent starting tablet: real 0.003s user 0.003s sys 0.000s
I0220 18:44:41.495090 25735 raft_consensus.cc:346] T 7e19d7c23cc941e3a7751fe2478481ec P 8c751174fe9e41a0a4d3ea1dac04a50e [term 0 FOLLOWER]: Replica starting. Triggering 0 pending transactions. Active config: opid_index: -1 OBSOLETE_local: false peers { permanent_uuid: "a6e352f77ef54932a47d9977e15d05f1" member_type: VOTER last_known_addr { host: "127.23.135.130" port: 36293 } } peers { permanent_uuid: "8c751174fe9e41a0a4d3ea1dac04a50e" member_type: VOTER last_known_addr { host: "127.23.135.132" port: 33963 } } peers { permanent_uuid: "853707498adf425fb8395cb60f41c9dc" member_type: VOTER last_known_addr { host: "127.23.135.129" port: 34551 } }
I0220 18:44:41.495159 25735 raft_consensus.cc:372] T 7e19d7c23cc941e3a7751fe2478481ec P 8c751174fe9e41a0a4d3ea1dac04a50e [term 0 FOLLOWER]: Consensus starting up: Expiring failure detector timer to make a prompt election more likely
I0220 18:44:41.495190 25735 raft_consensus.cc:726] T 7e19d7c23cc941e3a7751fe2478481ec P 8c751174fe9e41a0a4d3ea1dac04a50e [term 0 FOLLOWER]: Becoming Follower/Learner. State: Replica: 8c751174fe9e41a0a4d3ea1dac04a50e, State: Initialized, Role: FOLLOWER
I0220 18:44:41.495559 25735 consensus_queue.cc:252] T 7e19d7c23cc941e3a7751fe2478481ec P 8c751174fe9e41a0a4d3ea1dac04a50e [NON_LEADER]: Queue going to NON_LEADER mode. State: All replicated index: 0, Majority replicated index: 0, Committed index: 0, Last appended: 0.0, Last appended by leader: 0, Current term: 0, Majority size: -1, State: 0, Mode: NON_LEADER, active raft config: opid_index: -1 OBSOLETE_local: false peers { permanent_uuid: "a6e352f77ef54932a47d9977e15d05f1" member_type: VOTER last_known_addr { host: "127.23.135.130" port: 36293 } } peers { permanent_uuid: "8c751174fe9e41a0a4d3ea1dac04a50e" member_type: VOTER last_known_addr { host: "127.23.135.132" port: 33963 } } peers { permanent_uuid: "853707498adf425fb8395cb60f41c9dc" member_type: VOTER last_known_addr { host: "127.23.135.129" port: 34551 } }
I0220 18:44:41.495987 25711 heartbeater.cc:447] Master 127.23.135.190:41437 was elected leader, sending a full tablet report...
I0220 18:44:41.496119 25735 ts_tablet_manager.cc:1142] T 7e19d7c23cc941e3a7751fe2478481ec P 8c751174fe9e41a0a4d3ea1dac04a50e: Time spent starting tablet: real 0.003s user 0.003s sys 0.001s
I0220 18:44:41.510257 25741 raft_consensus.cc:482] T 7e19d7c23cc941e3a7751fe2478481ec P a6e352f77ef54932a47d9977e15d05f1 [term 0 FOLLOWER]: Starting pre-election (no leader contacted us within the election timeout)
I0220 18:44:41.510392 25741 raft_consensus.cc:504] T 7e19d7c23cc941e3a7751fe2478481ec P a6e352f77ef54932a47d9977e15d05f1 [term 0 FOLLOWER]: Starting pre-election with config: opid_index: -1 OBSOLETE_local: false peers { permanent_uuid: "a6e352f77ef54932a47d9977e15d05f1" member_type: VOTER last_known_addr { host: "127.23.135.130" port: 36293 } } peers { permanent_uuid: "8c751174fe9e41a0a4d3ea1dac04a50e" member_type: VOTER last_known_addr { host: "127.23.135.132" port: 33963 } } peers { permanent_uuid: "853707498adf425fb8395cb60f41c9dc" member_type: VOTER last_known_addr { host: "127.23.135.129" port: 34551 } }
I0220 18:44:41.511195 25741 leader_election.cc:293] T 7e19d7c23cc941e3a7751fe2478481ec P a6e352f77ef54932a47d9977e15d05f1 [CANDIDATE]: Term 1 pre-election: Requested pre-vote from peers 8c751174fe9e41a0a4d3ea1dac04a50e (127.23.135.132:33963), 853707498adf425fb8395cb60f41c9dc (127.23.135.129:34551)
I0220 18:44:41.515602 25663 tablet_service.cc:1340] Received RequestConsensusVote() RPC: tablet_id: "7e19d7c23cc941e3a7751fe2478481ec" candidate_uuid: "a6e352f77ef54932a47d9977e15d05f1" candidate_term: 1 candidate_status { last_received { term: 0 index: 0 } } ignore_live_leader: false dest_uuid: "8c751174fe9e41a0a4d3ea1dac04a50e" is_pre_election: true
I0220 18:44:41.515874 25663 raft_consensus.cc:2414] T 7e19d7c23cc941e3a7751fe2478481ec P 8c751174fe9e41a0a4d3ea1dac04a50e [term 0 FOLLOWER]: Leader pre-election vote request: Granting yes vote for candidate a6e352f77ef54932a47d9977e15d05f1 in term 0.
I0220 18:44:41.516163 25292 tablet_service.cc:1340] Received RequestConsensusVote() RPC: tablet_id: "7e19d7c23cc941e3a7751fe2478481ec" candidate_uuid: "a6e352f77ef54932a47d9977e15d05f1" candidate_term: 1 candidate_status { last_received { term: 0 index: 0 } } ignore_live_leader: false dest_uuid: "853707498adf425fb8395cb60f41c9dc" is_pre_election: true
I0220 18:44:41.516314 25292 raft_consensus.cc:2414] T 7e19d7c23cc941e3a7751fe2478481ec P 853707498adf425fb8395cb60f41c9dc [term 0 FOLLOWER]: Leader pre-election vote request: Granting yes vote for candidate a6e352f77ef54932a47d9977e15d05f1 in term 0.
I0220 18:44:41.516358 25348 leader_election.cc:307] T 7e19d7c23cc941e3a7751fe2478481ec P a6e352f77ef54932a47d9977e15d05f1 [CANDIDATE]: Term 1 pre-election: Election decided. Result: candidate won. Election summary: received 2 responses out of 3 voters: 2 yes votes; 0 no votes. yes voters: 8c751174fe9e41a0a4d3ea1dac04a50e, a6e352f77ef54932a47d9977e15d05f1; no voters:
I0220 18:44:41.516638 25741 raft_consensus.cc:2730] T 7e19d7c23cc941e3a7751fe2478481ec P a6e352f77ef54932a47d9977e15d05f1 [term 0 FOLLOWER]: Leader pre-election won for term 1
I0220 18:44:41.516672 25741 raft_consensus.cc:482] T 7e19d7c23cc941e3a7751fe2478481ec P a6e352f77ef54932a47d9977e15d05f1 [term 0 FOLLOWER]: Starting leader election (no leader contacted us within the election timeout)
I0220 18:44:41.516691 25741 raft_consensus.cc:2983] T 7e19d7c23cc941e3a7751fe2478481ec P a6e352f77ef54932a47d9977e15d05f1 [term 0 FOLLOWER]: Advancing to term 1
I0220 18:44:41.517448 25741 raft_consensus.cc:504] T 7e19d7c23cc941e3a7751fe2478481ec P a6e352f77ef54932a47d9977e15d05f1 [term 1 FOLLOWER]: Starting leader election with config: opid_index: -1 OBSOLETE_local: false peers { permanent_uuid: "a6e352f77ef54932a47d9977e15d05f1" member_type: VOTER last_known_addr { host: "127.23.135.130" port: 36293 } } peers { permanent_uuid: "8c751174fe9e41a0a4d3ea1dac04a50e" member_type: VOTER last_known_addr { host: "127.23.135.132" port: 33963 } } peers { permanent_uuid: "853707498adf425fb8395cb60f41c9dc" member_type: VOTER last_known_addr { host: "127.23.135.129" port: 34551 } }
I0220 18:44:41.517673 25741 leader_election.cc:293] T 7e19d7c23cc941e3a7751fe2478481ec P a6e352f77ef54932a47d9977e15d05f1 [CANDIDATE]: Term 1 election: Requested vote from peers 8c751174fe9e41a0a4d3ea1dac04a50e (127.23.135.132:33963), 853707498adf425fb8395cb60f41c9dc (127.23.135.129:34551)
I0220 18:44:41.518023 25292 tablet_service.cc:1340] Received RequestConsensusVote() RPC: tablet_id: "7e19d7c23cc941e3a7751fe2478481ec" candidate_uuid: "a6e352f77ef54932a47d9977e15d05f1" candidate_term: 1 candidate_status { last_received { term: 0 index: 0 } } ignore_live_leader: false dest_uuid: "853707498adf425fb8395cb60f41c9dc"
I0220 18:44:41.518044 25663 tablet_service.cc:1340] Received RequestConsensusVote() RPC: tablet_id: "7e19d7c23cc941e3a7751fe2478481ec" candidate_uuid: "a6e352f77ef54932a47d9977e15d05f1" candidate_term: 1 candidate_status { last_received { term: 0 index: 0 } } ignore_live_leader: false dest_uuid: "8c751174fe9e41a0a4d3ea1dac04a50e"
I0220 18:44:41.518083 25292 raft_consensus.cc:2983] T 7e19d7c23cc941e3a7751fe2478481ec P 853707498adf425fb8395cb60f41c9dc [term 0 FOLLOWER]: Advancing to term 1
I0220 18:44:41.518097 25663 raft_consensus.cc:2983] T 7e19d7c23cc941e3a7751fe2478481ec P 8c751174fe9e41a0a4d3ea1dac04a50e [term 0 FOLLOWER]: Advancing to term 1
I0220 18:44:41.518749 25292 raft_consensus.cc:2414] T 7e19d7c23cc941e3a7751fe2478481ec P 853707498adf425fb8395cb60f41c9dc [term 1 FOLLOWER]: Leader election vote request: Granting yes vote for candidate a6e352f77ef54932a47d9977e15d05f1 in term 1.
I0220 18:44:41.518821 25663 raft_consensus.cc:2414] T 7e19d7c23cc941e3a7751fe2478481ec P 8c751174fe9e41a0a4d3ea1dac04a50e [term 1 FOLLOWER]: Leader election vote request: Granting yes vote for candidate a6e352f77ef54932a47d9977e15d05f1 in term 1.
I0220 18:44:41.519040 25348 leader_election.cc:307] T 7e19d7c23cc941e3a7751fe2478481ec P a6e352f77ef54932a47d9977e15d05f1 [CANDIDATE]: Term 1 election: Election decided. Result: candidate won. Election summary: received 2 responses out of 3 voters: 2 yes votes; 0 no votes. yes voters: 853707498adf425fb8395cb60f41c9dc, a6e352f77ef54932a47d9977e15d05f1; no voters:
I0220 18:44:41.519179 25741 raft_consensus.cc:2730] T 7e19d7c23cc941e3a7751fe2478481ec P a6e352f77ef54932a47d9977e15d05f1 [term 1 FOLLOWER]: Leader election won for term 1
I0220 18:44:41.519354 25741 raft_consensus.cc:686] T 7e19d7c23cc941e3a7751fe2478481ec P a6e352f77ef54932a47d9977e15d05f1 [term 1 LEADER]: Becoming Leader. State: Replica: a6e352f77ef54932a47d9977e15d05f1, State: Running, Role: LEADER
I0220 18:44:41.519702 25741 consensus_queue.cc:229] T 7e19d7c23cc941e3a7751fe2478481ec P a6e352f77ef54932a47d9977e15d05f1 [LEADER]: Queue going to LEADER mode. State: All replicated index: 0, Majority replicated index: 0, Committed index: 0, Last appended: 0.0, Last appended by leader: 0, Current term: 1, Majority size: 2, State: 0, Mode: LEADER, active raft config: opid_index: -1 OBSOLETE_local: false peers { permanent_uuid: "a6e352f77ef54932a47d9977e15d05f1" member_type: VOTER last_known_addr { host: "127.23.135.130" port: 36293 } } peers { permanent_uuid: "8c751174fe9e41a0a4d3ea1dac04a50e" member_type: VOTER last_known_addr { host: "127.23.135.132" port: 33963 } } peers { permanent_uuid: "853707498adf425fb8395cb60f41c9dc" member_type: VOTER last_known_addr { host: "127.23.135.129" port: 34551 } }
I0220 18:44:41.522408 25161 catalog_manager.cc:4173] T 7e19d7c23cc941e3a7751fe2478481ec P a6e352f77ef54932a47d9977e15d05f1 reported cstate change: term changed from 0 to 1, leader changed from to a6e352f77ef54932a47d9977e15d05f1 (127.23.135.130). New cstate: current_term: 1 leader_uuid: "a6e352f77ef54932a47d9977e15d05f1" committed_config { opid_index: -1 OBSOLETE_local: false peers { permanent_uuid: "a6e352f77ef54932a47d9977e15d05f1" member_type: VOTER last_known_addr { host: "127.23.135.130" port: 36293 } health_report { overall_health: HEALTHY } } peers { permanent_uuid: "8c751174fe9e41a0a4d3ea1dac04a50e" member_type: VOTER last_known_addr { host: "127.23.135.132" port: 33963 } health_report { overall_health: UNKNOWN } } peers { permanent_uuid: "853707498adf425fb8395cb60f41c9dc" member_type: VOTER last_known_addr { host: "127.23.135.129" port: 34551 } health_report { overall_health: UNKNOWN } } }
I0220 18:44:41.532997 24094 maintenance_mode-itest.cc:744] Restarting batch of 4 tservers: 853707498adf425fb8395cb60f41c9dc,a6e352f77ef54932a47d9977e15d05f1,e4c29ba8de7e4745a4e497d213d63742,8c751174fe9e41a0a4d3ea1dac04a50e
I0220 18:44:41.575350 25292 raft_consensus.cc:1210] T 7e19d7c23cc941e3a7751fe2478481ec P 853707498adf425fb8395cb60f41c9dc [term 1 FOLLOWER]: Refusing update from remote peer a6e352f77ef54932a47d9977e15d05f1: Log matching property violated. Preceding OpId in replica: term: 0 index: 0. Preceding OpId from leader: term: 1 index: 2. (index mismatch)
I0220 18:44:41.575418 25663 raft_consensus.cc:1210] T 7e19d7c23cc941e3a7751fe2478481ec P 8c751174fe9e41a0a4d3ea1dac04a50e [term 1 FOLLOWER]: Refusing update from remote peer a6e352f77ef54932a47d9977e15d05f1: Log matching property violated. Preceding OpId in replica: term: 0 index: 0. Preceding OpId from leader: term: 1 index: 2. (index mismatch)
I0220 18:44:41.576190 25741 consensus_queue.cc:1005] T 7e19d7c23cc941e3a7751fe2478481ec P a6e352f77ef54932a47d9977e15d05f1 [LEADER]: Connected to new peer: Peer: permanent_uuid: "853707498adf425fb8395cb60f41c9dc" member_type: VOTER last_known_addr { host: "127.23.135.129" port: 34551 }, Status: LMP_MISMATCH, Last received: 0.0, Next index: 1, Last known committed idx: 0, Time since last communication: 0.000s
I0220 18:44:41.576505 25741 consensus_queue.cc:1005] T 7e19d7c23cc941e3a7751fe2478481ec P a6e352f77ef54932a47d9977e15d05f1 [LEADER]: Connected to new peer: Peer: permanent_uuid: "8c751174fe9e41a0a4d3ea1dac04a50e" member_type: VOTER last_known_addr { host: "127.23.135.132" port: 33963 }, Status: LMP_MISMATCH, Last received: 0.0, Next index: 1, Last known committed idx: 0, Time since last communication: 0.000s
I0220 18:44:41.593678 25762 mvcc.cc:203] Tried to move safe_time back from 6480790657324900352 to 6480790657106395136. Current Snapshot: MvccSnapshot[committed={T|T < 6480790657324900352}]
I0220 18:44:41.593812 25763 mvcc.cc:203] Tried to move safe_time back from 6480790657324900352 to 6480790657106395136. Current Snapshot: MvccSnapshot[committed={T|T < 6480790657324900352}]
I0220 18:44:41.620501 25764 mvcc.cc:203] Tried to move safe_time back from 6480790657324900352 to 6480790657106395136. Current Snapshot: MvccSnapshot[committed={T|T < 6480790657324900352 or (T in {6480790657324900352})}]
I0220 18:44:41.738440 25169 ts_manager.cc:278] Set tserver state for a6e352f77ef54932a47d9977e15d05f1 to MAINTENANCE_MODE
I0220 18:44:41.821740 25169 ts_manager.cc:278] Set tserver state for 853707498adf425fb8395cb60f41c9dc to MAINTENANCE_MODE
I0220 18:44:41.864697 25169 ts_manager.cc:278] Set tserver state for e4c29ba8de7e4745a4e497d213d63742 to MAINTENANCE_MODE
I0220 18:44:41.975206 25169 ts_manager.cc:278] Set tserver state for 8c751174fe9e41a0a4d3ea1dac04a50e to MAINTENANCE_MODE
I0220 18:44:41.981495 25264 tablet_service.cc:1022] Tablet server 853707498adf425fb8395cb60f41c9dc set to quiescing
I0220 18:44:41.981606 25264 tablet_service.cc:1029] Tablet server has 0 leaders and 0 scanners
I0220 18:44:42.058512 25523 tablet_service.cc:1022] Tablet server e4c29ba8de7e4745a4e497d213d63742 set to quiescing
I0220 18:44:42.058655 25523 tablet_service.cc:1029] Tablet server has 0 leaders and 0 scanners
I0220 18:44:42.335525 25398 tablet_service.cc:1022] Tablet server a6e352f77ef54932a47d9977e15d05f1 set to quiescing
I0220 18:44:42.335775 25398 tablet_service.cc:1029] Tablet server has 1 leaders and 0 scanners
I0220 18:44:42.342399 25586 heartbeater.cc:447] Master 127.23.135.190:41437 was elected leader, sending a full tablet report...
I0220 18:44:42.389433 25779 raft_consensus.cc:929] T 7e19d7c23cc941e3a7751fe2478481ec P a6e352f77ef54932a47d9977e15d05f1: : Instructing follower 8c751174fe9e41a0a4d3ea1dac04a50e to start an election
I0220 18:44:42.389605 25779 raft_consensus.cc:1017] T 7e19d7c23cc941e3a7751fe2478481ec P a6e352f77ef54932a47d9977e15d05f1 [term 1 LEADER]: Signalling peer 8c751174fe9e41a0a4d3ea1dac04a50e to start an election
I0220 18:44:42.392917 25658 tablet_service.cc:1457] Received Run Leader Election RPC: tablet_id: "7e19d7c23cc941e3a7751fe2478481ec" dest_uuid: "8c751174fe9e41a0a4d3ea1dac04a50e" from {username='slave'} at 127.23.135.130:34413
I0220 18:44:42.393128 25658 raft_consensus.cc:482] T 7e19d7c23cc941e3a7751fe2478481ec P 8c751174fe9e41a0a4d3ea1dac04a50e [term 1 FOLLOWER]: Starting forced leader election (received explicit request)
I0220 18:44:42.393220 25658 raft_consensus.cc:2983] T 7e19d7c23cc941e3a7751fe2478481ec P 8c751174fe9e41a0a4d3ea1dac04a50e [term 1 FOLLOWER]: Advancing to term 2
I0220 18:44:42.394445 25658 raft_consensus.cc:504] T 7e19d7c23cc941e3a7751fe2478481ec P 8c751174fe9e41a0a4d3ea1dac04a50e [term 2 FOLLOWER]: Starting forced leader election with config: opid_index: -1 OBSOLETE_local: false peers { permanent_uuid: "a6e352f77ef54932a47d9977e15d05f1" member_type: VOTER last_known_addr { host: "127.23.135.130" port: 36293 } } peers { permanent_uuid: "8c751174fe9e41a0a4d3ea1dac04a50e" member_type: VOTER last_known_addr { host: "127.23.135.132" port: 33963 } } peers { permanent_uuid: "853707498adf425fb8395cb60f41c9dc" member_type: VOTER last_known_addr { host: "127.23.135.129" port: 34551 } }
I0220 18:44:42.396340 25658 leader_election.cc:293] T 7e19d7c23cc941e3a7751fe2478481ec P 8c751174fe9e41a0a4d3ea1dac04a50e [CANDIDATE]: Term 2 election: Requested vote from peers a6e352f77ef54932a47d9977e15d05f1 (127.23.135.130:36293), 853707498adf425fb8395cb60f41c9dc (127.23.135.129:34551)
I0220 18:44:42.401496 25658 raft_consensus.cc:1175] T 7e19d7c23cc941e3a7751fe2478481ec P 8c751174fe9e41a0a4d3ea1dac04a50e [term 2 FOLLOWER]: Rejecting Update request from peer a6e352f77ef54932a47d9977e15d05f1 for earlier term 1. Current term is 2. Ops: []
I0220 18:44:42.402014 25745 consensus_queue.cc:1016] T 7e19d7c23cc941e3a7751fe2478481ec P a6e352f77ef54932a47d9977e15d05f1 [LEADER]: Peer responded invalid term: Peer: permanent_uuid: "8c751174fe9e41a0a4d3ea1dac04a50e" member_type: VOTER last_known_addr { host: "127.23.135.132" port: 33963 }, Status: INVALID_TERM, Last received: 1.100, Next index: 101, Last known committed idx: 100, Time since last communication: 0.000s
I0220 18:44:42.402745 25779 raft_consensus.cc:2978] T 7e19d7c23cc941e3a7751fe2478481ec P a6e352f77ef54932a47d9977e15d05f1 [term 1 LEADER]: Stepping down as leader of term 1
I0220 18:44:42.402776 25779 raft_consensus.cc:726] T 7e19d7c23cc941e3a7751fe2478481ec P a6e352f77ef54932a47d9977e15d05f1 [term 1 LEADER]: Becoming Follower/Learner. State: Replica: a6e352f77ef54932a47d9977e15d05f1, State: Running, Role: LEADER
I0220 18:44:42.402956 25779 consensus_queue.cc:252] T 7e19d7c23cc941e3a7751fe2478481ec P a6e352f77ef54932a47d9977e15d05f1 [NON_LEADER]: Queue going to NON_LEADER mode. State: All replicated index: 0, Majority replicated index: 101, Committed index: 101, Last appended: 1.102, Last appended by leader: 102, Current term: 1, Majority size: -1, State: 0, Mode: NON_LEADER, active raft config: opid_index: -1 OBSOLETE_local: false peers { permanent_uuid: "a6e352f77ef54932a47d9977e15d05f1" member_type: VOTER last_known_addr { host: "127.23.135.130" port: 36293 } } peers { permanent_uuid: "8c751174fe9e41a0a4d3ea1dac04a50e" member_type: VOTER last_known_addr { host: "127.23.135.132" port: 33963 } } peers { permanent_uuid: "853707498adf425fb8395cb60f41c9dc" member_type: VOTER last_known_addr { host: "127.23.135.129" port: 34551 } }
I0220 18:44:42.403334 25779 raft_consensus.cc:2983] T 7e19d7c23cc941e3a7751fe2478481ec P a6e352f77ef54932a47d9977e15d05f1 [term 1 FOLLOWER]: Advancing to term 2
W0220 18:44:42.403719 25762 tablet_service.cc:670] failed transaction from {username='slave'} at 127.0.0.1:34514: Illegal state: Cannot assign timestamp to transaction. Tablet is not in leader mode. Last heard from a leader: 0.001s ago.
W0220 18:44:42.404686 25762 tablet_service.cc:670] failed transaction from {username='slave'} at 127.0.0.1:34514: Illegal state: Cannot assign timestamp to transaction. Tablet is not in leader mode. Last heard from a leader: 0.002s ago.
W0220 18:44:42.407200 25626 tablet_service.cc:670] failed transaction from {username='slave'} at 127.0.0.1:39588: Illegal state: Replica 8c751174fe9e41a0a4d3ea1dac04a50e is not leader of this config. Role: FOLLOWER. Consensus state: current_term: 2 committed_config { opid_index: -1 OBSOLETE_local: false peers { permanent_uuid: "a6e352f77ef54932a47d9977e15d05f1" member_type: VOTER last_known_addr { host: "127.23.135.130" port: 36293 } } peers { permanent_uuid: "8c751174fe9e41a0a4d3ea1dac04a50e" member_type: VOTER last_known_addr { host: "127.23.135.132" port: 33963 } } peers { permanent_uuid: "853707498adf425fb8395cb60f41c9dc" member_type: VOTER last_known_addr { host: "127.23.135.129" port: 34551 } } }
W0220 18:44:42.407281 25627 tablet_service.cc:670] failed transaction from {username='slave'} at 127.0.0.1:39588: Illegal state: Replica 8c751174fe9e41a0a4d3ea1dac04a50e is not leader of this config. Role: FOLLOWER. Consensus state: current_term: 2 committed_config { opid_index: -1 OBSOLETE_local: false peers { permanent_uuid: "a6e352f77ef54932a47d9977e15d05f1" member_type: VOTER last_known_addr { host: "127.23.135.130" port: 36293 } } peers { permanent_uuid: "8c751174fe9e41a0a4d3ea1dac04a50e" member_type: VOTER last_known_addr { host: "127.23.135.132" port: 33963 } } peers { permanent_uuid: "853707498adf425fb8395cb60f41c9dc" member_type: VOTER last_known_addr { host: "127.23.135.129" port: 34551 } } }
W0220 18:44:42.414351 25236 tablet_service.cc:670] failed transaction from {username='slave'} at 127.0.0.1:37802: Illegal state: Replica 853707498adf425fb8395cb60f41c9dc is not leader of this config. Role: FOLLOWER. Consensus state: current_term: 1 leader_uuid: "a6e352f77ef54932a47d9977e15d05f1" committed_config { opid_index: -1 OBSOLETE_local: false peers { permanent_uuid: "a6e352f77ef54932a47d9977e15d05f1" member_type: VOTER last_known_addr { host: "127.23.135.130" port: 36293 } } peers { permanent_uuid: "8c751174fe9e41a0a4d3ea1dac04a50e" member_type: VOTER last_known_addr { host: "127.23.135.132" port: 33963 } } peers { permanent_uuid: "853707498adf425fb8395cb60f41c9dc" member_type: VOTER last_known_addr { host: "127.23.135.129" port: 34551 } } }
I0220 18:44:42.415046 25292 tablet_service.cc:1340] Received RequestConsensusVote() RPC: tablet_id: "7e19d7c23cc941e3a7751fe2478481ec" candidate_uuid: "8c751174fe9e41a0a4d3ea1dac04a50e" candidate_term: 2 candidate_status { last_received { term: 1 index: 100 } } ignore_live_leader: true dest_uuid: "853707498adf425fb8395cb60f41c9dc"
I0220 18:44:42.415133 25418 tablet_service.cc:1340] Received RequestConsensusVote() RPC: tablet_id: "7e19d7c23cc941e3a7751fe2478481ec" candidate_uuid: "8c751174fe9e41a0a4d3ea1dac04a50e" candidate_term: 2 candidate_status { last_received { term: 1 index: 100 } } ignore_live_leader: true dest_uuid: "a6e352f77ef54932a47d9977e15d05f1"
I0220 18:44:42.415179 25292 raft_consensus.cc:2983] T 7e19d7c23cc941e3a7751fe2478481ec P 853707498adf425fb8395cb60f41c9dc [term 1 FOLLOWER]: Advancing to term 2
I0220 18:44:42.415272 25418 raft_consensus.cc:2356] T 7e19d7c23cc941e3a7751fe2478481ec P a6e352f77ef54932a47d9977e15d05f1 [term 2 FOLLOWER]: Leader election vote request: Denying vote to candidate 8c751174fe9e41a0a4d3ea1dac04a50e for term 2 because replica has last-logged OpId of term: 1 index: 102, which is greater than that of the candidate, which has last-logged OpId of term: 1 index: 100.
I0220 18:44:42.416260 25292 raft_consensus.cc:2356] T 7e19d7c23cc941e3a7751fe2478481ec P 853707498adf425fb8395cb60f41c9dc [term 2 FOLLOWER]: Leader election vote request: Denying vote to candidate 8c751174fe9e41a0a4d3ea1dac04a50e for term 2 because replica has last-logged OpId of term: 1 index: 102, which is greater than that of the candidate, which has last-logged OpId of term: 1 index: 100.
W0220 18:44:42.416487 25236 tablet_service.cc:670] failed transaction from {username='slave'} at 127.0.0.1:37802: Illegal state: Replica 853707498adf425fb8395cb60f41c9dc is not leader of this config. Role: FOLLOWER. Consensus state: current_term: 2 committed_config { opid_index: -1 OBSOLETE_local: false peers { permanent_uuid: "a6e352f77ef54932a47d9977e15d05f1" member_type: VOTER last_known_addr { host: "127.23.135.130" port: 36293 } } peers { permanent_uuid: "8c751174fe9e41a0a4d3ea1dac04a50e" member_type: VOTER last_known_addr { host: "127.23.135.132" port: 33963 } } peers { permanent_uuid: "853707498adf425fb8395cb60f41c9dc" member_type: VOTER last_known_addr { host: "127.23.135.129" port: 34551 } } }
I0220 18:44:42.416626 25598 leader_election.cc:307] T 7e19d7c23cc941e3a7751fe2478481ec P 8c751174fe9e41a0a4d3ea1dac04a50e [CANDIDATE]: Term 2 election: Election decided. Result: candidate lost. Election summary: received 3 responses out of 3 voters: 1 yes votes; 2 no votes. yes voters: 8c751174fe9e41a0a4d3ea1dac04a50e; no voters: 853707498adf425fb8395cb60f41c9dc, a6e352f77ef54932a47d9977e15d05f1
I0220 18:44:42.423862 25859 raft_consensus.cc:2675] T 7e19d7c23cc941e3a7751fe2478481ec P 8c751174fe9e41a0a4d3ea1dac04a50e [term 2 FOLLOWER]: Leader election lost for term 2. Reason: could not achieve majority
W0220 18:44:42.425179 25366 tablet_service.cc:670] failed transaction from {username='slave'} at 127.0.0.1:34514: Illegal state: Replica a6e352f77ef54932a47d9977e15d05f1 is not leader of this config. Role: FOLLOWER. Consensus state: current_term: 2 committed_config { opid_index: -1 OBSOLETE_local: false peers { permanent_uuid: "a6e352f77ef54932a47d9977e15d05f1" member_type: VOTER last_known_addr { host: "127.23.135.130" port: 36293 } } peers { permanent_uuid: "8c751174fe9e41a0a4d3ea1dac04a50e" member_type: VOTER last_known_addr { host: "127.23.135.132" port: 33963 } } peers { permanent_uuid: "853707498adf425fb8395cb60f41c9dc" member_type: VOTER last_known_addr { host: "127.23.135.129" port: 34551 } } }
W0220 18:44:42.425295 25369 tablet_service.cc:670] failed transaction from {username='slave'} at 127.0.0.1:34514: Illegal state: Replica a6e352f77ef54932a47d9977e15d05f1 is not leader of this config. Role: FOLLOWER. Consensus state: current_term: 2 committed_config { opid_index: -1 OBSOLETE_local: false peers { permanent_uuid: "a6e352f77ef54932a47d9977e15d05f1" member_type: VOTER last_known_addr { host: "127.23.135.130" port: 36293 } } peers { permanent_uuid: "8c751174fe9e41a0a4d3ea1dac04a50e" member_type: VOTER last_known_addr { host: "127.23.135.132" port: 33963 } } peers { permanent_uuid: "853707498adf425fb8395cb60f41c9dc" member_type: VOTER last_known_addr { host: "127.23.135.129" port: 34551 } } }
W0220 18:44:42.432961 25627 tablet_service.cc:670] failed transaction from {username='slave'} at 127.0.0.1:39588: Illegal state: Replica 8c751174fe9e41a0a4d3ea1dac04a50e is not leader of this config. Role: FOLLOWER. Consensus state: current_term: 2 committed_config { opid_index: -1 OBSOLETE_local: false peers { permanent_uuid: "a6e352f77ef54932a47d9977e15d05f1" member_type: VOTER last_known_addr { host: "127.23.135.130" port: 36293 } } peers { permanent_uuid: "8c751174fe9e41a0a4d3ea1dac04a50e" member_type: VOTER last_known_addr { host: "127.23.135.132" port: 33963 } } peers { permanent_uuid: "853707498adf425fb8395cb60f41c9dc" member_type: VOTER last_known_addr { host: "127.23.135.129" port: 34551 } } }
W0220 18:44:42.433974 25627 tablet_service.cc:670] failed transaction from {username='slave'} at 127.0.0.1:39588: Illegal state: Replica 8c751174fe9e41a0a4d3ea1dac04a50e is not leader of this config. Role: FOLLOWER. Consensus state: current_term: 2 committed_config { opid_index: -1 OBSOLETE_local: false peers { permanent_uuid: "a6e352f77ef54932a47d9977e15d05f1" member_type: VOTER last_known_addr { host: "127.23.135.130" port: 36293 } } peers { permanent_uuid: "8c751174fe9e41a0a4d3ea1dac04a50e" member_type: VOTER last_known_addr { host: "127.23.135.132" port: 33963 } } peers { permanent_uuid: "853707498adf425fb8395cb60f41c9dc" member_type: VOTER last_known_addr { host: "127.23.135.129" port: 34551 } } }
W0220 18:44:42.443483 25236 tablet_service.cc:670] failed transaction from {username='slave'} at 127.0.0.1:37802: Illegal state: Replica 853707498adf425fb8395cb60f41c9dc is not leader of this config. Role: FOLLOWER. Consensus state: current_term: 2 committed_config { opid_index: -1 OBSOLETE_local: false peers { permanent_uuid: "a6e352f77ef54932a47d9977e15d05f1" member_type: VOTER last_known_addr { host: "127.23.135.130" port: 36293 } } peers { permanent_uuid: "8c751174fe9e41a0a4d3ea1dac04a50e" member_type: VOTER last_known_addr { host: "127.23.135.132" port: 33963 } } peers { permanent_uuid: "853707498adf425fb8395cb60f41c9dc" member_type: VOTER last_known_addr { host: "127.23.135.129" port: 34551 } } }
W0220 18:44:42.444563 25236 tablet_service.cc:670] failed transaction from {username='slave'} at 127.0.0.1:37802: Illegal state: Replica 853707498adf425fb8395cb60f41c9dc is not leader of this config. Role: FOLLOWER. Consensus state: current_term: 2 committed_config { opid_index: -1 OBSOLETE_local: false peers { permanent_uuid: "a6e352f77ef54932a47d9977e15d05f1" member_type: VOTER last_known_addr { host: "127.23.135.130" port: 36293 } } peers { permanent_uuid: "8c751174fe9e41a0a4d3ea1dac04a50e" member_type: VOTER last_known_addr { host: "127.23.135.132" port: 33963 } } peers { permanent_uuid: "853707498adf425fb8395cb60f41c9dc" member_type: VOTER last_known_addr { host: "127.23.135.129" port: 34551 } } }
W0220 18:44:42.453399 25369 tablet_service.cc:670] failed transaction from {username='slave'} at 127.0.0.1:34514: Illegal state: Replica a6e352f77ef54932a47d9977e15d05f1 is not leader of this config. Role: FOLLOWER. Consensus state: current_term: 2 committed_config { opid_index: -1 OBSOLETE_local: false peers { permanent_uuid: "a6e352f77ef54932a47d9977e15d05f1" member_type: VOTER last_known_addr { host: "127.23.135.130" port: 36293 } } peers { permanent_uuid: "8c751174fe9e41a0a4d3ea1dac04a50e" member_type: VOTER last_known_addr { host: "127.23.135.132" port: 33963 } } peers { permanent_uuid: "853707498adf425fb8395cb60f41c9dc" member_type: VOTER last_known_addr { host: "127.23.135.129" port: 34551 } } }
W0220 18:44:42.453445 25366 tablet_service.cc:670] failed transaction from {username='slave'} at 127.0.0.1:34514: Illegal state: Replica a6e352f77ef54932a47d9977e15d05f1 is not leader of this config. Role: FOLLOWER. Consensus state: current_term: 2 committed_config { opid_index: -1 OBSOLETE_local: false peers { permanent_uuid: "a6e352f77ef54932a47d9977e15d05f1" member_type: VOTER last_known_addr { host: "127.23.135.130" port: 36293 } } peers { permanent_uuid: "8c751174fe9e41a0a4d3ea1dac04a50e" member_type: VOTER last_known_addr { host: "127.23.135.132" port: 33963 } } peers { permanent_uuid: "853707498adf425fb8395cb60f41c9dc" member_type: VOTER last_known_addr { host: "127.23.135.129" port: 34551 } } }
W0220 18:44:42.463606 25627 tablet_service.cc:670] failed transaction from {username='slave'} at 127.0.0.1:39588: Illegal state: Replica 8c751174fe9e41a0a4d3ea1dac04a50e is not leader of this config. Role: FOLLOWER. Consensus state: current_term: 2 committed_config { opid_index: -1 OBSOLETE_local: false peers { permanent_uuid: "a6e352f77ef54932a47d9977e15d05f1" member_type: VOTER last_known_addr { host: "127.23.135.130" port: 36293 } } peers { permanent_uuid: "8c751174fe9e41a0a4d3ea1dac04a50e" member_type: VOTER last_known_addr { host: "127.23.135.132" port: 33963 } } peers { permanent_uuid: "853707498adf425fb8395cb60f41c9dc" member_type: VOTER last_known_addr { host: "127.23.135.129" port: 34551 } } }
