I0220 18:44:39.816385 24500 raft_consensus.cc:1210] T 2ca7a33c93d548f49d2a4b1eeca470ca P bccadedc7a11414384f1d4875bf49aaa [term 4 FOLLOWER]: Refusing update from remote peer c8a15b6a57804d05ada89b15de898a87: Log matching property violated. Preceding OpId in replica: term: 4 index: 1301. Preceding OpId from leader: term: 4 index: 1304. (index mismatch)
I0220 18:44:39.816933 24499 raft_consensus.cc:1210] T c5b2eb9c654f49df828ad8a096c62921 P bccadedc7a11414384f1d4875bf49aaa [term 1 FOLLOWER]: Refusing update from remote peer c8a15b6a57804d05ada89b15de898a87: Log matching property violated. Preceding OpId in replica: term: 1 index: 1300. Preceding OpId from leader: term: 1 index: 1303. (index mismatch)
I0220 18:44:39.817811 25086 consensus_queue.cc:1005] T 2ca7a33c93d548f49d2a4b1eeca470ca P c8a15b6a57804d05ada89b15de898a87 [LEADER]: Connected to new peer: Peer: permanent_uuid: "bccadedc7a11414384f1d4875bf49aaa" member_type: VOTER last_known_addr { host: "127.23.135.131" port: 46803 }, Status: LMP_MISMATCH, Last received: 0.0, Next index: 1304, Last known committed idx: 1299, Time since last communication: 0.000s
I0220 18:44:39.818032 25086 consensus_queue.cc:1005] T c5b2eb9c654f49df828ad8a096c62921 P c8a15b6a57804d05ada89b15de898a87 [LEADER]: Connected to new peer: Peer: permanent_uuid: "bccadedc7a11414384f1d4875bf49aaa" member_type: VOTER last_known_addr { host: "127.23.135.131" port: 46803 }, Status: LMP_MISMATCH, Last received: 0.0, Next index: 1303, Last known committed idx: 1300, Time since last communication: 0.000s
W0220 18:44:39.824370 24309 consensus_peers.cc:472] T c5b2eb9c654f49df828ad8a096c62921 P c8a15b6a57804d05ada89b15de898a87 -> Peer 493be4abe83d46c1829e3d5cfc68a9de (127.23.135.129:35559): Couldn't send request to peer 493be4abe83d46c1829e3d5cfc68a9de. Status: Network error: Client connection negotiation failed: client connection to 127.23.135.129:35559: connect: Connection refused (error 111). This is attempt 1: this message will repeat every 5th retry.
W0220 18:44:39.824414 24309 consensus_peers.cc:472] T 2ca7a33c93d548f49d2a4b1eeca470ca P c8a15b6a57804d05ada89b15de898a87 -> Peer 493be4abe83d46c1829e3d5cfc68a9de (127.23.135.129:35559): Couldn't send request to peer 493be4abe83d46c1829e3d5cfc68a9de. Status: Network error: Client connection negotiation failed: client connection to 127.23.135.129:35559: connect: Connection refused (error 111). This is attempt 1: this message will repeat every 5th retry.
I0220 18:44:39.825038 25086 raft_consensus.cc:2878] T 2ca7a33c93d548f49d2a4b1eeca470ca P c8a15b6a57804d05ada89b15de898a87 [term 4 LEADER]: Committing config change with OpId 4.1304: config changed from index -1 to 1304, NON_VOTER 609fb788e999458bb50fe5ede9fbe320 (127.23.135.132) added. New config: { opid_index: 1304 OBSOLETE_local: false peers { permanent_uuid: "c8a15b6a57804d05ada89b15de898a87" member_type: VOTER last_known_addr { host: "127.23.135.130" port: 40621 } } peers { permanent_uuid: "493be4abe83d46c1829e3d5cfc68a9de" member_type: VOTER last_known_addr { host: "127.23.135.129" port: 35559 } } peers { permanent_uuid: "bccadedc7a11414384f1d4875bf49aaa" member_type: VOTER last_known_addr { host: "127.23.135.131" port: 46803 } } peers { permanent_uuid: "609fb788e999458bb50fe5ede9fbe320" member_type: NON_VOTER last_known_addr { host: "127.23.135.132" port: 45837 } attrs { promote: true } } }
I0220 18:44:39.826252 25055 raft_consensus.cc:2878] T c5b2eb9c654f49df828ad8a096c62921 P c8a15b6a57804d05ada89b15de898a87 [term 1 LEADER]: Committing config change with OpId 1.1303: config changed from index -1 to 1303, NON_VOTER 609fb788e999458bb50fe5ede9fbe320 (127.23.135.132) added. New config: { opid_index: 1303 OBSOLETE_local: false peers { permanent_uuid: "493be4abe83d46c1829e3d5cfc68a9de" member_type: VOTER last_known_addr { host: "127.23.135.129" port: 35559 } } peers { permanent_uuid: "c8a15b6a57804d05ada89b15de898a87" member_type: VOTER last_known_addr { host: "127.23.135.130" port: 40621 } } peers { permanent_uuid: "bccadedc7a11414384f1d4875bf49aaa" member_type: VOTER last_known_addr { host: "127.23.135.131" port: 46803 } } peers { permanent_uuid: "609fb788e999458bb50fe5ede9fbe320" member_type: NON_VOTER last_known_addr { host: "127.23.135.132" port: 45837 } attrs { promote: true } } }
I0220 18:44:39.827468 24544 heartbeater.cc:455] Master 127.23.135.190:45127 requested a full tablet report, sending...
I0220 18:44:39.830711 24500 raft_consensus.cc:2878] T 2ca7a33c93d548f49d2a4b1eeca470ca P bccadedc7a11414384f1d4875bf49aaa [term 4 FOLLOWER]: Committing config change with OpId 4.1304: config changed from index -1 to 1304, NON_VOTER 609fb788e999458bb50fe5ede9fbe320 (127.23.135.132) added. New config: { opid_index: 1304 OBSOLETE_local: false peers { permanent_uuid: "c8a15b6a57804d05ada89b15de898a87" member_type: VOTER last_known_addr { host: "127.23.135.130" port: 40621 } } peers { permanent_uuid: "493be4abe83d46c1829e3d5cfc68a9de" member_type: VOTER last_known_addr { host: "127.23.135.129" port: 35559 } } peers { permanent_uuid: "bccadedc7a11414384f1d4875bf49aaa" member_type: VOTER last_known_addr { host: "127.23.135.131" port: 46803 } } peers { permanent_uuid: "609fb788e999458bb50fe5ede9fbe320" member_type: NON_VOTER last_known_addr { host: "127.23.135.132" port: 45837 } attrs { promote: true } } }
I0220 18:44:39.832433 24500 raft_consensus.cc:2878] T c5b2eb9c654f49df828ad8a096c62921 P bccadedc7a11414384f1d4875bf49aaa [term 1 FOLLOWER]: Committing config change with OpId 1.1303: config changed from index -1 to 1303, NON_VOTER 609fb788e999458bb50fe5ede9fbe320 (127.23.135.132) added. New config: { opid_index: 1303 OBSOLETE_local: false peers { permanent_uuid: "493be4abe83d46c1829e3d5cfc68a9de" member_type: VOTER last_known_addr { host: "127.23.135.129" port: 35559 } } peers { permanent_uuid: "c8a15b6a57804d05ada89b15de898a87" member_type: VOTER last_known_addr { host: "127.23.135.130" port: 40621 } } peers { permanent_uuid: "bccadedc7a11414384f1d4875bf49aaa" member_type: VOTER last_known_addr { host: "127.23.135.131" port: 46803 } } peers { permanent_uuid: "609fb788e999458bb50fe5ede9fbe320" member_type: NON_VOTER last_known_addr { host: "127.23.135.132" port: 45837 } attrs { promote: true } } }
W0220 18:44:39.832844 24308 consensus_peers.cc:472] T 2ca7a33c93d548f49d2a4b1eeca470ca P c8a15b6a57804d05ada89b15de898a87 -> Peer 609fb788e999458bb50fe5ede9fbe320 (127.23.135.132:45837): Couldn't send request to peer 609fb788e999458bb50fe5ede9fbe320. Error code: TABLET_NOT_FOUND (6). Status: Not found: Tablet not found: 2ca7a33c93d548f49d2a4b1eeca470ca. This is attempt 1: this message will repeat every 5th retry.
W0220 18:44:39.832950 24308 consensus_peers.cc:472] T c5b2eb9c654f49df828ad8a096c62921 P c8a15b6a57804d05ada89b15de898a87 -> Peer 609fb788e999458bb50fe5ede9fbe320 (127.23.135.132:45837): Couldn't send request to peer 609fb788e999458bb50fe5ede9fbe320. Error code: TABLET_NOT_FOUND (6). Status: Not found: Tablet not found: c5b2eb9c654f49df828ad8a096c62921. This is attempt 1: this message will repeat every 5th retry.
I0220 18:44:39.835232 24828 catalog_manager.cc:3709] ChangeConfig:ADD_PEER:NON_VOTER RPC for tablet 2ca7a33c93d548f49d2a4b1eeca470ca with cas_config_opid_index -1: ChangeConfig:ADD_PEER:NON_VOTER succeeded (attempt 1)
I0220 18:44:39.835839 24846 catalog_manager.cc:4173] T 2ca7a33c93d548f49d2a4b1eeca470ca P c8a15b6a57804d05ada89b15de898a87 reported cstate change: config changed from index -1 to 1304, NON_VOTER 609fb788e999458bb50fe5ede9fbe320 (127.23.135.132) added. New cstate: current_term: 4 leader_uuid: "c8a15b6a57804d05ada89b15de898a87" committed_config { opid_index: 1304 OBSOLETE_local: false peers { permanent_uuid: "c8a15b6a57804d05ada89b15de898a87" member_type: VOTER last_known_addr { host: "127.23.135.130" port: 40621 } health_report { overall_health: HEALTHY } } peers { permanent_uuid: "493be4abe83d46c1829e3d5cfc68a9de" member_type: VOTER last_known_addr { host: "127.23.135.129" port: 35559 } health_report { overall_health: UNKNOWN } } peers { permanent_uuid: "bccadedc7a11414384f1d4875bf49aaa" member_type: VOTER last_known_addr { host: "127.23.135.131" port: 46803 } health_report { overall_health: HEALTHY } } peers { permanent_uuid: "609fb788e999458bb50fe5ede9fbe320" member_type: NON_VOTER last_known_addr { host: "127.23.135.132" port: 45837 } attrs { promote: true } health_report { overall_health: UNKNOWN } } }
I0220 18:44:39.845439 24501 consensus_queue.cc:229] T a7a069dabd5b4df28954b6833f23ab31 P bccadedc7a11414384f1d4875bf49aaa [LEADER]: Queue going to LEADER mode. State: All replicated index: 0, Majority replicated index: 1302, Committed index: 1302, Last appended: 1.1303, Last appended by leader: 0, Current term: 1, Majority size: 2, State: 0, Mode: LEADER, active raft config: opid_index: 1304 OBSOLETE_local: false peers { permanent_uuid: "c8a15b6a57804d05ada89b15de898a87" member_type: VOTER last_known_addr { host: "127.23.135.130" port: 40621 } } peers { permanent_uuid: "493be4abe83d46c1829e3d5cfc68a9de" member_type: VOTER last_known_addr { host: "127.23.135.129" port: 35559 } } peers { permanent_uuid: "bccadedc7a11414384f1d4875bf49aaa" member_type: VOTER last_known_addr { host: "127.23.135.131" port: 46803 } } peers { permanent_uuid: "609fb788e999458bb50fe5ede9fbe320" member_type: NON_VOTER last_known_addr { host: "127.23.135.132" port: 45837 } attrs { promote: true } }
I0220 18:44:39.845485 24499 consensus_queue.cc:229] T 116ca55e12164875ad0a87183fe531bc P bccadedc7a11414384f1d4875bf49aaa [LEADER]: Queue going to LEADER mode. State: All replicated index: 0, Majority replicated index: 1304, Committed index: 1304, Last appended: 2.1304, Last appended by leader: 16, Current term: 2, Majority size: 2, State: 0, Mode: LEADER, active raft config: opid_index: 1305 OBSOLETE_local: false peers { permanent_uuid: "c8a15b6a57804d05ada89b15de898a87" member_type: VOTER last_known_addr { host: "127.23.135.130" port: 40621 } } peers { permanent_uuid: "bccadedc7a11414384f1d4875bf49aaa" member_type: VOTER last_known_addr { host: "127.23.135.131" port: 46803 } } peers { permanent_uuid: "493be4abe83d46c1829e3d5cfc68a9de" member_type: VOTER last_known_addr { host: "127.23.135.129" port: 35559 } } peers { permanent_uuid: "609fb788e999458bb50fe5ede9fbe320" member_type: NON_VOTER last_known_addr { host: "127.23.135.132" port: 45837 } attrs { promote: true } }
I0220 18:44:39.846864 24375 raft_consensus.cc:1210] T 116ca55e12164875ad0a87183fe531bc P c8a15b6a57804d05ada89b15de898a87 [term 2 FOLLOWER]: Refusing update from remote peer bccadedc7a11414384f1d4875bf49aaa: Log matching property violated. Preceding OpId in replica: term: 2 index: 1304. Preceding OpId from leader: term: 2 index: 1305. (index mismatch)
I0220 18:44:39.847196 24373 raft_consensus.cc:1210] T a7a069dabd5b4df28954b6833f23ab31 P c8a15b6a57804d05ada89b15de898a87 [term 1 FOLLOWER]: Refusing update from remote peer bccadedc7a11414384f1d4875bf49aaa: Log matching property violated. Preceding OpId in replica: term: 1 index: 1302. Preceding OpId from leader: term: 1 index: 1304. (index mismatch)
I0220 18:44:39.847213 25083 consensus_queue.cc:1005] T 116ca55e12164875ad0a87183fe531bc P bccadedc7a11414384f1d4875bf49aaa [LEADER]: Connected to new peer: Peer: permanent_uuid: "c8a15b6a57804d05ada89b15de898a87" member_type: VOTER last_known_addr { host: "127.23.135.130" port: 40621 }, Status: LMP_MISMATCH, Last received: 0.0, Next index: 1305, Last known committed idx: 1304, Time since last communication: 0.000s
I0220 18:44:39.847307 24498 consensus_queue.cc:229] T c0ca382ac98b46948b2b18c2d691a364 P bccadedc7a11414384f1d4875bf49aaa [LEADER]: Queue going to LEADER mode. State: All replicated index: 0, Majority replicated index: 1303, Committed index: 1303, Last appended: 1.1303, Last appended by leader: 0, Current term: 1, Majority size: 2, State: 0, Mode: LEADER, active raft config: opid_index: 1304 OBSOLETE_local: false peers { permanent_uuid: "493be4abe83d46c1829e3d5cfc68a9de" member_type: VOTER last_known_addr { host: "127.23.135.129" port: 35559 } } peers { permanent_uuid: "c8a15b6a57804d05ada89b15de898a87" member_type: VOTER last_known_addr { host: "127.23.135.130" port: 40621 } } peers { permanent_uuid: "bccadedc7a11414384f1d4875bf49aaa" member_type: VOTER last_known_addr { host: "127.23.135.131" port: 46803 } } peers { permanent_uuid: "609fb788e999458bb50fe5ede9fbe320" member_type: NON_VOTER last_known_addr { host: "127.23.135.132" port: 45837 } attrs { promote: true } }
I0220 18:44:39.847733 25083 consensus_queue.cc:1005] T a7a069dabd5b4df28954b6833f23ab31 P bccadedc7a11414384f1d4875bf49aaa [LEADER]: Connected to new peer: Peer: permanent_uuid: "c8a15b6a57804d05ada89b15de898a87" member_type: VOTER last_known_addr { host: "127.23.135.130" port: 40621 }, Status: LMP_MISMATCH, Last received: 0.0, Next index: 1304, Last known committed idx: 1300, Time since last communication: 0.000s
W0220 18:44:39.847730 24433 consensus_peers.cc:472] T 116ca55e12164875ad0a87183fe531bc P bccadedc7a11414384f1d4875bf49aaa -> Peer 493be4abe83d46c1829e3d5cfc68a9de (127.23.135.129:35559): Couldn't send request to peer 493be4abe83d46c1829e3d5cfc68a9de. Status: Network error: Client connection negotiation failed: client connection to 127.23.135.129:35559: connect: Connection refused (error 111). This is attempt 1: this message will repeat every 5th retry.
W0220 18:44:39.847769 24433 consensus_peers.cc:472] T a7a069dabd5b4df28954b6833f23ab31 P bccadedc7a11414384f1d4875bf49aaa -> Peer 493be4abe83d46c1829e3d5cfc68a9de (127.23.135.129:35559): Couldn't send request to peer 493be4abe83d46c1829e3d5cfc68a9de. Status: Network error: Client connection negotiation failed: client connection to 127.23.135.129:35559: connect: Connection refused (error 111). This is attempt 1: this message will repeat every 5th retry.
I0220 18:44:39.848260 24497 consensus_queue.cc:229] T 827aa98f727b4da6a5015391b4da1960 P bccadedc7a11414384f1d4875bf49aaa [LEADER]: Queue going to LEADER mode. State: All replicated index: 0, Majority replicated index: 1303, Committed index: 1303, Last appended: 2.1303, Last appended by leader: 16, Current term: 2, Majority size: 2, State: 0, Mode: LEADER, active raft config: opid_index: 1304 OBSOLETE_local: false peers { permanent_uuid: "493be4abe83d46c1829e3d5cfc68a9de" member_type: VOTER last_known_addr { host: "127.23.135.129" port: 35559 } } peers { permanent_uuid: "c8a15b6a57804d05ada89b15de898a87" member_type: VOTER last_known_addr { host: "127.23.135.130" port: 40621 } } peers { permanent_uuid: "bccadedc7a11414384f1d4875bf49aaa" member_type: VOTER last_known_addr { host: "127.23.135.131" port: 46803 } } peers { permanent_uuid: "609fb788e999458bb50fe5ede9fbe320" member_type: NON_VOTER last_known_addr { host: "127.23.135.132" port: 45837 } attrs { promote: true } }
I0220 18:44:39.848476 24375 raft_consensus.cc:1210] T c0ca382ac98b46948b2b18c2d691a364 P c8a15b6a57804d05ada89b15de898a87 [term 1 FOLLOWER]: Refusing update from remote peer bccadedc7a11414384f1d4875bf49aaa: Log matching property violated. Preceding OpId in replica: term: 1 index: 1303. Preceding OpId from leader: term: 1 index: 1304. (index mismatch)
W0220 18:44:39.848575 24433 consensus_peers.cc:472] T c0ca382ac98b46948b2b18c2d691a364 P bccadedc7a11414384f1d4875bf49aaa -> Peer 493be4abe83d46c1829e3d5cfc68a9de (127.23.135.129:35559): Couldn't send request to peer 493be4abe83d46c1829e3d5cfc68a9de. Status: Network error: Client connection negotiation failed: client connection to 127.23.135.129:35559: connect: Connection refused (error 111). This is attempt 1: this message will repeat every 5th retry.
W0220 18:44:39.849407 24433 consensus_peers.cc:472] T 827aa98f727b4da6a5015391b4da1960 P bccadedc7a11414384f1d4875bf49aaa -> Peer 493be4abe83d46c1829e3d5cfc68a9de (127.23.135.129:35559): Couldn't send request to peer 493be4abe83d46c1829e3d5cfc68a9de. Status: Network error: Client connection negotiation failed: client connection to 127.23.135.129:35559: connect: Connection refused (error 111). This is attempt 1: this message will repeat every 5th retry.
I0220 18:44:39.850245 24375 raft_consensus.cc:1210] T 827aa98f727b4da6a5015391b4da1960 P c8a15b6a57804d05ada89b15de898a87 [term 2 FOLLOWER]: Refusing update from remote peer bccadedc7a11414384f1d4875bf49aaa: Log matching property violated. Preceding OpId in replica: term: 2 index: 1303. Preceding OpId from leader: term: 2 index: 1304. (index mismatch)
I0220 18:44:39.850267 25083 consensus_queue.cc:1005] T c0ca382ac98b46948b2b18c2d691a364 P bccadedc7a11414384f1d4875bf49aaa [LEADER]: Connected to new peer: Peer: permanent_uuid: "c8a15b6a57804d05ada89b15de898a87" member_type: VOTER last_known_addr { host: "127.23.135.130" port: 40621 }, Status: LMP_MISMATCH, Last received: 0.0, Next index: 1304, Last known committed idx: 1303, Time since last communication: 0.000s
I0220 18:44:39.850630 25072 raft_consensus.cc:2878] T 116ca55e12164875ad0a87183fe531bc P bccadedc7a11414384f1d4875bf49aaa [term 2 LEADER]: Committing config change with OpId 2.1305: config changed from index -1 to 1305, NON_VOTER 609fb788e999458bb50fe5ede9fbe320 (127.23.135.132) added. New config: { opid_index: 1305 OBSOLETE_local: false peers { permanent_uuid: "c8a15b6a57804d05ada89b15de898a87" member_type: VOTER last_known_addr { host: "127.23.135.130" port: 40621 } } peers { permanent_uuid: "bccadedc7a11414384f1d4875bf49aaa" member_type: VOTER last_known_addr { host: "127.23.135.131" port: 46803 } } peers { permanent_uuid: "493be4abe83d46c1829e3d5cfc68a9de" member_type: VOTER last_known_addr { host: "127.23.135.129" port: 35559 } } peers { permanent_uuid: "609fb788e999458bb50fe5ede9fbe320" member_type: NON_VOTER last_known_addr { host: "127.23.135.132" port: 45837 } attrs { promote: true } } }
I0220 18:44:39.853411 25083 consensus_queue.cc:1005] T 827aa98f727b4da6a5015391b4da1960 P bccadedc7a11414384f1d4875bf49aaa [LEADER]: Connected to new peer: Peer: permanent_uuid: "c8a15b6a57804d05ada89b15de898a87" member_type: VOTER last_known_addr { host: "127.23.135.130" port: 40621 }, Status: LMP_MISMATCH, Last received: 0.0, Next index: 1304, Last known committed idx: 1303, Time since last communication: 0.000s
I0220 18:44:39.853762 24375 raft_consensus.cc:2878] T 116ca55e12164875ad0a87183fe531bc P c8a15b6a57804d05ada89b15de898a87 [term 2 FOLLOWER]: Committing config change with OpId 2.1305: config changed from index -1 to 1305, NON_VOTER 609fb788e999458bb50fe5ede9fbe320 (127.23.135.132) added. New config: { opid_index: 1305 OBSOLETE_local: false peers { permanent_uuid: "c8a15b6a57804d05ada89b15de898a87" member_type: VOTER last_known_addr { host: "127.23.135.130" port: 40621 } } peers { permanent_uuid: "bccadedc7a11414384f1d4875bf49aaa" member_type: VOTER last_known_addr { host: "127.23.135.131" port: 46803 } } peers { permanent_uuid: "493be4abe83d46c1829e3d5cfc68a9de" member_type: VOTER last_known_addr { host: "127.23.135.129" port: 35559 } } peers { permanent_uuid: "609fb788e999458bb50fe5ede9fbe320" member_type: NON_VOTER last_known_addr { host: "127.23.135.132" port: 45837 } attrs { promote: true } } }
I0220 18:44:39.854040 25081 raft_consensus.cc:2878] T a7a069dabd5b4df28954b6833f23ab31 P bccadedc7a11414384f1d4875bf49aaa [term 1 LEADER]: Committing config change with OpId 1.1304: config changed from index -1 to 1304, NON_VOTER 609fb788e999458bb50fe5ede9fbe320 (127.23.135.132) added. New config: { opid_index: 1304 OBSOLETE_local: false peers { permanent_uuid: "c8a15b6a57804d05ada89b15de898a87" member_type: VOTER last_known_addr { host: "127.23.135.130" port: 40621 } } peers { permanent_uuid: "493be4abe83d46c1829e3d5cfc68a9de" member_type: VOTER last_known_addr { host: "127.23.135.129" port: 35559 } } peers { permanent_uuid: "bccadedc7a11414384f1d4875bf49aaa" member_type: VOTER last_known_addr { host: "127.23.135.131" port: 46803 } } peers { permanent_uuid: "609fb788e999458bb50fe5ede9fbe320" member_type: NON_VOTER last_known_addr { host: "127.23.135.132" port: 45837 } attrs { promote: true } } }
W0220 18:44:39.854511 24432 consensus_peers.cc:472] T 116ca55e12164875ad0a87183fe531bc P bccadedc7a11414384f1d4875bf49aaa -> Peer 609fb788e999458bb50fe5ede9fbe320 (127.23.135.132:45837): Couldn't send request to peer 609fb788e999458bb50fe5ede9fbe320. Error code: TABLET_NOT_FOUND (6). Status: Not found: Tablet not found: 116ca55e12164875ad0a87183fe531bc. This is attempt 1: this message will repeat every 5th retry.
W0220 18:44:39.854696 24432 consensus_peers.cc:472] T a7a069dabd5b4df28954b6833f23ab31 P bccadedc7a11414384f1d4875bf49aaa -> Peer 609fb788e999458bb50fe5ede9fbe320 (127.23.135.132:45837): Couldn't send request to peer 609fb788e999458bb50fe5ede9fbe320. Error code: TABLET_NOT_FOUND (6). Status: Not found: Tablet not found: a7a069dabd5b4df28954b6833f23ab31. This is attempt 1: this message will repeat every 5th retry.
I0220 18:44:39.855265 24376 raft_consensus.cc:2878] T a7a069dabd5b4df28954b6833f23ab31 P c8a15b6a57804d05ada89b15de898a87 [term 1 FOLLOWER]: Committing config change with OpId 1.1304: config changed from index -1 to 1304, NON_VOTER 609fb788e999458bb50fe5ede9fbe320 (127.23.135.132) added. New config: { opid_index: 1304 OBSOLETE_local: false peers { permanent_uuid: "c8a15b6a57804d05ada89b15de898a87" member_type: VOTER last_known_addr { host: "127.23.135.130" port: 40621 } } peers { permanent_uuid: "493be4abe83d46c1829e3d5cfc68a9de" member_type: VOTER last_known_addr { host: "127.23.135.129" port: 35559 } } peers { permanent_uuid: "bccadedc7a11414384f1d4875bf49aaa" member_type: VOTER last_known_addr { host: "127.23.135.131" port: 46803 } } peers { permanent_uuid: "609fb788e999458bb50fe5ede9fbe320" member_type: NON_VOTER last_known_addr { host: "127.23.135.132" port: 45837 } attrs { promote: true } } }
W0220 18:44:39.856313 24432 consensus_peers.cc:472] T c0ca382ac98b46948b2b18c2d691a364 P bccadedc7a11414384f1d4875bf49aaa -> Peer 609fb788e999458bb50fe5ede9fbe320 (127.23.135.132:45837): Couldn't send request to peer 609fb788e999458bb50fe5ede9fbe320. Error code: TABLET_NOT_FOUND (6). Status: Not found: Tablet not found: c0ca382ac98b46948b2b18c2d691a364. This is attempt 1: this message will repeat every 5th retry.
W0220 18:44:39.856475 24432 consensus_peers.cc:472] T 827aa98f727b4da6a5015391b4da1960 P bccadedc7a11414384f1d4875bf49aaa -> Peer 609fb788e999458bb50fe5ede9fbe320 (127.23.135.132:45837): Couldn't send request to peer 609fb788e999458bb50fe5ede9fbe320. Error code: TABLET_NOT_FOUND (6). Status: Not found: Tablet not found: 827aa98f727b4da6a5015391b4da1960. This is attempt 1: this message will repeat every 5th retry.
I0220 18:44:39.856946 25098 raft_consensus.cc:2878] T 827aa98f727b4da6a5015391b4da1960 P bccadedc7a11414384f1d4875bf49aaa [term 2 LEADER]: Committing config change with OpId 2.1304: config changed from index -1 to 1304, NON_VOTER 609fb788e999458bb50fe5ede9fbe320 (127.23.135.132) added. New config: { opid_index: 1304 OBSOLETE_local: false peers { permanent_uuid: "493be4abe83d46c1829e3d5cfc68a9de" member_type: VOTER last_known_addr { host: "127.23.135.129" port: 35559 } } peers { permanent_uuid: "c8a15b6a57804d05ada89b15de898a87" member_type: VOTER last_known_addr { host: "127.23.135.130" port: 40621 } } peers { permanent_uuid: "bccadedc7a11414384f1d4875bf49aaa" member_type: VOTER last_known_addr { host: "127.23.135.131" port: 46803 } } peers { permanent_uuid: "609fb788e999458bb50fe5ede9fbe320" member_type: NON_VOTER last_known_addr { host: "127.23.135.132" port: 45837 } attrs { promote: true } } }
I0220 18:44:39.857241 24374 raft_consensus.cc:2878] T 827aa98f727b4da6a5015391b4da1960 P c8a15b6a57804d05ada89b15de898a87 [term 2 FOLLOWER]: Committing config change with OpId 2.1304: config changed from index -1 to 1304, NON_VOTER 609fb788e999458bb50fe5ede9fbe320 (127.23.135.132) added. New config: { opid_index: 1304 OBSOLETE_local: false peers { permanent_uuid: "493be4abe83d46c1829e3d5cfc68a9de" member_type: VOTER last_known_addr { host: "127.23.135.129" port: 35559 } } peers { permanent_uuid: "c8a15b6a57804d05ada89b15de898a87" member_type: VOTER last_known_addr { host: "127.23.135.130" port: 40621 } } peers { permanent_uuid: "bccadedc7a11414384f1d4875bf49aaa" member_type: VOTER last_known_addr { host: "127.23.135.131" port: 46803 } } peers { permanent_uuid: "609fb788e999458bb50fe5ede9fbe320" member_type: NON_VOTER last_known_addr { host: "127.23.135.132" port: 45837 } attrs { promote: true } } }
I0220 18:44:39.857411 25084 raft_consensus.cc:2878] T c0ca382ac98b46948b2b18c2d691a364 P bccadedc7a11414384f1d4875bf49aaa [term 1 LEADER]: Committing config change with OpId 1.1304: config changed from index -1 to 1304, NON_VOTER 609fb788e999458bb50fe5ede9fbe320 (127.23.135.132) added. New config: { opid_index: 1304 OBSOLETE_local: false peers { permanent_uuid: "493be4abe83d46c1829e3d5cfc68a9de" member_type: VOTER last_known_addr { host: "127.23.135.129" port: 35559 } } peers { permanent_uuid: "c8a15b6a57804d05ada89b15de898a87" member_type: VOTER last_known_addr { host: "127.23.135.130" port: 40621 } } peers { permanent_uuid: "bccadedc7a11414384f1d4875bf49aaa" member_type: VOTER last_known_addr { host: "127.23.135.131" port: 46803 } } peers { permanent_uuid: "609fb788e999458bb50fe5ede9fbe320" member_type: NON_VOTER last_known_addr { host: "127.23.135.132" port: 45837 } attrs { promote: true } } }
I0220 18:44:39.858060 24373 raft_consensus.cc:2878] T c0ca382ac98b46948b2b18c2d691a364 P c8a15b6a57804d05ada89b15de898a87 [term 1 FOLLOWER]: Committing config change with OpId 1.1304: config changed from index -1 to 1304, NON_VOTER 609fb788e999458bb50fe5ede9fbe320 (127.23.135.132) added. New config: { opid_index: 1304 OBSOLETE_local: false peers { permanent_uuid: "493be4abe83d46c1829e3d5cfc68a9de" member_type: VOTER last_known_addr { host: "127.23.135.129" port: 35559 } } peers { permanent_uuid: "c8a15b6a57804d05ada89b15de898a87" member_type: VOTER last_known_addr { host: "127.23.135.130" port: 40621 } } peers { permanent_uuid: "bccadedc7a11414384f1d4875bf49aaa" member_type: VOTER last_known_addr { host: "127.23.135.131" port: 46803 } } peers { permanent_uuid: "609fb788e999458bb50fe5ede9fbe320" member_type: NON_VOTER last_known_addr { host: "127.23.135.132" port: 45837 } attrs { promote: true } } }
I0220 18:44:39.905639 25116 ts_tablet_manager.cc:720] T 2ca7a33c93d548f49d2a4b1eeca470ca P 609fb788e999458bb50fe5ede9fbe320: Initiating tablet copy from peer c8a15b6a57804d05ada89b15de898a87 (127.23.135.130:40621)
I0220 18:44:39.905910 25116 tablet_copy_client.cc:244] T 2ca7a33c93d548f49d2a4b1eeca470ca P 609fb788e999458bb50fe5ede9fbe320: tablet copy: Beginning tablet copy session from remote peer at address 127.23.135.130:40621
I0220 18:44:39.909715 24397 tablet_copy_service.cc:135] P c8a15b6a57804d05ada89b15de898a87: Received BeginTabletCopySession request for tablet 2ca7a33c93d548f49d2a4b1eeca470ca from peer 609fb788e999458bb50fe5ede9fbe320 ({username='slave'} at 127.23.135.132:58407)
I0220 18:44:39.909796 24397 tablet_copy_service.cc:156] P c8a15b6a57804d05ada89b15de898a87: Beginning new tablet copy session on tablet 2ca7a33c93d548f49d2a4b1eeca470ca from peer 609fb788e999458bb50fe5ede9fbe320 at {username='slave'} at 127.23.135.132:58407: session id = 609fb788e999458bb50fe5ede9fbe320-2ca7a33c93d548f49d2a4b1eeca470ca
I0220 18:44:39.910815 24397 tablet_copy_source_session.cc:204] T 2ca7a33c93d548f49d2a4b1eeca470ca P c8a15b6a57804d05ada89b15de898a87: Tablet Copy: opened 0 blocks and 1 log segments
I0220 18:44:39.913719 25116 data_dirs.cc:394] Could only allocate 1 dirs of requested 3 for tablet 2ca7a33c93d548f49d2a4b1eeca470ca. 1 dirs total, 0 dirs full, 0 dirs failed
I0220 18:44:39.918098 25116 tablet_copy_client.cc:580] T 2ca7a33c93d548f49d2a4b1eeca470ca P 609fb788e999458bb50fe5ede9fbe320: tablet copy: Starting download of 0 data blocks...
I0220 18:44:39.918223 25116 tablet_copy_client.cc:543] T 2ca7a33c93d548f49d2a4b1eeca470ca P 609fb788e999458bb50fe5ede9fbe320: tablet copy: Starting download of 1 WAL segments...
I0220 18:44:39.918680 25118 ts_tablet_manager.cc:720] T c5b2eb9c654f49df828ad8a096c62921 P 609fb788e999458bb50fe5ede9fbe320: Initiating tablet copy from peer c8a15b6a57804d05ada89b15de898a87 (127.23.135.130:40621)
I0220 18:44:39.918785 25118 tablet_copy_client.cc:244] T c5b2eb9c654f49df828ad8a096c62921 P 609fb788e999458bb50fe5ede9fbe320: tablet copy: Beginning tablet copy session from remote peer at address 127.23.135.130:40621
I0220 18:44:39.919251 24396 tablet_copy_service.cc:135] P c8a15b6a57804d05ada89b15de898a87: Received BeginTabletCopySession request for tablet c5b2eb9c654f49df828ad8a096c62921 from peer 609fb788e999458bb50fe5ede9fbe320 ({username='slave'} at 127.23.135.132:58407)
I0220 18:44:39.919324 24396 tablet_copy_service.cc:156] P c8a15b6a57804d05ada89b15de898a87: Beginning new tablet copy session on tablet c5b2eb9c654f49df828ad8a096c62921 from peer 609fb788e999458bb50fe5ede9fbe320 at {username='slave'} at 127.23.135.132:58407: session id = 609fb788e999458bb50fe5ede9fbe320-c5b2eb9c654f49df828ad8a096c62921
I0220 18:44:39.922818 25116 tablet_copy_client.cc:421] T 2ca7a33c93d548f49d2a4b1eeca470ca P 609fb788e999458bb50fe5ede9fbe320: tablet copy: Tablet Copy complete. Replacing tablet superblock.
I0220 18:44:39.929735 24842 catalog_manager.cc:4173] T c5b2eb9c654f49df828ad8a096c62921 P bccadedc7a11414384f1d4875bf49aaa reported cstate change: config changed from index -1 to 1303, NON_VOTER 609fb788e999458bb50fe5ede9fbe320 (127.23.135.132) added. New cstate: current_term: 1 leader_uuid: "c8a15b6a57804d05ada89b15de898a87" committed_config { opid_index: 1303 OBSOLETE_local: false peers { permanent_uuid: "493be4abe83d46c1829e3d5cfc68a9de" member_type: VOTER last_known_addr { host: "127.23.135.129" port: 35559 } } peers { permanent_uuid: "c8a15b6a57804d05ada89b15de898a87" member_type: VOTER last_known_addr { host: "127.23.135.130" port: 40621 } } peers { permanent_uuid: "bccadedc7a11414384f1d4875bf49aaa" member_type: VOTER last_known_addr { host: "127.23.135.131" port: 46803 } } peers { permanent_uuid: "609fb788e999458bb50fe5ede9fbe320" member_type: NON_VOTER last_known_addr { host: "127.23.135.132" port: 45837 } attrs { promote: true } } }
I0220 18:44:39.929935 24842 catalog_manager.cc:4173] T 116ca55e12164875ad0a87183fe531bc P bccadedc7a11414384f1d4875bf49aaa reported cstate change: config changed from index -1 to 1305, NON_VOTER 609fb788e999458bb50fe5ede9fbe320 (127.23.135.132) added. New cstate: current_term: 2 leader_uuid: "bccadedc7a11414384f1d4875bf49aaa" committed_config { opid_index: 1305 OBSOLETE_local: false peers { permanent_uuid: "c8a15b6a57804d05ada89b15de898a87" member_type: VOTER last_known_addr { host: "127.23.135.130" port: 40621 } health_report { overall_health: HEALTHY } } peers { permanent_uuid: "bccadedc7a11414384f1d4875bf49aaa" member_type: VOTER last_known_addr { host: "127.23.135.131" port: 46803 } health_report { overall_health: HEALTHY } } peers { permanent_uuid: "493be4abe83d46c1829e3d5cfc68a9de" member_type: VOTER last_known_addr { host: "127.23.135.129" port: 35559 } health_report { overall_health: UNKNOWN } } peers { permanent_uuid: "609fb788e999458bb50fe5ede9fbe320" member_type: NON_VOTER last_known_addr { host: "127.23.135.132" port: 45837 } attrs { promote: true } health_report { overall_health: UNKNOWN } } }
I0220 18:44:39.930634 24828 catalog_manager.cc:3709] ChangeConfig:ADD_PEER:NON_VOTER RPC for tablet c5b2eb9c654f49df828ad8a096c62921 with cas_config_opid_index -1: ChangeConfig:ADD_PEER:NON_VOTER succeeded (attempt 1)
I0220 18:44:39.930742 24396 tablet_copy_source_session.cc:204] T c5b2eb9c654f49df828ad8a096c62921 P c8a15b6a57804d05ada89b15de898a87: Tablet Copy: opened 0 blocks and 1 log segments
I0220 18:44:39.932072 25116 tablet_bootstrap.cc:441] T 2ca7a33c93d548f49d2a4b1eeca470ca P 609fb788e999458bb50fe5ede9fbe320: Bootstrap starting.
I0220 18:44:39.935379 24828 catalog_manager.cc:3709] ChangeConfig:ADD_PEER:NON_VOTER RPC for tablet 116ca55e12164875ad0a87183fe531bc with cas_config_opid_index -1: ChangeConfig:ADD_PEER:NON_VOTER succeeded (attempt 1)
I0220 18:44:39.938042 24846 catalog_manager.cc:4173] T a7a069dabd5b4df28954b6833f23ab31 P c8a15b6a57804d05ada89b15de898a87 reported cstate change: config changed from index -1 to 1304, NON_VOTER 609fb788e999458bb50fe5ede9fbe320 (127.23.135.132) added. New cstate: current_term: 1 leader_uuid: "bccadedc7a11414384f1d4875bf49aaa" committed_config { opid_index: 1304 OBSOLETE_local: false peers { permanent_uuid: "c8a15b6a57804d05ada89b15de898a87" member_type: VOTER last_known_addr { host: "127.23.135.130" port: 40621 } } peers { permanent_uuid: "493be4abe83d46c1829e3d5cfc68a9de" member_type: VOTER last_known_addr { host: "127.23.135.129" port: 35559 } } peers { permanent_uuid: "bccadedc7a11414384f1d4875bf49aaa" member_type: VOTER last_known_addr { host: "127.23.135.131" port: 46803 } } peers { permanent_uuid: "609fb788e999458bb50fe5ede9fbe320" member_type: NON_VOTER last_known_addr { host: "127.23.135.132" port: 45837 } attrs { promote: true } } }
I0220 18:44:39.938197 24846 catalog_manager.cc:4173] T 827aa98f727b4da6a5015391b4da1960 P c8a15b6a57804d05ada89b15de898a87 reported cstate change: config changed from index -1 to 1304, NON_VOTER 609fb788e999458bb50fe5ede9fbe320 (127.23.135.132) added. New cstate: current_term: 2 leader_uuid: "bccadedc7a11414384f1d4875bf49aaa" committed_config { opid_index: 1304 OBSOLETE_local: false peers { permanent_uuid: "493be4abe83d46c1829e3d5cfc68a9de" member_type: VOTER last_known_addr { host: "127.23.135.129" port: 35559 } } peers { permanent_uuid: "c8a15b6a57804d05ada89b15de898a87" member_type: VOTER last_known_addr { host: "127.23.135.130" port: 40621 } } peers { permanent_uuid: "bccadedc7a11414384f1d4875bf49aaa" member_type: VOTER last_known_addr { host: "127.23.135.131" port: 46803 } } peers { permanent_uuid: "609fb788e999458bb50fe5ede9fbe320" member_type: NON_VOTER last_known_addr { host: "127.23.135.132" port: 45837 } attrs { promote: true } } }
I0220 18:44:39.941776 25118 data_dirs.cc:394] Could only allocate 1 dirs of requested 3 for tablet c5b2eb9c654f49df828ad8a096c62921. 1 dirs total, 0 dirs full, 0 dirs failed
I0220 18:44:39.944320 25118 tablet_copy_client.cc:580] T c5b2eb9c654f49df828ad8a096c62921 P 609fb788e999458bb50fe5ede9fbe320: tablet copy: Starting download of 0 data blocks...
I0220 18:44:39.944541 25118 tablet_copy_client.cc:543] T c5b2eb9c654f49df828ad8a096c62921 P 609fb788e999458bb50fe5ede9fbe320: tablet copy: Starting download of 1 WAL segments...
I0220 18:44:39.947279 25118 tablet_copy_client.cc:421] T c5b2eb9c654f49df828ad8a096c62921 P 609fb788e999458bb50fe5ede9fbe320: tablet copy: Tablet Copy complete. Replacing tablet superblock.
I0220 18:44:39.948977 25119 ts_tablet_manager.cc:720] T a7a069dabd5b4df28954b6833f23ab31 P 609fb788e999458bb50fe5ede9fbe320: Initiating tablet copy from peer bccadedc7a11414384f1d4875bf49aaa (127.23.135.131:46803)
I0220 18:44:39.950703 25119 tablet_copy_client.cc:244] T a7a069dabd5b4df28954b6833f23ab31 P 609fb788e999458bb50fe5ede9fbe320: tablet copy: Beginning tablet copy session from remote peer at address 127.23.135.131:46803
I0220 18:44:39.958348 24521 tablet_copy_service.cc:135] P bccadedc7a11414384f1d4875bf49aaa: Received BeginTabletCopySession request for tablet a7a069dabd5b4df28954b6833f23ab31 from peer 609fb788e999458bb50fe5ede9fbe320 ({username='slave'} at 127.23.135.132:60685)
I0220 18:44:39.958433 24521 tablet_copy_service.cc:156] P bccadedc7a11414384f1d4875bf49aaa: Beginning new tablet copy session on tablet a7a069dabd5b4df28954b6833f23ab31 from peer 609fb788e999458bb50fe5ede9fbe320 at {username='slave'} at 127.23.135.132:60685: session id = 609fb788e999458bb50fe5ede9fbe320-a7a069dabd5b4df28954b6833f23ab31
I0220 18:44:39.959805 25120 ts_tablet_manager.cc:720] T c0ca382ac98b46948b2b18c2d691a364 P 609fb788e999458bb50fe5ede9fbe320: Initiating tablet copy from peer bccadedc7a11414384f1d4875bf49aaa (127.23.135.131:46803)
I0220 18:44:39.959987 25120 tablet_copy_client.cc:244] T c0ca382ac98b46948b2b18c2d691a364 P 609fb788e999458bb50fe5ede9fbe320: tablet copy: Beginning tablet copy session from remote peer at address 127.23.135.131:46803
I0220 18:44:39.961061 24520 tablet_copy_service.cc:135] P bccadedc7a11414384f1d4875bf49aaa: Received BeginTabletCopySession request for tablet c0ca382ac98b46948b2b18c2d691a364 from peer 609fb788e999458bb50fe5ede9fbe320 ({username='slave'} at 127.23.135.132:60685)
I0220 18:44:39.961278 24520 tablet_copy_service.cc:156] P bccadedc7a11414384f1d4875bf49aaa: Beginning new tablet copy session on tablet c0ca382ac98b46948b2b18c2d691a364 from peer 609fb788e999458bb50fe5ede9fbe320 at {username='slave'} at 127.23.135.132:60685: session id = 609fb788e999458bb50fe5ede9fbe320-c0ca382ac98b46948b2b18c2d691a364
I0220 18:44:39.963773 25121 ts_tablet_manager.cc:720] T 827aa98f727b4da6a5015391b4da1960 P 609fb788e999458bb50fe5ede9fbe320: Initiating tablet copy from peer bccadedc7a11414384f1d4875bf49aaa (127.23.135.131:46803)
I0220 18:44:39.963877 25121 tablet_copy_client.cc:244] T 827aa98f727b4da6a5015391b4da1960 P 609fb788e999458bb50fe5ede9fbe320: tablet copy: Beginning tablet copy session from remote peer at address 127.23.135.131:46803
I0220 18:44:39.964288 24519 tablet_copy_service.cc:135] P bccadedc7a11414384f1d4875bf49aaa: Received BeginTabletCopySession request for tablet 827aa98f727b4da6a5015391b4da1960 from peer 609fb788e999458bb50fe5ede9fbe320 ({username='slave'} at 127.23.135.132:60685)
I0220 18:44:39.964331 24519 tablet_copy_service.cc:156] P bccadedc7a11414384f1d4875bf49aaa: Beginning new tablet copy session on tablet 827aa98f727b4da6a5015391b4da1960 from peer 609fb788e999458bb50fe5ede9fbe320 at {username='slave'} at 127.23.135.132:60685: session id = 609fb788e999458bb50fe5ede9fbe320-827aa98f727b4da6a5015391b4da1960
I0220 18:44:39.967803 25122 ts_tablet_manager.cc:720] T 116ca55e12164875ad0a87183fe531bc P 609fb788e999458bb50fe5ede9fbe320: Initiating tablet copy from peer bccadedc7a11414384f1d4875bf49aaa (127.23.135.131:46803)
I0220 18:44:39.967916 25122 tablet_copy_client.cc:244] T 116ca55e12164875ad0a87183fe531bc P 609fb788e999458bb50fe5ede9fbe320: tablet copy: Beginning tablet copy session from remote peer at address 127.23.135.131:46803
I0220 18:44:39.968407 24518 tablet_copy_service.cc:135] P bccadedc7a11414384f1d4875bf49aaa: Received BeginTabletCopySession request for tablet 116ca55e12164875ad0a87183fe531bc from peer 609fb788e999458bb50fe5ede9fbe320 ({username='slave'} at 127.23.135.132:60685)
I0220 18:44:39.968457 24518 tablet_copy_service.cc:156] P bccadedc7a11414384f1d4875bf49aaa: Beginning new tablet copy session on tablet 116ca55e12164875ad0a87183fe531bc from peer 609fb788e999458bb50fe5ede9fbe320 at {username='slave'} at 127.23.135.132:60685: session id = 609fb788e999458bb50fe5ede9fbe320-116ca55e12164875ad0a87183fe531bc
I0220 18:44:39.969107 24518 tablet_copy_source_session.cc:204] T 116ca55e12164875ad0a87183fe531bc P bccadedc7a11414384f1d4875bf49aaa: Tablet Copy: opened 0 blocks and 1 log segments
I0220 18:44:40.019332 25116 log.cc:828] T 2ca7a33c93d548f49d2a4b1eeca470ca P 609fb788e999458bb50fe5ede9fbe320: Log is configured to *not* fsync() on all Append() calls
I0220 18:44:40.021832 24521 tablet_copy_source_session.cc:204] T a7a069dabd5b4df28954b6833f23ab31 P bccadedc7a11414384f1d4875bf49aaa: Tablet Copy: opened 0 blocks and 1 log segments
I0220 18:44:40.022193 24519 tablet_copy_source_session.cc:204] T 827aa98f727b4da6a5015391b4da1960 P bccadedc7a11414384f1d4875bf49aaa: Tablet Copy: opened 0 blocks and 1 log segments
I0220 18:44:40.022785 24520 tablet_copy_source_session.cc:204] T c0ca382ac98b46948b2b18c2d691a364 P bccadedc7a11414384f1d4875bf49aaa: Tablet Copy: opened 0 blocks and 1 log segments
I0220 18:44:40.024022 24828 catalog_manager.cc:3709] ChangeConfig:ADD_PEER:NON_VOTER RPC for tablet a7a069dabd5b4df28954b6833f23ab31 with cas_config_opid_index -1: ChangeConfig:ADD_PEER:NON_VOTER succeeded (attempt 1)
I0220 18:44:40.024163 24828 catalog_manager.cc:3709] ChangeConfig:ADD_PEER:NON_VOTER RPC for tablet 827aa98f727b4da6a5015391b4da1960 with cas_config_opid_index -1: ChangeConfig:ADD_PEER:NON_VOTER succeeded (attempt 1)
I0220 18:44:40.024248 24828 catalog_manager.cc:3709] ChangeConfig:ADD_PEER:NON_VOTER RPC for tablet c0ca382ac98b46948b2b18c2d691a364 with cas_config_opid_index -1: ChangeConfig:ADD_PEER:NON_VOTER succeeded (attempt 1)
I0220 18:44:40.024631 25121 data_dirs.cc:394] Could only allocate 1 dirs of requested 3 for tablet 827aa98f727b4da6a5015391b4da1960. 1 dirs total, 0 dirs full, 0 dirs failed
I0220 18:44:40.026578 25121 tablet_copy_client.cc:580] T 827aa98f727b4da6a5015391b4da1960 P 609fb788e999458bb50fe5ede9fbe320: tablet copy: Starting download of 0 data blocks...
I0220 18:44:40.026669 25121 tablet_copy_client.cc:543] T 827aa98f727b4da6a5015391b4da1960 P 609fb788e999458bb50fe5ede9fbe320: tablet copy: Starting download of 1 WAL segments...
I0220 18:44:40.027083 25120 data_dirs.cc:394] Could only allocate 1 dirs of requested 3 for tablet c0ca382ac98b46948b2b18c2d691a364. 1 dirs total, 0 dirs full, 0 dirs failed
I0220 18:44:40.027998 25119 data_dirs.cc:394] Could only allocate 1 dirs of requested 3 for tablet a7a069dabd5b4df28954b6833f23ab31. 1 dirs total, 0 dirs full, 0 dirs failed
I0220 18:44:40.028400 24842 catalog_manager.cc:4173] T c0ca382ac98b46948b2b18c2d691a364 P bccadedc7a11414384f1d4875bf49aaa reported cstate change: config changed from index -1 to 1304, NON_VOTER 609fb788e999458bb50fe5ede9fbe320 (127.23.135.132) added. New cstate: current_term: 1 leader_uuid: "bccadedc7a11414384f1d4875bf49aaa" committed_config { opid_index: 1304 OBSOLETE_local: false peers { permanent_uuid: "493be4abe83d46c1829e3d5cfc68a9de" member_type: VOTER last_known_addr { host: "127.23.135.129" port: 35559 } health_report { overall_health: UNKNOWN } } peers { permanent_uuid: "c8a15b6a57804d05ada89b15de898a87" member_type: VOTER last_known_addr { host: "127.23.135.130" port: 40621 } health_report { overall_health: HEALTHY } } peers { permanent_uuid: "bccadedc7a11414384f1d4875bf49aaa" member_type: VOTER last_known_addr { host: "127.23.135.131" port: 46803 } health_report { overall_health: HEALTHY } } peers { permanent_uuid: "609fb788e999458bb50fe5ede9fbe320" member_type: NON_VOTER last_known_addr { host: "127.23.135.132" port: 45837 } attrs { promote: true } health_report { overall_health: UNKNOWN } } }
I0220 18:44:40.029186 25120 tablet_copy_client.cc:580] T c0ca382ac98b46948b2b18c2d691a364 P 609fb788e999458bb50fe5ede9fbe320: tablet copy: Starting download of 0 data blocks...
I0220 18:44:40.029269 25120 tablet_copy_client.cc:543] T c0ca382ac98b46948b2b18c2d691a364 P 609fb788e999458bb50fe5ede9fbe320: tablet copy: Starting download of 1 WAL segments...
I0220 18:44:40.029687 25119 tablet_copy_client.cc:580] T a7a069dabd5b4df28954b6833f23ab31 P 609fb788e999458bb50fe5ede9fbe320: tablet copy: Starting download of 0 data blocks...
I0220 18:44:40.029783 25119 tablet_copy_client.cc:543] T a7a069dabd5b4df28954b6833f23ab31 P 609fb788e999458bb50fe5ede9fbe320: tablet copy: Starting download of 1 WAL segments...
I0220 18:44:40.030092 25122 data_dirs.cc:394] Could only allocate 1 dirs of requested 3 for tablet 116ca55e12164875ad0a87183fe531bc. 1 dirs total, 0 dirs full, 0 dirs failed
I0220 18:44:40.035763 25118 tablet_bootstrap.cc:441] T c5b2eb9c654f49df828ad8a096c62921 P 609fb788e999458bb50fe5ede9fbe320: Bootstrap starting.
I0220 18:44:40.039685 25122 tablet_copy_client.cc:580] T 116ca55e12164875ad0a87183fe531bc P 609fb788e999458bb50fe5ede9fbe320: tablet copy: Starting download of 0 data blocks...
I0220 18:44:40.040042 25122 tablet_copy_client.cc:543] T 116ca55e12164875ad0a87183fe531bc P 609fb788e999458bb50fe5ede9fbe320: tablet copy: Starting download of 1 WAL segments...
I0220 18:44:40.047578 25120 tablet_copy_client.cc:421] T c0ca382ac98b46948b2b18c2d691a364 P 609fb788e999458bb50fe5ede9fbe320: tablet copy: Tablet Copy complete. Replacing tablet superblock.
I0220 18:44:40.048687 25121 tablet_copy_client.cc:421] T 827aa98f727b4da6a5015391b4da1960 P 609fb788e999458bb50fe5ede9fbe320: tablet copy: Tablet Copy complete. Replacing tablet superblock.
I0220 18:44:40.050959 25119 tablet_copy_client.cc:421] T a7a069dabd5b4df28954b6833f23ab31 P 609fb788e999458bb50fe5ede9fbe320: tablet copy: Tablet Copy complete. Replacing tablet superblock.
I0220 18:44:40.051757 25122 tablet_copy_client.cc:421] T 116ca55e12164875ad0a87183fe531bc P 609fb788e999458bb50fe5ede9fbe320: tablet copy: Tablet Copy complete. Replacing tablet superblock.
I0220 18:44:40.118793 25120 tablet_bootstrap.cc:441] T c0ca382ac98b46948b2b18c2d691a364 P 609fb788e999458bb50fe5ede9fbe320: Bootstrap starting.
W0220 18:44:40.212414 24622 log.cc:921] Time spent T c5b2eb9c654f49df828ad8a096c62921 P bccadedc7a11414384f1d4875bf49aaa: Append to log took a long time: real 0.069s user 0.000s sys 0.000s
W0220 18:44:40.212435 24616 log.cc:921] Time spent T 116ca55e12164875ad0a87183fe531bc P bccadedc7a11414384f1d4875bf49aaa: Append to log took a long time: real 0.080s user 0.000s sys 0.000s
W0220 18:44:40.212512 24640 log.cc:921] Time spent T 827aa98f727b4da6a5015391b4da1960 P c8a15b6a57804d05ada89b15de898a87: Append to log took a long time: real 0.081s user 0.000s sys 0.000s
W0220 18:44:40.212524 24777 log.cc:921] Time spent T 2ca7a33c93d548f49d2a4b1eeca470ca P c8a15b6a57804d05ada89b15de898a87: Append to log took a long time: real 0.075s user 0.000s sys 0.000s
W0220 18:44:40.236903 24601 log.cc:921] Time spent T c5b2eb9c654f49df828ad8a096c62921 P c8a15b6a57804d05ada89b15de898a87: Append to log took a long time: real 0.099s user 0.000s sys 0.000s
W0220 18:44:40.236935 24615 log.cc:921] Time spent T 116ca55e12164875ad0a87183fe531bc P c8a15b6a57804d05ada89b15de898a87: Append to log took a long time: real 0.105s user 0.000s sys 0.000s
W0220 18:44:40.237219 24630 log.cc:921] Time spent T a7a069dabd5b4df28954b6833f23ab31 P c8a15b6a57804d05ada89b15de898a87: Append to log took a long time: real 0.099s user 0.000s sys 0.000s
W0220 18:44:40.237458 24635 log.cc:921] Time spent T 827aa98f727b4da6a5015391b4da1960 P bccadedc7a11414384f1d4875bf49aaa: Append to log took a long time: real 0.098s user 0.000s sys 0.000s
I0220 18:44:40.237684 25121 tablet_bootstrap.cc:441] T 827aa98f727b4da6a5015391b4da1960 P 609fb788e999458bb50fe5ede9fbe320: Bootstrap starting.
W0220 18:44:40.238165 24613 log.cc:921] Time spent T c0ca382ac98b46948b2b18c2d691a364 P c8a15b6a57804d05ada89b15de898a87: Append to log took a long time: real 0.102s user 0.000s sys 0.000s
W0220 18:44:40.238404 24597 log.cc:921] Time spent T a7a069dabd5b4df28954b6833f23ab31 P bccadedc7a11414384f1d4875bf49aaa: Append to log took a long time: real 0.106s user 0.000s sys 0.000s
I0220 18:44:40.238904 25122 tablet_bootstrap.cc:441] T 116ca55e12164875ad0a87183fe531bc P 609fb788e999458bb50fe5ede9fbe320: Bootstrap starting.
W0220 18:44:40.239081 24593 log.cc:921] Time spent T c0ca382ac98b46948b2b18c2d691a364 P bccadedc7a11414384f1d4875bf49aaa: Append to log took a long time: real 0.107s user 0.000s sys 0.000s
W0220 18:44:40.239873 24783 log.cc:921] Time spent T 2ca7a33c93d548f49d2a4b1eeca470ca P bccadedc7a11414384f1d4875bf49aaa: Append to log took a long time: real 0.104s user 0.000s sys 0.000s
I0220 18:44:40.240898 25119 tablet_bootstrap.cc:441] T a7a069dabd5b4df28954b6833f23ab31 P 609fb788e999458bb50fe5ede9fbe320: Bootstrap starting.
W0220 18:44:40.245575 25116 log.cc:921] Time spent T 2ca7a33c93d548f49d2a4b1eeca470ca P 609fb788e999458bb50fe5ede9fbe320: Append to log took a long time: real 0.100s user 0.000s sys 0.000s
W0220 18:44:40.312494 24433 consensus_peers.cc:472] T c0ca382ac98b46948b2b18c2d691a364 P bccadedc7a11414384f1d4875bf49aaa -> Peer 493be4abe83d46c1829e3d5cfc68a9de (127.23.135.129:35559): Couldn't send request to peer 493be4abe83d46c1829e3d5cfc68a9de. Status: Network error: Client connection negotiation failed: client connection to 127.23.135.129:35559: connect: Connection refused (error 111). This is attempt 6: this message will repeat every 5th retry.
W0220 18:44:40.331002 24309 consensus_peers.cc:472] T c5b2eb9c654f49df828ad8a096c62921 P c8a15b6a57804d05ada89b15de898a87 -> Peer 493be4abe83d46c1829e3d5cfc68a9de (127.23.135.129:35559): Couldn't send request to peer 493be4abe83d46c1829e3d5cfc68a9de. Status: Network error: Client connection negotiation failed: client connection to 127.23.135.129:35559: connect: Connection refused (error 111). This is attempt 6: this message will repeat every 5th retry.
W0220 18:44:40.339525 24433 consensus_peers.cc:472] T 116ca55e12164875ad0a87183fe531bc P bccadedc7a11414384f1d4875bf49aaa -> Peer 493be4abe83d46c1829e3d5cfc68a9de (127.23.135.129:35559): Couldn't send request to peer 493be4abe83d46c1829e3d5cfc68a9de. Status: Network error: Client connection negotiation failed: client connection to 127.23.135.129:35559: connect: Connection refused (error 111). This is attempt 6: this message will repeat every 5th retry.
W0220 18:44:40.341675 24309 consensus_peers.cc:472] T 2ca7a33c93d548f49d2a4b1eeca470ca P c8a15b6a57804d05ada89b15de898a87 -> Peer 493be4abe83d46c1829e3d5cfc68a9de (127.23.135.129:35559): Couldn't send request to peer 493be4abe83d46c1829e3d5cfc68a9de. Status: Network error: Client connection negotiation failed: client connection to 127.23.135.129:35559: connect: Connection refused (error 111). This is attempt 6: this message will repeat every 5th retry.
W0220 18:44:40.375445 24433 consensus_peers.cc:472] T 827aa98f727b4da6a5015391b4da1960 P bccadedc7a11414384f1d4875bf49aaa -> Peer 493be4abe83d46c1829e3d5cfc68a9de (127.23.135.129:35559): Couldn't send request to peer 493be4abe83d46c1829e3d5cfc68a9de. Status: Network error: Client connection negotiation failed: client connection to 127.23.135.129:35559: connect: Connection refused (error 111). This is attempt 6: this message will repeat every 5th retry.
