I0220 18:44:24.893828 24565 ts_tablet_manager.cc:1142] T 2ca7a33c93d548f49d2a4b1eeca470ca P bccadedc7a11414384f1d4875bf49aaa: Time spent starting tablet: real 0.001s user 0.001s sys 0.000s
I0220 18:44:24.893981 24565 tablet_bootstrap.cc:441] T 827aa98f727b4da6a5015391b4da1960 P bccadedc7a11414384f1d4875bf49aaa: Bootstrap starting.
I0220 18:44:24.894523 24564 tablet_bootstrap.cc:441] T c5b2eb9c654f49df828ad8a096c62921 P c8a15b6a57804d05ada89b15de898a87: No bootstrap required, opened a new log
I0220 18:44:24.894629 24564 ts_tablet_manager.cc:1113] T c5b2eb9c654f49df828ad8a096c62921 P c8a15b6a57804d05ada89b15de898a87: Time spent bootstrapping tablet: real 0.004s user 0.000s sys 0.002s
I0220 18:44:24.894660 24566 tablet_bootstrap.cc:441] T c5b2eb9c654f49df828ad8a096c62921 P 493be4abe83d46c1829e3d5cfc68a9de: No bootstrap required, opened a new log
I0220 18:44:24.894717 24566 ts_tablet_manager.cc:1113] T c5b2eb9c654f49df828ad8a096c62921 P 493be4abe83d46c1829e3d5cfc68a9de: Time spent bootstrapping tablet: real 0.003s user 0.001s sys 0.000s
I0220 18:44:24.894806 24565 tablet_bootstrap.cc:597] T 827aa98f727b4da6a5015391b4da1960 P bccadedc7a11414384f1d4875bf49aaa: No blocks or log segments found. Creating new log.
I0220 18:44:24.895076 24564 raft_consensus.cc:346] T c5b2eb9c654f49df828ad8a096c62921 P c8a15b6a57804d05ada89b15de898a87 [term 0 FOLLOWER]: Replica starting. Triggering 0 pending transactions. Active config: opid_index: -1 OBSOLETE_local: false peers { permanent_uuid: "493be4abe83d46c1829e3d5cfc68a9de" member_type: VOTER last_known_addr { host: "127.23.135.129" port: 35559 } } peers { permanent_uuid: "c8a15b6a57804d05ada89b15de898a87" member_type: VOTER last_known_addr { host: "127.23.135.130" port: 40621 } } peers { permanent_uuid: "bccadedc7a11414384f1d4875bf49aaa" member_type: VOTER last_known_addr { host: "127.23.135.131" port: 46803 } }
I0220 18:44:24.895113 24564 raft_consensus.cc:372] T c5b2eb9c654f49df828ad8a096c62921 P c8a15b6a57804d05ada89b15de898a87 [term 0 FOLLOWER]: Consensus starting up: Expiring failure detector timer to make a prompt election more likely
I0220 18:44:24.895117 24566 raft_consensus.cc:346] T c5b2eb9c654f49df828ad8a096c62921 P 493be4abe83d46c1829e3d5cfc68a9de [term 0 FOLLOWER]: Replica starting. Triggering 0 pending transactions. Active config: opid_index: -1 OBSOLETE_local: false peers { permanent_uuid: "493be4abe83d46c1829e3d5cfc68a9de" member_type: VOTER last_known_addr { host: "127.23.135.129" port: 35559 } } peers { permanent_uuid: "c8a15b6a57804d05ada89b15de898a87" member_type: VOTER last_known_addr { host: "127.23.135.130" port: 40621 } } peers { permanent_uuid: "bccadedc7a11414384f1d4875bf49aaa" member_type: VOTER last_known_addr { host: "127.23.135.131" port: 46803 } }
I0220 18:44:24.895128 24564 raft_consensus.cc:726] T c5b2eb9c654f49df828ad8a096c62921 P c8a15b6a57804d05ada89b15de898a87 [term 0 FOLLOWER]: Becoming Follower/Learner. State: Replica: c8a15b6a57804d05ada89b15de898a87, State: Initialized, Role: FOLLOWER
I0220 18:44:24.895136 24566 raft_consensus.cc:372] T c5b2eb9c654f49df828ad8a096c62921 P 493be4abe83d46c1829e3d5cfc68a9de [term 0 FOLLOWER]: Consensus starting up: Expiring failure detector timer to make a prompt election more likely
I0220 18:44:24.895150 24566 raft_consensus.cc:726] T c5b2eb9c654f49df828ad8a096c62921 P 493be4abe83d46c1829e3d5cfc68a9de [term 0 FOLLOWER]: Becoming Follower/Learner. State: Replica: 493be4abe83d46c1829e3d5cfc68a9de, State: Initialized, Role: FOLLOWER
I0220 18:44:24.895275 24564 consensus_queue.cc:252] T c5b2eb9c654f49df828ad8a096c62921 P c8a15b6a57804d05ada89b15de898a87 [NON_LEADER]: Queue going to NON_LEADER mode. State: All replicated index: 0, Majority replicated index: 0, Committed index: 0, Last appended: 0.0, Last appended by leader: 0, Current term: 0, Majority size: -1, State: 0, Mode: NON_LEADER, active raft config: opid_index: -1 OBSOLETE_local: false peers { permanent_uuid: "493be4abe83d46c1829e3d5cfc68a9de" member_type: VOTER last_known_addr { host: "127.23.135.129" port: 35559 } } peers { permanent_uuid: "c8a15b6a57804d05ada89b15de898a87" member_type: VOTER last_known_addr { host: "127.23.135.130" port: 40621 } } peers { permanent_uuid: "bccadedc7a11414384f1d4875bf49aaa" member_type: VOTER last_known_addr { host: "127.23.135.131" port: 46803 } }
I0220 18:44:24.895284 24566 consensus_queue.cc:252] T c5b2eb9c654f49df828ad8a096c62921 P 493be4abe83d46c1829e3d5cfc68a9de [NON_LEADER]: Queue going to NON_LEADER mode. State: All replicated index: 0, Majority replicated index: 0, Committed index: 0, Last appended: 0.0, Last appended by leader: 0, Current term: 0, Majority size: -1, State: 0, Mode: NON_LEADER, active raft config: opid_index: -1 OBSOLETE_local: false peers { permanent_uuid: "493be4abe83d46c1829e3d5cfc68a9de" member_type: VOTER last_known_addr { host: "127.23.135.129" port: 35559 } } peers { permanent_uuid: "c8a15b6a57804d05ada89b15de898a87" member_type: VOTER last_known_addr { host: "127.23.135.130" port: 40621 } } peers { permanent_uuid: "bccadedc7a11414384f1d4875bf49aaa" member_type: VOTER last_known_addr { host: "127.23.135.131" port: 46803 } }
I0220 18:44:24.895471 24564 ts_tablet_manager.cc:1142] T c5b2eb9c654f49df828ad8a096c62921 P c8a15b6a57804d05ada89b15de898a87: Time spent starting tablet: real 0.001s user 0.000s sys 0.001s
I0220 18:44:24.895607 24564 tablet_bootstrap.cc:441] T c0ca382ac98b46948b2b18c2d691a364 P c8a15b6a57804d05ada89b15de898a87: Bootstrap starting.
I0220 18:44:24.896031 24566 ts_tablet_manager.cc:1142] T c5b2eb9c654f49df828ad8a096c62921 P 493be4abe83d46c1829e3d5cfc68a9de: Time spent starting tablet: real 0.001s user 0.001s sys 0.000s
I0220 18:44:24.896340 24565 tablet_bootstrap.cc:441] T 827aa98f727b4da6a5015391b4da1960 P bccadedc7a11414384f1d4875bf49aaa: No bootstrap required, opened a new log
I0220 18:44:24.896435 24564 tablet_bootstrap.cc:597] T c0ca382ac98b46948b2b18c2d691a364 P c8a15b6a57804d05ada89b15de898a87: No blocks or log segments found. Creating new log.
I0220 18:44:24.896517 24566 tablet_bootstrap.cc:441] T 116ca55e12164875ad0a87183fe531bc P 493be4abe83d46c1829e3d5cfc68a9de: Bootstrap starting.
I0220 18:44:24.897347 24566 tablet_bootstrap.cc:597] T 116ca55e12164875ad0a87183fe531bc P 493be4abe83d46c1829e3d5cfc68a9de: No blocks or log segments found. Creating new log.
I0220 18:44:24.897388 24564 tablet_bootstrap.cc:441] T c0ca382ac98b46948b2b18c2d691a364 P c8a15b6a57804d05ada89b15de898a87: No bootstrap required, opened a new log
I0220 18:44:24.897464 24565 ts_tablet_manager.cc:1113] T 827aa98f727b4da6a5015391b4da1960 P bccadedc7a11414384f1d4875bf49aaa: Time spent bootstrapping tablet: real 0.004s user 0.001s sys 0.001s
I0220 18:44:24.897470 24564 ts_tablet_manager.cc:1113] T c0ca382ac98b46948b2b18c2d691a364 P c8a15b6a57804d05ada89b15de898a87: Time spent bootstrapping tablet: real 0.002s user 0.000s sys 0.002s
I0220 18:44:24.897891 24565 raft_consensus.cc:346] T 827aa98f727b4da6a5015391b4da1960 P bccadedc7a11414384f1d4875bf49aaa [term 0 FOLLOWER]: Replica starting. Triggering 0 pending transactions. Active config: opid_index: -1 OBSOLETE_local: false peers { permanent_uuid: "493be4abe83d46c1829e3d5cfc68a9de" member_type: VOTER last_known_addr { host: "127.23.135.129" port: 35559 } } peers { permanent_uuid: "c8a15b6a57804d05ada89b15de898a87" member_type: VOTER last_known_addr { host: "127.23.135.130" port: 40621 } } peers { permanent_uuid: "bccadedc7a11414384f1d4875bf49aaa" member_type: VOTER last_known_addr { host: "127.23.135.131" port: 46803 } }
I0220 18:44:24.897891 24564 raft_consensus.cc:346] T c0ca382ac98b46948b2b18c2d691a364 P c8a15b6a57804d05ada89b15de898a87 [term 0 FOLLOWER]: Replica starting. Triggering 0 pending transactions. Active config: opid_index: -1 OBSOLETE_local: false peers { permanent_uuid: "493be4abe83d46c1829e3d5cfc68a9de" member_type: VOTER last_known_addr { host: "127.23.135.129" port: 35559 } } peers { permanent_uuid: "c8a15b6a57804d05ada89b15de898a87" member_type: VOTER last_known_addr { host: "127.23.135.130" port: 40621 } } peers { permanent_uuid: "bccadedc7a11414384f1d4875bf49aaa" member_type: VOTER last_known_addr { host: "127.23.135.131" port: 46803 } }
I0220 18:44:24.897918 24564 raft_consensus.cc:372] T c0ca382ac98b46948b2b18c2d691a364 P c8a15b6a57804d05ada89b15de898a87 [term 0 FOLLOWER]: Consensus starting up: Expiring failure detector timer to make a prompt election more likely
I0220 18:44:24.897933 24564 raft_consensus.cc:726] T c0ca382ac98b46948b2b18c2d691a364 P c8a15b6a57804d05ada89b15de898a87 [term 0 FOLLOWER]: Becoming Follower/Learner. State: Replica: c8a15b6a57804d05ada89b15de898a87, State: Initialized, Role: FOLLOWER
I0220 18:44:24.897967 24565 raft_consensus.cc:372] T 827aa98f727b4da6a5015391b4da1960 P bccadedc7a11414384f1d4875bf49aaa [term 0 FOLLOWER]: Consensus starting up: Expiring failure detector timer to make a prompt election more likely
I0220 18:44:24.897992 24565 raft_consensus.cc:726] T 827aa98f727b4da6a5015391b4da1960 P bccadedc7a11414384f1d4875bf49aaa [term 0 FOLLOWER]: Becoming Follower/Learner. State: Replica: bccadedc7a11414384f1d4875bf49aaa, State: Initialized, Role: FOLLOWER
I0220 18:44:24.898072 24564 consensus_queue.cc:252] T c0ca382ac98b46948b2b18c2d691a364 P c8a15b6a57804d05ada89b15de898a87 [NON_LEADER]: Queue going to NON_LEADER mode. State: All replicated index: 0, Majority replicated index: 0, Committed index: 0, Last appended: 0.0, Last appended by leader: 0, Current term: 0, Majority size: -1, State: 0, Mode: NON_LEADER, active raft config: opid_index: -1 OBSOLETE_local: false peers { permanent_uuid: "493be4abe83d46c1829e3d5cfc68a9de" member_type: VOTER last_known_addr { host: "127.23.135.129" port: 35559 } } peers { permanent_uuid: "c8a15b6a57804d05ada89b15de898a87" member_type: VOTER last_known_addr { host: "127.23.135.130" port: 40621 } } peers { permanent_uuid: "bccadedc7a11414384f1d4875bf49aaa" member_type: VOTER last_known_addr { host: "127.23.135.131" port: 46803 } }
I0220 18:44:24.898108 24565 consensus_queue.cc:252] T 827aa98f727b4da6a5015391b4da1960 P bccadedc7a11414384f1d4875bf49aaa [NON_LEADER]: Queue going to NON_LEADER mode. State: All replicated index: 0, Majority replicated index: 0, Committed index: 0, Last appended: 0.0, Last appended by leader: 0, Current term: 0, Majority size: -1, State: 0, Mode: NON_LEADER, active raft config: opid_index: -1 OBSOLETE_local: false peers { permanent_uuid: "493be4abe83d46c1829e3d5cfc68a9de" member_type: VOTER last_known_addr { host: "127.23.135.129" port: 35559 } } peers { permanent_uuid: "c8a15b6a57804d05ada89b15de898a87" member_type: VOTER last_known_addr { host: "127.23.135.130" port: 40621 } } peers { permanent_uuid: "bccadedc7a11414384f1d4875bf49aaa" member_type: VOTER last_known_addr { host: "127.23.135.131" port: 46803 } }
I0220 18:44:24.898296 24565 ts_tablet_manager.cc:1142] T 827aa98f727b4da6a5015391b4da1960 P bccadedc7a11414384f1d4875bf49aaa: Time spent starting tablet: real 0.001s user 0.000s sys 0.000s
I0220 18:44:24.897512 24570 raft_consensus.cc:482] T 2ca7a33c93d548f49d2a4b1eeca470ca P 493be4abe83d46c1829e3d5cfc68a9de [term 0 FOLLOWER]: Starting pre-election (no leader contacted us within the election timeout)
I0220 18:44:24.898485 24570 raft_consensus.cc:504] T 2ca7a33c93d548f49d2a4b1eeca470ca P 493be4abe83d46c1829e3d5cfc68a9de [term 0 FOLLOWER]: Starting pre-election with config: opid_index: -1 OBSOLETE_local: false peers { permanent_uuid: "c8a15b6a57804d05ada89b15de898a87" member_type: VOTER last_known_addr { host: "127.23.135.130" port: 40621 } } peers { permanent_uuid: "493be4abe83d46c1829e3d5cfc68a9de" member_type: VOTER last_known_addr { host: "127.23.135.129" port: 35559 } } peers { permanent_uuid: "bccadedc7a11414384f1d4875bf49aaa" member_type: VOTER last_known_addr { host: "127.23.135.131" port: 46803 } }
I0220 18:44:24.898746 24570 leader_election.cc:293] T 2ca7a33c93d548f49d2a4b1eeca470ca P 493be4abe83d46c1829e3d5cfc68a9de [CANDIDATE]: Term 1 pre-election: Requested pre-vote from peers c8a15b6a57804d05ada89b15de898a87 (127.23.135.130:40621), bccadedc7a11414384f1d4875bf49aaa (127.23.135.131:46803)
I0220 18:44:24.899329 24566 tablet_bootstrap.cc:441] T 116ca55e12164875ad0a87183fe531bc P 493be4abe83d46c1829e3d5cfc68a9de: No bootstrap required, opened a new log
I0220 18:44:24.899341 24377 tablet_service.cc:1340] Received RequestConsensusVote() RPC: tablet_id: "2ca7a33c93d548f49d2a4b1eeca470ca" candidate_uuid: "493be4abe83d46c1829e3d5cfc68a9de" candidate_term: 1 candidate_status { last_received { term: 0 index: 0 } } ignore_live_leader: false dest_uuid: "c8a15b6a57804d05ada89b15de898a87" is_pre_election: true
I0220 18:44:24.899453 24566 ts_tablet_manager.cc:1113] T 116ca55e12164875ad0a87183fe531bc P 493be4abe83d46c1829e3d5cfc68a9de: Time spent bootstrapping tablet: real 0.003s user 0.001s sys 0.000s
I0220 18:44:24.899488 24377 raft_consensus.cc:2414] T 2ca7a33c93d548f49d2a4b1eeca470ca P c8a15b6a57804d05ada89b15de898a87 [term 0 FOLLOWER]: Leader pre-election vote request: Granting yes vote for candidate 493be4abe83d46c1829e3d5cfc68a9de in term 0.
I0220 18:44:24.899881 24183 leader_election.cc:307] T 2ca7a33c93d548f49d2a4b1eeca470ca P 493be4abe83d46c1829e3d5cfc68a9de [CANDIDATE]: Term 1 pre-election: Election decided. Result: candidate won. Election summary: received 2 responses out of 3 voters: 2 yes votes; 0 no votes. yes voters: 493be4abe83d46c1829e3d5cfc68a9de, c8a15b6a57804d05ada89b15de898a87; no voters:
I0220 18:44:24.899930 24566 raft_consensus.cc:346] T 116ca55e12164875ad0a87183fe531bc P 493be4abe83d46c1829e3d5cfc68a9de [term 0 FOLLOWER]: Replica starting. Triggering 0 pending transactions. Active config: opid_index: -1 OBSOLETE_local: false peers { permanent_uuid: "c8a15b6a57804d05ada89b15de898a87" member_type: VOTER last_known_addr { host: "127.23.135.130" port: 40621 } } peers { permanent_uuid: "bccadedc7a11414384f1d4875bf49aaa" member_type: VOTER last_known_addr { host: "127.23.135.131" port: 46803 } } peers { permanent_uuid: "493be4abe83d46c1829e3d5cfc68a9de" member_type: VOTER last_known_addr { host: "127.23.135.129" port: 35559 } }
I0220 18:44:24.899952 24566 raft_consensus.cc:372] T 116ca55e12164875ad0a87183fe531bc P 493be4abe83d46c1829e3d5cfc68a9de [term 0 FOLLOWER]: Consensus starting up: Expiring failure detector timer to make a prompt election more likely
I0220 18:44:24.899966 24566 raft_consensus.cc:726] T 116ca55e12164875ad0a87183fe531bc P 493be4abe83d46c1829e3d5cfc68a9de [term 0 FOLLOWER]: Becoming Follower/Learner. State: Replica: 493be4abe83d46c1829e3d5cfc68a9de, State: Initialized, Role: FOLLOWER
I0220 18:44:24.900121 24570 raft_consensus.cc:2730] T 2ca7a33c93d548f49d2a4b1eeca470ca P 493be4abe83d46c1829e3d5cfc68a9de [term 0 FOLLOWER]: Leader pre-election won for term 1
I0220 18:44:24.900130 24566 consensus_queue.cc:252] T 116ca55e12164875ad0a87183fe531bc P 493be4abe83d46c1829e3d5cfc68a9de [NON_LEADER]: Queue going to NON_LEADER mode. State: All replicated index: 0, Majority replicated index: 0, Committed index: 0, Last appended: 0.0, Last appended by leader: 0, Current term: 0, Majority size: -1, State: 0, Mode: NON_LEADER, active raft config: opid_index: -1 OBSOLETE_local: false peers { permanent_uuid: "c8a15b6a57804d05ada89b15de898a87" member_type: VOTER last_known_addr { host: "127.23.135.130" port: 40621 } } peers { permanent_uuid: "bccadedc7a11414384f1d4875bf49aaa" member_type: VOTER last_known_addr { host: "127.23.135.131" port: 46803 } } peers { permanent_uuid: "493be4abe83d46c1829e3d5cfc68a9de" member_type: VOTER last_known_addr { host: "127.23.135.129" port: 35559 } }
I0220 18:44:24.900162 24570 raft_consensus.cc:482] T 2ca7a33c93d548f49d2a4b1eeca470ca P 493be4abe83d46c1829e3d5cfc68a9de [term 0 FOLLOWER]: Starting leader election (no leader contacted us within the election timeout)
I0220 18:44:24.900185 24570 raft_consensus.cc:2983] T 2ca7a33c93d548f49d2a4b1eeca470ca P 493be4abe83d46c1829e3d5cfc68a9de [term 0 FOLLOWER]: Advancing to term 1
I0220 18:44:24.900454 24564 ts_tablet_manager.cc:1142] T c0ca382ac98b46948b2b18c2d691a364 P c8a15b6a57804d05ada89b15de898a87: Time spent starting tablet: real 0.003s user 0.000s sys 0.001s
I0220 18:44:24.900643 24566 ts_tablet_manager.cc:1142] T 116ca55e12164875ad0a87183fe531bc P 493be4abe83d46c1829e3d5cfc68a9de: Time spent starting tablet: real 0.001s user 0.001s sys 0.000s
I0220 18:44:24.901058 24570 raft_consensus.cc:504] T 2ca7a33c93d548f49d2a4b1eeca470ca P 493be4abe83d46c1829e3d5cfc68a9de [term 1 FOLLOWER]: Starting leader election with config: opid_index: -1 OBSOLETE_local: false peers { permanent_uuid: "c8a15b6a57804d05ada89b15de898a87" member_type: VOTER last_known_addr { host: "127.23.135.130" port: 40621 } } peers { permanent_uuid: "493be4abe83d46c1829e3d5cfc68a9de" member_type: VOTER last_known_addr { host: "127.23.135.129" port: 35559 } } peers { permanent_uuid: "bccadedc7a11414384f1d4875bf49aaa" member_type: VOTER last_known_addr { host: "127.23.135.131" port: 46803 } }
I0220 18:44:24.901280 24570 leader_election.cc:293] T 2ca7a33c93d548f49d2a4b1eeca470ca P 493be4abe83d46c1829e3d5cfc68a9de [CANDIDATE]: Term 1 election: Requested vote from peers c8a15b6a57804d05ada89b15de898a87 (127.23.135.130:40621), bccadedc7a11414384f1d4875bf49aaa (127.23.135.131:46803)
I0220 18:44:24.901500 24501 tablet_service.cc:1340] Received RequestConsensusVote() RPC: tablet_id: "2ca7a33c93d548f49d2a4b1eeca470ca" candidate_uuid: "493be4abe83d46c1829e3d5cfc68a9de" candidate_term: 1 candidate_status { last_received { term: 0 index: 0 } } ignore_live_leader: false dest_uuid: "bccadedc7a11414384f1d4875bf49aaa" is_pre_election: true
I0220 18:44:24.901587 24377 tablet_service.cc:1340] Received RequestConsensusVote() RPC: tablet_id: "2ca7a33c93d548f49d2a4b1eeca470ca" candidate_uuid: "493be4abe83d46c1829e3d5cfc68a9de" candidate_term: 1 candidate_status { last_received { term: 0 index: 0 } } ignore_live_leader: false dest_uuid: "c8a15b6a57804d05ada89b15de898a87"
I0220 18:44:24.901635 24501 raft_consensus.cc:2414] T 2ca7a33c93d548f49d2a4b1eeca470ca P bccadedc7a11414384f1d4875bf49aaa [term 0 FOLLOWER]: Leader pre-election vote request: Granting yes vote for candidate 493be4abe83d46c1829e3d5cfc68a9de in term 0.
I0220 18:44:24.901645 24377 raft_consensus.cc:2983] T 2ca7a33c93d548f49d2a4b1eeca470ca P c8a15b6a57804d05ada89b15de898a87 [term 0 FOLLOWER]: Advancing to term 1
I0220 18:44:24.901648 24500 tablet_service.cc:1340] Received RequestConsensusVote() RPC: tablet_id: "2ca7a33c93d548f49d2a4b1eeca470ca" candidate_uuid: "493be4abe83d46c1829e3d5cfc68a9de" candidate_term: 1 candidate_status { last_received { term: 0 index: 0 } } ignore_live_leader: false dest_uuid: "bccadedc7a11414384f1d4875bf49aaa"
I0220 18:44:24.901697 24500 raft_consensus.cc:2983] T 2ca7a33c93d548f49d2a4b1eeca470ca P bccadedc7a11414384f1d4875bf49aaa [term 0 FOLLOWER]: Advancing to term 1
I0220 18:44:24.902479 24377 raft_consensus.cc:2414] T 2ca7a33c93d548f49d2a4b1eeca470ca P c8a15b6a57804d05ada89b15de898a87 [term 1 FOLLOWER]: Leader election vote request: Granting yes vote for candidate 493be4abe83d46c1829e3d5cfc68a9de in term 1.
I0220 18:44:24.902479 24500 raft_consensus.cc:2414] T 2ca7a33c93d548f49d2a4b1eeca470ca P bccadedc7a11414384f1d4875bf49aaa [term 1 FOLLOWER]: Leader election vote request: Granting yes vote for candidate 493be4abe83d46c1829e3d5cfc68a9de in term 1.
I0220 18:44:24.902736 24183 leader_election.cc:307] T 2ca7a33c93d548f49d2a4b1eeca470ca P 493be4abe83d46c1829e3d5cfc68a9de [CANDIDATE]: Term 1 election: Election decided. Result: candidate won. Election summary: received 2 responses out of 3 voters: 2 yes votes; 0 no votes. yes voters: 493be4abe83d46c1829e3d5cfc68a9de, bccadedc7a11414384f1d4875bf49aaa; no voters:
I0220 18:44:24.902863 24570 raft_consensus.cc:2730] T 2ca7a33c93d548f49d2a4b1eeca470ca P 493be4abe83d46c1829e3d5cfc68a9de [term 1 FOLLOWER]: Leader election won for term 1
I0220 18:44:24.902933 24570 raft_consensus.cc:686] T 2ca7a33c93d548f49d2a4b1eeca470ca P 493be4abe83d46c1829e3d5cfc68a9de [term 1 LEADER]: Becoming Leader. State: Replica: 493be4abe83d46c1829e3d5cfc68a9de, State: Running, Role: LEADER
I0220 18:44:24.903204 24570 consensus_queue.cc:229] T 2ca7a33c93d548f49d2a4b1eeca470ca P 493be4abe83d46c1829e3d5cfc68a9de [LEADER]: Queue going to LEADER mode. State: All replicated index: 0, Majority replicated index: 0, Committed index: 0, Last appended: 0.0, Last appended by leader: 0, Current term: 1, Majority size: 2, State: 0, Mode: LEADER, active raft config: opid_index: -1 OBSOLETE_local: false peers { permanent_uuid: "c8a15b6a57804d05ada89b15de898a87" member_type: VOTER last_known_addr { host: "127.23.135.130" port: 40621 } } peers { permanent_uuid: "493be4abe83d46c1829e3d5cfc68a9de" member_type: VOTER last_known_addr { host: "127.23.135.129" port: 35559 } } peers { permanent_uuid: "bccadedc7a11414384f1d4875bf49aaa" member_type: VOTER last_known_addr { host: "127.23.135.131" port: 46803 } }
I0220 18:44:24.905890 24128 catalog_manager.cc:4173] T 2ca7a33c93d548f49d2a4b1eeca470ca P 493be4abe83d46c1829e3d5cfc68a9de reported cstate change: term changed from 0 to 1, leader changed from to 493be4abe83d46c1829e3d5cfc68a9de (127.23.135.129). New cstate: current_term: 1 leader_uuid: "493be4abe83d46c1829e3d5cfc68a9de" committed_config { opid_index: -1 OBSOLETE_local: false peers { permanent_uuid: "c8a15b6a57804d05ada89b15de898a87" member_type: VOTER last_known_addr { host: "127.23.135.130" port: 40621 } health_report { overall_health: UNKNOWN } } peers { permanent_uuid: "493be4abe83d46c1829e3d5cfc68a9de" member_type: VOTER last_known_addr { host: "127.23.135.129" port: 35559 } health_report { overall_health: HEALTHY } } peers { permanent_uuid: "bccadedc7a11414384f1d4875bf49aaa" member_type: VOTER last_known_addr { host: "127.23.135.131" port: 46803 } health_report { overall_health: UNKNOWN } } }
I0220 18:44:24.916332 24576 raft_consensus.cc:482] T c0ca382ac98b46948b2b18c2d691a364 P bccadedc7a11414384f1d4875bf49aaa [term 0 FOLLOWER]: Starting pre-election (no leader contacted us within the election timeout)
I0220 18:44:24.916455 24576 raft_consensus.cc:504] T c0ca382ac98b46948b2b18c2d691a364 P bccadedc7a11414384f1d4875bf49aaa [term 0 FOLLOWER]: Starting pre-election with config: opid_index: -1 OBSOLETE_local: false peers { permanent_uuid: "493be4abe83d46c1829e3d5cfc68a9de" member_type: VOTER last_known_addr { host: "127.23.135.129" port: 35559 } } peers { permanent_uuid: "c8a15b6a57804d05ada89b15de898a87" member_type: VOTER last_known_addr { host: "127.23.135.130" port: 40621 } } peers { permanent_uuid: "bccadedc7a11414384f1d4875bf49aaa" member_type: VOTER last_known_addr { host: "127.23.135.131" port: 46803 } }
I0220 18:44:24.916754 24576 leader_election.cc:293] T c0ca382ac98b46948b2b18c2d691a364 P bccadedc7a11414384f1d4875bf49aaa [CANDIDATE]: Term 1 pre-election: Requested pre-vote from peers 493be4abe83d46c1829e3d5cfc68a9de (127.23.135.129:35559), c8a15b6a57804d05ada89b15de898a87 (127.23.135.130:40621)
I0220 18:44:24.917160 24252 tablet_service.cc:1340] Received RequestConsensusVote() RPC: tablet_id: "c0ca382ac98b46948b2b18c2d691a364" candidate_uuid: "bccadedc7a11414384f1d4875bf49aaa" candidate_term: 1 candidate_status { last_received { term: 0 index: 0 } } ignore_live_leader: false dest_uuid: "493be4abe83d46c1829e3d5cfc68a9de" is_pre_election: true
I0220 18:44:24.917183 24377 tablet_service.cc:1340] Received RequestConsensusVote() RPC: tablet_id: "c0ca382ac98b46948b2b18c2d691a364" candidate_uuid: "bccadedc7a11414384f1d4875bf49aaa" candidate_term: 1 candidate_status { last_received { term: 0 index: 0 } } ignore_live_leader: false dest_uuid: "c8a15b6a57804d05ada89b15de898a87" is_pre_election: true
I0220 18:44:24.917264 24377 raft_consensus.cc:2414] T c0ca382ac98b46948b2b18c2d691a364 P c8a15b6a57804d05ada89b15de898a87 [term 0 FOLLOWER]: Leader pre-election vote request: Granting yes vote for candidate bccadedc7a11414384f1d4875bf49aaa in term 0.
I0220 18:44:24.917275 24252 raft_consensus.cc:2414] T c0ca382ac98b46948b2b18c2d691a364 P 493be4abe83d46c1829e3d5cfc68a9de [term 0 FOLLOWER]: Leader pre-election vote request: Granting yes vote for candidate bccadedc7a11414384f1d4875bf49aaa in term 0.
I0220 18:44:24.917577 24433 leader_election.cc:307] T c0ca382ac98b46948b2b18c2d691a364 P bccadedc7a11414384f1d4875bf49aaa [CANDIDATE]: Term 1 pre-election: Election decided. Result: candidate won. Election summary: received 2 responses out of 3 voters: 2 yes votes; 0 no votes. yes voters: 493be4abe83d46c1829e3d5cfc68a9de, bccadedc7a11414384f1d4875bf49aaa; no voters:
I0220 18:44:24.917713 24576 raft_consensus.cc:2730] T c0ca382ac98b46948b2b18c2d691a364 P bccadedc7a11414384f1d4875bf49aaa [term 0 FOLLOWER]: Leader pre-election won for term 1
I0220 18:44:24.917747 24576 raft_consensus.cc:482] T c0ca382ac98b46948b2b18c2d691a364 P bccadedc7a11414384f1d4875bf49aaa [term 0 FOLLOWER]: Starting leader election (no leader contacted us within the election timeout)
I0220 18:44:24.917762 24576 raft_consensus.cc:2983] T c0ca382ac98b46948b2b18c2d691a364 P bccadedc7a11414384f1d4875bf49aaa [term 0 FOLLOWER]: Advancing to term 1
I0220 18:44:24.918547 24576 raft_consensus.cc:504] T c0ca382ac98b46948b2b18c2d691a364 P bccadedc7a11414384f1d4875bf49aaa [term 1 FOLLOWER]: Starting leader election with config: opid_index: -1 OBSOLETE_local: false peers { permanent_uuid: "493be4abe83d46c1829e3d5cfc68a9de" member_type: VOTER last_known_addr { host: "127.23.135.129" port: 35559 } } peers { permanent_uuid: "c8a15b6a57804d05ada89b15de898a87" member_type: VOTER last_known_addr { host: "127.23.135.130" port: 40621 } } peers { permanent_uuid: "bccadedc7a11414384f1d4875bf49aaa" member_type: VOTER last_known_addr { host: "127.23.135.131" port: 46803 } }
I0220 18:44:24.918785 24576 leader_election.cc:293] T c0ca382ac98b46948b2b18c2d691a364 P bccadedc7a11414384f1d4875bf49aaa [CANDIDATE]: Term 1 election: Requested vote from peers 493be4abe83d46c1829e3d5cfc68a9de (127.23.135.129:35559), c8a15b6a57804d05ada89b15de898a87 (127.23.135.130:40621)
I0220 18:44:24.919085 24252 tablet_service.cc:1340] Received RequestConsensusVote() RPC: tablet_id: "c0ca382ac98b46948b2b18c2d691a364" candidate_uuid: "bccadedc7a11414384f1d4875bf49aaa" candidate_term: 1 candidate_status { last_received { term: 0 index: 0 } } ignore_live_leader: false dest_uuid: "493be4abe83d46c1829e3d5cfc68a9de"
I0220 18:44:24.919137 24252 raft_consensus.cc:2983] T c0ca382ac98b46948b2b18c2d691a364 P 493be4abe83d46c1829e3d5cfc68a9de [term 0 FOLLOWER]: Advancing to term 1
I0220 18:44:24.919145 24377 tablet_service.cc:1340] Received RequestConsensusVote() RPC: tablet_id: "c0ca382ac98b46948b2b18c2d691a364" candidate_uuid: "bccadedc7a11414384f1d4875bf49aaa" candidate_term: 1 candidate_status { last_received { term: 0 index: 0 } } ignore_live_leader: false dest_uuid: "c8a15b6a57804d05ada89b15de898a87"
I0220 18:44:24.919198 24377 raft_consensus.cc:2983] T c0ca382ac98b46948b2b18c2d691a364 P c8a15b6a57804d05ada89b15de898a87 [term 0 FOLLOWER]: Advancing to term 1
I0220 18:44:24.919904 24252 raft_consensus.cc:2414] T c0ca382ac98b46948b2b18c2d691a364 P 493be4abe83d46c1829e3d5cfc68a9de [term 1 FOLLOWER]: Leader election vote request: Granting yes vote for candidate bccadedc7a11414384f1d4875bf49aaa in term 1.
I0220 18:44:24.919909 24377 raft_consensus.cc:2414] T c0ca382ac98b46948b2b18c2d691a364 P c8a15b6a57804d05ada89b15de898a87 [term 1 FOLLOWER]: Leader election vote request: Granting yes vote for candidate bccadedc7a11414384f1d4875bf49aaa in term 1.
I0220 18:44:24.920192 24432 leader_election.cc:307] T c0ca382ac98b46948b2b18c2d691a364 P bccadedc7a11414384f1d4875bf49aaa [CANDIDATE]: Term 1 election: Election decided. Result: candidate won. Election summary: received 2 responses out of 3 voters: 2 yes votes; 0 no votes. yes voters: bccadedc7a11414384f1d4875bf49aaa, c8a15b6a57804d05ada89b15de898a87; no voters:
I0220 18:44:24.920341 24576 raft_consensus.cc:2730] T c0ca382ac98b46948b2b18c2d691a364 P bccadedc7a11414384f1d4875bf49aaa [term 1 FOLLOWER]: Leader election won for term 1
I0220 18:44:24.920420 24576 raft_consensus.cc:686] T c0ca382ac98b46948b2b18c2d691a364 P bccadedc7a11414384f1d4875bf49aaa [term 1 LEADER]: Becoming Leader. State: Replica: bccadedc7a11414384f1d4875bf49aaa, State: Running, Role: LEADER
I0220 18:44:24.920702 24576 consensus_queue.cc:229] T c0ca382ac98b46948b2b18c2d691a364 P bccadedc7a11414384f1d4875bf49aaa [LEADER]: Queue going to LEADER mode. State: All replicated index: 0, Majority replicated index: 0, Committed index: 0, Last appended: 0.0, Last appended by leader: 0, Current term: 1, Majority size: 2, State: 0, Mode: LEADER, active raft config: opid_index: -1 OBSOLETE_local: false peers { permanent_uuid: "493be4abe83d46c1829e3d5cfc68a9de" member_type: VOTER last_known_addr { host: "127.23.135.129" port: 35559 } } peers { permanent_uuid: "c8a15b6a57804d05ada89b15de898a87" member_type: VOTER last_known_addr { host: "127.23.135.130" port: 40621 } } peers { permanent_uuid: "bccadedc7a11414384f1d4875bf49aaa" member_type: VOTER last_known_addr { host: "127.23.135.131" port: 46803 } }
I0220 18:44:24.923307 24128 catalog_manager.cc:4173] T c0ca382ac98b46948b2b18c2d691a364 P bccadedc7a11414384f1d4875bf49aaa reported cstate change: term changed from 0 to 1, leader changed from to bccadedc7a11414384f1d4875bf49aaa (127.23.135.131). New cstate: current_term: 1 leader_uuid: "bccadedc7a11414384f1d4875bf49aaa" committed_config { opid_index: -1 OBSOLETE_local: false peers { permanent_uuid: "493be4abe83d46c1829e3d5cfc68a9de" member_type: VOTER last_known_addr { host: "127.23.135.129" port: 35559 } health_report { overall_health: UNKNOWN } } peers { permanent_uuid: "c8a15b6a57804d05ada89b15de898a87" member_type: VOTER last_known_addr { host: "127.23.135.130" port: 40621 } health_report { overall_health: UNKNOWN } } peers { permanent_uuid: "bccadedc7a11414384f1d4875bf49aaa" member_type: VOTER last_known_addr { host: "127.23.135.131" port: 46803 } health_report { overall_health: HEALTHY } } }
I0220 18:44:24.931838 24570 raft_consensus.cc:482] T 116ca55e12164875ad0a87183fe531bc P 493be4abe83d46c1829e3d5cfc68a9de [term 0 FOLLOWER]: Starting pre-election (no leader contacted us within the election timeout)
I0220 18:44:24.931941 24570 raft_consensus.cc:504] T 116ca55e12164875ad0a87183fe531bc P 493be4abe83d46c1829e3d5cfc68a9de [term 0 FOLLOWER]: Starting pre-election with config: opid_index: -1 OBSOLETE_local: false peers { permanent_uuid: "c8a15b6a57804d05ada89b15de898a87" member_type: VOTER last_known_addr { host: "127.23.135.130" port: 40621 } } peers { permanent_uuid: "bccadedc7a11414384f1d4875bf49aaa" member_type: VOTER last_known_addr { host: "127.23.135.131" port: 46803 } } peers { permanent_uuid: "493be4abe83d46c1829e3d5cfc68a9de" member_type: VOTER last_known_addr { host: "127.23.135.129" port: 35559 } }
I0220 18:44:24.932199 24570 leader_election.cc:293] T 116ca55e12164875ad0a87183fe531bc P 493be4abe83d46c1829e3d5cfc68a9de [CANDIDATE]: Term 1 pre-election: Requested pre-vote from peers c8a15b6a57804d05ada89b15de898a87 (127.23.135.130:40621), bccadedc7a11414384f1d4875bf49aaa (127.23.135.131:46803)
I0220 18:44:24.932651 24500 tablet_service.cc:1340] Received RequestConsensusVote() RPC: tablet_id: "116ca55e12164875ad0a87183fe531bc" candidate_uuid: "493be4abe83d46c1829e3d5cfc68a9de" candidate_term: 1 candidate_status { last_received { term: 0 index: 0 } } ignore_live_leader: false dest_uuid: "bccadedc7a11414384f1d4875bf49aaa" is_pre_election: true
I0220 18:44:24.932696 24377 tablet_service.cc:1340] Received RequestConsensusVote() RPC: tablet_id: "116ca55e12164875ad0a87183fe531bc" candidate_uuid: "493be4abe83d46c1829e3d5cfc68a9de" candidate_term: 1 candidate_status { last_received { term: 0 index: 0 } } ignore_live_leader: false dest_uuid: "c8a15b6a57804d05ada89b15de898a87" is_pre_election: true
I0220 18:44:24.932734 24500 raft_consensus.cc:2414] T 116ca55e12164875ad0a87183fe531bc P bccadedc7a11414384f1d4875bf49aaa [term 0 FOLLOWER]: Leader pre-election vote request: Granting yes vote for candidate 493be4abe83d46c1829e3d5cfc68a9de in term 0.
I0220 18:44:24.932776 24377 raft_consensus.cc:2414] T 116ca55e12164875ad0a87183fe531bc P c8a15b6a57804d05ada89b15de898a87 [term 0 FOLLOWER]: Leader pre-election vote request: Granting yes vote for candidate 493be4abe83d46c1829e3d5cfc68a9de in term 0.
I0220 18:44:24.933029 24183 leader_election.cc:307] T 116ca55e12164875ad0a87183fe531bc P 493be4abe83d46c1829e3d5cfc68a9de [CANDIDATE]: Term 1 pre-election: Election decided. Result: candidate won. Election summary: received 2 responses out of 3 voters: 2 yes votes; 0 no votes. yes voters: 493be4abe83d46c1829e3d5cfc68a9de, bccadedc7a11414384f1d4875bf49aaa; no voters:
I0220 18:44:24.933190 24570 raft_consensus.cc:2730] T 116ca55e12164875ad0a87183fe531bc P 493be4abe83d46c1829e3d5cfc68a9de [term 0 FOLLOWER]: Leader pre-election won for term 1
I0220 18:44:24.933219 24570 raft_consensus.cc:482] T 116ca55e12164875ad0a87183fe531bc P 493be4abe83d46c1829e3d5cfc68a9de [term 0 FOLLOWER]: Starting leader election (no leader contacted us within the election timeout)
I0220 18:44:24.933235 24570 raft_consensus.cc:2983] T 116ca55e12164875ad0a87183fe531bc P 493be4abe83d46c1829e3d5cfc68a9de [term 0 FOLLOWER]: Advancing to term 1
W0220 18:44:24.933503 24421 tablet.cc:1810] T 116ca55e12164875ad0a87183fe531bc P c8a15b6a57804d05ada89b15de898a87: Can't schedule compaction. Clean time has not been advanced past its initial value.
W0220 18:44:24.933645 24421 tablet_replica_mm_ops.cc:302] Log GC is disabled (check --enable_log_gc)
I0220 18:44:24.934128 24570 raft_consensus.cc:504] T 116ca55e12164875ad0a87183fe531bc P 493be4abe83d46c1829e3d5cfc68a9de [term 1 FOLLOWER]: Starting leader election with config: opid_index: -1 OBSOLETE_local: false peers { permanent_uuid: "c8a15b6a57804d05ada89b15de898a87" member_type: VOTER last_known_addr { host: "127.23.135.130" port: 40621 } } peers { permanent_uuid: "bccadedc7a11414384f1d4875bf49aaa" member_type: VOTER last_known_addr { host: "127.23.135.131" port: 46803 } } peers { permanent_uuid: "493be4abe83d46c1829e3d5cfc68a9de" member_type: VOTER last_known_addr { host: "127.23.135.129" port: 35559 } }
I0220 18:44:24.934347 24570 leader_election.cc:293] T 116ca55e12164875ad0a87183fe531bc P 493be4abe83d46c1829e3d5cfc68a9de [CANDIDATE]: Term 1 election: Requested vote from peers c8a15b6a57804d05ada89b15de898a87 (127.23.135.130:40621), bccadedc7a11414384f1d4875bf49aaa (127.23.135.131:46803)
I0220 18:44:24.934715 24500 tablet_service.cc:1340] Received RequestConsensusVote() RPC: tablet_id: "116ca55e12164875ad0a87183fe531bc" candidate_uuid: "493be4abe83d46c1829e3d5cfc68a9de" candidate_term: 1 candidate_status { last_received { term: 0 index: 0 } } ignore_live_leader: false dest_uuid: "bccadedc7a11414384f1d4875bf49aaa"
I0220 18:44:24.934736 24377 tablet_service.cc:1340] Received RequestConsensusVote() RPC: tablet_id: "116ca55e12164875ad0a87183fe531bc" candidate_uuid: "493be4abe83d46c1829e3d5cfc68a9de" candidate_term: 1 candidate_status { last_received { term: 0 index: 0 } } ignore_live_leader: false dest_uuid: "c8a15b6a57804d05ada89b15de898a87"
I0220 18:44:24.934787 24377 raft_consensus.cc:2983] T 116ca55e12164875ad0a87183fe531bc P c8a15b6a57804d05ada89b15de898a87 [term 0 FOLLOWER]: Advancing to term 1
I0220 18:44:24.934788 24500 raft_consensus.cc:2983] T 116ca55e12164875ad0a87183fe531bc P bccadedc7a11414384f1d4875bf49aaa [term 0 FOLLOWER]: Advancing to term 1
I0220 18:44:24.935408 24377 raft_consensus.cc:2414] T 116ca55e12164875ad0a87183fe531bc P c8a15b6a57804d05ada89b15de898a87 [term 1 FOLLOWER]: Leader election vote request: Granting yes vote for candidate 493be4abe83d46c1829e3d5cfc68a9de in term 1.
I0220 18:44:24.935413 24500 raft_consensus.cc:2414] T 116ca55e12164875ad0a87183fe531bc P bccadedc7a11414384f1d4875bf49aaa [term 1 FOLLOWER]: Leader election vote request: Granting yes vote for candidate 493be4abe83d46c1829e3d5cfc68a9de in term 1.
I0220 18:44:24.935684 24183 leader_election.cc:307] T 116ca55e12164875ad0a87183fe531bc P 493be4abe83d46c1829e3d5cfc68a9de [CANDIDATE]: Term 1 election: Election decided. Result: candidate won. Election summary: received 2 responses out of 3 voters: 2 yes votes; 0 no votes. yes voters: 493be4abe83d46c1829e3d5cfc68a9de, c8a15b6a57804d05ada89b15de898a87; no voters:
I0220 18:44:24.935814 24570 raft_consensus.cc:2730] T 116ca55e12164875ad0a87183fe531bc P 493be4abe83d46c1829e3d5cfc68a9de [term 1 FOLLOWER]: Leader election won for term 1
I0220 18:44:24.935884 24570 raft_consensus.cc:686] T 116ca55e12164875ad0a87183fe531bc P 493be4abe83d46c1829e3d5cfc68a9de [term 1 LEADER]: Becoming Leader. State: Replica: 493be4abe83d46c1829e3d5cfc68a9de, State: Running, Role: LEADER
I0220 18:44:24.936026 24570 consensus_queue.cc:229] T 116ca55e12164875ad0a87183fe531bc P 493be4abe83d46c1829e3d5cfc68a9de [LEADER]: Queue going to LEADER mode. State: All replicated index: 0, Majority replicated index: 0, Committed index: 0, Last appended: 0.0, Last appended by leader: 0, Current term: 1, Majority size: 2, State: 0, Mode: LEADER, active raft config: opid_index: -1 OBSOLETE_local: false peers { permanent_uuid: "c8a15b6a57804d05ada89b15de898a87" member_type: VOTER last_known_addr { host: "127.23.135.130" port: 40621 } } peers { permanent_uuid: "bccadedc7a11414384f1d4875bf49aaa" member_type: VOTER last_known_addr { host: "127.23.135.131" port: 46803 } } peers { permanent_uuid: "493be4abe83d46c1829e3d5cfc68a9de" member_type: VOTER last_known_addr { host: "127.23.135.129" port: 35559 } }
I0220 18:44:24.937505 24128 catalog_manager.cc:4173] T 116ca55e12164875ad0a87183fe531bc P 493be4abe83d46c1829e3d5cfc68a9de reported cstate change: term changed from 0 to 1, leader changed from to 493be4abe83d46c1829e3d5cfc68a9de (127.23.135.129). New cstate: current_term: 1 leader_uuid: "493be4abe83d46c1829e3d5cfc68a9de" committed_config { opid_index: -1 OBSOLETE_local: false peers { permanent_uuid: "c8a15b6a57804d05ada89b15de898a87" member_type: VOTER last_known_addr { host: "127.23.135.130" port: 40621 } health_report { overall_health: UNKNOWN } } peers { permanent_uuid: "bccadedc7a11414384f1d4875bf49aaa" member_type: VOTER last_known_addr { host: "127.23.135.131" port: 46803 } health_report { overall_health: UNKNOWN } } peers { permanent_uuid: "493be4abe83d46c1829e3d5cfc68a9de" member_type: VOTER last_known_addr { host: "127.23.135.129" port: 35559 } health_report { overall_health: HEALTHY } } }
I0220 18:44:24.941610 24571 raft_consensus.cc:482] T 827aa98f727b4da6a5015391b4da1960 P c8a15b6a57804d05ada89b15de898a87 [term 0 FOLLOWER]: Starting pre-election (no leader contacted us within the election timeout)
I0220 18:44:24.941694 24571 raft_consensus.cc:504] T 827aa98f727b4da6a5015391b4da1960 P c8a15b6a57804d05ada89b15de898a87 [term 0 FOLLOWER]: Starting pre-election with config: opid_index: -1 OBSOLETE_local: false peers { permanent_uuid: "493be4abe83d46c1829e3d5cfc68a9de" member_type: VOTER last_known_addr { host: "127.23.135.129" port: 35559 } } peers { permanent_uuid: "c8a15b6a57804d05ada89b15de898a87" member_type: VOTER last_known_addr { host: "127.23.135.130" port: 40621 } } peers { permanent_uuid: "bccadedc7a11414384f1d4875bf49aaa" member_type: VOTER last_known_addr { host: "127.23.135.131" port: 46803 } }
I0220 18:44:24.942484 24571 leader_election.cc:293] T 827aa98f727b4da6a5015391b4da1960 P c8a15b6a57804d05ada89b15de898a87 [CANDIDATE]: Term 1 pre-election: Requested pre-vote from peers 493be4abe83d46c1829e3d5cfc68a9de (127.23.135.129:35559), bccadedc7a11414384f1d4875bf49aaa (127.23.135.131:46803)
I0220 18:44:24.942538 24570 raft_consensus.cc:482] T 827aa98f727b4da6a5015391b4da1960 P 493be4abe83d46c1829e3d5cfc68a9de [term 0 FOLLOWER]: Starting pre-election (no leader contacted us within the election timeout)
I0220 18:44:24.942621 24570 raft_consensus.cc:504] T 827aa98f727b4da6a5015391b4da1960 P 493be4abe83d46c1829e3d5cfc68a9de [term 0 FOLLOWER]: Starting pre-election with config: opid_index: -1 OBSOLETE_local: false peers { permanent_uuid: "493be4abe83d46c1829e3d5cfc68a9de" member_type: VOTER last_known_addr { host: "127.23.135.129" port: 35559 } } peers { permanent_uuid: "c8a15b6a57804d05ada89b15de898a87" member_type: VOTER last_known_addr { host: "127.23.135.130" port: 40621 } } peers { permanent_uuid: "bccadedc7a11414384f1d4875bf49aaa" member_type: VOTER last_known_addr { host: "127.23.135.131" port: 46803 } }
I0220 18:44:24.942878 24570 leader_election.cc:293] T 827aa98f727b4da6a5015391b4da1960 P 493be4abe83d46c1829e3d5cfc68a9de [CANDIDATE]: Term 1 pre-election: Requested pre-vote from peers c8a15b6a57804d05ada89b15de898a87 (127.23.135.130:40621), bccadedc7a11414384f1d4875bf49aaa (127.23.135.131:46803)
I0220 18:44:24.943349 24377 tablet_service.cc:1340] Received RequestConsensusVote() RPC: tablet_id: "827aa98f727b4da6a5015391b4da1960" candidate_uuid: "493be4abe83d46c1829e3d5cfc68a9de" candidate_term: 1 candidate_status { last_received { term: 0 index: 0 } } ignore_live_leader: false dest_uuid: "c8a15b6a57804d05ada89b15de898a87" is_pre_election: true
I0220 18:44:24.943377 24500 tablet_service.cc:1340] Received RequestConsensusVote() RPC: tablet_id: "827aa98f727b4da6a5015391b4da1960" candidate_uuid: "493be4abe83d46c1829e3d5cfc68a9de" candidate_term: 1 candidate_status { last_received { term: 0 index: 0 } } ignore_live_leader: false dest_uuid: "bccadedc7a11414384f1d4875bf49aaa" is_pre_election: true
I0220 18:44:24.943429 24377 raft_consensus.cc:2414] T 827aa98f727b4da6a5015391b4da1960 P c8a15b6a57804d05ada89b15de898a87 [term 0 FOLLOWER]: Leader pre-election vote request: Granting yes vote for candidate 493be4abe83d46c1829e3d5cfc68a9de in term 0.
I0220 18:44:24.943444 24500 raft_consensus.cc:2414] T 827aa98f727b4da6a5015391b4da1960 P bccadedc7a11414384f1d4875bf49aaa [term 0 FOLLOWER]: Leader pre-election vote request: Granting yes vote for candidate 493be4abe83d46c1829e3d5cfc68a9de in term 0.
I0220 18:44:24.943722 24183 leader_election.cc:307] T 827aa98f727b4da6a5015391b4da1960 P 493be4abe83d46c1829e3d5cfc68a9de [CANDIDATE]: Term 1 pre-election: Election decided. Result: candidate won. Election summary: received 2 responses out of 3 voters: 2 yes votes; 0 no votes. yes voters: 493be4abe83d46c1829e3d5cfc68a9de, c8a15b6a57804d05ada89b15de898a87; no voters:
I0220 18:44:24.943845 24570 raft_consensus.cc:2730] T 827aa98f727b4da6a5015391b4da1960 P 493be4abe83d46c1829e3d5cfc68a9de [term 0 FOLLOWER]: Leader pre-election won for term 1
I0220 18:44:24.943902 24570 raft_consensus.cc:482] T 827aa98f727b4da6a5015391b4da1960 P 493be4abe83d46c1829e3d5cfc68a9de [term 0 FOLLOWER]: Starting leader election (no leader contacted us within the election timeout)
I0220 18:44:24.943958 24570 raft_consensus.cc:2983] T 827aa98f727b4da6a5015391b4da1960 P 493be4abe83d46c1829e3d5cfc68a9de [term 0 FOLLOWER]: Advancing to term 1
I0220 18:44:24.944219 24576 raft_consensus.cc:482] T a7a069dabd5b4df28954b6833f23ab31 P bccadedc7a11414384f1d4875bf49aaa [term 0 FOLLOWER]: Starting pre-election (no leader contacted us within the election timeout)
I0220 18:44:24.944332 24576 raft_consensus.cc:504] T a7a069dabd5b4df28954b6833f23ab31 P bccadedc7a11414384f1d4875bf49aaa [term 0 FOLLOWER]: Starting pre-election with config: opid_index: -1 OBSOLETE_local: false peers { permanent_uuid: "c8a15b6a57804d05ada89b15de898a87" member_type: VOTER last_known_addr { host: "127.23.135.130" port: 40621 } } peers { permanent_uuid: "493be4abe83d46c1829e3d5cfc68a9de" member_type: VOTER last_known_addr { host: "127.23.135.129" port: 35559 } } peers { permanent_uuid: "bccadedc7a11414384f1d4875bf49aaa" member_type: VOTER last_known_addr { host: "127.23.135.131" port: 46803 } }
I0220 18:44:24.944873 24570 raft_consensus.cc:504] T 827aa98f727b4da6a5015391b4da1960 P 493be4abe83d46c1829e3d5cfc68a9de [term 1 FOLLOWER]: Starting leader election with config: opid_index: -1 OBSOLETE_local: false peers { permanent_uuid: "493be4abe83d46c1829e3d5cfc68a9de" member_type: VOTER last_known_addr { host: "127.23.135.129" port: 35559 } } peers { permanent_uuid: "c8a15b6a57804d05ada89b15de898a87" member_type: VOTER last_known_addr { host: "127.23.135.130" port: 40621 } } peers { permanent_uuid: "bccadedc7a11414384f1d4875bf49aaa" member_type: VOTER last_known_addr { host: "127.23.135.131" port: 46803 } }
I0220 18:44:24.944973 24377 tablet_service.cc:1340] Received RequestConsensusVote() RPC: tablet_id: "a7a069dabd5b4df28954b6833f23ab31" candidate_uuid: "bccadedc7a11414384f1d4875bf49aaa" candidate_term: 1 candidate_status { last_received { term: 0 index: 0 } } ignore_live_leader: false dest_uuid: "c8a15b6a57804d05ada89b15de898a87" is_pre_election: true
I0220 18:44:24.945034 24377 raft_consensus.cc:2414] T a7a069dabd5b4df28954b6833f23ab31 P c8a15b6a57804d05ada89b15de898a87 [term 0 FOLLOWER]: Leader pre-election vote request: Granting yes vote for candidate bccadedc7a11414384f1d4875bf49aaa in term 0.
I0220 18:44:24.945168 24570 leader_election.cc:293] T 827aa98f727b4da6a5015391b4da1960 P 493be4abe83d46c1829e3d5cfc68a9de [CANDIDATE]: Term 1 election: Requested vote from peers c8a15b6a57804d05ada89b15de898a87 (127.23.135.130:40621), bccadedc7a11414384f1d4875bf49aaa (127.23.135.131:46803)
I0220 18:44:24.945327 24432 leader_election.cc:307] T a7a069dabd5b4df28954b6833f23ab31 P bccadedc7a11414384f1d4875bf49aaa [CANDIDATE]: Term 1 pre-election: Election decided. Result: candidate won. Election summary: received 2 responses out of 3 voters: 2 yes votes; 0 no votes. yes voters: bccadedc7a11414384f1d4875bf49aaa, c8a15b6a57804d05ada89b15de898a87; no voters:
I0220 18:44:24.945482 24572 raft_consensus.cc:2730] T a7a069dabd5b4df28954b6833f23ab31 P bccadedc7a11414384f1d4875bf49aaa [term 0 FOLLOWER]: Leader pre-election won for term 1
I0220 18:44:24.945506 24572 raft_consensus.cc:482] T a7a069dabd5b4df28954b6833f23ab31 P bccadedc7a11414384f1d4875bf49aaa [term 0 FOLLOWER]: Starting leader election (no leader contacted us within the election timeout)
I0220 18:44:24.945523 24572 raft_consensus.cc:2983] T a7a069dabd5b4df28954b6833f23ab31 P bccadedc7a11414384f1d4875bf49aaa [term 0 FOLLOWER]: Advancing to term 1
I0220 18:44:24.946280 24572 raft_consensus.cc:504] T a7a069dabd5b4df28954b6833f23ab31 P bccadedc7a11414384f1d4875bf49aaa [term 1 FOLLOWER]: Starting leader election with config: opid_index: -1 OBSOLETE_local: false peers { permanent_uuid: "c8a15b6a57804d05ada89b15de898a87" member_type: VOTER last_known_addr { host: "127.23.135.130" port: 40621 } } peers { permanent_uuid: "493be4abe83d46c1829e3d5cfc68a9de" member_type: VOTER last_known_addr { host: "127.23.135.129" port: 35559 } } peers { permanent_uuid: "bccadedc7a11414384f1d4875bf49aaa" member_type: VOTER last_known_addr { host: "127.23.135.131" port: 46803 } }
I0220 18:44:24.946478 24572 leader_election.cc:293] T a7a069dabd5b4df28954b6833f23ab31 P bccadedc7a11414384f1d4875bf49aaa [CANDIDATE]: Term 1 election: Requested vote from peers c8a15b6a57804d05ada89b15de898a87 (127.23.135.130:40621), 493be4abe83d46c1829e3d5cfc68a9de (127.23.135.129:35559)
I0220 18:44:24.946748 24377 tablet_service.cc:1340] Received RequestConsensusVote() RPC: tablet_id: "a7a069dabd5b4df28954b6833f23ab31" candidate_uuid: "bccadedc7a11414384f1d4875bf49aaa" candidate_term: 1 candidate_status { last_received { term: 0 index: 0 } } ignore_live_leader: false dest_uuid: "c8a15b6a57804d05ada89b15de898a87"
I0220 18:44:24.946795 24377 raft_consensus.cc:2983] T a7a069dabd5b4df28954b6833f23ab31 P c8a15b6a57804d05ada89b15de898a87 [term 0 FOLLOWER]: Advancing to term 1
I0220 18:44:24.946883 24252 tablet_service.cc:1340] Received RequestConsensusVote() RPC: tablet_id: "a7a069dabd5b4df28954b6833f23ab31" candidate_uuid: "bccadedc7a11414384f1d4875bf49aaa" candidate_term: 1 candidate_status { last_received { term: 0 index: 0 } } ignore_live_leader: false dest_uuid: "493be4abe83d46c1829e3d5cfc68a9de"
I0220 18:44:24.946926 24252 raft_consensus.cc:2983] T a7a069dabd5b4df28954b6833f23ab31 P 493be4abe83d46c1829e3d5cfc68a9de [term 0 FOLLOWER]: Advancing to term 1
I0220 18:44:24.947562 24377 raft_consensus.cc:2414] T a7a069dabd5b4df28954b6833f23ab31 P c8a15b6a57804d05ada89b15de898a87 [term 1 FOLLOWER]: Leader election vote request: Granting yes vote for candidate bccadedc7a11414384f1d4875bf49aaa in term 1.
I0220 18:44:24.947809 24252 raft_consensus.cc:2414] T a7a069dabd5b4df28954b6833f23ab31 P 493be4abe83d46c1829e3d5cfc68a9de [term 1 FOLLOWER]: Leader election vote request: Granting yes vote for candidate bccadedc7a11414384f1d4875bf49aaa in term 1.
I0220 18:44:24.947856 24432 leader_election.cc:307] T a7a069dabd5b4df28954b6833f23ab31 P bccadedc7a11414384f1d4875bf49aaa [CANDIDATE]: Term 1 election: Election decided. Result: candidate won. Election summary: received 2 responses out of 3 voters: 2 yes votes; 0 no votes. yes voters: bccadedc7a11414384f1d4875bf49aaa, c8a15b6a57804d05ada89b15de898a87; no voters:
I0220 18:44:24.947914 24251 tablet_service.cc:1340] Received RequestConsensusVote() RPC: tablet_id: "827aa98f727b4da6a5015391b4da1960" candidate_uuid: "c8a15b6a57804d05ada89b15de898a87" candidate_term: 1 candidate_status { last_received { term: 0 index: 0 } } ignore_live_leader: false dest_uuid: "493be4abe83d46c1829e3d5cfc68a9de" is_pre_election: true
I0220 18:44:24.947973 24572 raft_consensus.cc:2730] T a7a069dabd5b4df28954b6833f23ab31 P bccadedc7a11414384f1d4875bf49aaa [term 1 FOLLOWER]: Leader election won for term 1
I0220 18:44:24.948025 24251 raft_consensus.cc:2339] T 827aa98f727b4da6a5015391b4da1960 P 493be4abe83d46c1829e3d5cfc68a9de [term 1 FOLLOWER]: Leader pre-election vote request: Denying vote to candidate c8a15b6a57804d05ada89b15de898a87 in current term 1: Already voted for candidate 493be4abe83d46c1829e3d5cfc68a9de in this term.
I0220 18:44:24.948128 24572 raft_consensus.cc:686] T a7a069dabd5b4df28954b6833f23ab31 P bccadedc7a11414384f1d4875bf49aaa [term 1 LEADER]: Becoming Leader. State: Replica: bccadedc7a11414384f1d4875bf49aaa, State: Running, Role: LEADER
