I0220 18:44:25.580174 24499 raft_consensus.cc:2339] T 2ca7a33c93d548f49d2a4b1eeca470ca P bccadedc7a11414384f1d4875bf49aaa [term 2 FOLLOWER]: Leader election vote request: Denying vote to candidate c8a15b6a57804d05ada89b15de898a87 in current term 2: Already voted for candidate bccadedc7a11414384f1d4875bf49aaa in this term.
I0220 18:44:25.580269 24648 leader_election.cc:293] T 2ca7a33c93d548f49d2a4b1eeca470ca P bccadedc7a11414384f1d4875bf49aaa [CANDIDATE]: Term 2 election: Requested vote from peers c8a15b6a57804d05ada89b15de898a87 (127.23.135.130:40621), 493be4abe83d46c1829e3d5cfc68a9de (127.23.135.129:35559)
I0220 18:44:25.580334 24648 raft_consensus.cc:2730] T 827aa98f727b4da6a5015391b4da1960 P bccadedc7a11414384f1d4875bf49aaa [term 2 FOLLOWER]: Leader election won for term 2
I0220 18:44:25.580390 24648 raft_consensus.cc:686] T 827aa98f727b4da6a5015391b4da1960 P bccadedc7a11414384f1d4875bf49aaa [term 2 LEADER]: Becoming Leader. State: Replica: bccadedc7a11414384f1d4875bf49aaa, State: Running, Role: LEADER
I0220 18:44:25.580513 24648 consensus_queue.cc:229] T 827aa98f727b4da6a5015391b4da1960 P bccadedc7a11414384f1d4875bf49aaa [LEADER]: Queue going to LEADER mode. State: All replicated index: 0, Majority replicated index: 16, Committed index: 16, Last appended: 1.16, Last appended by leader: 16, Current term: 2, Majority size: 2, State: 0, Mode: LEADER, active raft config: opid_index: -1 OBSOLETE_local: false peers { permanent_uuid: "493be4abe83d46c1829e3d5cfc68a9de" member_type: VOTER last_known_addr { host: "127.23.135.129" port: 35559 } } peers { permanent_uuid: "c8a15b6a57804d05ada89b15de898a87" member_type: VOTER last_known_addr { host: "127.23.135.130" port: 40621 } } peers { permanent_uuid: "bccadedc7a11414384f1d4875bf49aaa" member_type: VOTER last_known_addr { host: "127.23.135.131" port: 46803 } }
W0220 18:44:25.580828 24433 leader_election.cc:339] T 2ca7a33c93d548f49d2a4b1eeca470ca P bccadedc7a11414384f1d4875bf49aaa [CANDIDATE]: Term 2 election: RPC error from VoteRequest() call to peer 493be4abe83d46c1829e3d5cfc68a9de (127.23.135.129:35559): Network error: Client connection negotiation failed: client connection to 127.23.135.129:35559: connect: Connection refused (error 111)
I0220 18:44:25.581151 24308 leader_election.cc:307] T 2ca7a33c93d548f49d2a4b1eeca470ca P c8a15b6a57804d05ada89b15de898a87 [CANDIDATE]: Term 2 election: Election decided. Result: candidate lost. Election summary: received 3 responses out of 3 voters: 1 yes votes; 2 no votes. yes voters: c8a15b6a57804d05ada89b15de898a87; no voters: 493be4abe83d46c1829e3d5cfc68a9de, bccadedc7a11414384f1d4875bf49aaa
I0220 18:44:25.581267 24571 raft_consensus.cc:2675] T 2ca7a33c93d548f49d2a4b1eeca470ca P c8a15b6a57804d05ada89b15de898a87 [term 2 FOLLOWER]: Leader election lost for term 2. Reason: could not achieve majority
I0220 18:44:25.581282 24375 tablet_service.cc:1340] Received RequestConsensusVote() RPC: tablet_id: "2ca7a33c93d548f49d2a4b1eeca470ca" candidate_uuid: "bccadedc7a11414384f1d4875bf49aaa" candidate_term: 2 candidate_status { last_received { term: 1 index: 16 } } ignore_live_leader: false dest_uuid: "c8a15b6a57804d05ada89b15de898a87"
I0220 18:44:25.581358 24375 raft_consensus.cc:2339] T 2ca7a33c93d548f49d2a4b1eeca470ca P c8a15b6a57804d05ada89b15de898a87 [term 2 FOLLOWER]: Leader election vote request: Denying vote to candidate bccadedc7a11414384f1d4875bf49aaa in current term 2: Already voted for candidate c8a15b6a57804d05ada89b15de898a87 in this term.
I0220 18:44:25.581612 24432 leader_election.cc:307] T 2ca7a33c93d548f49d2a4b1eeca470ca P bccadedc7a11414384f1d4875bf49aaa [CANDIDATE]: Term 2 election: Election decided. Result: candidate lost. Election summary: received 3 responses out of 3 voters: 1 yes votes; 2 no votes. yes voters: bccadedc7a11414384f1d4875bf49aaa; no voters: 493be4abe83d46c1829e3d5cfc68a9de, c8a15b6a57804d05ada89b15de898a87
I0220 18:44:25.581759 24646 raft_consensus.cc:2675] T 2ca7a33c93d548f49d2a4b1eeca470ca P bccadedc7a11414384f1d4875bf49aaa [term 2 FOLLOWER]: Leader election lost for term 2. Reason: could not achieve majority
I0220 18:44:25.581807 24128 catalog_manager.cc:4173] T 827aa98f727b4da6a5015391b4da1960 P bccadedc7a11414384f1d4875bf49aaa reported cstate change: term changed from 1 to 2, leader changed from 493be4abe83d46c1829e3d5cfc68a9de (127.23.135.129) to bccadedc7a11414384f1d4875bf49aaa (127.23.135.131). New cstate: current_term: 2 leader_uuid: "bccadedc7a11414384f1d4875bf49aaa" committed_config { opid_index: -1 OBSOLETE_local: false peers { permanent_uuid: "493be4abe83d46c1829e3d5cfc68a9de" member_type: VOTER last_known_addr { host: "127.23.135.129" port: 35559 } health_report { overall_health: UNKNOWN } } peers { permanent_uuid: "c8a15b6a57804d05ada89b15de898a87" member_type: VOTER last_known_addr { host: "127.23.135.130" port: 40621 } health_report { overall_health: UNKNOWN } } peers { permanent_uuid: "bccadedc7a11414384f1d4875bf49aaa" member_type: VOTER last_known_addr { host: "127.23.135.131" port: 46803 } health_report { overall_health: HEALTHY } } }
W0220 18:44:25.582566 24335 tablet_service.cc:670] failed transaction from {username='slave'} at 127.0.0.1:54622: Illegal state: Replica c8a15b6a57804d05ada89b15de898a87 is not leader of this config. Role: FOLLOWER. Consensus state: current_term: 1 leader_uuid: "493be4abe83d46c1829e3d5cfc68a9de" committed_config { opid_index: -1 OBSOLETE_local: false peers { permanent_uuid: "c8a15b6a57804d05ada89b15de898a87" member_type: VOTER last_known_addr { host: "127.23.135.130" port: 40621 } } peers { permanent_uuid: "bccadedc7a11414384f1d4875bf49aaa" member_type: VOTER last_known_addr { host: "127.23.135.131" port: 46803 } } peers { permanent_uuid: "493be4abe83d46c1829e3d5cfc68a9de" member_type: VOTER last_known_addr { host: "127.23.135.129" port: 35559 } } }
W0220 18:44:25.582582 24455 tablet_service.cc:670] failed transaction from {username='slave'} at 127.0.0.1:45212: Illegal state: Replica bccadedc7a11414384f1d4875bf49aaa is not leader of this config. Role: FOLLOWER. Consensus state: current_term: 2 committed_config { opid_index: -1 OBSOLETE_local: false peers { permanent_uuid: "c8a15b6a57804d05ada89b15de898a87" member_type: VOTER last_known_addr { host: "127.23.135.130" port: 40621 } } peers { permanent_uuid: "493be4abe83d46c1829e3d5cfc68a9de" member_type: VOTER last_known_addr { host: "127.23.135.129" port: 35559 } } peers { permanent_uuid: "bccadedc7a11414384f1d4875bf49aaa" member_type: VOTER last_known_addr { host: "127.23.135.131" port: 46803 } } }
I0220 18:44:25.583284 24646 raft_consensus.cc:482] T 116ca55e12164875ad0a87183fe531bc P bccadedc7a11414384f1d4875bf49aaa [term 1 FOLLOWER]: Starting pre-election (detected failure of leader 493be4abe83d46c1829e3d5cfc68a9de)
I0220 18:44:25.583357 24646 raft_consensus.cc:504] T 116ca55e12164875ad0a87183fe531bc P bccadedc7a11414384f1d4875bf49aaa [term 1 FOLLOWER]: Starting pre-election with config: opid_index: -1 OBSOLETE_local: false peers { permanent_uuid: "c8a15b6a57804d05ada89b15de898a87" member_type: VOTER last_known_addr { host: "127.23.135.130" port: 40621 } } peers { permanent_uuid: "bccadedc7a11414384f1d4875bf49aaa" member_type: VOTER last_known_addr { host: "127.23.135.131" port: 46803 } } peers { permanent_uuid: "493be4abe83d46c1829e3d5cfc68a9de" member_type: VOTER last_known_addr { host: "127.23.135.129" port: 35559 } }
I0220 18:44:25.583580 24646 leader_election.cc:293] T 116ca55e12164875ad0a87183fe531bc P bccadedc7a11414384f1d4875bf49aaa [CANDIDATE]: Term 2 pre-election: Requested pre-vote from peers c8a15b6a57804d05ada89b15de898a87 (127.23.135.130:40621), 493be4abe83d46c1829e3d5cfc68a9de (127.23.135.129:35559)
W0220 18:44:25.584033 24433 leader_election.cc:339] T 116ca55e12164875ad0a87183fe531bc P bccadedc7a11414384f1d4875bf49aaa [CANDIDATE]: Term 2 pre-election: RPC error from VoteRequest() call to peer 493be4abe83d46c1829e3d5cfc68a9de (127.23.135.129:35559): Network error: Client connection negotiation failed: client connection to 127.23.135.129:35559: connect: Connection refused (error 111)
I0220 18:44:25.584116 24375 tablet_service.cc:1340] Received RequestConsensusVote() RPC: tablet_id: "116ca55e12164875ad0a87183fe531bc" candidate_uuid: "bccadedc7a11414384f1d4875bf49aaa" candidate_term: 2 candidate_status { last_received { term: 1 index: 16 } } ignore_live_leader: false dest_uuid: "c8a15b6a57804d05ada89b15de898a87" is_pre_election: true
I0220 18:44:25.584174 24375 raft_consensus.cc:2414] T 116ca55e12164875ad0a87183fe531bc P c8a15b6a57804d05ada89b15de898a87 [term 1 FOLLOWER]: Leader pre-election vote request: Granting yes vote for candidate bccadedc7a11414384f1d4875bf49aaa in term 1.
W0220 18:44:25.584554 24335 tablet_service.cc:670] failed transaction from {username='slave'} at 127.0.0.1:54622: Illegal state: Replica c8a15b6a57804d05ada89b15de898a87 is not leader of this config. Role: FOLLOWER. Consensus state: current_term: 1 leader_uuid: "493be4abe83d46c1829e3d5cfc68a9de" committed_config { opid_index: -1 OBSOLETE_local: false peers { permanent_uuid: "c8a15b6a57804d05ada89b15de898a87" member_type: VOTER last_known_addr { host: "127.23.135.130" port: 40621 } } peers { permanent_uuid: "bccadedc7a11414384f1d4875bf49aaa" member_type: VOTER last_known_addr { host: "127.23.135.131" port: 46803 } } peers { permanent_uuid: "493be4abe83d46c1829e3d5cfc68a9de" member_type: VOTER last_known_addr { host: "127.23.135.129" port: 35559 } } }
W0220 18:44:25.584837 24455 tablet_service.cc:670] failed transaction from {username='slave'} at 127.0.0.1:45212: Illegal state: Replica bccadedc7a11414384f1d4875bf49aaa is not leader of this config. Role: FOLLOWER. Consensus state: current_term: 2 committed_config { opid_index: -1 OBSOLETE_local: false peers { permanent_uuid: "c8a15b6a57804d05ada89b15de898a87" member_type: VOTER last_known_addr { host: "127.23.135.130" port: 40621 } } peers { permanent_uuid: "493be4abe83d46c1829e3d5cfc68a9de" member_type: VOTER last_known_addr { host: "127.23.135.129" port: 35559 } } peers { permanent_uuid: "bccadedc7a11414384f1d4875bf49aaa" member_type: VOTER last_known_addr { host: "127.23.135.131" port: 46803 } } }
I0220 18:44:25.585124 24432 leader_election.cc:307] T 116ca55e12164875ad0a87183fe531bc P bccadedc7a11414384f1d4875bf49aaa [CANDIDATE]: Term 2 pre-election: Election decided. Result: candidate won. Election summary: received 3 responses out of 3 voters: 2 yes votes; 1 no votes. yes voters: bccadedc7a11414384f1d4875bf49aaa, c8a15b6a57804d05ada89b15de898a87; no voters: 493be4abe83d46c1829e3d5cfc68a9de
I0220 18:44:25.585409 24646 raft_consensus.cc:2730] T 116ca55e12164875ad0a87183fe531bc P bccadedc7a11414384f1d4875bf49aaa [term 1 FOLLOWER]: Leader pre-election won for term 2
I0220 18:44:25.585439 24646 raft_consensus.cc:482] T 116ca55e12164875ad0a87183fe531bc P bccadedc7a11414384f1d4875bf49aaa [term 1 FOLLOWER]: Starting leader election (detected failure of leader 493be4abe83d46c1829e3d5cfc68a9de)
I0220 18:44:25.585455 24646 raft_consensus.cc:2983] T 116ca55e12164875ad0a87183fe531bc P bccadedc7a11414384f1d4875bf49aaa [term 1 FOLLOWER]: Advancing to term 2
I0220 18:44:25.586299 24646 raft_consensus.cc:504] T 116ca55e12164875ad0a87183fe531bc P bccadedc7a11414384f1d4875bf49aaa [term 2 FOLLOWER]: Starting leader election with config: opid_index: -1 OBSOLETE_local: false peers { permanent_uuid: "c8a15b6a57804d05ada89b15de898a87" member_type: VOTER last_known_addr { host: "127.23.135.130" port: 40621 } } peers { permanent_uuid: "bccadedc7a11414384f1d4875bf49aaa" member_type: VOTER last_known_addr { host: "127.23.135.131" port: 46803 } } peers { permanent_uuid: "493be4abe83d46c1829e3d5cfc68a9de" member_type: VOTER last_known_addr { host: "127.23.135.129" port: 35559 } }
I0220 18:44:25.586522 24646 leader_election.cc:293] T 116ca55e12164875ad0a87183fe531bc P bccadedc7a11414384f1d4875bf49aaa [CANDIDATE]: Term 2 election: Requested vote from peers c8a15b6a57804d05ada89b15de898a87 (127.23.135.130:40621), 493be4abe83d46c1829e3d5cfc68a9de (127.23.135.129:35559)
I0220 18:44:25.586591 24375 raft_consensus.cc:1210] T 827aa98f727b4da6a5015391b4da1960 P c8a15b6a57804d05ada89b15de898a87 [term 2 FOLLOWER]: Refusing update from remote peer bccadedc7a11414384f1d4875bf49aaa: Log matching property violated. Preceding OpId in replica: term: 1 index: 16. Preceding OpId from leader: term: 2 index: 18. (index mismatch)
W0220 18:44:25.586616 24433 consensus_peers.cc:472] T 827aa98f727b4da6a5015391b4da1960 P bccadedc7a11414384f1d4875bf49aaa -> Peer 493be4abe83d46c1829e3d5cfc68a9de (127.23.135.129:35559): Couldn't send request to peer 493be4abe83d46c1829e3d5cfc68a9de. Status: Network error: Client connection negotiation failed: client connection to 127.23.135.129:35559: connect: Connection refused (error 111). This is attempt 1: this message will repeat every 5th retry.
I0220 18:44:25.586899 24375 tablet_service.cc:1340] Received RequestConsensusVote() RPC: tablet_id: "116ca55e12164875ad0a87183fe531bc" candidate_uuid: "bccadedc7a11414384f1d4875bf49aaa" candidate_term: 2 candidate_status { last_received { term: 1 index: 16 } } ignore_live_leader: false dest_uuid: "c8a15b6a57804d05ada89b15de898a87"
I0220 18:44:25.586946 24375 raft_consensus.cc:2983] T 116ca55e12164875ad0a87183fe531bc P c8a15b6a57804d05ada89b15de898a87 [term 1 FOLLOWER]: Advancing to term 2
W0220 18:44:25.586993 24433 leader_election.cc:339] T 116ca55e12164875ad0a87183fe531bc P bccadedc7a11414384f1d4875bf49aaa [CANDIDATE]: Term 2 election: RPC error from VoteRequest() call to peer 493be4abe83d46c1829e3d5cfc68a9de (127.23.135.129:35559): Network error: Client connection negotiation failed: client connection to 127.23.135.129:35559: connect: Connection refused (error 111)
I0220 18:44:25.587532 24375 raft_consensus.cc:2414] T 116ca55e12164875ad0a87183fe531bc P c8a15b6a57804d05ada89b15de898a87 [term 2 FOLLOWER]: Leader election vote request: Granting yes vote for candidate bccadedc7a11414384f1d4875bf49aaa in term 2.
I0220 18:44:25.587730 24646 consensus_queue.cc:1005] T 827aa98f727b4da6a5015391b4da1960 P bccadedc7a11414384f1d4875bf49aaa [LEADER]: Connected to new peer: Peer: permanent_uuid: "c8a15b6a57804d05ada89b15de898a87" member_type: VOTER last_known_addr { host: "127.23.135.130" port: 40621 }, Status: LMP_MISMATCH, Last received: 0.0, Next index: 17, Last known committed idx: 15, Time since last communication: 0.000s
I0220 18:44:25.587821 24432 leader_election.cc:307] T 116ca55e12164875ad0a87183fe531bc P bccadedc7a11414384f1d4875bf49aaa [CANDIDATE]: Term 2 election: Election decided. Result: candidate won. Election summary: received 3 responses out of 3 voters: 2 yes votes; 1 no votes. yes voters: bccadedc7a11414384f1d4875bf49aaa, c8a15b6a57804d05ada89b15de898a87; no voters: 493be4abe83d46c1829e3d5cfc68a9de
I0220 18:44:25.587921 24646 raft_consensus.cc:2730] T 116ca55e12164875ad0a87183fe531bc P bccadedc7a11414384f1d4875bf49aaa [term 2 FOLLOWER]: Leader election won for term 2
I0220 18:44:25.587975 24646 raft_consensus.cc:686] T 116ca55e12164875ad0a87183fe531bc P bccadedc7a11414384f1d4875bf49aaa [term 2 LEADER]: Becoming Leader. State: Replica: bccadedc7a11414384f1d4875bf49aaa, State: Running, Role: LEADER
I0220 18:44:25.588102 24646 consensus_queue.cc:229] T 116ca55e12164875ad0a87183fe531bc P bccadedc7a11414384f1d4875bf49aaa [LEADER]: Queue going to LEADER mode. State: All replicated index: 0, Majority replicated index: 14, Committed index: 14, Last appended: 1.16, Last appended by leader: 16, Current term: 2, Majority size: 2, State: 0, Mode: LEADER, active raft config: opid_index: -1 OBSOLETE_local: false peers { permanent_uuid: "c8a15b6a57804d05ada89b15de898a87" member_type: VOTER last_known_addr { host: "127.23.135.130" port: 40621 } } peers { permanent_uuid: "bccadedc7a11414384f1d4875bf49aaa" member_type: VOTER last_known_addr { host: "127.23.135.131" port: 46803 } } peers { permanent_uuid: "493be4abe83d46c1829e3d5cfc68a9de" member_type: VOTER last_known_addr { host: "127.23.135.129" port: 35559 } }
I0220 18:44:25.590978 24128 catalog_manager.cc:4173] T 116ca55e12164875ad0a87183fe531bc P bccadedc7a11414384f1d4875bf49aaa reported cstate change: term changed from 1 to 2, leader changed from 493be4abe83d46c1829e3d5cfc68a9de (127.23.135.129) to bccadedc7a11414384f1d4875bf49aaa (127.23.135.131). New cstate: current_term: 2 leader_uuid: "bccadedc7a11414384f1d4875bf49aaa" committed_config { opid_index: -1 OBSOLETE_local: false peers { permanent_uuid: "c8a15b6a57804d05ada89b15de898a87" member_type: VOTER last_known_addr { host: "127.23.135.130" port: 40621 } health_report { overall_health: UNKNOWN } } peers { permanent_uuid: "bccadedc7a11414384f1d4875bf49aaa" member_type: VOTER last_known_addr { host: "127.23.135.131" port: 46803 } health_report { overall_health: HEALTHY } } peers { permanent_uuid: "493be4abe83d46c1829e3d5cfc68a9de" member_type: VOTER last_known_addr { host: "127.23.135.129" port: 35559 } health_report { overall_health: UNKNOWN } } }
W0220 18:44:25.606148 24433 consensus_peers.cc:472] T 116ca55e12164875ad0a87183fe531bc P bccadedc7a11414384f1d4875bf49aaa -> Peer 493be4abe83d46c1829e3d5cfc68a9de (127.23.135.129:35559): Couldn't send request to peer 493be4abe83d46c1829e3d5cfc68a9de. Status: Network error: Client connection negotiation failed: client connection to 127.23.135.129:35559: connect: Connection refused (error 111). This is attempt 1: this message will repeat every 5th retry.
I0220 18:44:25.606276 24377 raft_consensus.cc:1210] T 116ca55e12164875ad0a87183fe531bc P c8a15b6a57804d05ada89b15de898a87 [term 2 FOLLOWER]: Refusing update from remote peer bccadedc7a11414384f1d4875bf49aaa: Log matching property violated. Preceding OpId in replica: term: 1 index: 16. Preceding OpId from leader: term: 2 index: 18. (index mismatch)
I0220 18:44:25.606775 24648 consensus_queue.cc:1005] T 116ca55e12164875ad0a87183fe531bc P bccadedc7a11414384f1d4875bf49aaa [LEADER]: Connected to new peer: Peer: permanent_uuid: "c8a15b6a57804d05ada89b15de898a87" member_type: VOTER last_known_addr { host: "127.23.135.130" port: 40621 }, Status: LMP_MISMATCH, Last received: 0.0, Next index: 17, Last known committed idx: 14, Time since last communication: 0.000s
W0220 18:44:25.611479 24335 tablet_service.cc:670] failed transaction from {username='slave'} at 127.0.0.1:54622: Illegal state: Replica c8a15b6a57804d05ada89b15de898a87 is not leader of this config. Role: FOLLOWER. Consensus state: current_term: 2 committed_config { opid_index: -1 OBSOLETE_local: false peers { permanent_uuid: "c8a15b6a57804d05ada89b15de898a87" member_type: VOTER last_known_addr { host: "127.23.135.130" port: 40621 } } peers { permanent_uuid: "493be4abe83d46c1829e3d5cfc68a9de" member_type: VOTER last_known_addr { host: "127.23.135.129" port: 35559 } } peers { permanent_uuid: "bccadedc7a11414384f1d4875bf49aaa" member_type: VOTER last_known_addr { host: "127.23.135.131" port: 46803 } } }
W0220 18:44:25.616000 24335 tablet_service.cc:670] failed transaction from {username='slave'} at 127.0.0.1:54622: Illegal state: Replica c8a15b6a57804d05ada89b15de898a87 is not leader of this config. Role: FOLLOWER. Consensus state: current_term: 2 committed_config { opid_index: -1 OBSOLETE_local: false peers { permanent_uuid: "c8a15b6a57804d05ada89b15de898a87" member_type: VOTER last_known_addr { host: "127.23.135.130" port: 40621 } } peers { permanent_uuid: "493be4abe83d46c1829e3d5cfc68a9de" member_type: VOTER last_known_addr { host: "127.23.135.129" port: 35559 } } peers { permanent_uuid: "bccadedc7a11414384f1d4875bf49aaa" member_type: VOTER last_known_addr { host: "127.23.135.131" port: 46803 } } }
W0220 18:44:25.621496 24455 tablet_service.cc:670] failed transaction from {username='slave'} at 127.0.0.1:45212: Illegal state: Replica bccadedc7a11414384f1d4875bf49aaa is not leader of this config. Role: FOLLOWER. Consensus state: current_term: 2 committed_config { opid_index: -1 OBSOLETE_local: false peers { permanent_uuid: "c8a15b6a57804d05ada89b15de898a87" member_type: VOTER last_known_addr { host: "127.23.135.130" port: 40621 } } peers { permanent_uuid: "493be4abe83d46c1829e3d5cfc68a9de" member_type: VOTER last_known_addr { host: "127.23.135.129" port: 35559 } } peers { permanent_uuid: "bccadedc7a11414384f1d4875bf49aaa" member_type: VOTER last_known_addr { host: "127.23.135.131" port: 46803 } } }
W0220 18:44:25.633960 24335 tablet_service.cc:670] failed transaction from {username='slave'} at 127.0.0.1:54622: Illegal state: Replica c8a15b6a57804d05ada89b15de898a87 is not leader of this config. Role: FOLLOWER. Consensus state: current_term: 2 committed_config { opid_index: -1 OBSOLETE_local: false peers { permanent_uuid: "c8a15b6a57804d05ada89b15de898a87" member_type: VOTER last_known_addr { host: "127.23.135.130" port: 40621 } } peers { permanent_uuid: "493be4abe83d46c1829e3d5cfc68a9de" member_type: VOTER last_known_addr { host: "127.23.135.129" port: 35559 } } peers { permanent_uuid: "bccadedc7a11414384f1d4875bf49aaa" member_type: VOTER last_known_addr { host: "127.23.135.131" port: 46803 } } }
W0220 18:44:25.634784 24335 tablet_service.cc:670] failed transaction from {username='slave'} at 127.0.0.1:54622: Illegal state: Replica c8a15b6a57804d05ada89b15de898a87 is not leader of this config. Role: FOLLOWER. Consensus state: current_term: 2 committed_config { opid_index: -1 OBSOLETE_local: false peers { permanent_uuid: "c8a15b6a57804d05ada89b15de898a87" member_type: VOTER last_known_addr { host: "127.23.135.130" port: 40621 } } peers { permanent_uuid: "493be4abe83d46c1829e3d5cfc68a9de" member_type: VOTER last_known_addr { host: "127.23.135.129" port: 35559 } } peers { permanent_uuid: "bccadedc7a11414384f1d4875bf49aaa" member_type: VOTER last_known_addr { host: "127.23.135.131" port: 46803 } } }
W0220 18:44:25.643590 24455 tablet_service.cc:670] failed transaction from {username='slave'} at 127.0.0.1:45212: Illegal state: Replica bccadedc7a11414384f1d4875bf49aaa is not leader of this config. Role: FOLLOWER. Consensus state: current_term: 2 committed_config { opid_index: -1 OBSOLETE_local: false peers { permanent_uuid: "c8a15b6a57804d05ada89b15de898a87" member_type: VOTER last_known_addr { host: "127.23.135.130" port: 40621 } } peers { permanent_uuid: "493be4abe83d46c1829e3d5cfc68a9de" member_type: VOTER last_known_addr { host: "127.23.135.129" port: 35559 } } peers { permanent_uuid: "bccadedc7a11414384f1d4875bf49aaa" member_type: VOTER last_known_addr { host: "127.23.135.131" port: 46803 } } }
W0220 18:44:25.662456 24335 tablet_service.cc:670] failed transaction from {username='slave'} at 127.0.0.1:54622: Illegal state: Replica c8a15b6a57804d05ada89b15de898a87 is not leader of this config. Role: FOLLOWER. Consensus state: current_term: 2 committed_config { opid_index: -1 OBSOLETE_local: false peers { permanent_uuid: "c8a15b6a57804d05ada89b15de898a87" member_type: VOTER last_known_addr { host: "127.23.135.130" port: 40621 } } peers { permanent_uuid: "493be4abe83d46c1829e3d5cfc68a9de" member_type: VOTER last_known_addr { host: "127.23.135.129" port: 35559 } } peers { permanent_uuid: "bccadedc7a11414384f1d4875bf49aaa" member_type: VOTER last_known_addr { host: "127.23.135.131" port: 46803 } } }
W0220 18:44:25.662456 24455 tablet_service.cc:670] failed transaction from {username='slave'} at 127.0.0.1:45212: Illegal state: Replica bccadedc7a11414384f1d4875bf49aaa is not leader of this config. Role: FOLLOWER. Consensus state: current_term: 2 committed_config { opid_index: -1 OBSOLETE_local: false peers { permanent_uuid: "c8a15b6a57804d05ada89b15de898a87" member_type: VOTER last_known_addr { host: "127.23.135.130" port: 40621 } } peers { permanent_uuid: "493be4abe83d46c1829e3d5cfc68a9de" member_type: VOTER last_known_addr { host: "127.23.135.129" port: 35559 } } peers { permanent_uuid: "bccadedc7a11414384f1d4875bf49aaa" member_type: VOTER last_known_addr { host: "127.23.135.131" port: 46803 } } }
W0220 18:44:25.666409 24455 tablet_service.cc:670] failed transaction from {username='slave'} at 127.0.0.1:45212: Illegal state: Replica bccadedc7a11414384f1d4875bf49aaa is not leader of this config. Role: FOLLOWER. Consensus state: current_term: 2 committed_config { opid_index: -1 OBSOLETE_local: false peers { permanent_uuid: "c8a15b6a57804d05ada89b15de898a87" member_type: VOTER last_known_addr { host: "127.23.135.130" port: 40621 } } peers { permanent_uuid: "493be4abe83d46c1829e3d5cfc68a9de" member_type: VOTER last_known_addr { host: "127.23.135.129" port: 35559 } } peers { permanent_uuid: "bccadedc7a11414384f1d4875bf49aaa" member_type: VOTER last_known_addr { host: "127.23.135.131" port: 46803 } } }
W0220 18:44:25.671609 24455 tablet_service.cc:670] failed transaction from {username='slave'} at 127.0.0.1:45212: Illegal state: Replica bccadedc7a11414384f1d4875bf49aaa is not leader of this config. Role: FOLLOWER. Consensus state: current_term: 2 committed_config { opid_index: -1 OBSOLETE_local: false peers { permanent_uuid: "c8a15b6a57804d05ada89b15de898a87" member_type: VOTER last_known_addr { host: "127.23.135.130" port: 40621 } } peers { permanent_uuid: "493be4abe83d46c1829e3d5cfc68a9de" member_type: VOTER last_known_addr { host: "127.23.135.129" port: 35559 } } peers { permanent_uuid: "bccadedc7a11414384f1d4875bf49aaa" member_type: VOTER last_known_addr { host: "127.23.135.131" port: 46803 } } }
W0220 18:44:25.696595 24335 tablet_service.cc:670] failed transaction from {username='slave'} at 127.0.0.1:54622: Illegal state: Replica c8a15b6a57804d05ada89b15de898a87 is not leader of this config. Role: FOLLOWER. Consensus state: current_term: 2 committed_config { opid_index: -1 OBSOLETE_local: false peers { permanent_uuid: "c8a15b6a57804d05ada89b15de898a87" member_type: VOTER last_known_addr { host: "127.23.135.130" port: 40621 } } peers { permanent_uuid: "493be4abe83d46c1829e3d5cfc68a9de" member_type: VOTER last_known_addr { host: "127.23.135.129" port: 35559 } } peers { permanent_uuid: "bccadedc7a11414384f1d4875bf49aaa" member_type: VOTER last_known_addr { host: "127.23.135.131" port: 46803 } } }
W0220 18:44:25.698038 24335 tablet_service.cc:670] failed transaction from {username='slave'} at 127.0.0.1:54622: Illegal state: Replica c8a15b6a57804d05ada89b15de898a87 is not leader of this config. Role: FOLLOWER. Consensus state: current_term: 2 committed_config { opid_index: -1 OBSOLETE_local: false peers { permanent_uuid: "c8a15b6a57804d05ada89b15de898a87" member_type: VOTER last_known_addr { host: "127.23.135.130" port: 40621 } } peers { permanent_uuid: "493be4abe83d46c1829e3d5cfc68a9de" member_type: VOTER last_known_addr { host: "127.23.135.129" port: 35559 } } peers { permanent_uuid: "bccadedc7a11414384f1d4875bf49aaa" member_type: VOTER last_known_addr { host: "127.23.135.131" port: 46803 } } }
W0220 18:44:25.712496 24455 tablet_service.cc:670] failed transaction from {username='slave'} at 127.0.0.1:45212: Illegal state: Replica bccadedc7a11414384f1d4875bf49aaa is not leader of this config. Role: FOLLOWER. Consensus state: current_term: 2 committed_config { opid_index: -1 OBSOLETE_local: false peers { permanent_uuid: "c8a15b6a57804d05ada89b15de898a87" member_type: VOTER last_known_addr { host: "127.23.135.130" port: 40621 } } peers { permanent_uuid: "493be4abe83d46c1829e3d5cfc68a9de" member_type: VOTER last_known_addr { host: "127.23.135.129" port: 35559 } } peers { permanent_uuid: "bccadedc7a11414384f1d4875bf49aaa" member_type: VOTER last_known_addr { host: "127.23.135.131" port: 46803 } } }
W0220 18:44:25.719715 24455 tablet_service.cc:670] failed transaction from {username='slave'} at 127.0.0.1:45212: Illegal state: Replica bccadedc7a11414384f1d4875bf49aaa is not leader of this config. Role: FOLLOWER. Consensus state: current_term: 2 committed_config { opid_index: -1 OBSOLETE_local: false peers { permanent_uuid: "c8a15b6a57804d05ada89b15de898a87" member_type: VOTER last_known_addr { host: "127.23.135.130" port: 40621 } } peers { permanent_uuid: "493be4abe83d46c1829e3d5cfc68a9de" member_type: VOTER last_known_addr { host: "127.23.135.129" port: 35559 } } peers { permanent_uuid: "bccadedc7a11414384f1d4875bf49aaa" member_type: VOTER last_known_addr { host: "127.23.135.131" port: 46803 } } }
W0220 18:44:25.742345 24335 tablet_service.cc:670] failed transaction from {username='slave'} at 127.0.0.1:54622: Illegal state: Replica c8a15b6a57804d05ada89b15de898a87 is not leader of this config. Role: FOLLOWER. Consensus state: current_term: 2 committed_config { opid_index: -1 OBSOLETE_local: false peers { permanent_uuid: "c8a15b6a57804d05ada89b15de898a87" member_type: VOTER last_known_addr { host: "127.23.135.130" port: 40621 } } peers { permanent_uuid: "493be4abe83d46c1829e3d5cfc68a9de" member_type: VOTER last_known_addr { host: "127.23.135.129" port: 35559 } } peers { permanent_uuid: "bccadedc7a11414384f1d4875bf49aaa" member_type: VOTER last_known_addr { host: "127.23.135.131" port: 46803 } } }
W0220 18:44:25.748634 24335 tablet_service.cc:670] failed transaction from {username='slave'} at 127.0.0.1:54622: Illegal state: Replica c8a15b6a57804d05ada89b15de898a87 is not leader of this config. Role: FOLLOWER. Consensus state: current_term: 2 committed_config { opid_index: -1 OBSOLETE_local: false peers { permanent_uuid: "c8a15b6a57804d05ada89b15de898a87" member_type: VOTER last_known_addr { host: "127.23.135.130" port: 40621 } } peers { permanent_uuid: "493be4abe83d46c1829e3d5cfc68a9de" member_type: VOTER last_known_addr { host: "127.23.135.129" port: 35559 } } peers { permanent_uuid: "bccadedc7a11414384f1d4875bf49aaa" member_type: VOTER last_known_addr { host: "127.23.135.131" port: 46803 } } }
W0220 18:44:25.757208 24454 tablet_service.cc:670] failed transaction from {username='slave'} at 127.0.0.1:45212: Illegal state: Replica bccadedc7a11414384f1d4875bf49aaa is not leader of this config. Role: FOLLOWER. Consensus state: current_term: 2 committed_config { opid_index: -1 OBSOLETE_local: false peers { permanent_uuid: "c8a15b6a57804d05ada89b15de898a87" member_type: VOTER last_known_addr { host: "127.23.135.130" port: 40621 } } peers { permanent_uuid: "493be4abe83d46c1829e3d5cfc68a9de" member_type: VOTER last_known_addr { host: "127.23.135.129" port: 35559 } } peers { permanent_uuid: "bccadedc7a11414384f1d4875bf49aaa" member_type: VOTER last_known_addr { host: "127.23.135.131" port: 46803 } } }
W0220 18:44:25.757243 24433 consensus_peers.cc:472] T c0ca382ac98b46948b2b18c2d691a364 P bccadedc7a11414384f1d4875bf49aaa -> Peer 493be4abe83d46c1829e3d5cfc68a9de (127.23.135.129:35559): Couldn't send request to peer 493be4abe83d46c1829e3d5cfc68a9de. Status: Network error: Client connection negotiation failed: client connection to 127.23.135.129:35559: connect: Connection refused (error 111). This is attempt 6: this message will repeat every 5th retry.
W0220 18:44:25.757230 24455 tablet_service.cc:670] failed transaction from {username='slave'} at 127.0.0.1:45212: Illegal state: Replica bccadedc7a11414384f1d4875bf49aaa is not leader of this config. Role: FOLLOWER. Consensus state: current_term: 2 committed_config { opid_index: -1 OBSOLETE_local: false peers { permanent_uuid: "c8a15b6a57804d05ada89b15de898a87" member_type: VOTER last_known_addr { host: "127.23.135.130" port: 40621 } } peers { permanent_uuid: "493be4abe83d46c1829e3d5cfc68a9de" member_type: VOTER last_known_addr { host: "127.23.135.129" port: 35559 } } peers { permanent_uuid: "bccadedc7a11414384f1d4875bf49aaa" member_type: VOTER last_known_addr { host: "127.23.135.131" port: 46803 } } }
W0220 18:44:25.789371 24335 tablet_service.cc:670] failed transaction from {username='slave'} at 127.0.0.1:54622: Illegal state: Replica c8a15b6a57804d05ada89b15de898a87 is not leader of this config. Role: FOLLOWER. Consensus state: current_term: 2 committed_config { opid_index: -1 OBSOLETE_local: false peers { permanent_uuid: "c8a15b6a57804d05ada89b15de898a87" member_type: VOTER last_known_addr { host: "127.23.135.130" port: 40621 } } peers { permanent_uuid: "493be4abe83d46c1829e3d5cfc68a9de" member_type: VOTER last_known_addr { host: "127.23.135.129" port: 35559 } } peers { permanent_uuid: "bccadedc7a11414384f1d4875bf49aaa" member_type: VOTER last_known_addr { host: "127.23.135.131" port: 46803 } } }
W0220 18:44:25.793529 24335 tablet_service.cc:670] failed transaction from {username='slave'} at 127.0.0.1:54622: Illegal state: Replica c8a15b6a57804d05ada89b15de898a87 is not leader of this config. Role: FOLLOWER. Consensus state: current_term: 2 committed_config { opid_index: -1 OBSOLETE_local: false peers { permanent_uuid: "c8a15b6a57804d05ada89b15de898a87" member_type: VOTER last_known_addr { host: "127.23.135.130" port: 40621 } } peers { permanent_uuid: "493be4abe83d46c1829e3d5cfc68a9de" member_type: VOTER last_known_addr { host: "127.23.135.129" port: 35559 } } peers { permanent_uuid: "bccadedc7a11414384f1d4875bf49aaa" member_type: VOTER last_known_addr { host: "127.23.135.131" port: 46803 } } }
W0220 18:44:25.803010 24309 consensus_peers.cc:472] T c5b2eb9c654f49df828ad8a096c62921 P c8a15b6a57804d05ada89b15de898a87 -> Peer 493be4abe83d46c1829e3d5cfc68a9de (127.23.135.129:35559): Couldn't send request to peer 493be4abe83d46c1829e3d5cfc68a9de. Status: Network error: Client connection negotiation failed: client connection to 127.23.135.129:35559: connect: Connection refused (error 111). This is attempt 6: this message will repeat every 5th retry.
W0220 18:44:25.807853 24335 tablet_service.cc:670] failed transaction from {username='slave'} at 127.0.0.1:54622: Illegal state: Replica c8a15b6a57804d05ada89b15de898a87 is not leader of this config. Role: FOLLOWER. Consensus state: current_term: 2 committed_config { opid_index: -1 OBSOLETE_local: false peers { permanent_uuid: "c8a15b6a57804d05ada89b15de898a87" member_type: VOTER last_known_addr { host: "127.23.135.130" port: 40621 } } peers { permanent_uuid: "493be4abe83d46c1829e3d5cfc68a9de" member_type: VOTER last_known_addr { host: "127.23.135.129" port: 35559 } } peers { permanent_uuid: "bccadedc7a11414384f1d4875bf49aaa" member_type: VOTER last_known_addr { host: "127.23.135.131" port: 46803 } } }
W0220 18:44:25.815178 24454 tablet_service.cc:670] failed transaction from {username='slave'} at 127.0.0.1:45212: Illegal state: Replica bccadedc7a11414384f1d4875bf49aaa is not leader of this config. Role: FOLLOWER. Consensus state: current_term: 2 committed_config { opid_index: -1 OBSOLETE_local: false peers { permanent_uuid: "c8a15b6a57804d05ada89b15de898a87" member_type: VOTER last_known_addr { host: "127.23.135.130" port: 40621 } } peers { permanent_uuid: "493be4abe83d46c1829e3d5cfc68a9de" member_type: VOTER last_known_addr { host: "127.23.135.129" port: 35559 } } peers { permanent_uuid: "bccadedc7a11414384f1d4875bf49aaa" member_type: VOTER last_known_addr { host: "127.23.135.131" port: 46803 } } }
W0220 18:44:25.853243 24433 consensus_peers.cc:472] T a7a069dabd5b4df28954b6833f23ab31 P bccadedc7a11414384f1d4875bf49aaa -> Peer 493be4abe83d46c1829e3d5cfc68a9de (127.23.135.129:35559): Couldn't send request to peer 493be4abe83d46c1829e3d5cfc68a9de. Status: Network error: Client connection negotiation failed: client connection to 127.23.135.129:35559: connect: Connection refused (error 111). This is attempt 6: this message will repeat every 5th retry.
W0220 18:44:25.853329 24335 tablet_service.cc:670] failed transaction from {username='slave'} at 127.0.0.1:54622: Illegal state: Replica c8a15b6a57804d05ada89b15de898a87 is not leader of this config. Role: FOLLOWER. Consensus state: current_term: 2 committed_config { opid_index: -1 OBSOLETE_local: false peers { permanent_uuid: "c8a15b6a57804d05ada89b15de898a87" member_type: VOTER last_known_addr { host: "127.23.135.130" port: 40621 } } peers { permanent_uuid: "493be4abe83d46c1829e3d5cfc68a9de" member_type: VOTER last_known_addr { host: "127.23.135.129" port: 35559 } } peers { permanent_uuid: "bccadedc7a11414384f1d4875bf49aaa" member_type: VOTER last_known_addr { host: "127.23.135.131" port: 46803 } } }
W0220 18:44:25.859449 24335 tablet_service.cc:670] failed transaction from {username='slave'} at 127.0.0.1:54622: Illegal state: Replica c8a15b6a57804d05ada89b15de898a87 is not leader of this config. Role: FOLLOWER. Consensus state: current_term: 2 committed_config { opid_index: -1 OBSOLETE_local: false peers { permanent_uuid: "c8a15b6a57804d05ada89b15de898a87" member_type: VOTER last_known_addr { host: "127.23.135.130" port: 40621 } } peers { permanent_uuid: "493be4abe83d46c1829e3d5cfc68a9de" member_type: VOTER last_known_addr { host: "127.23.135.129" port: 35559 } } peers { permanent_uuid: "bccadedc7a11414384f1d4875bf49aaa" member_type: VOTER last_known_addr { host: "127.23.135.131" port: 46803 } } }
W0220 18:44:25.874040 24454 tablet_service.cc:670] failed transaction from {username='slave'} at 127.0.0.1:45212: Illegal state: Replica bccadedc7a11414384f1d4875bf49aaa is not leader of this config. Role: FOLLOWER. Consensus state: current_term: 2 committed_config { opid_index: -1 OBSOLETE_local: false peers { permanent_uuid: "c8a15b6a57804d05ada89b15de898a87" member_type: VOTER last_known_addr { host: "127.23.135.130" port: 40621 } } peers { permanent_uuid: "493be4abe83d46c1829e3d5cfc68a9de" member_type: VOTER last_known_addr { host: "127.23.135.129" port: 35559 } } peers { permanent_uuid: "bccadedc7a11414384f1d4875bf49aaa" member_type: VOTER last_known_addr { host: "127.23.135.131" port: 46803 } } }
W0220 18:44:25.880605 24454 tablet_service.cc:670] failed transaction from {username='slave'} at 127.0.0.1:45212: Illegal state: Replica bccadedc7a11414384f1d4875bf49aaa is not leader of this config. Role: FOLLOWER. Consensus state: current_term: 2 committed_config { opid_index: -1 OBSOLETE_local: false peers { permanent_uuid: "c8a15b6a57804d05ada89b15de898a87" member_type: VOTER last_known_addr { host: "127.23.135.130" port: 40621 } } peers { permanent_uuid: "493be4abe83d46c1829e3d5cfc68a9de" member_type: VOTER last_known_addr { host: "127.23.135.129" port: 35559 } } peers { permanent_uuid: "bccadedc7a11414384f1d4875bf49aaa" member_type: VOTER last_known_addr { host: "127.23.135.131" port: 46803 } } }
W0220 18:44:25.888995 24454 tablet_service.cc:670] failed transaction from {username='slave'} at 127.0.0.1:45212: Illegal state: Replica bccadedc7a11414384f1d4875bf49aaa is not leader of this config. Role: FOLLOWER. Consensus state: current_term: 2 committed_config { opid_index: -1 OBSOLETE_local: false peers { permanent_uuid: "c8a15b6a57804d05ada89b15de898a87" member_type: VOTER last_known_addr { host: "127.23.135.130" port: 40621 } } peers { permanent_uuid: "493be4abe83d46c1829e3d5cfc68a9de" member_type: VOTER last_known_addr { host: "127.23.135.129" port: 35559 } } peers { permanent_uuid: "bccadedc7a11414384f1d4875bf49aaa" member_type: VOTER last_known_addr { host: "127.23.135.131" port: 46803 } } }
W0220 18:44:25.928831 24335 tablet_service.cc:670] failed transaction from {username='slave'} at 127.0.0.1:54622: Illegal state: Replica c8a15b6a57804d05ada89b15de898a87 is not leader of this config. Role: FOLLOWER. Consensus state: current_term: 2 committed_config { opid_index: -1 OBSOLETE_local: false peers { permanent_uuid: "c8a15b6a57804d05ada89b15de898a87" member_type: VOTER last_known_addr { host: "127.23.135.130" port: 40621 } } peers { permanent_uuid: "493be4abe83d46c1829e3d5cfc68a9de" member_type: VOTER last_known_addr { host: "127.23.135.129" port: 35559 } } peers { permanent_uuid: "bccadedc7a11414384f1d4875bf49aaa" member_type: VOTER last_known_addr { host: "127.23.135.131" port: 46803 } } }
W0220 18:44:25.948225 24335 tablet_service.cc:670] failed transaction from {username='slave'} at 127.0.0.1:54622: Illegal state: Replica c8a15b6a57804d05ada89b15de898a87 is not leader of this config. Role: FOLLOWER. Consensus state: current_term: 2 committed_config { opid_index: -1 OBSOLETE_local: false peers { permanent_uuid: "c8a15b6a57804d05ada89b15de898a87" member_type: VOTER last_known_addr { host: "127.23.135.130" port: 40621 } } peers { permanent_uuid: "493be4abe83d46c1829e3d5cfc68a9de" member_type: VOTER last_known_addr { host: "127.23.135.129" port: 35559 } } peers { permanent_uuid: "bccadedc7a11414384f1d4875bf49aaa" member_type: VOTER last_known_addr { host: "127.23.135.131" port: 46803 } } }
W0220 18:44:25.955945 24454 tablet_service.cc:670] failed transaction from {username='slave'} at 127.0.0.1:45212: Illegal state: Replica bccadedc7a11414384f1d4875bf49aaa is not leader of this config. Role: FOLLOWER. Consensus state: current_term: 2 committed_config { opid_index: -1 OBSOLETE_local: false peers { permanent_uuid: "c8a15b6a57804d05ada89b15de898a87" member_type: VOTER last_known_addr { host: "127.23.135.130" port: 40621 } } peers { permanent_uuid: "493be4abe83d46c1829e3d5cfc68a9de" member_type: VOTER last_known_addr { host: "127.23.135.129" port: 35559 } } peers { permanent_uuid: "bccadedc7a11414384f1d4875bf49aaa" member_type: VOTER last_known_addr { host: "127.23.135.131" port: 46803 } } }
W0220 18:44:25.962364 24454 tablet_service.cc:670] failed transaction from {username='slave'} at 127.0.0.1:45212: Illegal state: Replica bccadedc7a11414384f1d4875bf49aaa is not leader of this config. Role: FOLLOWER. Consensus state: current_term: 2 committed_config { opid_index: -1 OBSOLETE_local: false peers { permanent_uuid: "c8a15b6a57804d05ada89b15de898a87" member_type: VOTER last_known_addr { host: "127.23.135.130" port: 40621 } } peers { permanent_uuid: "493be4abe83d46c1829e3d5cfc68a9de" member_type: VOTER last_known_addr { host: "127.23.135.129" port: 35559 } } peers { permanent_uuid: "bccadedc7a11414384f1d4875bf49aaa" member_type: VOTER last_known_addr { host: "127.23.135.131" port: 46803 } } }
I0220 18:44:25.969874 24647 raft_consensus.cc:482] T 2ca7a33c93d548f49d2a4b1eeca470ca P bccadedc7a11414384f1d4875bf49aaa [term 2 FOLLOWER]: Starting pre-election (no leader contacted us within the election timeout)
I0220 18:44:25.970006 24647 raft_consensus.cc:504] T 2ca7a33c93d548f49d2a4b1eeca470ca P bccadedc7a11414384f1d4875bf49aaa [term 2 FOLLOWER]: Starting pre-election with config: opid_index: -1 OBSOLETE_local: false peers { permanent_uuid: "c8a15b6a57804d05ada89b15de898a87" member_type: VOTER last_known_addr { host: "127.23.135.130" port: 40621 } } peers { permanent_uuid: "493be4abe83d46c1829e3d5cfc68a9de" member_type: VOTER last_known_addr { host: "127.23.135.129" port: 35559 } } peers { permanent_uuid: "bccadedc7a11414384f1d4875bf49aaa" member_type: VOTER last_known_addr { host: "127.23.135.131" port: 46803 } }
I0220 18:44:25.970006 24571 raft_consensus.cc:482] T 2ca7a33c93d548f49d2a4b1eeca470ca P c8a15b6a57804d05ada89b15de898a87 [term 2 FOLLOWER]: Starting pre-election (no leader contacted us within the election timeout)
I0220 18:44:25.970110 24571 raft_consensus.cc:504] T 2ca7a33c93d548f49d2a4b1eeca470ca P c8a15b6a57804d05ada89b15de898a87 [term 2 FOLLOWER]: Starting pre-election with config: opid_index: -1 OBSOLETE_local: false peers { permanent_uuid: "c8a15b6a57804d05ada89b15de898a87" member_type: VOTER last_known_addr { host: "127.23.135.130" port: 40621 } } peers { permanent_uuid: "493be4abe83d46c1829e3d5cfc68a9de" member_type: VOTER last_known_addr { host: "127.23.135.129" port: 35559 } } peers { permanent_uuid: "bccadedc7a11414384f1d4875bf49aaa" member_type: VOTER last_known_addr { host: "127.23.135.131" port: 46803 } }
I0220 18:44:25.970353 24647 leader_election.cc:293] T 2ca7a33c93d548f49d2a4b1eeca470ca P bccadedc7a11414384f1d4875bf49aaa [CANDIDATE]: Term 3 pre-election: Requested pre-vote from peers c8a15b6a57804d05ada89b15de898a87 (127.23.135.130:40621), 493be4abe83d46c1829e3d5cfc68a9de (127.23.135.129:35559)
I0220 18:44:25.970477 24571 leader_election.cc:293] T 2ca7a33c93d548f49d2a4b1eeca470ca P c8a15b6a57804d05ada89b15de898a87 [CANDIDATE]: Term 3 pre-election: Requested pre-vote from peers 493be4abe83d46c1829e3d5cfc68a9de (127.23.135.129:35559), bccadedc7a11414384f1d4875bf49aaa (127.23.135.131:46803)
I0220 18:44:25.970770 24375 tablet_service.cc:1340] Received RequestConsensusVote() RPC: tablet_id: "2ca7a33c93d548f49d2a4b1eeca470ca" candidate_uuid: "bccadedc7a11414384f1d4875bf49aaa" candidate_term: 3 candidate_status { last_received { term: 1 index: 16 } } ignore_live_leader: false dest_uuid: "c8a15b6a57804d05ada89b15de898a87" is_pre_election: true
I0220 18:44:25.970844 24375 raft_consensus.cc:2414] T 2ca7a33c93d548f49d2a4b1eeca470ca P c8a15b6a57804d05ada89b15de898a87 [term 2 FOLLOWER]: Leader pre-election vote request: Granting yes vote for candidate bccadedc7a11414384f1d4875bf49aaa in term 2.
W0220 18:44:25.970973 24309 leader_election.cc:339] T 2ca7a33c93d548f49d2a4b1eeca470ca P c8a15b6a57804d05ada89b15de898a87 [CANDIDATE]: Term 3 pre-election: RPC error from VoteRequest() call to peer 493be4abe83d46c1829e3d5cfc68a9de (127.23.135.129:35559): Network error: Client connection negotiation failed: client connection to 127.23.135.129:35559: connect: Connection refused (error 111)
I0220 18:44:25.971107 24432 leader_election.cc:307] T 2ca7a33c93d548f49d2a4b1eeca470ca P bccadedc7a11414384f1d4875bf49aaa [CANDIDATE]: Term 3 pre-election: Election decided. Result: candidate won. Election summary: received 2 responses out of 3 voters: 2 yes votes; 0 no votes. yes voters: bccadedc7a11414384f1d4875bf49aaa, c8a15b6a57804d05ada89b15de898a87; no voters:
I0220 18:44:25.971163 24499 tablet_service.cc:1340] Received RequestConsensusVote() RPC: tablet_id: "2ca7a33c93d548f49d2a4b1eeca470ca" candidate_uuid: "c8a15b6a57804d05ada89b15de898a87" candidate_term: 3 candidate_status { last_received { term: 1 index: 16 } } ignore_live_leader: false dest_uuid: "bccadedc7a11414384f1d4875bf49aaa" is_pre_election: true
W0220 18:44:25.971182 24433 leader_election.cc:339] T 2ca7a33c93d548f49d2a4b1eeca470ca P bccadedc7a11414384f1d4875bf49aaa [CANDIDATE]: Term 3 pre-election: RPC error from VoteRequest() call to peer 493be4abe83d46c1829e3d5cfc68a9de (127.23.135.129:35559): Network error: Client connection negotiation failed: client connection to 127.23.135.129:35559: connect: Connection refused (error 111)
I0220 18:44:25.971251 24499 raft_consensus.cc:2414] T 2ca7a33c93d548f49d2a4b1eeca470ca P bccadedc7a11414384f1d4875bf49aaa [term 2 FOLLOWER]: Leader pre-election vote request: Granting yes vote for candidate c8a15b6a57804d05ada89b15de898a87 in term 2.
I0220 18:44:25.971288 24647 raft_consensus.cc:2730] T 2ca7a33c93d548f49d2a4b1eeca470ca P bccadedc7a11414384f1d4875bf49aaa [term 2 FOLLOWER]: Leader pre-election won for term 3
I0220 18:44:25.971314 24647 raft_consensus.cc:482] T 2ca7a33c93d548f49d2a4b1eeca470ca P bccadedc7a11414384f1d4875bf49aaa [term 2 FOLLOWER]: Starting leader election (no leader contacted us within the election timeout)
I0220 18:44:25.971333 24647 raft_consensus.cc:2983] T 2ca7a33c93d548f49d2a4b1eeca470ca P bccadedc7a11414384f1d4875bf49aaa [term 2 FOLLOWER]: Advancing to term 3
I0220 18:44:25.971536 24308 leader_election.cc:307] T 2ca7a33c93d548f49d2a4b1eeca470ca P c8a15b6a57804d05ada89b15de898a87 [CANDIDATE]: Term 3 pre-election: Election decided. Result: candidate won. Election summary: received 3 responses out of 3 voters: 2 yes votes; 1 no votes. yes voters: bccadedc7a11414384f1d4875bf49aaa, c8a15b6a57804d05ada89b15de898a87; no voters: 493be4abe83d46c1829e3d5cfc68a9de
I0220 18:44:25.971750 24571 raft_consensus.cc:2730] T 2ca7a33c93d548f49d2a4b1eeca470ca P c8a15b6a57804d05ada89b15de898a87 [term 2 FOLLOWER]: Leader pre-election won for term 3
I0220 18:44:25.971778 24571 raft_consensus.cc:482] T 2ca7a33c93d548f49d2a4b1eeca470ca P c8a15b6a57804d05ada89b15de898a87 [term 2 FOLLOWER]: Starting leader election (no leader contacted us within the election timeout)
I0220 18:44:25.971794 24571 raft_consensus.cc:2983] T 2ca7a33c93d548f49d2a4b1eeca470ca P c8a15b6a57804d05ada89b15de898a87 [term 2 FOLLOWER]: Advancing to term 3
I0220 18:44:25.972250 24647 raft_consensus.cc:504] T 2ca7a33c93d548f49d2a4b1eeca470ca P bccadedc7a11414384f1d4875bf49aaa [term 3 FOLLOWER]: Starting leader election with config: opid_index: -1 OBSOLETE_local: false peers { permanent_uuid: "c8a15b6a57804d05ada89b15de898a87" member_type: VOTER last_known_addr { host: "127.23.135.130" port: 40621 } } peers { permanent_uuid: "493be4abe83d46c1829e3d5cfc68a9de" member_type: VOTER last_known_addr { host: "127.23.135.129" port: 35559 } } peers { permanent_uuid: "bccadedc7a11414384f1d4875bf49aaa" member_type: VOTER last_known_addr { host: "127.23.135.131" port: 46803 } }
I0220 18:44:25.972467 24647 leader_election.cc:293] T 2ca7a33c93d548f49d2a4b1eeca470ca P bccadedc7a11414384f1d4875bf49aaa [CANDIDATE]: Term 3 election: Requested vote from peers c8a15b6a57804d05ada89b15de898a87 (127.23.135.130:40621), 493be4abe83d46c1829e3d5cfc68a9de (127.23.135.129:35559)
I0220 18:44:25.972515 24571 raft_consensus.cc:504] T 2ca7a33c93d548f49d2a4b1eeca470ca P c8a15b6a57804d05ada89b15de898a87 [term 3 FOLLOWER]: Starting leader election with config: opid_index: -1 OBSOLETE_local: false peers { permanent_uuid: "c8a15b6a57804d05ada89b15de898a87" member_type: VOTER last_known_addr { host: "127.23.135.130" port: 40621 } } peers { permanent_uuid: "493be4abe83d46c1829e3d5cfc68a9de" member_type: VOTER last_known_addr { host: "127.23.135.129" port: 35559 } } peers { permanent_uuid: "bccadedc7a11414384f1d4875bf49aaa" member_type: VOTER last_known_addr { host: "127.23.135.131" port: 46803 } }
I0220 18:44:25.972772 24571 leader_election.cc:293] T 2ca7a33c93d548f49d2a4b1eeca470ca P c8a15b6a57804d05ada89b15de898a87 [CANDIDATE]: Term 3 election: Requested vote from peers 493be4abe83d46c1829e3d5cfc68a9de (127.23.135.129:35559), bccadedc7a11414384f1d4875bf49aaa (127.23.135.131:46803)
I0220 18:44:25.972892 24375 tablet_service.cc:1340] Received RequestConsensusVote() RPC: tablet_id: "2ca7a33c93d548f49d2a4b1eeca470ca" candidate_uuid: "bccadedc7a11414384f1d4875bf49aaa" candidate_term: 3 candidate_status { last_received { term: 1 index: 16 } } ignore_live_leader: false dest_uuid: "c8a15b6a57804d05ada89b15de898a87"
