I0220 18:44:25.972954 24375 raft_consensus.cc:2339] T 2ca7a33c93d548f49d2a4b1eeca470ca P c8a15b6a57804d05ada89b15de898a87 [term 3 FOLLOWER]: Leader election vote request: Denying vote to candidate bccadedc7a11414384f1d4875bf49aaa in current term 3: Already voted for candidate c8a15b6a57804d05ada89b15de898a87 in this term.
W0220 18:44:25.972998 24433 leader_election.cc:339] T 2ca7a33c93d548f49d2a4b1eeca470ca P bccadedc7a11414384f1d4875bf49aaa [CANDIDATE]: Term 3 election: RPC error from VoteRequest() call to peer 493be4abe83d46c1829e3d5cfc68a9de (127.23.135.129:35559): Network error: Client connection negotiation failed: client connection to 127.23.135.129:35559: connect: Connection refused (error 111)
W0220 18:44:25.973078 24309 leader_election.cc:339] T 2ca7a33c93d548f49d2a4b1eeca470ca P c8a15b6a57804d05ada89b15de898a87 [CANDIDATE]: Term 3 election: RPC error from VoteRequest() call to peer 493be4abe83d46c1829e3d5cfc68a9de (127.23.135.129:35559): Network error: Client connection negotiation failed: client connection to 127.23.135.129:35559: connect: Connection refused (error 111)
I0220 18:44:25.973104 24499 tablet_service.cc:1340] Received RequestConsensusVote() RPC: tablet_id: "2ca7a33c93d548f49d2a4b1eeca470ca" candidate_uuid: "c8a15b6a57804d05ada89b15de898a87" candidate_term: 3 candidate_status { last_received { term: 1 index: 16 } } ignore_live_leader: false dest_uuid: "bccadedc7a11414384f1d4875bf49aaa"
I0220 18:44:25.973162 24499 raft_consensus.cc:2339] T 2ca7a33c93d548f49d2a4b1eeca470ca P bccadedc7a11414384f1d4875bf49aaa [term 3 FOLLOWER]: Leader election vote request: Denying vote to candidate c8a15b6a57804d05ada89b15de898a87 in current term 3: Already voted for candidate bccadedc7a11414384f1d4875bf49aaa in this term.
I0220 18:44:25.973356 24432 leader_election.cc:307] T 2ca7a33c93d548f49d2a4b1eeca470ca P bccadedc7a11414384f1d4875bf49aaa [CANDIDATE]: Term 3 election: Election decided. Result: candidate lost. Election summary: received 3 responses out of 3 voters: 1 yes votes; 2 no votes. yes voters: bccadedc7a11414384f1d4875bf49aaa; no voters: 493be4abe83d46c1829e3d5cfc68a9de, c8a15b6a57804d05ada89b15de898a87
I0220 18:44:25.973484 24647 raft_consensus.cc:2675] T 2ca7a33c93d548f49d2a4b1eeca470ca P bccadedc7a11414384f1d4875bf49aaa [term 3 FOLLOWER]: Leader election lost for term 3. Reason: could not achieve majority
I0220 18:44:25.973598 24308 leader_election.cc:307] T 2ca7a33c93d548f49d2a4b1eeca470ca P c8a15b6a57804d05ada89b15de898a87 [CANDIDATE]: Term 3 election: Election decided. Result: candidate lost. Election summary: received 3 responses out of 3 voters: 1 yes votes; 2 no votes. yes voters: c8a15b6a57804d05ada89b15de898a87; no voters: 493be4abe83d46c1829e3d5cfc68a9de, bccadedc7a11414384f1d4875bf49aaa
I0220 18:44:25.973731 24571 raft_consensus.cc:2675] T 2ca7a33c93d548f49d2a4b1eeca470ca P c8a15b6a57804d05ada89b15de898a87 [term 3 FOLLOWER]: Leader election lost for term 3. Reason: could not achieve majority
W0220 18:44:26.000758 24335 tablet_service.cc:670] failed transaction from {username='slave'} at 127.0.0.1:54622: Illegal state: Replica c8a15b6a57804d05ada89b15de898a87 is not leader of this config. Role: FOLLOWER. Consensus state: current_term: 3 committed_config { opid_index: -1 OBSOLETE_local: false peers { permanent_uuid: "c8a15b6a57804d05ada89b15de898a87" member_type: VOTER last_known_addr { host: "127.23.135.130" port: 40621 } } peers { permanent_uuid: "493be4abe83d46c1829e3d5cfc68a9de" member_type: VOTER last_known_addr { host: "127.23.135.129" port: 35559 } } peers { permanent_uuid: "bccadedc7a11414384f1d4875bf49aaa" member_type: VOTER last_known_addr { host: "127.23.135.131" port: 46803 } } }
W0220 18:44:26.008997 24335 tablet_service.cc:670] failed transaction from {username='slave'} at 127.0.0.1:54622: Illegal state: Replica c8a15b6a57804d05ada89b15de898a87 is not leader of this config. Role: FOLLOWER. Consensus state: current_term: 3 committed_config { opid_index: -1 OBSOLETE_local: false peers { permanent_uuid: "c8a15b6a57804d05ada89b15de898a87" member_type: VOTER last_known_addr { host: "127.23.135.130" port: 40621 } } peers { permanent_uuid: "493be4abe83d46c1829e3d5cfc68a9de" member_type: VOTER last_known_addr { host: "127.23.135.129" port: 35559 } } peers { permanent_uuid: "bccadedc7a11414384f1d4875bf49aaa" member_type: VOTER last_known_addr { host: "127.23.135.131" port: 46803 } } }
W0220 18:44:26.018569 24454 tablet_service.cc:670] failed transaction from {username='slave'} at 127.0.0.1:45212: Illegal state: Replica bccadedc7a11414384f1d4875bf49aaa is not leader of this config. Role: FOLLOWER. Consensus state: current_term: 3 committed_config { opid_index: -1 OBSOLETE_local: false peers { permanent_uuid: "c8a15b6a57804d05ada89b15de898a87" member_type: VOTER last_known_addr { host: "127.23.135.130" port: 40621 } } peers { permanent_uuid: "493be4abe83d46c1829e3d5cfc68a9de" member_type: VOTER last_known_addr { host: "127.23.135.129" port: 35559 } } peers { permanent_uuid: "bccadedc7a11414384f1d4875bf49aaa" member_type: VOTER last_known_addr { host: "127.23.135.131" port: 46803 } } }
W0220 18:44:26.037323 24454 tablet_service.cc:670] failed transaction from {username='slave'} at 127.0.0.1:45212: Illegal state: Replica bccadedc7a11414384f1d4875bf49aaa is not leader of this config. Role: FOLLOWER. Consensus state: current_term: 3 committed_config { opid_index: -1 OBSOLETE_local: false peers { permanent_uuid: "c8a15b6a57804d05ada89b15de898a87" member_type: VOTER last_known_addr { host: "127.23.135.130" port: 40621 } } peers { permanent_uuid: "493be4abe83d46c1829e3d5cfc68a9de" member_type: VOTER last_known_addr { host: "127.23.135.129" port: 35559 } } peers { permanent_uuid: "bccadedc7a11414384f1d4875bf49aaa" member_type: VOTER last_known_addr { host: "127.23.135.131" port: 46803 } } }
W0220 18:44:26.072652 24433 consensus_peers.cc:472] T 827aa98f727b4da6a5015391b4da1960 P bccadedc7a11414384f1d4875bf49aaa -> Peer 493be4abe83d46c1829e3d5cfc68a9de (127.23.135.129:35559): Couldn't send request to peer 493be4abe83d46c1829e3d5cfc68a9de. Status: Network error: Client connection negotiation failed: client connection to 127.23.135.129:35559: connect: Connection refused (error 111). This is attempt 6: this message will repeat every 5th retry.
W0220 18:44:26.076298 24335 tablet_service.cc:670] failed transaction from {username='slave'} at 127.0.0.1:54622: Illegal state: Replica c8a15b6a57804d05ada89b15de898a87 is not leader of this config. Role: FOLLOWER. Consensus state: current_term: 3 committed_config { opid_index: -1 OBSOLETE_local: false peers { permanent_uuid: "c8a15b6a57804d05ada89b15de898a87" member_type: VOTER last_known_addr { host: "127.23.135.130" port: 40621 } } peers { permanent_uuid: "493be4abe83d46c1829e3d5cfc68a9de" member_type: VOTER last_known_addr { host: "127.23.135.129" port: 35559 } } peers { permanent_uuid: "bccadedc7a11414384f1d4875bf49aaa" member_type: VOTER last_known_addr { host: "127.23.135.131" port: 46803 } } }
W0220 18:44:26.095484 24335 tablet_service.cc:670] failed transaction from {username='slave'} at 127.0.0.1:54622: Illegal state: Replica c8a15b6a57804d05ada89b15de898a87 is not leader of this config. Role: FOLLOWER. Consensus state: current_term: 3 committed_config { opid_index: -1 OBSOLETE_local: false peers { permanent_uuid: "c8a15b6a57804d05ada89b15de898a87" member_type: VOTER last_known_addr { host: "127.23.135.130" port: 40621 } } peers { permanent_uuid: "493be4abe83d46c1829e3d5cfc68a9de" member_type: VOTER last_known_addr { host: "127.23.135.129" port: 35559 } } peers { permanent_uuid: "bccadedc7a11414384f1d4875bf49aaa" member_type: VOTER last_known_addr { host: "127.23.135.131" port: 46803 } } }
W0220 18:44:26.100838 24335 tablet_service.cc:670] failed transaction from {username='slave'} at 127.0.0.1:54622: Illegal state: Replica c8a15b6a57804d05ada89b15de898a87 is not leader of this config. Role: FOLLOWER. Consensus state: current_term: 3 committed_config { opid_index: -1 OBSOLETE_local: false peers { permanent_uuid: "c8a15b6a57804d05ada89b15de898a87" member_type: VOTER last_known_addr { host: "127.23.135.130" port: 40621 } } peers { permanent_uuid: "493be4abe83d46c1829e3d5cfc68a9de" member_type: VOTER last_known_addr { host: "127.23.135.129" port: 35559 } } peers { permanent_uuid: "bccadedc7a11414384f1d4875bf49aaa" member_type: VOTER last_known_addr { host: "127.23.135.131" port: 46803 } } }
W0220 18:44:26.112428 24433 consensus_peers.cc:472] T 116ca55e12164875ad0a87183fe531bc P bccadedc7a11414384f1d4875bf49aaa -> Peer 493be4abe83d46c1829e3d5cfc68a9de (127.23.135.129:35559): Couldn't send request to peer 493be4abe83d46c1829e3d5cfc68a9de. Status: Network error: Client connection negotiation failed: client connection to 127.23.135.129:35559: connect: Connection refused (error 111). This is attempt 6: this message will repeat every 5th retry.
W0220 18:44:26.114430 24454 tablet_service.cc:670] failed transaction from {username='slave'} at 127.0.0.1:45212: Illegal state: Replica bccadedc7a11414384f1d4875bf49aaa is not leader of this config. Role: FOLLOWER. Consensus state: current_term: 3 committed_config { opid_index: -1 OBSOLETE_local: false peers { permanent_uuid: "c8a15b6a57804d05ada89b15de898a87" member_type: VOTER last_known_addr { host: "127.23.135.130" port: 40621 } } peers { permanent_uuid: "493be4abe83d46c1829e3d5cfc68a9de" member_type: VOTER last_known_addr { host: "127.23.135.129" port: 35559 } } peers { permanent_uuid: "bccadedc7a11414384f1d4875bf49aaa" member_type: VOTER last_known_addr { host: "127.23.135.131" port: 46803 } } }
W0220 18:44:26.134351 24454 tablet_service.cc:670] failed transaction from {username='slave'} at 127.0.0.1:45212: Illegal state: Replica bccadedc7a11414384f1d4875bf49aaa is not leader of this config. Role: FOLLOWER. Consensus state: current_term: 3 committed_config { opid_index: -1 OBSOLETE_local: false peers { permanent_uuid: "c8a15b6a57804d05ada89b15de898a87" member_type: VOTER last_known_addr { host: "127.23.135.130" port: 40621 } } peers { permanent_uuid: "493be4abe83d46c1829e3d5cfc68a9de" member_type: VOTER last_known_addr { host: "127.23.135.129" port: 35559 } } peers { permanent_uuid: "bccadedc7a11414384f1d4875bf49aaa" member_type: VOTER last_known_addr { host: "127.23.135.131" port: 46803 } } }
W0220 18:44:26.136703 24454 tablet_service.cc:670] failed transaction from {username='slave'} at 127.0.0.1:45212: Illegal state: Replica bccadedc7a11414384f1d4875bf49aaa is not leader of this config. Role: FOLLOWER. Consensus state: current_term: 3 committed_config { opid_index: -1 OBSOLETE_local: false peers { permanent_uuid: "c8a15b6a57804d05ada89b15de898a87" member_type: VOTER last_known_addr { host: "127.23.135.130" port: 40621 } } peers { permanent_uuid: "493be4abe83d46c1829e3d5cfc68a9de" member_type: VOTER last_known_addr { host: "127.23.135.129" port: 35559 } } peers { permanent_uuid: "bccadedc7a11414384f1d4875bf49aaa" member_type: VOTER last_known_addr { host: "127.23.135.131" port: 46803 } } }
W0220 18:44:26.194430 24335 tablet_service.cc:670] failed transaction from {username='slave'} at 127.0.0.1:54622: Illegal state: Replica c8a15b6a57804d05ada89b15de898a87 is not leader of this config. Role: FOLLOWER. Consensus state: current_term: 3 committed_config { opid_index: -1 OBSOLETE_local: false peers { permanent_uuid: "c8a15b6a57804d05ada89b15de898a87" member_type: VOTER last_known_addr { host: "127.23.135.130" port: 40621 } } peers { permanent_uuid: "493be4abe83d46c1829e3d5cfc68a9de" member_type: VOTER last_known_addr { host: "127.23.135.129" port: 35559 } } peers { permanent_uuid: "bccadedc7a11414384f1d4875bf49aaa" member_type: VOTER last_known_addr { host: "127.23.135.131" port: 46803 } } }
W0220 18:44:26.203440 24335 tablet_service.cc:670] failed transaction from {username='slave'} at 127.0.0.1:54622: Illegal state: Replica c8a15b6a57804d05ada89b15de898a87 is not leader of this config. Role: FOLLOWER. Consensus state: current_term: 3 committed_config { opid_index: -1 OBSOLETE_local: false peers { permanent_uuid: "c8a15b6a57804d05ada89b15de898a87" member_type: VOTER last_known_addr { host: "127.23.135.130" port: 40621 } } peers { permanent_uuid: "493be4abe83d46c1829e3d5cfc68a9de" member_type: VOTER last_known_addr { host: "127.23.135.129" port: 35559 } } peers { permanent_uuid: "bccadedc7a11414384f1d4875bf49aaa" member_type: VOTER last_known_addr { host: "127.23.135.131" port: 46803 } } }
W0220 18:44:26.219915 24335 tablet_service.cc:670] failed transaction from {username='slave'} at 127.0.0.1:54622: Illegal state: Replica c8a15b6a57804d05ada89b15de898a87 is not leader of this config. Role: FOLLOWER. Consensus state: current_term: 3 committed_config { opid_index: -1 OBSOLETE_local: false peers { permanent_uuid: "c8a15b6a57804d05ada89b15de898a87" member_type: VOTER last_known_addr { host: "127.23.135.130" port: 40621 } } peers { permanent_uuid: "493be4abe83d46c1829e3d5cfc68a9de" member_type: VOTER last_known_addr { host: "127.23.135.129" port: 35559 } } peers { permanent_uuid: "bccadedc7a11414384f1d4875bf49aaa" member_type: VOTER last_known_addr { host: "127.23.135.131" port: 46803 } } }
I0220 18:44:26.228297 24772 heartbeater.cc:447] Master 127.23.135.190:45127 was elected leader, sending a full tablet report...
W0220 18:44:26.235317 24454 tablet_service.cc:670] failed transaction from {username='slave'} at 127.0.0.1:45212: Illegal state: Replica bccadedc7a11414384f1d4875bf49aaa is not leader of this config. Role: FOLLOWER. Consensus state: current_term: 3 committed_config { opid_index: -1 OBSOLETE_local: false peers { permanent_uuid: "c8a15b6a57804d05ada89b15de898a87" member_type: VOTER last_known_addr { host: "127.23.135.130" port: 40621 } } peers { permanent_uuid: "493be4abe83d46c1829e3d5cfc68a9de" member_type: VOTER last_known_addr { host: "127.23.135.129" port: 35559 } } peers { permanent_uuid: "bccadedc7a11414384f1d4875bf49aaa" member_type: VOTER last_known_addr { host: "127.23.135.131" port: 46803 } } }
W0220 18:44:26.237455 24454 tablet_service.cc:670] failed transaction from {username='slave'} at 127.0.0.1:45212: Illegal state: Replica bccadedc7a11414384f1d4875bf49aaa is not leader of this config. Role: FOLLOWER. Consensus state: current_term: 3 committed_config { opid_index: -1 OBSOLETE_local: false peers { permanent_uuid: "c8a15b6a57804d05ada89b15de898a87" member_type: VOTER last_known_addr { host: "127.23.135.130" port: 40621 } } peers { permanent_uuid: "493be4abe83d46c1829e3d5cfc68a9de" member_type: VOTER last_known_addr { host: "127.23.135.129" port: 35559 } } peers { permanent_uuid: "bccadedc7a11414384f1d4875bf49aaa" member_type: VOTER last_known_addr { host: "127.23.135.131" port: 46803 } } }
W0220 18:44:26.264031 24454 tablet_service.cc:670] failed transaction from {username='slave'} at 127.0.0.1:45212: Illegal state: Replica bccadedc7a11414384f1d4875bf49aaa is not leader of this config. Role: FOLLOWER. Consensus state: current_term: 3 committed_config { opid_index: -1 OBSOLETE_local: false peers { permanent_uuid: "c8a15b6a57804d05ada89b15de898a87" member_type: VOTER last_known_addr { host: "127.23.135.130" port: 40621 } } peers { permanent_uuid: "493be4abe83d46c1829e3d5cfc68a9de" member_type: VOTER last_known_addr { host: "127.23.135.129" port: 35559 } } peers { permanent_uuid: "bccadedc7a11414384f1d4875bf49aaa" member_type: VOTER last_known_addr { host: "127.23.135.131" port: 46803 } } }
W0220 18:44:26.309329 24555 meta_cache.cc:234] Tablet 2ca7a33c93d548f49d2a4b1eeca470ca: Replica 493be4abe83d46c1829e3d5cfc68a9de (127.23.135.129:35559) has failed: Network error: Client connection negotiation failed: client connection to 127.23.135.129:35559: connect: Connection refused (error 111)
W0220 18:44:26.309566 24433 consensus_peers.cc:472] T c0ca382ac98b46948b2b18c2d691a364 P bccadedc7a11414384f1d4875bf49aaa -> Peer 493be4abe83d46c1829e3d5cfc68a9de (127.23.135.129:35559): Couldn't send request to peer 493be4abe83d46c1829e3d5cfc68a9de. Status: Network error: Client connection negotiation failed: client connection to 127.23.135.129:35559: connect: Connection refused (error 111). This is attempt 11: this message will repeat every 5th retry.
W0220 18:44:26.312038 24309 consensus_peers.cc:472] T c5b2eb9c654f49df828ad8a096c62921 P c8a15b6a57804d05ada89b15de898a87 -> Peer 493be4abe83d46c1829e3d5cfc68a9de (127.23.135.129:35559): Couldn't send request to peer 493be4abe83d46c1829e3d5cfc68a9de. Status: Network error: Client connection negotiation failed: client connection to 127.23.135.129:35559: connect: Connection refused (error 111). This is attempt 11: this message will repeat every 5th retry.
W0220 18:44:26.314436 24335 tablet_service.cc:670] failed transaction from {username='slave'} at 127.0.0.1:54622: Illegal state: Replica c8a15b6a57804d05ada89b15de898a87 is not leader of this config. Role: FOLLOWER. Consensus state: current_term: 3 committed_config { opid_index: -1 OBSOLETE_local: false peers { permanent_uuid: "c8a15b6a57804d05ada89b15de898a87" member_type: VOTER last_known_addr { host: "127.23.135.130" port: 40621 } } peers { permanent_uuid: "493be4abe83d46c1829e3d5cfc68a9de" member_type: VOTER last_known_addr { host: "127.23.135.129" port: 35559 } } peers { permanent_uuid: "bccadedc7a11414384f1d4875bf49aaa" member_type: VOTER last_known_addr { host: "127.23.135.131" port: 46803 } } }
W0220 18:44:26.325923 24335 tablet_service.cc:670] failed transaction from {username='slave'} at 127.0.0.1:54622: Illegal state: Replica c8a15b6a57804d05ada89b15de898a87 is not leader of this config. Role: FOLLOWER. Consensus state: current_term: 3 committed_config { opid_index: -1 OBSOLETE_local: false peers { permanent_uuid: "c8a15b6a57804d05ada89b15de898a87" member_type: VOTER last_known_addr { host: "127.23.135.130" port: 40621 } } peers { permanent_uuid: "493be4abe83d46c1829e3d5cfc68a9de" member_type: VOTER last_known_addr { host: "127.23.135.129" port: 35559 } } peers { permanent_uuid: "bccadedc7a11414384f1d4875bf49aaa" member_type: VOTER last_known_addr { host: "127.23.135.131" port: 46803 } } }
W0220 18:44:26.347158 24433 consensus_peers.cc:472] T a7a069dabd5b4df28954b6833f23ab31 P bccadedc7a11414384f1d4875bf49aaa -> Peer 493be4abe83d46c1829e3d5cfc68a9de (127.23.135.129:35559): Couldn't send request to peer 493be4abe83d46c1829e3d5cfc68a9de. Status: Network error: Client connection negotiation failed: client connection to 127.23.135.129:35559: connect: Connection refused (error 111). This is attempt 11: this message will repeat every 5th retry.
W0220 18:44:26.353421 24454 tablet_service.cc:670] failed transaction from {username='slave'} at 127.0.0.1:45212: Illegal state: Replica bccadedc7a11414384f1d4875bf49aaa is not leader of this config. Role: FOLLOWER. Consensus state: current_term: 3 committed_config { opid_index: -1 OBSOLETE_local: false peers { permanent_uuid: "c8a15b6a57804d05ada89b15de898a87" member_type: VOTER last_known_addr { host: "127.23.135.130" port: 40621 } } peers { permanent_uuid: "493be4abe83d46c1829e3d5cfc68a9de" member_type: VOTER last_known_addr { host: "127.23.135.129" port: 35559 } } peers { permanent_uuid: "bccadedc7a11414384f1d4875bf49aaa" member_type: VOTER last_known_addr { host: "127.23.135.131" port: 46803 } } }
W0220 18:44:26.354089 24454 tablet_service.cc:670] failed transaction from {username='slave'} at 127.0.0.1:45212: Illegal state: Replica bccadedc7a11414384f1d4875bf49aaa is not leader of this config. Role: FOLLOWER. Consensus state: current_term: 3 committed_config { opid_index: -1 OBSOLETE_local: false peers { permanent_uuid: "c8a15b6a57804d05ada89b15de898a87" member_type: VOTER last_known_addr { host: "127.23.135.130" port: 40621 } } peers { permanent_uuid: "493be4abe83d46c1829e3d5cfc68a9de" member_type: VOTER last_known_addr { host: "127.23.135.129" port: 35559 } } peers { permanent_uuid: "bccadedc7a11414384f1d4875bf49aaa" member_type: VOTER last_known_addr { host: "127.23.135.131" port: 46803 } } }
W0220 18:44:26.372448 24454 tablet_service.cc:670] failed transaction from {username='slave'} at 127.0.0.1:45212: Illegal state: Replica bccadedc7a11414384f1d4875bf49aaa is not leader of this config. Role: FOLLOWER. Consensus state: current_term: 3 committed_config { opid_index: -1 OBSOLETE_local: false peers { permanent_uuid: "c8a15b6a57804d05ada89b15de898a87" member_type: VOTER last_known_addr { host: "127.23.135.130" port: 40621 } } peers { permanent_uuid: "493be4abe83d46c1829e3d5cfc68a9de" member_type: VOTER last_known_addr { host: "127.23.135.129" port: 35559 } } peers { permanent_uuid: "bccadedc7a11414384f1d4875bf49aaa" member_type: VOTER last_known_addr { host: "127.23.135.131" port: 46803 } } }
W0220 18:44:26.399291 24335 tablet_service.cc:670] failed transaction from {username='slave'} at 127.0.0.1:54622: Illegal state: Replica c8a15b6a57804d05ada89b15de898a87 is not leader of this config. Role: FOLLOWER. Consensus state: current_term: 3 committed_config { opid_index: -1 OBSOLETE_local: false peers { permanent_uuid: "c8a15b6a57804d05ada89b15de898a87" member_type: VOTER last_known_addr { host: "127.23.135.130" port: 40621 } } peers { permanent_uuid: "493be4abe83d46c1829e3d5cfc68a9de" member_type: VOTER last_known_addr { host: "127.23.135.129" port: 35559 } } peers { permanent_uuid: "bccadedc7a11414384f1d4875bf49aaa" member_type: VOTER last_known_addr { host: "127.23.135.131" port: 46803 } } }
W0220 18:44:26.432500 24335 tablet_service.cc:670] failed transaction from {username='slave'} at 127.0.0.1:54622: Illegal state: Replica c8a15b6a57804d05ada89b15de898a87 is not leader of this config. Role: FOLLOWER. Consensus state: current_term: 3 committed_config { opid_index: -1 OBSOLETE_local: false peers { permanent_uuid: "c8a15b6a57804d05ada89b15de898a87" member_type: VOTER last_known_addr { host: "127.23.135.130" port: 40621 } } peers { permanent_uuid: "493be4abe83d46c1829e3d5cfc68a9de" member_type: VOTER last_known_addr { host: "127.23.135.129" port: 35559 } } peers { permanent_uuid: "bccadedc7a11414384f1d4875bf49aaa" member_type: VOTER last_known_addr { host: "127.23.135.131" port: 46803 } } }
W0220 18:44:26.468330 24335 tablet_service.cc:670] failed transaction from {username='slave'} at 127.0.0.1:54622: Illegal state: Replica c8a15b6a57804d05ada89b15de898a87 is not leader of this config. Role: FOLLOWER. Consensus state: current_term: 3 committed_config { opid_index: -1 OBSOLETE_local: false peers { permanent_uuid: "c8a15b6a57804d05ada89b15de898a87" member_type: VOTER last_known_addr { host: "127.23.135.130" port: 40621 } } peers { permanent_uuid: "493be4abe83d46c1829e3d5cfc68a9de" member_type: VOTER last_known_addr { host: "127.23.135.129" port: 35559 } } peers { permanent_uuid: "bccadedc7a11414384f1d4875bf49aaa" member_type: VOTER last_known_addr { host: "127.23.135.131" port: 46803 } } }
W0220 18:44:26.471748 24454 tablet_service.cc:670] failed transaction from {username='slave'} at 127.0.0.1:45212: Illegal state: Replica bccadedc7a11414384f1d4875bf49aaa is not leader of this config. Role: FOLLOWER. Consensus state: current_term: 3 committed_config { opid_index: -1 OBSOLETE_local: false peers { permanent_uuid: "c8a15b6a57804d05ada89b15de898a87" member_type: VOTER last_known_addr { host: "127.23.135.130" port: 40621 } } peers { permanent_uuid: "493be4abe83d46c1829e3d5cfc68a9de" member_type: VOTER last_known_addr { host: "127.23.135.129" port: 35559 } } peers { permanent_uuid: "bccadedc7a11414384f1d4875bf49aaa" member_type: VOTER last_known_addr { host: "127.23.135.131" port: 46803 } } }
W0220 18:44:26.498966 24454 tablet_service.cc:670] failed transaction from {username='slave'} at 127.0.0.1:45212: Illegal state: Replica bccadedc7a11414384f1d4875bf49aaa is not leader of this config. Role: FOLLOWER. Consensus state: current_term: 3 committed_config { opid_index: -1 OBSOLETE_local: false peers { permanent_uuid: "c8a15b6a57804d05ada89b15de898a87" member_type: VOTER last_known_addr { host: "127.23.135.130" port: 40621 } } peers { permanent_uuid: "493be4abe83d46c1829e3d5cfc68a9de" member_type: VOTER last_known_addr { host: "127.23.135.129" port: 35559 } } peers { permanent_uuid: "bccadedc7a11414384f1d4875bf49aaa" member_type: VOTER last_known_addr { host: "127.23.135.131" port: 46803 } } }
W0220 18:44:26.519013 24454 tablet_service.cc:670] failed transaction from {username='slave'} at 127.0.0.1:45212: Illegal state: Replica bccadedc7a11414384f1d4875bf49aaa is not leader of this config. Role: FOLLOWER. Consensus state: current_term: 3 committed_config { opid_index: -1 OBSOLETE_local: false peers { permanent_uuid: "c8a15b6a57804d05ada89b15de898a87" member_type: VOTER last_known_addr { host: "127.23.135.130" port: 40621 } } peers { permanent_uuid: "493be4abe83d46c1829e3d5cfc68a9de" member_type: VOTER last_known_addr { host: "127.23.135.129" port: 35559 } } peers { permanent_uuid: "bccadedc7a11414384f1d4875bf49aaa" member_type: VOTER last_known_addr { host: "127.23.135.131" port: 46803 } } }
I0220 18:44:26.540498 24571 raft_consensus.cc:482] T 2ca7a33c93d548f49d2a4b1eeca470ca P c8a15b6a57804d05ada89b15de898a87 [term 3 FOLLOWER]: Starting pre-election (no leader contacted us within the election timeout)
I0220 18:44:26.540637 24571 raft_consensus.cc:504] T 2ca7a33c93d548f49d2a4b1eeca470ca P c8a15b6a57804d05ada89b15de898a87 [term 3 FOLLOWER]: Starting pre-election with config: opid_index: -1 OBSOLETE_local: false peers { permanent_uuid: "c8a15b6a57804d05ada89b15de898a87" member_type: VOTER last_known_addr { host: "127.23.135.130" port: 40621 } } peers { permanent_uuid: "493be4abe83d46c1829e3d5cfc68a9de" member_type: VOTER last_known_addr { host: "127.23.135.129" port: 35559 } } peers { permanent_uuid: "bccadedc7a11414384f1d4875bf49aaa" member_type: VOTER last_known_addr { host: "127.23.135.131" port: 46803 } }
I0220 18:44:26.540976 24571 leader_election.cc:293] T 2ca7a33c93d548f49d2a4b1eeca470ca P c8a15b6a57804d05ada89b15de898a87 [CANDIDATE]: Term 4 pre-election: Requested pre-vote from peers 493be4abe83d46c1829e3d5cfc68a9de (127.23.135.129:35559), bccadedc7a11414384f1d4875bf49aaa (127.23.135.131:46803)
W0220 18:44:26.541399 24309 leader_election.cc:339] T 2ca7a33c93d548f49d2a4b1eeca470ca P c8a15b6a57804d05ada89b15de898a87 [CANDIDATE]: Term 4 pre-election: RPC error from VoteRequest() call to peer 493be4abe83d46c1829e3d5cfc68a9de (127.23.135.129:35559): Network error: Client connection negotiation failed: client connection to 127.23.135.129:35559: connect: Connection refused (error 111)
I0220 18:44:26.541416 24499 tablet_service.cc:1340] Received RequestConsensusVote() RPC: tablet_id: "2ca7a33c93d548f49d2a4b1eeca470ca" candidate_uuid: "c8a15b6a57804d05ada89b15de898a87" candidate_term: 4 candidate_status { last_received { term: 1 index: 16 } } ignore_live_leader: false dest_uuid: "bccadedc7a11414384f1d4875bf49aaa" is_pre_election: true
I0220 18:44:26.541505 24499 raft_consensus.cc:2414] T 2ca7a33c93d548f49d2a4b1eeca470ca P bccadedc7a11414384f1d4875bf49aaa [term 3 FOLLOWER]: Leader pre-election vote request: Granting yes vote for candidate c8a15b6a57804d05ada89b15de898a87 in term 3.
I0220 18:44:26.541781 24308 leader_election.cc:307] T 2ca7a33c93d548f49d2a4b1eeca470ca P c8a15b6a57804d05ada89b15de898a87 [CANDIDATE]: Term 4 pre-election: Election decided. Result: candidate won. Election summary: received 3 responses out of 3 voters: 2 yes votes; 1 no votes. yes voters: bccadedc7a11414384f1d4875bf49aaa, c8a15b6a57804d05ada89b15de898a87; no voters: 493be4abe83d46c1829e3d5cfc68a9de
I0220 18:44:26.541930 24571 raft_consensus.cc:2730] T 2ca7a33c93d548f49d2a4b1eeca470ca P c8a15b6a57804d05ada89b15de898a87 [term 3 FOLLOWER]: Leader pre-election won for term 4
I0220 18:44:26.541955 24571 raft_consensus.cc:482] T 2ca7a33c93d548f49d2a4b1eeca470ca P c8a15b6a57804d05ada89b15de898a87 [term 3 FOLLOWER]: Starting leader election (no leader contacted us within the election timeout)
I0220 18:44:26.541975 24571 raft_consensus.cc:2983] T 2ca7a33c93d548f49d2a4b1eeca470ca P c8a15b6a57804d05ada89b15de898a87 [term 3 FOLLOWER]: Advancing to term 4
I0220 18:44:26.542685 24571 raft_consensus.cc:504] T 2ca7a33c93d548f49d2a4b1eeca470ca P c8a15b6a57804d05ada89b15de898a87 [term 4 FOLLOWER]: Starting leader election with config: opid_index: -1 OBSOLETE_local: false peers { permanent_uuid: "c8a15b6a57804d05ada89b15de898a87" member_type: VOTER last_known_addr { host: "127.23.135.130" port: 40621 } } peers { permanent_uuid: "493be4abe83d46c1829e3d5cfc68a9de" member_type: VOTER last_known_addr { host: "127.23.135.129" port: 35559 } } peers { permanent_uuid: "bccadedc7a11414384f1d4875bf49aaa" member_type: VOTER last_known_addr { host: "127.23.135.131" port: 46803 } }
I0220 18:44:26.542908 24571 leader_election.cc:293] T 2ca7a33c93d548f49d2a4b1eeca470ca P c8a15b6a57804d05ada89b15de898a87 [CANDIDATE]: Term 4 election: Requested vote from peers 493be4abe83d46c1829e3d5cfc68a9de (127.23.135.129:35559), bccadedc7a11414384f1d4875bf49aaa (127.23.135.131:46803)
W0220 18:44:26.543244 24309 leader_election.cc:339] T 2ca7a33c93d548f49d2a4b1eeca470ca P c8a15b6a57804d05ada89b15de898a87 [CANDIDATE]: Term 4 election: RPC error from VoteRequest() call to peer 493be4abe83d46c1829e3d5cfc68a9de (127.23.135.129:35559): Network error: Client connection negotiation failed: client connection to 127.23.135.129:35559: connect: Connection refused (error 111)
I0220 18:44:26.543283 24499 tablet_service.cc:1340] Received RequestConsensusVote() RPC: tablet_id: "2ca7a33c93d548f49d2a4b1eeca470ca" candidate_uuid: "c8a15b6a57804d05ada89b15de898a87" candidate_term: 4 candidate_status { last_received { term: 1 index: 16 } } ignore_live_leader: false dest_uuid: "bccadedc7a11414384f1d4875bf49aaa"
I0220 18:44:26.543339 24499 raft_consensus.cc:2983] T 2ca7a33c93d548f49d2a4b1eeca470ca P bccadedc7a11414384f1d4875bf49aaa [term 3 FOLLOWER]: Advancing to term 4
I0220 18:44:26.544040 24499 raft_consensus.cc:2414] T 2ca7a33c93d548f49d2a4b1eeca470ca P bccadedc7a11414384f1d4875bf49aaa [term 4 FOLLOWER]: Leader election vote request: Granting yes vote for candidate c8a15b6a57804d05ada89b15de898a87 in term 4.
I0220 18:44:26.544297 24308 leader_election.cc:307] T 2ca7a33c93d548f49d2a4b1eeca470ca P c8a15b6a57804d05ada89b15de898a87 [CANDIDATE]: Term 4 election: Election decided. Result: candidate won. Election summary: received 3 responses out of 3 voters: 2 yes votes; 1 no votes. yes voters: bccadedc7a11414384f1d4875bf49aaa, c8a15b6a57804d05ada89b15de898a87; no voters: 493be4abe83d46c1829e3d5cfc68a9de
I0220 18:44:26.544431 24571 raft_consensus.cc:2730] T 2ca7a33c93d548f49d2a4b1eeca470ca P c8a15b6a57804d05ada89b15de898a87 [term 4 FOLLOWER]: Leader election won for term 4
I0220 18:44:26.544560 24571 raft_consensus.cc:686] T 2ca7a33c93d548f49d2a4b1eeca470ca P c8a15b6a57804d05ada89b15de898a87 [term 4 LEADER]: Becoming Leader. State: Replica: c8a15b6a57804d05ada89b15de898a87, State: Running, Role: LEADER
I0220 18:44:26.544694 24571 consensus_queue.cc:229] T 2ca7a33c93d548f49d2a4b1eeca470ca P c8a15b6a57804d05ada89b15de898a87 [LEADER]: Queue going to LEADER mode. State: All replicated index: 0, Majority replicated index: 15, Committed index: 15, Last appended: 1.16, Last appended by leader: 16, Current term: 4, Majority size: 2, State: 0, Mode: LEADER, active raft config: opid_index: -1 OBSOLETE_local: false peers { permanent_uuid: "c8a15b6a57804d05ada89b15de898a87" member_type: VOTER last_known_addr { host: "127.23.135.130" port: 40621 } } peers { permanent_uuid: "493be4abe83d46c1829e3d5cfc68a9de" member_type: VOTER last_known_addr { host: "127.23.135.129" port: 35559 } } peers { permanent_uuid: "bccadedc7a11414384f1d4875bf49aaa" member_type: VOTER last_known_addr { host: "127.23.135.131" port: 46803 } }
I0220 18:44:26.546161 24128 catalog_manager.cc:4173] T 2ca7a33c93d548f49d2a4b1eeca470ca P c8a15b6a57804d05ada89b15de898a87 reported cstate change: term changed from 1 to 4, leader changed from 493be4abe83d46c1829e3d5cfc68a9de (127.23.135.129) to c8a15b6a57804d05ada89b15de898a87 (127.23.135.130). New cstate: current_term: 4 leader_uuid: "c8a15b6a57804d05ada89b15de898a87" committed_config { opid_index: -1 OBSOLETE_local: false peers { permanent_uuid: "c8a15b6a57804d05ada89b15de898a87" member_type: VOTER last_known_addr { host: "127.23.135.130" port: 40621 } health_report { overall_health: HEALTHY } } peers { permanent_uuid: "493be4abe83d46c1829e3d5cfc68a9de" member_type: VOTER last_known_addr { host: "127.23.135.129" port: 35559 } health_report { overall_health: UNKNOWN } } peers { permanent_uuid: "bccadedc7a11414384f1d4875bf49aaa" member_type: VOTER last_known_addr { host: "127.23.135.131" port: 46803 } health_report { overall_health: UNKNOWN } } }
W0220 18:44:26.549860 24309 consensus_peers.cc:472] T 2ca7a33c93d548f49d2a4b1eeca470ca P c8a15b6a57804d05ada89b15de898a87 -> Peer 493be4abe83d46c1829e3d5cfc68a9de (127.23.135.129:35559): Couldn't send request to peer 493be4abe83d46c1829e3d5cfc68a9de. Status: Network error: Client connection negotiation failed: client connection to 127.23.135.129:35559: connect: Connection refused (error 111). This is attempt 1: this message will repeat every 5th retry.
I0220 18:44:26.549933 24499 raft_consensus.cc:1210] T 2ca7a33c93d548f49d2a4b1eeca470ca P bccadedc7a11414384f1d4875bf49aaa [term 4 FOLLOWER]: Refusing update from remote peer c8a15b6a57804d05ada89b15de898a87: Log matching property violated. Preceding OpId in replica: term: 1 index: 16. Preceding OpId from leader: term: 4 index: 18. (index mismatch)
I0220 18:44:26.550346 24776 consensus_queue.cc:1005] T 2ca7a33c93d548f49d2a4b1eeca470ca P c8a15b6a57804d05ada89b15de898a87 [LEADER]: Connected to new peer: Peer: permanent_uuid: "bccadedc7a11414384f1d4875bf49aaa" member_type: VOTER last_known_addr { host: "127.23.135.131" port: 46803 }, Status: LMP_MISMATCH, Last received: 0.0, Next index: 17, Last known committed idx: 15, Time since last communication: 0.000s
I0220 18:44:26.553898 24784 rpcz_store.cc:269] Call kudu.tserver.TabletServerService.Write from 127.0.0.1:54622 (ReqId={client: 392f3f16a48c4ca3af0be6adf713ed44, seq_no=87, attempt_no=1}) took 1257ms. Trace:
I0220 18:44:26.553936 24784 rpcz_store.cc:270] 0220 18:44:25.296021 (+ 0us) service_pool.cc:162] Inserting onto call queue 0220 18:44:25.296064 (+ 43us) service_pool.cc:221] Handling call 0220 18:44:26.553855 (+1257791us) inbound_call.cc:162] Queueing success response Metrics: {}
W0220 18:44:26.583773 24433 consensus_peers.cc:472] T 827aa98f727b4da6a5015391b4da1960 P bccadedc7a11414384f1d4875bf49aaa -> Peer 493be4abe83d46c1829e3d5cfc68a9de (127.23.135.129:35559): Couldn't send request to peer 493be4abe83d46c1829e3d5cfc68a9de. Status: Network error: Client connection negotiation failed: client connection to 127.23.135.129:35559: connect: Connection refused (error 111). This is attempt 11: this message will repeat every 5th retry.
W0220 18:44:26.667307 24433 consensus_peers.cc:472] T 116ca55e12164875ad0a87183fe531bc P bccadedc7a11414384f1d4875bf49aaa -> Peer 493be4abe83d46c1829e3d5cfc68a9de (127.23.135.129:35559): Couldn't send request to peer 493be4abe83d46c1829e3d5cfc68a9de. Status: Network error: Client connection negotiation failed: client connection to 127.23.135.129:35559: connect: Connection refused (error 111). This is attempt 11: this message will repeat every 5th retry.
W0220 18:44:26.796339 24309 consensus_peers.cc:472] T c5b2eb9c654f49df828ad8a096c62921 P c8a15b6a57804d05ada89b15de898a87 -> Peer 493be4abe83d46c1829e3d5cfc68a9de (127.23.135.129:35559): Couldn't send request to peer 493be4abe83d46c1829e3d5cfc68a9de. Status: Network error: Client connection negotiation failed: client connection to 127.23.135.129:35559: connect: Connection refused (error 111). This is attempt 16: this message will repeat every 5th retry.
W0220 18:44:26.810386 24433 consensus_peers.cc:472] T a7a069dabd5b4df28954b6833f23ab31 P bccadedc7a11414384f1d4875bf49aaa -> Peer 493be4abe83d46c1829e3d5cfc68a9de (127.23.135.129:35559): Couldn't send request to peer 493be4abe83d46c1829e3d5cfc68a9de. Status: Network error: Client connection negotiation failed: client connection to 127.23.135.129:35559: connect: Connection refused (error 111). This is attempt 16: this message will repeat every 5th retry.
W0220 18:44:26.820940 24433 consensus_peers.cc:472] T c0ca382ac98b46948b2b18c2d691a364 P bccadedc7a11414384f1d4875bf49aaa -> Peer 493be4abe83d46c1829e3d5cfc68a9de (127.23.135.129:35559): Couldn't send request to peer 493be4abe83d46c1829e3d5cfc68a9de. Status: Network error: Client connection negotiation failed: client connection to 127.23.135.129:35559: connect: Connection refused (error 111). This is attempt 16: this message will repeat every 5th retry.
W0220 18:44:27.050640 24309 consensus_peers.cc:472] T 2ca7a33c93d548f49d2a4b1eeca470ca P c8a15b6a57804d05ada89b15de898a87 -> Peer 493be4abe83d46c1829e3d5cfc68a9de (127.23.135.129:35559): Couldn't send request to peer 493be4abe83d46c1829e3d5cfc68a9de. Status: Network error: Client connection negotiation failed: client connection to 127.23.135.129:35559: connect: Connection refused (error 111). This is attempt 6: this message will repeat every 5th retry.
W0220 18:44:27.098259 24433 consensus_peers.cc:472] T 827aa98f727b4da6a5015391b4da1960 P bccadedc7a11414384f1d4875bf49aaa -> Peer 493be4abe83d46c1829e3d5cfc68a9de (127.23.135.129:35559): Couldn't send request to peer 493be4abe83d46c1829e3d5cfc68a9de. Status: Network error: Client connection negotiation failed: client connection to 127.23.135.129:35559: connect: Connection refused (error 111). This is attempt 16: this message will repeat every 5th retry.
W0220 18:44:27.151875 24433 consensus_peers.cc:472] T 116ca55e12164875ad0a87183fe531bc P bccadedc7a11414384f1d4875bf49aaa -> Peer 493be4abe83d46c1829e3d5cfc68a9de (127.23.135.129:35559): Couldn't send request to peer 493be4abe83d46c1829e3d5cfc68a9de. Status: Network error: Client connection negotiation failed: client connection to 127.23.135.129:35559: connect: Connection refused (error 111). This is attempt 16: this message will repeat every 5th retry.
I0220 18:44:27.284153 24796 consensus_queue.cc:565] T a7a069dabd5b4df28954b6833f23ab31 P bccadedc7a11414384f1d4875bf49aaa [LEADER]: Leader has been unable to successfully communicate with peer 493be4abe83d46c1829e3d5cfc68a9de for more than 2 seconds (2.001s)
W0220 18:44:27.286803 24433 consensus_peers.cc:472] T a7a069dabd5b4df28954b6833f23ab31 P bccadedc7a11414384f1d4875bf49aaa -> Peer 493be4abe83d46c1829e3d5cfc68a9de (127.23.135.129:35559): Couldn't send request to peer 493be4abe83d46c1829e3d5cfc68a9de. Status: Network error: Client connection negotiation failed: client connection to 127.23.135.129:35559: connect: Connection refused (error 111). This is attempt 21: this message will repeat every 5th retry.
I0220 18:44:27.293329 24807 consensus_queue.cc:565] T c5b2eb9c654f49df828ad8a096c62921 P c8a15b6a57804d05ada89b15de898a87 [LEADER]: Leader has been unable to successfully communicate with peer 493be4abe83d46c1829e3d5cfc68a9de for more than 2 seconds (2.011s)
W0220 18:44:27.294840 24309 consensus_peers.cc:472] T c5b2eb9c654f49df828ad8a096c62921 P c8a15b6a57804d05ada89b15de898a87 -> Peer 493be4abe83d46c1829e3d5cfc68a9de (127.23.135.129:35559): Couldn't send request to peer 493be4abe83d46c1829e3d5cfc68a9de. Status: Network error: Client connection negotiation failed: client connection to 127.23.135.129:35559: connect: Connection refused (error 111). This is attempt 21: this message will repeat every 5th retry.
I0220 18:44:27.298823 24795 consensus_queue.cc:565] T c0ca382ac98b46948b2b18c2d691a364 P bccadedc7a11414384f1d4875bf49aaa [LEADER]: Leader has been unable to successfully communicate with peer 493be4abe83d46c1829e3d5cfc68a9de for more than 2 seconds (2.035s)
W0220 18:44:27.301268 24433 consensus_peers.cc:472] T c0ca382ac98b46948b2b18c2d691a364 P bccadedc7a11414384f1d4875bf49aaa -> Peer 493be4abe83d46c1829e3d5cfc68a9de (127.23.135.129:35559): Couldn't send request to peer 493be4abe83d46c1829e3d5cfc68a9de. Status: Network error: Client connection negotiation failed: client connection to 127.23.135.129:35559: connect: Connection refused (error 111). This is attempt 21: this message will repeat every 5th retry.
W0220 18:44:27.551307 24309 consensus_peers.cc:472] T 2ca7a33c93d548f49d2a4b1eeca470ca P c8a15b6a57804d05ada89b15de898a87 -> Peer 493be4abe83d46c1829e3d5cfc68a9de (127.23.135.129:35559): Couldn't send request to peer 493be4abe83d46c1829e3d5cfc68a9de. Status: Network error: Client connection negotiation failed: client connection to 127.23.135.129:35559: connect: Connection refused (error 111). This is attempt 11: this message will repeat every 5th retry.
I0220 18:44:27.612128 24795 consensus_queue.cc:565] T 116ca55e12164875ad0a87183fe531bc P bccadedc7a11414384f1d4875bf49aaa [LEADER]: Leader has been unable to successfully communicate with peer 493be4abe83d46c1829e3d5cfc68a9de for more than 2 seconds (2.024s)
I0220 18:44:27.617236 24796 consensus_queue.cc:565] T 827aa98f727b4da6a5015391b4da1960 P bccadedc7a11414384f1d4875bf49aaa [LEADER]: Leader has been unable to successfully communicate with peer 493be4abe83d46c1829e3d5cfc68a9de for more than 2 seconds (2.037s)
W0220 18:44:27.621660 24433 consensus_peers.cc:472] T 827aa98f727b4da6a5015391b4da1960 P bccadedc7a11414384f1d4875bf49aaa -> Peer 493be4abe83d46c1829e3d5cfc68a9de (127.23.135.129:35559): Couldn't send request to peer 493be4abe83d46c1829e3d5cfc68a9de. Status: Network error: Client connection negotiation failed: client connection to 127.23.135.129:35559: connect: Connection refused (error 111). This is attempt 21: this message will repeat every 5th retry.
W0220 18:44:27.739526 24433 consensus_peers.cc:472] T 116ca55e12164875ad0a87183fe531bc P bccadedc7a11414384f1d4875bf49aaa -> Peer 493be4abe83d46c1829e3d5cfc68a9de (127.23.135.129:35559): Couldn't send request to peer 493be4abe83d46c1829e3d5cfc68a9de. Status: Network error: Client connection negotiation failed: client connection to 127.23.135.129:35559: connect: Connection refused (error 111). This is attempt 21: this message will repeat every 5th retry.
W0220 18:44:27.790971 24433 consensus_peers.cc:472] T c0ca382ac98b46948b2b18c2d691a364 P bccadedc7a11414384f1d4875bf49aaa -> Peer 493be4abe83d46c1829e3d5cfc68a9de (127.23.135.129:35559): Couldn't send request to peer 493be4abe83d46c1829e3d5cfc68a9de. Status: Network error: Client connection negotiation failed: client connection to 127.23.135.129:35559: connect: Connection refused (error 111). This is attempt 26: this message will repeat every 5th retry.
W0220 18:44:27.814695 24309 consensus_peers.cc:472] T c5b2eb9c654f49df828ad8a096c62921 P c8a15b6a57804d05ada89b15de898a87 -> Peer 493be4abe83d46c1829e3d5cfc68a9de (127.23.135.129:35559): Couldn't send request to peer 493be4abe83d46c1829e3d5cfc68a9de. Status: Network error: Client connection negotiation failed: client connection to 127.23.135.129:35559: connect: Connection refused (error 111). This is attempt 26: this message will repeat every 5th retry.
W0220 18:44:27.862412 24433 consensus_peers.cc:472] T a7a069dabd5b4df28954b6833f23ab31 P bccadedc7a11414384f1d4875bf49aaa -> Peer 493be4abe83d46c1829e3d5cfc68a9de (127.23.135.129:35559): Couldn't send request to peer 493be4abe83d46c1829e3d5cfc68a9de. Status: Network error: Client connection negotiation failed: client connection to 127.23.135.129:35559: connect: Connection refused (error 111). This is attempt 26: this message will repeat every 5th retry.
W0220 18:44:28.067376 24309 consensus_peers.cc:472] T 2ca7a33c93d548f49d2a4b1eeca470ca P c8a15b6a57804d05ada89b15de898a87 -> Peer 493be4abe83d46c1829e3d5cfc68a9de (127.23.135.129:35559): Couldn't send request to peer 493be4abe83d46c1829e3d5cfc68a9de. Status: Network error: Client connection negotiation failed: client connection to 127.23.135.129:35559: connect: Connection refused (error 111). This is attempt 16: this message will repeat every 5th retry.
W0220 18:44:28.107436 24433 consensus_peers.cc:472] T 827aa98f727b4da6a5015391b4da1960 P bccadedc7a11414384f1d4875bf49aaa -> Peer 493be4abe83d46c1829e3d5cfc68a9de (127.23.135.129:35559): Couldn't send request to peer 493be4abe83d46c1829e3d5cfc68a9de. Status: Network error: Client connection negotiation failed: client connection to 127.23.135.129:35559: connect: Connection refused (error 111). This is attempt 26: this message will repeat every 5th retry.
W0220 18:44:28.227804 24433 consensus_peers.cc:472] T 116ca55e12164875ad0a87183fe531bc P bccadedc7a11414384f1d4875bf49aaa -> Peer 493be4abe83d46c1829e3d5cfc68a9de (127.23.135.129:35559): Couldn't send request to peer 493be4abe83d46c1829e3d5cfc68a9de. Status: Network error: Client connection negotiation failed: client connection to 127.23.135.129:35559: connect: Connection refused (error 111). This is attempt 26: this message will repeat every 5th retry.
W0220 18:44:28.323710 24433 consensus_peers.cc:472] T c0ca382ac98b46948b2b18c2d691a364 P bccadedc7a11414384f1d4875bf49aaa -> Peer 493be4abe83d46c1829e3d5cfc68a9de (127.23.135.129:35559): Couldn't send request to peer 493be4abe83d46c1829e3d5cfc68a9de. Status: Network error: Client connection negotiation failed: client connection to 127.23.135.129:35559: connect: Connection refused (error 111). This is attempt 31: this message will repeat every 5th retry.
W0220 18:44:28.351420 24309 consensus_peers.cc:472] T c5b2eb9c654f49df828ad8a096c62921 P c8a15b6a57804d05ada89b15de898a87 -> Peer 493be4abe83d46c1829e3d5cfc68a9de (127.23.135.129:35559): Couldn't send request to peer 493be4abe83d46c1829e3d5cfc68a9de. Status: Network error: Client connection negotiation failed: client connection to 127.23.135.129:35559: connect: Connection refused (error 111). This is attempt 31: this message will repeat every 5th retry.
W0220 18:44:28.376207 24433 consensus_peers.cc:472] T a7a069dabd5b4df28954b6833f23ab31 P bccadedc7a11414384f1d4875bf49aaa -> Peer 493be4abe83d46c1829e3d5cfc68a9de (127.23.135.129:35559): Couldn't send request to peer 493be4abe83d46c1829e3d5cfc68a9de. Status: Network error: Client connection negotiation failed: client connection to 127.23.135.129:35559: connect: Connection refused (error 111). This is attempt 31: this message will repeat every 5th retry.
I0220 18:44:28.586123 24786 consensus_queue.cc:565] T 2ca7a33c93d548f49d2a4b1eeca470ca P c8a15b6a57804d05ada89b15de898a87 [LEADER]: Leader has been unable to successfully communicate with peer 493be4abe83d46c1829e3d5cfc68a9de for more than 2 seconds (2.041s)
W0220 18:44:28.590602 24309 consensus_peers.cc:472] T 2ca7a33c93d548f49d2a4b1eeca470ca P c8a15b6a57804d05ada89b15de898a87 -> Peer 493be4abe83d46c1829e3d5cfc68a9de (127.23.135.129:35559): Couldn't send request to peer 493be4abe83d46c1829e3d5cfc68a9de. Status: Network error: Client connection negotiation failed: client connection to 127.23.135.129:35559: connect: Connection refused (error 111). This is attempt 21: this message will repeat every 5th retry.
W0220 18:44:28.598731 24433 consensus_peers.cc:472] T 827aa98f727b4da6a5015391b4da1960 P bccadedc7a11414384f1d4875bf49aaa -> Peer 493be4abe83d46c1829e3d5cfc68a9de (127.23.135.129:35559): Couldn't send request to peer 493be4abe83d46c1829e3d5cfc68a9de. Status: Network error: Client connection negotiation failed: client connection to 127.23.135.129:35559: connect: Connection refused (error 111). This is attempt 31: this message will repeat every 5th retry.
I0220 18:44:28.676458 24094 external_mini_cluster.cc:1263] Killing /tmp/dist-test-taskDlYUX2/build/debug/bin/kudu-master with pid 24102
I0220 18:44:28.684304 24094 external_mini_cluster.cc:1065] Running /tmp/dist-test-taskDlYUX2/build/debug/bin/kudu-master /tmp/dist-test-taskDlYUX2/build/debug/bin/kudu-master --fs_wal_dir=/tmp/dist-test-taskDlYUX2/test-tmp/maintenance_mode-itest.0.MaintenanceModeRF3ITest.TestFailedTServerInMaintenanceModeDoesntRereplicate.1582224264261468-24094/minicluster-data/master-0/wal --fs_data_dirs=/tmp/dist-test-taskDlYUX2/test-tmp/maintenance_mode-itest.0.MaintenanceModeRF3ITest.TestFailedTServerInMaintenanceModeDoesntRereplicate.1582224264261468-24094/minicluster-data/master-0/data --block_manager=log --webserver_interface=localhost --ipki_ca_key_size=1024 --tsk_num_rsa_bits=512 --rpc_bind_addresses=127.23.135.190:45127 --webserver_interface=127.23.135.190 --webserver_port=38291 --never_fsync --ipki_server_key_size=1024 --enable_minidumps=false --redact=none --metrics_log_interval_ms=1000 --logtostderr --logbuflevel=-1 --log_dir=/tmp/dist-test-taskDlYUX2/test-tmp/maintenance_mode-itest.0.MaintenanceModeRF3ITest.TestFailedTServerInMaintenanceModeDoesntRereplicate.1582224264261468-24094/minicluster-data/master-0/logs --server_dump_info_path=/tmp/dist-test-taskDlYUX2/test-tmp/maintenance_mode-itest.0.MaintenanceModeRF3ITest.TestFailedTServerInMaintenanceModeDoesntRereplicate.1582224264261468-24094/minicluster-data/master-0/data/info.pb --server_dump_info_format=pb --rpc_server_allow_ephemeral_ports --unlock_experimental_flags --unlock_unsafe_flags --builtin_ntp_servers=127.23.135.148:41009 --builtin_ntp_poll_interval_ms=100 --ntp_initial_sync_wait_secs=10 --time_source=builtin --rpc_reuseport=true with env {}
W0220 18:44:28.772948 24433 consensus_peers.cc:472] T 116ca55e12164875ad0a87183fe531bc P bccadedc7a11414384f1d4875bf49aaa -> Peer 493be4abe83d46c1829e3d5cfc68a9de (127.23.135.129:35559): Couldn't send request to peer 493be4abe83d46c1829e3d5cfc68a9de. Status: Network error: Client connection negotiation failed: client connection to 127.23.135.129:35559: connect: Connection refused (error 111). This is attempt 31: this message will repeat every 5th retry. WARNING: Logging before InitGoogleLogging() is written to STDERR
W0220 18:44:28.774454 24819 flags.cc:403] Enabled unsafe flag: --rpc_server_allow_ephemeral_ports=true
W0220 18:44:28.774715 24819 flags.cc:403] Enabled unsafe flag: --never_fsync=true
W0220 18:44:28.776290 24819 flags.cc:403] Enabled experimental flag: --ipki_ca_key_size=1024
W0220 18:44:28.776402 24819 flags.cc:403] Enabled experimental flag: --ipki_server_key_size=1024
