I0220 18:45:05.252436 28013 raft_consensus.cc:2675] T 7e19d7c23cc941e3a7751fe2478481ec P 8c751174fe9e41a0a4d3ea1dac04a50e [term 8 FOLLOWER]: Leader pre-election lost for term 9. Reason: could not achieve majority
W0220 18:45:05.347476 27882 tablet_service.cc:670] failed transaction from {username='slave'} at 127.0.0.1:39810: Illegal state: Replica 8c751174fe9e41a0a4d3ea1dac04a50e is not leader of this config. Role: FOLLOWER. Consensus state: current_term: 8 committed_config { opid_index: -1 OBSOLETE_local: false peers { permanent_uuid: "a6e352f77ef54932a47d9977e15d05f1" member_type: VOTER last_known_addr { host: "127.23.135.130" port: 36293 } } peers { permanent_uuid: "8c751174fe9e41a0a4d3ea1dac04a50e" member_type: VOTER last_known_addr { host: "127.23.135.132" port: 33963 } } peers { permanent_uuid: "853707498adf425fb8395cb60f41c9dc" member_type: VOTER last_known_addr { host: "127.23.135.129" port: 34551 } } }
W0220 18:45:05.354705 27882 tablet_service.cc:670] failed transaction from {username='slave'} at 127.0.0.1:39810: Illegal state: Replica 8c751174fe9e41a0a4d3ea1dac04a50e is not leader of this config. Role: FOLLOWER. Consensus state: current_term: 8 committed_config { opid_index: -1 OBSOLETE_local: false peers { permanent_uuid: "a6e352f77ef54932a47d9977e15d05f1" member_type: VOTER last_known_addr { host: "127.23.135.130" port: 36293 } } peers { permanent_uuid: "8c751174fe9e41a0a4d3ea1dac04a50e" member_type: VOTER last_known_addr { host: "127.23.135.132" port: 33963 } } peers { permanent_uuid: "853707498adf425fb8395cb60f41c9dc" member_type: VOTER last_known_addr { host: "127.23.135.129" port: 34551 } } }
W0220 18:45:05.376322 27882 tablet_service.cc:670] failed transaction from {username='slave'} at 127.0.0.1:39810: Illegal state: Replica 8c751174fe9e41a0a4d3ea1dac04a50e is not leader of this config. Role: FOLLOWER. Consensus state: current_term: 8 committed_config { opid_index: -1 OBSOLETE_local: false peers { permanent_uuid: "a6e352f77ef54932a47d9977e15d05f1" member_type: VOTER last_known_addr { host: "127.23.135.130" port: 36293 } } peers { permanent_uuid: "8c751174fe9e41a0a4d3ea1dac04a50e" member_type: VOTER last_known_addr { host: "127.23.135.132" port: 33963 } } peers { permanent_uuid: "853707498adf425fb8395cb60f41c9dc" member_type: VOTER last_known_addr { host: "127.23.135.129" port: 34551 } } }
W0220 18:45:05.484078 27514 tablet_service.cc:670] failed transaction from {username='slave'} at 127.0.0.1:38004: Illegal state: Replica 853707498adf425fb8395cb60f41c9dc is not leader of this config. Role: FOLLOWER. Consensus state: current_term: 8 committed_config { opid_index: -1 OBSOLETE_local: false peers { permanent_uuid: "a6e352f77ef54932a47d9977e15d05f1" member_type: VOTER last_known_addr { host: "127.23.135.130" port: 36293 } } peers { permanent_uuid: "8c751174fe9e41a0a4d3ea1dac04a50e" member_type: VOTER last_known_addr { host: "127.23.135.132" port: 33963 } } peers { permanent_uuid: "853707498adf425fb8395cb60f41c9dc" member_type: VOTER last_known_addr { host: "127.23.135.129" port: 34551 } } }
I0220 18:45:05.507228 28015 raft_consensus.cc:482] T 7e19d7c23cc941e3a7751fe2478481ec P 853707498adf425fb8395cb60f41c9dc [term 8 FOLLOWER]: Starting pre-election (no leader contacted us within the election timeout)
I0220 18:45:05.507423 28015 raft_consensus.cc:504] T 7e19d7c23cc941e3a7751fe2478481ec P 853707498adf425fb8395cb60f41c9dc [term 8 FOLLOWER]: Starting pre-election with config: opid_index: -1 OBSOLETE_local: false peers { permanent_uuid: "a6e352f77ef54932a47d9977e15d05f1" member_type: VOTER last_known_addr { host: "127.23.135.130" port: 36293 } } peers { permanent_uuid: "8c751174fe9e41a0a4d3ea1dac04a50e" member_type: VOTER last_known_addr { host: "127.23.135.132" port: 33963 } } peers { permanent_uuid: "853707498adf425fb8395cb60f41c9dc" member_type: VOTER last_known_addr { host: "127.23.135.129" port: 34551 } }
I0220 18:45:05.508368 28015 leader_election.cc:293] T 7e19d7c23cc941e3a7751fe2478481ec P 853707498adf425fb8395cb60f41c9dc [CANDIDATE]: Term 9 pre-election: Requested pre-vote from peers a6e352f77ef54932a47d9977e15d05f1 (127.23.135.130:36293), 8c751174fe9e41a0a4d3ea1dac04a50e (127.23.135.132:33963)
I0220 18:45:05.513407 27931 tablet_service.cc:1340] Received RequestConsensusVote() RPC: tablet_id: "7e19d7c23cc941e3a7751fe2478481ec" candidate_uuid: "853707498adf425fb8395cb60f41c9dc" candidate_term: 9 candidate_status { last_received { term: 7 index: 1861 } } ignore_live_leader: false dest_uuid: "8c751174fe9e41a0a4d3ea1dac04a50e" is_pre_election: true
I0220 18:45:05.513552 27931 raft_consensus.cc:2414] T 7e19d7c23cc941e3a7751fe2478481ec P 8c751174fe9e41a0a4d3ea1dac04a50e [term 8 FOLLOWER]: Leader pre-election vote request: Granting yes vote for candidate 853707498adf425fb8395cb60f41c9dc in term 8.
I0220 18:45:05.513633 27680 tablet_service.cc:1340] Received RequestConsensusVote() RPC: tablet_id: "7e19d7c23cc941e3a7751fe2478481ec" candidate_uuid: "853707498adf425fb8395cb60f41c9dc" candidate_term: 9 candidate_status { last_received { term: 7 index: 1861 } } ignore_live_leader: false dest_uuid: "a6e352f77ef54932a47d9977e15d05f1" is_pre_election: true
I0220 18:45:05.513937 27483 leader_election.cc:307] T 7e19d7c23cc941e3a7751fe2478481ec P 853707498adf425fb8395cb60f41c9dc [CANDIDATE]: Term 9 pre-election: Election decided. Result: candidate won. Election summary: received 2 responses out of 3 voters: 2 yes votes; 0 no votes. yes voters: 853707498adf425fb8395cb60f41c9dc, 8c751174fe9e41a0a4d3ea1dac04a50e; no voters:
W0220 18:45:05.514061 27485 leader_election.cc:346] T 7e19d7c23cc941e3a7751fe2478481ec P 853707498adf425fb8395cb60f41c9dc [CANDIDATE]: Term 9 pre-election: Tablet error from VoteRequest() call to peer a6e352f77ef54932a47d9977e15d05f1 (127.23.135.130:36293): Illegal state: must be running to vote when last-logged opid is not known
I0220 18:45:05.514333 28015 raft_consensus.cc:2730] T 7e19d7c23cc941e3a7751fe2478481ec P 853707498adf425fb8395cb60f41c9dc [term 8 FOLLOWER]: Leader pre-election won for term 9
I0220 18:45:05.514370 28015 raft_consensus.cc:482] T 7e19d7c23cc941e3a7751fe2478481ec P 853707498adf425fb8395cb60f41c9dc [term 8 FOLLOWER]: Starting leader election (no leader contacted us within the election timeout)
I0220 18:45:05.514387 28015 raft_consensus.cc:2983] T 7e19d7c23cc941e3a7751fe2478481ec P 853707498adf425fb8395cb60f41c9dc [term 8 FOLLOWER]: Advancing to term 9
I0220 18:45:05.515990 28015 raft_consensus.cc:504] T 7e19d7c23cc941e3a7751fe2478481ec P 853707498adf425fb8395cb60f41c9dc [term 9 FOLLOWER]: Starting leader election with config: opid_index: -1 OBSOLETE_local: false peers { permanent_uuid: "a6e352f77ef54932a47d9977e15d05f1" member_type: VOTER last_known_addr { host: "127.23.135.130" port: 36293 } } peers { permanent_uuid: "8c751174fe9e41a0a4d3ea1dac04a50e" member_type: VOTER last_known_addr { host: "127.23.135.132" port: 33963 } } peers { permanent_uuid: "853707498adf425fb8395cb60f41c9dc" member_type: VOTER last_known_addr { host: "127.23.135.129" port: 34551 } }
I0220 18:45:05.516273 28015 leader_election.cc:293] T 7e19d7c23cc941e3a7751fe2478481ec P 853707498adf425fb8395cb60f41c9dc [CANDIDATE]: Term 9 election: Requested vote from peers a6e352f77ef54932a47d9977e15d05f1 (127.23.135.130:36293), 8c751174fe9e41a0a4d3ea1dac04a50e (127.23.135.132:33963)
I0220 18:45:05.516610 27931 tablet_service.cc:1340] Received RequestConsensusVote() RPC: tablet_id: "7e19d7c23cc941e3a7751fe2478481ec" candidate_uuid: "853707498adf425fb8395cb60f41c9dc" candidate_term: 9 candidate_status { last_received { term: 7 index: 1861 } } ignore_live_leader: false dest_uuid: "8c751174fe9e41a0a4d3ea1dac04a50e"
I0220 18:45:05.516685 27931 raft_consensus.cc:2983] T 7e19d7c23cc941e3a7751fe2478481ec P 8c751174fe9e41a0a4d3ea1dac04a50e [term 8 FOLLOWER]: Advancing to term 9
I0220 18:45:05.517999 27931 raft_consensus.cc:2414] T 7e19d7c23cc941e3a7751fe2478481ec P 8c751174fe9e41a0a4d3ea1dac04a50e [term 9 FOLLOWER]: Leader election vote request: Granting yes vote for candidate 853707498adf425fb8395cb60f41c9dc in term 9.
I0220 18:45:05.518254 27680 tablet_service.cc:1340] Received RequestConsensusVote() RPC: tablet_id: "7e19d7c23cc941e3a7751fe2478481ec" candidate_uuid: "853707498adf425fb8395cb60f41c9dc" candidate_term: 9 candidate_status { last_received { term: 7 index: 1861 } } ignore_live_leader: false dest_uuid: "a6e352f77ef54932a47d9977e15d05f1"
I0220 18:45:05.518298 27483 leader_election.cc:307] T 7e19d7c23cc941e3a7751fe2478481ec P 853707498adf425fb8395cb60f41c9dc [CANDIDATE]: Term 9 election: Election decided. Result: candidate won. Election summary: received 2 responses out of 3 voters: 2 yes votes; 0 no votes. yes voters: 853707498adf425fb8395cb60f41c9dc, 8c751174fe9e41a0a4d3ea1dac04a50e; no voters:
W0220 18:45:05.518538 27485 leader_election.cc:346] T 7e19d7c23cc941e3a7751fe2478481ec P 853707498adf425fb8395cb60f41c9dc [CANDIDATE]: Term 9 election: Tablet error from VoteRequest() call to peer a6e352f77ef54932a47d9977e15d05f1 (127.23.135.130:36293): Illegal state: must be running to vote when last-logged opid is not known
I0220 18:45:05.518546 28015 raft_consensus.cc:2730] T 7e19d7c23cc941e3a7751fe2478481ec P 853707498adf425fb8395cb60f41c9dc [term 9 FOLLOWER]: Leader election won for term 9
I0220 18:45:05.518728 28015 raft_consensus.cc:686] T 7e19d7c23cc941e3a7751fe2478481ec P 853707498adf425fb8395cb60f41c9dc [term 9 LEADER]: Becoming Leader. State: Replica: 853707498adf425fb8395cb60f41c9dc, State: Running, Role: LEADER
I0220 18:45:05.518996 28015 consensus_queue.cc:229] T 7e19d7c23cc941e3a7751fe2478481ec P 853707498adf425fb8395cb60f41c9dc [LEADER]: Queue going to LEADER mode. State: All replicated index: 0, Majority replicated index: 1859, Committed index: 1859, Last appended: 7.1861, Last appended by leader: 1861, Current term: 9, Majority size: 2, State: 0, Mode: LEADER, active raft config: opid_index: -1 OBSOLETE_local: false peers { permanent_uuid: "a6e352f77ef54932a47d9977e15d05f1" member_type: VOTER last_known_addr { host: "127.23.135.130" port: 36293 } } peers { permanent_uuid: "8c751174fe9e41a0a4d3ea1dac04a50e" member_type: VOTER last_known_addr { host: "127.23.135.132" port: 33963 } } peers { permanent_uuid: "853707498adf425fb8395cb60f41c9dc" member_type: VOTER last_known_addr { host: "127.23.135.129" port: 34551 } }
I0220 18:45:05.521319 25170 catalog_manager.cc:4173] T 7e19d7c23cc941e3a7751fe2478481ec P 853707498adf425fb8395cb60f41c9dc reported cstate change: term changed from 7 to 9. New cstate: current_term: 9 leader_uuid: "853707498adf425fb8395cb60f41c9dc" committed_config { opid_index: -1 OBSOLETE_local: false peers { permanent_uuid: "a6e352f77ef54932a47d9977e15d05f1" member_type: VOTER last_known_addr { host: "127.23.135.130" port: 36293 } health_report { overall_health: UNKNOWN } } peers { permanent_uuid: "8c751174fe9e41a0a4d3ea1dac04a50e" member_type: VOTER last_known_addr { host: "127.23.135.132" port: 33963 } health_report { overall_health: UNKNOWN } } peers { permanent_uuid: "853707498adf425fb8395cb60f41c9dc" member_type: VOTER last_known_addr { host: "127.23.135.129" port: 34551 } health_report { overall_health: HEALTHY } } }
I0220 18:45:05.603212 27931 raft_consensus.cc:1210] T 7e19d7c23cc941e3a7751fe2478481ec P 8c751174fe9e41a0a4d3ea1dac04a50e [term 9 FOLLOWER]: Refusing update from remote peer 853707498adf425fb8395cb60f41c9dc: Log matching property violated. Preceding OpId in replica: term: 7 index: 1859. Preceding OpId from leader: term: 9 index: 1862. (index mismatch)
I0220 18:45:05.603953 28015 consensus_queue.cc:1005] T 7e19d7c23cc941e3a7751fe2478481ec P 853707498adf425fb8395cb60f41c9dc [LEADER]: Connected to new peer: Peer: permanent_uuid: "8c751174fe9e41a0a4d3ea1dac04a50e" member_type: VOTER last_known_addr { host: "127.23.135.132" port: 33963 }, Status: LMP_MISMATCH, Last received: 0.0, Next index: 1862, Last known committed idx: 1859, Time since last communication: 0.000s
W0220 18:45:05.609870 27485 consensus_peers.cc:472] T 7e19d7c23cc941e3a7751fe2478481ec P 853707498adf425fb8395cb60f41c9dc -> Peer a6e352f77ef54932a47d9977e15d05f1 (127.23.135.130:36293): Couldn't send request to peer a6e352f77ef54932a47d9977e15d05f1. Error code: TABLET_NOT_RUNNING (12). Status: Illegal state: Tablet not RUNNING: BOOTSTRAPPING. This is attempt 1: this message will repeat every 5th retry.
W0220 18:45:05.619065 27882 tablet_service.cc:670] failed transaction from {username='slave'} at 127.0.0.1:39810: Illegal state: Replica 8c751174fe9e41a0a4d3ea1dac04a50e is not leader of this config. Role: FOLLOWER. Consensus state: current_term: 9 leader_uuid: "853707498adf425fb8395cb60f41c9dc" committed_config { opid_index: -1 OBSOLETE_local: false peers { permanent_uuid: "a6e352f77ef54932a47d9977e15d05f1" member_type: VOTER last_known_addr { host: "127.23.135.130" port: 36293 } } peers { permanent_uuid: "8c751174fe9e41a0a4d3ea1dac04a50e" member_type: VOTER last_known_addr { host: "127.23.135.132" port: 33963 } } peers { permanent_uuid: "853707498adf425fb8395cb60f41c9dc" member_type: VOTER last_known_addr { host: "127.23.135.129" port: 34551 } } }
W0220 18:45:05.621294 27882 tablet_service.cc:670] failed transaction from {username='slave'} at 127.0.0.1:39810: Illegal state: Replica 8c751174fe9e41a0a4d3ea1dac04a50e is not leader of this config. Role: FOLLOWER. Consensus state: current_term: 9 leader_uuid: "853707498adf425fb8395cb60f41c9dc" committed_config { opid_index: -1 OBSOLETE_local: false peers { permanent_uuid: "a6e352f77ef54932a47d9977e15d05f1" member_type: VOTER last_known_addr { host: "127.23.135.130" port: 36293 } } peers { permanent_uuid: "8c751174fe9e41a0a4d3ea1dac04a50e" member_type: VOTER last_known_addr { host: "127.23.135.132" port: 33963 } } peers { permanent_uuid: "853707498adf425fb8395cb60f41c9dc" member_type: VOTER last_known_addr { host: "127.23.135.129" port: 34551 } } }
I0220 18:45:05.642572 27619 tablet_bootstrap.cc:441] T 7e19d7c23cc941e3a7751fe2478481ec P a6e352f77ef54932a47d9977e15d05f1: Bootstrap replayed 1/1 log segments. Stats: ops{read=1859 overwritten=0 applied=1859 ignored=0} inserts{seen=92750 ignored=0} mutations{seen=0 ignored=0} orphaned_commits=0. Pending: 0 replicates
I0220 18:45:05.643091 27619 tablet_bootstrap.cc:441] T 7e19d7c23cc941e3a7751fe2478481ec P a6e352f77ef54932a47d9977e15d05f1: Bootstrap complete.
I0220 18:45:05.644714 27619 ts_tablet_manager.cc:1113] T 7e19d7c23cc941e3a7751fe2478481ec P a6e352f77ef54932a47d9977e15d05f1: Time spent bootstrapping tablet: real 4.465s user 4.279s sys 0.103s
I0220 18:45:05.647361 27619 raft_consensus.cc:346] T 7e19d7c23cc941e3a7751fe2478481ec P a6e352f77ef54932a47d9977e15d05f1 [term 8 FOLLOWER]: Replica starting. Triggering 0 pending transactions. Active config: opid_index: -1 OBSOLETE_local: false peers { permanent_uuid: "a6e352f77ef54932a47d9977e15d05f1" member_type: VOTER last_known_addr { host: "127.23.135.130" port: 36293 } } peers { permanent_uuid: "8c751174fe9e41a0a4d3ea1dac04a50e" member_type: VOTER last_known_addr { host: "127.23.135.132" port: 33963 } } peers { permanent_uuid: "853707498adf425fb8395cb60f41c9dc" member_type: VOTER last_known_addr { host: "127.23.135.129" port: 34551 } }
I0220 18:45:05.647475 27619 raft_consensus.cc:726] T 7e19d7c23cc941e3a7751fe2478481ec P a6e352f77ef54932a47d9977e15d05f1 [term 8 FOLLOWER]: Becoming Follower/Learner. State: Replica: a6e352f77ef54932a47d9977e15d05f1, State: Initialized, Role: FOLLOWER
I0220 18:45:05.648028 27619 consensus_queue.cc:252] T 7e19d7c23cc941e3a7751fe2478481ec P a6e352f77ef54932a47d9977e15d05f1 [NON_LEADER]: Queue going to NON_LEADER mode. State: All replicated index: 0, Majority replicated index: 0, Committed index: 1859, Last appended: 7.1859, Last appended by leader: 1859, Current term: 0, Majority size: -1, State: 0, Mode: NON_LEADER, active raft config: opid_index: -1 OBSOLETE_local: false peers { permanent_uuid: "a6e352f77ef54932a47d9977e15d05f1" member_type: VOTER last_known_addr { host: "127.23.135.130" port: 36293 } } peers { permanent_uuid: "8c751174fe9e41a0a4d3ea1dac04a50e" member_type: VOTER last_known_addr { host: "127.23.135.132" port: 33963 } } peers { permanent_uuid: "853707498adf425fb8395cb60f41c9dc" member_type: VOTER last_known_addr { host: "127.23.135.129" port: 34551 } }
I0220 18:45:05.649327 27619 ts_tablet_manager.cc:1142] T 7e19d7c23cc941e3a7751fe2478481ec P a6e352f77ef54932a47d9977e15d05f1: Time spent starting tablet: real 0.005s user 0.004s sys 0.000s
W0220 18:45:05.701035 27882 tablet_service.cc:670] failed transaction from {username='slave'} at 127.0.0.1:39810: Illegal state: Replica 8c751174fe9e41a0a4d3ea1dac04a50e is not leader of this config. Role: FOLLOWER. Consensus state: current_term: 9 leader_uuid: "853707498adf425fb8395cb60f41c9dc" committed_config { opid_index: -1 OBSOLETE_local: false peers { permanent_uuid: "a6e352f77ef54932a47d9977e15d05f1" member_type: VOTER last_known_addr { host: "127.23.135.130" port: 36293 } } peers { permanent_uuid: "8c751174fe9e41a0a4d3ea1dac04a50e" member_type: VOTER last_known_addr { host: "127.23.135.132" port: 33963 } } peers { permanent_uuid: "853707498adf425fb8395cb60f41c9dc" member_type: VOTER last_known_addr { host: "127.23.135.129" port: 34551 } } }
W0220 18:45:05.703847 27882 tablet_service.cc:670] failed transaction from {username='slave'} at 127.0.0.1:39810: Illegal state: Replica 8c751174fe9e41a0a4d3ea1dac04a50e is not leader of this config. Role: FOLLOWER. Consensus state: current_term: 9 leader_uuid: "853707498adf425fb8395cb60f41c9dc" committed_config { opid_index: -1 OBSOLETE_local: false peers { permanent_uuid: "a6e352f77ef54932a47d9977e15d05f1" member_type: VOTER last_known_addr { host: "127.23.135.130" port: 36293 } } peers { permanent_uuid: "8c751174fe9e41a0a4d3ea1dac04a50e" member_type: VOTER last_known_addr { host: "127.23.135.132" port: 33963 } } peers { permanent_uuid: "853707498adf425fb8395cb60f41c9dc" member_type: VOTER last_known_addr { host: "127.23.135.129" port: 34551 } } }
W0220 18:45:05.705371 27882 tablet_service.cc:670] failed transaction from {username='slave'} at 127.0.0.1:39810: Illegal state: Replica 8c751174fe9e41a0a4d3ea1dac04a50e is not leader of this config. Role: FOLLOWER. Consensus state: current_term: 9 leader_uuid: "853707498adf425fb8395cb60f41c9dc" committed_config { opid_index: -1 OBSOLETE_local: false peers { permanent_uuid: "a6e352f77ef54932a47d9977e15d05f1" member_type: VOTER last_known_addr { host: "127.23.135.130" port: 36293 } } peers { permanent_uuid: "8c751174fe9e41a0a4d3ea1dac04a50e" member_type: VOTER last_known_addr { host: "127.23.135.132" port: 33963 } } peers { permanent_uuid: "853707498adf425fb8395cb60f41c9dc" member_type: VOTER last_known_addr { host: "127.23.135.129" port: 34551 } } }
W0220 18:45:05.707338 27640 tablet_service.cc:670] failed transaction from {username='slave'} at 127.0.0.1:34736: Illegal state: Replica a6e352f77ef54932a47d9977e15d05f1 is not leader of this config. Role: FOLLOWER. Consensus state: current_term: 8 committed_config { opid_index: -1 OBSOLETE_local: false peers { permanent_uuid: "a6e352f77ef54932a47d9977e15d05f1" member_type: VOTER last_known_addr { host: "127.23.135.130" port: 36293 } } peers { permanent_uuid: "8c751174fe9e41a0a4d3ea1dac04a50e" member_type: VOTER last_known_addr { host: "127.23.135.132" port: 33963 } } peers { permanent_uuid: "853707498adf425fb8395cb60f41c9dc" member_type: VOTER last_known_addr { host: "127.23.135.129" port: 34551 } } }
W0220 18:45:05.708539 27640 tablet_service.cc:670] failed transaction from {username='slave'} at 127.0.0.1:34736: Illegal state: Replica a6e352f77ef54932a47d9977e15d05f1 is not leader of this config. Role: FOLLOWER. Consensus state: current_term: 8 committed_config { opid_index: -1 OBSOLETE_local: false peers { permanent_uuid: "a6e352f77ef54932a47d9977e15d05f1" member_type: VOTER last_known_addr { host: "127.23.135.130" port: 36293 } } peers { permanent_uuid: "8c751174fe9e41a0a4d3ea1dac04a50e" member_type: VOTER last_known_addr { host: "127.23.135.132" port: 33963 } } peers { permanent_uuid: "853707498adf425fb8395cb60f41c9dc" member_type: VOTER last_known_addr { host: "127.23.135.129" port: 34551 } } }
I0220 18:45:05.728139 27680 raft_consensus.cc:2983] T 7e19d7c23cc941e3a7751fe2478481ec P a6e352f77ef54932a47d9977e15d05f1 [term 8 FOLLOWER]: Advancing to term 9
I0220 18:45:05.729713 27680 raft_consensus.cc:1210] T 7e19d7c23cc941e3a7751fe2478481ec P a6e352f77ef54932a47d9977e15d05f1 [term 9 FOLLOWER]: Refusing update from remote peer 853707498adf425fb8395cb60f41c9dc: Log matching property violated. Preceding OpId in replica: term: 7 index: 1859. Preceding OpId from leader: term: 7 index: 1861. (index mismatch)
I0220 18:45:05.730497 28035 consensus_queue.cc:1007] T 7e19d7c23cc941e3a7751fe2478481ec P 853707498adf425fb8395cb60f41c9dc [LEADER]: Got LMP mismatch error from peer: Peer: permanent_uuid: "a6e352f77ef54932a47d9977e15d05f1" member_type: VOTER last_known_addr { host: "127.23.135.130" port: 36293 }, Status: LMP_MISMATCH, Last received: 0.0, Next index: 1862, Last known committed idx: 1859, Time since last communication: 0.000s
I0220 18:45:05.782666 28037 mvcc.cc:203] Tried to move safe_time back from 6480790756270743552 to 6480790755407126528. Current Snapshot: MvccSnapshot[committed={T|T < 6480790756270743552 or (T in {6480790756270743552})}]
W0220 18:45:05.811591 27640 tablet_service.cc:670] failed transaction from {username='slave'} at 127.0.0.1:34736: Illegal state: Replica a6e352f77ef54932a47d9977e15d05f1 is not leader of this config. Role: FOLLOWER. Consensus state: current_term: 9 leader_uuid: "853707498adf425fb8395cb60f41c9dc" committed_config { opid_index: -1 OBSOLETE_local: false peers { permanent_uuid: "a6e352f77ef54932a47d9977e15d05f1" member_type: VOTER last_known_addr { host: "127.23.135.130" port: 36293 } } peers { permanent_uuid: "8c751174fe9e41a0a4d3ea1dac04a50e" member_type: VOTER last_known_addr { host: "127.23.135.132" port: 33963 } } peers { permanent_uuid: "853707498adf425fb8395cb60f41c9dc" member_type: VOTER last_known_addr { host: "127.23.135.129" port: 34551 } } }
I0220 18:45:07.271739 25164 ts_manager.cc:267] Unset tserver state for 8c751174fe9e41a0a4d3ea1dac04a50e from MAINTENANCE_MODE
I0220 18:45:07.347213 27850 heartbeater.cc:455] Master 127.23.135.190:41437 requested a full tablet report, sending...
I0220 18:45:07.411243 25164 ts_manager.cc:267] Unset tserver state for a6e352f77ef54932a47d9977e15d05f1 from MAINTENANCE_MODE
I0220 18:45:07.413246 25164 ts_manager.cc:267] Unset tserver state for 853707498adf425fb8395cb60f41c9dc from MAINTENANCE_MODE
I0220 18:45:07.457325 25164 ts_manager.cc:267] Unset tserver state for e4c29ba8de7e4745a4e497d213d63742 from MAINTENANCE_MODE
I0220 18:45:07.614573 27976 heartbeater.cc:455] Master 127.23.135.190:41437 requested a full tablet report, sending...
I0220 18:45:07.742410 27724 heartbeater.cc:455] Master 127.23.135.190:41437 requested a full tablet report, sending...
I0220 18:45:07.745959 27597 heartbeater.cc:455] Master 127.23.135.190:41437 requested a full tablet report, sending...
I0220 18:45:07.929229 25164 ts_manager.cc:278] Set tserver state for e4c29ba8de7e4745a4e497d213d63742 to MAINTENANCE_MODE
I0220 18:45:07.937328 25164 ts_manager.cc:278] Set tserver state for a6e352f77ef54932a47d9977e15d05f1 to MAINTENANCE_MODE
I0220 18:45:07.939213 25170 ts_manager.cc:278] Set tserver state for 853707498adf425fb8395cb60f41c9dc to MAINTENANCE_MODE
I0220 18:45:07.941334 25164 ts_manager.cc:278] Set tserver state for 8c751174fe9e41a0a4d3ea1dac04a50e to MAINTENANCE_MODE
I0220 18:45:08.113895 27897 tablet_service.cc:1022] Tablet server 8c751174fe9e41a0a4d3ea1dac04a50e set to quiescing
I0220 18:45:08.114066 27897 tablet_service.cc:1029] Tablet server has 0 leaders and 1 scanners
I0220 18:45:08.132791 27787 tablet_service.cc:1022] Tablet server e4c29ba8de7e4745a4e497d213d63742 set to quiescing
I0220 18:45:08.132915 27787 tablet_service.cc:1029] Tablet server has 0 leaders and 0 scanners
I0220 18:45:08.264387 27534 tablet_service.cc:1022] Tablet server 853707498adf425fb8395cb60f41c9dc set to quiescing
I0220 18:45:08.264544 27534 tablet_service.cc:1029] Tablet server has 1 leaders and 2 scanners
I0220 18:45:08.265722 28042 raft_consensus.cc:929] T 7e19d7c23cc941e3a7751fe2478481ec P 853707498adf425fb8395cb60f41c9dc: : Instructing follower a6e352f77ef54932a47d9977e15d05f1 to start an election
I0220 18:45:08.265856 28042 raft_consensus.cc:1017] T 7e19d7c23cc941e3a7751fe2478481ec P 853707498adf425fb8395cb60f41c9dc [term 9 LEADER]: Signalling peer a6e352f77ef54932a47d9977e15d05f1 to start an election
I0220 18:45:08.266675 27681 tablet_service.cc:1457] Received Run Leader Election RPC: tablet_id: "7e19d7c23cc941e3a7751fe2478481ec" dest_uuid: "a6e352f77ef54932a47d9977e15d05f1" from {username='slave'} at 127.23.135.129:40291
I0220 18:45:08.266757 27681 raft_consensus.cc:482] T 7e19d7c23cc941e3a7751fe2478481ec P a6e352f77ef54932a47d9977e15d05f1 [term 9 FOLLOWER]: Starting forced leader election (received explicit request)
I0220 18:45:08.266813 27681 raft_consensus.cc:2983] T 7e19d7c23cc941e3a7751fe2478481ec P a6e352f77ef54932a47d9977e15d05f1 [term 9 FOLLOWER]: Advancing to term 10
I0220 18:45:08.267911 27681 raft_consensus.cc:504] T 7e19d7c23cc941e3a7751fe2478481ec P a6e352f77ef54932a47d9977e15d05f1 [term 10 FOLLOWER]: Starting forced leader election with config: opid_index: -1 OBSOLETE_local: false peers { permanent_uuid: "a6e352f77ef54932a47d9977e15d05f1" member_type: VOTER last_known_addr { host: "127.23.135.130" port: 36293 } } peers { permanent_uuid: "8c751174fe9e41a0a4d3ea1dac04a50e" member_type: VOTER last_known_addr { host: "127.23.135.132" port: 33963 } } peers { permanent_uuid: "853707498adf425fb8395cb60f41c9dc" member_type: VOTER last_known_addr { host: "127.23.135.129" port: 34551 } }
I0220 18:45:08.268777 27681 leader_election.cc:293] T 7e19d7c23cc941e3a7751fe2478481ec P a6e352f77ef54932a47d9977e15d05f1 [CANDIDATE]: Term 10 election: Requested vote from peers 8c751174fe9e41a0a4d3ea1dac04a50e (127.23.135.132:33963), 853707498adf425fb8395cb60f41c9dc (127.23.135.129:34551)
I0220 18:45:08.274474 27650 tablet_service.cc:1022] Tablet server a6e352f77ef54932a47d9977e15d05f1 set to quiescing
I0220 18:45:08.274585 27650 tablet_service.cc:1029] Tablet server has 0 leaders and 0 scanners
I0220 18:45:08.274713 27933 tablet_service.cc:1340] Received RequestConsensusVote() RPC: tablet_id: "7e19d7c23cc941e3a7751fe2478481ec" candidate_uuid: "a6e352f77ef54932a47d9977e15d05f1" candidate_term: 10 candidate_status { last_received { term: 9 index: 2268 } } ignore_live_leader: true dest_uuid: "8c751174fe9e41a0a4d3ea1dac04a50e"
I0220 18:45:08.274770 27933 raft_consensus.cc:2983] T 7e19d7c23cc941e3a7751fe2478481ec P 8c751174fe9e41a0a4d3ea1dac04a50e [term 9 FOLLOWER]: Advancing to term 10
I0220 18:45:08.275269 27681 raft_consensus.cc:1175] T 7e19d7c23cc941e3a7751fe2478481ec P a6e352f77ef54932a47d9977e15d05f1 [term 10 FOLLOWER]: Rejecting Update request from peer 853707498adf425fb8395cb60f41c9dc for earlier term 9. Current term is 10. Ops: []
I0220 18:45:08.275811 28035 consensus_queue.cc:1016] T 7e19d7c23cc941e3a7751fe2478481ec P 853707498adf425fb8395cb60f41c9dc [LEADER]: Peer responded invalid term: Peer: permanent_uuid: "a6e352f77ef54932a47d9977e15d05f1" member_type: VOTER last_known_addr { host: "127.23.135.130" port: 36293 }, Status: INVALID_TERM, Last received: 9.2268, Next index: 2269, Last known committed idx: 2268, Time since last communication: 0.000s
I0220 18:45:08.275816 27933 raft_consensus.cc:2414] T 7e19d7c23cc941e3a7751fe2478481ec P 8c751174fe9e41a0a4d3ea1dac04a50e [term 10 FOLLOWER]: Leader election vote request: Granting yes vote for candidate a6e352f77ef54932a47d9977e15d05f1 in term 10.
I0220 18:45:08.276235 28035 raft_consensus.cc:2978] T 7e19d7c23cc941e3a7751fe2478481ec P 853707498adf425fb8395cb60f41c9dc [term 9 LEADER]: Stepping down as leader of term 9
I0220 18:45:08.276259 28035 raft_consensus.cc:726] T 7e19d7c23cc941e3a7751fe2478481ec P 853707498adf425fb8395cb60f41c9dc [term 9 LEADER]: Becoming Follower/Learner. State: Replica: 853707498adf425fb8395cb60f41c9dc, State: Running, Role: LEADER
I0220 18:45:08.276398 28035 consensus_queue.cc:252] T 7e19d7c23cc941e3a7751fe2478481ec P 853707498adf425fb8395cb60f41c9dc [NON_LEADER]: Queue going to NON_LEADER mode. State: All replicated index: 0, Majority replicated index: 2268, Committed index: 2268, Last appended: 9.2270, Last appended by leader: 2270, Current term: 9, Majority size: -1, State: 0, Mode: NON_LEADER, active raft config: opid_index: -1 OBSOLETE_local: false peers { permanent_uuid: "a6e352f77ef54932a47d9977e15d05f1" member_type: VOTER last_known_addr { host: "127.23.135.130" port: 36293 } } peers { permanent_uuid: "8c751174fe9e41a0a4d3ea1dac04a50e" member_type: VOTER last_known_addr { host: "127.23.135.132" port: 33963 } } peers { permanent_uuid: "853707498adf425fb8395cb60f41c9dc" member_type: VOTER last_known_addr { host: "127.23.135.129" port: 34551 } }
I0220 18:45:08.276540 28035 raft_consensus.cc:2983] T 7e19d7c23cc941e3a7751fe2478481ec P 853707498adf425fb8395cb60f41c9dc [term 9 FOLLOWER]: Advancing to term 10
I0220 18:45:08.277321 27933 raft_consensus.cc:1175] T 7e19d7c23cc941e3a7751fe2478481ec P 8c751174fe9e41a0a4d3ea1dac04a50e [term 10 FOLLOWER]: Rejecting Update request from peer 853707498adf425fb8395cb60f41c9dc for earlier term 9. Current term is 10. Ops: []
I0220 18:45:08.277706 27610 leader_election.cc:307] T 7e19d7c23cc941e3a7751fe2478481ec P a6e352f77ef54932a47d9977e15d05f1 [CANDIDATE]: Term 10 election: Election decided. Result: candidate won. Election summary: received 2 responses out of 3 voters: 2 yes votes; 0 no votes. yes voters: 8c751174fe9e41a0a4d3ea1dac04a50e, a6e352f77ef54932a47d9977e15d05f1; no voters:
I0220 18:45:08.278187 27553 tablet_service.cc:1340] Received RequestConsensusVote() RPC: tablet_id: "7e19d7c23cc941e3a7751fe2478481ec" candidate_uuid: "a6e352f77ef54932a47d9977e15d05f1" candidate_term: 10 candidate_status { last_received { term: 9 index: 2268 } } ignore_live_leader: true dest_uuid: "853707498adf425fb8395cb60f41c9dc"
I0220 18:45:08.278271 27553 raft_consensus.cc:2356] T 7e19d7c23cc941e3a7751fe2478481ec P 853707498adf425fb8395cb60f41c9dc [term 10 FOLLOWER]: Leader election vote request: Denying vote to candidate a6e352f77ef54932a47d9977e15d05f1 for term 10 because replica has last-logged OpId of term: 9 index: 2270, which is greater than that of the candidate, which has last-logged OpId of term: 9 index: 2268.
I0220 18:45:08.279228 28225 raft_consensus.cc:2730] T 7e19d7c23cc941e3a7751fe2478481ec P a6e352f77ef54932a47d9977e15d05f1 [term 10 FOLLOWER]: Leader election won for term 10
I0220 18:45:08.279419 28225 raft_consensus.cc:686] T 7e19d7c23cc941e3a7751fe2478481ec P a6e352f77ef54932a47d9977e15d05f1 [term 10 LEADER]: Becoming Leader. State: Replica: a6e352f77ef54932a47d9977e15d05f1, State: Running, Role: LEADER
I0220 18:45:08.281134 28225 consensus_queue.cc:229] T 7e19d7c23cc941e3a7751fe2478481ec P a6e352f77ef54932a47d9977e15d05f1 [LEADER]: Queue going to LEADER mode. State: All replicated index: 0, Majority replicated index: 2268, Committed index: 2268, Last appended: 9.2268, Last appended by leader: 2268, Current term: 10, Majority size: 2, State: 0, Mode: LEADER, active raft config: opid_index: -1 OBSOLETE_local: false peers { permanent_uuid: "a6e352f77ef54932a47d9977e15d05f1" member_type: VOTER last_known_addr { host: "127.23.135.130" port: 36293 } } peers { permanent_uuid: "8c751174fe9e41a0a4d3ea1dac04a50e" member_type: VOTER last_known_addr { host: "127.23.135.132" port: 33963 } } peers { permanent_uuid: "853707498adf425fb8395cb60f41c9dc" member_type: VOTER last_known_addr { host: "127.23.135.129" port: 34551 } }
W0220 18:45:08.284065 27511 tablet_service.cc:670] failed transaction from {username='slave'} at 127.0.0.1:38004: Illegal state: Replica 853707498adf425fb8395cb60f41c9dc is not leader of this config. Role: FOLLOWER. Consensus state: current_term: 10 committed_config { opid_index: -1 OBSOLETE_local: false peers { permanent_uuid: "a6e352f77ef54932a47d9977e15d05f1" member_type: VOTER last_known_addr { host: "127.23.135.130" port: 36293 } } peers { permanent_uuid: "8c751174fe9e41a0a4d3ea1dac04a50e" member_type: VOTER last_known_addr { host: "127.23.135.132" port: 33963 } } peers { permanent_uuid: "853707498adf425fb8395cb60f41c9dc" member_type: VOTER last_known_addr { host: "127.23.135.129" port: 34551 } } }
I0220 18:45:08.285465 25164 catalog_manager.cc:4173] T 7e19d7c23cc941e3a7751fe2478481ec P a6e352f77ef54932a47d9977e15d05f1 reported cstate change: term changed from 9 to 10, leader changed from 853707498adf425fb8395cb60f41c9dc (127.23.135.129) to a6e352f77ef54932a47d9977e15d05f1 (127.23.135.130). New cstate: current_term: 10 leader_uuid: "a6e352f77ef54932a47d9977e15d05f1" committed_config { opid_index: -1 OBSOLETE_local: false peers { permanent_uuid: "a6e352f77ef54932a47d9977e15d05f1" member_type: VOTER last_known_addr { host: "127.23.135.130" port: 36293 } health_report { overall_health: HEALTHY } } peers { permanent_uuid: "8c751174fe9e41a0a4d3ea1dac04a50e" member_type: VOTER last_known_addr { host: "127.23.135.132" port: 33963 } health_report { overall_health: UNKNOWN } } peers { permanent_uuid: "853707498adf425fb8395cb60f41c9dc" member_type: VOTER last_known_addr { host: "127.23.135.129" port: 34551 } health_report { overall_health: UNKNOWN } } }
I0220 18:45:08.292937 27553 raft_consensus.cc:1210] T 7e19d7c23cc941e3a7751fe2478481ec P 853707498adf425fb8395cb60f41c9dc [term 10 FOLLOWER]: Refusing update from remote peer a6e352f77ef54932a47d9977e15d05f1: Log matching property violated. Preceding OpId in replica: term: 9 index: 2270. Preceding OpId from leader: term: 10 index: 2270. (term mismatch)
I0220 18:45:08.292977 27553 pending_rounds.cc:78] T 7e19d7c23cc941e3a7751fe2478481ec P 853707498adf425fb8395cb60f41c9dc: Aborting all transactions after (but not including) 2269
I0220 18:45:08.292996 27553 pending_rounds.cc:99] T 7e19d7c23cc941e3a7751fe2478481ec P 853707498adf425fb8395cb60f41c9dc: Aborting uncommitted WRITE_OP operation due to leader change: 9.2270
W0220 18:45:08.293309 27553 tablet_service.cc:670] failed transaction from {username='slave'} at 127.0.0.1:38004: Aborted: Transaction aborted by new leader
I0220 18:45:08.293679 27933 raft_consensus.cc:1210] T 7e19d7c23cc941e3a7751fe2478481ec P 8c751174fe9e41a0a4d3ea1dac04a50e [term 10 FOLLOWER]: Refusing update from remote peer a6e352f77ef54932a47d9977e15d05f1: Log matching property violated. Preceding OpId in replica: term: 9 index: 2268. Preceding OpId from leader: term: 10 index: 2270. (index mismatch)
I0220 18:45:08.294212 28225 consensus_queue.cc:1005] T 7e19d7c23cc941e3a7751fe2478481ec P a6e352f77ef54932a47d9977e15d05f1 [LEADER]: Connected to new peer: Peer: permanent_uuid: "853707498adf425fb8395cb60f41c9dc" member_type: VOTER last_known_addr { host: "127.23.135.129" port: 34551 }, Status: LMP_MISMATCH, Last received: 0.0, Next index: 2269, Last known committed idx: 2268, Time since last communication: 0.000s
I0220 18:45:08.294312 28225 consensus_queue.cc:1196] T 7e19d7c23cc941e3a7751fe2478481ec P a6e352f77ef54932a47d9977e15d05f1 [LEADER]: Peer 853707498adf425fb8395cb60f41c9dc log is divergent from this leader: its last log entry 9.2269 is not in this leader's log and it has not received anything from this leader yet. Falling back to committed index 2268
I0220 18:45:08.294625 28225 consensus_queue.cc:1005] T 7e19d7c23cc941e3a7751fe2478481ec P a6e352f77ef54932a47d9977e15d05f1 [LEADER]: Connected to new peer: Peer: permanent_uuid: "8c751174fe9e41a0a4d3ea1dac04a50e" member_type: VOTER last_known_addr { host: "127.23.135.132" port: 33963 }, Status: LMP_MISMATCH, Last received: 0.0, Next index: 2269, Last known committed idx: 2268, Time since last communication: 0.000s
I0220 18:45:08.294992 27553 pending_rounds.cc:78] T 7e19d7c23cc941e3a7751fe2478481ec P 853707498adf425fb8395cb60f41c9dc: Aborting all transactions after (but not including) 2268
I0220 18:45:08.295022 27553 pending_rounds.cc:99] T 7e19d7c23cc941e3a7751fe2478481ec P 853707498adf425fb8395cb60f41c9dc: Aborting uncommitted WRITE_OP operation due to leader change: 9.2269
W0220 18:45:08.295236 27553 tablet_service.cc:670] failed transaction from {username='slave'} at 127.0.0.1:38004: Aborted: Transaction aborted by new leader
I0220 18:45:08.299942 28014 mvcc.cc:203] Tried to move safe_time back from 6480790766763048960 to 6480790766727483392. Current Snapshot: MvccSnapshot[committed={T|T < 6480790766763048960 or (T in {6480790766763048960})}]
I0220 18:45:08.308480 28029 mvcc.cc:203] Tried to move safe_time back from 6480790766763048960 to 6480790766727483392. Current Snapshot: MvccSnapshot[committed={T|T < 6480790766763048960 or (T in {6480790766763048960})}]
I0220 18:45:08.349776 27850 heartbeater.cc:455] Master 127.23.135.190:41437 requested a full tablet report, sending...
I0220 18:45:09.368165 27897 tablet_service.cc:1022] Tablet server 8c751174fe9e41a0a4d3ea1dac04a50e set to quiescing
I0220 18:45:09.368269 27897 tablet_service.cc:1029] Tablet server has 0 leaders and 1 scanners
I0220 18:45:09.430677 27534 tablet_service.cc:1022] Tablet server 853707498adf425fb8395cb60f41c9dc set to quiescing
I0220 18:45:09.430828 27534 tablet_service.cc:1029] Tablet server has 0 leaders and 2 scanners
I0220 18:45:10.583218 27897 tablet_service.cc:1022] Tablet server 8c751174fe9e41a0a4d3ea1dac04a50e set to quiescing
I0220 18:45:10.583328 27897 tablet_service.cc:1029] Tablet server has 0 leaders and 0 scanners
I0220 18:45:10.633626 27534 tablet_service.cc:1022] Tablet server 853707498adf425fb8395cb60f41c9dc set to quiescing
I0220 18:45:10.633734 27534 tablet_service.cc:1029] Tablet server has 0 leaders and 0 scanners
I0220 18:45:10.641288 24094 external_mini_cluster.cc:1263] Killing /tmp/dist-test-taskDlYUX2/build/debug/bin/kudu-tserver with pid 27474
W0220 18:45:10.651926 27610 consensus_peers.cc:472] T 7e19d7c23cc941e3a7751fe2478481ec P a6e352f77ef54932a47d9977e15d05f1 -> Peer 853707498adf425fb8395cb60f41c9dc (127.23.135.129:34551): Couldn't send request to peer 853707498adf425fb8395cb60f41c9dc. Status: Network error: recv got EOF from 127.23.135.129:34551 (error 108). This is attempt 1: this message will repeat every 5th retry.
I0220 18:45:10.652182 24094 external_mini_cluster.cc:1065] Running /tmp/dist-test-taskDlYUX2/build/debug/bin/kudu-tserver /tmp/dist-test-taskDlYUX2/build/debug/bin/kudu-tserver --fs_wal_dir=/tmp/dist-test-taskDlYUX2/test-tmp/maintenance_mode-itest.0.RollingRestartArgs_RollingRestartITest.TestWorkloads_4.1582224264261468-24094/minicluster-data/ts-0/wal --fs_data_dirs=/tmp/dist-test-taskDlYUX2/test-tmp/maintenance_mode-itest.0.RollingRestartArgs_RollingRestartITest.TestWorkloads_4.1582224264261468-24094/minicluster-data/ts-0/data --block_manager=log --rpc_bind_addresses=127.23.135.129:34551 --local_ip_for_outbound_sockets=127.23.135.129 --webserver_port=33607 --webserver_interface=127.23.135.129 --tserver_master_addrs=127.23.135.190:41437 --never_fsync --ipki_server_key_size=1024 --enable_minidumps=false --redact=none --metrics_log_interval_ms=1000 --logtostderr --logbuflevel=-1 --log_dir=/tmp/dist-test-taskDlYUX2/test-tmp/maintenance_mode-itest.0.RollingRestartArgs_RollingRestartITest.TestWorkloads_4.1582224264261468-24094/minicluster-data/ts-0/logs --server_dump_info_path=/tmp/dist-test-taskDlYUX2/test-tmp/maintenance_mode-itest.0.RollingRestartArgs_RollingRestartITest.TestWorkloads_4.1582224264261468-24094/minicluster-data/ts-0/data/info.pb --server_dump_info_format=pb --rpc_server_allow_ephemeral_ports --unlock_experimental_flags --unlock_unsafe_flags --builtin_ntp_servers=127.23.135.148:46155 --builtin_ntp_poll_interval_ms=100 --ntp_initial_sync_wait_secs=10 --time_source=builtin --raft_heartbeat_interval_ms=100 --scanner_default_batch_size_bytes=100 with env {} WARNING: Logging before InitGoogleLogging() is written to STDERR
W0220 18:45:10.720563 28280 flags.cc:403] Enabled unsafe flag: --rpc_server_allow_ephemeral_ports=true
W0220 18:45:10.720741 28280 flags.cc:403] Enabled unsafe flag: --never_fsync=true
W0220 18:45:10.721714 28280 flags.cc:403] Enabled experimental flag: --ipki_server_key_size=1024
W0220 18:45:10.721786 28280 flags.cc:403] Enabled experimental flag: --local_ip_for_outbound_sockets=127.23.135.129
I0220 18:45:10.723474 28280 tablet_server_runner.cc:68] Tablet server non-default flags: --builtin_ntp_poll_interval_ms=100 --builtin_ntp_servers=127.23.135.148:46155 --ntp_initial_sync_wait_secs=10 --time_source=builtin --raft_heartbeat_interval_ms=100 --fs_data_dirs=/tmp/dist-test-taskDlYUX2/test-tmp/maintenance_mode-itest.0.RollingRestartArgs_RollingRestartITest.TestWorkloads_4.1582224264261468-24094/minicluster-data/ts-0/data --fs_wal_dir=/tmp/dist-test-taskDlYUX2/test-tmp/maintenance_mode-itest.0.RollingRestartArgs_RollingRestartITest.TestWorkloads_4.1582224264261468-24094/minicluster-data/ts-0/wal --ipki_server_key_size=1024 --rpc_bind_addresses=127.23.135.129:34551 --rpc_server_allow_ephemeral_ports=true --metrics_log_interval_ms=1000 --server_dump_info_format=pb --server_dump_info_path=/tmp/dist-test-taskDlYUX2/test-tmp/maintenance_mode-itest.0.RollingRestartArgs_RollingRestartITest.TestWorkloads_4.1582224264261468-24094/minicluster-data/ts-0/data/info.pb --webserver_interface=127.23.135.129 --webserver_port=33607 --tserver_master_addrs=127.23.135.190:41437 --scanner_default_batch_size_bytes=100 --never_fsync=true --heap_profile_path=/tmp/kudu-tserver.28280 --redact=none --unlock_experimental_flags=true --unlock_unsafe_flags=true --log_filename=kudu-tserver --enable_minidumps=false --local_ip_for_outbound_sockets=127.23.135.129 --log_dir=/tmp/dist-test-taskDlYUX2/test-tmp/maintenance_mode-itest.0.RollingRestartArgs_RollingRestartITest.TestWorkloads_4.1582224264261468-24094/minicluster-data/ts-0/logs --logbuflevel=-1 --logtostderr=true Tablet server version: kudu 1.12.0-SNAPSHOT revision 924cf36232aa121073c75b5863683510c05eae48 build type DEBUG built by None at 20 Feb 2020 18:30:41 UTC on jenkins-slave-8qw8 build id 20512
I0220 18:45:10.724165 28280 env_posix.cc:1682] Not raising this process' open files per process limit of 1048576; it is already as high as it can go
I0220 18:45:10.724932 28280 file_cache.cc:476] Constructed file cache file cache with capacity 419430
I0220 18:45:10.731266 28280 hybrid_clock.cc:241] auto-selected time source: builtin
I0220 18:45:10.732210 28280 hybrid_clock.cc:534] waiting up to --ntp_initial_sync_wait_secs=10 seconds for the clock to synchronize
I0220 18:45:10.735414 28280 hybrid_clock.cc:552] HybridClock initialized: now 1582224310735377 us; error 33 us; skew 500 ppm
I0220 18:45:10.738193 28280 fs_manager.cc:259] Metadata directory not provided
I0220 18:45:10.738238 28280 fs_manager.cc:265] Using write-ahead log directory (fs_wal_dir) as metadata directory
I0220 18:45:10.743494 28280 fs_manager.cc:410] Time spent opening directory manager: real 0.004s user 0.001s sys 0.004s
I0220 18:45:10.753118 28280 fs_manager.cc:430] Time spent opening block manager: real 0.007s user 0.000s sys 0.002s
I0220 18:45:10.753692 28280 fs_manager.cc:447] Opened local filesystem: /tmp/dist-test-taskDlYUX2/test-tmp/maintenance_mode-itest.0.RollingRestartArgs_RollingRestartITest.TestWorkloads_4.1582224264261468-24094/minicluster-data/ts-0/data,/tmp/dist-test-taskDlYUX2/test-tmp/maintenance_mode-itest.0.RollingRestartArgs_RollingRestartITest.TestWorkloads_4.1582224264261468-24094/minicluster-data/ts-0/wal uuid: "853707498adf425fb8395cb60f41c9dc" format_stamp: "Formatted at 2020-02-20 18:44:40 on dist-test-slave-dist-test-slave-sbf6"
I0220 18:45:10.753801 28280 fs_report.cc:352] FS layout report -------------------- wal directory: /tmp/dist-test-taskDlYUX2/test-tmp/maintenance_mode-itest.0.RollingRestartArgs_RollingRestartITest.TestWorkloads_4.1582224264261468-24094/minicluster-data/ts-0/wal metadata directory: /tmp/dist-test-taskDlYUX2/test-tmp/maintenance_mode-itest.0.RollingRestartArgs_RollingRestartITest.TestWorkloads_4.1582224264261468-24094/minicluster-data/ts-0/wal 1 data directories: /tmp/dist-test-taskDlYUX2/test-tmp/maintenance_mode-itest.0.RollingRestartArgs_RollingRestartITest.TestWorkloads_4.1582224264261468-24094/minicluster-data/ts-0/data/data Total live blocks: 0 Total live bytes: 0 Total live bytes (after alignment): 0 Total number of LBM containers: 0 (0 full) Did not check for missing blocks Did not check for orphaned blocks Total full LBM containers with extra space: 0 (0 repaired) Total full LBM container extra space in bytes: 0 (0 repaired) Total incomplete LBM containers: 0 (0 repaired) Total LBM partial records: 0 (0 repaired)
I0220 18:45:10.786705 28280 env_posix.cc:1682] Not raising this process' running threads per effective uid limit of 18446744073709551615; it is already as high as it can go
I0220 18:45:10.787766 28280 ts_tablet_manager.cc:383] Loading tablet metadata (0/1 complete)
I0220 18:45:10.793773 28280 ts_tablet_manager.cc:395] Loaded tablet metadata (1 total tablets, 1 live tablets)
I0220 18:45:10.793884 28280 ts_tablet_manager.cc:401] Registering tablets (0/1 complete)
I0220 18:45:10.795279 28280 ts_tablet_manager.cc:415] Registered 1 tablets
I0220 18:45:10.795964 28298 tablet_bootstrap.cc:441] T 7e19d7c23cc941e3a7751fe2478481ec P 853707498adf425fb8395cb60f41c9dc: Bootstrap starting.
I0220 18:45:10.823787 28280 rpc_server.cc:211] RPC server started. Bound to: 127.23.135.129:34551
I0220 18:45:10.824702 28280 webserver.cc:382] Webserver started at http://127.23.135.129:33607/ using document root and password file
I0220 18:45:10.825320 28280 server_base.cc:678] Dumped server information to /tmp/dist-test-taskDlYUX2/test-tmp/maintenance_mode-itest.0.RollingRestartArgs_RollingRestartITest.TestWorkloads_4.1582224264261468-24094/minicluster-data/ts-0/data/info.pb
I0220 18:45:10.831553 24094 external_mini_cluster.cc:1127] Started /tmp/dist-test-taskDlYUX2/build/debug/bin/kudu-tserver as pid 28280
I0220 18:45:10.831622 24094 external_mini_cluster.cc:1263] Killing /tmp/dist-test-taskDlYUX2/build/debug/bin/kudu-tserver with pid 27601
W0220 18:45:10.837663 27864 connection.cc:658] server connection from 127.23.135.130:60519 recv error: Network error: recv error from 0.0.0.0:0: Transport endpoint is not connected (error 107)
W0220 18:45:10.838086 28407 negotiation.cc:313] Failed RPC negotiation. Trace: 0220 18:45:10.829304 (+ 0us) reactor.cc:603] Submitting negotiation task for server connection from 127.23.135.130:44239 0220 18:45:10.831394 (+ 2090us) server_negotiation.cc:196] Beginning negotiation 0220 18:45:10.831401 (+ 7us) server_negotiation.cc:385] Waiting for connection header 0220 18:45:10.831424 (+ 23us) server_negotiation.cc:393] Connection header received 0220 18:45:10.831553 (+ 129us) server_negotiation.cc:349] Received NEGOTIATE NegotiatePB request 0220 18:45:10.831558 (+ 5us) server_negotiation.cc:445] Received NEGOTIATE request from client 0220 18:45:10.832138 (+ 580us) server_negotiation.cc:361] Sending NEGOTIATE NegotiatePB response 0220 18:45:10.832254 (+ 116us) server_negotiation.cc:217] Negotiated authn=SASL 0220 18:45:10.837730 (+ 5476us) negotiation.cc:304] Negotiation complete: Network error: Server connection negotiation failed: server connection from 127.23.135.130:44239: BlockingRecv error: recv error from 0.0.0.0:0: Transport endpoint is not connected (error 107) Metrics: {"server-negotiator.queue_time_us":1989,"thread_start_us":82,"threads_started":1}
W0220 18:45:10.838599 25723 connection.cc:658] client connection to 127.23.135.130:36293 recv error: Network error: recv error from 0.0.0.0:0: Transport endpoint is not connected (error 107)
W0220 18:45:10.838655 25723 meta_cache.cc:234] Tablet 7e19d7c23cc941e3a7751fe2478481ec: Replica a6e352f77ef54932a47d9977e15d05f1 (127.23.135.130:36293) has failed: Network error: recv error from 0.0.0.0:0: Transport endpoint is not connected (error 107)
I0220 18:45:10.839284 24094 external_mini_cluster.cc:1065] Running /tmp/dist-test-taskDlYUX2/build/debug/bin/kudu-tserver /tmp/dist-test-taskDlYUX2/build/debug/bin/kudu-tserver --fs_wal_dir=/tmp/dist-test-taskDlYUX2/test-tmp/maintenance_mode-itest.0.RollingRestartArgs_RollingRestartITest.TestWorkloads_4.1582224264261468-24094/minicluster-data/ts-1/wal --fs_data_dirs=/tmp/dist-test-taskDlYUX2/test-tmp/maintenance_mode-itest.0.RollingRestartArgs_RollingRestartITest.TestWorkloads_4.1582224264261468-24094/minicluster-data/ts-1/data --block_manager=log --rpc_bind_addresses=127.23.135.130:36293 --local_ip_for_outbound_sockets=127.23.135.130 --webserver_port=39793 --webserver_interface=127.23.135.130 --tserver_master_addrs=127.23.135.190:41437 --never_fsync --ipki_server_key_size=1024 --enable_minidumps=false --redact=none --metrics_log_interval_ms=1000 --logtostderr --logbuflevel=-1 --log_dir=/tmp/dist-test-taskDlYUX2/test-tmp/maintenance_mode-itest.0.RollingRestartArgs_RollingRestartITest.TestWorkloads_4.1582224264261468-24094/minicluster-data/ts-1/logs --server_dump_info_path=/tmp/dist-test-taskDlYUX2/test-tmp/maintenance_mode-itest.0.RollingRestartArgs_RollingRestartITest.TestWorkloads_4.1582224264261468-24094/minicluster-data/ts-1/data/info.pb --server_dump_info_format=pb --rpc_server_allow_ephemeral_ports --unlock_experimental_flags --unlock_unsafe_flags --builtin_ntp_servers=127.23.135.148:46155 --builtin_ntp_poll_interval_ms=100 --ntp_initial_sync_wait_secs=10 --time_source=builtin --raft_heartbeat_interval_ms=100 --scanner_default_batch_size_bytes=100 with env {}
