I0220 18:44:24.842698 24480 tablet_service.cc:1067] Processing CreateTablet for tablet a7a069dabd5b4df28954b6833f23ab31 (table=test-workload [id=73578aeb8f9e4f9597b79f5737a60111]), partition=RANGE (key) PARTITION 357913941 <= VALUES < 715827882
I0220 18:44:24.842839 24480 data_dirs.cc:394] Could only allocate 1 dirs of requested 3 for tablet a7a069dabd5b4df28954b6833f23ab31. 1 dirs total, 0 dirs full, 0 dirs failed
I0220 18:44:24.843217 24477 tablet_service.cc:1067] Processing CreateTablet for tablet 827aa98f727b4da6a5015391b4da1960 (table=test-workload [id=73578aeb8f9e4f9597b79f5737a60111]), partition=RANGE (key) PARTITION 1431655764 <= VALUES < 1789569705
I0220 18:44:24.843353 24477 data_dirs.cc:394] Could only allocate 1 dirs of requested 3 for tablet 827aa98f727b4da6a5015391b4da1960. 1 dirs total, 0 dirs full, 0 dirs failed
I0220 18:44:24.843749 24476 data_dirs.cc:394] Could only allocate 1 dirs of requested 3 for tablet c0ca382ac98b46948b2b18c2d691a364. 1 dirs total, 0 dirs full, 0 dirs failed
I0220 18:44:24.843827 24229 tablet_service.cc:1067] Processing CreateTablet for tablet 827aa98f727b4da6a5015391b4da1960 (table=test-workload [id=73578aeb8f9e4f9597b79f5737a60111]), partition=RANGE (key) PARTITION 1431655764 <= VALUES < 1789569705
I0220 18:44:24.844023 24229 data_dirs.cc:394] Could only allocate 1 dirs of requested 3 for tablet 827aa98f727b4da6a5015391b4da1960. 1 dirs total, 0 dirs full, 0 dirs failed
I0220 18:44:24.844126 24355 tablet_service.cc:1067] Processing CreateTablet for tablet 2ca7a33c93d548f49d2a4b1eeca470ca (table=test-workload [id=73578aeb8f9e4f9597b79f5737a60111]), partition=RANGE (key) PARTITION 715827882 <= VALUES < 1073741823
I0220 18:44:24.844295 24355 data_dirs.cc:394] Could only allocate 1 dirs of requested 3 for tablet 2ca7a33c93d548f49d2a4b1eeca470ca. 1 dirs total, 0 dirs full, 0 dirs failed
I0220 18:44:24.847534 24353 tablet_service.cc:1067] Processing CreateTablet for tablet 827aa98f727b4da6a5015391b4da1960 (table=test-workload [id=73578aeb8f9e4f9597b79f5737a60111]), partition=RANGE (key) PARTITION 1431655764 <= VALUES < 1789569705
I0220 18:44:24.847556 24230 tablet_service.cc:1067] Processing CreateTablet for tablet c5b2eb9c654f49df828ad8a096c62921 (table=test-workload [id=73578aeb8f9e4f9597b79f5737a60111]), partition=RANGE (key) PARTITION 1073741823 <= VALUES < 1431655764
I0220 18:44:24.847779 24357 tablet_service.cc:1067] Processing CreateTablet for tablet 116ca55e12164875ad0a87183fe531bc (table=test-workload [id=73578aeb8f9e4f9597b79f5737a60111]), partition=RANGE (key) PARTITION VALUES < 357913941
I0220 18:44:24.847790 24228 tablet_service.cc:1067] Processing CreateTablet for tablet c0ca382ac98b46948b2b18c2d691a364 (table=test-workload [id=73578aeb8f9e4f9597b79f5737a60111]), partition=RANGE (key) PARTITION VALUES >= 1789569705
I0220 18:44:24.847928 24228 data_dirs.cc:394] Could only allocate 1 dirs of requested 3 for tablet c0ca382ac98b46948b2b18c2d691a364. 1 dirs total, 0 dirs full, 0 dirs failed
I0220 18:44:24.847983 24354 tablet_service.cc:1067] Processing CreateTablet for tablet c5b2eb9c654f49df828ad8a096c62921 (table=test-workload [id=73578aeb8f9e4f9597b79f5737a60111]), partition=RANGE (key) PARTITION 1073741823 <= VALUES < 1431655764
I0220 18:44:24.848134 24353 data_dirs.cc:394] Could only allocate 1 dirs of requested 3 for tablet 827aa98f727b4da6a5015391b4da1960. 1 dirs total, 0 dirs full, 0 dirs failed
I0220 18:44:24.848740 24479 tablet_service.cc:1067] Processing CreateTablet for tablet 2ca7a33c93d548f49d2a4b1eeca470ca (table=test-workload [id=73578aeb8f9e4f9597b79f5737a60111]), partition=RANGE (key) PARTITION 715827882 <= VALUES < 1073741823
I0220 18:44:24.848886 24479 data_dirs.cc:394] Could only allocate 1 dirs of requested 3 for tablet 2ca7a33c93d548f49d2a4b1eeca470ca. 1 dirs total, 0 dirs full, 0 dirs failed
I0220 18:44:24.849545 24357 data_dirs.cc:394] Could only allocate 1 dirs of requested 3 for tablet 116ca55e12164875ad0a87183fe531bc. 1 dirs total, 0 dirs full, 0 dirs failed
I0220 18:44:24.849726 24231 tablet_service.cc:1067] Processing CreateTablet for tablet 2ca7a33c93d548f49d2a4b1eeca470ca (table=test-workload [id=73578aeb8f9e4f9597b79f5737a60111]), partition=RANGE (key) PARTITION 715827882 <= VALUES < 1073741823
I0220 18:44:24.849879 24231 data_dirs.cc:394] Could only allocate 1 dirs of requested 3 for tablet 2ca7a33c93d548f49d2a4b1eeca470ca. 1 dirs total, 0 dirs full, 0 dirs failed
I0220 18:44:24.851006 24565 tablet_bootstrap.cc:441] T 116ca55e12164875ad0a87183fe531bc P bccadedc7a11414384f1d4875bf49aaa: Bootstrap starting.
I0220 18:44:24.851291 24356 tablet_service.cc:1067] Processing CreateTablet for tablet a7a069dabd5b4df28954b6833f23ab31 (table=test-workload [id=73578aeb8f9e4f9597b79f5737a60111]), partition=RANGE (key) PARTITION 357913941 <= VALUES < 715827882
I0220 18:44:24.851336 24564 tablet_bootstrap.cc:441] T 2ca7a33c93d548f49d2a4b1eeca470ca P c8a15b6a57804d05ada89b15de898a87: Bootstrap starting.
I0220 18:44:24.851459 24232 tablet_service.cc:1067] Processing CreateTablet for tablet a7a069dabd5b4df28954b6833f23ab31 (table=test-workload [id=73578aeb8f9e4f9597b79f5737a60111]), partition=RANGE (key) PARTITION 357913941 <= VALUES < 715827882
I0220 18:44:24.851482 24356 data_dirs.cc:394] Could only allocate 1 dirs of requested 3 for tablet a7a069dabd5b4df28954b6833f23ab31. 1 dirs total, 0 dirs full, 0 dirs failed
I0220 18:44:24.851608 24232 data_dirs.cc:394] Could only allocate 1 dirs of requested 3 for tablet a7a069dabd5b4df28954b6833f23ab31. 1 dirs total, 0 dirs full, 0 dirs failed
I0220 18:44:24.851876 24566 tablet_bootstrap.cc:441] T 827aa98f727b4da6a5015391b4da1960 P 493be4abe83d46c1829e3d5cfc68a9de: Bootstrap starting.
I0220 18:44:24.853164 24354 data_dirs.cc:394] Could only allocate 1 dirs of requested 3 for tablet c5b2eb9c654f49df828ad8a096c62921. 1 dirs total, 0 dirs full, 0 dirs failed
I0220 18:44:24.853545 24230 data_dirs.cc:394] Could only allocate 1 dirs of requested 3 for tablet c5b2eb9c654f49df828ad8a096c62921. 1 dirs total, 0 dirs full, 0 dirs failed
I0220 18:44:24.853559 24566 tablet_bootstrap.cc:597] T 827aa98f727b4da6a5015391b4da1960 P 493be4abe83d46c1829e3d5cfc68a9de: No blocks or log segments found. Creating new log.
I0220 18:44:24.854296 24566 log.cc:828] T 827aa98f727b4da6a5015391b4da1960 P 493be4abe83d46c1829e3d5cfc68a9de: Log is configured to *not* fsync() on all Append() calls
I0220 18:44:24.856921 24564 tablet_bootstrap.cc:597] T 2ca7a33c93d548f49d2a4b1eeca470ca P c8a15b6a57804d05ada89b15de898a87: No blocks or log segments found. Creating new log.
I0220 18:44:24.857105 24566 tablet_bootstrap.cc:441] T 827aa98f727b4da6a5015391b4da1960 P 493be4abe83d46c1829e3d5cfc68a9de: No bootstrap required, opened a new log
I0220 18:44:24.857383 24566 ts_tablet_manager.cc:1113] T 827aa98f727b4da6a5015391b4da1960 P 493be4abe83d46c1829e3d5cfc68a9de: Time spent bootstrapping tablet: real 0.006s user 0.004s sys 0.000s
I0220 18:44:24.857619 24564 log.cc:828] T 2ca7a33c93d548f49d2a4b1eeca470ca P c8a15b6a57804d05ada89b15de898a87: Log is configured to *not* fsync() on all Append() calls
I0220 18:44:24.858727 24565 tablet_bootstrap.cc:597] T 116ca55e12164875ad0a87183fe531bc P bccadedc7a11414384f1d4875bf49aaa: No blocks or log segments found. Creating new log.
I0220 18:44:24.859042 24564 tablet_bootstrap.cc:441] T 2ca7a33c93d548f49d2a4b1eeca470ca P c8a15b6a57804d05ada89b15de898a87: No bootstrap required, opened a new log
I0220 18:44:24.859196 24564 ts_tablet_manager.cc:1113] T 2ca7a33c93d548f49d2a4b1eeca470ca P c8a15b6a57804d05ada89b15de898a87: Time spent bootstrapping tablet: real 0.008s user 0.003s sys 0.000s
I0220 18:44:24.859375 24565 log.cc:828] T 116ca55e12164875ad0a87183fe531bc P bccadedc7a11414384f1d4875bf49aaa: Log is configured to *not* fsync() on all Append() calls
I0220 18:44:24.859500 24566 raft_consensus.cc:346] T 827aa98f727b4da6a5015391b4da1960 P 493be4abe83d46c1829e3d5cfc68a9de [term 0 FOLLOWER]: Replica starting. Triggering 0 pending transactions. Active config: opid_index: -1 OBSOLETE_local: false peers { permanent_uuid: "493be4abe83d46c1829e3d5cfc68a9de" member_type: VOTER last_known_addr { host: "127.23.135.129" port: 35559 } } peers { permanent_uuid: "c8a15b6a57804d05ada89b15de898a87" member_type: VOTER last_known_addr { host: "127.23.135.130" port: 40621 } } peers { permanent_uuid: "bccadedc7a11414384f1d4875bf49aaa" member_type: VOTER last_known_addr { host: "127.23.135.131" port: 46803 } }
I0220 18:44:24.859681 24566 raft_consensus.cc:372] T 827aa98f727b4da6a5015391b4da1960 P 493be4abe83d46c1829e3d5cfc68a9de [term 0 FOLLOWER]: Consensus starting up: Expiring failure detector timer to make a prompt election more likely
I0220 18:44:24.859771 24566 raft_consensus.cc:726] T 827aa98f727b4da6a5015391b4da1960 P 493be4abe83d46c1829e3d5cfc68a9de [term 0 FOLLOWER]: Becoming Follower/Learner. State: Replica: 493be4abe83d46c1829e3d5cfc68a9de, State: Initialized, Role: FOLLOWER
I0220 18:44:24.860285 24566 consensus_queue.cc:252] T 827aa98f727b4da6a5015391b4da1960 P 493be4abe83d46c1829e3d5cfc68a9de [NON_LEADER]: Queue going to NON_LEADER mode. State: All replicated index: 0, Majority replicated index: 0, Committed index: 0, Last appended: 0.0, Last appended by leader: 0, Current term: 0, Majority size: -1, State: 0, Mode: NON_LEADER, active raft config: opid_index: -1 OBSOLETE_local: false peers { permanent_uuid: "493be4abe83d46c1829e3d5cfc68a9de" member_type: VOTER last_known_addr { host: "127.23.135.129" port: 35559 } } peers { permanent_uuid: "c8a15b6a57804d05ada89b15de898a87" member_type: VOTER last_known_addr { host: "127.23.135.130" port: 40621 } } peers { permanent_uuid: "bccadedc7a11414384f1d4875bf49aaa" member_type: VOTER last_known_addr { host: "127.23.135.131" port: 46803 } }
I0220 18:44:24.860581 24565 tablet_bootstrap.cc:441] T 116ca55e12164875ad0a87183fe531bc P bccadedc7a11414384f1d4875bf49aaa: No bootstrap required, opened a new log
I0220 18:44:24.860800 24295 heartbeater.cc:447] Master 127.23.135.190:45127 was elected leader, sending a full tablet report...
I0220 18:44:24.860929 24565 ts_tablet_manager.cc:1113] T 116ca55e12164875ad0a87183fe531bc P bccadedc7a11414384f1d4875bf49aaa: Time spent bootstrapping tablet: real 0.010s user 0.002s sys 0.002s
I0220 18:44:24.861950 24564 raft_consensus.cc:346] T 2ca7a33c93d548f49d2a4b1eeca470ca P c8a15b6a57804d05ada89b15de898a87 [term 0 FOLLOWER]: Replica starting. Triggering 0 pending transactions. Active config: opid_index: -1 OBSOLETE_local: false peers { permanent_uuid: "c8a15b6a57804d05ada89b15de898a87" member_type: VOTER last_known_addr { host: "127.23.135.130" port: 40621 } } peers { permanent_uuid: "493be4abe83d46c1829e3d5cfc68a9de" member_type: VOTER last_known_addr { host: "127.23.135.129" port: 35559 } } peers { permanent_uuid: "bccadedc7a11414384f1d4875bf49aaa" member_type: VOTER last_known_addr { host: "127.23.135.131" port: 46803 } }
I0220 18:44:24.862982 24564 raft_consensus.cc:372] T 2ca7a33c93d548f49d2a4b1eeca470ca P c8a15b6a57804d05ada89b15de898a87 [term 0 FOLLOWER]: Consensus starting up: Expiring failure detector timer to make a prompt election more likely
I0220 18:44:24.863039 24564 raft_consensus.cc:726] T 2ca7a33c93d548f49d2a4b1eeca470ca P c8a15b6a57804d05ada89b15de898a87 [term 0 FOLLOWER]: Becoming Follower/Learner. State: Replica: c8a15b6a57804d05ada89b15de898a87, State: Initialized, Role: FOLLOWER
I0220 18:44:24.863467 24564 consensus_queue.cc:252] T 2ca7a33c93d548f49d2a4b1eeca470ca P c8a15b6a57804d05ada89b15de898a87 [NON_LEADER]: Queue going to NON_LEADER mode. State: All replicated index: 0, Majority replicated index: 0, Committed index: 0, Last appended: 0.0, Last appended by leader: 0, Current term: 0, Majority size: -1, State: 0, Mode: NON_LEADER, active raft config: opid_index: -1 OBSOLETE_local: false peers { permanent_uuid: "c8a15b6a57804d05ada89b15de898a87" member_type: VOTER last_known_addr { host: "127.23.135.130" port: 40621 } } peers { permanent_uuid: "493be4abe83d46c1829e3d5cfc68a9de" member_type: VOTER last_known_addr { host: "127.23.135.129" port: 35559 } } peers { permanent_uuid: "bccadedc7a11414384f1d4875bf49aaa" member_type: VOTER last_known_addr { host: "127.23.135.131" port: 46803 } }
I0220 18:44:24.863519 24565 raft_consensus.cc:346] T 116ca55e12164875ad0a87183fe531bc P bccadedc7a11414384f1d4875bf49aaa [term 0 FOLLOWER]: Replica starting. Triggering 0 pending transactions. Active config: opid_index: -1 OBSOLETE_local: false peers { permanent_uuid: "c8a15b6a57804d05ada89b15de898a87" member_type: VOTER last_known_addr { host: "127.23.135.130" port: 40621 } } peers { permanent_uuid: "bccadedc7a11414384f1d4875bf49aaa" member_type: VOTER last_known_addr { host: "127.23.135.131" port: 46803 } } peers { permanent_uuid: "493be4abe83d46c1829e3d5cfc68a9de" member_type: VOTER last_known_addr { host: "127.23.135.129" port: 35559 } }
I0220 18:44:24.863567 24565 raft_consensus.cc:372] T 116ca55e12164875ad0a87183fe531bc P bccadedc7a11414384f1d4875bf49aaa [term 0 FOLLOWER]: Consensus starting up: Expiring failure detector timer to make a prompt election more likely
I0220 18:44:24.863600 24565 raft_consensus.cc:726] T 116ca55e12164875ad0a87183fe531bc P bccadedc7a11414384f1d4875bf49aaa [term 0 FOLLOWER]: Becoming Follower/Learner. State: Replica: bccadedc7a11414384f1d4875bf49aaa, State: Initialized, Role: FOLLOWER
I0220 18:44:24.864100 24565 consensus_queue.cc:252] T 116ca55e12164875ad0a87183fe531bc P bccadedc7a11414384f1d4875bf49aaa [NON_LEADER]: Queue going to NON_LEADER mode. State: All replicated index: 0, Majority replicated index: 0, Committed index: 0, Last appended: 0.0, Last appended by leader: 0, Current term: 0, Majority size: -1, State: 0, Mode: NON_LEADER, active raft config: opid_index: -1 OBSOLETE_local: false peers { permanent_uuid: "c8a15b6a57804d05ada89b15de898a87" member_type: VOTER last_known_addr { host: "127.23.135.130" port: 40621 } } peers { permanent_uuid: "bccadedc7a11414384f1d4875bf49aaa" member_type: VOTER last_known_addr { host: "127.23.135.131" port: 46803 } } peers { permanent_uuid: "493be4abe83d46c1829e3d5cfc68a9de" member_type: VOTER last_known_addr { host: "127.23.135.129" port: 35559 } }
I0220 18:44:24.864581 24544 heartbeater.cc:447] Master 127.23.135.190:45127 was elected leader, sending a full tablet report...
I0220 18:44:24.864614 24420 heartbeater.cc:447] Master 127.23.135.190:45127 was elected leader, sending a full tablet report...
I0220 18:44:24.865994 24565 ts_tablet_manager.cc:1142] T 116ca55e12164875ad0a87183fe531bc P bccadedc7a11414384f1d4875bf49aaa: Time spent starting tablet: real 0.005s user 0.003s sys 0.001s
I0220 18:44:24.866253 24565 tablet_bootstrap.cc:441] T c5b2eb9c654f49df828ad8a096c62921 P bccadedc7a11414384f1d4875bf49aaa: Bootstrap starting.
I0220 18:44:24.867228 24566 ts_tablet_manager.cc:1142] T 827aa98f727b4da6a5015391b4da1960 P 493be4abe83d46c1829e3d5cfc68a9de: Time spent starting tablet: real 0.010s user 0.003s sys 0.000s
I0220 18:44:24.867298 24565 tablet_bootstrap.cc:597] T c5b2eb9c654f49df828ad8a096c62921 P bccadedc7a11414384f1d4875bf49aaa: No blocks or log segments found. Creating new log.
I0220 18:44:24.868479 24566 tablet_bootstrap.cc:441] T c0ca382ac98b46948b2b18c2d691a364 P 493be4abe83d46c1829e3d5cfc68a9de: Bootstrap starting.
I0220 18:44:24.868491 24564 ts_tablet_manager.cc:1142] T 2ca7a33c93d548f49d2a4b1eeca470ca P c8a15b6a57804d05ada89b15de898a87: Time spent starting tablet: real 0.009s user 0.004s sys 0.000s
I0220 18:44:24.868659 24564 tablet_bootstrap.cc:441] T 827aa98f727b4da6a5015391b4da1960 P c8a15b6a57804d05ada89b15de898a87: Bootstrap starting.
I0220 18:44:24.869385 24566 tablet_bootstrap.cc:597] T c0ca382ac98b46948b2b18c2d691a364 P 493be4abe83d46c1829e3d5cfc68a9de: No blocks or log segments found. Creating new log.
I0220 18:44:24.869491 24564 tablet_bootstrap.cc:597] T 827aa98f727b4da6a5015391b4da1960 P c8a15b6a57804d05ada89b15de898a87: No blocks or log segments found. Creating new log.
I0220 18:44:24.870400 24565 tablet_bootstrap.cc:441] T c5b2eb9c654f49df828ad8a096c62921 P bccadedc7a11414384f1d4875bf49aaa: No bootstrap required, opened a new log
I0220 18:44:24.870488 24565 ts_tablet_manager.cc:1113] T c5b2eb9c654f49df828ad8a096c62921 P bccadedc7a11414384f1d4875bf49aaa: Time spent bootstrapping tablet: real 0.004s user 0.000s sys 0.002s
I0220 18:44:24.870543 24566 tablet_bootstrap.cc:441] T c0ca382ac98b46948b2b18c2d691a364 P 493be4abe83d46c1829e3d5cfc68a9de: No bootstrap required, opened a new log
I0220 18:44:24.870630 24566 ts_tablet_manager.cc:1113] T c0ca382ac98b46948b2b18c2d691a364 P 493be4abe83d46c1829e3d5cfc68a9de: Time spent bootstrapping tablet: real 0.002s user 0.002s sys 0.000s
I0220 18:44:24.871003 24565 raft_consensus.cc:346] T c5b2eb9c654f49df828ad8a096c62921 P bccadedc7a11414384f1d4875bf49aaa [term 0 FOLLOWER]: Replica starting. Triggering 0 pending transactions. Active config: opid_index: -1 OBSOLETE_local: false peers { permanent_uuid: "493be4abe83d46c1829e3d5cfc68a9de" member_type: VOTER last_known_addr { host: "127.23.135.129" port: 35559 } } peers { permanent_uuid: "c8a15b6a57804d05ada89b15de898a87" member_type: VOTER last_known_addr { host: "127.23.135.130" port: 40621 } } peers { permanent_uuid: "bccadedc7a11414384f1d4875bf49aaa" member_type: VOTER last_known_addr { host: "127.23.135.131" port: 46803 } }
I0220 18:44:24.871083 24565 raft_consensus.cc:372] T c5b2eb9c654f49df828ad8a096c62921 P bccadedc7a11414384f1d4875bf49aaa [term 0 FOLLOWER]: Consensus starting up: Expiring failure detector timer to make a prompt election more likely
I0220 18:44:24.871098 24566 raft_consensus.cc:346] T c0ca382ac98b46948b2b18c2d691a364 P 493be4abe83d46c1829e3d5cfc68a9de [term 0 FOLLOWER]: Replica starting. Triggering 0 pending transactions. Active config: opid_index: -1 OBSOLETE_local: false peers { permanent_uuid: "493be4abe83d46c1829e3d5cfc68a9de" member_type: VOTER last_known_addr { host: "127.23.135.129" port: 35559 } } peers { permanent_uuid: "c8a15b6a57804d05ada89b15de898a87" member_type: VOTER last_known_addr { host: "127.23.135.130" port: 40621 } } peers { permanent_uuid: "bccadedc7a11414384f1d4875bf49aaa" member_type: VOTER last_known_addr { host: "127.23.135.131" port: 46803 } }
I0220 18:44:24.871136 24565 raft_consensus.cc:726] T c5b2eb9c654f49df828ad8a096c62921 P bccadedc7a11414384f1d4875bf49aaa [term 0 FOLLOWER]: Becoming Follower/Learner. State: Replica: bccadedc7a11414384f1d4875bf49aaa, State: Initialized, Role: FOLLOWER
I0220 18:44:24.871201 24566 raft_consensus.cc:372] T c0ca382ac98b46948b2b18c2d691a364 P 493be4abe83d46c1829e3d5cfc68a9de [term 0 FOLLOWER]: Consensus starting up: Expiring failure detector timer to make a prompt election more likely
I0220 18:44:24.871256 24566 raft_consensus.cc:726] T c0ca382ac98b46948b2b18c2d691a364 P 493be4abe83d46c1829e3d5cfc68a9de [term 0 FOLLOWER]: Becoming Follower/Learner. State: Replica: 493be4abe83d46c1829e3d5cfc68a9de, State: Initialized, Role: FOLLOWER
I0220 18:44:24.871335 24565 consensus_queue.cc:252] T c5b2eb9c654f49df828ad8a096c62921 P bccadedc7a11414384f1d4875bf49aaa [NON_LEADER]: Queue going to NON_LEADER mode. State: All replicated index: 0, Majority replicated index: 0, Committed index: 0, Last appended: 0.0, Last appended by leader: 0, Current term: 0, Majority size: -1, State: 0, Mode: NON_LEADER, active raft config: opid_index: -1 OBSOLETE_local: false peers { permanent_uuid: "493be4abe83d46c1829e3d5cfc68a9de" member_type: VOTER last_known_addr { host: "127.23.135.129" port: 35559 } } peers { permanent_uuid: "c8a15b6a57804d05ada89b15de898a87" member_type: VOTER last_known_addr { host: "127.23.135.130" port: 40621 } } peers { permanent_uuid: "bccadedc7a11414384f1d4875bf49aaa" member_type: VOTER last_known_addr { host: "127.23.135.131" port: 46803 } }
I0220 18:44:24.871477 24566 consensus_queue.cc:252] T c0ca382ac98b46948b2b18c2d691a364 P 493be4abe83d46c1829e3d5cfc68a9de [NON_LEADER]: Queue going to NON_LEADER mode. State: All replicated index: 0, Majority replicated index: 0, Committed index: 0, Last appended: 0.0, Last appended by leader: 0, Current term: 0, Majority size: -1, State: 0, Mode: NON_LEADER, active raft config: opid_index: -1 OBSOLETE_local: false peers { permanent_uuid: "493be4abe83d46c1829e3d5cfc68a9de" member_type: VOTER last_known_addr { host: "127.23.135.129" port: 35559 } } peers { permanent_uuid: "c8a15b6a57804d05ada89b15de898a87" member_type: VOTER last_known_addr { host: "127.23.135.130" port: 40621 } } peers { permanent_uuid: "bccadedc7a11414384f1d4875bf49aaa" member_type: VOTER last_known_addr { host: "127.23.135.131" port: 46803 } }
I0220 18:44:24.871874 24565 ts_tablet_manager.cc:1142] T c5b2eb9c654f49df828ad8a096c62921 P bccadedc7a11414384f1d4875bf49aaa: Time spent starting tablet: real 0.001s user 0.000s sys 0.001s
I0220 18:44:24.872043 24565 tablet_bootstrap.cc:441] T a7a069dabd5b4df28954b6833f23ab31 P bccadedc7a11414384f1d4875bf49aaa: Bootstrap starting.
I0220 18:44:24.872265 24564 tablet_bootstrap.cc:441] T 827aa98f727b4da6a5015391b4da1960 P c8a15b6a57804d05ada89b15de898a87: No bootstrap required, opened a new log
I0220 18:44:24.872372 24564 ts_tablet_manager.cc:1113] T 827aa98f727b4da6a5015391b4da1960 P c8a15b6a57804d05ada89b15de898a87: Time spent bootstrapping tablet: real 0.004s user 0.002s sys 0.000s
I0220 18:44:24.872874 24564 raft_consensus.cc:346] T 827aa98f727b4da6a5015391b4da1960 P c8a15b6a57804d05ada89b15de898a87 [term 0 FOLLOWER]: Replica starting. Triggering 0 pending transactions. Active config: opid_index: -1 OBSOLETE_local: false peers { permanent_uuid: "493be4abe83d46c1829e3d5cfc68a9de" member_type: VOTER last_known_addr { host: "127.23.135.129" port: 35559 } } peers { permanent_uuid: "c8a15b6a57804d05ada89b15de898a87" member_type: VOTER last_known_addr { host: "127.23.135.130" port: 40621 } } peers { permanent_uuid: "bccadedc7a11414384f1d4875bf49aaa" member_type: VOTER last_known_addr { host: "127.23.135.131" port: 46803 } }
I0220 18:44:24.872956 24564 raft_consensus.cc:372] T 827aa98f727b4da6a5015391b4da1960 P c8a15b6a57804d05ada89b15de898a87 [term 0 FOLLOWER]: Consensus starting up: Expiring failure detector timer to make a prompt election more likely
I0220 18:44:24.872958 24565 tablet_bootstrap.cc:597] T a7a069dabd5b4df28954b6833f23ab31 P bccadedc7a11414384f1d4875bf49aaa: No blocks or log segments found. Creating new log.
I0220 18:44:24.873021 24564 raft_consensus.cc:726] T 827aa98f727b4da6a5015391b4da1960 P c8a15b6a57804d05ada89b15de898a87 [term 0 FOLLOWER]: Becoming Follower/Learner. State: Replica: c8a15b6a57804d05ada89b15de898a87, State: Initialized, Role: FOLLOWER
I0220 18:44:24.873214 24570 raft_consensus.cc:482] T c0ca382ac98b46948b2b18c2d691a364 P 493be4abe83d46c1829e3d5cfc68a9de [term 0 FOLLOWER]: Starting pre-election (no leader contacted us within the election timeout)
I0220 18:44:24.873253 24564 consensus_queue.cc:252] T 827aa98f727b4da6a5015391b4da1960 P c8a15b6a57804d05ada89b15de898a87 [NON_LEADER]: Queue going to NON_LEADER mode. State: All replicated index: 0, Majority replicated index: 0, Committed index: 0, Last appended: 0.0, Last appended by leader: 0, Current term: 0, Majority size: -1, State: 0, Mode: NON_LEADER, active raft config: opid_index: -1 OBSOLETE_local: false peers { permanent_uuid: "493be4abe83d46c1829e3d5cfc68a9de" member_type: VOTER last_known_addr { host: "127.23.135.129" port: 35559 } } peers { permanent_uuid: "c8a15b6a57804d05ada89b15de898a87" member_type: VOTER last_known_addr { host: "127.23.135.130" port: 40621 } } peers { permanent_uuid: "bccadedc7a11414384f1d4875bf49aaa" member_type: VOTER last_known_addr { host: "127.23.135.131" port: 46803 } }
I0220 18:44:24.873320 24570 raft_consensus.cc:504] T c0ca382ac98b46948b2b18c2d691a364 P 493be4abe83d46c1829e3d5cfc68a9de [term 0 FOLLOWER]: Starting pre-election with config: opid_index: -1 OBSOLETE_local: false peers { permanent_uuid: "493be4abe83d46c1829e3d5cfc68a9de" member_type: VOTER last_known_addr { host: "127.23.135.129" port: 35559 } } peers { permanent_uuid: "c8a15b6a57804d05ada89b15de898a87" member_type: VOTER last_known_addr { host: "127.23.135.130" port: 40621 } } peers { permanent_uuid: "bccadedc7a11414384f1d4875bf49aaa" member_type: VOTER last_known_addr { host: "127.23.135.131" port: 46803 } }
I0220 18:44:24.873415 24564 ts_tablet_manager.cc:1142] T 827aa98f727b4da6a5015391b4da1960 P c8a15b6a57804d05ada89b15de898a87: Time spent starting tablet: real 0.001s user 0.001s sys 0.000s
I0220 18:44:24.873504 24564 tablet_bootstrap.cc:441] T 116ca55e12164875ad0a87183fe531bc P c8a15b6a57804d05ada89b15de898a87: Bootstrap starting.
I0220 18:44:24.874107 24564 tablet_bootstrap.cc:597] T 116ca55e12164875ad0a87183fe531bc P c8a15b6a57804d05ada89b15de898a87: No blocks or log segments found. Creating new log.
I0220 18:44:24.874300 24570 leader_election.cc:293] T c0ca382ac98b46948b2b18c2d691a364 P 493be4abe83d46c1829e3d5cfc68a9de [CANDIDATE]: Term 1 pre-election: Requested pre-vote from peers c8a15b6a57804d05ada89b15de898a87 (127.23.135.130:40621), bccadedc7a11414384f1d4875bf49aaa (127.23.135.131:46803)
I0220 18:44:24.875063 24565 tablet_bootstrap.cc:441] T a7a069dabd5b4df28954b6833f23ab31 P bccadedc7a11414384f1d4875bf49aaa: No bootstrap required, opened a new log
I0220 18:44:24.875439 24565 ts_tablet_manager.cc:1113] T a7a069dabd5b4df28954b6833f23ab31 P bccadedc7a11414384f1d4875bf49aaa: Time spent bootstrapping tablet: real 0.003s user 0.002s sys 0.000s
I0220 18:44:24.875455 24566 ts_tablet_manager.cc:1142] T c0ca382ac98b46948b2b18c2d691a364 P 493be4abe83d46c1829e3d5cfc68a9de: Time spent starting tablet: real 0.005s user 0.001s sys 0.000s
I0220 18:44:24.875581 24566 tablet_bootstrap.cc:441] T 2ca7a33c93d548f49d2a4b1eeca470ca P 493be4abe83d46c1829e3d5cfc68a9de: Bootstrap starting.
I0220 18:44:24.875964 24565 raft_consensus.cc:346] T a7a069dabd5b4df28954b6833f23ab31 P bccadedc7a11414384f1d4875bf49aaa [term 0 FOLLOWER]: Replica starting. Triggering 0 pending transactions. Active config: opid_index: -1 OBSOLETE_local: false peers { permanent_uuid: "c8a15b6a57804d05ada89b15de898a87" member_type: VOTER last_known_addr { host: "127.23.135.130" port: 40621 } } peers { permanent_uuid: "493be4abe83d46c1829e3d5cfc68a9de" member_type: VOTER last_known_addr { host: "127.23.135.129" port: 35559 } } peers { permanent_uuid: "bccadedc7a11414384f1d4875bf49aaa" member_type: VOTER last_known_addr { host: "127.23.135.131" port: 46803 } }
I0220 18:44:24.876063 24565 raft_consensus.cc:372] T a7a069dabd5b4df28954b6833f23ab31 P bccadedc7a11414384f1d4875bf49aaa [term 0 FOLLOWER]: Consensus starting up: Expiring failure detector timer to make a prompt election more likely
I0220 18:44:24.876128 24565 raft_consensus.cc:726] T a7a069dabd5b4df28954b6833f23ab31 P bccadedc7a11414384f1d4875bf49aaa [term 0 FOLLOWER]: Becoming Follower/Learner. State: Replica: bccadedc7a11414384f1d4875bf49aaa, State: Initialized, Role: FOLLOWER
I0220 18:44:24.876315 24565 consensus_queue.cc:252] T a7a069dabd5b4df28954b6833f23ab31 P bccadedc7a11414384f1d4875bf49aaa [NON_LEADER]: Queue going to NON_LEADER mode. State: All replicated index: 0, Majority replicated index: 0, Committed index: 0, Last appended: 0.0, Last appended by leader: 0, Current term: 0, Majority size: -1, State: 0, Mode: NON_LEADER, active raft config: opid_index: -1 OBSOLETE_local: false peers { permanent_uuid: "c8a15b6a57804d05ada89b15de898a87" member_type: VOTER last_known_addr { host: "127.23.135.130" port: 40621 } } peers { permanent_uuid: "493be4abe83d46c1829e3d5cfc68a9de" member_type: VOTER last_known_addr { host: "127.23.135.129" port: 35559 } } peers { permanent_uuid: "bccadedc7a11414384f1d4875bf49aaa" member_type: VOTER last_known_addr { host: "127.23.135.131" port: 46803 } }
I0220 18:44:24.876492 24566 tablet_bootstrap.cc:597] T 2ca7a33c93d548f49d2a4b1eeca470ca P 493be4abe83d46c1829e3d5cfc68a9de: No blocks or log segments found. Creating new log.
I0220 18:44:24.876528 24565 ts_tablet_manager.cc:1142] T a7a069dabd5b4df28954b6833f23ab31 P bccadedc7a11414384f1d4875bf49aaa: Time spent starting tablet: real 0.001s user 0.001s sys 0.000s
I0220 18:44:24.877121 24564 tablet_bootstrap.cc:441] T 116ca55e12164875ad0a87183fe531bc P c8a15b6a57804d05ada89b15de898a87: No bootstrap required, opened a new log
I0220 18:44:24.877188 24564 ts_tablet_manager.cc:1113] T 116ca55e12164875ad0a87183fe531bc P c8a15b6a57804d05ada89b15de898a87: Time spent bootstrapping tablet: real 0.004s user 0.001s sys 0.000s
I0220 18:44:24.877545 24565 tablet_bootstrap.cc:441] T c0ca382ac98b46948b2b18c2d691a364 P bccadedc7a11414384f1d4875bf49aaa: Bootstrap starting.
I0220 18:44:24.878319 24565 tablet_bootstrap.cc:597] T c0ca382ac98b46948b2b18c2d691a364 P bccadedc7a11414384f1d4875bf49aaa: No blocks or log segments found. Creating new log.
I0220 18:44:24.879081 24566 tablet_bootstrap.cc:441] T 2ca7a33c93d548f49d2a4b1eeca470ca P 493be4abe83d46c1829e3d5cfc68a9de: No bootstrap required, opened a new log
I0220 18:44:24.879503 24564 raft_consensus.cc:346] T 116ca55e12164875ad0a87183fe531bc P c8a15b6a57804d05ada89b15de898a87 [term 0 FOLLOWER]: Replica starting. Triggering 0 pending transactions. Active config: opid_index: -1 OBSOLETE_local: false peers { permanent_uuid: "c8a15b6a57804d05ada89b15de898a87" member_type: VOTER last_known_addr { host: "127.23.135.130" port: 40621 } } peers { permanent_uuid: "bccadedc7a11414384f1d4875bf49aaa" member_type: VOTER last_known_addr { host: "127.23.135.131" port: 46803 } } peers { permanent_uuid: "493be4abe83d46c1829e3d5cfc68a9de" member_type: VOTER last_known_addr { host: "127.23.135.129" port: 35559 } }
I0220 18:44:24.879535 24564 raft_consensus.cc:372] T 116ca55e12164875ad0a87183fe531bc P c8a15b6a57804d05ada89b15de898a87 [term 0 FOLLOWER]: Consensus starting up: Expiring failure detector timer to make a prompt election more likely
I0220 18:44:24.879550 24564 raft_consensus.cc:726] T 116ca55e12164875ad0a87183fe531bc P c8a15b6a57804d05ada89b15de898a87 [term 0 FOLLOWER]: Becoming Follower/Learner. State: Replica: c8a15b6a57804d05ada89b15de898a87, State: Initialized, Role: FOLLOWER
I0220 18:44:24.879730 24566 ts_tablet_manager.cc:1113] T 2ca7a33c93d548f49d2a4b1eeca470ca P 493be4abe83d46c1829e3d5cfc68a9de: Time spent bootstrapping tablet: real 0.004s user 0.000s sys 0.002s
I0220 18:44:24.880180 24566 raft_consensus.cc:346] T 2ca7a33c93d548f49d2a4b1eeca470ca P 493be4abe83d46c1829e3d5cfc68a9de [term 0 FOLLOWER]: Replica starting. Triggering 0 pending transactions. Active config: opid_index: -1 OBSOLETE_local: false peers { permanent_uuid: "c8a15b6a57804d05ada89b15de898a87" member_type: VOTER last_known_addr { host: "127.23.135.130" port: 40621 } } peers { permanent_uuid: "493be4abe83d46c1829e3d5cfc68a9de" member_type: VOTER last_known_addr { host: "127.23.135.129" port: 35559 } } peers { permanent_uuid: "bccadedc7a11414384f1d4875bf49aaa" member_type: VOTER last_known_addr { host: "127.23.135.131" port: 46803 } }
I0220 18:44:24.880328 24564 consensus_queue.cc:252] T 116ca55e12164875ad0a87183fe531bc P c8a15b6a57804d05ada89b15de898a87 [NON_LEADER]: Queue going to NON_LEADER mode. State: All replicated index: 0, Majority replicated index: 0, Committed index: 0, Last appended: 0.0, Last appended by leader: 0, Current term: 0, Majority size: -1, State: 0, Mode: NON_LEADER, active raft config: opid_index: -1 OBSOLETE_local: false peers { permanent_uuid: "c8a15b6a57804d05ada89b15de898a87" member_type: VOTER last_known_addr { host: "127.23.135.130" port: 40621 } } peers { permanent_uuid: "bccadedc7a11414384f1d4875bf49aaa" member_type: VOTER last_known_addr { host: "127.23.135.131" port: 46803 } } peers { permanent_uuid: "493be4abe83d46c1829e3d5cfc68a9de" member_type: VOTER last_known_addr { host: "127.23.135.129" port: 35559 } }
I0220 18:44:24.880429 24377 tablet_service.cc:1340] Received RequestConsensusVote() RPC: tablet_id: "c0ca382ac98b46948b2b18c2d691a364" candidate_uuid: "493be4abe83d46c1829e3d5cfc68a9de" candidate_term: 1 candidate_status { last_received { term: 0 index: 0 } } ignore_live_leader: false dest_uuid: "c8a15b6a57804d05ada89b15de898a87" is_pre_election: true
I0220 18:44:24.880578 24564 ts_tablet_manager.cc:1142] T 116ca55e12164875ad0a87183fe531bc P c8a15b6a57804d05ada89b15de898a87: Time spent starting tablet: real 0.001s user 0.001s sys 0.000s
I0220 18:44:24.880682 24564 tablet_bootstrap.cc:441] T a7a069dabd5b4df28954b6833f23ab31 P c8a15b6a57804d05ada89b15de898a87: Bootstrap starting.
I0220 18:44:24.881487 24564 tablet_bootstrap.cc:597] T a7a069dabd5b4df28954b6833f23ab31 P c8a15b6a57804d05ada89b15de898a87: No blocks or log segments found. Creating new log.
W0220 18:44:24.881196 24183 leader_election.cc:346] T c0ca382ac98b46948b2b18c2d691a364 P 493be4abe83d46c1829e3d5cfc68a9de [CANDIDATE]: Term 1 pre-election: Tablet error from VoteRequest() call to peer c8a15b6a57804d05ada89b15de898a87 (127.23.135.130:40621): Illegal state: must be running to vote when last-logged opid is not known
I0220 18:44:24.881960 24566 raft_consensus.cc:372] T 2ca7a33c93d548f49d2a4b1eeca470ca P 493be4abe83d46c1829e3d5cfc68a9de [term 0 FOLLOWER]: Consensus starting up: Expiring failure detector timer to make a prompt election more likely
I0220 18:44:24.881983 24566 raft_consensus.cc:726] T 2ca7a33c93d548f49d2a4b1eeca470ca P 493be4abe83d46c1829e3d5cfc68a9de [term 0 FOLLOWER]: Becoming Follower/Learner. State: Replica: 493be4abe83d46c1829e3d5cfc68a9de, State: Initialized, Role: FOLLOWER
I0220 18:44:24.882153 24566 consensus_queue.cc:252] T 2ca7a33c93d548f49d2a4b1eeca470ca P 493be4abe83d46c1829e3d5cfc68a9de [NON_LEADER]: Queue going to NON_LEADER mode. State: All replicated index: 0, Majority replicated index: 0, Committed index: 0, Last appended: 0.0, Last appended by leader: 0, Current term: 0, Majority size: -1, State: 0, Mode: NON_LEADER, active raft config: opid_index: -1 OBSOLETE_local: false peers { permanent_uuid: "c8a15b6a57804d05ada89b15de898a87" member_type: VOTER last_known_addr { host: "127.23.135.130" port: 40621 } } peers { permanent_uuid: "493be4abe83d46c1829e3d5cfc68a9de" member_type: VOTER last_known_addr { host: "127.23.135.129" port: 35559 } } peers { permanent_uuid: "bccadedc7a11414384f1d4875bf49aaa" member_type: VOTER last_known_addr { host: "127.23.135.131" port: 46803 } }
I0220 18:44:24.882416 24566 ts_tablet_manager.cc:1142] T 2ca7a33c93d548f49d2a4b1eeca470ca P 493be4abe83d46c1829e3d5cfc68a9de: Time spent starting tablet: real 0.003s user 0.000s sys 0.001s
I0220 18:44:24.882905 24501 tablet_service.cc:1340] Received RequestConsensusVote() RPC: tablet_id: "c0ca382ac98b46948b2b18c2d691a364" candidate_uuid: "493be4abe83d46c1829e3d5cfc68a9de" candidate_term: 1 candidate_status { last_received { term: 0 index: 0 } } ignore_live_leader: false dest_uuid: "bccadedc7a11414384f1d4875bf49aaa" is_pre_election: true
I0220 18:44:24.882975 24566 tablet_bootstrap.cc:441] T a7a069dabd5b4df28954b6833f23ab31 P 493be4abe83d46c1829e3d5cfc68a9de: Bootstrap starting.
W0220 18:44:24.883343 24183 leader_election.cc:346] T c0ca382ac98b46948b2b18c2d691a364 P 493be4abe83d46c1829e3d5cfc68a9de [CANDIDATE]: Term 1 pre-election: Tablet error from VoteRequest() call to peer bccadedc7a11414384f1d4875bf49aaa (127.23.135.131:46803): Illegal state: must be running to vote when last-logged opid is not known
I0220 18:44:24.883409 24183 leader_election.cc:307] T c0ca382ac98b46948b2b18c2d691a364 P 493be4abe83d46c1829e3d5cfc68a9de [CANDIDATE]: Term 1 pre-election: Election decided. Result: candidate lost. Election summary: received 3 responses out of 3 voters: 1 yes votes; 2 no votes. yes voters: 493be4abe83d46c1829e3d5cfc68a9de; no voters: bccadedc7a11414384f1d4875bf49aaa, c8a15b6a57804d05ada89b15de898a87
I0220 18:44:24.883513 24576 raft_consensus.cc:482] T c5b2eb9c654f49df828ad8a096c62921 P bccadedc7a11414384f1d4875bf49aaa [term 0 FOLLOWER]: Starting pre-election (no leader contacted us within the election timeout)
I0220 18:44:24.883671 24576 raft_consensus.cc:504] T c5b2eb9c654f49df828ad8a096c62921 P bccadedc7a11414384f1d4875bf49aaa [term 0 FOLLOWER]: Starting pre-election with config: opid_index: -1 OBSOLETE_local: false peers { permanent_uuid: "493be4abe83d46c1829e3d5cfc68a9de" member_type: VOTER last_known_addr { host: "127.23.135.129" port: 35559 } } peers { permanent_uuid: "c8a15b6a57804d05ada89b15de898a87" member_type: VOTER last_known_addr { host: "127.23.135.130" port: 40621 } } peers { permanent_uuid: "bccadedc7a11414384f1d4875bf49aaa" member_type: VOTER last_known_addr { host: "127.23.135.131" port: 46803 } }
I0220 18:44:24.883935 24570 raft_consensus.cc:2675] T c0ca382ac98b46948b2b18c2d691a364 P 493be4abe83d46c1829e3d5cfc68a9de [term 0 FOLLOWER]: Leader pre-election lost for term 1. Reason: could not achieve majority
I0220 18:44:24.883981 24565 tablet_bootstrap.cc:441] T c0ca382ac98b46948b2b18c2d691a364 P bccadedc7a11414384f1d4875bf49aaa: No bootstrap required, opened a new log
I0220 18:44:24.884052 24565 ts_tablet_manager.cc:1113] T c0ca382ac98b46948b2b18c2d691a364 P bccadedc7a11414384f1d4875bf49aaa: Time spent bootstrapping tablet: real 0.007s user 0.001s sys 0.000s
I0220 18:44:24.884510 24565 raft_consensus.cc:346] T c0ca382ac98b46948b2b18c2d691a364 P bccadedc7a11414384f1d4875bf49aaa [term 0 FOLLOWER]: Replica starting. Triggering 0 pending transactions. Active config: opid_index: -1 OBSOLETE_local: false peers { permanent_uuid: "493be4abe83d46c1829e3d5cfc68a9de" member_type: VOTER last_known_addr { host: "127.23.135.129" port: 35559 } } peers { permanent_uuid: "c8a15b6a57804d05ada89b15de898a87" member_type: VOTER last_known_addr { host: "127.23.135.130" port: 40621 } } peers { permanent_uuid: "bccadedc7a11414384f1d4875bf49aaa" member_type: VOTER last_known_addr { host: "127.23.135.131" port: 46803 } }
I0220 18:44:24.884555 24565 raft_consensus.cc:372] T c0ca382ac98b46948b2b18c2d691a364 P bccadedc7a11414384f1d4875bf49aaa [term 0 FOLLOWER]: Consensus starting up: Expiring failure detector timer to make a prompt election more likely
I0220 18:44:24.884572 24565 raft_consensus.cc:726] T c0ca382ac98b46948b2b18c2d691a364 P bccadedc7a11414384f1d4875bf49aaa [term 0 FOLLOWER]: Becoming Follower/Learner. State: Replica: bccadedc7a11414384f1d4875bf49aaa, State: Initialized, Role: FOLLOWER
I0220 18:44:24.885010 24566 tablet_bootstrap.cc:597] T a7a069dabd5b4df28954b6833f23ab31 P 493be4abe83d46c1829e3d5cfc68a9de: No blocks or log segments found. Creating new log.
I0220 18:44:24.885944 24564 tablet_bootstrap.cc:441] T a7a069dabd5b4df28954b6833f23ab31 P c8a15b6a57804d05ada89b15de898a87: No bootstrap required, opened a new log
I0220 18:44:24.886034 24564 ts_tablet_manager.cc:1113] T a7a069dabd5b4df28954b6833f23ab31 P c8a15b6a57804d05ada89b15de898a87: Time spent bootstrapping tablet: real 0.005s user 0.001s sys 0.000s
I0220 18:44:24.886433 24564 raft_consensus.cc:346] T a7a069dabd5b4df28954b6833f23ab31 P c8a15b6a57804d05ada89b15de898a87 [term 0 FOLLOWER]: Replica starting. Triggering 0 pending transactions. Active config: opid_index: -1 OBSOLETE_local: false peers { permanent_uuid: "c8a15b6a57804d05ada89b15de898a87" member_type: VOTER last_known_addr { host: "127.23.135.130" port: 40621 } } peers { permanent_uuid: "493be4abe83d46c1829e3d5cfc68a9de" member_type: VOTER last_known_addr { host: "127.23.135.129" port: 35559 } } peers { permanent_uuid: "bccadedc7a11414384f1d4875bf49aaa" member_type: VOTER last_known_addr { host: "127.23.135.131" port: 46803 } }
I0220 18:44:24.886476 24564 raft_consensus.cc:372] T a7a069dabd5b4df28954b6833f23ab31 P c8a15b6a57804d05ada89b15de898a87 [term 0 FOLLOWER]: Consensus starting up: Expiring failure detector timer to make a prompt election more likely
I0220 18:44:24.886668 24565 consensus_queue.cc:252] T c0ca382ac98b46948b2b18c2d691a364 P bccadedc7a11414384f1d4875bf49aaa [NON_LEADER]: Queue going to NON_LEADER mode. State: All replicated index: 0, Majority replicated index: 0, Committed index: 0, Last appended: 0.0, Last appended by leader: 0, Current term: 0, Majority size: -1, State: 0, Mode: NON_LEADER, active raft config: opid_index: -1 OBSOLETE_local: false peers { permanent_uuid: "493be4abe83d46c1829e3d5cfc68a9de" member_type: VOTER last_known_addr { host: "127.23.135.129" port: 35559 } } peers { permanent_uuid: "c8a15b6a57804d05ada89b15de898a87" member_type: VOTER last_known_addr { host: "127.23.135.130" port: 40621 } } peers { permanent_uuid: "bccadedc7a11414384f1d4875bf49aaa" member_type: VOTER last_known_addr { host: "127.23.135.131" port: 46803 } }
I0220 18:44:24.885004 24576 leader_election.cc:293] T c5b2eb9c654f49df828ad8a096c62921 P bccadedc7a11414384f1d4875bf49aaa [CANDIDATE]: Term 1 pre-election: Requested pre-vote from peers 493be4abe83d46c1829e3d5cfc68a9de (127.23.135.129:35559), c8a15b6a57804d05ada89b15de898a87 (127.23.135.130:40621)
I0220 18:44:24.887938 24565 ts_tablet_manager.cc:1142] T c0ca382ac98b46948b2b18c2d691a364 P bccadedc7a11414384f1d4875bf49aaa: Time spent starting tablet: real 0.004s user 0.001s sys 0.000s
I0220 18:44:24.888319 24565 tablet_bootstrap.cc:441] T 2ca7a33c93d548f49d2a4b1eeca470ca P bccadedc7a11414384f1d4875bf49aaa: Bootstrap starting.
I0220 18:44:24.888442 24252 tablet_service.cc:1340] Received RequestConsensusVote() RPC: tablet_id: "c5b2eb9c654f49df828ad8a096c62921" candidate_uuid: "bccadedc7a11414384f1d4875bf49aaa" candidate_term: 1 candidate_status { last_received { term: 0 index: 0 } } ignore_live_leader: false dest_uuid: "493be4abe83d46c1829e3d5cfc68a9de" is_pre_election: true
I0220 18:44:24.888689 24566 tablet_bootstrap.cc:441] T a7a069dabd5b4df28954b6833f23ab31 P 493be4abe83d46c1829e3d5cfc68a9de: No bootstrap required, opened a new log
I0220 18:44:24.888751 24566 ts_tablet_manager.cc:1113] T a7a069dabd5b4df28954b6833f23ab31 P 493be4abe83d46c1829e3d5cfc68a9de: Time spent bootstrapping tablet: real 0.006s user 0.001s sys 0.001s
I0220 18:44:24.889165 24566 raft_consensus.cc:346] T a7a069dabd5b4df28954b6833f23ab31 P 493be4abe83d46c1829e3d5cfc68a9de [term 0 FOLLOWER]: Replica starting. Triggering 0 pending transactions. Active config: opid_index: -1 OBSOLETE_local: false peers { permanent_uuid: "c8a15b6a57804d05ada89b15de898a87" member_type: VOTER last_known_addr { host: "127.23.135.130" port: 40621 } } peers { permanent_uuid: "493be4abe83d46c1829e3d5cfc68a9de" member_type: VOTER last_known_addr { host: "127.23.135.129" port: 35559 } } peers { permanent_uuid: "bccadedc7a11414384f1d4875bf49aaa" member_type: VOTER last_known_addr { host: "127.23.135.131" port: 46803 } }
W0220 18:44:24.889030 24433 leader_election.cc:346] T c5b2eb9c654f49df828ad8a096c62921 P bccadedc7a11414384f1d4875bf49aaa [CANDIDATE]: Term 1 pre-election: Tablet error from VoteRequest() call to peer 493be4abe83d46c1829e3d5cfc68a9de (127.23.135.129:35559): Illegal state: must be running to vote when last-logged opid is not known
I0220 18:44:24.889921 24565 tablet_bootstrap.cc:597] T 2ca7a33c93d548f49d2a4b1eeca470ca P bccadedc7a11414384f1d4875bf49aaa: No blocks or log segments found. Creating new log.
I0220 18:44:24.889398 24377 tablet_service.cc:1340] Received RequestConsensusVote() RPC: tablet_id: "c5b2eb9c654f49df828ad8a096c62921" candidate_uuid: "bccadedc7a11414384f1d4875bf49aaa" candidate_term: 1 candidate_status { last_received { term: 0 index: 0 } } ignore_live_leader: false dest_uuid: "c8a15b6a57804d05ada89b15de898a87" is_pre_election: true
I0220 18:44:24.890328 24564 raft_consensus.cc:726] T a7a069dabd5b4df28954b6833f23ab31 P c8a15b6a57804d05ada89b15de898a87 [term 0 FOLLOWER]: Becoming Follower/Learner. State: Replica: c8a15b6a57804d05ada89b15de898a87, State: Initialized, Role: FOLLOWER
I0220 18:44:24.890475 24564 consensus_queue.cc:252] T a7a069dabd5b4df28954b6833f23ab31 P c8a15b6a57804d05ada89b15de898a87 [NON_LEADER]: Queue going to NON_LEADER mode. State: All replicated index: 0, Majority replicated index: 0, Committed index: 0, Last appended: 0.0, Last appended by leader: 0, Current term: 0, Majority size: -1, State: 0, Mode: NON_LEADER, active raft config: opid_index: -1 OBSOLETE_local: false peers { permanent_uuid: "c8a15b6a57804d05ada89b15de898a87" member_type: VOTER last_known_addr { host: "127.23.135.130" port: 40621 } } peers { permanent_uuid: "493be4abe83d46c1829e3d5cfc68a9de" member_type: VOTER last_known_addr { host: "127.23.135.129" port: 35559 } } peers { permanent_uuid: "bccadedc7a11414384f1d4875bf49aaa" member_type: VOTER last_known_addr { host: "127.23.135.131" port: 46803 } }
W0220 18:44:24.890611 24432 leader_election.cc:346] T c5b2eb9c654f49df828ad8a096c62921 P bccadedc7a11414384f1d4875bf49aaa [CANDIDATE]: Term 1 pre-election: Tablet error from VoteRequest() call to peer c8a15b6a57804d05ada89b15de898a87 (127.23.135.130:40621): Illegal state: must be running to vote when last-logged opid is not known
I0220 18:44:24.890676 24432 leader_election.cc:307] T c5b2eb9c654f49df828ad8a096c62921 P bccadedc7a11414384f1d4875bf49aaa [CANDIDATE]: Term 1 pre-election: Election decided. Result: candidate lost. Election summary: received 3 responses out of 3 voters: 1 yes votes; 2 no votes. yes voters: bccadedc7a11414384f1d4875bf49aaa; no voters: 493be4abe83d46c1829e3d5cfc68a9de, c8a15b6a57804d05ada89b15de898a87
I0220 18:44:24.890722 24564 ts_tablet_manager.cc:1142] T a7a069dabd5b4df28954b6833f23ab31 P c8a15b6a57804d05ada89b15de898a87: Time spent starting tablet: real 0.005s user 0.001s sys 0.000s
I0220 18:44:24.890844 24564 tablet_bootstrap.cc:441] T c5b2eb9c654f49df828ad8a096c62921 P c8a15b6a57804d05ada89b15de898a87: Bootstrap starting.
I0220 18:44:24.890942 24576 raft_consensus.cc:2675] T c5b2eb9c654f49df828ad8a096c62921 P bccadedc7a11414384f1d4875bf49aaa [term 0 FOLLOWER]: Leader pre-election lost for term 1. Reason: could not achieve majority
I0220 18:44:24.891607 24564 tablet_bootstrap.cc:597] T c5b2eb9c654f49df828ad8a096c62921 P c8a15b6a57804d05ada89b15de898a87: No blocks or log segments found. Creating new log.
I0220 18:44:24.891678 24566 raft_consensus.cc:372] T a7a069dabd5b4df28954b6833f23ab31 P 493be4abe83d46c1829e3d5cfc68a9de [term 0 FOLLOWER]: Consensus starting up: Expiring failure detector timer to make a prompt election more likely
I0220 18:44:24.891706 24566 raft_consensus.cc:726] T a7a069dabd5b4df28954b6833f23ab31 P 493be4abe83d46c1829e3d5cfc68a9de [term 0 FOLLOWER]: Becoming Follower/Learner. State: Replica: 493be4abe83d46c1829e3d5cfc68a9de, State: Initialized, Role: FOLLOWER
I0220 18:44:24.891853 24566 consensus_queue.cc:252] T a7a069dabd5b4df28954b6833f23ab31 P 493be4abe83d46c1829e3d5cfc68a9de [NON_LEADER]: Queue going to NON_LEADER mode. State: All replicated index: 0, Majority replicated index: 0, Committed index: 0, Last appended: 0.0, Last appended by leader: 0, Current term: 0, Majority size: -1, State: 0, Mode: NON_LEADER, active raft config: opid_index: -1 OBSOLETE_local: false peers { permanent_uuid: "c8a15b6a57804d05ada89b15de898a87" member_type: VOTER last_known_addr { host: "127.23.135.130" port: 40621 } } peers { permanent_uuid: "493be4abe83d46c1829e3d5cfc68a9de" member_type: VOTER last_known_addr { host: "127.23.135.129" port: 35559 } } peers { permanent_uuid: "bccadedc7a11414384f1d4875bf49aaa" member_type: VOTER last_known_addr { host: "127.23.135.131" port: 46803 } }
I0220 18:44:24.892082 24566 ts_tablet_manager.cc:1142] T a7a069dabd5b4df28954b6833f23ab31 P 493be4abe83d46c1829e3d5cfc68a9de: Time spent starting tablet: real 0.003s user 0.001s sys 0.000s
I0220 18:44:24.892200 24566 tablet_bootstrap.cc:441] T c5b2eb9c654f49df828ad8a096c62921 P 493be4abe83d46c1829e3d5cfc68a9de: Bootstrap starting.
I0220 18:44:24.892740 24565 tablet_bootstrap.cc:441] T 2ca7a33c93d548f49d2a4b1eeca470ca P bccadedc7a11414384f1d4875bf49aaa: No bootstrap required, opened a new log
I0220 18:44:24.892817 24565 ts_tablet_manager.cc:1113] T 2ca7a33c93d548f49d2a4b1eeca470ca P bccadedc7a11414384f1d4875bf49aaa: Time spent bootstrapping tablet: real 0.005s user 0.001s sys 0.000s
I0220 18:44:24.893132 24566 tablet_bootstrap.cc:597] T c5b2eb9c654f49df828ad8a096c62921 P 493be4abe83d46c1829e3d5cfc68a9de: No blocks or log segments found. Creating new log.
I0220 18:44:24.893271 24565 raft_consensus.cc:346] T 2ca7a33c93d548f49d2a4b1eeca470ca P bccadedc7a11414384f1d4875bf49aaa [term 0 FOLLOWER]: Replica starting. Triggering 0 pending transactions. Active config: opid_index: -1 OBSOLETE_local: false peers { permanent_uuid: "c8a15b6a57804d05ada89b15de898a87" member_type: VOTER last_known_addr { host: "127.23.135.130" port: 40621 } } peers { permanent_uuid: "493be4abe83d46c1829e3d5cfc68a9de" member_type: VOTER last_known_addr { host: "127.23.135.129" port: 35559 } } peers { permanent_uuid: "bccadedc7a11414384f1d4875bf49aaa" member_type: VOTER last_known_addr { host: "127.23.135.131" port: 46803 } }
I0220 18:44:24.893301 24565 raft_consensus.cc:372] T 2ca7a33c93d548f49d2a4b1eeca470ca P bccadedc7a11414384f1d4875bf49aaa [term 0 FOLLOWER]: Consensus starting up: Expiring failure detector timer to make a prompt election more likely
I0220 18:44:24.893316 24565 raft_consensus.cc:726] T 2ca7a33c93d548f49d2a4b1eeca470ca P bccadedc7a11414384f1d4875bf49aaa [term 0 FOLLOWER]: Becoming Follower/Learner. State: Replica: bccadedc7a11414384f1d4875bf49aaa, State: Initialized, Role: FOLLOWER
I0220 18:44:24.893455 24565 consensus_queue.cc:252] T 2ca7a33c93d548f49d2a4b1eeca470ca P bccadedc7a11414384f1d4875bf49aaa [NON_LEADER]: Queue going to NON_LEADER mode. State: All replicated index: 0, Majority replicated index: 0, Committed index: 0, Last appended: 0.0, Last appended by leader: 0, Current term: 0, Majority size: -1, State: 0, Mode: NON_LEADER, active raft config: opid_index: -1 OBSOLETE_local: false peers { permanent_uuid: "c8a15b6a57804d05ada89b15de898a87" member_type: VOTER last_known_addr { host: "127.23.135.130" port: 40621 } } peers { permanent_uuid: "493be4abe83d46c1829e3d5cfc68a9de" member_type: VOTER last_known_addr { host: "127.23.135.129" port: 35559 } } peers { permanent_uuid: "bccadedc7a11414384f1d4875bf49aaa" member_type: VOTER last_known_addr { host: "127.23.135.131" port: 46803 } }
