I0220 18:44:24.948267 24572 consensus_queue.cc:229] T a7a069dabd5b4df28954b6833f23ab31 P bccadedc7a11414384f1d4875bf49aaa [LEADER]: Queue going to LEADER mode. State: All replicated index: 0, Majority replicated index: 0, Committed index: 0, Last appended: 0.0, Last appended by leader: 0, Current term: 1, Majority size: 2, State: 0, Mode: LEADER, active raft config: opid_index: -1 OBSOLETE_local: false peers { permanent_uuid: "c8a15b6a57804d05ada89b15de898a87" member_type: VOTER last_known_addr { host: "127.23.135.130" port: 40621 } } peers { permanent_uuid: "493be4abe83d46c1829e3d5cfc68a9de" member_type: VOTER last_known_addr { host: "127.23.135.129" port: 35559 } } peers { permanent_uuid: "bccadedc7a11414384f1d4875bf49aaa" member_type: VOTER last_known_addr { host: "127.23.135.131" port: 46803 } }
I0220 18:44:24.948637 24500 tablet_service.cc:1340] Received RequestConsensusVote() RPC: tablet_id: "827aa98f727b4da6a5015391b4da1960" candidate_uuid: "c8a15b6a57804d05ada89b15de898a87" candidate_term: 1 candidate_status { last_received { term: 0 index: 0 } } ignore_live_leader: false dest_uuid: "bccadedc7a11414384f1d4875bf49aaa" is_pre_election: true
I0220 18:44:24.948695 24500 raft_consensus.cc:2414] T 827aa98f727b4da6a5015391b4da1960 P bccadedc7a11414384f1d4875bf49aaa [term 0 FOLLOWER]: Leader pre-election vote request: Granting yes vote for candidate c8a15b6a57804d05ada89b15de898a87 in term 0.
I0220 18:44:24.948837 24377 tablet_service.cc:1340] Received RequestConsensusVote() RPC: tablet_id: "827aa98f727b4da6a5015391b4da1960" candidate_uuid: "493be4abe83d46c1829e3d5cfc68a9de" candidate_term: 1 candidate_status { last_received { term: 0 index: 0 } } ignore_live_leader: false dest_uuid: "c8a15b6a57804d05ada89b15de898a87"
I0220 18:44:24.948881 24377 raft_consensus.cc:2983] T 827aa98f727b4da6a5015391b4da1960 P c8a15b6a57804d05ada89b15de898a87 [term 0 FOLLOWER]: Advancing to term 1
I0220 18:44:24.948954 24308 leader_election.cc:307] T 827aa98f727b4da6a5015391b4da1960 P c8a15b6a57804d05ada89b15de898a87 [CANDIDATE]: Term 1 pre-election: Election decided. Result: candidate won. Election summary: received 3 responses out of 3 voters: 2 yes votes; 1 no votes. yes voters: bccadedc7a11414384f1d4875bf49aaa, c8a15b6a57804d05ada89b15de898a87; no voters: 493be4abe83d46c1829e3d5cfc68a9de
I0220 18:44:24.949568 24377 raft_consensus.cc:2414] T 827aa98f727b4da6a5015391b4da1960 P c8a15b6a57804d05ada89b15de898a87 [term 1 FOLLOWER]: Leader election vote request: Granting yes vote for candidate 493be4abe83d46c1829e3d5cfc68a9de in term 1.
I0220 18:44:24.949640 24571 raft_consensus.cc:2690] T 827aa98f727b4da6a5015391b4da1960 P c8a15b6a57804d05ada89b15de898a87 [term 1 FOLLOWER]: Leader pre-election decision vote started in defunct term 0: won
I0220 18:44:24.949743 24128 catalog_manager.cc:4173] T a7a069dabd5b4df28954b6833f23ab31 P bccadedc7a11414384f1d4875bf49aaa reported cstate change: term changed from 0 to 1, leader changed from to bccadedc7a11414384f1d4875bf49aaa (127.23.135.131). New cstate: current_term: 1 leader_uuid: "bccadedc7a11414384f1d4875bf49aaa" committed_config { opid_index: -1 OBSOLETE_local: false peers { permanent_uuid: "c8a15b6a57804d05ada89b15de898a87" member_type: VOTER last_known_addr { host: "127.23.135.130" port: 40621 } health_report { overall_health: UNKNOWN } } peers { permanent_uuid: "493be4abe83d46c1829e3d5cfc68a9de" member_type: VOTER last_known_addr { host: "127.23.135.129" port: 35559 } health_report { overall_health: UNKNOWN } } peers { permanent_uuid: "bccadedc7a11414384f1d4875bf49aaa" member_type: VOTER last_known_addr { host: "127.23.135.131" port: 46803 } health_report { overall_health: HEALTHY } } }
I0220 18:44:24.949822 24183 leader_election.cc:307] T 827aa98f727b4da6a5015391b4da1960 P 493be4abe83d46c1829e3d5cfc68a9de [CANDIDATE]: Term 1 election: Election decided. Result: candidate won. Election summary: received 2 responses out of 3 voters: 2 yes votes; 0 no votes. yes voters: 493be4abe83d46c1829e3d5cfc68a9de, c8a15b6a57804d05ada89b15de898a87; no voters:
I0220 18:44:24.949872 24501 tablet_service.cc:1340] Received RequestConsensusVote() RPC: tablet_id: "827aa98f727b4da6a5015391b4da1960" candidate_uuid: "493be4abe83d46c1829e3d5cfc68a9de" candidate_term: 1 candidate_status { last_received { term: 0 index: 0 } } ignore_live_leader: false dest_uuid: "bccadedc7a11414384f1d4875bf49aaa"
I0220 18:44:24.949935 24501 raft_consensus.cc:2983] T 827aa98f727b4da6a5015391b4da1960 P bccadedc7a11414384f1d4875bf49aaa [term 0 FOLLOWER]: Advancing to term 1
I0220 18:44:24.949956 24570 raft_consensus.cc:2730] T 827aa98f727b4da6a5015391b4da1960 P 493be4abe83d46c1829e3d5cfc68a9de [term 1 FOLLOWER]: Leader election won for term 1
I0220 18:44:24.950017 24570 raft_consensus.cc:686] T 827aa98f727b4da6a5015391b4da1960 P 493be4abe83d46c1829e3d5cfc68a9de [term 1 LEADER]: Becoming Leader. State: Replica: 493be4abe83d46c1829e3d5cfc68a9de, State: Running, Role: LEADER
I0220 18:44:24.950145 24570 consensus_queue.cc:229] T 827aa98f727b4da6a5015391b4da1960 P 493be4abe83d46c1829e3d5cfc68a9de [LEADER]: Queue going to LEADER mode. State: All replicated index: 0, Majority replicated index: 0, Committed index: 0, Last appended: 0.0, Last appended by leader: 0, Current term: 1, Majority size: 2, State: 0, Mode: LEADER, active raft config: opid_index: -1 OBSOLETE_local: false peers { permanent_uuid: "493be4abe83d46c1829e3d5cfc68a9de" member_type: VOTER last_known_addr { host: "127.23.135.129" port: 35559 } } peers { permanent_uuid: "c8a15b6a57804d05ada89b15de898a87" member_type: VOTER last_known_addr { host: "127.23.135.130" port: 40621 } } peers { permanent_uuid: "bccadedc7a11414384f1d4875bf49aaa" member_type: VOTER last_known_addr { host: "127.23.135.131" port: 46803 } }
I0220 18:44:24.950683 24501 raft_consensus.cc:2414] T 827aa98f727b4da6a5015391b4da1960 P bccadedc7a11414384f1d4875bf49aaa [term 1 FOLLOWER]: Leader election vote request: Granting yes vote for candidate 493be4abe83d46c1829e3d5cfc68a9de in term 1.
I0220 18:44:24.951071 24576 leader_election.cc:293] T a7a069dabd5b4df28954b6833f23ab31 P bccadedc7a11414384f1d4875bf49aaa [CANDIDATE]: Term 1 pre-election: Requested pre-vote from peers c8a15b6a57804d05ada89b15de898a87 (127.23.135.130:40621), 493be4abe83d46c1829e3d5cfc68a9de (127.23.135.129:35559)
I0220 18:44:24.951139 24251 tablet_service.cc:1340] Received RequestConsensusVote() RPC: tablet_id: "a7a069dabd5b4df28954b6833f23ab31" candidate_uuid: "bccadedc7a11414384f1d4875bf49aaa" candidate_term: 1 candidate_status { last_received { term: 0 index: 0 } } ignore_live_leader: false dest_uuid: "493be4abe83d46c1829e3d5cfc68a9de" is_pre_election: true
I0220 18:44:24.951200 24251 raft_consensus.cc:2322] T a7a069dabd5b4df28954b6833f23ab31 P 493be4abe83d46c1829e3d5cfc68a9de [term 1 FOLLOWER]: Leader pre-election vote request: Already granted yes vote for candidate bccadedc7a11414384f1d4875bf49aaa in term 1. Re-sending same reply.
I0220 18:44:24.951678 24130 catalog_manager.cc:4173] T 827aa98f727b4da6a5015391b4da1960 P 493be4abe83d46c1829e3d5cfc68a9de reported cstate change: term changed from 0 to 1, leader changed from to 493be4abe83d46c1829e3d5cfc68a9de (127.23.135.129). New cstate: current_term: 1 leader_uuid: "493be4abe83d46c1829e3d5cfc68a9de" committed_config { opid_index: -1 OBSOLETE_local: false peers { permanent_uuid: "493be4abe83d46c1829e3d5cfc68a9de" member_type: VOTER last_known_addr { host: "127.23.135.129" port: 35559 } health_report { overall_health: HEALTHY } } peers { permanent_uuid: "c8a15b6a57804d05ada89b15de898a87" member_type: VOTER last_known_addr { host: "127.23.135.130" port: 40621 } health_report { overall_health: UNKNOWN } } peers { permanent_uuid: "bccadedc7a11414384f1d4875bf49aaa" member_type: VOTER last_known_addr { host: "127.23.135.131" port: 46803 } health_report { overall_health: UNKNOWN } } }
I0220 18:44:24.978798 24571 raft_consensus.cc:482] T c5b2eb9c654f49df828ad8a096c62921 P c8a15b6a57804d05ada89b15de898a87 [term 0 FOLLOWER]: Starting pre-election (no leader contacted us within the election timeout)
I0220 18:44:24.978930 24571 raft_consensus.cc:504] T c5b2eb9c654f49df828ad8a096c62921 P c8a15b6a57804d05ada89b15de898a87 [term 0 FOLLOWER]: Starting pre-election with config: opid_index: -1 OBSOLETE_local: false peers { permanent_uuid: "493be4abe83d46c1829e3d5cfc68a9de" member_type: VOTER last_known_addr { host: "127.23.135.129" port: 35559 } } peers { permanent_uuid: "c8a15b6a57804d05ada89b15de898a87" member_type: VOTER last_known_addr { host: "127.23.135.130" port: 40621 } } peers { permanent_uuid: "bccadedc7a11414384f1d4875bf49aaa" member_type: VOTER last_known_addr { host: "127.23.135.131" port: 46803 } }
I0220 18:44:24.979267 24571 leader_election.cc:293] T c5b2eb9c654f49df828ad8a096c62921 P c8a15b6a57804d05ada89b15de898a87 [CANDIDATE]: Term 1 pre-election: Requested pre-vote from peers 493be4abe83d46c1829e3d5cfc68a9de (127.23.135.129:35559), bccadedc7a11414384f1d4875bf49aaa (127.23.135.131:46803)
I0220 18:44:24.979802 24251 tablet_service.cc:1340] Received RequestConsensusVote() RPC: tablet_id: "c5b2eb9c654f49df828ad8a096c62921" candidate_uuid: "c8a15b6a57804d05ada89b15de898a87" candidate_term: 1 candidate_status { last_received { term: 0 index: 0 } } ignore_live_leader: false dest_uuid: "493be4abe83d46c1829e3d5cfc68a9de" is_pre_election: true
I0220 18:44:24.979810 24501 tablet_service.cc:1340] Received RequestConsensusVote() RPC: tablet_id: "c5b2eb9c654f49df828ad8a096c62921" candidate_uuid: "c8a15b6a57804d05ada89b15de898a87" candidate_term: 1 candidate_status { last_received { term: 0 index: 0 } } ignore_live_leader: false dest_uuid: "bccadedc7a11414384f1d4875bf49aaa" is_pre_election: true
I0220 18:44:24.979914 24501 raft_consensus.cc:2414] T c5b2eb9c654f49df828ad8a096c62921 P bccadedc7a11414384f1d4875bf49aaa [term 0 FOLLOWER]: Leader pre-election vote request: Granting yes vote for candidate c8a15b6a57804d05ada89b15de898a87 in term 0.
I0220 18:44:24.979916 24251 raft_consensus.cc:2414] T c5b2eb9c654f49df828ad8a096c62921 P 493be4abe83d46c1829e3d5cfc68a9de [term 0 FOLLOWER]: Leader pre-election vote request: Granting yes vote for candidate c8a15b6a57804d05ada89b15de898a87 in term 0.
I0220 18:44:24.980255 24308 leader_election.cc:307] T c5b2eb9c654f49df828ad8a096c62921 P c8a15b6a57804d05ada89b15de898a87 [CANDIDATE]: Term 1 pre-election: Election decided. Result: candidate won. Election summary: received 2 responses out of 3 voters: 2 yes votes; 0 no votes. yes voters: bccadedc7a11414384f1d4875bf49aaa, c8a15b6a57804d05ada89b15de898a87; no voters:
I0220 18:44:24.980394 24571 raft_consensus.cc:2730] T c5b2eb9c654f49df828ad8a096c62921 P c8a15b6a57804d05ada89b15de898a87 [term 0 FOLLOWER]: Leader pre-election won for term 1
I0220 18:44:24.980432 24571 raft_consensus.cc:482] T c5b2eb9c654f49df828ad8a096c62921 P c8a15b6a57804d05ada89b15de898a87 [term 0 FOLLOWER]: Starting leader election (no leader contacted us within the election timeout)
I0220 18:44:24.980450 24571 raft_consensus.cc:2983] T c5b2eb9c654f49df828ad8a096c62921 P c8a15b6a57804d05ada89b15de898a87 [term 0 FOLLOWER]: Advancing to term 1
I0220 18:44:24.981305 24571 raft_consensus.cc:504] T c5b2eb9c654f49df828ad8a096c62921 P c8a15b6a57804d05ada89b15de898a87 [term 1 FOLLOWER]: Starting leader election with config: opid_index: -1 OBSOLETE_local: false peers { permanent_uuid: "493be4abe83d46c1829e3d5cfc68a9de" member_type: VOTER last_known_addr { host: "127.23.135.129" port: 35559 } } peers { permanent_uuid: "c8a15b6a57804d05ada89b15de898a87" member_type: VOTER last_known_addr { host: "127.23.135.130" port: 40621 } } peers { permanent_uuid: "bccadedc7a11414384f1d4875bf49aaa" member_type: VOTER last_known_addr { host: "127.23.135.131" port: 46803 } }
I0220 18:44:24.981540 24571 leader_election.cc:293] T c5b2eb9c654f49df828ad8a096c62921 P c8a15b6a57804d05ada89b15de898a87 [CANDIDATE]: Term 1 election: Requested vote from peers 493be4abe83d46c1829e3d5cfc68a9de (127.23.135.129:35559), bccadedc7a11414384f1d4875bf49aaa (127.23.135.131:46803)
I0220 18:44:24.981614 24570 consensus_queue.cc:1005] T 2ca7a33c93d548f49d2a4b1eeca470ca P 493be4abe83d46c1829e3d5cfc68a9de [LEADER]: Connected to new peer: Peer: permanent_uuid: "c8a15b6a57804d05ada89b15de898a87" member_type: VOTER last_known_addr { host: "127.23.135.130" port: 40621 }, Status: LMP_MISMATCH, Last received: 0.0, Next index: 1, Last known committed idx: 0, Time since last communication: 0.000s
I0220 18:44:24.981842 24251 tablet_service.cc:1340] Received RequestConsensusVote() RPC: tablet_id: "c5b2eb9c654f49df828ad8a096c62921" candidate_uuid: "c8a15b6a57804d05ada89b15de898a87" candidate_term: 1 candidate_status { last_received { term: 0 index: 0 } } ignore_live_leader: false dest_uuid: "493be4abe83d46c1829e3d5cfc68a9de"
I0220 18:44:24.981928 24501 tablet_service.cc:1340] Received RequestConsensusVote() RPC: tablet_id: "c5b2eb9c654f49df828ad8a096c62921" candidate_uuid: "c8a15b6a57804d05ada89b15de898a87" candidate_term: 1 candidate_status { last_received { term: 0 index: 0 } } ignore_live_leader: false dest_uuid: "bccadedc7a11414384f1d4875bf49aaa"
I0220 18:44:24.981940 24251 raft_consensus.cc:2983] T c5b2eb9c654f49df828ad8a096c62921 P 493be4abe83d46c1829e3d5cfc68a9de [term 0 FOLLOWER]: Advancing to term 1
I0220 18:44:24.981986 24501 raft_consensus.cc:2983] T c5b2eb9c654f49df828ad8a096c62921 P bccadedc7a11414384f1d4875bf49aaa [term 0 FOLLOWER]: Advancing to term 1
I0220 18:44:24.982764 24251 raft_consensus.cc:2414] T c5b2eb9c654f49df828ad8a096c62921 P 493be4abe83d46c1829e3d5cfc68a9de [term 1 FOLLOWER]: Leader election vote request: Granting yes vote for candidate c8a15b6a57804d05ada89b15de898a87 in term 1.
I0220 18:44:24.982828 24501 raft_consensus.cc:2414] T c5b2eb9c654f49df828ad8a096c62921 P bccadedc7a11414384f1d4875bf49aaa [term 1 FOLLOWER]: Leader election vote request: Granting yes vote for candidate c8a15b6a57804d05ada89b15de898a87 in term 1.
I0220 18:44:24.983044 24309 leader_election.cc:307] T c5b2eb9c654f49df828ad8a096c62921 P c8a15b6a57804d05ada89b15de898a87 [CANDIDATE]: Term 1 election: Election decided. Result: candidate won. Election summary: received 2 responses out of 3 voters: 2 yes votes; 0 no votes. yes voters: 493be4abe83d46c1829e3d5cfc68a9de, c8a15b6a57804d05ada89b15de898a87; no voters:
I0220 18:44:24.983160 24571 raft_consensus.cc:2730] T c5b2eb9c654f49df828ad8a096c62921 P c8a15b6a57804d05ada89b15de898a87 [term 1 FOLLOWER]: Leader election won for term 1
I0220 18:44:24.983319 24571 raft_consensus.cc:686] T c5b2eb9c654f49df828ad8a096c62921 P c8a15b6a57804d05ada89b15de898a87 [term 1 LEADER]: Becoming Leader. State: Replica: c8a15b6a57804d05ada89b15de898a87, State: Running, Role: LEADER
I0220 18:44:24.983613 24571 consensus_queue.cc:229] T c5b2eb9c654f49df828ad8a096c62921 P c8a15b6a57804d05ada89b15de898a87 [LEADER]: Queue going to LEADER mode. State: All replicated index: 0, Majority replicated index: 0, Committed index: 0, Last appended: 0.0, Last appended by leader: 0, Current term: 1, Majority size: 2, State: 0, Mode: LEADER, active raft config: opid_index: -1 OBSOLETE_local: false peers { permanent_uuid: "493be4abe83d46c1829e3d5cfc68a9de" member_type: VOTER last_known_addr { host: "127.23.135.129" port: 35559 } } peers { permanent_uuid: "c8a15b6a57804d05ada89b15de898a87" member_type: VOTER last_known_addr { host: "127.23.135.130" port: 40621 } } peers { permanent_uuid: "bccadedc7a11414384f1d4875bf49aaa" member_type: VOTER last_known_addr { host: "127.23.135.131" port: 46803 } }
I0220 18:44:24.986114 24130 catalog_manager.cc:4173] T c5b2eb9c654f49df828ad8a096c62921 P c8a15b6a57804d05ada89b15de898a87 reported cstate change: term changed from 0 to 1, leader changed from to c8a15b6a57804d05ada89b15de898a87 (127.23.135.130). New cstate: current_term: 1 leader_uuid: "c8a15b6a57804d05ada89b15de898a87" committed_config { opid_index: -1 OBSOLETE_local: false peers { permanent_uuid: "493be4abe83d46c1829e3d5cfc68a9de" member_type: VOTER last_known_addr { host: "127.23.135.129" port: 35559 } health_report { overall_health: UNKNOWN } } peers { permanent_uuid: "c8a15b6a57804d05ada89b15de898a87" member_type: VOTER last_known_addr { host: "127.23.135.130" port: 40621 } health_report { overall_health: HEALTHY } } peers { permanent_uuid: "bccadedc7a11414384f1d4875bf49aaa" member_type: VOTER last_known_addr { host: "127.23.135.131" port: 46803 } health_report { overall_health: UNKNOWN } } }
I0220 18:44:24.986789 24591 consensus_queue.cc:1005] T 2ca7a33c93d548f49d2a4b1eeca470ca P 493be4abe83d46c1829e3d5cfc68a9de [LEADER]: Connected to new peer: Peer: permanent_uuid: "bccadedc7a11414384f1d4875bf49aaa" member_type: VOTER last_known_addr { host: "127.23.135.131" port: 46803 }, Status: LMP_MISMATCH, Last received: 0.0, Next index: 1, Last known committed idx: 0, Time since last communication: 0.000s
I0220 18:44:25.000296 24094 external_mini_cluster.cc:1065] Running /tmp/dist-test-taskDlYUX2/build/debug/bin/kudu-tserver /tmp/dist-test-taskDlYUX2/build/debug/bin/kudu-tserver --fs_wal_dir=/tmp/dist-test-taskDlYUX2/test-tmp/maintenance_mode-itest.0.MaintenanceModeRF3ITest.TestFailedTServerInMaintenanceModeDoesntRereplicate.1582224264261468-24094/minicluster-data/ts-3/wal --fs_data_dirs=/tmp/dist-test-taskDlYUX2/test-tmp/maintenance_mode-itest.0.MaintenanceModeRF3ITest.TestFailedTServerInMaintenanceModeDoesntRereplicate.1582224264261468-24094/minicluster-data/ts-3/data --block_manager=log --rpc_bind_addresses=127.23.135.132:0 --local_ip_for_outbound_sockets=127.23.135.132 --webserver_interface=127.23.135.132 --webserver_port=0 --tserver_master_addrs=127.23.135.190:45127 --never_fsync --ipki_server_key_size=1024 --enable_minidumps=false --redact=none --metrics_log_interval_ms=1000 --logtostderr --logbuflevel=-1 --log_dir=/tmp/dist-test-taskDlYUX2/test-tmp/maintenance_mode-itest.0.MaintenanceModeRF3ITest.TestFailedTServerInMaintenanceModeDoesntRereplicate.1582224264261468-24094/minicluster-data/ts-3/logs --server_dump_info_path=/tmp/dist-test-taskDlYUX2/test-tmp/maintenance_mode-itest.0.MaintenanceModeRF3ITest.TestFailedTServerInMaintenanceModeDoesntRereplicate.1582224264261468-24094/minicluster-data/ts-3/data/info.pb --server_dump_info_format=pb --rpc_server_allow_ephemeral_ports --unlock_experimental_flags --unlock_unsafe_flags --builtin_ntp_servers=127.23.135.148:41009 --builtin_ntp_poll_interval_ms=100 --ntp_initial_sync_wait_secs=10 --time_source=builtin --raft_heartbeat_interval_ms=100 --follower_unavailable_considered_failed_sec=2 --enable_log_gc=false with env {}
I0220 18:44:25.003083 24576 consensus_queue.cc:1005] T c0ca382ac98b46948b2b18c2d691a364 P bccadedc7a11414384f1d4875bf49aaa [LEADER]: Connected to new peer: Peer: permanent_uuid: "c8a15b6a57804d05ada89b15de898a87" member_type: VOTER last_known_addr { host: "127.23.135.130" port: 40621 }, Status: LMP_MISMATCH, Last received: 0.0, Next index: 1, Last known committed idx: 0, Time since last communication: 0.000s
I0220 18:44:25.005762 24572 consensus_queue.cc:1005] T c0ca382ac98b46948b2b18c2d691a364 P bccadedc7a11414384f1d4875bf49aaa [LEADER]: Connected to new peer: Peer: permanent_uuid: "493be4abe83d46c1829e3d5cfc68a9de" member_type: VOTER last_known_addr { host: "127.23.135.129" port: 35559 }, Status: LMP_MISMATCH, Last received: 0.0, Next index: 1, Last known committed idx: 0, Time since last communication: 0.000s
I0220 18:44:25.019258 24591 consensus_queue.cc:1005] T 116ca55e12164875ad0a87183fe531bc P 493be4abe83d46c1829e3d5cfc68a9de [LEADER]: Connected to new peer: Peer: permanent_uuid: "c8a15b6a57804d05ada89b15de898a87" member_type: VOTER last_known_addr { host: "127.23.135.130" port: 40621 }, Status: LMP_MISMATCH, Last received: 0.0, Next index: 1, Last known committed idx: 0, Time since last communication: 0.000s
I0220 18:44:25.023352 24591 consensus_queue.cc:1005] T 116ca55e12164875ad0a87183fe531bc P 493be4abe83d46c1829e3d5cfc68a9de [LEADER]: Connected to new peer: Peer: permanent_uuid: "bccadedc7a11414384f1d4875bf49aaa" member_type: VOTER last_known_addr { host: "127.23.135.131" port: 46803 }, Status: LMP_MISMATCH, Last received: 0.0, Next index: 1, Last known committed idx: 0, Time since last communication: 0.000s
W0220 18:44:25.037415 24545 tablet.cc:1810] T 827aa98f727b4da6a5015391b4da1960 P bccadedc7a11414384f1d4875bf49aaa: Can't schedule compaction. Clean time has not been advanced past its initial value.
W0220 18:44:25.037540 24545 tablet_replica_mm_ops.cc:302] Log GC is disabled (check --enable_log_gc)
I0220 18:44:25.041393 24501 raft_consensus.cc:1210] T c5b2eb9c654f49df828ad8a096c62921 P bccadedc7a11414384f1d4875bf49aaa [term 1 FOLLOWER]: Refusing update from remote peer c8a15b6a57804d05ada89b15de898a87: Log matching property violated. Preceding OpId in replica: term: 0 index: 0. Preceding OpId from leader: term: 1 index: 2. (index mismatch)
I0220 18:44:25.042060 24599 consensus_queue.cc:1005] T c5b2eb9c654f49df828ad8a096c62921 P c8a15b6a57804d05ada89b15de898a87 [LEADER]: Connected to new peer: Peer: permanent_uuid: "bccadedc7a11414384f1d4875bf49aaa" member_type: VOTER last_known_addr { host: "127.23.135.131" port: 46803 }, Status: LMP_MISMATCH, Last received: 0.0, Next index: 1, Last known committed idx: 0, Time since last communication: 0.000s
I0220 18:44:25.042361 24251 raft_consensus.cc:1210] T c5b2eb9c654f49df828ad8a096c62921 P 493be4abe83d46c1829e3d5cfc68a9de [term 1 FOLLOWER]: Refusing update from remote peer c8a15b6a57804d05ada89b15de898a87: Log matching property violated. Preceding OpId in replica: term: 0 index: 0. Preceding OpId from leader: term: 1 index: 2. (index mismatch)
I0220 18:44:25.042807 24599 consensus_queue.cc:1005] T c5b2eb9c654f49df828ad8a096c62921 P c8a15b6a57804d05ada89b15de898a87 [LEADER]: Connected to new peer: Peer: permanent_uuid: "493be4abe83d46c1829e3d5cfc68a9de" member_type: VOTER last_known_addr { host: "127.23.135.129" port: 35559 }, Status: LMP_MISMATCH, Last received: 0.0, Next index: 1, Last known committed idx: 0, Time since last communication: 0.000s
I0220 18:44:25.045964 24614 consensus_queue.cc:1005] T a7a069dabd5b4df28954b6833f23ab31 P bccadedc7a11414384f1d4875bf49aaa [LEADER]: Connected to new peer: Peer: permanent_uuid: "493be4abe83d46c1829e3d5cfc68a9de" member_type: VOTER last_known_addr { host: "127.23.135.129" port: 35559 }, Status: LMP_MISMATCH, Last received: 0.0, Next index: 1, Last known committed idx: 0, Time since last communication: 0.000s
I0220 18:44:25.050045 24501 raft_consensus.cc:1210] T 827aa98f727b4da6a5015391b4da1960 P bccadedc7a11414384f1d4875bf49aaa [term 1 FOLLOWER]: Refusing update from remote peer 493be4abe83d46c1829e3d5cfc68a9de: Log matching property violated. Preceding OpId in replica: term: 0 index: 0. Preceding OpId from leader: term: 1 index: 2. (index mismatch)
I0220 18:44:25.051369 24572 consensus_queue.cc:1005] T a7a069dabd5b4df28954b6833f23ab31 P bccadedc7a11414384f1d4875bf49aaa [LEADER]: Connected to new peer: Peer: permanent_uuid: "c8a15b6a57804d05ada89b15de898a87" member_type: VOTER last_known_addr { host: "127.23.135.130" port: 40621 }, Status: LMP_MISMATCH, Last received: 0.0, Next index: 1, Last known committed idx: 0, Time since last communication: 0.000s
I0220 18:44:25.052655 24377 raft_consensus.cc:1210] T 827aa98f727b4da6a5015391b4da1960 P c8a15b6a57804d05ada89b15de898a87 [term 1 FOLLOWER]: Refusing update from remote peer 493be4abe83d46c1829e3d5cfc68a9de: Log matching property violated. Preceding OpId in replica: term: 0 index: 0. Preceding OpId from leader: term: 1 index: 2. (index mismatch)
I0220 18:44:25.053411 24570 consensus_queue.cc:1005] T 827aa98f727b4da6a5015391b4da1960 P 493be4abe83d46c1829e3d5cfc68a9de [LEADER]: Connected to new peer: Peer: permanent_uuid: "bccadedc7a11414384f1d4875bf49aaa" member_type: VOTER last_known_addr { host: "127.23.135.131" port: 46803 }, Status: LMP_MISMATCH, Last received: 0.0, Next index: 1, Last known committed idx: 0, Time since last communication: 0.000s
I0220 18:44:25.054837 24570 consensus_queue.cc:1005] T 827aa98f727b4da6a5015391b4da1960 P 493be4abe83d46c1829e3d5cfc68a9de [LEADER]: Connected to new peer: Peer: permanent_uuid: "c8a15b6a57804d05ada89b15de898a87" member_type: VOTER last_known_addr { host: "127.23.135.130" port: 40621 }, Status: LMP_MISMATCH, Last received: 0.0, Next index: 1, Last known committed idx: 0, Time since last communication: 0.000s
I0220 18:44:25.062464 24606 mvcc.cc:203] Tried to move safe_time back from 6480790589603704832 to 6480790589374390272. Current Snapshot: MvccSnapshot[committed={T|T < 6480790589603704832}]
W0220 18:44:25.065181 24296 tablet_replica_mm_ops.cc:302] Log GC is disabled (check --enable_log_gc)
I0220 18:44:25.066154 24602 mvcc.cc:203] Tried to move safe_time back from 6480790589603704832 to 6480790589374390272. Current Snapshot: MvccSnapshot[committed={T|T < 6480790589603704832 or (T in {6480790589603704832})}]
I0220 18:44:25.083190 24604 mvcc.cc:203] Tried to move safe_time back from 6480790589756866560 to 6480790589374390272. Current Snapshot: MvccSnapshot[committed={T|T < 6480790589756866560 or (T in {6480790589756866560})}] WARNING: Logging before InitGoogleLogging() is written to STDERR
W0220 18:44:25.094202 24611 flags.cc:403] Enabled unsafe flag: --rpc_server_allow_ephemeral_ports=true
W0220 18:44:25.094537 24611 flags.cc:403] Enabled unsafe flag: --enable_log_gc=false
W0220 18:44:25.094599 24611 flags.cc:403] Enabled unsafe flag: --never_fsync=true
W0220 18:44:25.095913 24611 flags.cc:403] Enabled experimental flag: --ipki_server_key_size=1024
W0220 18:44:25.096055 24611 flags.cc:403] Enabled experimental flag: --local_ip_for_outbound_sockets=127.23.135.132
I0220 18:44:25.098016 24611 tablet_server_runner.cc:68] Tablet server non-default flags: --builtin_ntp_poll_interval_ms=100 --builtin_ntp_servers=127.23.135.148:41009 --ntp_initial_sync_wait_secs=10 --time_source=builtin --follower_unavailable_considered_failed_sec=2 --raft_heartbeat_interval_ms=100 --fs_data_dirs=/tmp/dist-test-taskDlYUX2/test-tmp/maintenance_mode-itest.0.MaintenanceModeRF3ITest.TestFailedTServerInMaintenanceModeDoesntRereplicate.1582224264261468-24094/minicluster-data/ts-3/data --fs_wal_dir=/tmp/dist-test-taskDlYUX2/test-tmp/maintenance_mode-itest.0.MaintenanceModeRF3ITest.TestFailedTServerInMaintenanceModeDoesntRereplicate.1582224264261468-24094/minicluster-data/ts-3/wal --ipki_server_key_size=1024 --rpc_bind_addresses=127.23.135.132:0 --rpc_server_allow_ephemeral_ports=true --metrics_log_interval_ms=1000 --server_dump_info_format=pb --server_dump_info_path=/tmp/dist-test-taskDlYUX2/test-tmp/maintenance_mode-itest.0.MaintenanceModeRF3ITest.TestFailedTServerInMaintenanceModeDoesntRereplicate.1582224264261468-24094/minicluster-data/ts-3/data/info.pb --webserver_interface=127.23.135.132 --webserver_port=0 --enable_log_gc=false --tserver_master_addrs=127.23.135.190:45127 --never_fsync=true --heap_profile_path=/tmp/kudu-tserver.24611 --redact=none --unlock_experimental_flags=true --unlock_unsafe_flags=true --log_filename=kudu-tserver --enable_minidumps=false --local_ip_for_outbound_sockets=127.23.135.132 --log_dir=/tmp/dist-test-taskDlYUX2/test-tmp/maintenance_mode-itest.0.MaintenanceModeRF3ITest.TestFailedTServerInMaintenanceModeDoesntRereplicate.1582224264261468-24094/minicluster-data/ts-3/logs --logbuflevel=-1 --logtostderr=true Tablet server version: kudu 1.12.0-SNAPSHOT revision 924cf36232aa121073c75b5863683510c05eae48 build type DEBUG built by None at 20 Feb 2020 18:30:41 UTC on jenkins-slave-8qw8 build id 20512
I0220 18:44:25.098584 24611 env_posix.cc:1682] Not raising this process' open files per process limit of 1048576; it is already as high as it can go
I0220 18:44:25.099365 24611 file_cache.cc:476] Constructed file cache file cache with capacity 419430
I0220 18:44:25.106168 24611 hybrid_clock.cc:241] auto-selected time source: builtin
I0220 18:44:25.107251 24611 hybrid_clock.cc:534] waiting up to --ntp_initial_sync_wait_secs=10 seconds for the clock to synchronize
I0220 18:44:25.111560 24611 hybrid_clock.cc:552] HybridClock initialized: now 1582224265111493 us; error 64 us; skew 500 ppm
I0220 18:44:25.112318 24611 fs_manager.cc:259] Metadata directory not provided
I0220 18:44:25.112359 24611 fs_manager.cc:265] Using write-ahead log directory (fs_wal_dir) as metadata directory
I0220 18:44:25.112571 24611 server_base.cc:502] Could not load existing FS layout: Not found: could not find a healthy instance file
I0220 18:44:25.112679 24611 server_base.cc:503] Attempting to create new FS layout instead
I0220 18:44:25.114575 24611 fs_manager.cc:613] Generated new instance metadata in path /tmp/dist-test-taskDlYUX2/test-tmp/maintenance_mode-itest.0.MaintenanceModeRF3ITest.TestFailedTServerInMaintenanceModeDoesntRereplicate.1582224264261468-24094/minicluster-data/ts-3/data/instance: uuid: "609fb788e999458bb50fe5ede9fbe320" format_stamp: "Formatted at 2020-02-20 18:44:25 on dist-test-slave-dist-test-slave-sbf6"
I0220 18:44:25.114972 24611 fs_manager.cc:613] Generated new instance metadata in path /tmp/dist-test-taskDlYUX2/test-tmp/maintenance_mode-itest.0.MaintenanceModeRF3ITest.TestFailedTServerInMaintenanceModeDoesntRereplicate.1582224264261468-24094/minicluster-data/ts-3/wal/instance: uuid: "609fb788e999458bb50fe5ede9fbe320" format_stamp: "Formatted at 2020-02-20 18:44:25 on dist-test-slave-dist-test-slave-sbf6"
I0220 18:44:25.117028 24611 dir_util.cc:225] Instance is unhealthy: Not found: Failed to read metadata file from /tmp/dist-test-taskDlYUX2/test-tmp/maintenance_mode-itest.0.MaintenanceModeRF3ITest.TestFailedTServerInMaintenanceModeDoesntRereplicate.1582224264261468-24094/minicluster-data/ts-3/data/data/block_manager_instance: /tmp/dist-test-taskDlYUX2/test-tmp/maintenance_mode-itest.0.MaintenanceModeRF3ITest.TestFailedTServerInMaintenanceModeDoesntRereplicate.1582224264261468-24094/minicluster-data/ts-3/data/data/block_manager_instance: No such file or directory (error 2)
I0220 18:44:25.124171 24611 fs_manager.cc:514] Time spent creating directory manager: real 0.009s user 0.003s sys 0.004s
I0220 18:44:25.168610 24611 fs_manager.cc:430] Time spent opening block manager: real 0.002s user 0.001s sys 0.000s
I0220 18:44:25.168722 24611 fs_manager.cc:447] Opened local filesystem: /tmp/dist-test-taskDlYUX2/test-tmp/maintenance_mode-itest.0.MaintenanceModeRF3ITest.TestFailedTServerInMaintenanceModeDoesntRereplicate.1582224264261468-24094/minicluster-data/ts-3/data,/tmp/dist-test-taskDlYUX2/test-tmp/maintenance_mode-itest.0.MaintenanceModeRF3ITest.TestFailedTServerInMaintenanceModeDoesntRereplicate.1582224264261468-24094/minicluster-data/ts-3/wal uuid: "609fb788e999458bb50fe5ede9fbe320" format_stamp: "Formatted at 2020-02-20 18:44:25 on dist-test-slave-dist-test-slave-sbf6"
I0220 18:44:25.168824 24611 fs_report.cc:352] FS layout report -------------------- wal directory: /tmp/dist-test-taskDlYUX2/test-tmp/maintenance_mode-itest.0.MaintenanceModeRF3ITest.TestFailedTServerInMaintenanceModeDoesntRereplicate.1582224264261468-24094/minicluster-data/ts-3/wal metadata directory: /tmp/dist-test-taskDlYUX2/test-tmp/maintenance_mode-itest.0.MaintenanceModeRF3ITest.TestFailedTServerInMaintenanceModeDoesntRereplicate.1582224264261468-24094/minicluster-data/ts-3/wal 1 data directories: /tmp/dist-test-taskDlYUX2/test-tmp/maintenance_mode-itest.0.MaintenanceModeRF3ITest.TestFailedTServerInMaintenanceModeDoesntRereplicate.1582224264261468-24094/minicluster-data/ts-3/data/data Total live blocks: 0 Total live bytes: 0 Total live bytes (after alignment): 0 Total number of LBM containers: 0 (0 full) Did not check for missing blocks Did not check for orphaned blocks Total full LBM containers with extra space: 0 (0 repaired) Total full LBM container extra space in bytes: 0 (0 repaired) Total incomplete LBM containers: 0 (0 repaired) Total LBM partial records: 0 (0 repaired)
I0220 18:44:25.199296 24611 env_posix.cc:1682] Not raising this process' running threads per effective uid limit of 18446744073709551615; it is already as high as it can go
I0220 18:44:25.200932 24611 ts_tablet_manager.cc:395] Loaded tablet metadata (0 total tablets, 0 live tablets)
I0220 18:44:25.201114 24611 ts_tablet_manager.cc:415] Registered 0 tablets
I0220 18:44:25.209527 24611 rpc_server.cc:211] RPC server started. Bound to: 127.23.135.132:45837
I0220 18:44:25.210798 24611 webserver.cc:382] Webserver started at http://127.23.135.132:35635/ using document root and password file
I0220 18:44:25.211608 24611 server_base.cc:678] Dumped server information to /tmp/dist-test-taskDlYUX2/test-tmp/maintenance_mode-itest.0.MaintenanceModeRF3ITest.TestFailedTServerInMaintenanceModeDoesntRereplicate.1582224264261468-24094/minicluster-data/ts-3/data/info.pb
I0220 18:44:25.220504 24094 external_mini_cluster.cc:1127] Started /tmp/dist-test-taskDlYUX2/build/debug/bin/kudu-tserver as pid 24611
I0220 18:44:25.224165 24772 heartbeater.cc:322] Connected to a master server at 127.23.135.190:45127
I0220 18:44:25.224357 24772 heartbeater.cc:406] Registering TS with master...
I0220 18:44:25.224719 24772 heartbeater.cc:455] Master 127.23.135.190:45127 requested a full tablet report, sending...
I0220 18:44:25.225477 24128 ts_manager.cc:192] Registered new tserver with Master: 609fb788e999458bb50fe5ede9fbe320 (127.23.135.132:45837)
I0220 18:44:25.226346 24128 master_service.cc:350] Signed X509 certificate for tserver {username='slave'} at 127.23.135.132:37847
I0220 18:44:25.283890 24130 ts_manager.cc:278] Set tserver state for 493be4abe83d46c1829e3d5cfc68a9de to MAINTENANCE_MODE
I0220 18:44:25.284334 24094 external_mini_cluster.cc:1263] Killing /tmp/dist-test-taskDlYUX2/build/debug/bin/kudu-tserver with pid 24165
W0220 18:44:25.290596 24555 connection.cc:658] client connection to 127.23.135.129:35559 recv error: Network error: recv error from 0.0.0.0:0: Transport endpoint is not connected (error 107)
W0220 18:44:25.290655 24309 consensus_peers.cc:472] T c5b2eb9c654f49df828ad8a096c62921 P c8a15b6a57804d05ada89b15de898a87 -> Peer 493be4abe83d46c1829e3d5cfc68a9de (127.23.135.129:35559): Couldn't send request to peer 493be4abe83d46c1829e3d5cfc68a9de. Status: Network error: recv got EOF from 127.23.135.129:35559 (error 108). This is attempt 1: this message will repeat every 5th retry.
W0220 18:44:25.290717 24555 meta_cache.cc:234] Tablet 827aa98f727b4da6a5015391b4da1960: Replica 493be4abe83d46c1829e3d5cfc68a9de (127.23.135.129:35559) has failed: Network error: recv error from 0.0.0.0:0: Transport endpoint is not connected (error 107)
W0220 18:44:25.290982 24434 connection.cc:658] server connection from 127.23.135.129:50775 recv error: Network error: recv error from 0.0.0.0:0: Transport endpoint is not connected (error 107)
W0220 18:44:25.291105 24433 connection.cc:658] client connection to 127.23.135.129:35559 recv error: Network error: recv error from 0.0.0.0:0: Transport endpoint is not connected (error 107)
W0220 18:44:25.291183 24433 consensus_peers.cc:472] T c0ca382ac98b46948b2b18c2d691a364 P bccadedc7a11414384f1d4875bf49aaa -> Peer 493be4abe83d46c1829e3d5cfc68a9de (127.23.135.129:35559): Couldn't send request to peer 493be4abe83d46c1829e3d5cfc68a9de. Status: Network error: recv error from 0.0.0.0:0: Transport endpoint is not connected (error 107). This is attempt 1: this message will repeat every 5th retry.
W0220 18:44:25.295101 24335 tablet_service.cc:670] failed transaction from {username='slave'} at 127.0.0.1:54622: Illegal state: Replica c8a15b6a57804d05ada89b15de898a87 is not leader of this config. Role: FOLLOWER. Consensus state: current_term: 1 leader_uuid: "493be4abe83d46c1829e3d5cfc68a9de" committed_config { opid_index: -1 OBSOLETE_local: false peers { permanent_uuid: "493be4abe83d46c1829e3d5cfc68a9de" member_type: VOTER last_known_addr { host: "127.23.135.129" port: 35559 } } peers { permanent_uuid: "c8a15b6a57804d05ada89b15de898a87" member_type: VOTER last_known_addr { host: "127.23.135.130" port: 40621 } } peers { permanent_uuid: "bccadedc7a11414384f1d4875bf49aaa" member_type: VOTER last_known_addr { host: "127.23.135.131" port: 46803 } } }
W0220 18:44:25.296306 24335 tablet_service.cc:670] failed transaction from {username='slave'} at 127.0.0.1:54622: Illegal state: Replica c8a15b6a57804d05ada89b15de898a87 is not leader of this config. Role: FOLLOWER. Consensus state: current_term: 1 leader_uuid: "493be4abe83d46c1829e3d5cfc68a9de" committed_config { opid_index: -1 OBSOLETE_local: false peers { permanent_uuid: "c8a15b6a57804d05ada89b15de898a87" member_type: VOTER last_known_addr { host: "127.23.135.130" port: 40621 } } peers { permanent_uuid: "bccadedc7a11414384f1d4875bf49aaa" member_type: VOTER last_known_addr { host: "127.23.135.131" port: 46803 } } peers { permanent_uuid: "493be4abe83d46c1829e3d5cfc68a9de" member_type: VOTER last_known_addr { host: "127.23.135.129" port: 35559 } } }
W0220 18:44:25.296362 24337 tablet_service.cc:670] failed transaction from {username='slave'} at 127.0.0.1:54622: Illegal state: Replica c8a15b6a57804d05ada89b15de898a87 is not leader of this config. Role: FOLLOWER. Consensus state: current_term: 1 leader_uuid: "493be4abe83d46c1829e3d5cfc68a9de" committed_config { opid_index: -1 OBSOLETE_local: false peers { permanent_uuid: "c8a15b6a57804d05ada89b15de898a87" member_type: VOTER last_known_addr { host: "127.23.135.130" port: 40621 } } peers { permanent_uuid: "bccadedc7a11414384f1d4875bf49aaa" member_type: VOTER last_known_addr { host: "127.23.135.131" port: 46803 } } peers { permanent_uuid: "493be4abe83d46c1829e3d5cfc68a9de" member_type: VOTER last_known_addr { host: "127.23.135.129" port: 35559 } } }
W0220 18:44:25.297539 24335 tablet_service.cc:670] failed transaction from {username='slave'} at 127.0.0.1:54622: Illegal state: Replica c8a15b6a57804d05ada89b15de898a87 is not leader of this config. Role: FOLLOWER. Consensus state: current_term: 1 leader_uuid: "493be4abe83d46c1829e3d5cfc68a9de" committed_config { opid_index: -1 OBSOLETE_local: false peers { permanent_uuid: "c8a15b6a57804d05ada89b15de898a87" member_type: VOTER last_known_addr { host: "127.23.135.130" port: 40621 } } peers { permanent_uuid: "493be4abe83d46c1829e3d5cfc68a9de" member_type: VOTER last_known_addr { host: "127.23.135.129" port: 35559 } } peers { permanent_uuid: "bccadedc7a11414384f1d4875bf49aaa" member_type: VOTER last_known_addr { host: "127.23.135.131" port: 46803 } } }
W0220 18:44:25.297580 24337 tablet_service.cc:670] failed transaction from {username='slave'} at 127.0.0.1:54622: Illegal state: Replica c8a15b6a57804d05ada89b15de898a87 is not leader of this config. Role: FOLLOWER. Consensus state: current_term: 1 leader_uuid: "493be4abe83d46c1829e3d5cfc68a9de" committed_config { opid_index: -1 OBSOLETE_local: false peers { permanent_uuid: "c8a15b6a57804d05ada89b15de898a87" member_type: VOTER last_known_addr { host: "127.23.135.130" port: 40621 } } peers { permanent_uuid: "493be4abe83d46c1829e3d5cfc68a9de" member_type: VOTER last_known_addr { host: "127.23.135.129" port: 35559 } } peers { permanent_uuid: "bccadedc7a11414384f1d4875bf49aaa" member_type: VOTER last_known_addr { host: "127.23.135.131" port: 46803 } } }
W0220 18:44:25.297688 24336 tablet_service.cc:670] failed transaction from {username='slave'} at 127.0.0.1:54622: Illegal state: Replica c8a15b6a57804d05ada89b15de898a87 is not leader of this config. Role: FOLLOWER. Consensus state: current_term: 1 leader_uuid: "493be4abe83d46c1829e3d5cfc68a9de" committed_config { opid_index: -1 OBSOLETE_local: false peers { permanent_uuid: "493be4abe83d46c1829e3d5cfc68a9de" member_type: VOTER last_known_addr { host: "127.23.135.129" port: 35559 } } peers { permanent_uuid: "c8a15b6a57804d05ada89b15de898a87" member_type: VOTER last_known_addr { host: "127.23.135.130" port: 40621 } } peers { permanent_uuid: "bccadedc7a11414384f1d4875bf49aaa" member_type: VOTER last_known_addr { host: "127.23.135.131" port: 46803 } } }
W0220 18:44:25.298666 24454 tablet_service.cc:670] failed transaction from {username='slave'} at 127.0.0.1:45212: Illegal state: Replica bccadedc7a11414384f1d4875bf49aaa is not leader of this config. Role: FOLLOWER. Consensus state: current_term: 1 leader_uuid: "493be4abe83d46c1829e3d5cfc68a9de" committed_config { opid_index: -1 OBSOLETE_local: false peers { permanent_uuid: "493be4abe83d46c1829e3d5cfc68a9de" member_type: VOTER last_known_addr { host: "127.23.135.129" port: 35559 } } peers { permanent_uuid: "c8a15b6a57804d05ada89b15de898a87" member_type: VOTER last_known_addr { host: "127.23.135.130" port: 40621 } } peers { permanent_uuid: "bccadedc7a11414384f1d4875bf49aaa" member_type: VOTER last_known_addr { host: "127.23.135.131" port: 46803 } } }
W0220 18:44:25.299481 24454 tablet_service.cc:670] failed transaction from {username='slave'} at 127.0.0.1:45212: Illegal state: Replica bccadedc7a11414384f1d4875bf49aaa is not leader of this config. Role: FOLLOWER. Consensus state: current_term: 1 leader_uuid: "493be4abe83d46c1829e3d5cfc68a9de" committed_config { opid_index: -1 OBSOLETE_local: false peers { permanent_uuid: "c8a15b6a57804d05ada89b15de898a87" member_type: VOTER last_known_addr { host: "127.23.135.130" port: 40621 } } peers { permanent_uuid: "bccadedc7a11414384f1d4875bf49aaa" member_type: VOTER last_known_addr { host: "127.23.135.131" port: 46803 } } peers { permanent_uuid: "493be4abe83d46c1829e3d5cfc68a9de" member_type: VOTER last_known_addr { host: "127.23.135.129" port: 35559 } } }
W0220 18:44:25.301358 24454 tablet_service.cc:670] failed transaction from {username='slave'} at 127.0.0.1:45212: Illegal state: Replica bccadedc7a11414384f1d4875bf49aaa is not leader of this config. Role: FOLLOWER. Consensus state: current_term: 1 leader_uuid: "493be4abe83d46c1829e3d5cfc68a9de" committed_config { opid_index: -1 OBSOLETE_local: false peers { permanent_uuid: "c8a15b6a57804d05ada89b15de898a87" member_type: VOTER last_known_addr { host: "127.23.135.130" port: 40621 } } peers { permanent_uuid: "bccadedc7a11414384f1d4875bf49aaa" member_type: VOTER last_known_addr { host: "127.23.135.131" port: 46803 } } peers { permanent_uuid: "493be4abe83d46c1829e3d5cfc68a9de" member_type: VOTER last_known_addr { host: "127.23.135.129" port: 35559 } } }
W0220 18:44:25.302057 24454 tablet_service.cc:670] failed transaction from {username='slave'} at 127.0.0.1:45212: Illegal state: Replica bccadedc7a11414384f1d4875bf49aaa is not leader of this config. Role: FOLLOWER. Consensus state: current_term: 1 leader_uuid: "493be4abe83d46c1829e3d5cfc68a9de" committed_config { opid_index: -1 OBSOLETE_local: false peers { permanent_uuid: "c8a15b6a57804d05ada89b15de898a87" member_type: VOTER last_known_addr { host: "127.23.135.130" port: 40621 } } peers { permanent_uuid: "493be4abe83d46c1829e3d5cfc68a9de" member_type: VOTER last_known_addr { host: "127.23.135.129" port: 35559 } } peers { permanent_uuid: "bccadedc7a11414384f1d4875bf49aaa" member_type: VOTER last_known_addr { host: "127.23.135.131" port: 46803 } } }
W0220 18:44:25.302834 24454 tablet_service.cc:670] failed transaction from {username='slave'} at 127.0.0.1:45212: Illegal state: Replica bccadedc7a11414384f1d4875bf49aaa is not leader of this config. Role: FOLLOWER. Consensus state: current_term: 1 leader_uuid: "493be4abe83d46c1829e3d5cfc68a9de" committed_config { opid_index: -1 OBSOLETE_local: false peers { permanent_uuid: "c8a15b6a57804d05ada89b15de898a87" member_type: VOTER last_known_addr { host: "127.23.135.130" port: 40621 } } peers { permanent_uuid: "493be4abe83d46c1829e3d5cfc68a9de" member_type: VOTER last_known_addr { host: "127.23.135.129" port: 35559 } } peers { permanent_uuid: "bccadedc7a11414384f1d4875bf49aaa" member_type: VOTER last_known_addr { host: "127.23.135.131" port: 46803 } } }
W0220 18:44:25.302855 24455 tablet_service.cc:670] failed transaction from {username='slave'} at 127.0.0.1:45212: Illegal state: Replica bccadedc7a11414384f1d4875bf49aaa is not leader of this config. Role: FOLLOWER. Consensus state: current_term: 1 leader_uuid: "493be4abe83d46c1829e3d5cfc68a9de" committed_config { opid_index: -1 OBSOLETE_local: false peers { permanent_uuid: "493be4abe83d46c1829e3d5cfc68a9de" member_type: VOTER last_known_addr { host: "127.23.135.129" port: 35559 } } peers { permanent_uuid: "c8a15b6a57804d05ada89b15de898a87" member_type: VOTER last_known_addr { host: "127.23.135.130" port: 40621 } } peers { permanent_uuid: "bccadedc7a11414384f1d4875bf49aaa" member_type: VOTER last_known_addr { host: "127.23.135.131" port: 46803 } } }
W0220 18:44:25.313406 24336 tablet_service.cc:670] failed transaction from {username='slave'} at 127.0.0.1:54622: Illegal state: Replica c8a15b6a57804d05ada89b15de898a87 is not leader of this config. Role: FOLLOWER. Consensus state: current_term: 1 leader_uuid: "493be4abe83d46c1829e3d5cfc68a9de" committed_config { opid_index: -1 OBSOLETE_local: false peers { permanent_uuid: "493be4abe83d46c1829e3d5cfc68a9de" member_type: VOTER last_known_addr { host: "127.23.135.129" port: 35559 } } peers { permanent_uuid: "c8a15b6a57804d05ada89b15de898a87" member_type: VOTER last_known_addr { host: "127.23.135.130" port: 40621 } } peers { permanent_uuid: "bccadedc7a11414384f1d4875bf49aaa" member_type: VOTER last_known_addr { host: "127.23.135.131" port: 46803 } } }
W0220 18:44:25.322393 24336 tablet_service.cc:670] failed transaction from {username='slave'} at 127.0.0.1:54622: Illegal state: Replica c8a15b6a57804d05ada89b15de898a87 is not leader of this config. Role: FOLLOWER. Consensus state: current_term: 1 leader_uuid: "493be4abe83d46c1829e3d5cfc68a9de" committed_config { opid_index: -1 OBSOLETE_local: false peers { permanent_uuid: "c8a15b6a57804d05ada89b15de898a87" member_type: VOTER last_known_addr { host: "127.23.135.130" port: 40621 } } peers { permanent_uuid: "bccadedc7a11414384f1d4875bf49aaa" member_type: VOTER last_known_addr { host: "127.23.135.131" port: 46803 } } peers { permanent_uuid: "493be4abe83d46c1829e3d5cfc68a9de" member_type: VOTER last_known_addr { host: "127.23.135.129" port: 35559 } } }
W0220 18:44:25.322394 24335 tablet_service.cc:670] failed transaction from {username='slave'} at 127.0.0.1:54622: Illegal state: Replica c8a15b6a57804d05ada89b15de898a87 is not leader of this config. Role: FOLLOWER. Consensus state: current_term: 1 leader_uuid: "493be4abe83d46c1829e3d5cfc68a9de" committed_config { opid_index: -1 OBSOLETE_local: false peers { permanent_uuid: "493be4abe83d46c1829e3d5cfc68a9de" member_type: VOTER last_known_addr { host: "127.23.135.129" port: 35559 } } peers { permanent_uuid: "c8a15b6a57804d05ada89b15de898a87" member_type: VOTER last_known_addr { host: "127.23.135.130" port: 40621 } } peers { permanent_uuid: "bccadedc7a11414384f1d4875bf49aaa" member_type: VOTER last_known_addr { host: "127.23.135.131" port: 46803 } } }
W0220 18:44:25.324458 24335 tablet_service.cc:670] failed transaction from {username='slave'} at 127.0.0.1:54622: Illegal state: Replica c8a15b6a57804d05ada89b15de898a87 is not leader of this config. Role: FOLLOWER. Consensus state: current_term: 1 leader_uuid: "493be4abe83d46c1829e3d5cfc68a9de" committed_config { opid_index: -1 OBSOLETE_local: false peers { permanent_uuid: "c8a15b6a57804d05ada89b15de898a87" member_type: VOTER last_known_addr { host: "127.23.135.130" port: 40621 } } peers { permanent_uuid: "bccadedc7a11414384f1d4875bf49aaa" member_type: VOTER last_known_addr { host: "127.23.135.131" port: 46803 } } peers { permanent_uuid: "493be4abe83d46c1829e3d5cfc68a9de" member_type: VOTER last_known_addr { host: "127.23.135.129" port: 35559 } } }
W0220 18:44:25.329241 24335 tablet_service.cc:670] failed transaction from {username='slave'} at 127.0.0.1:54622: Illegal state: Replica c8a15b6a57804d05ada89b15de898a87 is not leader of this config. Role: FOLLOWER. Consensus state: current_term: 1 leader_uuid: "493be4abe83d46c1829e3d5cfc68a9de" committed_config { opid_index: -1 OBSOLETE_local: false peers { permanent_uuid: "c8a15b6a57804d05ada89b15de898a87" member_type: VOTER last_known_addr { host: "127.23.135.130" port: 40621 } } peers { permanent_uuid: "493be4abe83d46c1829e3d5cfc68a9de" member_type: VOTER last_known_addr { host: "127.23.135.129" port: 35559 } } peers { permanent_uuid: "bccadedc7a11414384f1d4875bf49aaa" member_type: VOTER last_known_addr { host: "127.23.135.131" port: 46803 } } }
W0220 18:44:25.332499 24455 tablet_service.cc:670] failed transaction from {username='slave'} at 127.0.0.1:45212: Illegal state: Replica bccadedc7a11414384f1d4875bf49aaa is not leader of this config. Role: FOLLOWER. Consensus state: current_term: 1 leader_uuid: "493be4abe83d46c1829e3d5cfc68a9de" committed_config { opid_index: -1 OBSOLETE_local: false peers { permanent_uuid: "c8a15b6a57804d05ada89b15de898a87" member_type: VOTER last_known_addr { host: "127.23.135.130" port: 40621 } } peers { permanent_uuid: "bccadedc7a11414384f1d4875bf49aaa" member_type: VOTER last_known_addr { host: "127.23.135.131" port: 46803 } } peers { permanent_uuid: "493be4abe83d46c1829e3d5cfc68a9de" member_type: VOTER last_known_addr { host: "127.23.135.129" port: 35559 } } }
W0220 18:44:25.333438 24454 tablet_service.cc:670] failed transaction from {username='slave'} at 127.0.0.1:45212: Illegal state: Replica bccadedc7a11414384f1d4875bf49aaa is not leader of this config. Role: FOLLOWER. Consensus state: current_term: 1 leader_uuid: "493be4abe83d46c1829e3d5cfc68a9de" committed_config { opid_index: -1 OBSOLETE_local: false peers { permanent_uuid: "493be4abe83d46c1829e3d5cfc68a9de" member_type: VOTER last_known_addr { host: "127.23.135.129" port: 35559 } } peers { permanent_uuid: "c8a15b6a57804d05ada89b15de898a87" member_type: VOTER last_known_addr { host: "127.23.135.130" port: 40621 } } peers { permanent_uuid: "bccadedc7a11414384f1d4875bf49aaa" member_type: VOTER last_known_addr { host: "127.23.135.131" port: 46803 } } }
