I0220 18:44:32.443691 24916 raft_consensus.cc:726] T 2ca7a33c93d548f49d2a4b1eeca470ca P 493be4abe83d46c1829e3d5cfc68a9de [term 1 FOLLOWER]: Becoming Follower/Learner. State: Replica: 493be4abe83d46c1829e3d5cfc68a9de, State: Initialized, Role: FOLLOWER
I0220 18:44:32.443940 24916 consensus_queue.cc:252] T 2ca7a33c93d548f49d2a4b1eeca470ca P 493be4abe83d46c1829e3d5cfc68a9de [NON_LEADER]: Queue going to NON_LEADER mode. State: All replicated index: 0, Majority replicated index: 0, Committed index: 16, Last appended: 1.17, Last appended by leader: 17, Current term: 0, Majority size: -1, State: 0, Mode: NON_LEADER, active raft config: opid_index: -1 OBSOLETE_local: false peers { permanent_uuid: "c8a15b6a57804d05ada89b15de898a87" member_type: VOTER last_known_addr { host: "127.23.135.130" port: 40621 } } peers { permanent_uuid: "493be4abe83d46c1829e3d5cfc68a9de" member_type: VOTER last_known_addr { host: "127.23.135.129" port: 35559 } } peers { permanent_uuid: "bccadedc7a11414384f1d4875bf49aaa" member_type: VOTER last_known_addr { host: "127.23.135.131" port: 46803 } }
I0220 18:44:32.444499 24916 ts_tablet_manager.cc:1142] T 2ca7a33c93d548f49d2a4b1eeca470ca P 493be4abe83d46c1829e3d5cfc68a9de: Time spent starting tablet: real 0.008s user 0.001s sys 0.000s
I0220 18:44:32.444664 24916 tablet_bootstrap.cc:441] T c0ca382ac98b46948b2b18c2d691a364 P 493be4abe83d46c1829e3d5cfc68a9de: Bootstrap starting.
W0220 18:44:32.469064 25022 tablet_replica_mm_ops.cc:302] Log GC is disabled (check --enable_log_gc)
I0220 18:44:32.508666 24916 tablet_bootstrap.cc:441] T c0ca382ac98b46948b2b18c2d691a364 P 493be4abe83d46c1829e3d5cfc68a9de: Bootstrap replayed 1/1 log segments. Stats: ops{read=17 overwritten=0 applied=17 ignored=0} inserts{seen=139 ignored=0} mutations{seen=0 ignored=0} orphaned_commits=0. Pending: 0 replicates
I0220 18:44:32.509502 24916 tablet_bootstrap.cc:441] T c0ca382ac98b46948b2b18c2d691a364 P 493be4abe83d46c1829e3d5cfc68a9de: Bootstrap complete.
I0220 18:44:32.515470 24916 ts_tablet_manager.cc:1113] T c0ca382ac98b46948b2b18c2d691a364 P 493be4abe83d46c1829e3d5cfc68a9de: Time spent bootstrapping tablet: real 0.071s user 0.016s sys 0.011s
I0220 18:44:32.517143 24916 raft_consensus.cc:346] T c0ca382ac98b46948b2b18c2d691a364 P 493be4abe83d46c1829e3d5cfc68a9de [term 1 FOLLOWER]: Replica starting. Triggering 0 pending transactions. Active config: opid_index: -1 OBSOLETE_local: false peers { permanent_uuid: "493be4abe83d46c1829e3d5cfc68a9de" member_type: VOTER last_known_addr { host: "127.23.135.129" port: 35559 } } peers { permanent_uuid: "c8a15b6a57804d05ada89b15de898a87" member_type: VOTER last_known_addr { host: "127.23.135.130" port: 40621 } } peers { permanent_uuid: "bccadedc7a11414384f1d4875bf49aaa" member_type: VOTER last_known_addr { host: "127.23.135.131" port: 46803 } }
I0220 18:44:32.520157 24916 raft_consensus.cc:726] T c0ca382ac98b46948b2b18c2d691a364 P 493be4abe83d46c1829e3d5cfc68a9de [term 1 FOLLOWER]: Becoming Follower/Learner. State: Replica: 493be4abe83d46c1829e3d5cfc68a9de, State: Initialized, Role: FOLLOWER
I0220 18:44:32.520584 24916 consensus_queue.cc:252] T c0ca382ac98b46948b2b18c2d691a364 P 493be4abe83d46c1829e3d5cfc68a9de [NON_LEADER]: Queue going to NON_LEADER mode. State: All replicated index: 0, Majority replicated index: 0, Committed index: 17, Last appended: 1.17, Last appended by leader: 17, Current term: 0, Majority size: -1, State: 0, Mode: NON_LEADER, active raft config: opid_index: -1 OBSOLETE_local: false peers { permanent_uuid: "493be4abe83d46c1829e3d5cfc68a9de" member_type: VOTER last_known_addr { host: "127.23.135.129" port: 35559 } } peers { permanent_uuid: "c8a15b6a57804d05ada89b15de898a87" member_type: VOTER last_known_addr { host: "127.23.135.130" port: 40621 } } peers { permanent_uuid: "bccadedc7a11414384f1d4875bf49aaa" member_type: VOTER last_known_addr { host: "127.23.135.131" port: 46803 } }
I0220 18:44:32.521196 24916 ts_tablet_manager.cc:1142] T c0ca382ac98b46948b2b18c2d691a364 P 493be4abe83d46c1829e3d5cfc68a9de: Time spent starting tablet: real 0.005s user 0.001s sys 0.000s
I0220 18:44:32.521847 24916 tablet_bootstrap.cc:441] T a7a069dabd5b4df28954b6833f23ab31 P 493be4abe83d46c1829e3d5cfc68a9de: Bootstrap starting.
I0220 18:44:32.521347 24963 raft_consensus.cc:2983] T 2ca7a33c93d548f49d2a4b1eeca470ca P 493be4abe83d46c1829e3d5cfc68a9de [term 1 FOLLOWER]: Advancing to term 4
I0220 18:44:32.525331 24963 pending_rounds.cc:78] T 2ca7a33c93d548f49d2a4b1eeca470ca P 493be4abe83d46c1829e3d5cfc68a9de: Aborting all transactions after (but not including) 16
I0220 18:44:32.525430 24963 pending_rounds.cc:99] T 2ca7a33c93d548f49d2a4b1eeca470ca P 493be4abe83d46c1829e3d5cfc68a9de: Aborting uncommitted WRITE_OP operation due to leader change: 1.17
I0220 18:44:32.544535 24970 raft_consensus.cc:2983] T 827aa98f727b4da6a5015391b4da1960 P 493be4abe83d46c1829e3d5cfc68a9de [term 1 FOLLOWER]: Advancing to term 2
I0220 18:44:32.569839 24970 pending_rounds.cc:78] T 827aa98f727b4da6a5015391b4da1960 P 493be4abe83d46c1829e3d5cfc68a9de: Aborting all transactions after (but not including) 16
I0220 18:44:32.569877 24970 pending_rounds.cc:99] T 827aa98f727b4da6a5015391b4da1960 P 493be4abe83d46c1829e3d5cfc68a9de: Aborting uncommitted WRITE_OP operation due to leader change: 1.17
I0220 18:44:32.747225 24916 tablet_bootstrap.cc:441] T a7a069dabd5b4df28954b6833f23ab31 P 493be4abe83d46c1829e3d5cfc68a9de: Bootstrap replayed 1/1 log segments. Stats: ops{read=18 overwritten=0 applied=18 ignored=0} inserts{seen=141 ignored=0} mutations{seen=0 ignored=0} orphaned_commits=0. Pending: 0 replicates
I0220 18:44:32.747675 24916 tablet_bootstrap.cc:441] T a7a069dabd5b4df28954b6833f23ab31 P 493be4abe83d46c1829e3d5cfc68a9de: Bootstrap complete.
I0220 18:44:32.748592 24916 ts_tablet_manager.cc:1113] T a7a069dabd5b4df28954b6833f23ab31 P 493be4abe83d46c1829e3d5cfc68a9de: Time spent bootstrapping tablet: real 0.227s user 0.026s sys 0.004s
I0220 18:44:32.749119 24916 raft_consensus.cc:346] T a7a069dabd5b4df28954b6833f23ab31 P 493be4abe83d46c1829e3d5cfc68a9de [term 1 FOLLOWER]: Replica starting. Triggering 0 pending transactions. Active config: opid_index: -1 OBSOLETE_local: false peers { permanent_uuid: "c8a15b6a57804d05ada89b15de898a87" member_type: VOTER last_known_addr { host: "127.23.135.130" port: 40621 } } peers { permanent_uuid: "493be4abe83d46c1829e3d5cfc68a9de" member_type: VOTER last_known_addr { host: "127.23.135.129" port: 35559 } } peers { permanent_uuid: "bccadedc7a11414384f1d4875bf49aaa" member_type: VOTER last_known_addr { host: "127.23.135.131" port: 46803 } }
I0220 18:44:32.749220 24916 raft_consensus.cc:726] T a7a069dabd5b4df28954b6833f23ab31 P 493be4abe83d46c1829e3d5cfc68a9de [term 1 FOLLOWER]: Becoming Follower/Learner. State: Replica: 493be4abe83d46c1829e3d5cfc68a9de, State: Initialized, Role: FOLLOWER
I0220 18:44:32.749438 24916 consensus_queue.cc:252] T a7a069dabd5b4df28954b6833f23ab31 P 493be4abe83d46c1829e3d5cfc68a9de [NON_LEADER]: Queue going to NON_LEADER mode. State: All replicated index: 0, Majority replicated index: 0, Committed index: 18, Last appended: 1.18, Last appended by leader: 18, Current term: 0, Majority size: -1, State: 0, Mode: NON_LEADER, active raft config: opid_index: -1 OBSOLETE_local: false peers { permanent_uuid: "c8a15b6a57804d05ada89b15de898a87" member_type: VOTER last_known_addr { host: "127.23.135.130" port: 40621 } } peers { permanent_uuid: "493be4abe83d46c1829e3d5cfc68a9de" member_type: VOTER last_known_addr { host: "127.23.135.129" port: 35559 } } peers { permanent_uuid: "bccadedc7a11414384f1d4875bf49aaa" member_type: VOTER last_known_addr { host: "127.23.135.131" port: 46803 } }
I0220 18:44:32.749785 24916 ts_tablet_manager.cc:1142] T a7a069dabd5b4df28954b6833f23ab31 P 493be4abe83d46c1829e3d5cfc68a9de: Time spent starting tablet: real 0.001s user 0.000s sys 0.001s
I0220 18:44:32.750010 24916 tablet_bootstrap.cc:441] T 116ca55e12164875ad0a87183fe531bc P 493be4abe83d46c1829e3d5cfc68a9de: Bootstrap starting.
I0220 18:44:32.834273 24916 tablet_bootstrap.cc:441] T 116ca55e12164875ad0a87183fe531bc P 493be4abe83d46c1829e3d5cfc68a9de: Bootstrap replayed 1/1 log segments. Stats: ops{read=17 overwritten=0 applied=14 ignored=0} inserts{seen=116 ignored=0} mutations{seen=0 ignored=0} orphaned_commits=0. Pending: 3 replicates
I0220 18:44:32.834753 24916 tablet_bootstrap.cc:441] T 116ca55e12164875ad0a87183fe531bc P 493be4abe83d46c1829e3d5cfc68a9de: Bootstrap complete.
I0220 18:44:32.860826 24916 ts_tablet_manager.cc:1113] T 116ca55e12164875ad0a87183fe531bc P 493be4abe83d46c1829e3d5cfc68a9de: Time spent bootstrapping tablet: real 0.111s user 0.020s sys 0.007s
I0220 18:44:32.861443 24916 raft_consensus.cc:346] T 116ca55e12164875ad0a87183fe531bc P 493be4abe83d46c1829e3d5cfc68a9de [term 1 FOLLOWER]: Replica starting. Triggering 3 pending transactions. Active config: opid_index: -1 OBSOLETE_local: false peers { permanent_uuid: "c8a15b6a57804d05ada89b15de898a87" member_type: VOTER last_known_addr { host: "127.23.135.130" port: 40621 } } peers { permanent_uuid: "bccadedc7a11414384f1d4875bf49aaa" member_type: VOTER last_known_addr { host: "127.23.135.131" port: 46803 } } peers { permanent_uuid: "493be4abe83d46c1829e3d5cfc68a9de" member_type: VOTER last_known_addr { host: "127.23.135.129" port: 35559 } }
I0220 18:44:32.861992 24916 raft_consensus.cc:726] T 116ca55e12164875ad0a87183fe531bc P 493be4abe83d46c1829e3d5cfc68a9de [term 1 FOLLOWER]: Becoming Follower/Learner. State: Replica: 493be4abe83d46c1829e3d5cfc68a9de, State: Initialized, Role: FOLLOWER
I0220 18:44:32.866320 24916 consensus_queue.cc:252] T 116ca55e12164875ad0a87183fe531bc P 493be4abe83d46c1829e3d5cfc68a9de [NON_LEADER]: Queue going to NON_LEADER mode. State: All replicated index: 0, Majority replicated index: 0, Committed index: 14, Last appended: 1.17, Last appended by leader: 17, Current term: 0, Majority size: -1, State: 0, Mode: NON_LEADER, active raft config: opid_index: -1 OBSOLETE_local: false peers { permanent_uuid: "c8a15b6a57804d05ada89b15de898a87" member_type: VOTER last_known_addr { host: "127.23.135.130" port: 40621 } } peers { permanent_uuid: "bccadedc7a11414384f1d4875bf49aaa" member_type: VOTER last_known_addr { host: "127.23.135.131" port: 46803 } } peers { permanent_uuid: "493be4abe83d46c1829e3d5cfc68a9de" member_type: VOTER last_known_addr { host: "127.23.135.129" port: 35559 } }
I0220 18:44:32.866801 24916 ts_tablet_manager.cc:1142] T 116ca55e12164875ad0a87183fe531bc P 493be4abe83d46c1829e3d5cfc68a9de: Time spent starting tablet: real 0.006s user 0.001s sys 0.001s
I0220 18:44:32.971710 25030 raft_consensus.cc:482] T c5b2eb9c654f49df828ad8a096c62921 P 493be4abe83d46c1829e3d5cfc68a9de [term 1 FOLLOWER]: Starting pre-election (detected failure of leader c8a15b6a57804d05ada89b15de898a87)
I0220 18:44:32.971861 25030 raft_consensus.cc:504] T c5b2eb9c654f49df828ad8a096c62921 P 493be4abe83d46c1829e3d5cfc68a9de [term 1 FOLLOWER]: Starting pre-election with config: opid_index: -1 OBSOLETE_local: false peers { permanent_uuid: "493be4abe83d46c1829e3d5cfc68a9de" member_type: VOTER last_known_addr { host: "127.23.135.129" port: 35559 } } peers { permanent_uuid: "c8a15b6a57804d05ada89b15de898a87" member_type: VOTER last_known_addr { host: "127.23.135.130" port: 40621 } } peers { permanent_uuid: "bccadedc7a11414384f1d4875bf49aaa" member_type: VOTER last_known_addr { host: "127.23.135.131" port: 46803 } }
I0220 18:44:32.972940 25030 leader_election.cc:293] T c5b2eb9c654f49df828ad8a096c62921 P 493be4abe83d46c1829e3d5cfc68a9de [CANDIDATE]: Term 2 pre-election: Requested pre-vote from peers c8a15b6a57804d05ada89b15de898a87 (127.23.135.130:40621), bccadedc7a11414384f1d4875bf49aaa (127.23.135.131:46803)
I0220 18:44:32.997673 24499 tablet_service.cc:1340] Received RequestConsensusVote() RPC: tablet_id: "c5b2eb9c654f49df828ad8a096c62921" candidate_uuid: "493be4abe83d46c1829e3d5cfc68a9de" candidate_term: 2 candidate_status { last_received { term: 1 index: 660 } } ignore_live_leader: false dest_uuid: "bccadedc7a11414384f1d4875bf49aaa" is_pre_election: true
I0220 18:44:33.015035 24377 tablet_service.cc:1340] Received RequestConsensusVote() RPC: tablet_id: "c5b2eb9c654f49df828ad8a096c62921" candidate_uuid: "493be4abe83d46c1829e3d5cfc68a9de" candidate_term: 2 candidate_status { last_received { term: 1 index: 660 } } ignore_live_leader: false dest_uuid: "c8a15b6a57804d05ada89b15de898a87" is_pre_election: true
I0220 18:44:33.015578 24908 leader_election.cc:307] T c5b2eb9c654f49df828ad8a096c62921 P 493be4abe83d46c1829e3d5cfc68a9de [CANDIDATE]: Term 2 pre-election: Election decided. Result: candidate lost. Election summary: received 3 responses out of 3 voters: 1 yes votes; 2 no votes. yes voters: 493be4abe83d46c1829e3d5cfc68a9de; no voters: bccadedc7a11414384f1d4875bf49aaa, c8a15b6a57804d05ada89b15de898a87
I0220 18:44:33.016156 25030 raft_consensus.cc:2675] T c5b2eb9c654f49df828ad8a096c62921 P 493be4abe83d46c1829e3d5cfc68a9de [term 1 FOLLOWER]: Leader pre-election lost for term 2. Reason: could not achieve majority
I0220 18:44:33.073586 24978 raft_consensus.cc:2983] T 116ca55e12164875ad0a87183fe531bc P 493be4abe83d46c1829e3d5cfc68a9de [term 1 FOLLOWER]: Advancing to term 2
I0220 18:44:33.075676 24978 pending_rounds.cc:78] T 116ca55e12164875ad0a87183fe531bc P 493be4abe83d46c1829e3d5cfc68a9de: Aborting all transactions after (but not including) 16
I0220 18:44:33.075824 24978 pending_rounds.cc:99] T 116ca55e12164875ad0a87183fe531bc P 493be4abe83d46c1829e3d5cfc68a9de: Aborting uncommitted WRITE_OP operation due to leader change: 1.17
I0220 18:44:33.189476 25047 raft_consensus.cc:482] T 827aa98f727b4da6a5015391b4da1960 P 493be4abe83d46c1829e3d5cfc68a9de [term 2 FOLLOWER]: Starting pre-election (detected failure of leader bccadedc7a11414384f1d4875bf49aaa)
I0220 18:44:33.189611 25047 raft_consensus.cc:504] T 827aa98f727b4da6a5015391b4da1960 P 493be4abe83d46c1829e3d5cfc68a9de [term 2 FOLLOWER]: Starting pre-election with config: opid_index: -1 OBSOLETE_local: false peers { permanent_uuid: "493be4abe83d46c1829e3d5cfc68a9de" member_type: VOTER last_known_addr { host: "127.23.135.129" port: 35559 } } peers { permanent_uuid: "c8a15b6a57804d05ada89b15de898a87" member_type: VOTER last_known_addr { host: "127.23.135.130" port: 40621 } } peers { permanent_uuid: "bccadedc7a11414384f1d4875bf49aaa" member_type: VOTER last_known_addr { host: "127.23.135.131" port: 46803 } }
I0220 18:44:33.189924 25047 leader_election.cc:293] T 827aa98f727b4da6a5015391b4da1960 P 493be4abe83d46c1829e3d5cfc68a9de [CANDIDATE]: Term 3 pre-election: Requested pre-vote from peers c8a15b6a57804d05ada89b15de898a87 (127.23.135.130:40621), bccadedc7a11414384f1d4875bf49aaa (127.23.135.131:46803)
I0220 18:44:33.190363 24376 tablet_service.cc:1340] Received RequestConsensusVote() RPC: tablet_id: "827aa98f727b4da6a5015391b4da1960" candidate_uuid: "493be4abe83d46c1829e3d5cfc68a9de" candidate_term: 3 candidate_status { last_received { term: 2 index: 663 } } ignore_live_leader: false dest_uuid: "c8a15b6a57804d05ada89b15de898a87" is_pre_election: true
I0220 18:44:33.191856 24499 tablet_service.cc:1340] Received RequestConsensusVote() RPC: tablet_id: "827aa98f727b4da6a5015391b4da1960" candidate_uuid: "493be4abe83d46c1829e3d5cfc68a9de" candidate_term: 3 candidate_status { last_received { term: 2 index: 663 } } ignore_live_leader: false dest_uuid: "bccadedc7a11414384f1d4875bf49aaa" is_pre_election: true
I0220 18:44:33.192842 24908 leader_election.cc:307] T 827aa98f727b4da6a5015391b4da1960 P 493be4abe83d46c1829e3d5cfc68a9de [CANDIDATE]: Term 3 pre-election: Election decided. Result: candidate lost. Election summary: received 3 responses out of 3 voters: 1 yes votes; 2 no votes. yes voters: 493be4abe83d46c1829e3d5cfc68a9de; no voters: bccadedc7a11414384f1d4875bf49aaa, c8a15b6a57804d05ada89b15de898a87
I0220 18:44:33.206164 25047 raft_consensus.cc:2675] T 827aa98f727b4da6a5015391b4da1960 P 493be4abe83d46c1829e3d5cfc68a9de [term 2 FOLLOWER]: Leader pre-election lost for term 3. Reason: could not achieve majority
I0220 18:44:33.259348 25046 raft_consensus.cc:482] T c0ca382ac98b46948b2b18c2d691a364 P 493be4abe83d46c1829e3d5cfc68a9de [term 1 FOLLOWER]: Starting pre-election (detected failure of leader bccadedc7a11414384f1d4875bf49aaa)
I0220 18:44:33.259476 25046 raft_consensus.cc:504] T c0ca382ac98b46948b2b18c2d691a364 P 493be4abe83d46c1829e3d5cfc68a9de [term 1 FOLLOWER]: Starting pre-election with config: opid_index: -1 OBSOLETE_local: false peers { permanent_uuid: "493be4abe83d46c1829e3d5cfc68a9de" member_type: VOTER last_known_addr { host: "127.23.135.129" port: 35559 } } peers { permanent_uuid: "c8a15b6a57804d05ada89b15de898a87" member_type: VOTER last_known_addr { host: "127.23.135.130" port: 40621 } } peers { permanent_uuid: "bccadedc7a11414384f1d4875bf49aaa" member_type: VOTER last_known_addr { host: "127.23.135.131" port: 46803 } }
I0220 18:44:33.259987 25046 leader_election.cc:293] T c0ca382ac98b46948b2b18c2d691a364 P 493be4abe83d46c1829e3d5cfc68a9de [CANDIDATE]: Term 2 pre-election: Requested pre-vote from peers c8a15b6a57804d05ada89b15de898a87 (127.23.135.130:40621), bccadedc7a11414384f1d4875bf49aaa (127.23.135.131:46803)
I0220 18:44:33.260583 24377 tablet_service.cc:1340] Received RequestConsensusVote() RPC: tablet_id: "c0ca382ac98b46948b2b18c2d691a364" candidate_uuid: "493be4abe83d46c1829e3d5cfc68a9de" candidate_term: 2 candidate_status { last_received { term: 1 index: 671 } } ignore_live_leader: false dest_uuid: "c8a15b6a57804d05ada89b15de898a87" is_pre_election: true
I0220 18:44:33.261224 24501 tablet_service.cc:1340] Received RequestConsensusVote() RPC: tablet_id: "c0ca382ac98b46948b2b18c2d691a364" candidate_uuid: "493be4abe83d46c1829e3d5cfc68a9de" candidate_term: 2 candidate_status { last_received { term: 1 index: 671 } } ignore_live_leader: false dest_uuid: "bccadedc7a11414384f1d4875bf49aaa" is_pre_election: true
I0220 18:44:33.261593 24908 leader_election.cc:307] T c0ca382ac98b46948b2b18c2d691a364 P 493be4abe83d46c1829e3d5cfc68a9de [CANDIDATE]: Term 2 pre-election: Election decided. Result: candidate lost. Election summary: received 3 responses out of 3 voters: 1 yes votes; 2 no votes. yes voters: 493be4abe83d46c1829e3d5cfc68a9de; no voters: bccadedc7a11414384f1d4875bf49aaa, c8a15b6a57804d05ada89b15de898a87
I0220 18:44:33.261817 25046 raft_consensus.cc:2675] T c0ca382ac98b46948b2b18c2d691a364 P 493be4abe83d46c1829e3d5cfc68a9de [term 1 FOLLOWER]: Leader pre-election lost for term 2. Reason: could not achieve majority
I0220 18:44:33.275411 25040 raft_consensus.cc:482] T 2ca7a33c93d548f49d2a4b1eeca470ca P 493be4abe83d46c1829e3d5cfc68a9de [term 4 FOLLOWER]: Starting pre-election (detected failure of leader c8a15b6a57804d05ada89b15de898a87)
I0220 18:44:33.275537 25040 raft_consensus.cc:504] T 2ca7a33c93d548f49d2a4b1eeca470ca P 493be4abe83d46c1829e3d5cfc68a9de [term 4 FOLLOWER]: Starting pre-election with config: opid_index: -1 OBSOLETE_local: false peers { permanent_uuid: "c8a15b6a57804d05ada89b15de898a87" member_type: VOTER last_known_addr { host: "127.23.135.130" port: 40621 } } peers { permanent_uuid: "493be4abe83d46c1829e3d5cfc68a9de" member_type: VOTER last_known_addr { host: "127.23.135.129" port: 35559 } } peers { permanent_uuid: "bccadedc7a11414384f1d4875bf49aaa" member_type: VOTER last_known_addr { host: "127.23.135.131" port: 46803 } }
I0220 18:44:33.276026 25040 leader_election.cc:293] T 2ca7a33c93d548f49d2a4b1eeca470ca P 493be4abe83d46c1829e3d5cfc68a9de [CANDIDATE]: Term 5 pre-election: Requested pre-vote from peers c8a15b6a57804d05ada89b15de898a87 (127.23.135.130:40621), bccadedc7a11414384f1d4875bf49aaa (127.23.135.131:46803)
I0220 18:44:33.276643 24377 tablet_service.cc:1340] Received RequestConsensusVote() RPC: tablet_id: "2ca7a33c93d548f49d2a4b1eeca470ca" candidate_uuid: "493be4abe83d46c1829e3d5cfc68a9de" candidate_term: 5 candidate_status { last_received { term: 4 index: 663 } } ignore_live_leader: false dest_uuid: "c8a15b6a57804d05ada89b15de898a87" is_pre_election: true
I0220 18:44:33.278452 24501 tablet_service.cc:1340] Received RequestConsensusVote() RPC: tablet_id: "2ca7a33c93d548f49d2a4b1eeca470ca" candidate_uuid: "493be4abe83d46c1829e3d5cfc68a9de" candidate_term: 5 candidate_status { last_received { term: 4 index: 663 } } ignore_live_leader: false dest_uuid: "bccadedc7a11414384f1d4875bf49aaa" is_pre_election: true
I0220 18:44:33.278762 24908 leader_election.cc:307] T 2ca7a33c93d548f49d2a4b1eeca470ca P 493be4abe83d46c1829e3d5cfc68a9de [CANDIDATE]: Term 5 pre-election: Election decided. Result: candidate lost. Election summary: received 3 responses out of 3 voters: 1 yes votes; 2 no votes. yes voters: 493be4abe83d46c1829e3d5cfc68a9de; no voters: bccadedc7a11414384f1d4875bf49aaa, c8a15b6a57804d05ada89b15de898a87
I0220 18:44:33.278889 25040 raft_consensus.cc:2675] T 2ca7a33c93d548f49d2a4b1eeca470ca P 493be4abe83d46c1829e3d5cfc68a9de [term 4 FOLLOWER]: Leader pre-election lost for term 5. Reason: could not achieve majority
I0220 18:44:33.444903 25047 raft_consensus.cc:482] T a7a069dabd5b4df28954b6833f23ab31 P 493be4abe83d46c1829e3d5cfc68a9de [term 1 FOLLOWER]: Starting pre-election (detected failure of leader bccadedc7a11414384f1d4875bf49aaa)
I0220 18:44:33.445022 25047 raft_consensus.cc:504] T a7a069dabd5b4df28954b6833f23ab31 P 493be4abe83d46c1829e3d5cfc68a9de [term 1 FOLLOWER]: Starting pre-election with config: opid_index: -1 OBSOLETE_local: false peers { permanent_uuid: "c8a15b6a57804d05ada89b15de898a87" member_type: VOTER last_known_addr { host: "127.23.135.130" port: 40621 } } peers { permanent_uuid: "493be4abe83d46c1829e3d5cfc68a9de" member_type: VOTER last_known_addr { host: "127.23.135.129" port: 35559 } } peers { permanent_uuid: "bccadedc7a11414384f1d4875bf49aaa" member_type: VOTER last_known_addr { host: "127.23.135.131" port: 46803 } }
I0220 18:44:33.445340 25047 leader_election.cc:293] T a7a069dabd5b4df28954b6833f23ab31 P 493be4abe83d46c1829e3d5cfc68a9de [CANDIDATE]: Term 2 pre-election: Requested pre-vote from peers c8a15b6a57804d05ada89b15de898a87 (127.23.135.130:40621), bccadedc7a11414384f1d4875bf49aaa (127.23.135.131:46803)
I0220 18:44:33.446203 24376 tablet_service.cc:1340] Received RequestConsensusVote() RPC: tablet_id: "a7a069dabd5b4df28954b6833f23ab31" candidate_uuid: "493be4abe83d46c1829e3d5cfc68a9de" candidate_term: 2 candidate_status { last_received { term: 1 index: 682 } } ignore_live_leader: false dest_uuid: "c8a15b6a57804d05ada89b15de898a87" is_pre_election: true
I0220 18:44:33.462201 24501 tablet_service.cc:1340] Received RequestConsensusVote() RPC: tablet_id: "a7a069dabd5b4df28954b6833f23ab31" candidate_uuid: "493be4abe83d46c1829e3d5cfc68a9de" candidate_term: 2 candidate_status { last_received { term: 1 index: 682 } } ignore_live_leader: false dest_uuid: "bccadedc7a11414384f1d4875bf49aaa" is_pre_election: true
I0220 18:44:33.462690 24908 leader_election.cc:307] T a7a069dabd5b4df28954b6833f23ab31 P 493be4abe83d46c1829e3d5cfc68a9de [CANDIDATE]: Term 2 pre-election: Election decided. Result: candidate lost. Election summary: received 3 responses out of 3 voters: 1 yes votes; 2 no votes. yes voters: 493be4abe83d46c1829e3d5cfc68a9de; no voters: bccadedc7a11414384f1d4875bf49aaa, c8a15b6a57804d05ada89b15de898a87
I0220 18:44:33.462894 25047 raft_consensus.cc:2675] T a7a069dabd5b4df28954b6833f23ab31 P 493be4abe83d46c1829e3d5cfc68a9de [term 1 FOLLOWER]: Leader pre-election lost for term 2. Reason: could not achieve majority
I0220 18:44:33.464190 25040 raft_consensus.cc:482] T 116ca55e12164875ad0a87183fe531bc P 493be4abe83d46c1829e3d5cfc68a9de [term 2 FOLLOWER]: Starting pre-election (detected failure of leader bccadedc7a11414384f1d4875bf49aaa)
I0220 18:44:33.464285 25040 raft_consensus.cc:504] T 116ca55e12164875ad0a87183fe531bc P 493be4abe83d46c1829e3d5cfc68a9de [term 2 FOLLOWER]: Starting pre-election with config: opid_index: -1 OBSOLETE_local: false peers { permanent_uuid: "c8a15b6a57804d05ada89b15de898a87" member_type: VOTER last_known_addr { host: "127.23.135.130" port: 40621 } } peers { permanent_uuid: "bccadedc7a11414384f1d4875bf49aaa" member_type: VOTER last_known_addr { host: "127.23.135.131" port: 46803 } } peers { permanent_uuid: "493be4abe83d46c1829e3d5cfc68a9de" member_type: VOTER last_known_addr { host: "127.23.135.129" port: 35559 } }
I0220 18:44:33.464576 25040 leader_election.cc:293] T 116ca55e12164875ad0a87183fe531bc P 493be4abe83d46c1829e3d5cfc68a9de [CANDIDATE]: Term 3 pre-election: Requested pre-vote from peers c8a15b6a57804d05ada89b15de898a87 (127.23.135.130:40621), bccadedc7a11414384f1d4875bf49aaa (127.23.135.131:46803)
I0220 18:44:33.465031 24499 tablet_service.cc:1340] Received RequestConsensusVote() RPC: tablet_id: "116ca55e12164875ad0a87183fe531bc" candidate_uuid: "493be4abe83d46c1829e3d5cfc68a9de" candidate_term: 3 candidate_status { last_received { term: 2 index: 692 } } ignore_live_leader: false dest_uuid: "bccadedc7a11414384f1d4875bf49aaa" is_pre_election: true
I0220 18:44:33.465867 24377 tablet_service.cc:1340] Received RequestConsensusVote() RPC: tablet_id: "116ca55e12164875ad0a87183fe531bc" candidate_uuid: "493be4abe83d46c1829e3d5cfc68a9de" candidate_term: 3 candidate_status { last_received { term: 2 index: 692 } } ignore_live_leader: false dest_uuid: "c8a15b6a57804d05ada89b15de898a87" is_pre_election: true
I0220 18:44:33.466181 24908 leader_election.cc:307] T 116ca55e12164875ad0a87183fe531bc P 493be4abe83d46c1829e3d5cfc68a9de [CANDIDATE]: Term 3 pre-election: Election decided. Result: candidate lost. Election summary: received 3 responses out of 3 voters: 1 yes votes; 2 no votes. yes voters: 493be4abe83d46c1829e3d5cfc68a9de; no voters: bccadedc7a11414384f1d4875bf49aaa, c8a15b6a57804d05ada89b15de898a87
I0220 18:44:33.466423 25040 raft_consensus.cc:2675] T 116ca55e12164875ad0a87183fe531bc P 493be4abe83d46c1829e3d5cfc68a9de [term 2 FOLLOWER]: Leader pre-election lost for term 3. Reason: could not achieve majority
I0220 18:44:33.693147 24842 ts_manager.cc:267] Unset tserver state for 493be4abe83d46c1829e3d5cfc68a9de from MAINTENANCE_MODE
I0220 18:44:33.912380 25037 mvcc.cc:203] Tried to move safe_time back from 6480790619718496256 to 6480790595767803904. Current Snapshot: MvccSnapshot[committed={T|T < 6480790600096358400 or (T in {6480790600098631680,6480790600130088960,6480790600229715968,6480790600234577920,6480790600242290688,6480790600273170432,6480790600344485888,6480790600361533440,6480790600370593792,6480790600413396992,6480790600496951296,6480790600503562240,6480790600511885312})}]
I0220 18:44:34.255997 24772 heartbeater.cc:455] Master 127.23.135.190:45127 requested a full tablet report, sending...
I0220 18:44:34.448652 24420 heartbeater.cc:455] Master 127.23.135.190:45127 requested a full tablet report, sending...
I0220 18:44:34.468983 25021 heartbeater.cc:455] Master 127.23.135.190:45127 requested a full tablet report, sending...
I0220 18:44:34.609895 24544 heartbeater.cc:455] Master 127.23.135.190:45127 requested a full tablet report, sending...
W0220 18:44:35.705600 24432 outbound_call.cc:284] RPC callback for RPC call kudu.consensus.ConsensusService.UpdateConsensus -> {remote=127.23.135.130:40621, user_credentials={real_user=slave}} blocked reactor thread for 43690.3us
I0220 18:44:36.739976 24842 ts_manager.cc:278] Set tserver state for 493be4abe83d46c1829e3d5cfc68a9de to MAINTENANCE_MODE
I0220 18:44:36.740427 24094 external_mini_cluster.cc:1263] Killing /tmp/dist-test-taskDlYUX2/build/debug/bin/kudu-tserver with pid 24899
W0220 18:44:36.747615 24433 connection.cc:658] client connection to 127.23.135.129:35559 recv error: Network error: recv error from 0.0.0.0:0: Transport endpoint is not connected (error 107)
W0220 18:44:36.747808 24433 consensus_peers.cc:472] T a7a069dabd5b4df28954b6833f23ab31 P bccadedc7a11414384f1d4875bf49aaa -> Peer 493be4abe83d46c1829e3d5cfc68a9de (127.23.135.129:35559): Couldn't send request to peer 493be4abe83d46c1829e3d5cfc68a9de. Status: Network error: recv error from 0.0.0.0:0: Transport endpoint is not connected (error 107). This is attempt 1: this message will repeat every 5th retry.
W0220 18:44:36.748113 24433 consensus_peers.cc:472] T c0ca382ac98b46948b2b18c2d691a364 P bccadedc7a11414384f1d4875bf49aaa -> Peer 493be4abe83d46c1829e3d5cfc68a9de (127.23.135.129:35559): Couldn't send request to peer 493be4abe83d46c1829e3d5cfc68a9de. Status: Network error: recv error from 0.0.0.0:0: Transport endpoint is not connected (error 107). This is attempt 1: this message will repeat every 5th retry.
W0220 18:44:36.748201 24433 consensus_peers.cc:472] T 827aa98f727b4da6a5015391b4da1960 P bccadedc7a11414384f1d4875bf49aaa -> Peer 493be4abe83d46c1829e3d5cfc68a9de (127.23.135.129:35559): Couldn't send request to peer 493be4abe83d46c1829e3d5cfc68a9de. Status: Network error: recv error from 0.0.0.0:0: Transport endpoint is not connected (error 107). This is attempt 1: this message will repeat every 5th retry.
W0220 18:44:36.748263 24433 consensus_peers.cc:472] T 116ca55e12164875ad0a87183fe531bc P bccadedc7a11414384f1d4875bf49aaa -> Peer 493be4abe83d46c1829e3d5cfc68a9de (127.23.135.129:35559): Couldn't send request to peer 493be4abe83d46c1829e3d5cfc68a9de. Status: Network error: recv error from 0.0.0.0:0: Transport endpoint is not connected (error 107). This is attempt 1: this message will repeat every 5th retry.
W0220 18:44:36.762967 24309 consensus_peers.cc:472] T c5b2eb9c654f49df828ad8a096c62921 P c8a15b6a57804d05ada89b15de898a87 -> Peer 493be4abe83d46c1829e3d5cfc68a9de (127.23.135.129:35559): Couldn't send request to peer 493be4abe83d46c1829e3d5cfc68a9de. Status: Network error: Client connection negotiation failed: client connection to 127.23.135.129:35559: connect: Connection refused (error 111). This is attempt 1: this message will repeat every 5th retry.
W0220 18:44:36.763128 24309 consensus_peers.cc:472] T 2ca7a33c93d548f49d2a4b1eeca470ca P c8a15b6a57804d05ada89b15de898a87 -> Peer 493be4abe83d46c1829e3d5cfc68a9de (127.23.135.129:35559): Couldn't send request to peer 493be4abe83d46c1829e3d5cfc68a9de. Status: Network error: Client connection negotiation failed: client connection to 127.23.135.129:35559: connect: Connection refused (error 111). This is attempt 1: this message will repeat every 5th retry.
W0220 18:44:37.225502 24309 consensus_peers.cc:472] T 2ca7a33c93d548f49d2a4b1eeca470ca P c8a15b6a57804d05ada89b15de898a87 -> Peer 493be4abe83d46c1829e3d5cfc68a9de (127.23.135.129:35559): Couldn't send request to peer 493be4abe83d46c1829e3d5cfc68a9de. Status: Network error: Client connection negotiation failed: client connection to 127.23.135.129:35559: connect: Connection refused (error 111). This is attempt 6: this message will repeat every 5th retry.
W0220 18:44:37.229194 24433 consensus_peers.cc:472] T 116ca55e12164875ad0a87183fe531bc P bccadedc7a11414384f1d4875bf49aaa -> Peer 493be4abe83d46c1829e3d5cfc68a9de (127.23.135.129:35559): Couldn't send request to peer 493be4abe83d46c1829e3d5cfc68a9de. Status: Network error: Client connection negotiation failed: client connection to 127.23.135.129:35559: connect: Connection refused (error 111). This is attempt 6: this message will repeat every 5th retry.
W0220 18:44:37.229334 24433 consensus_peers.cc:472] T c0ca382ac98b46948b2b18c2d691a364 P bccadedc7a11414384f1d4875bf49aaa -> Peer 493be4abe83d46c1829e3d5cfc68a9de (127.23.135.129:35559): Couldn't send request to peer 493be4abe83d46c1829e3d5cfc68a9de. Status: Network error: Client connection negotiation failed: client connection to 127.23.135.129:35559: connect: Connection refused (error 111). This is attempt 6: this message will repeat every 5th retry.
W0220 18:44:37.237424 24433 consensus_peers.cc:472] T a7a069dabd5b4df28954b6833f23ab31 P bccadedc7a11414384f1d4875bf49aaa -> Peer 493be4abe83d46c1829e3d5cfc68a9de (127.23.135.129:35559): Couldn't send request to peer 493be4abe83d46c1829e3d5cfc68a9de. Status: Network error: Client connection negotiation failed: client connection to 127.23.135.129:35559: connect: Connection refused (error 111). This is attempt 6: this message will repeat every 5th retry.
W0220 18:44:37.256914 24309 consensus_peers.cc:472] T c5b2eb9c654f49df828ad8a096c62921 P c8a15b6a57804d05ada89b15de898a87 -> Peer 493be4abe83d46c1829e3d5cfc68a9de (127.23.135.129:35559): Couldn't send request to peer 493be4abe83d46c1829e3d5cfc68a9de. Status: Network error: Client connection negotiation failed: client connection to 127.23.135.129:35559: connect: Connection refused (error 111). This is attempt 6: this message will repeat every 5th retry.
W0220 18:44:37.291863 24433 consensus_peers.cc:472] T 827aa98f727b4da6a5015391b4da1960 P bccadedc7a11414384f1d4875bf49aaa -> Peer 493be4abe83d46c1829e3d5cfc68a9de (127.23.135.129:35559): Couldn't send request to peer 493be4abe83d46c1829e3d5cfc68a9de. Status: Network error: Client connection negotiation failed: client connection to 127.23.135.129:35559: connect: Connection refused (error 111). This is attempt 6: this message will repeat every 5th retry.
W0220 18:44:37.740689 24433 consensus_peers.cc:472] T c0ca382ac98b46948b2b18c2d691a364 P bccadedc7a11414384f1d4875bf49aaa -> Peer 493be4abe83d46c1829e3d5cfc68a9de (127.23.135.129:35559): Couldn't send request to peer 493be4abe83d46c1829e3d5cfc68a9de. Status: Network error: Client connection negotiation failed: client connection to 127.23.135.129:35559: connect: Connection refused (error 111). This is attempt 11: this message will repeat every 5th retry.
W0220 18:44:37.741590 24309 consensus_peers.cc:472] T 2ca7a33c93d548f49d2a4b1eeca470ca P c8a15b6a57804d05ada89b15de898a87 -> Peer 493be4abe83d46c1829e3d5cfc68a9de (127.23.135.129:35559): Couldn't send request to peer 493be4abe83d46c1829e3d5cfc68a9de. Status: Network error: Client connection negotiation failed: client connection to 127.23.135.129:35559: connect: Connection refused (error 111). This is attempt 11: this message will repeat every 5th retry.
W0220 18:44:37.748404 24309 consensus_peers.cc:472] T c5b2eb9c654f49df828ad8a096c62921 P c8a15b6a57804d05ada89b15de898a87 -> Peer 493be4abe83d46c1829e3d5cfc68a9de (127.23.135.129:35559): Couldn't send request to peer 493be4abe83d46c1829e3d5cfc68a9de. Status: Network error: Client connection negotiation failed: client connection to 127.23.135.129:35559: connect: Connection refused (error 111). This is attempt 11: this message will repeat every 5th retry.
W0220 18:44:37.750229 24433 consensus_peers.cc:472] T 116ca55e12164875ad0a87183fe531bc P bccadedc7a11414384f1d4875bf49aaa -> Peer 493be4abe83d46c1829e3d5cfc68a9de (127.23.135.129:35559): Couldn't send request to peer 493be4abe83d46c1829e3d5cfc68a9de. Status: Network error: Client connection negotiation failed: client connection to 127.23.135.129:35559: connect: Connection refused (error 111). This is attempt 11: this message will repeat every 5th retry.
W0220 18:44:37.753674 24433 consensus_peers.cc:472] T a7a069dabd5b4df28954b6833f23ab31 P bccadedc7a11414384f1d4875bf49aaa -> Peer 493be4abe83d46c1829e3d5cfc68a9de (127.23.135.129:35559): Couldn't send request to peer 493be4abe83d46c1829e3d5cfc68a9de. Status: Network error: Client connection negotiation failed: client connection to 127.23.135.129:35559: connect: Connection refused (error 111). This is attempt 11: this message will repeat every 5th retry.
W0220 18:44:37.794319 24433 consensus_peers.cc:472] T 827aa98f727b4da6a5015391b4da1960 P bccadedc7a11414384f1d4875bf49aaa -> Peer 493be4abe83d46c1829e3d5cfc68a9de (127.23.135.129:35559): Couldn't send request to peer 493be4abe83d46c1829e3d5cfc68a9de. Status: Network error: Client connection negotiation failed: client connection to 127.23.135.129:35559: connect: Connection refused (error 111). This is attempt 11: this message will repeat every 5th retry.
W0220 18:44:38.216835 24433 consensus_peers.cc:472] T 116ca55e12164875ad0a87183fe531bc P bccadedc7a11414384f1d4875bf49aaa -> Peer 493be4abe83d46c1829e3d5cfc68a9de (127.23.135.129:35559): Couldn't send request to peer 493be4abe83d46c1829e3d5cfc68a9de. Status: Network error: Client connection negotiation failed: client connection to 127.23.135.129:35559: connect: Connection refused (error 111). This is attempt 16: this message will repeat every 5th retry.
W0220 18:44:38.229266 24433 consensus_peers.cc:472] T a7a069dabd5b4df28954b6833f23ab31 P bccadedc7a11414384f1d4875bf49aaa -> Peer 493be4abe83d46c1829e3d5cfc68a9de (127.23.135.129:35559): Couldn't send request to peer 493be4abe83d46c1829e3d5cfc68a9de. Status: Network error: Client connection negotiation failed: client connection to 127.23.135.129:35559: connect: Connection refused (error 111). This is attempt 16: this message will repeat every 5th retry.
W0220 18:44:38.261399 24433 consensus_peers.cc:472] T c0ca382ac98b46948b2b18c2d691a364 P bccadedc7a11414384f1d4875bf49aaa -> Peer 493be4abe83d46c1829e3d5cfc68a9de (127.23.135.129:35559): Couldn't send request to peer 493be4abe83d46c1829e3d5cfc68a9de. Status: Network error: Client connection negotiation failed: client connection to 127.23.135.129:35559: connect: Connection refused (error 111). This is attempt 16: this message will repeat every 5th retry.
W0220 18:44:38.275169 24309 consensus_peers.cc:472] T 2ca7a33c93d548f49d2a4b1eeca470ca P c8a15b6a57804d05ada89b15de898a87 -> Peer 493be4abe83d46c1829e3d5cfc68a9de (127.23.135.129:35559): Couldn't send request to peer 493be4abe83d46c1829e3d5cfc68a9de. Status: Network error: Client connection negotiation failed: client connection to 127.23.135.129:35559: connect: Connection refused (error 111). This is attempt 16: this message will repeat every 5th retry.
W0220 18:44:38.303802 24309 consensus_peers.cc:472] T c5b2eb9c654f49df828ad8a096c62921 P c8a15b6a57804d05ada89b15de898a87 -> Peer 493be4abe83d46c1829e3d5cfc68a9de (127.23.135.129:35559): Couldn't send request to peer 493be4abe83d46c1829e3d5cfc68a9de. Status: Network error: Client connection negotiation failed: client connection to 127.23.135.129:35559: connect: Connection refused (error 111). This is attempt 16: this message will repeat every 5th retry.
W0220 18:44:38.359947 24433 consensus_peers.cc:472] T 827aa98f727b4da6a5015391b4da1960 P bccadedc7a11414384f1d4875bf49aaa -> Peer 493be4abe83d46c1829e3d5cfc68a9de (127.23.135.129:35559): Couldn't send request to peer 493be4abe83d46c1829e3d5cfc68a9de. Status: Network error: Client connection negotiation failed: client connection to 127.23.135.129:35559: connect: Connection refused (error 111). This is attempt 16: this message will repeat every 5th retry.
W0220 18:44:38.689234 24433 consensus_peers.cc:472] T 116ca55e12164875ad0a87183fe531bc P bccadedc7a11414384f1d4875bf49aaa -> Peer 493be4abe83d46c1829e3d5cfc68a9de (127.23.135.129:35559): Couldn't send request to peer 493be4abe83d46c1829e3d5cfc68a9de. Status: Network error: Client connection negotiation failed: client connection to 127.23.135.129:35559: connect: Connection refused (error 111). This is attempt 21: this message will repeat every 5th retry.
W0220 18:44:38.727694 24433 consensus_peers.cc:472] T c0ca382ac98b46948b2b18c2d691a364 P bccadedc7a11414384f1d4875bf49aaa -> Peer 493be4abe83d46c1829e3d5cfc68a9de (127.23.135.129:35559): Couldn't send request to peer 493be4abe83d46c1829e3d5cfc68a9de. Status: Network error: Client connection negotiation failed: client connection to 127.23.135.129:35559: connect: Connection refused (error 111). This is attempt 21: this message will repeat every 5th retry.
I0220 18:44:38.763041 25074 consensus_queue.cc:565] T 827aa98f727b4da6a5015391b4da1960 P bccadedc7a11414384f1d4875bf49aaa [LEADER]: Leader has been unable to successfully communicate with peer 493be4abe83d46c1829e3d5cfc68a9de for more than 2 seconds (2.029s)
I0220 18:44:38.769909 25059 consensus_queue.cc:565] T c5b2eb9c654f49df828ad8a096c62921 P c8a15b6a57804d05ada89b15de898a87 [LEADER]: Leader has been unable to successfully communicate with peer 493be4abe83d46c1829e3d5cfc68a9de for more than 2 seconds (2.032s)
W0220 18:44:38.774386 24309 consensus_peers.cc:472] T c5b2eb9c654f49df828ad8a096c62921 P c8a15b6a57804d05ada89b15de898a87 -> Peer 493be4abe83d46c1829e3d5cfc68a9de (127.23.135.129:35559): Couldn't send request to peer 493be4abe83d46c1829e3d5cfc68a9de. Status: Network error: Client connection negotiation failed: client connection to 127.23.135.129:35559: connect: Connection refused (error 111). This is attempt 21: this message will repeat every 5th retry.
I0220 18:44:38.775264 25074 consensus_queue.cc:565] T a7a069dabd5b4df28954b6833f23ab31 P bccadedc7a11414384f1d4875bf49aaa [LEADER]: Leader has been unable to successfully communicate with peer 493be4abe83d46c1829e3d5cfc68a9de for more than 2 seconds (2.029s)
I0220 18:44:38.775461 25082 consensus_queue.cc:565] T 116ca55e12164875ad0a87183fe531bc P bccadedc7a11414384f1d4875bf49aaa [LEADER]: Leader has been unable to successfully communicate with peer 493be4abe83d46c1829e3d5cfc68a9de for more than 2 seconds (2.049s)
I0220 18:44:38.790735 25099 consensus_queue.cc:565] T 2ca7a33c93d548f49d2a4b1eeca470ca P c8a15b6a57804d05ada89b15de898a87 [LEADER]: Leader has been unable to successfully communicate with peer 493be4abe83d46c1829e3d5cfc68a9de for more than 2 seconds (2.055s)
W0220 18:44:38.793882 24309 consensus_peers.cc:472] T 2ca7a33c93d548f49d2a4b1eeca470ca P c8a15b6a57804d05ada89b15de898a87 -> Peer 493be4abe83d46c1829e3d5cfc68a9de (127.23.135.129:35559): Couldn't send request to peer 493be4abe83d46c1829e3d5cfc68a9de. Status: Network error: Client connection negotiation failed: client connection to 127.23.135.129:35559: connect: Connection refused (error 111). This is attempt 21: this message will repeat every 5th retry.
W0220 18:44:38.794206 24433 consensus_peers.cc:472] T a7a069dabd5b4df28954b6833f23ab31 P bccadedc7a11414384f1d4875bf49aaa -> Peer 493be4abe83d46c1829e3d5cfc68a9de (127.23.135.129:35559): Couldn't send request to peer 493be4abe83d46c1829e3d5cfc68a9de. Status: Network error: Client connection negotiation failed: client connection to 127.23.135.129:35559: connect: Connection refused (error 111). This is attempt 21: this message will repeat every 5th retry.
I0220 18:44:38.823190 25082 consensus_queue.cc:565] T c0ca382ac98b46948b2b18c2d691a364 P bccadedc7a11414384f1d4875bf49aaa [LEADER]: Leader has been unable to successfully communicate with peer 493be4abe83d46c1829e3d5cfc68a9de for more than 2 seconds (2.083s)
W0220 18:44:38.875188 24433 consensus_peers.cc:472] T 827aa98f727b4da6a5015391b4da1960 P bccadedc7a11414384f1d4875bf49aaa -> Peer 493be4abe83d46c1829e3d5cfc68a9de (127.23.135.129:35559): Couldn't send request to peer 493be4abe83d46c1829e3d5cfc68a9de. Status: Network error: Client connection negotiation failed: client connection to 127.23.135.129:35559: connect: Connection refused (error 111). This is attempt 21: this message will repeat every 5th retry.
I0220 18:44:39.065977 24842 ts_manager.cc:267] Unset tserver state for 493be4abe83d46c1829e3d5cfc68a9de from MAINTENANCE_MODE
W0220 18:44:39.191025 24433 consensus_peers.cc:472] T c0ca382ac98b46948b2b18c2d691a364 P bccadedc7a11414384f1d4875bf49aaa -> Peer 493be4abe83d46c1829e3d5cfc68a9de (127.23.135.129:35559): Couldn't send request to peer 493be4abe83d46c1829e3d5cfc68a9de. Status: Network error: Client connection negotiation failed: client connection to 127.23.135.129:35559: connect: Connection refused (error 111). This is attempt 26: this message will repeat every 5th retry.
W0220 18:44:39.191184 24433 consensus_peers.cc:472] T 116ca55e12164875ad0a87183fe531bc P bccadedc7a11414384f1d4875bf49aaa -> Peer 493be4abe83d46c1829e3d5cfc68a9de (127.23.135.129:35559): Couldn't send request to peer 493be4abe83d46c1829e3d5cfc68a9de. Status: Network error: Client connection negotiation failed: client connection to 127.23.135.129:35559: connect: Connection refused (error 111). This is attempt 26: this message will repeat every 5th retry.
W0220 18:44:39.247881 24309 consensus_peers.cc:472] T c5b2eb9c654f49df828ad8a096c62921 P c8a15b6a57804d05ada89b15de898a87 -> Peer 493be4abe83d46c1829e3d5cfc68a9de (127.23.135.129:35559): Couldn't send request to peer 493be4abe83d46c1829e3d5cfc68a9de. Status: Network error: Client connection negotiation failed: client connection to 127.23.135.129:35559: connect: Connection refused (error 111). This is attempt 26: this message will repeat every 5th retry.
I0220 18:44:39.266496 24772 heartbeater.cc:455] Master 127.23.135.190:45127 requested a full tablet report, sending...
W0220 18:44:39.275825 24309 consensus_peers.cc:472] T 2ca7a33c93d548f49d2a4b1eeca470ca P c8a15b6a57804d05ada89b15de898a87 -> Peer 493be4abe83d46c1829e3d5cfc68a9de (127.23.135.129:35559): Couldn't send request to peer 493be4abe83d46c1829e3d5cfc68a9de. Status: Network error: Client connection negotiation failed: client connection to 127.23.135.129:35559: connect: Connection refused (error 111). This is attempt 26: this message will repeat every 5th retry.
W0220 18:44:39.283480 24433 consensus_peers.cc:472] T a7a069dabd5b4df28954b6833f23ab31 P bccadedc7a11414384f1d4875bf49aaa -> Peer 493be4abe83d46c1829e3d5cfc68a9de (127.23.135.129:35559): Couldn't send request to peer 493be4abe83d46c1829e3d5cfc68a9de. Status: Network error: Client connection negotiation failed: client connection to 127.23.135.129:35559: connect: Connection refused (error 111). This is attempt 26: this message will repeat every 5th retry.
W0220 18:44:39.404278 24433 consensus_peers.cc:472] T 827aa98f727b4da6a5015391b4da1960 P bccadedc7a11414384f1d4875bf49aaa -> Peer 493be4abe83d46c1829e3d5cfc68a9de (127.23.135.129:35559): Couldn't send request to peer 493be4abe83d46c1829e3d5cfc68a9de. Status: Network error: Client connection negotiation failed: client connection to 127.23.135.129:35559: connect: Connection refused (error 111). This is attempt 26: this message will repeat every 5th retry.
W0220 18:44:39.702219 24433 consensus_peers.cc:472] T 116ca55e12164875ad0a87183fe531bc P bccadedc7a11414384f1d4875bf49aaa -> Peer 493be4abe83d46c1829e3d5cfc68a9de (127.23.135.129:35559): Couldn't send request to peer 493be4abe83d46c1829e3d5cfc68a9de. Status: Network error: Client connection negotiation failed: client connection to 127.23.135.129:35559: connect: Connection refused (error 111). This is attempt 31: this message will repeat every 5th retry.
W0220 18:44:39.764932 24433 consensus_peers.cc:472] T c0ca382ac98b46948b2b18c2d691a364 P bccadedc7a11414384f1d4875bf49aaa -> Peer 493be4abe83d46c1829e3d5cfc68a9de (127.23.135.129:35559): Couldn't send request to peer 493be4abe83d46c1829e3d5cfc68a9de. Status: Network error: Client connection negotiation failed: client connection to 127.23.135.129:35559: connect: Connection refused (error 111). This is attempt 31: this message will repeat every 5th retry.
W0220 18:44:39.769989 24309 consensus_peers.cc:472] T c5b2eb9c654f49df828ad8a096c62921 P c8a15b6a57804d05ada89b15de898a87 -> Peer 493be4abe83d46c1829e3d5cfc68a9de (127.23.135.129:35559): Couldn't send request to peer 493be4abe83d46c1829e3d5cfc68a9de. Status: Network error: Client connection negotiation failed: client connection to 127.23.135.129:35559: connect: Connection refused (error 111). This is attempt 31: this message will repeat every 5th retry.
I0220 18:44:39.793959 24420 heartbeater.cc:455] Master 127.23.135.190:45127 requested a full tablet report, sending...
W0220 18:44:39.813084 24309 consensus_peers.cc:472] T 2ca7a33c93d548f49d2a4b1eeca470ca P c8a15b6a57804d05ada89b15de898a87 -> Peer 493be4abe83d46c1829e3d5cfc68a9de (127.23.135.129:35559): Couldn't send request to peer 493be4abe83d46c1829e3d5cfc68a9de. Status: Network error: Client connection negotiation failed: client connection to 127.23.135.129:35559: connect: Connection refused (error 111). This is attempt 31: this message will repeat every 5th retry.
I0220 18:44:39.814759 24375 consensus_queue.cc:229] T 2ca7a33c93d548f49d2a4b1eeca470ca P c8a15b6a57804d05ada89b15de898a87 [LEADER]: Queue going to LEADER mode. State: All replicated index: 0, Majority replicated index: 1299, Committed index: 1299, Last appended: 4.1303, Last appended by leader: 16, Current term: 4, Majority size: 2, State: 0, Mode: LEADER, active raft config: opid_index: 1304 OBSOLETE_local: false peers { permanent_uuid: "c8a15b6a57804d05ada89b15de898a87" member_type: VOTER last_known_addr { host: "127.23.135.130" port: 40621 } } peers { permanent_uuid: "493be4abe83d46c1829e3d5cfc68a9de" member_type: VOTER last_known_addr { host: "127.23.135.129" port: 35559 } } peers { permanent_uuid: "bccadedc7a11414384f1d4875bf49aaa" member_type: VOTER last_known_addr { host: "127.23.135.131" port: 46803 } } peers { permanent_uuid: "609fb788e999458bb50fe5ede9fbe320" member_type: NON_VOTER last_known_addr { host: "127.23.135.132" port: 45837 } attrs { promote: true } }
I0220 18:44:39.814813 24373 consensus_queue.cc:229] T c5b2eb9c654f49df828ad8a096c62921 P c8a15b6a57804d05ada89b15de898a87 [LEADER]: Queue going to LEADER mode. State: All replicated index: 0, Majority replicated index: 1300, Committed index: 1300, Last appended: 1.1302, Last appended by leader: 0, Current term: 1, Majority size: 2, State: 0, Mode: LEADER, active raft config: opid_index: 1303 OBSOLETE_local: false peers { permanent_uuid: "493be4abe83d46c1829e3d5cfc68a9de" member_type: VOTER last_known_addr { host: "127.23.135.129" port: 35559 } } peers { permanent_uuid: "c8a15b6a57804d05ada89b15de898a87" member_type: VOTER last_known_addr { host: "127.23.135.130" port: 40621 } } peers { permanent_uuid: "bccadedc7a11414384f1d4875bf49aaa" member_type: VOTER last_known_addr { host: "127.23.135.131" port: 46803 } } peers { permanent_uuid: "609fb788e999458bb50fe5ede9fbe320" member_type: NON_VOTER last_known_addr { host: "127.23.135.132" port: 45837 } attrs { promote: true } }
