I0220 18:45:35.067987 29320 tablet_service.cc:1340] Received RequestConsensusVote() RPC: tablet_id: "7e19d7c23cc941e3a7751fe2478481ec" candidate_uuid: "8c751174fe9e41a0a4d3ea1dac04a50e" candidate_term: 14 candidate_status { last_received { term: 11 index: 3722 } } ignore_live_leader: false dest_uuid: "a6e352f77ef54932a47d9977e15d05f1"
I0220 18:45:35.068001 29195 tablet_service.cc:1340] Received RequestConsensusVote() RPC: tablet_id: "7e19d7c23cc941e3a7751fe2478481ec" candidate_uuid: "8c751174fe9e41a0a4d3ea1dac04a50e" candidate_term: 14 candidate_status { last_received { term: 11 index: 3722 } } ignore_live_leader: false dest_uuid: "853707498adf425fb8395cb60f41c9dc"
I0220 18:45:35.068055 29320 raft_consensus.cc:2983] T 7e19d7c23cc941e3a7751fe2478481ec P a6e352f77ef54932a47d9977e15d05f1 [term 13 FOLLOWER]: Advancing to term 14
I0220 18:45:35.068061 29195 raft_consensus.cc:2983] T 7e19d7c23cc941e3a7751fe2478481ec P 853707498adf425fb8395cb60f41c9dc [term 13 FOLLOWER]: Advancing to term 14
I0220 18:45:35.069092 29320 raft_consensus.cc:2414] T 7e19d7c23cc941e3a7751fe2478481ec P a6e352f77ef54932a47d9977e15d05f1 [term 14 FOLLOWER]: Leader election vote request: Granting yes vote for candidate 8c751174fe9e41a0a4d3ea1dac04a50e in term 14.
I0220 18:45:35.069164 29195 raft_consensus.cc:2414] T 7e19d7c23cc941e3a7751fe2478481ec P 853707498adf425fb8395cb60f41c9dc [term 14 FOLLOWER]: Leader election vote request: Granting yes vote for candidate 8c751174fe9e41a0a4d3ea1dac04a50e in term 14.
I0220 18:45:35.069383 29513 leader_election.cc:307] T 7e19d7c23cc941e3a7751fe2478481ec P 8c751174fe9e41a0a4d3ea1dac04a50e [CANDIDATE]: Term 14 election: Election decided. Result: candidate won. Election summary: received 2 responses out of 3 voters: 2 yes votes; 0 no votes. yes voters: 8c751174fe9e41a0a4d3ea1dac04a50e, a6e352f77ef54932a47d9977e15d05f1; no voters:
I0220 18:45:35.069545 29698 raft_consensus.cc:2730] T 7e19d7c23cc941e3a7751fe2478481ec P 8c751174fe9e41a0a4d3ea1dac04a50e [term 14 FOLLOWER]: Leader election won for term 14
I0220 18:45:35.069700 29698 raft_consensus.cc:686] T 7e19d7c23cc941e3a7751fe2478481ec P 8c751174fe9e41a0a4d3ea1dac04a50e [term 14 LEADER]: Becoming Leader. State: Replica: 8c751174fe9e41a0a4d3ea1dac04a50e, State: Running, Role: LEADER
I0220 18:45:35.070008 29698 consensus_queue.cc:229] T 7e19d7c23cc941e3a7751fe2478481ec P 8c751174fe9e41a0a4d3ea1dac04a50e [LEADER]: Queue going to LEADER mode. State: All replicated index: 0, Majority replicated index: 3721, Committed index: 3721, Last appended: 11.3722, Last appended by leader: 3722, Current term: 14, Majority size: 2, State: 0, Mode: LEADER, active raft config: opid_index: -1 OBSOLETE_local: false peers { permanent_uuid: "a6e352f77ef54932a47d9977e15d05f1" member_type: VOTER last_known_addr { host: "127.23.135.130" port: 36293 } } peers { permanent_uuid: "8c751174fe9e41a0a4d3ea1dac04a50e" member_type: VOTER last_known_addr { host: "127.23.135.132" port: 33963 } } peers { permanent_uuid: "853707498adf425fb8395cb60f41c9dc" member_type: VOTER last_known_addr { host: "127.23.135.129" port: 34551 } }
I0220 18:45:35.072213 25164 catalog_manager.cc:4173] T 7e19d7c23cc941e3a7751fe2478481ec P 8c751174fe9e41a0a4d3ea1dac04a50e reported cstate change: term changed from 11 to 14. New cstate: current_term: 14 leader_uuid: "8c751174fe9e41a0a4d3ea1dac04a50e" committed_config { opid_index: -1 OBSOLETE_local: false peers { permanent_uuid: "a6e352f77ef54932a47d9977e15d05f1" member_type: VOTER last_known_addr { host: "127.23.135.130" port: 36293 } health_report { overall_health: UNKNOWN } } peers { permanent_uuid: "8c751174fe9e41a0a4d3ea1dac04a50e" member_type: VOTER last_known_addr { host: "127.23.135.132" port: 33963 } health_report { overall_health: HEALTHY } } peers { permanent_uuid: "853707498adf425fb8395cb60f41c9dc" member_type: VOTER last_known_addr { host: "127.23.135.129" port: 34551 } health_report { overall_health: UNKNOWN } } }
W0220 18:45:35.076028 29157 tablet_service.cc:670] failed transaction from {username='slave'} at 127.0.0.1:38202: Illegal state: Replica 853707498adf425fb8395cb60f41c9dc is not leader of this config. Role: FOLLOWER. Consensus state: current_term: 14 committed_config { opid_index: -1 OBSOLETE_local: false peers { permanent_uuid: "a6e352f77ef54932a47d9977e15d05f1" member_type: VOTER last_known_addr { host: "127.23.135.130" port: 36293 } } peers { permanent_uuid: "8c751174fe9e41a0a4d3ea1dac04a50e" member_type: VOTER last_known_addr { host: "127.23.135.132" port: 33963 } } peers { permanent_uuid: "853707498adf425fb8395cb60f41c9dc" member_type: VOTER last_known_addr { host: "127.23.135.129" port: 34551 } } }
W0220 18:45:35.088416 29157 tablet_service.cc:670] failed transaction from {username='slave'} at 127.0.0.1:38202: Illegal state: Replica 853707498adf425fb8395cb60f41c9dc is not leader of this config. Role: FOLLOWER. Consensus state: current_term: 14 committed_config { opid_index: -1 OBSOLETE_local: false peers { permanent_uuid: "a6e352f77ef54932a47d9977e15d05f1" member_type: VOTER last_known_addr { host: "127.23.135.130" port: 36293 } } peers { permanent_uuid: "8c751174fe9e41a0a4d3ea1dac04a50e" member_type: VOTER last_known_addr { host: "127.23.135.132" port: 33963 } } peers { permanent_uuid: "853707498adf425fb8395cb60f41c9dc" member_type: VOTER last_known_addr { host: "127.23.135.129" port: 34551 } } }
I0220 18:45:35.148166 29320 raft_consensus.cc:1210] T 7e19d7c23cc941e3a7751fe2478481ec P a6e352f77ef54932a47d9977e15d05f1 [term 14 FOLLOWER]: Refusing update from remote peer 8c751174fe9e41a0a4d3ea1dac04a50e: Log matching property violated. Preceding OpId in replica: term: 11 index: 3721. Preceding OpId from leader: term: 14 index: 3723. (index mismatch)
I0220 18:45:35.148836 29698 consensus_queue.cc:1005] T 7e19d7c23cc941e3a7751fe2478481ec P 8c751174fe9e41a0a4d3ea1dac04a50e [LEADER]: Connected to new peer: Peer: permanent_uuid: "a6e352f77ef54932a47d9977e15d05f1" member_type: VOTER last_known_addr { host: "127.23.135.130" port: 36293 }, Status: LMP_MISMATCH, Last received: 0.0, Next index: 3723, Last known committed idx: 3721, Time since last communication: 0.000s
I0220 18:45:35.154553 29195 raft_consensus.cc:1210] T 7e19d7c23cc941e3a7751fe2478481ec P 853707498adf425fb8395cb60f41c9dc [term 14 FOLLOWER]: Refusing update from remote peer 8c751174fe9e41a0a4d3ea1dac04a50e: Log matching property violated. Preceding OpId in replica: term: 11 index: 3721. Preceding OpId from leader: term: 14 index: 3723. (index mismatch)
I0220 18:45:35.155069 29698 consensus_queue.cc:1005] T 7e19d7c23cc941e3a7751fe2478481ec P 8c751174fe9e41a0a4d3ea1dac04a50e [LEADER]: Connected to new peer: Peer: permanent_uuid: "853707498adf425fb8395cb60f41c9dc" member_type: VOTER last_known_addr { host: "127.23.135.129" port: 34551 }, Status: LMP_MISMATCH, Last received: 0.0, Next index: 3723, Last known committed idx: 3721, Time since last communication: 0.000s
W0220 18:45:35.160133 29157 tablet_service.cc:670] failed transaction from {username='slave'} at 127.0.0.1:38202: Illegal state: Replica 853707498adf425fb8395cb60f41c9dc is not leader of this config. Role: FOLLOWER. Consensus state: current_term: 14 leader_uuid: "8c751174fe9e41a0a4d3ea1dac04a50e" committed_config { opid_index: -1 OBSOLETE_local: false peers { permanent_uuid: "a6e352f77ef54932a47d9977e15d05f1" member_type: VOTER last_known_addr { host: "127.23.135.130" port: 36293 } } peers { permanent_uuid: "8c751174fe9e41a0a4d3ea1dac04a50e" member_type: VOTER last_known_addr { host: "127.23.135.132" port: 33963 } } peers { permanent_uuid: "853707498adf425fb8395cb60f41c9dc" member_type: VOTER last_known_addr { host: "127.23.135.129" port: 34551 } } }
W0220 18:45:35.166615 29287 tablet_service.cc:670] failed transaction from {username='slave'} at 127.0.0.1:34926: Illegal state: Replica a6e352f77ef54932a47d9977e15d05f1 is not leader of this config. Role: FOLLOWER. Consensus state: current_term: 14 leader_uuid: "8c751174fe9e41a0a4d3ea1dac04a50e" committed_config { opid_index: -1 OBSOLETE_local: false peers { permanent_uuid: "a6e352f77ef54932a47d9977e15d05f1" member_type: VOTER last_known_addr { host: "127.23.135.130" port: 36293 } } peers { permanent_uuid: "8c751174fe9e41a0a4d3ea1dac04a50e" member_type: VOTER last_known_addr { host: "127.23.135.132" port: 33963 } } peers { permanent_uuid: "853707498adf425fb8395cb60f41c9dc" member_type: VOTER last_known_addr { host: "127.23.135.129" port: 34551 } } }
W0220 18:45:35.237893 29287 tablet_service.cc:670] failed transaction from {username='slave'} at 127.0.0.1:34926: Illegal state: Replica a6e352f77ef54932a47d9977e15d05f1 is not leader of this config. Role: FOLLOWER. Consensus state: current_term: 14 leader_uuid: "8c751174fe9e41a0a4d3ea1dac04a50e" committed_config { opid_index: -1 OBSOLETE_local: false peers { permanent_uuid: "a6e352f77ef54932a47d9977e15d05f1" member_type: VOTER last_known_addr { host: "127.23.135.130" port: 36293 } } peers { permanent_uuid: "8c751174fe9e41a0a4d3ea1dac04a50e" member_type: VOTER last_known_addr { host: "127.23.135.132" port: 33963 } } peers { permanent_uuid: "853707498adf425fb8395cb60f41c9dc" member_type: VOTER last_known_addr { host: "127.23.135.129" port: 34551 } } }
W0220 18:45:35.240263 29287 tablet_service.cc:670] failed transaction from {username='slave'} at 127.0.0.1:34926: Illegal state: Replica a6e352f77ef54932a47d9977e15d05f1 is not leader of this config. Role: FOLLOWER. Consensus state: current_term: 14 leader_uuid: "8c751174fe9e41a0a4d3ea1dac04a50e" committed_config { opid_index: -1 OBSOLETE_local: false peers { permanent_uuid: "a6e352f77ef54932a47d9977e15d05f1" member_type: VOTER last_known_addr { host: "127.23.135.130" port: 36293 } } peers { permanent_uuid: "8c751174fe9e41a0a4d3ea1dac04a50e" member_type: VOTER last_known_addr { host: "127.23.135.132" port: 33963 } } peers { permanent_uuid: "853707498adf425fb8395cb60f41c9dc" member_type: VOTER last_known_addr { host: "127.23.135.129" port: 34551 } } }
I0220 18:45:35.547785 25752 scanner-internal.cc:113] Scan of tablet 7e19d7c23cc941e3a7751fe2478481ec at a6e352f77ef54932a47d9977e15d05f1 (127.23.135.130:36293) deadline exceeded after 10.000s
I0220 18:45:35.932373 25751 scanner-internal.cc:113] Scan of tablet 7e19d7c23cc941e3a7751fe2478481ec at 8c751174fe9e41a0a4d3ea1dac04a50e (127.23.135.132:33963) deadline exceeded after 10.000s
I0220 18:45:36.032660 25750 scanner-internal.cc:113] Scan of tablet 7e19d7c23cc941e3a7751fe2478481ec at a6e352f77ef54932a47d9977e15d05f1 (127.23.135.130:36293) deadline exceeded after 10.000s
I0220 18:45:37.411746 25168 ts_manager.cc:267] Unset tserver state for a6e352f77ef54932a47d9977e15d05f1 from MAINTENANCE_MODE
I0220 18:45:37.598286 25168 ts_manager.cc:267] Unset tserver state for 8c751174fe9e41a0a4d3ea1dac04a50e from MAINTENANCE_MODE
I0220 18:45:37.621444 25168 ts_manager.cc:267] Unset tserver state for e4c29ba8de7e4745a4e497d213d63742 from MAINTENANCE_MODE
I0220 18:45:37.622869 25165 ts_manager.cc:267] Unset tserver state for 853707498adf425fb8395cb60f41c9dc from MAINTENANCE_MODE /home/jenkins-slave/workspace/kudu-master/2/src/kudu/integration-tests/maintenance_mode-itest.cc:750: Failure Value of: s.ok() Actual: true Expected: false /home/jenkins-slave/workspace/kudu-master/2/src/kudu/util/test_util.cc:345: Failure Failed Timed out waiting for assertion to pass.
I0220 18:45:37.644279 24094 external_mini_cluster-itest-base.cc:80] Found fatal failure
I0220 18:45:37.644357 24094 external_mini_cluster-itest-base.cc:86] Attempting to dump stacks of TS 0 with UUID 853707498adf425fb8395cb60f41c9dc and pid 29124 ************************ BEGIN STACKS ************************** 0x00007f94cd2cfd4d in ?? () Id Target Id Frame * 1 process 29124 "kudu-tserver" 0x00007f94cd2cfd4d in ?? () Thread 1 (process 29124): #0 0x00007f94cd2cfd4d in ?? () #1 0x0000000000000000 in ?? () ************************* END STACKS ***************************
I0220 18:45:37.839855 24094 external_mini_cluster-itest-base.cc:86] Attempting to dump stacks of TS 1 with UUID a6e352f77ef54932a47d9977e15d05f1 and pid 29251 ************************ BEGIN STACKS ************************** 0x00007f523477ed4d in ?? () Id Target Id Frame * 1 process 29251 "kudu-tserver" 0x00007f523477ed4d in ?? () Thread 1 (process 29251): #0 0x00007f523477ed4d in ?? () #1 0x0000000000000000 in ?? () ************************* END STACKS ***************************
I0220 18:45:38.028971 24094 external_mini_cluster-itest-base.cc:86] Attempting to dump stacks of TS 2 with UUID e4c29ba8de7e4745a4e497d213d63742 and pid 29377 ************************ BEGIN STACKS **************************
I0220 18:45:38.160323 29374 heartbeater.cc:455] Master 127.23.135.190:41437 requested a full tablet report, sending...
I0220 18:45:38.164572 29247 heartbeater.cc:455] Master 127.23.135.190:41437 requested a full tablet report, sending...
I0220 18:45:38.180331 29625 heartbeater.cc:455] Master 127.23.135.190:41437 requested a full tablet report, sending... 0x00007f79e8a0ad4d in ?? () Id Target Id Frame * 1 process 29377 "kudu-tserver" 0x00007f79e8a0ad4d in ?? () Thread 1 (process 29377): #0 0x00007f79e8a0ad4d in ?? () #1 0x0000000000000000 in ?? () ************************* END STACKS ***************************
I0220 18:45:38.229574 24094 external_mini_cluster-itest-base.cc:86] Attempting to dump stacks of TS 3 with UUID 8c751174fe9e41a0a4d3ea1dac04a50e and pid 29503
I0220 18:45:38.258072 29500 heartbeater.cc:455] Master 127.23.135.190:41437 requested a full tablet report, sending... ************************ BEGIN STACKS ************************** 0x00007f6df282ad4d in ?? () Id Target Id Frame * 1 process 29503 "kudu-tserver" 0x00007f6df282ad4d in ?? () Thread 1 (process 29503): #0 0x00007f6df282ad4d in ?? () #1 0x0000000000000000 in ?? () ************************* END STACKS ***************************
I0220 18:45:38.418167 24094 external_mini_cluster.cc:1263] Killing /tmp/dist-test-taskDlYUX2/build/debug/bin/kudu-tserver with pid 29124
I0220 18:45:38.423765 24094 external_mini_cluster.cc:1263] Killing /tmp/dist-test-taskDlYUX2/build/debug/bin/kudu-tserver with pid 29251
I0220 18:45:38.428553 24094 external_mini_cluster.cc:1263] Killing /tmp/dist-test-taskDlYUX2/build/debug/bin/kudu-tserver with pid 29377
I0220 18:45:38.431833 24094 external_mini_cluster.cc:1263] Killing /tmp/dist-test-taskDlYUX2/build/debug/bin/kudu-tserver with pid 29503
I0220 18:45:38.436558 24094 external_mini_cluster.cc:1263] Killing /tmp/dist-test-taskDlYUX2/build/debug/bin/kudu-master with pid 25142 2020-02-20T18:45:38Z chronyd exiting
I0220 18:45:38.451180 24094 test_util.cc:143] -----------------------------------------------
I0220 18:45:38.451200 24094 test_util.cc:144] Had fatal failures, leaving test files at /tmp/dist-test-taskDlYUX2/test-tmp/maintenance_mode-itest.0.RollingRestartArgs_RollingRestartITest.TestWorkloads_4.1582224264261468-24094 [ FAILED ] RollingRestartArgs/RollingRestartITest.TestWorkloads/4, where GetParam() = 264-byte object <01-00 00-00 04-00 00-00 D8-13 75-4C 09-7F 00-00 D8-13 75-4C 09-7F 00-00 00-00 00-00 00-00 00-00 D8-13 75-4C 09-7F 00-00 01-00 00-00 00-00 00-00 00-5D 4D-02 00-00 00-00 10-5D 4D-02 00-00 00-00 ... 00-00 00-00 00-00 00-00 30-18 4F-02 00-00 00-00 30-18 4F-02 00-00 00-00 30-18 4F-02 00-00 00-00 01-00 00-00 00-00 00-00 01-00 00-00 00-00 00-00 04-00 00-00 03-00 00-00 01-62 4D-02 00-00 00-00> (57750 ms) [----------] 1 test from RollingRestartArgs/RollingRestartITest (57751 ms total) [----------] Global test environment tear-down [==========] 2 tests from 2 test cases ran. (74185 ms total) [ PASSED ] 1 test. [ FAILED ] 1 test, listed below: [ FAILED ] RollingRestartArgs/RollingRestartITest.TestWorkloads/4, where GetParam() = 264-byte object <01-00 00-00 04-00 00-00 D8-13 75-4C 09-7F 00-00 D8-13 75-4C 09-7F 00-00 00-00 00-00 00-00 00-00 D8-13 75-4C 09-7F 00-00 01-00 00-00 00-00 00-00 00-5D 4D-02 00-00 00-00 10-5D 4D-02 00-00 00-00 ... 00-00 00-00 00-00 00-00 30-18 4F-02 00-00 00-00 30-18 4F-02 00-00 00-00 30-18 4F-02 00-00 00-00 01-00 00-00 00-00 00-00 01-00 00-00 00-00 00-00 04-00 00-00 03-00 00-00 01-62 4D-02 00-00 00-00> 1 FAILED TEST