I0220 18:45:17.085204 28671 leader_election.cc:307] T 7e19d7c23cc941e3a7751fe2478481ec P 8c751174fe9e41a0a4d3ea1dac04a50e [CANDIDATE]: Term 11 pre-election: Election decided. Result: candidate lost. Election summary: received 3 responses out of 3 voters: 1 yes votes; 2 no votes. yes voters: 8c751174fe9e41a0a4d3ea1dac04a50e; no voters: 853707498adf425fb8395cb60f41c9dc, a6e352f77ef54932a47d9977e15d05f1
I0220 18:45:17.085512 28822 raft_consensus.cc:2675] T 7e19d7c23cc941e3a7751fe2478481ec P 8c751174fe9e41a0a4d3ea1dac04a50e [term 10 FOLLOWER]: Leader pre-election lost for term 11. Reason: could not achieve majority
W0220 18:45:17.189712 28702 tablet_service.cc:670] failed transaction from {username='slave'} at 127.0.0.1:39908: Illegal state: Replica 8c751174fe9e41a0a4d3ea1dac04a50e is not leader of this config. Role: FOLLOWER. Consensus state: current_term: 10 committed_config { opid_index: -1 OBSOLETE_local: false peers { permanent_uuid: "a6e352f77ef54932a47d9977e15d05f1" member_type: VOTER last_known_addr { host: "127.23.135.130" port: 36293 } } peers { permanent_uuid: "8c751174fe9e41a0a4d3ea1dac04a50e" member_type: VOTER last_known_addr { host: "127.23.135.132" port: 33963 } } peers { permanent_uuid: "853707498adf425fb8395cb60f41c9dc" member_type: VOTER last_known_addr { host: "127.23.135.129" port: 34551 } } }
W0220 18:45:17.248626 28702 tablet_service.cc:670] failed transaction from {username='slave'} at 127.0.0.1:39908: Illegal state: Replica 8c751174fe9e41a0a4d3ea1dac04a50e is not leader of this config. Role: FOLLOWER. Consensus state: current_term: 10 committed_config { opid_index: -1 OBSOLETE_local: false peers { permanent_uuid: "a6e352f77ef54932a47d9977e15d05f1" member_type: VOTER last_known_addr { host: "127.23.135.130" port: 36293 } } peers { permanent_uuid: "8c751174fe9e41a0a4d3ea1dac04a50e" member_type: VOTER last_known_addr { host: "127.23.135.132" port: 33963 } } peers { permanent_uuid: "853707498adf425fb8395cb60f41c9dc" member_type: VOTER last_known_addr { host: "127.23.135.129" port: 34551 } } }
W0220 18:45:17.360841 28702 tablet_service.cc:670] failed transaction from {username='slave'} at 127.0.0.1:39908: Illegal state: Replica 8c751174fe9e41a0a4d3ea1dac04a50e is not leader of this config. Role: FOLLOWER. Consensus state: current_term: 10 committed_config { opid_index: -1 OBSOLETE_local: false peers { permanent_uuid: "a6e352f77ef54932a47d9977e15d05f1" member_type: VOTER last_known_addr { host: "127.23.135.130" port: 36293 } } peers { permanent_uuid: "8c751174fe9e41a0a4d3ea1dac04a50e" member_type: VOTER last_known_addr { host: "127.23.135.132" port: 33963 } } peers { permanent_uuid: "853707498adf425fb8395cb60f41c9dc" member_type: VOTER last_known_addr { host: "127.23.135.129" port: 34551 } } }
I0220 18:45:17.440641 28822 raft_consensus.cc:482] T 7e19d7c23cc941e3a7751fe2478481ec P 8c751174fe9e41a0a4d3ea1dac04a50e [term 10 FOLLOWER]: Starting pre-election (no leader contacted us within the election timeout)
I0220 18:45:17.440791 28822 raft_consensus.cc:504] T 7e19d7c23cc941e3a7751fe2478481ec P 8c751174fe9e41a0a4d3ea1dac04a50e [term 10 FOLLOWER]: Starting pre-election with config: opid_index: -1 OBSOLETE_local: false peers { permanent_uuid: "a6e352f77ef54932a47d9977e15d05f1" member_type: VOTER last_known_addr { host: "127.23.135.130" port: 36293 } } peers { permanent_uuid: "8c751174fe9e41a0a4d3ea1dac04a50e" member_type: VOTER last_known_addr { host: "127.23.135.132" port: 33963 } } peers { permanent_uuid: "853707498adf425fb8395cb60f41c9dc" member_type: VOTER last_known_addr { host: "127.23.135.129" port: 34551 } }
I0220 18:45:17.441166 28822 leader_election.cc:293] T 7e19d7c23cc941e3a7751fe2478481ec P 8c751174fe9e41a0a4d3ea1dac04a50e [CANDIDATE]: Term 11 pre-election: Requested pre-vote from peers a6e352f77ef54932a47d9977e15d05f1 (127.23.135.130:36293), 853707498adf425fb8395cb60f41c9dc (127.23.135.129:34551)
I0220 18:45:17.441596 28478 tablet_service.cc:1340] Received RequestConsensusVote() RPC: tablet_id: "7e19d7c23cc941e3a7751fe2478481ec" candidate_uuid: "8c751174fe9e41a0a4d3ea1dac04a50e" candidate_term: 11 candidate_status { last_received { term: 10 index: 2797 } } ignore_live_leader: false dest_uuid: "a6e352f77ef54932a47d9977e15d05f1" is_pre_election: true
I0220 18:45:17.441704 28346 tablet_service.cc:1340] Received RequestConsensusVote() RPC: tablet_id: "7e19d7c23cc941e3a7751fe2478481ec" candidate_uuid: "8c751174fe9e41a0a4d3ea1dac04a50e" candidate_term: 11 candidate_status { last_received { term: 10 index: 2797 } } ignore_live_leader: false dest_uuid: "853707498adf425fb8395cb60f41c9dc" is_pre_election: true
W0220 18:45:17.441972 28673 leader_election.cc:346] T 7e19d7c23cc941e3a7751fe2478481ec P 8c751174fe9e41a0a4d3ea1dac04a50e [CANDIDATE]: Term 11 pre-election: Tablet error from VoteRequest() call to peer a6e352f77ef54932a47d9977e15d05f1 (127.23.135.130:36293): Illegal state: must be running to vote when last-logged opid is not known
W0220 18:45:17.442044 28671 leader_election.cc:346] T 7e19d7c23cc941e3a7751fe2478481ec P 8c751174fe9e41a0a4d3ea1dac04a50e [CANDIDATE]: Term 11 pre-election: Tablet error from VoteRequest() call to peer 853707498adf425fb8395cb60f41c9dc (127.23.135.129:34551): Illegal state: must be running to vote when last-logged opid is not known
I0220 18:45:17.442091 28671 leader_election.cc:307] T 7e19d7c23cc941e3a7751fe2478481ec P 8c751174fe9e41a0a4d3ea1dac04a50e [CANDIDATE]: Term 11 pre-election: Election decided. Result: candidate lost. Election summary: received 3 responses out of 3 voters: 1 yes votes; 2 no votes. yes voters: 8c751174fe9e41a0a4d3ea1dac04a50e; no voters: 853707498adf425fb8395cb60f41c9dc, a6e352f77ef54932a47d9977e15d05f1
I0220 18:45:17.442265 28822 raft_consensus.cc:2675] T 7e19d7c23cc941e3a7751fe2478481ec P 8c751174fe9e41a0a4d3ea1dac04a50e [term 10 FOLLOWER]: Leader pre-election lost for term 11. Reason: could not achieve majority
I0220 18:45:17.492179 28298 tablet_bootstrap.cc:441] T 7e19d7c23cc941e3a7751fe2478481ec P 853707498adf425fb8395cb60f41c9dc: Bootstrap replayed 1/1 log segments. Stats: ops{read=2748 overwritten=2 applied=2744 ignored=0} inserts{seen=136900 ignored=0} mutations{seen=0 ignored=0} orphaned_commits=0. Pending: 2 replicates
I0220 18:45:17.492619 28298 tablet_bootstrap.cc:441] T 7e19d7c23cc941e3a7751fe2478481ec P 853707498adf425fb8395cb60f41c9dc: Bootstrap complete.
I0220 18:45:17.493898 28298 ts_tablet_manager.cc:1113] T 7e19d7c23cc941e3a7751fe2478481ec P 853707498adf425fb8395cb60f41c9dc: Time spent bootstrapping tablet: real 6.698s user 6.349s sys 0.127s
I0220 18:45:17.496142 28298 raft_consensus.cc:346] T 7e19d7c23cc941e3a7751fe2478481ec P 853707498adf425fb8395cb60f41c9dc [term 10 FOLLOWER]: Replica starting. Triggering 2 pending transactions. Active config: opid_index: -1 OBSOLETE_local: false peers { permanent_uuid: "a6e352f77ef54932a47d9977e15d05f1" member_type: VOTER last_known_addr { host: "127.23.135.130" port: 36293 } } peers { permanent_uuid: "8c751174fe9e41a0a4d3ea1dac04a50e" member_type: VOTER last_known_addr { host: "127.23.135.132" port: 33963 } } peers { permanent_uuid: "853707498adf425fb8395cb60f41c9dc" member_type: VOTER last_known_addr { host: "127.23.135.129" port: 34551 } }
I0220 18:45:17.497221 28298 raft_consensus.cc:726] T 7e19d7c23cc941e3a7751fe2478481ec P 853707498adf425fb8395cb60f41c9dc [term 10 FOLLOWER]: Becoming Follower/Learner. State: Replica: 853707498adf425fb8395cb60f41c9dc, State: Initialized, Role: FOLLOWER
I0220 18:45:17.497686 28298 consensus_queue.cc:252] T 7e19d7c23cc941e3a7751fe2478481ec P 853707498adf425fb8395cb60f41c9dc [NON_LEADER]: Queue going to NON_LEADER mode. State: All replicated index: 0, Majority replicated index: 0, Committed index: 2744, Last appended: 10.2746, Last appended by leader: 2746, Current term: 0, Majority size: -1, State: 0, Mode: NON_LEADER, active raft config: opid_index: -1 OBSOLETE_local: false peers { permanent_uuid: "a6e352f77ef54932a47d9977e15d05f1" member_type: VOTER last_known_addr { host: "127.23.135.130" port: 36293 } } peers { permanent_uuid: "8c751174fe9e41a0a4d3ea1dac04a50e" member_type: VOTER last_known_addr { host: "127.23.135.132" port: 33963 } } peers { permanent_uuid: "853707498adf425fb8395cb60f41c9dc" member_type: VOTER last_known_addr { host: "127.23.135.129" port: 34551 } }
I0220 18:45:17.498253 28298 ts_tablet_manager.cc:1142] T 7e19d7c23cc941e3a7751fe2478481ec P 853707498adf425fb8395cb60f41c9dc: Time spent starting tablet: real 0.004s user 0.006s sys 0.000s
W0220 18:45:17.531599 28702 tablet_service.cc:670] failed transaction from {username='slave'} at 127.0.0.1:39908: Illegal state: Replica 8c751174fe9e41a0a4d3ea1dac04a50e is not leader of this config. Role: FOLLOWER. Consensus state: current_term: 10 committed_config { opid_index: -1 OBSOLETE_local: false peers { permanent_uuid: "a6e352f77ef54932a47d9977e15d05f1" member_type: VOTER last_known_addr { host: "127.23.135.130" port: 36293 } } peers { permanent_uuid: "8c751174fe9e41a0a4d3ea1dac04a50e" member_type: VOTER last_known_addr { host: "127.23.135.132" port: 33963 } } peers { permanent_uuid: "853707498adf425fb8395cb60f41c9dc" member_type: VOTER last_known_addr { host: "127.23.135.129" port: 34551 } } }
I0220 18:45:17.590392 28426 tablet_bootstrap.cc:441] T 7e19d7c23cc941e3a7751fe2478481ec P a6e352f77ef54932a47d9977e15d05f1: Bootstrap replayed 1/1 log segments. Stats: ops{read=2797 overwritten=0 applied=2796 ignored=0} inserts{seen=139500 ignored=0} mutations{seen=0 ignored=0} orphaned_commits=0. Pending: 1 replicates
I0220 18:45:17.590852 28426 tablet_bootstrap.cc:441] T 7e19d7c23cc941e3a7751fe2478481ec P a6e352f77ef54932a47d9977e15d05f1: Bootstrap complete.
W0220 18:45:17.590893 28702 tablet_service.cc:670] failed transaction from {username='slave'} at 127.0.0.1:39908: Illegal state: Replica 8c751174fe9e41a0a4d3ea1dac04a50e is not leader of this config. Role: FOLLOWER. Consensus state: current_term: 10 committed_config { opid_index: -1 OBSOLETE_local: false peers { permanent_uuid: "a6e352f77ef54932a47d9977e15d05f1" member_type: VOTER last_known_addr { host: "127.23.135.130" port: 36293 } } peers { permanent_uuid: "8c751174fe9e41a0a4d3ea1dac04a50e" member_type: VOTER last_known_addr { host: "127.23.135.132" port: 33963 } } peers { permanent_uuid: "853707498adf425fb8395cb60f41c9dc" member_type: VOTER last_known_addr { host: "127.23.135.129" port: 34551 } } }
I0220 18:45:17.592211 28426 ts_tablet_manager.cc:1113] T 7e19d7c23cc941e3a7751fe2478481ec P a6e352f77ef54932a47d9977e15d05f1: Time spent bootstrapping tablet: real 6.569s user 6.359s sys 0.132s
I0220 18:45:17.594180 28426 raft_consensus.cc:346] T 7e19d7c23cc941e3a7751fe2478481ec P a6e352f77ef54932a47d9977e15d05f1 [term 10 FOLLOWER]: Replica starting. Triggering 1 pending transactions. Active config: opid_index: -1 OBSOLETE_local: false peers { permanent_uuid: "a6e352f77ef54932a47d9977e15d05f1" member_type: VOTER last_known_addr { host: "127.23.135.130" port: 36293 } } peers { permanent_uuid: "8c751174fe9e41a0a4d3ea1dac04a50e" member_type: VOTER last_known_addr { host: "127.23.135.132" port: 33963 } } peers { permanent_uuid: "853707498adf425fb8395cb60f41c9dc" member_type: VOTER last_known_addr { host: "127.23.135.129" port: 34551 } }
I0220 18:45:17.595186 28426 raft_consensus.cc:726] T 7e19d7c23cc941e3a7751fe2478481ec P a6e352f77ef54932a47d9977e15d05f1 [term 10 FOLLOWER]: Becoming Follower/Learner. State: Replica: a6e352f77ef54932a47d9977e15d05f1, State: Initialized, Role: FOLLOWER
I0220 18:45:17.595549 28426 consensus_queue.cc:252] T 7e19d7c23cc941e3a7751fe2478481ec P a6e352f77ef54932a47d9977e15d05f1 [NON_LEADER]: Queue going to NON_LEADER mode. State: All replicated index: 0, Majority replicated index: 0, Committed index: 2796, Last appended: 10.2797, Last appended by leader: 2797, Current term: 0, Majority size: -1, State: 0, Mode: NON_LEADER, active raft config: opid_index: -1 OBSOLETE_local: false peers { permanent_uuid: "a6e352f77ef54932a47d9977e15d05f1" member_type: VOTER last_known_addr { host: "127.23.135.130" port: 36293 } } peers { permanent_uuid: "8c751174fe9e41a0a4d3ea1dac04a50e" member_type: VOTER last_known_addr { host: "127.23.135.132" port: 33963 } } peers { permanent_uuid: "853707498adf425fb8395cb60f41c9dc" member_type: VOTER last_known_addr { host: "127.23.135.129" port: 34551 } }
I0220 18:45:17.596042 28426 ts_tablet_manager.cc:1142] T 7e19d7c23cc941e3a7751fe2478481ec P a6e352f77ef54932a47d9977e15d05f1: Time spent starting tablet: real 0.004s user 0.004s sys 0.000s
W0220 18:45:17.649266 28448 tablet_service.cc:670] failed transaction from {username='slave'} at 127.0.0.1:34830: Illegal state: Replica a6e352f77ef54932a47d9977e15d05f1 is not leader of this config. Role: FOLLOWER. Consensus state: current_term: 10 committed_config { opid_index: -1 OBSOLETE_local: false peers { permanent_uuid: "a6e352f77ef54932a47d9977e15d05f1" member_type: VOTER last_known_addr { host: "127.23.135.130" port: 36293 } } peers { permanent_uuid: "8c751174fe9e41a0a4d3ea1dac04a50e" member_type: VOTER last_known_addr { host: "127.23.135.132" port: 33963 } } peers { permanent_uuid: "853707498adf425fb8395cb60f41c9dc" member_type: VOTER last_known_addr { host: "127.23.135.129" port: 34551 } } }
W0220 18:45:17.702262 28702 tablet_service.cc:670] failed transaction from {username='slave'} at 127.0.0.1:39908: Illegal state: Replica 8c751174fe9e41a0a4d3ea1dac04a50e is not leader of this config. Role: FOLLOWER. Consensus state: current_term: 10 committed_config { opid_index: -1 OBSOLETE_local: false peers { permanent_uuid: "a6e352f77ef54932a47d9977e15d05f1" member_type: VOTER last_known_addr { host: "127.23.135.130" port: 36293 } } peers { permanent_uuid: "8c751174fe9e41a0a4d3ea1dac04a50e" member_type: VOTER last_known_addr { host: "127.23.135.132" port: 33963 } } peers { permanent_uuid: "853707498adf425fb8395cb60f41c9dc" member_type: VOTER last_known_addr { host: "127.23.135.129" port: 34551 } } }
W0220 18:45:17.704880 28320 tablet_service.cc:670] failed transaction from {username='slave'} at 127.0.0.1:38088: Illegal state: Replica 853707498adf425fb8395cb60f41c9dc is not leader of this config. Role: FOLLOWER. Consensus state: current_term: 10 committed_config { opid_index: -1 OBSOLETE_local: false peers { permanent_uuid: "a6e352f77ef54932a47d9977e15d05f1" member_type: VOTER last_known_addr { host: "127.23.135.130" port: 36293 } } peers { permanent_uuid: "8c751174fe9e41a0a4d3ea1dac04a50e" member_type: VOTER last_known_addr { host: "127.23.135.132" port: 33963 } } peers { permanent_uuid: "853707498adf425fb8395cb60f41c9dc" member_type: VOTER last_known_addr { host: "127.23.135.129" port: 34551 } } }
I0220 18:45:17.764065 28860 raft_consensus.cc:482] T 7e19d7c23cc941e3a7751fe2478481ec P 853707498adf425fb8395cb60f41c9dc [term 10 FOLLOWER]: Starting pre-election (no leader contacted us within the election timeout)
I0220 18:45:17.764228 28860 raft_consensus.cc:504] T 7e19d7c23cc941e3a7751fe2478481ec P 853707498adf425fb8395cb60f41c9dc [term 10 FOLLOWER]: Starting pre-election with config: opid_index: -1 OBSOLETE_local: false peers { permanent_uuid: "a6e352f77ef54932a47d9977e15d05f1" member_type: VOTER last_known_addr { host: "127.23.135.130" port: 36293 } } peers { permanent_uuid: "8c751174fe9e41a0a4d3ea1dac04a50e" member_type: VOTER last_known_addr { host: "127.23.135.132" port: 33963 } } peers { permanent_uuid: "853707498adf425fb8395cb60f41c9dc" member_type: VOTER last_known_addr { host: "127.23.135.129" port: 34551 } }
I0220 18:45:17.765115 28860 leader_election.cc:293] T 7e19d7c23cc941e3a7751fe2478481ec P 853707498adf425fb8395cb60f41c9dc [CANDIDATE]: Term 11 pre-election: Requested pre-vote from peers a6e352f77ef54932a47d9977e15d05f1 (127.23.135.130:36293), 8c751174fe9e41a0a4d3ea1dac04a50e (127.23.135.132:33963)
W0220 18:45:17.768723 28320 tablet_service.cc:670] failed transaction from {username='slave'} at 127.0.0.1:38088: Illegal state: Replica 853707498adf425fb8395cb60f41c9dc is not leader of this config. Role: FOLLOWER. Consensus state: current_term: 10 committed_config { opid_index: -1 OBSOLETE_local: false peers { permanent_uuid: "a6e352f77ef54932a47d9977e15d05f1" member_type: VOTER last_known_addr { host: "127.23.135.130" port: 36293 } } peers { permanent_uuid: "8c751174fe9e41a0a4d3ea1dac04a50e" member_type: VOTER last_known_addr { host: "127.23.135.132" port: 33963 } } peers { permanent_uuid: "853707498adf425fb8395cb60f41c9dc" member_type: VOTER last_known_addr { host: "127.23.135.129" port: 34551 } } }
I0220 18:45:17.769937 28742 tablet_service.cc:1340] Received RequestConsensusVote() RPC: tablet_id: "7e19d7c23cc941e3a7751fe2478481ec" candidate_uuid: "853707498adf425fb8395cb60f41c9dc" candidate_term: 11 candidate_status { last_received { term: 10 index: 2746 } } ignore_live_leader: false dest_uuid: "8c751174fe9e41a0a4d3ea1dac04a50e" is_pre_election: true
I0220 18:45:17.770097 28742 raft_consensus.cc:2356] T 7e19d7c23cc941e3a7751fe2478481ec P 8c751174fe9e41a0a4d3ea1dac04a50e [term 10 FOLLOWER]: Leader pre-election vote request: Denying vote to candidate 853707498adf425fb8395cb60f41c9dc for term 11 because replica has last-logged OpId of term: 10 index: 2797, which is greater than that of the candidate, which has last-logged OpId of term: 10 index: 2746.
I0220 18:45:17.770119 28478 tablet_service.cc:1340] Received RequestConsensusVote() RPC: tablet_id: "7e19d7c23cc941e3a7751fe2478481ec" candidate_uuid: "853707498adf425fb8395cb60f41c9dc" candidate_term: 11 candidate_status { last_received { term: 10 index: 2746 } } ignore_live_leader: false dest_uuid: "a6e352f77ef54932a47d9977e15d05f1" is_pre_election: true
I0220 18:45:17.770229 28478 raft_consensus.cc:2356] T 7e19d7c23cc941e3a7751fe2478481ec P a6e352f77ef54932a47d9977e15d05f1 [term 10 FOLLOWER]: Leader pre-election vote request: Denying vote to candidate 853707498adf425fb8395cb60f41c9dc for term 11 because replica has last-logged OpId of term: 10 index: 2797, which is greater than that of the candidate, which has last-logged OpId of term: 10 index: 2746.
I0220 18:45:17.770586 28291 leader_election.cc:307] T 7e19d7c23cc941e3a7751fe2478481ec P 853707498adf425fb8395cb60f41c9dc [CANDIDATE]: Term 11 pre-election: Election decided. Result: candidate lost. Election summary: received 3 responses out of 3 voters: 1 yes votes; 2 no votes. yes voters: 853707498adf425fb8395cb60f41c9dc; no voters: 8c751174fe9e41a0a4d3ea1dac04a50e, a6e352f77ef54932a47d9977e15d05f1
I0220 18:45:17.770854 28860 raft_consensus.cc:2675] T 7e19d7c23cc941e3a7751fe2478481ec P 853707498adf425fb8395cb60f41c9dc [term 10 FOLLOWER]: Leader pre-election lost for term 11. Reason: could not achieve majority
W0220 18:45:17.817384 28320 tablet_service.cc:670] failed transaction from {username='slave'} at 127.0.0.1:38088: Illegal state: Replica 853707498adf425fb8395cb60f41c9dc is not leader of this config. Role: FOLLOWER. Consensus state: current_term: 10 committed_config { opid_index: -1 OBSOLETE_local: false peers { permanent_uuid: "a6e352f77ef54932a47d9977e15d05f1" member_type: VOTER last_known_addr { host: "127.23.135.130" port: 36293 } } peers { permanent_uuid: "8c751174fe9e41a0a4d3ea1dac04a50e" member_type: VOTER last_known_addr { host: "127.23.135.132" port: 33963 } } peers { permanent_uuid: "853707498adf425fb8395cb60f41c9dc" member_type: VOTER last_known_addr { host: "127.23.135.129" port: 34551 } } }
W0220 18:45:17.820827 28448 tablet_service.cc:670] failed transaction from {username='slave'} at 127.0.0.1:34830: Illegal state: Replica a6e352f77ef54932a47d9977e15d05f1 is not leader of this config. Role: FOLLOWER. Consensus state: current_term: 10 committed_config { opid_index: -1 OBSOLETE_local: false peers { permanent_uuid: "a6e352f77ef54932a47d9977e15d05f1" member_type: VOTER last_known_addr { host: "127.23.135.130" port: 36293 } } peers { permanent_uuid: "8c751174fe9e41a0a4d3ea1dac04a50e" member_type: VOTER last_known_addr { host: "127.23.135.132" port: 33963 } } peers { permanent_uuid: "853707498adf425fb8395cb60f41c9dc" member_type: VOTER last_known_addr { host: "127.23.135.129" port: 34551 } } }
I0220 18:45:17.822743 28822 raft_consensus.cc:482] T 7e19d7c23cc941e3a7751fe2478481ec P 8c751174fe9e41a0a4d3ea1dac04a50e [term 10 FOLLOWER]: Starting pre-election (no leader contacted us within the election timeout)
I0220 18:45:17.822858 28822 raft_consensus.cc:504] T 7e19d7c23cc941e3a7751fe2478481ec P 8c751174fe9e41a0a4d3ea1dac04a50e [term 10 FOLLOWER]: Starting pre-election with config: opid_index: -1 OBSOLETE_local: false peers { permanent_uuid: "a6e352f77ef54932a47d9977e15d05f1" member_type: VOTER last_known_addr { host: "127.23.135.130" port: 36293 } } peers { permanent_uuid: "8c751174fe9e41a0a4d3ea1dac04a50e" member_type: VOTER last_known_addr { host: "127.23.135.132" port: 33963 } } peers { permanent_uuid: "853707498adf425fb8395cb60f41c9dc" member_type: VOTER last_known_addr { host: "127.23.135.129" port: 34551 } }
I0220 18:45:17.823299 28822 leader_election.cc:293] T 7e19d7c23cc941e3a7751fe2478481ec P 8c751174fe9e41a0a4d3ea1dac04a50e [CANDIDATE]: Term 11 pre-election: Requested pre-vote from peers a6e352f77ef54932a47d9977e15d05f1 (127.23.135.130:36293), 853707498adf425fb8395cb60f41c9dc (127.23.135.129:34551)
I0220 18:45:17.823722 28478 tablet_service.cc:1340] Received RequestConsensusVote() RPC: tablet_id: "7e19d7c23cc941e3a7751fe2478481ec" candidate_uuid: "8c751174fe9e41a0a4d3ea1dac04a50e" candidate_term: 11 candidate_status { last_received { term: 10 index: 2797 } } ignore_live_leader: false dest_uuid: "a6e352f77ef54932a47d9977e15d05f1" is_pre_election: true
I0220 18:45:17.823722 28346 tablet_service.cc:1340] Received RequestConsensusVote() RPC: tablet_id: "7e19d7c23cc941e3a7751fe2478481ec" candidate_uuid: "8c751174fe9e41a0a4d3ea1dac04a50e" candidate_term: 11 candidate_status { last_received { term: 10 index: 2797 } } ignore_live_leader: false dest_uuid: "853707498adf425fb8395cb60f41c9dc" is_pre_election: true
I0220 18:45:17.823849 28346 raft_consensus.cc:2414] T 7e19d7c23cc941e3a7751fe2478481ec P 853707498adf425fb8395cb60f41c9dc [term 10 FOLLOWER]: Leader pre-election vote request: Granting yes vote for candidate 8c751174fe9e41a0a4d3ea1dac04a50e in term 10.
I0220 18:45:17.823873 28478 raft_consensus.cc:2414] T 7e19d7c23cc941e3a7751fe2478481ec P a6e352f77ef54932a47d9977e15d05f1 [term 10 FOLLOWER]: Leader pre-election vote request: Granting yes vote for candidate 8c751174fe9e41a0a4d3ea1dac04a50e in term 10.
I0220 18:45:17.824164 28671 leader_election.cc:307] T 7e19d7c23cc941e3a7751fe2478481ec P 8c751174fe9e41a0a4d3ea1dac04a50e [CANDIDATE]: Term 11 pre-election: Election decided. Result: candidate won. Election summary: received 2 responses out of 3 voters: 2 yes votes; 0 no votes. yes voters: 853707498adf425fb8395cb60f41c9dc, 8c751174fe9e41a0a4d3ea1dac04a50e; no voters:
I0220 18:45:17.824317 28822 raft_consensus.cc:2730] T 7e19d7c23cc941e3a7751fe2478481ec P 8c751174fe9e41a0a4d3ea1dac04a50e [term 10 FOLLOWER]: Leader pre-election won for term 11
I0220 18:45:17.824354 28822 raft_consensus.cc:482] T 7e19d7c23cc941e3a7751fe2478481ec P 8c751174fe9e41a0a4d3ea1dac04a50e [term 10 FOLLOWER]: Starting leader election (no leader contacted us within the election timeout)
I0220 18:45:17.824385 28822 raft_consensus.cc:2983] T 7e19d7c23cc941e3a7751fe2478481ec P 8c751174fe9e41a0a4d3ea1dac04a50e [term 10 FOLLOWER]: Advancing to term 11
I0220 18:45:17.825676 28822 raft_consensus.cc:504] T 7e19d7c23cc941e3a7751fe2478481ec P 8c751174fe9e41a0a4d3ea1dac04a50e [term 11 FOLLOWER]: Starting leader election with config: opid_index: -1 OBSOLETE_local: false peers { permanent_uuid: "a6e352f77ef54932a47d9977e15d05f1" member_type: VOTER last_known_addr { host: "127.23.135.130" port: 36293 } } peers { permanent_uuid: "8c751174fe9e41a0a4d3ea1dac04a50e" member_type: VOTER last_known_addr { host: "127.23.135.132" port: 33963 } } peers { permanent_uuid: "853707498adf425fb8395cb60f41c9dc" member_type: VOTER last_known_addr { host: "127.23.135.129" port: 34551 } }
I0220 18:45:17.825947 28822 leader_election.cc:293] T 7e19d7c23cc941e3a7751fe2478481ec P 8c751174fe9e41a0a4d3ea1dac04a50e [CANDIDATE]: Term 11 election: Requested vote from peers a6e352f77ef54932a47d9977e15d05f1 (127.23.135.130:36293), 853707498adf425fb8395cb60f41c9dc (127.23.135.129:34551)
I0220 18:45:17.826248 28478 tablet_service.cc:1340] Received RequestConsensusVote() RPC: tablet_id: "7e19d7c23cc941e3a7751fe2478481ec" candidate_uuid: "8c751174fe9e41a0a4d3ea1dac04a50e" candidate_term: 11 candidate_status { last_received { term: 10 index: 2797 } } ignore_live_leader: false dest_uuid: "a6e352f77ef54932a47d9977e15d05f1"
I0220 18:45:17.826267 28346 tablet_service.cc:1340] Received RequestConsensusVote() RPC: tablet_id: "7e19d7c23cc941e3a7751fe2478481ec" candidate_uuid: "8c751174fe9e41a0a4d3ea1dac04a50e" candidate_term: 11 candidate_status { last_received { term: 10 index: 2797 } } ignore_live_leader: false dest_uuid: "853707498adf425fb8395cb60f41c9dc"
I0220 18:45:17.826308 28478 raft_consensus.cc:2983] T 7e19d7c23cc941e3a7751fe2478481ec P a6e352f77ef54932a47d9977e15d05f1 [term 10 FOLLOWER]: Advancing to term 11
I0220 18:45:17.826325 28346 raft_consensus.cc:2983] T 7e19d7c23cc941e3a7751fe2478481ec P 853707498adf425fb8395cb60f41c9dc [term 10 FOLLOWER]: Advancing to term 11
I0220 18:45:17.827373 28346 raft_consensus.cc:2414] T 7e19d7c23cc941e3a7751fe2478481ec P 853707498adf425fb8395cb60f41c9dc [term 11 FOLLOWER]: Leader election vote request: Granting yes vote for candidate 8c751174fe9e41a0a4d3ea1dac04a50e in term 11.
I0220 18:45:17.827386 28478 raft_consensus.cc:2414] T 7e19d7c23cc941e3a7751fe2478481ec P a6e352f77ef54932a47d9977e15d05f1 [term 11 FOLLOWER]: Leader election vote request: Granting yes vote for candidate 8c751174fe9e41a0a4d3ea1dac04a50e in term 11.
I0220 18:45:17.827670 28671 leader_election.cc:307] T 7e19d7c23cc941e3a7751fe2478481ec P 8c751174fe9e41a0a4d3ea1dac04a50e [CANDIDATE]: Term 11 election: Election decided. Result: candidate won. Election summary: received 2 responses out of 3 voters: 2 yes votes; 0 no votes. yes voters: 853707498adf425fb8395cb60f41c9dc, 8c751174fe9e41a0a4d3ea1dac04a50e; no voters:
I0220 18:45:17.827827 28822 raft_consensus.cc:2730] T 7e19d7c23cc941e3a7751fe2478481ec P 8c751174fe9e41a0a4d3ea1dac04a50e [term 11 FOLLOWER]: Leader election won for term 11
I0220 18:45:17.828016 28822 raft_consensus.cc:686] T 7e19d7c23cc941e3a7751fe2478481ec P 8c751174fe9e41a0a4d3ea1dac04a50e [term 11 LEADER]: Becoming Leader. State: Replica: 8c751174fe9e41a0a4d3ea1dac04a50e, State: Running, Role: LEADER
I0220 18:45:17.828312 28822 consensus_queue.cc:229] T 7e19d7c23cc941e3a7751fe2478481ec P 8c751174fe9e41a0a4d3ea1dac04a50e [LEADER]: Queue going to LEADER mode. State: All replicated index: 0, Majority replicated index: 2797, Committed index: 2797, Last appended: 10.2797, Last appended by leader: 2797, Current term: 11, Majority size: 2, State: 0, Mode: LEADER, active raft config: opid_index: -1 OBSOLETE_local: false peers { permanent_uuid: "a6e352f77ef54932a47d9977e15d05f1" member_type: VOTER last_known_addr { host: "127.23.135.130" port: 36293 } } peers { permanent_uuid: "8c751174fe9e41a0a4d3ea1dac04a50e" member_type: VOTER last_known_addr { host: "127.23.135.132" port: 33963 } } peers { permanent_uuid: "853707498adf425fb8395cb60f41c9dc" member_type: VOTER last_known_addr { host: "127.23.135.129" port: 34551 } }
I0220 18:45:17.830596 25164 catalog_manager.cc:4173] T 7e19d7c23cc941e3a7751fe2478481ec P 8c751174fe9e41a0a4d3ea1dac04a50e reported cstate change: term changed from 10 to 11, leader changed from a6e352f77ef54932a47d9977e15d05f1 (127.23.135.130) to 8c751174fe9e41a0a4d3ea1dac04a50e (127.23.135.132). New cstate: current_term: 11 leader_uuid: "8c751174fe9e41a0a4d3ea1dac04a50e" committed_config { opid_index: -1 OBSOLETE_local: false peers { permanent_uuid: "a6e352f77ef54932a47d9977e15d05f1" member_type: VOTER last_known_addr { host: "127.23.135.130" port: 36293 } health_report { overall_health: UNKNOWN } } peers { permanent_uuid: "8c751174fe9e41a0a4d3ea1dac04a50e" member_type: VOTER last_known_addr { host: "127.23.135.132" port: 33963 } health_report { overall_health: HEALTHY } } peers { permanent_uuid: "853707498adf425fb8395cb60f41c9dc" member_type: VOTER last_known_addr { host: "127.23.135.129" port: 34551 } health_report { overall_health: UNKNOWN } } }
I0220 18:45:17.889829 28478 raft_consensus.cc:1210] T 7e19d7c23cc941e3a7751fe2478481ec P a6e352f77ef54932a47d9977e15d05f1 [term 11 FOLLOWER]: Refusing update from remote peer 8c751174fe9e41a0a4d3ea1dac04a50e: Log matching property violated. Preceding OpId in replica: term: 10 index: 2797. Preceding OpId from leader: term: 11 index: 2799. (index mismatch)
I0220 18:45:17.889834 28346 raft_consensus.cc:1210] T 7e19d7c23cc941e3a7751fe2478481ec P 853707498adf425fb8395cb60f41c9dc [term 11 FOLLOWER]: Refusing update from remote peer 8c751174fe9e41a0a4d3ea1dac04a50e: Log matching property violated. Preceding OpId in replica: term: 10 index: 2746. Preceding OpId from leader: term: 11 index: 2799. (index mismatch)
I0220 18:45:17.890457 28867 consensus_queue.cc:1005] T 7e19d7c23cc941e3a7751fe2478481ec P 8c751174fe9e41a0a4d3ea1dac04a50e [LEADER]: Connected to new peer: Peer: permanent_uuid: "853707498adf425fb8395cb60f41c9dc" member_type: VOTER last_known_addr { host: "127.23.135.129" port: 34551 }, Status: LMP_MISMATCH, Last received: 0.0, Next index: 2798, Last known committed idx: 2744, Time since last communication: 0.000s
I0220 18:45:17.890604 28822 consensus_queue.cc:1005] T 7e19d7c23cc941e3a7751fe2478481ec P 8c751174fe9e41a0a4d3ea1dac04a50e [LEADER]: Connected to new peer: Peer: permanent_uuid: "a6e352f77ef54932a47d9977e15d05f1" member_type: VOTER last_known_addr { host: "127.23.135.130" port: 36293 }, Status: LMP_MISMATCH, Last received: 0.0, Next index: 2798, Last known committed idx: 2796, Time since last communication: 0.000s
I0220 18:45:17.898135 28874 mvcc.cc:203] Tried to move safe_time back from 6480790806070923264 to 6480790805826400256. Current Snapshot: MvccSnapshot[committed={T|T < 6480790806070923264}]
I0220 18:45:17.898277 28861 mvcc.cc:203] Tried to move safe_time back from 6480790806070923264 to 6480790805826400256. Current Snapshot: MvccSnapshot[committed={T|T < 6480790806070923264}]
I0220 18:45:18.015298 28859 mvcc.cc:203] Tried to move safe_time back from 6480790806070923264 to 6480790805826400256. Current Snapshot: MvccSnapshot[committed={T|T < 6480790806070923264 or (T in {6480790806070923264})}]
I0220 18:45:22.587352 25163 ts_manager.cc:267] Unset tserver state for a6e352f77ef54932a47d9977e15d05f1 from MAINTENANCE_MODE
I0220 18:45:22.597295 25164 ts_manager.cc:267] Unset tserver state for 8c751174fe9e41a0a4d3ea1dac04a50e from MAINTENANCE_MODE
I0220 18:45:22.788985 25164 ts_manager.cc:267] Unset tserver state for 853707498adf425fb8395cb60f41c9dc from MAINTENANCE_MODE
I0220 18:45:22.805694 25164 ts_manager.cc:267] Unset tserver state for e4c29ba8de7e4745a4e497d213d63742 from MAINTENANCE_MODE
I0220 18:45:22.915289 28532 heartbeater.cc:455] Master 127.23.135.190:41437 requested a full tablet report, sending...
I0220 18:45:22.967670 28403 heartbeater.cc:455] Master 127.23.135.190:41437 requested a full tablet report, sending...
I0220 18:45:22.971014 28785 heartbeater.cc:455] Master 127.23.135.190:41437 requested a full tablet report, sending...
I0220 18:45:23.232726 28659 heartbeater.cc:455] Master 127.23.135.190:41437 requested a full tablet report, sending...
I0220 18:45:23.366418 25164 ts_manager.cc:278] Set tserver state for 8c751174fe9e41a0a4d3ea1dac04a50e to MAINTENANCE_MODE
I0220 18:45:23.403857 25164 ts_manager.cc:278] Set tserver state for 853707498adf425fb8395cb60f41c9dc to MAINTENANCE_MODE
I0220 18:45:23.405640 25164 ts_manager.cc:278] Set tserver state for e4c29ba8de7e4745a4e497d213d63742 to MAINTENANCE_MODE
I0220 18:45:23.421952 25164 ts_manager.cc:278] Set tserver state for a6e352f77ef54932a47d9977e15d05f1 to MAINTENANCE_MODE
I0220 18:45:23.532464 28715 tablet_service.cc:1022] Tablet server 8c751174fe9e41a0a4d3ea1dac04a50e set to quiescing
I0220 18:45:23.532580 28715 tablet_service.cc:1029] Tablet server has 1 leaders and 1 scanners
I0220 18:45:23.535928 28867 raft_consensus.cc:929] T 7e19d7c23cc941e3a7751fe2478481ec P 8c751174fe9e41a0a4d3ea1dac04a50e: : Instructing follower a6e352f77ef54932a47d9977e15d05f1 to start an election
I0220 18:45:23.536077 28867 raft_consensus.cc:1017] T 7e19d7c23cc941e3a7751fe2478481ec P 8c751174fe9e41a0a4d3ea1dac04a50e [term 11 LEADER]: Signalling peer a6e352f77ef54932a47d9977e15d05f1 to start an election
I0220 18:45:23.541741 28903 raft_consensus.cc:929] T 7e19d7c23cc941e3a7751fe2478481ec P 8c751174fe9e41a0a4d3ea1dac04a50e: : Instructing follower a6e352f77ef54932a47d9977e15d05f1 to start an election
I0220 18:45:23.541816 28903 raft_consensus.cc:1017] T 7e19d7c23cc941e3a7751fe2478481ec P 8c751174fe9e41a0a4d3ea1dac04a50e [term 11 LEADER]: Signalling peer a6e352f77ef54932a47d9977e15d05f1 to start an election
I0220 18:45:23.541890 28903 raft_consensus.cc:929] T 7e19d7c23cc941e3a7751fe2478481ec P 8c751174fe9e41a0a4d3ea1dac04a50e: : Instructing follower 853707498adf425fb8395cb60f41c9dc to start an election
I0220 18:45:23.541935 28903 raft_consensus.cc:1017] T 7e19d7c23cc941e3a7751fe2478481ec P 8c751174fe9e41a0a4d3ea1dac04a50e [term 11 LEADER]: Signalling peer 853707498adf425fb8395cb60f41c9dc to start an election
I0220 18:45:23.542544 28476 tablet_service.cc:1457] Received Run Leader Election RPC: tablet_id: "7e19d7c23cc941e3a7751fe2478481ec" dest_uuid: "a6e352f77ef54932a47d9977e15d05f1" from {username='slave'} at 127.23.135.132:45417
I0220 18:45:23.542544 28478 tablet_service.cc:1457] Received Run Leader Election RPC: tablet_id: "7e19d7c23cc941e3a7751fe2478481ec" dest_uuid: "a6e352f77ef54932a47d9977e15d05f1" from {username='slave'} at 127.23.135.132:45417
I0220 18:45:23.542634 28476 raft_consensus.cc:482] T 7e19d7c23cc941e3a7751fe2478481ec P a6e352f77ef54932a47d9977e15d05f1 [term 11 FOLLOWER]: Starting forced leader election (received explicit request)
I0220 18:45:23.542661 28476 raft_consensus.cc:2983] T 7e19d7c23cc941e3a7751fe2478481ec P a6e352f77ef54932a47d9977e15d05f1 [term 11 FOLLOWER]: Advancing to term 12
I0220 18:45:23.543566 28476 raft_consensus.cc:504] T 7e19d7c23cc941e3a7751fe2478481ec P a6e352f77ef54932a47d9977e15d05f1 [term 12 FOLLOWER]: Starting forced leader election with config: opid_index: -1 OBSOLETE_local: false peers { permanent_uuid: "a6e352f77ef54932a47d9977e15d05f1" member_type: VOTER last_known_addr { host: "127.23.135.130" port: 36293 } } peers { permanent_uuid: "8c751174fe9e41a0a4d3ea1dac04a50e" member_type: VOTER last_known_addr { host: "127.23.135.132" port: 33963 } } peers { permanent_uuid: "853707498adf425fb8395cb60f41c9dc" member_type: VOTER last_known_addr { host: "127.23.135.129" port: 34551 } }
I0220 18:45:23.544086 28822 raft_consensus.cc:929] T 7e19d7c23cc941e3a7751fe2478481ec P 8c751174fe9e41a0a4d3ea1dac04a50e: : Instructing follower 853707498adf425fb8395cb60f41c9dc to start an election
I0220 18:45:23.544153 28822 raft_consensus.cc:1017] T 7e19d7c23cc941e3a7751fe2478481ec P 8c751174fe9e41a0a4d3ea1dac04a50e [term 11 LEADER]: Signalling peer 853707498adf425fb8395cb60f41c9dc to start an election
I0220 18:45:23.544412 28478 raft_consensus.cc:482] T 7e19d7c23cc941e3a7751fe2478481ec P a6e352f77ef54932a47d9977e15d05f1 [term 12 FOLLOWER]: Starting forced leader election (received explicit request)
I0220 18:45:23.544572 28478 raft_consensus.cc:2983] T 7e19d7c23cc941e3a7751fe2478481ec P a6e352f77ef54932a47d9977e15d05f1 [term 12 FOLLOWER]: Advancing to term 13
I0220 18:45:23.545212 28346 tablet_service.cc:1457] Received Run Leader Election RPC: tablet_id: "7e19d7c23cc941e3a7751fe2478481ec" dest_uuid: "853707498adf425fb8395cb60f41c9dc" from {username='slave'} at 127.23.135.132:37903
I0220 18:45:23.545275 28346 raft_consensus.cc:482] T 7e19d7c23cc941e3a7751fe2478481ec P 853707498adf425fb8395cb60f41c9dc [term 11 FOLLOWER]: Starting forced leader election (received explicit request)
I0220 18:45:23.545300 28346 raft_consensus.cc:2983] T 7e19d7c23cc941e3a7751fe2478481ec P 853707498adf425fb8395cb60f41c9dc [term 11 FOLLOWER]: Advancing to term 12
I0220 18:45:23.545675 28478 raft_consensus.cc:504] T 7e19d7c23cc941e3a7751fe2478481ec P a6e352f77ef54932a47d9977e15d05f1 [term 13 FOLLOWER]: Starting forced leader election with config: opid_index: -1 OBSOLETE_local: false peers { permanent_uuid: "a6e352f77ef54932a47d9977e15d05f1" member_type: VOTER last_known_addr { host: "127.23.135.130" port: 36293 } } peers { permanent_uuid: "8c751174fe9e41a0a4d3ea1dac04a50e" member_type: VOTER last_known_addr { host: "127.23.135.132" port: 33963 } } peers { permanent_uuid: "853707498adf425fb8395cb60f41c9dc" member_type: VOTER last_known_addr { host: "127.23.135.129" port: 34551 } }
I0220 18:45:23.546025 28478 leader_election.cc:293] T 7e19d7c23cc941e3a7751fe2478481ec P a6e352f77ef54932a47d9977e15d05f1 [CANDIDATE]: Term 13 election: Requested vote from peers 8c751174fe9e41a0a4d3ea1dac04a50e (127.23.135.132:33963), 853707498adf425fb8395cb60f41c9dc (127.23.135.129:34551)
I0220 18:45:23.546195 28346 raft_consensus.cc:504] T 7e19d7c23cc941e3a7751fe2478481ec P 853707498adf425fb8395cb60f41c9dc [term 12 FOLLOWER]: Starting forced leader election with config: opid_index: -1 OBSOLETE_local: false peers { permanent_uuid: "a6e352f77ef54932a47d9977e15d05f1" member_type: VOTER last_known_addr { host: "127.23.135.130" port: 36293 } } peers { permanent_uuid: "8c751174fe9e41a0a4d3ea1dac04a50e" member_type: VOTER last_known_addr { host: "127.23.135.132" port: 33963 } } peers { permanent_uuid: "853707498adf425fb8395cb60f41c9dc" member_type: VOTER last_known_addr { host: "127.23.135.129" port: 34551 } }
I0220 18:45:23.546416 28476 leader_election.cc:293] T 7e19d7c23cc941e3a7751fe2478481ec P a6e352f77ef54932a47d9977e15d05f1 [CANDIDATE]: Term 12 election: Requested vote from peers 8c751174fe9e41a0a4d3ea1dac04a50e (127.23.135.132:33963), 853707498adf425fb8395cb60f41c9dc (127.23.135.129:34551)
I0220 18:45:23.546469 28346 leader_election.cc:293] T 7e19d7c23cc941e3a7751fe2478481ec P 853707498adf425fb8395cb60f41c9dc [CANDIDATE]: Term 12 election: Requested vote from peers a6e352f77ef54932a47d9977e15d05f1 (127.23.135.130:36293), 8c751174fe9e41a0a4d3ea1dac04a50e (127.23.135.132:33963)
I0220 18:45:23.547780 28354 tablet_service.cc:1457] Received Run Leader Election RPC: tablet_id: "7e19d7c23cc941e3a7751fe2478481ec" dest_uuid: "853707498adf425fb8395cb60f41c9dc" from {username='slave'} at 127.23.135.132:37903
I0220 18:45:23.547829 28354 raft_consensus.cc:482] T 7e19d7c23cc941e3a7751fe2478481ec P 853707498adf425fb8395cb60f41c9dc [term 12 FOLLOWER]: Starting forced leader election (received explicit request)
I0220 18:45:23.547855 28354 raft_consensus.cc:2983] T 7e19d7c23cc941e3a7751fe2478481ec P 853707498adf425fb8395cb60f41c9dc [term 12 FOLLOWER]: Advancing to term 13
I0220 18:45:23.548125 28742 tablet_service.cc:1340] Received RequestConsensusVote() RPC: tablet_id: "7e19d7c23cc941e3a7751fe2478481ec" candidate_uuid: "853707498adf425fb8395cb60f41c9dc" candidate_term: 12 candidate_status { last_received { term: 11 index: 3721 } } ignore_live_leader: true dest_uuid: "8c751174fe9e41a0a4d3ea1dac04a50e"
I0220 18:45:23.548523 28476 tablet_service.cc:1340] Received RequestConsensusVote() RPC: tablet_id: "7e19d7c23cc941e3a7751fe2478481ec" candidate_uuid: "853707498adf425fb8395cb60f41c9dc" candidate_term: 12 candidate_status { last_received { term: 11 index: 3721 } } ignore_live_leader: true dest_uuid: "a6e352f77ef54932a47d9977e15d05f1"
I0220 18:45:23.548575 28476 raft_consensus.cc:2314] T 7e19d7c23cc941e3a7751fe2478481ec P a6e352f77ef54932a47d9977e15d05f1 [term 13 FOLLOWER]: Leader election vote request: Denying vote to candidate 853707498adf425fb8395cb60f41c9dc for earlier term 12. Current term is 13.
I0220 18:45:23.548632 28354 raft_consensus.cc:504] T 7e19d7c23cc941e3a7751fe2478481ec P 853707498adf425fb8395cb60f41c9dc [term 13 FOLLOWER]: Starting forced leader election with config: opid_index: -1 OBSOLETE_local: false peers { permanent_uuid: "a6e352f77ef54932a47d9977e15d05f1" member_type: VOTER last_known_addr { host: "127.23.135.130" port: 36293 } } peers { permanent_uuid: "8c751174fe9e41a0a4d3ea1dac04a50e" member_type: VOTER last_known_addr { host: "127.23.135.132" port: 33963 } } peers { permanent_uuid: "853707498adf425fb8395cb60f41c9dc" member_type: VOTER last_known_addr { host: "127.23.135.129" port: 34551 } }
I0220 18:45:23.548852 28354 leader_election.cc:293] T 7e19d7c23cc941e3a7751fe2478481ec P 853707498adf425fb8395cb60f41c9dc [CANDIDATE]: Term 13 election: Requested vote from peers a6e352f77ef54932a47d9977e15d05f1 (127.23.135.130:36293), 8c751174fe9e41a0a4d3ea1dac04a50e (127.23.135.132:33963)
I0220 18:45:23.549206 28742 tablet_service.cc:1340] Received RequestConsensusVote() RPC: tablet_id: "7e19d7c23cc941e3a7751fe2478481ec" candidate_uuid: "853707498adf425fb8395cb60f41c9dc" candidate_term: 13 candidate_status { last_received { term: 11 index: 3721 } } ignore_live_leader: true dest_uuid: "8c751174fe9e41a0a4d3ea1dac04a50e"
I0220 18:45:23.549532 28291 leader_election.cc:403] T 7e19d7c23cc941e3a7751fe2478481ec P 853707498adf425fb8395cb60f41c9dc [CANDIDATE]: Term 12 election: Vote denied by peer a6e352f77ef54932a47d9977e15d05f1 (127.23.135.130:36293) with higher term. Message: Invalid argument: T 7e19d7c23cc941e3a7751fe2478481ec P a6e352f77ef54932a47d9977e15d05f1 [term 13 FOLLOWER]: Leader election vote request: Denying vote to candidate 853707498adf425fb8395cb60f41c9dc for earlier term 12. Current term is 13.
I0220 18:45:23.549549 28291 leader_election.cc:406] T 7e19d7c23cc941e3a7751fe2478481ec P 853707498adf425fb8395cb60f41c9dc [CANDIDATE]: Term 12 election: Cancelling election due to peer responding with higher term
I0220 18:45:23.550024 28476 tablet_service.cc:1340] Received RequestConsensusVote() RPC: tablet_id: "7e19d7c23cc941e3a7751fe2478481ec" candidate_uuid: "853707498adf425fb8395cb60f41c9dc" candidate_term: 13 candidate_status { last_received { term: 11 index: 3721 } } ignore_live_leader: true dest_uuid: "a6e352f77ef54932a47d9977e15d05f1"
I0220 18:45:23.550102 28476 raft_consensus.cc:2339] T 7e19d7c23cc941e3a7751fe2478481ec P a6e352f77ef54932a47d9977e15d05f1 [term 13 FOLLOWER]: Leader election vote request: Denying vote to candidate 853707498adf425fb8395cb60f41c9dc in current term 13: Already voted for candidate a6e352f77ef54932a47d9977e15d05f1 in this term.
I0220 18:45:23.550420 28478 raft_consensus.cc:1175] T 7e19d7c23cc941e3a7751fe2478481ec P a6e352f77ef54932a47d9977e15d05f1 [term 13 FOLLOWER]: Rejecting Update request from peer 8c751174fe9e41a0a4d3ea1dac04a50e for earlier term 11. Current term is 13. Ops: []
I0220 18:45:23.550781 28291 leader_election.cc:307] T 7e19d7c23cc941e3a7751fe2478481ec P 853707498adf425fb8395cb60f41c9dc [CANDIDATE]: Term 13 election: Election decided. Result: candidate lost. Election summary: received 3 responses out of 3 voters: 1 yes votes; 2 no votes. yes voters: 853707498adf425fb8395cb60f41c9dc; no voters: 8c751174fe9e41a0a4d3ea1dac04a50e, a6e352f77ef54932a47d9977e15d05f1
I0220 18:45:23.550850 28867 consensus_queue.cc:1016] T 7e19d7c23cc941e3a7751fe2478481ec P 8c751174fe9e41a0a4d3ea1dac04a50e [LEADER]: Peer responded invalid term: Peer: permanent_uuid: "a6e352f77ef54932a47d9977e15d05f1" member_type: VOTER last_known_addr { host: "127.23.135.130" port: 36293 }, Status: INVALID_TERM, Last received: 11.3721, Next index: 3722, Last known committed idx: 3721, Time since last communication: 0.000s
I0220 18:45:23.550957 28867 raft_consensus.cc:2978] T 7e19d7c23cc941e3a7751fe2478481ec P 8c751174fe9e41a0a4d3ea1dac04a50e [term 11 LEADER]: Stepping down as leader of term 11
I0220 18:45:23.550974 28867 raft_consensus.cc:726] T 7e19d7c23cc941e3a7751fe2478481ec P 8c751174fe9e41a0a4d3ea1dac04a50e [term 11 LEADER]: Becoming Follower/Learner. State: Replica: 8c751174fe9e41a0a4d3ea1dac04a50e, State: Running, Role: LEADER
I0220 18:45:23.551100 28867 consensus_queue.cc:252] T 7e19d7c23cc941e3a7751fe2478481ec P 8c751174fe9e41a0a4d3ea1dac04a50e [NON_LEADER]: Queue going to NON_LEADER mode. State: All replicated index: 0, Majority replicated index: 3721, Committed index: 3721, Last appended: 11.3722, Last appended by leader: 3722, Current term: 11, Majority size: -1, State: 0, Mode: NON_LEADER, active raft config: opid_index: -1 OBSOLETE_local: false peers { permanent_uuid: "a6e352f77ef54932a47d9977e15d05f1" member_type: VOTER last_known_addr { host: "127.23.135.130" port: 36293 } } peers { permanent_uuid: "8c751174fe9e41a0a4d3ea1dac04a50e" member_type: VOTER last_known_addr { host: "127.23.135.132" port: 33963 } } peers { permanent_uuid: "853707498adf425fb8395cb60f41c9dc" member_type: VOTER last_known_addr { host: "127.23.135.129" port: 34551 } }
I0220 18:45:23.551846 28354 raft_consensus.cc:1175] T 7e19d7c23cc941e3a7751fe2478481ec P 853707498adf425fb8395cb60f41c9dc [term 13 FOLLOWER]: Rejecting Update request from peer 8c751174fe9e41a0a4d3ea1dac04a50e for earlier term 11. Current term is 13. Ops: []
I0220 18:45:23.552327 28995 consensus_queue.cc:1016] T 7e19d7c23cc941e3a7751fe2478481ec P 8c751174fe9e41a0a4d3ea1dac04a50e [NON_LEADER]: Peer responded invalid term: Peer: permanent_uuid: "853707498adf425fb8395cb60f41c9dc" member_type: VOTER last_known_addr { host: "127.23.135.129" port: 34551 }, Status: INVALID_TERM, Last received: 11.3721, Next index: 3722, Last known committed idx: 3721, Time since last communication: 0.000s
I0220 18:45:23.553297 28867 raft_consensus.cc:2983] T 7e19d7c23cc941e3a7751fe2478481ec P 8c751174fe9e41a0a4d3ea1dac04a50e [term 11 FOLLOWER]: Advancing to term 13
W0220 18:45:23.553957 28874 tablet_service.cc:670] failed transaction from {username='slave'} at 127.0.0.1:39908: Illegal state: Cannot assign timestamp to transaction. Tablet is not in leader mode. Last heard from a leader: 0.007s ago.
W0220 18:45:23.554903 28874 tablet_service.cc:670] failed transaction from {username='slave'} at 127.0.0.1:39908: Illegal state: Cannot assign timestamp to transaction. Tablet is not in leader mode. Last heard from a leader: 0.008s ago.
I0220 18:45:23.555770 29056 raft_consensus.cc:2675] T 7e19d7c23cc941e3a7751fe2478481ec P 853707498adf425fb8395cb60f41c9dc [term 13 FOLLOWER]: Leader election lost for term 12. Reason: Vote denied by peer a6e352f77ef54932a47d9977e15d05f1 (127.23.135.130:36293) with higher term. Message: Invalid argument: T 7e19d7c23cc941e3a7751fe2478481ec P a6e352f77ef54932a47d9977e15d05f1 [term 13 FOLLOWER]: Leader election vote request: Denying vote to candidate 853707498adf425fb8395cb60f41c9dc for earlier term 12. Current term is 13.
I0220 18:45:23.555864 29057 raft_consensus.cc:2675] T 7e19d7c23cc941e3a7751fe2478481ec P 853707498adf425fb8395cb60f41c9dc [term 13 FOLLOWER]: Leader election lost for term 13. Reason: could not achieve majority
W0220 18:45:23.557128 28436 tablet_service.cc:670] failed transaction from {username='slave'} at 127.0.0.1:34830: Illegal state: Replica a6e352f77ef54932a47d9977e15d05f1 is not leader of this config. Role: FOLLOWER. Consensus state: current_term: 13 committed_config { opid_index: -1 OBSOLETE_local: false peers { permanent_uuid: "a6e352f77ef54932a47d9977e15d05f1" member_type: VOTER last_known_addr { host: "127.23.135.130" port: 36293 } } peers { permanent_uuid: "8c751174fe9e41a0a4d3ea1dac04a50e" member_type: VOTER last_known_addr { host: "127.23.135.132" port: 33963 } } peers { permanent_uuid: "853707498adf425fb8395cb60f41c9dc" member_type: VOTER last_known_addr { host: "127.23.135.129" port: 34551 } } }
W0220 18:45:23.559855 28436 tablet_service.cc:670] failed transaction from {username='slave'} at 127.0.0.1:34830: Illegal state: Replica a6e352f77ef54932a47d9977e15d05f1 is not leader of this config. Role: FOLLOWER. Consensus state: current_term: 13 committed_config { opid_index: -1 OBSOLETE_local: false peers { permanent_uuid: "a6e352f77ef54932a47d9977e15d05f1" member_type: VOTER last_known_addr { host: "127.23.135.130" port: 36293 } } peers { permanent_uuid: "8c751174fe9e41a0a4d3ea1dac04a50e" member_type: VOTER last_known_addr { host: "127.23.135.132" port: 33963 } } peers { permanent_uuid: "853707498adf425fb8395cb60f41c9dc" member_type: VOTER last_known_addr { host: "127.23.135.129" port: 34551 } } }
I0220 18:45:23.560971 28742 tablet_service.cc:1340] Received RequestConsensusVote() RPC: tablet_id: "7e19d7c23cc941e3a7751fe2478481ec" candidate_uuid: "a6e352f77ef54932a47d9977e15d05f1" candidate_term: 13 candidate_status { last_received { term: 11 index: 3721 } } ignore_live_leader: true dest_uuid: "8c751174fe9e41a0a4d3ea1dac04a50e"
I0220 18:45:23.561043 28742 raft_consensus.cc:2356] T 7e19d7c23cc941e3a7751fe2478481ec P 8c751174fe9e41a0a4d3ea1dac04a50e [term 13 FOLLOWER]: Leader election vote request: Denying vote to candidate a6e352f77ef54932a47d9977e15d05f1 for term 13 because replica has last-logged OpId of term: 11 index: 3722, which is greater than that of the candidate, which has last-logged OpId of term: 11 index: 3721.
I0220 18:45:23.561648 28742 tablet_service.cc:1340] Received RequestConsensusVote() RPC: tablet_id: "7e19d7c23cc941e3a7751fe2478481ec" candidate_uuid: "a6e352f77ef54932a47d9977e15d05f1" candidate_term: 12 candidate_status { last_received { term: 11 index: 3721 } } ignore_live_leader: true dest_uuid: "8c751174fe9e41a0a4d3ea1dac04a50e"
I0220 18:45:23.561684 28354 tablet_service.cc:1340] Received RequestConsensusVote() RPC: tablet_id: "7e19d7c23cc941e3a7751fe2478481ec" candidate_uuid: "a6e352f77ef54932a47d9977e15d05f1" candidate_term: 13 candidate_status { last_received { term: 11 index: 3721 } } ignore_live_leader: true dest_uuid: "853707498adf425fb8395cb60f41c9dc"
I0220 18:45:23.561715 28742 raft_consensus.cc:2314] T 7e19d7c23cc941e3a7751fe2478481ec P 8c751174fe9e41a0a4d3ea1dac04a50e [term 13 FOLLOWER]: Leader election vote request: Denying vote to candidate a6e352f77ef54932a47d9977e15d05f1 for earlier term 12. Current term is 13.
