I0220 18:44:54.804227 26697 ts_tablet_manager.cc:1142] T 7e19d7c23cc941e3a7751fe2478481ec P 853707498adf425fb8395cb60f41c9dc: Time spent starting tablet: real 0.006s user 0.008s sys 0.000s
W0220 18:44:54.983503 26719 tablet_service.cc:670] failed transaction from {username='slave'} at 127.0.0.1:37906: Illegal state: Replica 853707498adf425fb8395cb60f41c9dc is not leader of this config. Role: FOLLOWER. Consensus state: current_term: 6 committed_config { opid_index: -1 OBSOLETE_local: false peers { permanent_uuid: "a6e352f77ef54932a47d9977e15d05f1" member_type: VOTER last_known_addr { host: "127.23.135.130" port: 36293 } } peers { permanent_uuid: "8c751174fe9e41a0a4d3ea1dac04a50e" member_type: VOTER last_known_addr { host: "127.23.135.132" port: 33963 } } peers { permanent_uuid: "853707498adf425fb8395cb60f41c9dc" member_type: VOTER last_known_addr { host: "127.23.135.129" port: 34551 } } }
W0220 18:44:54.986253 26719 tablet_service.cc:670] failed transaction from {username='slave'} at 127.0.0.1:37906: Illegal state: Replica 853707498adf425fb8395cb60f41c9dc is not leader of this config. Role: FOLLOWER. Consensus state: current_term: 6 committed_config { opid_index: -1 OBSOLETE_local: false peers { permanent_uuid: "a6e352f77ef54932a47d9977e15d05f1" member_type: VOTER last_known_addr { host: "127.23.135.130" port: 36293 } } peers { permanent_uuid: "8c751174fe9e41a0a4d3ea1dac04a50e" member_type: VOTER last_known_addr { host: "127.23.135.132" port: 33963 } } peers { permanent_uuid: "853707498adf425fb8395cb60f41c9dc" member_type: VOTER last_known_addr { host: "127.23.135.129" port: 34551 } } }
I0220 18:44:55.056969 27219 raft_consensus.cc:482] T 7e19d7c23cc941e3a7751fe2478481ec P 853707498adf425fb8395cb60f41c9dc [term 6 FOLLOWER]: Starting pre-election (no leader contacted us within the election timeout)
I0220 18:44:55.057155 27219 raft_consensus.cc:504] T 7e19d7c23cc941e3a7751fe2478481ec P 853707498adf425fb8395cb60f41c9dc [term 6 FOLLOWER]: Starting pre-election with config: opid_index: -1 OBSOLETE_local: false peers { permanent_uuid: "a6e352f77ef54932a47d9977e15d05f1" member_type: VOTER last_known_addr { host: "127.23.135.130" port: 36293 } } peers { permanent_uuid: "8c751174fe9e41a0a4d3ea1dac04a50e" member_type: VOTER last_known_addr { host: "127.23.135.132" port: 33963 } } peers { permanent_uuid: "853707498adf425fb8395cb60f41c9dc" member_type: VOTER last_known_addr { host: "127.23.135.129" port: 34551 } }
I0220 18:44:55.058032 27219 leader_election.cc:293] T 7e19d7c23cc941e3a7751fe2478481ec P 853707498adf425fb8395cb60f41c9dc [CANDIDATE]: Term 7 pre-election: Requested pre-vote from peers a6e352f77ef54932a47d9977e15d05f1 (127.23.135.130:36293), 8c751174fe9e41a0a4d3ea1dac04a50e (127.23.135.132:33963)
I0220 18:44:55.064599 26883 tablet_service.cc:1340] Received RequestConsensusVote() RPC: tablet_id: "7e19d7c23cc941e3a7751fe2478481ec" candidate_uuid: "853707498adf425fb8395cb60f41c9dc" candidate_term: 7 candidate_status { last_received { term: 5 index: 1367 } } ignore_live_leader: false dest_uuid: "a6e352f77ef54932a47d9977e15d05f1" is_pre_election: true
I0220 18:44:55.065049 27119 tablet_service.cc:1340] Received RequestConsensusVote() RPC: tablet_id: "7e19d7c23cc941e3a7751fe2478481ec" candidate_uuid: "853707498adf425fb8395cb60f41c9dc" candidate_term: 7 candidate_status { last_received { term: 5 index: 1367 } } ignore_live_leader: false dest_uuid: "8c751174fe9e41a0a4d3ea1dac04a50e" is_pre_election: true
W0220 18:44:55.065259 26690 leader_election.cc:346] T 7e19d7c23cc941e3a7751fe2478481ec P 853707498adf425fb8395cb60f41c9dc [CANDIDATE]: Term 7 pre-election: Tablet error from VoteRequest() call to peer a6e352f77ef54932a47d9977e15d05f1 (127.23.135.130:36293): Illegal state: must be running to vote when last-logged opid is not known
W0220 18:44:55.065588 26688 leader_election.cc:346] T 7e19d7c23cc941e3a7751fe2478481ec P 853707498adf425fb8395cb60f41c9dc [CANDIDATE]: Term 7 pre-election: Tablet error from VoteRequest() call to peer 8c751174fe9e41a0a4d3ea1dac04a50e (127.23.135.132:33963): Illegal state: must be running to vote when last-logged opid is not known
I0220 18:44:55.065668 26688 leader_election.cc:307] T 7e19d7c23cc941e3a7751fe2478481ec P 853707498adf425fb8395cb60f41c9dc [CANDIDATE]: Term 7 pre-election: Election decided. Result: candidate lost. Election summary: received 3 responses out of 3 voters: 1 yes votes; 2 no votes. yes voters: 853707498adf425fb8395cb60f41c9dc; no voters: 8c751174fe9e41a0a4d3ea1dac04a50e, a6e352f77ef54932a47d9977e15d05f1
I0220 18:44:55.065922 27219 raft_consensus.cc:2675] T 7e19d7c23cc941e3a7751fe2478481ec P 853707498adf425fb8395cb60f41c9dc [term 6 FOLLOWER]: Leader pre-election lost for term 7. Reason: could not achieve majority
W0220 18:44:55.255429 26718 tablet_service.cc:670] failed transaction from {username='slave'} at 127.0.0.1:37906: Illegal state: Replica 853707498adf425fb8395cb60f41c9dc is not leader of this config. Role: FOLLOWER. Consensus state: current_term: 6 committed_config { opid_index: -1 OBSOLETE_local: false peers { permanent_uuid: "a6e352f77ef54932a47d9977e15d05f1" member_type: VOTER last_known_addr { host: "127.23.135.130" port: 36293 } } peers { permanent_uuid: "8c751174fe9e41a0a4d3ea1dac04a50e" member_type: VOTER last_known_addr { host: "127.23.135.132" port: 33963 } } peers { permanent_uuid: "853707498adf425fb8395cb60f41c9dc" member_type: VOTER last_known_addr { host: "127.23.135.129" port: 34551 } } }
W0220 18:44:55.255502 26719 tablet_service.cc:670] failed transaction from {username='slave'} at 127.0.0.1:37906: Illegal state: Replica 853707498adf425fb8395cb60f41c9dc is not leader of this config. Role: FOLLOWER. Consensus state: current_term: 6 committed_config { opid_index: -1 OBSOLETE_local: false peers { permanent_uuid: "a6e352f77ef54932a47d9977e15d05f1" member_type: VOTER last_known_addr { host: "127.23.135.130" port: 36293 } } peers { permanent_uuid: "8c751174fe9e41a0a4d3ea1dac04a50e" member_type: VOTER last_known_addr { host: "127.23.135.132" port: 33963 } } peers { permanent_uuid: "853707498adf425fb8395cb60f41c9dc" member_type: VOTER last_known_addr { host: "127.23.135.129" port: 34551 } } }
I0220 18:44:55.484572 27219 raft_consensus.cc:482] T 7e19d7c23cc941e3a7751fe2478481ec P 853707498adf425fb8395cb60f41c9dc [term 6 FOLLOWER]: Starting pre-election (no leader contacted us within the election timeout)
I0220 18:44:55.484699 27219 raft_consensus.cc:504] T 7e19d7c23cc941e3a7751fe2478481ec P 853707498adf425fb8395cb60f41c9dc [term 6 FOLLOWER]: Starting pre-election with config: opid_index: -1 OBSOLETE_local: false peers { permanent_uuid: "a6e352f77ef54932a47d9977e15d05f1" member_type: VOTER last_known_addr { host: "127.23.135.130" port: 36293 } } peers { permanent_uuid: "8c751174fe9e41a0a4d3ea1dac04a50e" member_type: VOTER last_known_addr { host: "127.23.135.132" port: 33963 } } peers { permanent_uuid: "853707498adf425fb8395cb60f41c9dc" member_type: VOTER last_known_addr { host: "127.23.135.129" port: 34551 } }
I0220 18:44:55.485004 27219 leader_election.cc:293] T 7e19d7c23cc941e3a7751fe2478481ec P 853707498adf425fb8395cb60f41c9dc [CANDIDATE]: Term 7 pre-election: Requested pre-vote from peers a6e352f77ef54932a47d9977e15d05f1 (127.23.135.130:36293), 8c751174fe9e41a0a4d3ea1dac04a50e (127.23.135.132:33963)
I0220 18:44:55.485687 27119 tablet_service.cc:1340] Received RequestConsensusVote() RPC: tablet_id: "7e19d7c23cc941e3a7751fe2478481ec" candidate_uuid: "853707498adf425fb8395cb60f41c9dc" candidate_term: 7 candidate_status { last_received { term: 5 index: 1367 } } ignore_live_leader: false dest_uuid: "8c751174fe9e41a0a4d3ea1dac04a50e" is_pre_election: true
I0220 18:44:55.486016 26883 tablet_service.cc:1340] Received RequestConsensusVote() RPC: tablet_id: "7e19d7c23cc941e3a7751fe2478481ec" candidate_uuid: "853707498adf425fb8395cb60f41c9dc" candidate_term: 7 candidate_status { last_received { term: 5 index: 1367 } } ignore_live_leader: false dest_uuid: "a6e352f77ef54932a47d9977e15d05f1" is_pre_election: true
W0220 18:44:55.486073 26688 leader_election.cc:346] T 7e19d7c23cc941e3a7751fe2478481ec P 853707498adf425fb8395cb60f41c9dc [CANDIDATE]: Term 7 pre-election: Tablet error from VoteRequest() call to peer 8c751174fe9e41a0a4d3ea1dac04a50e (127.23.135.132:33963): Illegal state: must be running to vote when last-logged opid is not known
W0220 18:44:55.486380 26690 leader_election.cc:346] T 7e19d7c23cc941e3a7751fe2478481ec P 853707498adf425fb8395cb60f41c9dc [CANDIDATE]: Term 7 pre-election: Tablet error from VoteRequest() call to peer a6e352f77ef54932a47d9977e15d05f1 (127.23.135.130:36293): Illegal state: must be running to vote when last-logged opid is not known
I0220 18:44:55.486429 26690 leader_election.cc:307] T 7e19d7c23cc941e3a7751fe2478481ec P 853707498adf425fb8395cb60f41c9dc [CANDIDATE]: Term 7 pre-election: Election decided. Result: candidate lost. Election summary: received 3 responses out of 3 voters: 1 yes votes; 2 no votes. yes voters: 853707498adf425fb8395cb60f41c9dc; no voters: 8c751174fe9e41a0a4d3ea1dac04a50e, a6e352f77ef54932a47d9977e15d05f1
I0220 18:44:55.486660 27219 raft_consensus.cc:2675] T 7e19d7c23cc941e3a7751fe2478481ec P 853707498adf425fb8395cb60f41c9dc [term 6 FOLLOWER]: Leader pre-election lost for term 7. Reason: could not achieve majority
W0220 18:44:55.533910 26718 tablet_service.cc:670] failed transaction from {username='slave'} at 127.0.0.1:37906: Illegal state: Replica 853707498adf425fb8395cb60f41c9dc is not leader of this config. Role: FOLLOWER. Consensus state: current_term: 6 committed_config { opid_index: -1 OBSOLETE_local: false peers { permanent_uuid: "a6e352f77ef54932a47d9977e15d05f1" member_type: VOTER last_known_addr { host: "127.23.135.130" port: 36293 } } peers { permanent_uuid: "8c751174fe9e41a0a4d3ea1dac04a50e" member_type: VOTER last_known_addr { host: "127.23.135.132" port: 33963 } } peers { permanent_uuid: "853707498adf425fb8395cb60f41c9dc" member_type: VOTER last_known_addr { host: "127.23.135.129" port: 34551 } } }
W0220 18:44:55.537212 26718 tablet_service.cc:670] failed transaction from {username='slave'} at 127.0.0.1:37906: Illegal state: Replica 853707498adf425fb8395cb60f41c9dc is not leader of this config. Role: FOLLOWER. Consensus state: current_term: 6 committed_config { opid_index: -1 OBSOLETE_local: false peers { permanent_uuid: "a6e352f77ef54932a47d9977e15d05f1" member_type: VOTER last_known_addr { host: "127.23.135.130" port: 36293 } } peers { permanent_uuid: "8c751174fe9e41a0a4d3ea1dac04a50e" member_type: VOTER last_known_addr { host: "127.23.135.132" port: 33963 } } peers { permanent_uuid: "853707498adf425fb8395cb60f41c9dc" member_type: VOTER last_known_addr { host: "127.23.135.129" port: 34551 } } }
W0220 18:44:55.822842 26708 tablet_service.cc:670] failed transaction from {username='slave'} at 127.0.0.1:37906: Illegal state: Replica 853707498adf425fb8395cb60f41c9dc is not leader of this config. Role: FOLLOWER. Consensus state: current_term: 6 committed_config { opid_index: -1 OBSOLETE_local: false peers { permanent_uuid: "a6e352f77ef54932a47d9977e15d05f1" member_type: VOTER last_known_addr { host: "127.23.135.130" port: 36293 } } peers { permanent_uuid: "8c751174fe9e41a0a4d3ea1dac04a50e" member_type: VOTER last_known_addr { host: "127.23.135.132" port: 33963 } } peers { permanent_uuid: "853707498adf425fb8395cb60f41c9dc" member_type: VOTER last_known_addr { host: "127.23.135.129" port: 34551 } } }
W0220 18:44:55.824357 26708 tablet_service.cc:670] failed transaction from {username='slave'} at 127.0.0.1:37906: Illegal state: Replica 853707498adf425fb8395cb60f41c9dc is not leader of this config. Role: FOLLOWER. Consensus state: current_term: 6 committed_config { opid_index: -1 OBSOLETE_local: false peers { permanent_uuid: "a6e352f77ef54932a47d9977e15d05f1" member_type: VOTER last_known_addr { host: "127.23.135.130" port: 36293 } } peers { permanent_uuid: "8c751174fe9e41a0a4d3ea1dac04a50e" member_type: VOTER last_known_addr { host: "127.23.135.132" port: 33963 } } peers { permanent_uuid: "853707498adf425fb8395cb60f41c9dc" member_type: VOTER last_known_addr { host: "127.23.135.129" port: 34551 } } }
I0220 18:44:55.875483 27219 raft_consensus.cc:482] T 7e19d7c23cc941e3a7751fe2478481ec P 853707498adf425fb8395cb60f41c9dc [term 6 FOLLOWER]: Starting pre-election (no leader contacted us within the election timeout)
I0220 18:44:55.875619 27219 raft_consensus.cc:504] T 7e19d7c23cc941e3a7751fe2478481ec P 853707498adf425fb8395cb60f41c9dc [term 6 FOLLOWER]: Starting pre-election with config: opid_index: -1 OBSOLETE_local: false peers { permanent_uuid: "a6e352f77ef54932a47d9977e15d05f1" member_type: VOTER last_known_addr { host: "127.23.135.130" port: 36293 } } peers { permanent_uuid: "8c751174fe9e41a0a4d3ea1dac04a50e" member_type: VOTER last_known_addr { host: "127.23.135.132" port: 33963 } } peers { permanent_uuid: "853707498adf425fb8395cb60f41c9dc" member_type: VOTER last_known_addr { host: "127.23.135.129" port: 34551 } }
I0220 18:44:55.876106 27219 leader_election.cc:293] T 7e19d7c23cc941e3a7751fe2478481ec P 853707498adf425fb8395cb60f41c9dc [CANDIDATE]: Term 7 pre-election: Requested pre-vote from peers a6e352f77ef54932a47d9977e15d05f1 (127.23.135.130:36293), 8c751174fe9e41a0a4d3ea1dac04a50e (127.23.135.132:33963)
I0220 18:44:55.876579 27119 tablet_service.cc:1340] Received RequestConsensusVote() RPC: tablet_id: "7e19d7c23cc941e3a7751fe2478481ec" candidate_uuid: "853707498adf425fb8395cb60f41c9dc" candidate_term: 7 candidate_status { last_received { term: 5 index: 1367 } } ignore_live_leader: false dest_uuid: "8c751174fe9e41a0a4d3ea1dac04a50e" is_pre_election: true
I0220 18:44:55.876696 26883 tablet_service.cc:1340] Received RequestConsensusVote() RPC: tablet_id: "7e19d7c23cc941e3a7751fe2478481ec" candidate_uuid: "853707498adf425fb8395cb60f41c9dc" candidate_term: 7 candidate_status { last_received { term: 5 index: 1367 } } ignore_live_leader: false dest_uuid: "a6e352f77ef54932a47d9977e15d05f1" is_pre_election: true
W0220 18:44:55.876987 26688 leader_election.cc:346] T 7e19d7c23cc941e3a7751fe2478481ec P 853707498adf425fb8395cb60f41c9dc [CANDIDATE]: Term 7 pre-election: Tablet error from VoteRequest() call to peer 8c751174fe9e41a0a4d3ea1dac04a50e (127.23.135.132:33963): Illegal state: must be running to vote when last-logged opid is not known
W0220 18:44:55.877152 26690 leader_election.cc:346] T 7e19d7c23cc941e3a7751fe2478481ec P 853707498adf425fb8395cb60f41c9dc [CANDIDATE]: Term 7 pre-election: Tablet error from VoteRequest() call to peer a6e352f77ef54932a47d9977e15d05f1 (127.23.135.130:36293): Illegal state: must be running to vote when last-logged opid is not known
I0220 18:44:55.877204 26690 leader_election.cc:307] T 7e19d7c23cc941e3a7751fe2478481ec P 853707498adf425fb8395cb60f41c9dc [CANDIDATE]: Term 7 pre-election: Election decided. Result: candidate lost. Election summary: received 3 responses out of 3 voters: 1 yes votes; 2 no votes. yes voters: 853707498adf425fb8395cb60f41c9dc; no voters: 8c751174fe9e41a0a4d3ea1dac04a50e, a6e352f77ef54932a47d9977e15d05f1
I0220 18:44:55.877431 27219 raft_consensus.cc:2675] T 7e19d7c23cc941e3a7751fe2478481ec P 853707498adf425fb8395cb60f41c9dc [term 6 FOLLOWER]: Leader pre-election lost for term 7. Reason: could not achieve majority
I0220 18:44:55.878480 26825 tablet_bootstrap.cc:441] T 7e19d7c23cc941e3a7751fe2478481ec P a6e352f77ef54932a47d9977e15d05f1: Bootstrap replayed 1/1 log segments. Stats: ops{read=1366 overwritten=0 applied=1366 ignored=0} inserts{seen=68150 ignored=0} mutations{seen=0 ignored=0} orphaned_commits=0. Pending: 0 replicates
I0220 18:44:55.878857 26825 tablet_bootstrap.cc:441] T 7e19d7c23cc941e3a7751fe2478481ec P a6e352f77ef54932a47d9977e15d05f1: Bootstrap complete.
I0220 18:44:55.880074 26825 ts_tablet_manager.cc:1113] T 7e19d7c23cc941e3a7751fe2478481ec P a6e352f77ef54932a47d9977e15d05f1: Time spent bootstrapping tablet: real 3.444s user 3.138s sys 0.095s
I0220 18:44:55.882674 26825 raft_consensus.cc:346] T 7e19d7c23cc941e3a7751fe2478481ec P a6e352f77ef54932a47d9977e15d05f1 [term 6 FOLLOWER]: Replica starting. Triggering 0 pending transactions. Active config: opid_index: -1 OBSOLETE_local: false peers { permanent_uuid: "a6e352f77ef54932a47d9977e15d05f1" member_type: VOTER last_known_addr { host: "127.23.135.130" port: 36293 } } peers { permanent_uuid: "8c751174fe9e41a0a4d3ea1dac04a50e" member_type: VOTER last_known_addr { host: "127.23.135.132" port: 33963 } } peers { permanent_uuid: "853707498adf425fb8395cb60f41c9dc" member_type: VOTER last_known_addr { host: "127.23.135.129" port: 34551 } }
I0220 18:44:55.882746 26825 raft_consensus.cc:726] T 7e19d7c23cc941e3a7751fe2478481ec P a6e352f77ef54932a47d9977e15d05f1 [term 6 FOLLOWER]: Becoming Follower/Learner. State: Replica: a6e352f77ef54932a47d9977e15d05f1, State: Initialized, Role: FOLLOWER
I0220 18:44:55.883240 26825 consensus_queue.cc:252] T 7e19d7c23cc941e3a7751fe2478481ec P a6e352f77ef54932a47d9977e15d05f1 [NON_LEADER]: Queue going to NON_LEADER mode. State: All replicated index: 0, Majority replicated index: 0, Committed index: 1366, Last appended: 5.1366, Last appended by leader: 1366, Current term: 0, Majority size: -1, State: 0, Mode: NON_LEADER, active raft config: opid_index: -1 OBSOLETE_local: false peers { permanent_uuid: "a6e352f77ef54932a47d9977e15d05f1" member_type: VOTER last_known_addr { host: "127.23.135.130" port: 36293 } } peers { permanent_uuid: "8c751174fe9e41a0a4d3ea1dac04a50e" member_type: VOTER last_known_addr { host: "127.23.135.132" port: 33963 } } peers { permanent_uuid: "853707498adf425fb8395cb60f41c9dc" member_type: VOTER last_known_addr { host: "127.23.135.129" port: 34551 } }
I0220 18:44:55.883831 26825 ts_tablet_manager.cc:1142] T 7e19d7c23cc941e3a7751fe2478481ec P a6e352f77ef54932a47d9977e15d05f1: Time spent starting tablet: real 0.004s user 0.004s sys 0.000s
W0220 18:44:56.019994 26833 tablet_service.cc:670] failed transaction from {username='slave'} at 127.0.0.1:34632: Illegal state: Replica a6e352f77ef54932a47d9977e15d05f1 is not leader of this config. Role: FOLLOWER. Consensus state: current_term: 6 committed_config { opid_index: -1 OBSOLETE_local: false peers { permanent_uuid: "a6e352f77ef54932a47d9977e15d05f1" member_type: VOTER last_known_addr { host: "127.23.135.130" port: 36293 } } peers { permanent_uuid: "8c751174fe9e41a0a4d3ea1dac04a50e" member_type: VOTER last_known_addr { host: "127.23.135.132" port: 33963 } } peers { permanent_uuid: "853707498adf425fb8395cb60f41c9dc" member_type: VOTER last_known_addr { host: "127.23.135.129" port: 34551 } } }
W0220 18:44:56.021308 26833 tablet_service.cc:670] failed transaction from {username='slave'} at 127.0.0.1:34632: Illegal state: Replica a6e352f77ef54932a47d9977e15d05f1 is not leader of this config. Role: FOLLOWER. Consensus state: current_term: 6 committed_config { opid_index: -1 OBSOLETE_local: false peers { permanent_uuid: "a6e352f77ef54932a47d9977e15d05f1" member_type: VOTER last_known_addr { host: "127.23.135.130" port: 36293 } } peers { permanent_uuid: "8c751174fe9e41a0a4d3ea1dac04a50e" member_type: VOTER last_known_addr { host: "127.23.135.132" port: 33963 } } peers { permanent_uuid: "853707498adf425fb8395cb60f41c9dc" member_type: VOTER last_known_addr { host: "127.23.135.129" port: 34551 } } }
W0220 18:44:56.118952 26709 tablet_service.cc:670] failed transaction from {username='slave'} at 127.0.0.1:37906: Illegal state: Replica 853707498adf425fb8395cb60f41c9dc is not leader of this config. Role: FOLLOWER. Consensus state: current_term: 6 committed_config { opid_index: -1 OBSOLETE_local: false peers { permanent_uuid: "a6e352f77ef54932a47d9977e15d05f1" member_type: VOTER last_known_addr { host: "127.23.135.130" port: 36293 } } peers { permanent_uuid: "8c751174fe9e41a0a4d3ea1dac04a50e" member_type: VOTER last_known_addr { host: "127.23.135.132" port: 33963 } } peers { permanent_uuid: "853707498adf425fb8395cb60f41c9dc" member_type: VOTER last_known_addr { host: "127.23.135.129" port: 34551 } } }
W0220 18:44:56.125718 26711 tablet_service.cc:670] failed transaction from {username='slave'} at 127.0.0.1:37906: Illegal state: Replica 853707498adf425fb8395cb60f41c9dc is not leader of this config. Role: FOLLOWER. Consensus state: current_term: 6 committed_config { opid_index: -1 OBSOLETE_local: false peers { permanent_uuid: "a6e352f77ef54932a47d9977e15d05f1" member_type: VOTER last_known_addr { host: "127.23.135.130" port: 36293 } } peers { permanent_uuid: "8c751174fe9e41a0a4d3ea1dac04a50e" member_type: VOTER last_known_addr { host: "127.23.135.132" port: 33963 } } peers { permanent_uuid: "853707498adf425fb8395cb60f41c9dc" member_type: VOTER last_known_addr { host: "127.23.135.129" port: 34551 } } }
I0220 18:44:56.229212 27225 raft_consensus.cc:482] T 7e19d7c23cc941e3a7751fe2478481ec P a6e352f77ef54932a47d9977e15d05f1 [term 6 FOLLOWER]: Starting pre-election (no leader contacted us within the election timeout)
I0220 18:44:56.229409 27225 raft_consensus.cc:504] T 7e19d7c23cc941e3a7751fe2478481ec P a6e352f77ef54932a47d9977e15d05f1 [term 6 FOLLOWER]: Starting pre-election with config: opid_index: -1 OBSOLETE_local: false peers { permanent_uuid: "a6e352f77ef54932a47d9977e15d05f1" member_type: VOTER last_known_addr { host: "127.23.135.130" port: 36293 } } peers { permanent_uuid: "8c751174fe9e41a0a4d3ea1dac04a50e" member_type: VOTER last_known_addr { host: "127.23.135.132" port: 33963 } } peers { permanent_uuid: "853707498adf425fb8395cb60f41c9dc" member_type: VOTER last_known_addr { host: "127.23.135.129" port: 34551 } }
I0220 18:44:56.230449 27225 leader_election.cc:293] T 7e19d7c23cc941e3a7751fe2478481ec P a6e352f77ef54932a47d9977e15d05f1 [CANDIDATE]: Term 7 pre-election: Requested pre-vote from peers 8c751174fe9e41a0a4d3ea1dac04a50e (127.23.135.132:33963), 853707498adf425fb8395cb60f41c9dc (127.23.135.129:34551)
I0220 18:44:56.236383 27119 tablet_service.cc:1340] Received RequestConsensusVote() RPC: tablet_id: "7e19d7c23cc941e3a7751fe2478481ec" candidate_uuid: "a6e352f77ef54932a47d9977e15d05f1" candidate_term: 7 candidate_status { last_received { term: 5 index: 1366 } } ignore_live_leader: false dest_uuid: "8c751174fe9e41a0a4d3ea1dac04a50e" is_pre_election: true
W0220 18:44:56.237000 26815 leader_election.cc:346] T 7e19d7c23cc941e3a7751fe2478481ec P a6e352f77ef54932a47d9977e15d05f1 [CANDIDATE]: Term 7 pre-election: Tablet error from VoteRequest() call to peer 8c751174fe9e41a0a4d3ea1dac04a50e (127.23.135.132:33963): Illegal state: must be running to vote when last-logged opid is not known
I0220 18:44:56.240967 26753 tablet_service.cc:1340] Received RequestConsensusVote() RPC: tablet_id: "7e19d7c23cc941e3a7751fe2478481ec" candidate_uuid: "a6e352f77ef54932a47d9977e15d05f1" candidate_term: 7 candidate_status { last_received { term: 5 index: 1366 } } ignore_live_leader: false dest_uuid: "853707498adf425fb8395cb60f41c9dc" is_pre_election: true
I0220 18:44:56.241118 26753 raft_consensus.cc:2356] T 7e19d7c23cc941e3a7751fe2478481ec P 853707498adf425fb8395cb60f41c9dc [term 6 FOLLOWER]: Leader pre-election vote request: Denying vote to candidate a6e352f77ef54932a47d9977e15d05f1 for term 7 because replica has last-logged OpId of term: 5 index: 1367, which is greater than that of the candidate, which has last-logged OpId of term: 5 index: 1366.
I0220 18:44:56.241554 26815 leader_election.cc:307] T 7e19d7c23cc941e3a7751fe2478481ec P a6e352f77ef54932a47d9977e15d05f1 [CANDIDATE]: Term 7 pre-election: Election decided. Result: candidate lost. Election summary: received 3 responses out of 3 voters: 1 yes votes; 2 no votes. yes voters: a6e352f77ef54932a47d9977e15d05f1; no voters: 853707498adf425fb8395cb60f41c9dc, 8c751174fe9e41a0a4d3ea1dac04a50e
I0220 18:44:56.241853 27225 raft_consensus.cc:2675] T 7e19d7c23cc941e3a7751fe2478481ec P a6e352f77ef54932a47d9977e15d05f1 [term 6 FOLLOWER]: Leader pre-election lost for term 7. Reason: could not achieve majority
I0220 18:44:56.256876 27076 tablet_bootstrap.cc:441] T 7e19d7c23cc941e3a7751fe2478481ec P 8c751174fe9e41a0a4d3ea1dac04a50e: Bootstrap replayed 1/1 log segments. Stats: ops{read=1367 overwritten=0 applied=1366 ignored=0} inserts{seen=68150 ignored=0} mutations{seen=0 ignored=0} orphaned_commits=0. Pending: 1 replicates
I0220 18:44:56.256924 27219 raft_consensus.cc:482] T 7e19d7c23cc941e3a7751fe2478481ec P 853707498adf425fb8395cb60f41c9dc [term 6 FOLLOWER]: Starting pre-election (no leader contacted us within the election timeout)
I0220 18:44:56.257045 27219 raft_consensus.cc:504] T 7e19d7c23cc941e3a7751fe2478481ec P 853707498adf425fb8395cb60f41c9dc [term 6 FOLLOWER]: Starting pre-election with config: opid_index: -1 OBSOLETE_local: false peers { permanent_uuid: "a6e352f77ef54932a47d9977e15d05f1" member_type: VOTER last_known_addr { host: "127.23.135.130" port: 36293 } } peers { permanent_uuid: "8c751174fe9e41a0a4d3ea1dac04a50e" member_type: VOTER last_known_addr { host: "127.23.135.132" port: 33963 } } peers { permanent_uuid: "853707498adf425fb8395cb60f41c9dc" member_type: VOTER last_known_addr { host: "127.23.135.129" port: 34551 } }
I0220 18:44:56.257361 27219 leader_election.cc:293] T 7e19d7c23cc941e3a7751fe2478481ec P 853707498adf425fb8395cb60f41c9dc [CANDIDATE]: Term 7 pre-election: Requested pre-vote from peers a6e352f77ef54932a47d9977e15d05f1 (127.23.135.130:36293), 8c751174fe9e41a0a4d3ea1dac04a50e (127.23.135.132:33963)
I0220 18:44:56.257552 27076 tablet_bootstrap.cc:441] T 7e19d7c23cc941e3a7751fe2478481ec P 8c751174fe9e41a0a4d3ea1dac04a50e: Bootstrap complete.
I0220 18:44:56.257761 27119 tablet_service.cc:1340] Received RequestConsensusVote() RPC: tablet_id: "7e19d7c23cc941e3a7751fe2478481ec" candidate_uuid: "853707498adf425fb8395cb60f41c9dc" candidate_term: 7 candidate_status { last_received { term: 5 index: 1367 } } ignore_live_leader: false dest_uuid: "8c751174fe9e41a0a4d3ea1dac04a50e" is_pre_election: true
I0220 18:44:56.258047 26883 tablet_service.cc:1340] Received RequestConsensusVote() RPC: tablet_id: "7e19d7c23cc941e3a7751fe2478481ec" candidate_uuid: "853707498adf425fb8395cb60f41c9dc" candidate_term: 7 candidate_status { last_received { term: 5 index: 1367 } } ignore_live_leader: false dest_uuid: "a6e352f77ef54932a47d9977e15d05f1" is_pre_election: true
W0220 18:44:56.258147 26688 leader_election.cc:346] T 7e19d7c23cc941e3a7751fe2478481ec P 853707498adf425fb8395cb60f41c9dc [CANDIDATE]: Term 7 pre-election: Tablet error from VoteRequest() call to peer 8c751174fe9e41a0a4d3ea1dac04a50e (127.23.135.132:33963): Illegal state: must be running to vote when last-logged opid is not known
I0220 18:44:56.258167 26883 raft_consensus.cc:2414] T 7e19d7c23cc941e3a7751fe2478481ec P a6e352f77ef54932a47d9977e15d05f1 [term 6 FOLLOWER]: Leader pre-election vote request: Granting yes vote for candidate 853707498adf425fb8395cb60f41c9dc in term 6.
I0220 18:44:56.258556 26690 leader_election.cc:307] T 7e19d7c23cc941e3a7751fe2478481ec P 853707498adf425fb8395cb60f41c9dc [CANDIDATE]: Term 7 pre-election: Election decided. Result: candidate won. Election summary: received 3 responses out of 3 voters: 2 yes votes; 1 no votes. yes voters: 853707498adf425fb8395cb60f41c9dc, a6e352f77ef54932a47d9977e15d05f1; no voters: 8c751174fe9e41a0a4d3ea1dac04a50e
I0220 18:44:56.258713 27219 raft_consensus.cc:2730] T 7e19d7c23cc941e3a7751fe2478481ec P 853707498adf425fb8395cb60f41c9dc [term 6 FOLLOWER]: Leader pre-election won for term 7
I0220 18:44:56.258744 27219 raft_consensus.cc:482] T 7e19d7c23cc941e3a7751fe2478481ec P 853707498adf425fb8395cb60f41c9dc [term 6 FOLLOWER]: Starting leader election (no leader contacted us within the election timeout)
I0220 18:44:56.258772 27219 raft_consensus.cc:2983] T 7e19d7c23cc941e3a7751fe2478481ec P 853707498adf425fb8395cb60f41c9dc [term 6 FOLLOWER]: Advancing to term 7
I0220 18:44:56.258893 27076 ts_tablet_manager.cc:1113] T 7e19d7c23cc941e3a7751fe2478481ec P 8c751174fe9e41a0a4d3ea1dac04a50e: Time spent bootstrapping tablet: real 3.479s user 3.349s sys 0.072s
I0220 18:44:56.260524 27219 raft_consensus.cc:504] T 7e19d7c23cc941e3a7751fe2478481ec P 853707498adf425fb8395cb60f41c9dc [term 7 FOLLOWER]: Starting leader election with config: opid_index: -1 OBSOLETE_local: false peers { permanent_uuid: "a6e352f77ef54932a47d9977e15d05f1" member_type: VOTER last_known_addr { host: "127.23.135.130" port: 36293 } } peers { permanent_uuid: "8c751174fe9e41a0a4d3ea1dac04a50e" member_type: VOTER last_known_addr { host: "127.23.135.132" port: 33963 } } peers { permanent_uuid: "853707498adf425fb8395cb60f41c9dc" member_type: VOTER last_known_addr { host: "127.23.135.129" port: 34551 } }
I0220 18:44:56.260815 27219 leader_election.cc:293] T 7e19d7c23cc941e3a7751fe2478481ec P 853707498adf425fb8395cb60f41c9dc [CANDIDATE]: Term 7 election: Requested vote from peers a6e352f77ef54932a47d9977e15d05f1 (127.23.135.130:36293), 8c751174fe9e41a0a4d3ea1dac04a50e (127.23.135.132:33963)
I0220 18:44:56.261243 26883 tablet_service.cc:1340] Received RequestConsensusVote() RPC: tablet_id: "7e19d7c23cc941e3a7751fe2478481ec" candidate_uuid: "853707498adf425fb8395cb60f41c9dc" candidate_term: 7 candidate_status { last_received { term: 5 index: 1367 } } ignore_live_leader: false dest_uuid: "a6e352f77ef54932a47d9977e15d05f1"
I0220 18:44:56.261307 26883 raft_consensus.cc:2983] T 7e19d7c23cc941e3a7751fe2478481ec P a6e352f77ef54932a47d9977e15d05f1 [term 6 FOLLOWER]: Advancing to term 7
I0220 18:44:56.261327 27119 tablet_service.cc:1340] Received RequestConsensusVote() RPC: tablet_id: "7e19d7c23cc941e3a7751fe2478481ec" candidate_uuid: "853707498adf425fb8395cb60f41c9dc" candidate_term: 7 candidate_status { last_received { term: 5 index: 1367 } } ignore_live_leader: false dest_uuid: "8c751174fe9e41a0a4d3ea1dac04a50e"
I0220 18:44:56.261811 27076 raft_consensus.cc:346] T 7e19d7c23cc941e3a7751fe2478481ec P 8c751174fe9e41a0a4d3ea1dac04a50e [term 6 FOLLOWER]: Replica starting. Triggering 1 pending transactions. Active config: opid_index: -1 OBSOLETE_local: false peers { permanent_uuid: "a6e352f77ef54932a47d9977e15d05f1" member_type: VOTER last_known_addr { host: "127.23.135.130" port: 36293 } } peers { permanent_uuid: "8c751174fe9e41a0a4d3ea1dac04a50e" member_type: VOTER last_known_addr { host: "127.23.135.132" port: 33963 } } peers { permanent_uuid: "853707498adf425fb8395cb60f41c9dc" member_type: VOTER last_known_addr { host: "127.23.135.129" port: 34551 } }
I0220 18:44:56.262552 26883 raft_consensus.cc:2414] T 7e19d7c23cc941e3a7751fe2478481ec P a6e352f77ef54932a47d9977e15d05f1 [term 7 FOLLOWER]: Leader election vote request: Granting yes vote for candidate 853707498adf425fb8395cb60f41c9dc in term 7.
I0220 18:44:56.262863 26690 leader_election.cc:307] T 7e19d7c23cc941e3a7751fe2478481ec P 853707498adf425fb8395cb60f41c9dc [CANDIDATE]: Term 7 election: Election decided. Result: candidate won. Election summary: received 2 responses out of 3 voters: 2 yes votes; 0 no votes. yes voters: 853707498adf425fb8395cb60f41c9dc, a6e352f77ef54932a47d9977e15d05f1; no voters:
I0220 18:44:56.263069 27076 raft_consensus.cc:726] T 7e19d7c23cc941e3a7751fe2478481ec P 8c751174fe9e41a0a4d3ea1dac04a50e [term 6 FOLLOWER]: Becoming Follower/Learner. State: Replica: 8c751174fe9e41a0a4d3ea1dac04a50e, State: Initialized, Role: FOLLOWER
I0220 18:44:56.263072 27219 raft_consensus.cc:2730] T 7e19d7c23cc941e3a7751fe2478481ec P 853707498adf425fb8395cb60f41c9dc [term 7 FOLLOWER]: Leader election won for term 7
I0220 18:44:56.263217 27219 raft_consensus.cc:686] T 7e19d7c23cc941e3a7751fe2478481ec P 853707498adf425fb8395cb60f41c9dc [term 7 LEADER]: Becoming Leader. State: Replica: 853707498adf425fb8395cb60f41c9dc, State: Running, Role: LEADER
I0220 18:44:56.263532 27219 consensus_queue.cc:229] T 7e19d7c23cc941e3a7751fe2478481ec P 853707498adf425fb8395cb60f41c9dc [LEADER]: Queue going to LEADER mode. State: All replicated index: 0, Majority replicated index: 1366, Committed index: 1366, Last appended: 5.1367, Last appended by leader: 1367, Current term: 7, Majority size: 2, State: 0, Mode: LEADER, active raft config: opid_index: -1 OBSOLETE_local: false peers { permanent_uuid: "a6e352f77ef54932a47d9977e15d05f1" member_type: VOTER last_known_addr { host: "127.23.135.130" port: 36293 } } peers { permanent_uuid: "8c751174fe9e41a0a4d3ea1dac04a50e" member_type: VOTER last_known_addr { host: "127.23.135.132" port: 33963 } } peers { permanent_uuid: "853707498adf425fb8395cb60f41c9dc" member_type: VOTER last_known_addr { host: "127.23.135.129" port: 34551 } }
I0220 18:44:56.263619 27076 consensus_queue.cc:252] T 7e19d7c23cc941e3a7751fe2478481ec P 8c751174fe9e41a0a4d3ea1dac04a50e [NON_LEADER]: Queue going to NON_LEADER mode. State: All replicated index: 0, Majority replicated index: 0, Committed index: 1366, Last appended: 5.1367, Last appended by leader: 1367, Current term: 0, Majority size: -1, State: 0, Mode: NON_LEADER, active raft config: opid_index: -1 OBSOLETE_local: false peers { permanent_uuid: "a6e352f77ef54932a47d9977e15d05f1" member_type: VOTER last_known_addr { host: "127.23.135.130" port: 36293 } } peers { permanent_uuid: "8c751174fe9e41a0a4d3ea1dac04a50e" member_type: VOTER last_known_addr { host: "127.23.135.132" port: 33963 } } peers { permanent_uuid: "853707498adf425fb8395cb60f41c9dc" member_type: VOTER last_known_addr { host: "127.23.135.129" port: 34551 } }
I0220 18:44:56.263737 27119 raft_consensus.cc:2983] T 7e19d7c23cc941e3a7751fe2478481ec P 8c751174fe9e41a0a4d3ea1dac04a50e [term 6 FOLLOWER]: Advancing to term 7
I0220 18:44:56.265202 27119 raft_consensus.cc:2414] T 7e19d7c23cc941e3a7751fe2478481ec P 8c751174fe9e41a0a4d3ea1dac04a50e [term 7 FOLLOWER]: Leader election vote request: Granting yes vote for candidate 853707498adf425fb8395cb60f41c9dc in term 7.
I0220 18:44:56.266312 25170 catalog_manager.cc:4173] T 7e19d7c23cc941e3a7751fe2478481ec P 853707498adf425fb8395cb60f41c9dc reported cstate change: term changed from 5 to 7, leader changed from 8c751174fe9e41a0a4d3ea1dac04a50e (127.23.135.132) to 853707498adf425fb8395cb60f41c9dc (127.23.135.129). New cstate: current_term: 7 leader_uuid: "853707498adf425fb8395cb60f41c9dc" committed_config { opid_index: -1 OBSOLETE_local: false peers { permanent_uuid: "a6e352f77ef54932a47d9977e15d05f1" member_type: VOTER last_known_addr { host: "127.23.135.130" port: 36293 } health_report { overall_health: UNKNOWN } } peers { permanent_uuid: "8c751174fe9e41a0a4d3ea1dac04a50e" member_type: VOTER last_known_addr { host: "127.23.135.132" port: 33963 } health_report { overall_health: UNKNOWN } } peers { permanent_uuid: "853707498adf425fb8395cb60f41c9dc" member_type: VOTER last_known_addr { host: "127.23.135.129" port: 34551 } health_report { overall_health: HEALTHY } } }
I0220 18:44:56.267014 27076 ts_tablet_manager.cc:1142] T 7e19d7c23cc941e3a7751fe2478481ec P 8c751174fe9e41a0a4d3ea1dac04a50e: Time spent starting tablet: real 0.008s user 0.006s sys 0.001s
W0220 18:44:56.326961 26833 tablet_service.cc:670] failed transaction from {username='slave'} at 127.0.0.1:34632: Illegal state: Replica a6e352f77ef54932a47d9977e15d05f1 is not leader of this config. Role: FOLLOWER. Consensus state: current_term: 7 committed_config { opid_index: -1 OBSOLETE_local: false peers { permanent_uuid: "a6e352f77ef54932a47d9977e15d05f1" member_type: VOTER last_known_addr { host: "127.23.135.130" port: 36293 } } peers { permanent_uuid: "8c751174fe9e41a0a4d3ea1dac04a50e" member_type: VOTER last_known_addr { host: "127.23.135.132" port: 33963 } } peers { permanent_uuid: "853707498adf425fb8395cb60f41c9dc" member_type: VOTER last_known_addr { host: "127.23.135.129" port: 34551 } } }
W0220 18:44:56.327965 26833 tablet_service.cc:670] failed transaction from {username='slave'} at 127.0.0.1:34632: Illegal state: Replica a6e352f77ef54932a47d9977e15d05f1 is not leader of this config. Role: FOLLOWER. Consensus state: current_term: 7 committed_config { opid_index: -1 OBSOLETE_local: false peers { permanent_uuid: "a6e352f77ef54932a47d9977e15d05f1" member_type: VOTER last_known_addr { host: "127.23.135.130" port: 36293 } } peers { permanent_uuid: "8c751174fe9e41a0a4d3ea1dac04a50e" member_type: VOTER last_known_addr { host: "127.23.135.132" port: 33963 } } peers { permanent_uuid: "853707498adf425fb8395cb60f41c9dc" member_type: VOTER last_known_addr { host: "127.23.135.129" port: 34551 } } }
I0220 18:44:56.349817 27119 raft_consensus.cc:1210] T 7e19d7c23cc941e3a7751fe2478481ec P 8c751174fe9e41a0a4d3ea1dac04a50e [term 7 FOLLOWER]: Refusing update from remote peer 853707498adf425fb8395cb60f41c9dc: Log matching property violated. Preceding OpId in replica: term: 5 index: 1367. Preceding OpId from leader: term: 7 index: 1368. (index mismatch)
I0220 18:44:56.350405 27219 consensus_queue.cc:1005] T 7e19d7c23cc941e3a7751fe2478481ec P 853707498adf425fb8395cb60f41c9dc [LEADER]: Connected to new peer: Peer: permanent_uuid: "8c751174fe9e41a0a4d3ea1dac04a50e" member_type: VOTER last_known_addr { host: "127.23.135.132" port: 33963 }, Status: LMP_MISMATCH, Last received: 0.0, Next index: 1368, Last known committed idx: 1366, Time since last communication: 0.000s
I0220 18:44:56.355315 26883 raft_consensus.cc:1210] T 7e19d7c23cc941e3a7751fe2478481ec P a6e352f77ef54932a47d9977e15d05f1 [term 7 FOLLOWER]: Refusing update from remote peer 853707498adf425fb8395cb60f41c9dc: Log matching property violated. Preceding OpId in replica: term: 5 index: 1366. Preceding OpId from leader: term: 7 index: 1368. (index mismatch)
I0220 18:44:56.356791 27219 consensus_queue.cc:1005] T 7e19d7c23cc941e3a7751fe2478481ec P 853707498adf425fb8395cb60f41c9dc [LEADER]: Connected to new peer: Peer: permanent_uuid: "a6e352f77ef54932a47d9977e15d05f1" member_type: VOTER last_known_addr { host: "127.23.135.130" port: 36293 }, Status: LMP_MISMATCH, Last received: 0.0, Next index: 1368, Last known committed idx: 1366, Time since last communication: 0.000s
I0220 18:44:56.360112 27239 rpcz_store.cc:269] Call kudu.tserver.TabletServerService.Write from 127.0.0.1:37906 (ReqId={client: 3bae9011ecbc40ad908b3cdb923647ae, seq_no=1363, attempt_no=63}) took 1413ms. Trace:
I0220 18:44:56.360143 27239 rpcz_store.cc:270] 0220 18:44:54.947076 (+ 0us) service_pool.cc:162] Inserting onto call queue 0220 18:44:54.947134 (+ 58us) service_pool.cc:221] Handling call 0220 18:44:56.360082 (+1412948us) inbound_call.cc:162] Queueing success response Metrics: {}
W0220 18:44:56.364660 26833 tablet_service.cc:670] failed transaction from {username='slave'} at 127.0.0.1:34632: Illegal state: Replica a6e352f77ef54932a47d9977e15d05f1 is not leader of this config. Role: FOLLOWER. Consensus state: current_term: 7 leader_uuid: "853707498adf425fb8395cb60f41c9dc" committed_config { opid_index: -1 OBSOLETE_local: false peers { permanent_uuid: "a6e352f77ef54932a47d9977e15d05f1" member_type: VOTER last_known_addr { host: "127.23.135.130" port: 36293 } } peers { permanent_uuid: "8c751174fe9e41a0a4d3ea1dac04a50e" member_type: VOTER last_known_addr { host: "127.23.135.132" port: 33963 } } peers { permanent_uuid: "853707498adf425fb8395cb60f41c9dc" member_type: VOTER last_known_addr { host: "127.23.135.129" port: 34551 } } }
W0220 18:44:56.369501 27079 tablet_service.cc:670] failed transaction from {username='slave'} at 127.0.0.1:39712: Illegal state: Replica 8c751174fe9e41a0a4d3ea1dac04a50e is not leader of this config. Role: FOLLOWER. Consensus state: current_term: 7 leader_uuid: "853707498adf425fb8395cb60f41c9dc" committed_config { opid_index: -1 OBSOLETE_local: false peers { permanent_uuid: "a6e352f77ef54932a47d9977e15d05f1" member_type: VOTER last_known_addr { host: "127.23.135.130" port: 36293 } } peers { permanent_uuid: "8c751174fe9e41a0a4d3ea1dac04a50e" member_type: VOTER last_known_addr { host: "127.23.135.132" port: 33963 } } peers { permanent_uuid: "853707498adf425fb8395cb60f41c9dc" member_type: VOTER last_known_addr { host: "127.23.135.129" port: 34551 } } }
I0220 18:44:58.706480 25164 ts_manager.cc:267] Unset tserver state for a6e352f77ef54932a47d9977e15d05f1 from MAINTENANCE_MODE
I0220 18:44:58.714850 25164 ts_manager.cc:267] Unset tserver state for 8c751174fe9e41a0a4d3ea1dac04a50e from MAINTENANCE_MODE
I0220 18:44:58.743400 25164 ts_manager.cc:267] Unset tserver state for e4c29ba8de7e4745a4e497d213d63742 from MAINTENANCE_MODE
I0220 18:44:58.747586 25164 ts_manager.cc:267] Unset tserver state for 853707498adf425fb8395cb60f41c9dc from MAINTENANCE_MODE
I0220 18:44:59.028399 25164 ts_manager.cc:278] Set tserver state for 853707498adf425fb8395cb60f41c9dc to MAINTENANCE_MODE
I0220 18:44:59.367579 26930 heartbeater.cc:455] Master 127.23.135.190:41437 requested a full tablet report, sending...
I0220 18:44:59.372706 27181 heartbeater.cc:455] Master 127.23.135.190:41437 requested a full tablet report, sending...
I0220 18:44:59.387274 26802 heartbeater.cc:455] Master 127.23.135.190:41437 requested a full tablet report, sending...
I0220 18:44:59.405025 25164 ts_manager.cc:278] Set tserver state for e4c29ba8de7e4745a4e497d213d63742 to MAINTENANCE_MODE
I0220 18:44:59.415935 25164 ts_manager.cc:278] Set tserver state for 8c751174fe9e41a0a4d3ea1dac04a50e to MAINTENANCE_MODE
I0220 18:44:59.423225 25170 ts_manager.cc:278] Set tserver state for a6e352f77ef54932a47d9977e15d05f1 to MAINTENANCE_MODE
I0220 18:44:59.623474 26739 tablet_service.cc:1022] Tablet server 853707498adf425fb8395cb60f41c9dc set to quiescing
I0220 18:44:59.623513 26989 tablet_service.cc:1022] Tablet server e4c29ba8de7e4745a4e497d213d63742 set to quiescing
I0220 18:44:59.623598 26739 tablet_service.cc:1029] Tablet server has 1 leaders and 0 scanners
I0220 18:44:59.623679 26989 tablet_service.cc:1029] Tablet server has 0 leaders and 0 scanners
I0220 18:44:59.641124 27350 raft_consensus.cc:929] T 7e19d7c23cc941e3a7751fe2478481ec P 853707498adf425fb8395cb60f41c9dc: : Instructing follower 8c751174fe9e41a0a4d3ea1dac04a50e to start an election
I0220 18:44:59.641268 27350 raft_consensus.cc:1017] T 7e19d7c23cc941e3a7751fe2478481ec P 853707498adf425fb8395cb60f41c9dc [term 7 LEADER]: Signalling peer 8c751174fe9e41a0a4d3ea1dac04a50e to start an election
I0220 18:44:59.641824 27357 raft_consensus.cc:929] T 7e19d7c23cc941e3a7751fe2478481ec P 853707498adf425fb8395cb60f41c9dc: : Instructing follower a6e352f77ef54932a47d9977e15d05f1 to start an election
I0220 18:44:59.641908 27357 raft_consensus.cc:1017] T 7e19d7c23cc941e3a7751fe2478481ec P 853707498adf425fb8395cb60f41c9dc [term 7 LEADER]: Signalling peer a6e352f77ef54932a47d9977e15d05f1 to start an election
I0220 18:44:59.644556 27138 tablet_service.cc:1457] Received Run Leader Election RPC: tablet_id: "7e19d7c23cc941e3a7751fe2478481ec" dest_uuid: "8c751174fe9e41a0a4d3ea1dac04a50e" from {username='slave'} at 127.23.135.129:38733
I0220 18:44:59.644636 27138 raft_consensus.cc:482] T 7e19d7c23cc941e3a7751fe2478481ec P 8c751174fe9e41a0a4d3ea1dac04a50e [term 7 FOLLOWER]: Starting forced leader election (received explicit request)
I0220 18:44:59.644661 27138 raft_consensus.cc:2983] T 7e19d7c23cc941e3a7751fe2478481ec P 8c751174fe9e41a0a4d3ea1dac04a50e [term 7 FOLLOWER]: Advancing to term 8
I0220 18:44:59.645586 27138 raft_consensus.cc:504] T 7e19d7c23cc941e3a7751fe2478481ec P 8c751174fe9e41a0a4d3ea1dac04a50e [term 8 FOLLOWER]: Starting forced leader election with config: opid_index: -1 OBSOLETE_local: false peers { permanent_uuid: "a6e352f77ef54932a47d9977e15d05f1" member_type: VOTER last_known_addr { host: "127.23.135.130" port: 36293 } } peers { permanent_uuid: "8c751174fe9e41a0a4d3ea1dac04a50e" member_type: VOTER last_known_addr { host: "127.23.135.132" port: 33963 } } peers { permanent_uuid: "853707498adf425fb8395cb60f41c9dc" member_type: VOTER last_known_addr { host: "127.23.135.129" port: 34551 } }
I0220 18:44:59.646035 27119 raft_consensus.cc:1175] T 7e19d7c23cc941e3a7751fe2478481ec P 8c751174fe9e41a0a4d3ea1dac04a50e [term 8 FOLLOWER]: Rejecting Update request from peer 853707498adf425fb8395cb60f41c9dc for earlier term 7. Current term is 8. Ops: []
I0220 18:44:59.646417 27138 leader_election.cc:293] T 7e19d7c23cc941e3a7751fe2478481ec P 8c751174fe9e41a0a4d3ea1dac04a50e [CANDIDATE]: Term 8 election: Requested vote from peers a6e352f77ef54932a47d9977e15d05f1 (127.23.135.130:36293), 853707498adf425fb8395cb60f41c9dc (127.23.135.129:34551)
I0220 18:44:59.648638 26883 tablet_service.cc:1457] Received Run Leader Election RPC: tablet_id: "7e19d7c23cc941e3a7751fe2478481ec" dest_uuid: "a6e352f77ef54932a47d9977e15d05f1" from {username='slave'} at 127.23.135.129:39883
I0220 18:44:59.648705 26883 raft_consensus.cc:482] T 7e19d7c23cc941e3a7751fe2478481ec P a6e352f77ef54932a47d9977e15d05f1 [term 7 FOLLOWER]: Starting forced leader election (received explicit request)
I0220 18:44:59.648732 26883 raft_consensus.cc:2983] T 7e19d7c23cc941e3a7751fe2478481ec P a6e352f77ef54932a47d9977e15d05f1 [term 7 FOLLOWER]: Advancing to term 8
I0220 18:44:59.649662 26883 raft_consensus.cc:504] T 7e19d7c23cc941e3a7751fe2478481ec P a6e352f77ef54932a47d9977e15d05f1 [term 8 FOLLOWER]: Starting forced leader election with config: opid_index: -1 OBSOLETE_local: false peers { permanent_uuid: "a6e352f77ef54932a47d9977e15d05f1" member_type: VOTER last_known_addr { host: "127.23.135.130" port: 36293 } } peers { permanent_uuid: "8c751174fe9e41a0a4d3ea1dac04a50e" member_type: VOTER last_known_addr { host: "127.23.135.132" port: 33963 } } peers { permanent_uuid: "853707498adf425fb8395cb60f41c9dc" member_type: VOTER last_known_addr { host: "127.23.135.129" port: 34551 } }
I0220 18:44:59.649907 26883 leader_election.cc:293] T 7e19d7c23cc941e3a7751fe2478481ec P a6e352f77ef54932a47d9977e15d05f1 [CANDIDATE]: Term 8 election: Requested vote from peers 8c751174fe9e41a0a4d3ea1dac04a50e (127.23.135.132:33963), 853707498adf425fb8395cb60f41c9dc (127.23.135.129:34551)
I0220 18:44:59.651166 26753 tablet_service.cc:1340] Received RequestConsensusVote() RPC: tablet_id: "7e19d7c23cc941e3a7751fe2478481ec" candidate_uuid: "a6e352f77ef54932a47d9977e15d05f1" candidate_term: 8 candidate_status { last_received { term: 7 index: 1859 } } ignore_live_leader: true dest_uuid: "853707498adf425fb8395cb60f41c9dc"
I0220 18:44:59.651226 26753 raft_consensus.cc:2978] T 7e19d7c23cc941e3a7751fe2478481ec P 853707498adf425fb8395cb60f41c9dc [term 7 LEADER]: Stepping down as leader of term 7
I0220 18:44:59.651242 26753 raft_consensus.cc:726] T 7e19d7c23cc941e3a7751fe2478481ec P 853707498adf425fb8395cb60f41c9dc [term 7 LEADER]: Becoming Follower/Learner. State: Replica: 853707498adf425fb8395cb60f41c9dc, State: Running, Role: LEADER
I0220 18:44:59.651401 26753 consensus_queue.cc:252] T 7e19d7c23cc941e3a7751fe2478481ec P 853707498adf425fb8395cb60f41c9dc [NON_LEADER]: Queue going to NON_LEADER mode. State: All replicated index: 0, Majority replicated index: 1859, Committed index: 1859, Last appended: 7.1861, Last appended by leader: 1861, Current term: 7, Majority size: -1, State: 0, Mode: NON_LEADER, active raft config: opid_index: -1 OBSOLETE_local: false peers { permanent_uuid: "a6e352f77ef54932a47d9977e15d05f1" member_type: VOTER last_known_addr { host: "127.23.135.130" port: 36293 } } peers { permanent_uuid: "8c751174fe9e41a0a4d3ea1dac04a50e" member_type: VOTER last_known_addr { host: "127.23.135.132" port: 33963 } } peers { permanent_uuid: "853707498adf425fb8395cb60f41c9dc" member_type: VOTER last_known_addr { host: "127.23.135.129" port: 34551 } }
I0220 18:44:59.651441 26753 raft_consensus.cc:2983] T 7e19d7c23cc941e3a7751fe2478481ec P 853707498adf425fb8395cb60f41c9dc [term 7 FOLLOWER]: Advancing to term 8
I0220 18:44:59.651571 27138 tablet_service.cc:1340] Received RequestConsensusVote() RPC: tablet_id: "7e19d7c23cc941e3a7751fe2478481ec" candidate_uuid: "a6e352f77ef54932a47d9977e15d05f1" candidate_term: 8 candidate_status { last_received { term: 7 index: 1859 } } ignore_live_leader: true dest_uuid: "8c751174fe9e41a0a4d3ea1dac04a50e"
I0220 18:44:59.651715 27138 raft_consensus.cc:2339] T 7e19d7c23cc941e3a7751fe2478481ec P 8c751174fe9e41a0a4d3ea1dac04a50e [term 8 FOLLOWER]: Leader election vote request: Denying vote to candidate a6e352f77ef54932a47d9977e15d05f1 in current term 8: Already voted for candidate 8c751174fe9e41a0a4d3ea1dac04a50e in this term.
I0220 18:44:59.652325 26753 raft_consensus.cc:2356] T 7e19d7c23cc941e3a7751fe2478481ec P 853707498adf425fb8395cb60f41c9dc [term 8 FOLLOWER]: Leader election vote request: Denying vote to candidate a6e352f77ef54932a47d9977e15d05f1 for term 8 because replica has last-logged OpId of term: 7 index: 1861, which is greater than that of the candidate, which has last-logged OpId of term: 7 index: 1859.
W0220 18:44:59.652597 26707 tablet_service.cc:670] failed transaction from {username='slave'} at 127.0.0.1:37906: Illegal state: Replica 853707498adf425fb8395cb60f41c9dc is not leader of this config. Role: FOLLOWER. Consensus state: current_term: 8 committed_config { opid_index: -1 OBSOLETE_local: false peers { permanent_uuid: "a6e352f77ef54932a47d9977e15d05f1" member_type: VOTER last_known_addr { host: "127.23.135.130" port: 36293 } } peers { permanent_uuid: "8c751174fe9e41a0a4d3ea1dac04a50e" member_type: VOTER last_known_addr { host: "127.23.135.132" port: 33963 } } peers { permanent_uuid: "853707498adf425fb8395cb60f41c9dc" member_type: VOTER last_known_addr { host: "127.23.135.129" port: 34551 } } }
I0220 18:44:59.652976 26815 leader_election.cc:307] T 7e19d7c23cc941e3a7751fe2478481ec P a6e352f77ef54932a47d9977e15d05f1 [CANDIDATE]: Term 8 election: Election decided. Result: candidate lost. Election summary: received 3 responses out of 3 voters: 1 yes votes; 2 no votes. yes voters: a6e352f77ef54932a47d9977e15d05f1; no voters: 853707498adf425fb8395cb60f41c9dc, 8c751174fe9e41a0a4d3ea1dac04a50e
I0220 18:44:59.653240 26883 raft_consensus.cc:1175] T 7e19d7c23cc941e3a7751fe2478481ec P a6e352f77ef54932a47d9977e15d05f1 [term 8 FOLLOWER]: Rejecting Update request from peer 853707498adf425fb8395cb60f41c9dc for earlier term 7. Current term is 8. Ops: []
