I0220 18:44:44.047845 26143 raft_consensus.cc:504] T 7e19d7c23cc941e3a7751fe2478481ec P 853707498adf425fb8395cb60f41c9dc [term 2 FOLLOWER]: Starting pre-election with config: opid_index: -1 OBSOLETE_local: false peers { permanent_uuid: "a6e352f77ef54932a47d9977e15d05f1" member_type: VOTER last_known_addr { host: "127.23.135.130" port: 36293 } } peers { permanent_uuid: "8c751174fe9e41a0a4d3ea1dac04a50e" member_type: VOTER last_known_addr { host: "127.23.135.132" port: 33963 } } peers { permanent_uuid: "853707498adf425fb8395cb60f41c9dc" member_type: VOTER last_known_addr { host: "127.23.135.129" port: 34551 } }
I0220 18:44:44.048820 26143 leader_election.cc:293] T 7e19d7c23cc941e3a7751fe2478481ec P 853707498adf425fb8395cb60f41c9dc [CANDIDATE]: Term 3 pre-election: Requested pre-vote from peers a6e352f77ef54932a47d9977e15d05f1 (127.23.135.130:36293), 8c751174fe9e41a0a4d3ea1dac04a50e (127.23.135.132:33963)
I0220 18:44:44.054456 26090 tablet_service.cc:1340] Received RequestConsensusVote() RPC: tablet_id: "7e19d7c23cc941e3a7751fe2478481ec" candidate_uuid: "853707498adf425fb8395cb60f41c9dc" candidate_term: 3 candidate_status { last_received { term: 1 index: 102 } } ignore_live_leader: false dest_uuid: "a6e352f77ef54932a47d9977e15d05f1" is_pre_election: true
I0220 18:44:44.054651 26090 raft_consensus.cc:2414] T 7e19d7c23cc941e3a7751fe2478481ec P a6e352f77ef54932a47d9977e15d05f1 [term 2 FOLLOWER]: Leader pre-election vote request: Granting yes vote for candidate 853707498adf425fb8395cb60f41c9dc in term 2.
I0220 18:44:44.055115 25893 leader_election.cc:307] T 7e19d7c23cc941e3a7751fe2478481ec P 853707498adf425fb8395cb60f41c9dc [CANDIDATE]: Term 3 pre-election: Election decided. Result: candidate won. Election summary: received 2 responses out of 3 voters: 2 yes votes; 0 no votes. yes voters: 853707498adf425fb8395cb60f41c9dc, a6e352f77ef54932a47d9977e15d05f1; no voters:
I0220 18:44:44.055270 26338 tablet_service.cc:1340] Received RequestConsensusVote() RPC: tablet_id: "7e19d7c23cc941e3a7751fe2478481ec" candidate_uuid: "853707498adf425fb8395cb60f41c9dc" candidate_term: 3 candidate_status { last_received { term: 1 index: 102 } } ignore_live_leader: false dest_uuid: "8c751174fe9e41a0a4d3ea1dac04a50e" is_pre_election: true
I0220 18:44:44.055382 26143 raft_consensus.cc:2730] T 7e19d7c23cc941e3a7751fe2478481ec P 853707498adf425fb8395cb60f41c9dc [term 2 FOLLOWER]: Leader pre-election won for term 3
I0220 18:44:44.055408 26143 raft_consensus.cc:482] T 7e19d7c23cc941e3a7751fe2478481ec P 853707498adf425fb8395cb60f41c9dc [term 2 FOLLOWER]: Starting leader election (no leader contacted us within the election timeout)
I0220 18:44:44.055426 26143 raft_consensus.cc:2983] T 7e19d7c23cc941e3a7751fe2478481ec P 853707498adf425fb8395cb60f41c9dc [term 2 FOLLOWER]: Advancing to term 3
W0220 18:44:44.056088 25891 leader_election.cc:346] T 7e19d7c23cc941e3a7751fe2478481ec P 853707498adf425fb8395cb60f41c9dc [CANDIDATE]: Term 3 pre-election: Tablet error from VoteRequest() call to peer 8c751174fe9e41a0a4d3ea1dac04a50e (127.23.135.132:33963): Illegal state: must be running to vote when last-logged opid is not known
I0220 18:44:44.056881 26143 raft_consensus.cc:504] T 7e19d7c23cc941e3a7751fe2478481ec P 853707498adf425fb8395cb60f41c9dc [term 3 FOLLOWER]: Starting leader election with config: opid_index: -1 OBSOLETE_local: false peers { permanent_uuid: "a6e352f77ef54932a47d9977e15d05f1" member_type: VOTER last_known_addr { host: "127.23.135.130" port: 36293 } } peers { permanent_uuid: "8c751174fe9e41a0a4d3ea1dac04a50e" member_type: VOTER last_known_addr { host: "127.23.135.132" port: 33963 } } peers { permanent_uuid: "853707498adf425fb8395cb60f41c9dc" member_type: VOTER last_known_addr { host: "127.23.135.129" port: 34551 } }
I0220 18:44:44.057159 26143 leader_election.cc:293] T 7e19d7c23cc941e3a7751fe2478481ec P 853707498adf425fb8395cb60f41c9dc [CANDIDATE]: Term 3 election: Requested vote from peers a6e352f77ef54932a47d9977e15d05f1 (127.23.135.130:36293), 8c751174fe9e41a0a4d3ea1dac04a50e (127.23.135.132:33963)
I0220 18:44:44.057543 26090 tablet_service.cc:1340] Received RequestConsensusVote() RPC: tablet_id: "7e19d7c23cc941e3a7751fe2478481ec" candidate_uuid: "853707498adf425fb8395cb60f41c9dc" candidate_term: 3 candidate_status { last_received { term: 1 index: 102 } } ignore_live_leader: false dest_uuid: "a6e352f77ef54932a47d9977e15d05f1"
I0220 18:44:44.057610 26090 raft_consensus.cc:2983] T 7e19d7c23cc941e3a7751fe2478481ec P a6e352f77ef54932a47d9977e15d05f1 [term 2 FOLLOWER]: Advancing to term 3
I0220 18:44:44.057615 26338 tablet_service.cc:1340] Received RequestConsensusVote() RPC: tablet_id: "7e19d7c23cc941e3a7751fe2478481ec" candidate_uuid: "853707498adf425fb8395cb60f41c9dc" candidate_term: 3 candidate_status { last_received { term: 1 index: 102 } } ignore_live_leader: false dest_uuid: "8c751174fe9e41a0a4d3ea1dac04a50e"
W0220 18:44:44.057925 25891 leader_election.cc:346] T 7e19d7c23cc941e3a7751fe2478481ec P 853707498adf425fb8395cb60f41c9dc [CANDIDATE]: Term 3 election: Tablet error from VoteRequest() call to peer 8c751174fe9e41a0a4d3ea1dac04a50e (127.23.135.132:33963): Illegal state: must be running to vote when last-logged opid is not known
I0220 18:44:44.059003 26090 raft_consensus.cc:2414] T 7e19d7c23cc941e3a7751fe2478481ec P a6e352f77ef54932a47d9977e15d05f1 [term 3 FOLLOWER]: Leader election vote request: Granting yes vote for candidate 853707498adf425fb8395cb60f41c9dc in term 3.
I0220 18:44:44.059296 25893 leader_election.cc:307] T 7e19d7c23cc941e3a7751fe2478481ec P 853707498adf425fb8395cb60f41c9dc [CANDIDATE]: Term 3 election: Election decided. Result: candidate won. Election summary: received 3 responses out of 3 voters: 2 yes votes; 1 no votes. yes voters: 853707498adf425fb8395cb60f41c9dc, a6e352f77ef54932a47d9977e15d05f1; no voters: 8c751174fe9e41a0a4d3ea1dac04a50e
I0220 18:44:44.059459 26143 raft_consensus.cc:2730] T 7e19d7c23cc941e3a7751fe2478481ec P 853707498adf425fb8395cb60f41c9dc [term 3 FOLLOWER]: Leader election won for term 3
I0220 18:44:44.059692 26143 raft_consensus.cc:686] T 7e19d7c23cc941e3a7751fe2478481ec P 853707498adf425fb8395cb60f41c9dc [term 3 LEADER]: Becoming Leader. State: Replica: 853707498adf425fb8395cb60f41c9dc, State: Running, Role: LEADER
I0220 18:44:44.060055 26143 consensus_queue.cc:229] T 7e19d7c23cc941e3a7751fe2478481ec P 853707498adf425fb8395cb60f41c9dc [LEADER]: Queue going to LEADER mode. State: All replicated index: 0, Majority replicated index: 101, Committed index: 101, Last appended: 1.102, Last appended by leader: 102, Current term: 3, Majority size: 2, State: 0, Mode: LEADER, active raft config: opid_index: -1 OBSOLETE_local: false peers { permanent_uuid: "a6e352f77ef54932a47d9977e15d05f1" member_type: VOTER last_known_addr { host: "127.23.135.130" port: 36293 } } peers { permanent_uuid: "8c751174fe9e41a0a4d3ea1dac04a50e" member_type: VOTER last_known_addr { host: "127.23.135.132" port: 33963 } } peers { permanent_uuid: "853707498adf425fb8395cb60f41c9dc" member_type: VOTER last_known_addr { host: "127.23.135.129" port: 34551 } }
I0220 18:44:44.062762 25163 catalog_manager.cc:4173] T 7e19d7c23cc941e3a7751fe2478481ec P 853707498adf425fb8395cb60f41c9dc reported cstate change: term changed from 1 to 3, leader changed from a6e352f77ef54932a47d9977e15d05f1 (127.23.135.130) to 853707498adf425fb8395cb60f41c9dc (127.23.135.129). New cstate: current_term: 3 leader_uuid: "853707498adf425fb8395cb60f41c9dc" committed_config { opid_index: -1 OBSOLETE_local: false peers { permanent_uuid: "a6e352f77ef54932a47d9977e15d05f1" member_type: VOTER last_known_addr { host: "127.23.135.130" port: 36293 } health_report { overall_health: UNKNOWN } } peers { permanent_uuid: "8c751174fe9e41a0a4d3ea1dac04a50e" member_type: VOTER last_known_addr { host: "127.23.135.132" port: 33963 } health_report { overall_health: UNKNOWN } } peers { permanent_uuid: "853707498adf425fb8395cb60f41c9dc" member_type: VOTER last_known_addr { host: "127.23.135.129" port: 34551 } health_report { overall_health: HEALTHY } } }
W0220 18:44:44.087199 25891 consensus_peers.cc:472] T 7e19d7c23cc941e3a7751fe2478481ec P 853707498adf425fb8395cb60f41c9dc -> Peer 8c751174fe9e41a0a4d3ea1dac04a50e (127.23.135.132:33963): Couldn't send request to peer 8c751174fe9e41a0a4d3ea1dac04a50e. Error code: TABLET_NOT_RUNNING (12). Status: Illegal state: Tablet not RUNNING: BOOTSTRAPPING. This is attempt 1: this message will repeat every 5th retry.
I0220 18:44:44.087206 26090 raft_consensus.cc:1210] T 7e19d7c23cc941e3a7751fe2478481ec P a6e352f77ef54932a47d9977e15d05f1 [term 3 FOLLOWER]: Refusing update from remote peer 853707498adf425fb8395cb60f41c9dc: Log matching property violated. Preceding OpId in replica: term: 1 index: 102. Preceding OpId from leader: term: 3 index: 104. (index mismatch)
I0220 18:44:44.088063 26143 consensus_queue.cc:1005] T 7e19d7c23cc941e3a7751fe2478481ec P 853707498adf425fb8395cb60f41c9dc [LEADER]: Connected to new peer: Peer: permanent_uuid: "a6e352f77ef54932a47d9977e15d05f1" member_type: VOTER last_known_addr { host: "127.23.135.130" port: 36293 }, Status: LMP_MISMATCH, Last received: 0.0, Next index: 103, Last known committed idx: 101, Time since last communication: 0.000s
I0220 18:44:44.368479 26282 tablet_bootstrap.cc:441] T 7e19d7c23cc941e3a7751fe2478481ec P 8c751174fe9e41a0a4d3ea1dac04a50e: Bootstrap replayed 1/1 log segments. Stats: ops{read=100 overwritten=0 applied=100 ignored=0} inserts{seen=4950 ignored=0} mutations{seen=0 ignored=0} orphaned_commits=0. Pending: 0 replicates
I0220 18:44:44.368877 26282 tablet_bootstrap.cc:441] T 7e19d7c23cc941e3a7751fe2478481ec P 8c751174fe9e41a0a4d3ea1dac04a50e: Bootstrap complete.
I0220 18:44:44.369834 26282 ts_tablet_manager.cc:1113] T 7e19d7c23cc941e3a7751fe2478481ec P 8c751174fe9e41a0a4d3ea1dac04a50e: Time spent bootstrapping tablet: real 0.366s user 0.208s sys 0.013s
I0220 18:44:44.376580 26282 raft_consensus.cc:346] T 7e19d7c23cc941e3a7751fe2478481ec P 8c751174fe9e41a0a4d3ea1dac04a50e [term 2 FOLLOWER]: Replica starting. Triggering 0 pending transactions. Active config: opid_index: -1 OBSOLETE_local: false peers { permanent_uuid: "a6e352f77ef54932a47d9977e15d05f1" member_type: VOTER last_known_addr { host: "127.23.135.130" port: 36293 } } peers { permanent_uuid: "8c751174fe9e41a0a4d3ea1dac04a50e" member_type: VOTER last_known_addr { host: "127.23.135.132" port: 33963 } } peers { permanent_uuid: "853707498adf425fb8395cb60f41c9dc" member_type: VOTER last_known_addr { host: "127.23.135.129" port: 34551 } }
I0220 18:44:44.376662 26282 raft_consensus.cc:726] T 7e19d7c23cc941e3a7751fe2478481ec P 8c751174fe9e41a0a4d3ea1dac04a50e [term 2 FOLLOWER]: Becoming Follower/Learner. State: Replica: 8c751174fe9e41a0a4d3ea1dac04a50e, State: Initialized, Role: FOLLOWER
I0220 18:44:44.377135 26282 consensus_queue.cc:252] T 7e19d7c23cc941e3a7751fe2478481ec P 8c751174fe9e41a0a4d3ea1dac04a50e [NON_LEADER]: Queue going to NON_LEADER mode. State: All replicated index: 0, Majority replicated index: 0, Committed index: 100, Last appended: 1.100, Last appended by leader: 100, Current term: 0, Majority size: -1, State: 0, Mode: NON_LEADER, active raft config: opid_index: -1 OBSOLETE_local: false peers { permanent_uuid: "a6e352f77ef54932a47d9977e15d05f1" member_type: VOTER last_known_addr { host: "127.23.135.130" port: 36293 } } peers { permanent_uuid: "8c751174fe9e41a0a4d3ea1dac04a50e" member_type: VOTER last_known_addr { host: "127.23.135.132" port: 33963 } } peers { permanent_uuid: "853707498adf425fb8395cb60f41c9dc" member_type: VOTER last_known_addr { host: "127.23.135.129" port: 34551 } }
I0220 18:44:44.377581 26387 heartbeater.cc:447] Master 127.23.135.190:41437 was elected leader, sending a full tablet report...
I0220 18:44:44.378335 26282 ts_tablet_manager.cc:1142] T 7e19d7c23cc941e3a7751fe2478481ec P 8c751174fe9e41a0a4d3ea1dac04a50e: Time spent starting tablet: real 0.008s user 0.006s sys 0.000s
I0220 18:44:44.385903 26338 raft_consensus.cc:2983] T 7e19d7c23cc941e3a7751fe2478481ec P 8c751174fe9e41a0a4d3ea1dac04a50e [term 2 FOLLOWER]: Advancing to term 3
I0220 18:44:44.387591 26338 raft_consensus.cc:1210] T 7e19d7c23cc941e3a7751fe2478481ec P 8c751174fe9e41a0a4d3ea1dac04a50e [term 3 FOLLOWER]: Refusing update from remote peer 853707498adf425fb8395cb60f41c9dc: Log matching property violated. Preceding OpId in replica: term: 1 index: 100. Preceding OpId from leader: term: 1 index: 102. (index mismatch)
I0220 18:44:44.388425 26396 consensus_queue.cc:1007] T 7e19d7c23cc941e3a7751fe2478481ec P 853707498adf425fb8395cb60f41c9dc [LEADER]: Got LMP mismatch error from peer: Peer: permanent_uuid: "8c751174fe9e41a0a4d3ea1dac04a50e" member_type: VOTER last_known_addr { host: "127.23.135.132" port: 33963 }, Status: LMP_MISMATCH, Last received: 0.0, Next index: 103, Last known committed idx: 100, Time since last communication: 0.000s
I0220 18:44:44.466096 26441 mvcc.cc:203] Tried to move safe_time back from 6480790668852928512 to 6480790667511885824. Current Snapshot: MvccSnapshot[committed={T|T < 6480790668812996608}]
I0220 18:44:44.850239 26261 heartbeater.cc:447] Master 127.23.135.190:41437 was elected leader, sending a full tablet report...
I0220 18:44:50.224159 25169 ts_manager.cc:267] Unset tserver state for 853707498adf425fb8395cb60f41c9dc from MAINTENANCE_MODE
I0220 18:44:50.226778 25163 ts_manager.cc:267] Unset tserver state for e4c29ba8de7e4745a4e497d213d63742 from MAINTENANCE_MODE
I0220 18:44:50.241910 25170 ts_manager.cc:267] Unset tserver state for 8c751174fe9e41a0a4d3ea1dac04a50e from MAINTENANCE_MODE
I0220 18:44:50.244928 25164 ts_manager.cc:267] Unset tserver state for a6e352f77ef54932a47d9977e15d05f1 from MAINTENANCE_MODE
I0220 18:44:50.424641 26387 heartbeater.cc:455] Master 127.23.135.190:41437 requested a full tablet report, sending...
I0220 18:44:50.426807 26005 heartbeater.cc:455] Master 127.23.135.190:41437 requested a full tablet report, sending...
I0220 18:44:50.511867 25164 ts_manager.cc:278] Set tserver state for 853707498adf425fb8395cb60f41c9dc to MAINTENANCE_MODE
I0220 18:44:50.678628 25164 ts_manager.cc:278] Set tserver state for 8c751174fe9e41a0a4d3ea1dac04a50e to MAINTENANCE_MODE
I0220 18:44:50.698791 25164 ts_manager.cc:278] Set tserver state for e4c29ba8de7e4745a4e497d213d63742 to MAINTENANCE_MODE
I0220 18:44:50.765393 25937 tablet_service.cc:1022] Tablet server 853707498adf425fb8395cb60f41c9dc set to quiescing
I0220 18:44:50.765503 25937 tablet_service.cc:1029] Tablet server has 1 leaders and 0 scanners
I0220 18:44:50.766070 26408 raft_consensus.cc:929] T 7e19d7c23cc941e3a7751fe2478481ec P 853707498adf425fb8395cb60f41c9dc: : Instructing follower a6e352f77ef54932a47d9977e15d05f1 to start an election
I0220 18:44:50.766222 26408 raft_consensus.cc:1017] T 7e19d7c23cc941e3a7751fe2478481ec P 853707498adf425fb8395cb60f41c9dc [term 3 LEADER]: Signalling peer a6e352f77ef54932a47d9977e15d05f1 to start an election
I0220 18:44:50.767000 26089 tablet_service.cc:1457] Received Run Leader Election RPC: tablet_id: "7e19d7c23cc941e3a7751fe2478481ec" dest_uuid: "a6e352f77ef54932a47d9977e15d05f1" from {username='slave'} at 127.23.135.129:35989
I0220 18:44:50.767072 26089 raft_consensus.cc:482] T 7e19d7c23cc941e3a7751fe2478481ec P a6e352f77ef54932a47d9977e15d05f1 [term 3 FOLLOWER]: Starting forced leader election (received explicit request)
I0220 18:44:50.767107 26089 raft_consensus.cc:2983] T 7e19d7c23cc941e3a7751fe2478481ec P a6e352f77ef54932a47d9977e15d05f1 [term 3 FOLLOWER]: Advancing to term 4
I0220 18:44:50.769039 26089 raft_consensus.cc:504] T 7e19d7c23cc941e3a7751fe2478481ec P a6e352f77ef54932a47d9977e15d05f1 [term 4 FOLLOWER]: Starting forced leader election with config: opid_index: -1 OBSOLETE_local: false peers { permanent_uuid: "a6e352f77ef54932a47d9977e15d05f1" member_type: VOTER last_known_addr { host: "127.23.135.130" port: 36293 } } peers { permanent_uuid: "8c751174fe9e41a0a4d3ea1dac04a50e" member_type: VOTER last_known_addr { host: "127.23.135.132" port: 33963 } } peers { permanent_uuid: "853707498adf425fb8395cb60f41c9dc" member_type: VOTER last_known_addr { host: "127.23.135.129" port: 34551 } }
I0220 18:44:50.769838 26089 leader_election.cc:293] T 7e19d7c23cc941e3a7751fe2478481ec P a6e352f77ef54932a47d9977e15d05f1 [CANDIDATE]: Term 4 election: Requested vote from peers 8c751174fe9e41a0a4d3ea1dac04a50e (127.23.135.132:33963), 853707498adf425fb8395cb60f41c9dc (127.23.135.129:34551)
I0220 18:44:50.773579 26405 raft_consensus.cc:929] T 7e19d7c23cc941e3a7751fe2478481ec P 853707498adf425fb8395cb60f41c9dc: : Instructing follower 8c751174fe9e41a0a4d3ea1dac04a50e to start an election
I0220 18:44:50.773653 26405 raft_consensus.cc:1017] T 7e19d7c23cc941e3a7751fe2478481ec P 853707498adf425fb8395cb60f41c9dc [term 3 LEADER]: Signalling peer 8c751174fe9e41a0a4d3ea1dac04a50e to start an election
I0220 18:44:50.777817 26089 raft_consensus.cc:1175] T 7e19d7c23cc941e3a7751fe2478481ec P a6e352f77ef54932a47d9977e15d05f1 [term 4 FOLLOWER]: Rejecting Update request from peer 853707498adf425fb8395cb60f41c9dc for earlier term 3. Current term is 4. Ops: []
I0220 18:44:50.778167 25164 ts_manager.cc:278] Set tserver state for a6e352f77ef54932a47d9977e15d05f1 to MAINTENANCE_MODE
I0220 18:44:50.778224 26408 consensus_queue.cc:1016] T 7e19d7c23cc941e3a7751fe2478481ec P 853707498adf425fb8395cb60f41c9dc [LEADER]: Peer responded invalid term: Peer: permanent_uuid: "a6e352f77ef54932a47d9977e15d05f1" member_type: VOTER last_known_addr { host: "127.23.135.130" port: 36293 }, Status: INVALID_TERM, Last received: 3.1336, Next index: 1337, Last known committed idx: 1336, Time since last communication: 0.000s
I0220 18:44:50.779044 26396 raft_consensus.cc:929] T 7e19d7c23cc941e3a7751fe2478481ec P 853707498adf425fb8395cb60f41c9dc: : Instructing follower 8c751174fe9e41a0a4d3ea1dac04a50e to start an election
I0220 18:44:50.779109 26396 raft_consensus.cc:1017] T 7e19d7c23cc941e3a7751fe2478481ec P 853707498adf425fb8395cb60f41c9dc [term 3 LEADER]: Signalling peer 8c751174fe9e41a0a4d3ea1dac04a50e to start an election
I0220 18:44:50.779181 26396 raft_consensus.cc:2978] T 7e19d7c23cc941e3a7751fe2478481ec P 853707498adf425fb8395cb60f41c9dc [term 3 LEADER]: Stepping down as leader of term 3
I0220 18:44:50.779197 26396 raft_consensus.cc:726] T 7e19d7c23cc941e3a7751fe2478481ec P 853707498adf425fb8395cb60f41c9dc [term 3 LEADER]: Becoming Follower/Learner. State: Replica: 853707498adf425fb8395cb60f41c9dc, State: Running, Role: LEADER
I0220 18:44:50.779326 26396 consensus_queue.cc:252] T 7e19d7c23cc941e3a7751fe2478481ec P 853707498adf425fb8395cb60f41c9dc [NON_LEADER]: Queue going to NON_LEADER mode. State: All replicated index: 0, Majority replicated index: 1337, Committed index: 1337, Last appended: 3.1337, Last appended by leader: 1337, Current term: 3, Majority size: -1, State: 0, Mode: NON_LEADER, active raft config: opid_index: -1 OBSOLETE_local: false peers { permanent_uuid: "a6e352f77ef54932a47d9977e15d05f1" member_type: VOTER last_known_addr { host: "127.23.135.130" port: 36293 } } peers { permanent_uuid: "8c751174fe9e41a0a4d3ea1dac04a50e" member_type: VOTER last_known_addr { host: "127.23.135.132" port: 33963 } } peers { permanent_uuid: "853707498adf425fb8395cb60f41c9dc" member_type: VOTER last_known_addr { host: "127.23.135.129" port: 34551 } }
I0220 18:44:50.779443 26396 raft_consensus.cc:2983] T 7e19d7c23cc941e3a7751fe2478481ec P 853707498adf425fb8395cb60f41c9dc [term 3 FOLLOWER]: Advancing to term 4
I0220 18:44:50.780179 26332 tablet_service.cc:1457] Received Run Leader Election RPC: tablet_id: "7e19d7c23cc941e3a7751fe2478481ec" dest_uuid: "8c751174fe9e41a0a4d3ea1dac04a50e" from {username='slave'} at 127.23.135.129:44379
I0220 18:44:50.780247 26332 raft_consensus.cc:482] T 7e19d7c23cc941e3a7751fe2478481ec P 8c751174fe9e41a0a4d3ea1dac04a50e [term 3 FOLLOWER]: Starting forced leader election (received explicit request)
I0220 18:44:50.780292 26332 raft_consensus.cc:2983] T 7e19d7c23cc941e3a7751fe2478481ec P 8c751174fe9e41a0a4d3ea1dac04a50e [term 3 FOLLOWER]: Advancing to term 4
I0220 18:44:50.781229 26332 raft_consensus.cc:504] T 7e19d7c23cc941e3a7751fe2478481ec P 8c751174fe9e41a0a4d3ea1dac04a50e [term 4 FOLLOWER]: Starting forced leader election with config: opid_index: -1 OBSOLETE_local: false peers { permanent_uuid: "a6e352f77ef54932a47d9977e15d05f1" member_type: VOTER last_known_addr { host: "127.23.135.130" port: 36293 } } peers { permanent_uuid: "8c751174fe9e41a0a4d3ea1dac04a50e" member_type: VOTER last_known_addr { host: "127.23.135.132" port: 33963 } } peers { permanent_uuid: "853707498adf425fb8395cb60f41c9dc" member_type: VOTER last_known_addr { host: "127.23.135.129" port: 34551 } }
I0220 18:44:50.782032 26332 leader_election.cc:293] T 7e19d7c23cc941e3a7751fe2478481ec P 8c751174fe9e41a0a4d3ea1dac04a50e [CANDIDATE]: Term 4 election: Requested vote from peers a6e352f77ef54932a47d9977e15d05f1 (127.23.135.130:36293), 853707498adf425fb8395cb60f41c9dc (127.23.135.129:34551)
I0220 18:44:50.784291 26338 tablet_service.cc:1457] Received Run Leader Election RPC: tablet_id: "7e19d7c23cc941e3a7751fe2478481ec" dest_uuid: "8c751174fe9e41a0a4d3ea1dac04a50e" from {username='slave'} at 127.23.135.129:44379
I0220 18:44:50.784345 26338 raft_consensus.cc:482] T 7e19d7c23cc941e3a7751fe2478481ec P 8c751174fe9e41a0a4d3ea1dac04a50e [term 4 FOLLOWER]: Starting forced leader election (received explicit request)
I0220 18:44:50.784369 26338 raft_consensus.cc:2983] T 7e19d7c23cc941e3a7751fe2478481ec P 8c751174fe9e41a0a4d3ea1dac04a50e [term 4 FOLLOWER]: Advancing to term 5
I0220 18:44:50.785143 26338 raft_consensus.cc:504] T 7e19d7c23cc941e3a7751fe2478481ec P 8c751174fe9e41a0a4d3ea1dac04a50e [term 5 FOLLOWER]: Starting forced leader election with config: opid_index: -1 OBSOLETE_local: false peers { permanent_uuid: "a6e352f77ef54932a47d9977e15d05f1" member_type: VOTER last_known_addr { host: "127.23.135.130" port: 36293 } } peers { permanent_uuid: "8c751174fe9e41a0a4d3ea1dac04a50e" member_type: VOTER last_known_addr { host: "127.23.135.132" port: 33963 } } peers { permanent_uuid: "853707498adf425fb8395cb60f41c9dc" member_type: VOTER last_known_addr { host: "127.23.135.129" port: 34551 } }
I0220 18:44:50.785356 26338 leader_election.cc:293] T 7e19d7c23cc941e3a7751fe2478481ec P 8c751174fe9e41a0a4d3ea1dac04a50e [CANDIDATE]: Term 5 election: Requested vote from peers a6e352f77ef54932a47d9977e15d05f1 (127.23.135.130:36293), 853707498adf425fb8395cb60f41c9dc (127.23.135.129:34551)
I0220 18:44:50.785925 26089 raft_consensus.cc:1175] T 7e19d7c23cc941e3a7751fe2478481ec P a6e352f77ef54932a47d9977e15d05f1 [term 4 FOLLOWER]: Rejecting Update request from peer 853707498adf425fb8395cb60f41c9dc for earlier term 3. Current term is 4. Ops: []
W0220 18:44:50.789120 26142 tablet_service.cc:670] failed transaction from {username='slave'} at 127.0.0.1:37824: Illegal state: Cannot assign timestamp to transaction. Tablet is not in leader mode. Last heard from a leader: 0.010s ago.
W0220 18:44:50.790169 26142 tablet_service.cc:670] failed transaction from {username='slave'} at 127.0.0.1:37824: Illegal state: Cannot assign timestamp to transaction. Tablet is not in leader mode. Last heard from a leader: 0.011s ago.
W0220 18:44:50.790673 25917 tablet_service.cc:670] failed transaction from {username='slave'} at 127.0.0.1:37824: Illegal state: Replica 853707498adf425fb8395cb60f41c9dc is not leader of this config. Role: FOLLOWER. Consensus state: current_term: 4 committed_config { opid_index: -1 OBSOLETE_local: false peers { permanent_uuid: "a6e352f77ef54932a47d9977e15d05f1" member_type: VOTER last_known_addr { host: "127.23.135.130" port: 36293 } } peers { permanent_uuid: "8c751174fe9e41a0a4d3ea1dac04a50e" member_type: VOTER last_known_addr { host: "127.23.135.132" port: 33963 } } peers { permanent_uuid: "853707498adf425fb8395cb60f41c9dc" member_type: VOTER last_known_addr { host: "127.23.135.129" port: 34551 } } }
W0220 18:44:50.792712 26046 tablet_service.cc:670] failed transaction from {username='slave'} at 127.0.0.1:34556: Illegal state: Replica a6e352f77ef54932a47d9977e15d05f1 is not leader of this config. Role: FOLLOWER. Consensus state: current_term: 4 committed_config { opid_index: -1 OBSOLETE_local: false peers { permanent_uuid: "a6e352f77ef54932a47d9977e15d05f1" member_type: VOTER last_known_addr { host: "127.23.135.130" port: 36293 } } peers { permanent_uuid: "8c751174fe9e41a0a4d3ea1dac04a50e" member_type: VOTER last_known_addr { host: "127.23.135.132" port: 33963 } } peers { permanent_uuid: "853707498adf425fb8395cb60f41c9dc" member_type: VOTER last_known_addr { host: "127.23.135.129" port: 34551 } } }
I0220 18:44:50.793570 25962 tablet_service.cc:1340] Received RequestConsensusVote() RPC: tablet_id: "7e19d7c23cc941e3a7751fe2478481ec" candidate_uuid: "a6e352f77ef54932a47d9977e15d05f1" candidate_term: 4 candidate_status { last_received { term: 3 index: 1336 } } ignore_live_leader: true dest_uuid: "853707498adf425fb8395cb60f41c9dc"
I0220 18:44:50.793692 25962 raft_consensus.cc:2356] T 7e19d7c23cc941e3a7751fe2478481ec P 853707498adf425fb8395cb60f41c9dc [term 4 FOLLOWER]: Leader election vote request: Denying vote to candidate a6e352f77ef54932a47d9977e15d05f1 for term 4 because replica has last-logged OpId of term: 3 index: 1337, which is greater than that of the candidate, which has last-logged OpId of term: 3 index: 1336.
I0220 18:44:50.794734 26338 tablet_service.cc:1340] Received RequestConsensusVote() RPC: tablet_id: "7e19d7c23cc941e3a7751fe2478481ec" candidate_uuid: "a6e352f77ef54932a47d9977e15d05f1" candidate_term: 4 candidate_status { last_received { term: 3 index: 1336 } } ignore_live_leader: true dest_uuid: "8c751174fe9e41a0a4d3ea1dac04a50e"
I0220 18:44:50.794809 26338 raft_consensus.cc:2314] T 7e19d7c23cc941e3a7751fe2478481ec P 8c751174fe9e41a0a4d3ea1dac04a50e [term 5 FOLLOWER]: Leader election vote request: Denying vote to candidate a6e352f77ef54932a47d9977e15d05f1 for earlier term 4. Current term is 5.
I0220 18:44:50.795156 26019 leader_election.cc:403] T 7e19d7c23cc941e3a7751fe2478481ec P a6e352f77ef54932a47d9977e15d05f1 [CANDIDATE]: Term 4 election: Vote denied by peer 8c751174fe9e41a0a4d3ea1dac04a50e (127.23.135.132:33963) with higher term. Message: Invalid argument: T 7e19d7c23cc941e3a7751fe2478481ec P 8c751174fe9e41a0a4d3ea1dac04a50e [term 5 FOLLOWER]: Leader election vote request: Denying vote to candidate a6e352f77ef54932a47d9977e15d05f1 for earlier term 4. Current term is 5.
I0220 18:44:50.795176 26019 leader_election.cc:406] T 7e19d7c23cc941e3a7751fe2478481ec P a6e352f77ef54932a47d9977e15d05f1 [CANDIDATE]: Term 4 election: Cancelling election due to peer responding with higher term
W0220 18:44:50.795840 26049 tablet_service.cc:670] failed transaction from {username='slave'} at 127.0.0.1:34556: Illegal state: Replica a6e352f77ef54932a47d9977e15d05f1 is not leader of this config. Role: FOLLOWER. Consensus state: current_term: 4 committed_config { opid_index: -1 OBSOLETE_local: false peers { permanent_uuid: "a6e352f77ef54932a47d9977e15d05f1" member_type: VOTER last_known_addr { host: "127.23.135.130" port: 36293 } } peers { permanent_uuid: "8c751174fe9e41a0a4d3ea1dac04a50e" member_type: VOTER last_known_addr { host: "127.23.135.132" port: 33963 } } peers { permanent_uuid: "853707498adf425fb8395cb60f41c9dc" member_type: VOTER last_known_addr { host: "127.23.135.129" port: 34551 } } }
I0220 18:44:50.796382 26609 raft_consensus.cc:2983] T 7e19d7c23cc941e3a7751fe2478481ec P a6e352f77ef54932a47d9977e15d05f1 [term 4 FOLLOWER]: Advancing to term 5
I0220 18:44:50.797243 26609 raft_consensus.cc:2675] T 7e19d7c23cc941e3a7751fe2478481ec P a6e352f77ef54932a47d9977e15d05f1 [term 5 FOLLOWER]: Leader election lost for term 4. Reason: Vote denied by peer 8c751174fe9e41a0a4d3ea1dac04a50e (127.23.135.132:33963) with higher term. Message: Invalid argument: T 7e19d7c23cc941e3a7751fe2478481ec P 8c751174fe9e41a0a4d3ea1dac04a50e [term 5 FOLLOWER]: Leader election vote request: Denying vote to candidate a6e352f77ef54932a47d9977e15d05f1 for earlier term 4. Current term is 5.
I0220 18:44:50.799949 25962 tablet_service.cc:1340] Received RequestConsensusVote() RPC: tablet_id: "7e19d7c23cc941e3a7751fe2478481ec" candidate_uuid: "8c751174fe9e41a0a4d3ea1dac04a50e" candidate_term: 4 candidate_status { last_received { term: 3 index: 1337 } } ignore_live_leader: true dest_uuid: "853707498adf425fb8395cb60f41c9dc"
I0220 18:44:50.800917 25962 raft_consensus.cc:2414] T 7e19d7c23cc941e3a7751fe2478481ec P 853707498adf425fb8395cb60f41c9dc [term 4 FOLLOWER]: Leader election vote request: Granting yes vote for candidate 8c751174fe9e41a0a4d3ea1dac04a50e in term 4.
I0220 18:44:50.801132 25961 tablet_service.cc:1340] Received RequestConsensusVote() RPC: tablet_id: "7e19d7c23cc941e3a7751fe2478481ec" candidate_uuid: "8c751174fe9e41a0a4d3ea1dac04a50e" candidate_term: 5 candidate_status { last_received { term: 3 index: 1337 } } ignore_live_leader: true dest_uuid: "853707498adf425fb8395cb60f41c9dc"
I0220 18:44:50.801177 25961 raft_consensus.cc:2983] T 7e19d7c23cc941e3a7751fe2478481ec P 853707498adf425fb8395cb60f41c9dc [term 4 FOLLOWER]: Advancing to term 5
I0220 18:44:50.801297 26273 leader_election.cc:307] T 7e19d7c23cc941e3a7751fe2478481ec P 8c751174fe9e41a0a4d3ea1dac04a50e [CANDIDATE]: Term 4 election: Election decided. Result: candidate won. Election summary: received 2 responses out of 3 voters: 2 yes votes; 0 no votes. yes voters: 853707498adf425fb8395cb60f41c9dc, 8c751174fe9e41a0a4d3ea1dac04a50e; no voters:
I0220 18:44:50.801934 25961 raft_consensus.cc:2414] T 7e19d7c23cc941e3a7751fe2478481ec P 853707498adf425fb8395cb60f41c9dc [term 5 FOLLOWER]: Leader election vote request: Granting yes vote for candidate 8c751174fe9e41a0a4d3ea1dac04a50e in term 5.
I0220 18:44:50.802204 26273 leader_election.cc:307] T 7e19d7c23cc941e3a7751fe2478481ec P 8c751174fe9e41a0a4d3ea1dac04a50e [CANDIDATE]: Term 5 election: Election decided. Result: candidate won. Election summary: received 2 responses out of 3 voters: 2 yes votes; 0 no votes. yes voters: 853707498adf425fb8395cb60f41c9dc, 8c751174fe9e41a0a4d3ea1dac04a50e; no voters:
I0220 18:44:50.802734 26610 raft_consensus.cc:2690] T 7e19d7c23cc941e3a7751fe2478481ec P 8c751174fe9e41a0a4d3ea1dac04a50e [term 5 FOLLOWER]: Leader election decision vote started in defunct term 4: won
W0220 18:44:50.804942 26293 tablet_service.cc:670] failed transaction from {username='slave'} at 127.0.0.1:39628: Illegal state: Replica 8c751174fe9e41a0a4d3ea1dac04a50e is not leader of this config. Role: FOLLOWER. Consensus state: current_term: 5 committed_config { opid_index: -1 OBSOLETE_local: false peers { permanent_uuid: "a6e352f77ef54932a47d9977e15d05f1" member_type: VOTER last_known_addr { host: "127.23.135.130" port: 36293 } } peers { permanent_uuid: "8c751174fe9e41a0a4d3ea1dac04a50e" member_type: VOTER last_known_addr { host: "127.23.135.132" port: 33963 } } peers { permanent_uuid: "853707498adf425fb8395cb60f41c9dc" member_type: VOTER last_known_addr { host: "127.23.135.129" port: 34551 } } }
I0220 18:44:50.805308 26612 raft_consensus.cc:2730] T 7e19d7c23cc941e3a7751fe2478481ec P 8c751174fe9e41a0a4d3ea1dac04a50e [term 5 FOLLOWER]: Leader election won for term 5
I0220 18:44:50.805442 26612 raft_consensus.cc:686] T 7e19d7c23cc941e3a7751fe2478481ec P 8c751174fe9e41a0a4d3ea1dac04a50e [term 5 LEADER]: Becoming Leader. State: Replica: 8c751174fe9e41a0a4d3ea1dac04a50e, State: Running, Role: LEADER
I0220 18:44:50.806032 26612 consensus_queue.cc:229] T 7e19d7c23cc941e3a7751fe2478481ec P 8c751174fe9e41a0a4d3ea1dac04a50e [LEADER]: Queue going to LEADER mode. State: All replicated index: 0, Majority replicated index: 1337, Committed index: 1337, Last appended: 3.1337, Last appended by leader: 1337, Current term: 5, Majority size: 2, State: 0, Mode: LEADER, active raft config: opid_index: -1 OBSOLETE_local: false peers { permanent_uuid: "a6e352f77ef54932a47d9977e15d05f1" member_type: VOTER last_known_addr { host: "127.23.135.130" port: 36293 } } peers { permanent_uuid: "8c751174fe9e41a0a4d3ea1dac04a50e" member_type: VOTER last_known_addr { host: "127.23.135.132" port: 33963 } } peers { permanent_uuid: "853707498adf425fb8395cb60f41c9dc" member_type: VOTER last_known_addr { host: "127.23.135.129" port: 34551 } }
I0220 18:44:50.799443 26089 tablet_service.cc:1340] Received RequestConsensusVote() RPC: tablet_id: "7e19d7c23cc941e3a7751fe2478481ec" candidate_uuid: "8c751174fe9e41a0a4d3ea1dac04a50e" candidate_term: 4 candidate_status { last_received { term: 3 index: 1337 } } ignore_live_leader: true dest_uuid: "a6e352f77ef54932a47d9977e15d05f1"
I0220 18:44:50.806352 26089 raft_consensus.cc:2314] T 7e19d7c23cc941e3a7751fe2478481ec P a6e352f77ef54932a47d9977e15d05f1 [term 5 FOLLOWER]: Leader election vote request: Denying vote to candidate 8c751174fe9e41a0a4d3ea1dac04a50e for earlier term 4. Current term is 5.
W0220 18:44:50.806412 26050 tablet_service.cc:670] failed transaction from {username='slave'} at 127.0.0.1:34556: Illegal state: Replica a6e352f77ef54932a47d9977e15d05f1 is not leader of this config. Role: FOLLOWER. Consensus state: current_term: 5 committed_config { opid_index: -1 OBSOLETE_local: false peers { permanent_uuid: "a6e352f77ef54932a47d9977e15d05f1" member_type: VOTER last_known_addr { host: "127.23.135.130" port: 36293 } } peers { permanent_uuid: "8c751174fe9e41a0a4d3ea1dac04a50e" member_type: VOTER last_known_addr { host: "127.23.135.132" port: 33963 } } peers { permanent_uuid: "853707498adf425fb8395cb60f41c9dc" member_type: VOTER last_known_addr { host: "127.23.135.129" port: 34551 } } }
I0220 18:44:50.799515 26090 tablet_service.cc:1340] Received RequestConsensusVote() RPC: tablet_id: "7e19d7c23cc941e3a7751fe2478481ec" candidate_uuid: "8c751174fe9e41a0a4d3ea1dac04a50e" candidate_term: 5 candidate_status { last_received { term: 3 index: 1337 } } ignore_live_leader: true dest_uuid: "a6e352f77ef54932a47d9977e15d05f1"
I0220 18:44:50.807399 26090 raft_consensus.cc:2414] T 7e19d7c23cc941e3a7751fe2478481ec P a6e352f77ef54932a47d9977e15d05f1 [term 5 FOLLOWER]: Leader election vote request: Granting yes vote for candidate 8c751174fe9e41a0a4d3ea1dac04a50e in term 5.
I0220 18:44:50.807901 26275 leader_election.cc:403] T 7e19d7c23cc941e3a7751fe2478481ec P 8c751174fe9e41a0a4d3ea1dac04a50e [CANDIDATE]: Term 4 election: Vote denied by peer a6e352f77ef54932a47d9977e15d05f1 (127.23.135.130:36293) with higher term. Message: Invalid argument: T 7e19d7c23cc941e3a7751fe2478481ec P a6e352f77ef54932a47d9977e15d05f1 [term 5 FOLLOWER]: Leader election vote request: Denying vote to candidate 8c751174fe9e41a0a4d3ea1dac04a50e for earlier term 4. Current term is 5.
I0220 18:44:50.809998 25164 catalog_manager.cc:4173] T 7e19d7c23cc941e3a7751fe2478481ec P 8c751174fe9e41a0a4d3ea1dac04a50e reported cstate change: term changed from 3 to 5, leader changed from 853707498adf425fb8395cb60f41c9dc (127.23.135.129) to 8c751174fe9e41a0a4d3ea1dac04a50e (127.23.135.132). New cstate: current_term: 5 leader_uuid: "8c751174fe9e41a0a4d3ea1dac04a50e" committed_config { opid_index: -1 OBSOLETE_local: false peers { permanent_uuid: "a6e352f77ef54932a47d9977e15d05f1" member_type: VOTER last_known_addr { host: "127.23.135.130" port: 36293 } health_report { overall_health: UNKNOWN } } peers { permanent_uuid: "8c751174fe9e41a0a4d3ea1dac04a50e" member_type: VOTER last_known_addr { host: "127.23.135.132" port: 33963 } health_report { overall_health: HEALTHY } } peers { permanent_uuid: "853707498adf425fb8395cb60f41c9dc" member_type: VOTER last_known_addr { host: "127.23.135.129" port: 34551 } health_report { overall_health: UNKNOWN } } }
I0220 18:44:50.813944 25961 raft_consensus.cc:1210] T 7e19d7c23cc941e3a7751fe2478481ec P 853707498adf425fb8395cb60f41c9dc [term 5 FOLLOWER]: Refusing update from remote peer 8c751174fe9e41a0a4d3ea1dac04a50e: Log matching property violated. Preceding OpId in replica: term: 3 index: 1337. Preceding OpId from leader: term: 5 index: 1340. (index mismatch)
I0220 18:44:50.814083 26090 raft_consensus.cc:1210] T 7e19d7c23cc941e3a7751fe2478481ec P a6e352f77ef54932a47d9977e15d05f1 [term 5 FOLLOWER]: Refusing update from remote peer 8c751174fe9e41a0a4d3ea1dac04a50e: Log matching property violated. Preceding OpId in replica: term: 3 index: 1336. Preceding OpId from leader: term: 5 index: 1340. (index mismatch)
I0220 18:44:50.814471 26614 consensus_queue.cc:1005] T 7e19d7c23cc941e3a7751fe2478481ec P 8c751174fe9e41a0a4d3ea1dac04a50e [LEADER]: Connected to new peer: Peer: permanent_uuid: "853707498adf425fb8395cb60f41c9dc" member_type: VOTER last_known_addr { host: "127.23.135.129" port: 34551 }, Status: LMP_MISMATCH, Last received: 0.0, Next index: 1338, Last known committed idx: 1337, Time since last communication: 0.000s
I0220 18:44:50.816790 26613 consensus_queue.cc:1005] T 7e19d7c23cc941e3a7751fe2478481ec P 8c751174fe9e41a0a4d3ea1dac04a50e [LEADER]: Connected to new peer: Peer: permanent_uuid: "a6e352f77ef54932a47d9977e15d05f1" member_type: VOTER last_known_addr { host: "127.23.135.130" port: 36293 }, Status: LMP_MISMATCH, Last received: 0.0, Next index: 1338, Last known committed idx: 1336, Time since last communication: 0.000s
I0220 18:44:50.826126 26142 mvcc.cc:203] Tried to move safe_time back from 6480790695167942656 to 6480790695145992192. Current Snapshot: MvccSnapshot[committed={T|T < 6480790695167942656 or (T in {6480790695167942656})}]
I0220 18:44:50.839520 26133 heartbeater.cc:455] Master 127.23.135.190:41437 requested a full tablet report, sending...
I0220 18:44:50.847038 26393 mvcc.cc:203] Tried to move safe_time back from 6480790695182331904 to 6480790695145992192. Current Snapshot: MvccSnapshot[committed={T|T < 6480790695182331904}]
I0220 18:44:50.860944 26261 heartbeater.cc:455] Master 127.23.135.190:41437 requested a full tablet report, sending...
I0220 18:44:51.008612 26306 tablet_service.cc:1022] Tablet server 8c751174fe9e41a0a4d3ea1dac04a50e set to quiescing
I0220 18:44:51.008774 26306 tablet_service.cc:1029] Tablet server has 1 leaders and 0 scanners
I0220 18:44:51.023384 26614 raft_consensus.cc:929] T 7e19d7c23cc941e3a7751fe2478481ec P 8c751174fe9e41a0a4d3ea1dac04a50e: : Instructing follower a6e352f77ef54932a47d9977e15d05f1 to start an election
I0220 18:44:51.023546 26614 raft_consensus.cc:1017] T 7e19d7c23cc941e3a7751fe2478481ec P 8c751174fe9e41a0a4d3ea1dac04a50e [term 5 LEADER]: Signalling peer a6e352f77ef54932a47d9977e15d05f1 to start an election
I0220 18:44:51.024660 26089 tablet_service.cc:1457] Received Run Leader Election RPC: tablet_id: "7e19d7c23cc941e3a7751fe2478481ec" dest_uuid: "a6e352f77ef54932a47d9977e15d05f1" from {username='slave'} at 127.23.135.132:41059
I0220 18:44:51.024722 26089 raft_consensus.cc:482] T 7e19d7c23cc941e3a7751fe2478481ec P a6e352f77ef54932a47d9977e15d05f1 [term 5 FOLLOWER]: Starting forced leader election (received explicit request)
I0220 18:44:51.024751 26089 raft_consensus.cc:2983] T 7e19d7c23cc941e3a7751fe2478481ec P a6e352f77ef54932a47d9977e15d05f1 [term 5 FOLLOWER]: Advancing to term 6
I0220 18:44:51.025741 26089 raft_consensus.cc:504] T 7e19d7c23cc941e3a7751fe2478481ec P a6e352f77ef54932a47d9977e15d05f1 [term 6 FOLLOWER]: Starting forced leader election with config: opid_index: -1 OBSOLETE_local: false peers { permanent_uuid: "a6e352f77ef54932a47d9977e15d05f1" member_type: VOTER last_known_addr { host: "127.23.135.130" port: 36293 } } peers { permanent_uuid: "8c751174fe9e41a0a4d3ea1dac04a50e" member_type: VOTER last_known_addr { host: "127.23.135.132" port: 33963 } } peers { permanent_uuid: "853707498adf425fb8395cb60f41c9dc" member_type: VOTER last_known_addr { host: "127.23.135.129" port: 34551 } }
I0220 18:44:51.026015 26089 leader_election.cc:293] T 7e19d7c23cc941e3a7751fe2478481ec P a6e352f77ef54932a47d9977e15d05f1 [CANDIDATE]: Term 6 election: Requested vote from peers 8c751174fe9e41a0a4d3ea1dac04a50e (127.23.135.132:33963), 853707498adf425fb8395cb60f41c9dc (127.23.135.129:34551)
I0220 18:44:51.026676 26338 tablet_service.cc:1340] Received RequestConsensusVote() RPC: tablet_id: "7e19d7c23cc941e3a7751fe2478481ec" candidate_uuid: "a6e352f77ef54932a47d9977e15d05f1" candidate_term: 6 candidate_status { last_received { term: 5 index: 1366 } } ignore_live_leader: true dest_uuid: "8c751174fe9e41a0a4d3ea1dac04a50e"
I0220 18:44:51.026738 26338 raft_consensus.cc:2978] T 7e19d7c23cc941e3a7751fe2478481ec P 8c751174fe9e41a0a4d3ea1dac04a50e [term 5 LEADER]: Stepping down as leader of term 5
I0220 18:44:51.026755 26338 raft_consensus.cc:726] T 7e19d7c23cc941e3a7751fe2478481ec P 8c751174fe9e41a0a4d3ea1dac04a50e [term 5 LEADER]: Becoming Follower/Learner. State: Replica: 8c751174fe9e41a0a4d3ea1dac04a50e, State: Running, Role: LEADER
I0220 18:44:51.026880 26338 consensus_queue.cc:252] T 7e19d7c23cc941e3a7751fe2478481ec P 8c751174fe9e41a0a4d3ea1dac04a50e [NON_LEADER]: Queue going to NON_LEADER mode. State: All replicated index: 0, Majority replicated index: 1366, Committed index: 1366, Last appended: 5.1367, Last appended by leader: 1367, Current term: 5, Majority size: -1, State: 0, Mode: NON_LEADER, active raft config: opid_index: -1 OBSOLETE_local: false peers { permanent_uuid: "a6e352f77ef54932a47d9977e15d05f1" member_type: VOTER last_known_addr { host: "127.23.135.130" port: 36293 } } peers { permanent_uuid: "8c751174fe9e41a0a4d3ea1dac04a50e" member_type: VOTER last_known_addr { host: "127.23.135.132" port: 33963 } } peers { permanent_uuid: "853707498adf425fb8395cb60f41c9dc" member_type: VOTER last_known_addr { host: "127.23.135.129" port: 34551 } }
I0220 18:44:51.026923 26338 raft_consensus.cc:2983] T 7e19d7c23cc941e3a7751fe2478481ec P 8c751174fe9e41a0a4d3ea1dac04a50e [term 5 FOLLOWER]: Advancing to term 6
I0220 18:44:51.027959 26338 raft_consensus.cc:2356] T 7e19d7c23cc941e3a7751fe2478481ec P 8c751174fe9e41a0a4d3ea1dac04a50e [term 6 FOLLOWER]: Leader election vote request: Denying vote to candidate a6e352f77ef54932a47d9977e15d05f1 for term 6 because replica has last-logged OpId of term: 5 index: 1367, which is greater than that of the candidate, which has last-logged OpId of term: 5 index: 1366.
I0220 18:44:51.029780 26089 raft_consensus.cc:1175] T 7e19d7c23cc941e3a7751fe2478481ec P a6e352f77ef54932a47d9977e15d05f1 [term 6 FOLLOWER]: Rejecting Update request from peer 8c751174fe9e41a0a4d3ea1dac04a50e for earlier term 5. Current term is 6. Ops: []
I0220 18:44:51.030397 26198 tablet_service.cc:1022] Tablet server e4c29ba8de7e4745a4e497d213d63742 set to quiescing
I0220 18:44:51.030515 26198 tablet_service.cc:1029] Tablet server has 0 leaders and 0 scanners
W0220 18:44:51.030699 26441 tablet_service.cc:670] failed transaction from {username='slave'} at 127.0.0.1:39628: Illegal state: Replica 8c751174fe9e41a0a4d3ea1dac04a50e is not leader of this config. Role: FOLLOWER. Consensus state: current_term: 6 committed_config { opid_index: -1 OBSOLETE_local: false peers { permanent_uuid: "a6e352f77ef54932a47d9977e15d05f1" member_type: VOTER last_known_addr { host: "127.23.135.130" port: 36293 } } peers { permanent_uuid: "8c751174fe9e41a0a4d3ea1dac04a50e" member_type: VOTER last_known_addr { host: "127.23.135.132" port: 33963 } } peers { permanent_uuid: "853707498adf425fb8395cb60f41c9dc" member_type: VOTER last_known_addr { host: "127.23.135.129" port: 34551 } } }
I0220 18:44:51.030963 25961 tablet_service.cc:1340] Received RequestConsensusVote() RPC: tablet_id: "7e19d7c23cc941e3a7751fe2478481ec" candidate_uuid: "a6e352f77ef54932a47d9977e15d05f1" candidate_term: 6 candidate_status { last_received { term: 5 index: 1366 } } ignore_live_leader: true dest_uuid: "853707498adf425fb8395cb60f41c9dc"
I0220 18:44:51.031391 25961 raft_consensus.cc:2983] T 7e19d7c23cc941e3a7751fe2478481ec P 853707498adf425fb8395cb60f41c9dc [term 5 FOLLOWER]: Advancing to term 6
W0220 18:44:51.032325 26441 tablet_service.cc:670] failed transaction from {username='slave'} at 127.0.0.1:39628: Illegal state: Cannot assign timestamp to transaction. Tablet is not in leader mode. Last heard from a leader: 0.007s ago.
I0220 18:44:51.032457 25961 raft_consensus.cc:2356] T 7e19d7c23cc941e3a7751fe2478481ec P 853707498adf425fb8395cb60f41c9dc [term 6 FOLLOWER]: Leader election vote request: Denying vote to candidate a6e352f77ef54932a47d9977e15d05f1 for term 6 because replica has last-logged OpId of term: 5 index: 1367, which is greater than that of the candidate, which has last-logged OpId of term: 5 index: 1366.
I0220 18:44:51.033939 26019 leader_election.cc:307] T 7e19d7c23cc941e3a7751fe2478481ec P a6e352f77ef54932a47d9977e15d05f1 [CANDIDATE]: Term 6 election: Election decided. Result: candidate lost. Election summary: received 3 responses out of 3 voters: 1 yes votes; 2 no votes. yes voters: a6e352f77ef54932a47d9977e15d05f1; no voters: 853707498adf425fb8395cb60f41c9dc, 8c751174fe9e41a0a4d3ea1dac04a50e
I0220 18:44:51.034215 26609 raft_consensus.cc:2675] T 7e19d7c23cc941e3a7751fe2478481ec P a6e352f77ef54932a47d9977e15d05f1 [term 6 FOLLOWER]: Leader election lost for term 6. Reason: could not achieve majority
I0220 18:44:51.034322 26070 tablet_service.cc:1022] Tablet server a6e352f77ef54932a47d9977e15d05f1 set to quiescing
I0220 18:44:51.034430 26070 tablet_service.cc:1029] Tablet server has 0 leaders and 3 scanners
W0220 18:44:51.036670 26050 tablet_service.cc:670] failed transaction from {username='slave'} at 127.0.0.1:34556: Illegal state: Replica a6e352f77ef54932a47d9977e15d05f1 is not leader of this config. Role: FOLLOWER. Consensus state: current_term: 6 committed_config { opid_index: -1 OBSOLETE_local: false peers { permanent_uuid: "a6e352f77ef54932a47d9977e15d05f1" member_type: VOTER last_known_addr { host: "127.23.135.130" port: 36293 } } peers { permanent_uuid: "8c751174fe9e41a0a4d3ea1dac04a50e" member_type: VOTER last_known_addr { host: "127.23.135.132" port: 33963 } } peers { permanent_uuid: "853707498adf425fb8395cb60f41c9dc" member_type: VOTER last_known_addr { host: "127.23.135.129" port: 34551 } } }
W0220 18:44:51.038202 26046 tablet_service.cc:670] failed transaction from {username='slave'} at 127.0.0.1:34556: Illegal state: Replica a6e352f77ef54932a47d9977e15d05f1 is not leader of this config. Role: FOLLOWER. Consensus state: current_term: 6 committed_config { opid_index: -1 OBSOLETE_local: false peers { permanent_uuid: "a6e352f77ef54932a47d9977e15d05f1" member_type: VOTER last_known_addr { host: "127.23.135.130" port: 36293 } } peers { permanent_uuid: "8c751174fe9e41a0a4d3ea1dac04a50e" member_type: VOTER last_known_addr { host: "127.23.135.132" port: 33963 } } peers { permanent_uuid: "853707498adf425fb8395cb60f41c9dc" member_type: VOTER last_known_addr { host: "127.23.135.129" port: 34551 } } }
W0220 18:44:51.042590 25917 tablet_service.cc:670] failed transaction from {username='slave'} at 127.0.0.1:37824: Illegal state: Replica 853707498adf425fb8395cb60f41c9dc is not leader of this config. Role: FOLLOWER. Consensus state: current_term: 6 committed_config { opid_index: -1 OBSOLETE_local: false peers { permanent_uuid: "a6e352f77ef54932a47d9977e15d05f1" member_type: VOTER last_known_addr { host: "127.23.135.130" port: 36293 } } peers { permanent_uuid: "8c751174fe9e41a0a4d3ea1dac04a50e" member_type: VOTER last_known_addr { host: "127.23.135.132" port: 33963 } } peers { permanent_uuid: "853707498adf425fb8395cb60f41c9dc" member_type: VOTER last_known_addr { host: "127.23.135.129" port: 34551 } } }
W0220 18:44:51.044692 25917 tablet_service.cc:670] failed transaction from {username='slave'} at 127.0.0.1:37824: Illegal state: Replica 853707498adf425fb8395cb60f41c9dc is not leader of this config. Role: FOLLOWER. Consensus state: current_term: 6 committed_config { opid_index: -1 OBSOLETE_local: false peers { permanent_uuid: "a6e352f77ef54932a47d9977e15d05f1" member_type: VOTER last_known_addr { host: "127.23.135.130" port: 36293 } } peers { permanent_uuid: "8c751174fe9e41a0a4d3ea1dac04a50e" member_type: VOTER last_known_addr { host: "127.23.135.132" port: 33963 } } peers { permanent_uuid: "853707498adf425fb8395cb60f41c9dc" member_type: VOTER last_known_addr { host: "127.23.135.129" port: 34551 } } }
W0220 18:44:51.050392 26293 tablet_service.cc:670] failed transaction from {username='slave'} at 127.0.0.1:39628: Illegal state: Replica 8c751174fe9e41a0a4d3ea1dac04a50e is not leader of this config. Role: FOLLOWER. Consensus state: current_term: 6 committed_config { opid_index: -1 OBSOLETE_local: false peers { permanent_uuid: "a6e352f77ef54932a47d9977e15d05f1" member_type: VOTER last_known_addr { host: "127.23.135.130" port: 36293 } } peers { permanent_uuid: "8c751174fe9e41a0a4d3ea1dac04a50e" member_type: VOTER last_known_addr { host: "127.23.135.132" port: 33963 } } peers { permanent_uuid: "853707498adf425fb8395cb60f41c9dc" member_type: VOTER last_known_addr { host: "127.23.135.129" port: 34551 } } }
W0220 18:44:51.052408 26293 tablet_service.cc:670] failed transaction from {username='slave'} at 127.0.0.1:39628: Illegal state: Replica 8c751174fe9e41a0a4d3ea1dac04a50e is not leader of this config. Role: FOLLOWER. Consensus state: current_term: 6 committed_config { opid_index: -1 OBSOLETE_local: false peers { permanent_uuid: "a6e352f77ef54932a47d9977e15d05f1" member_type: VOTER last_known_addr { host: "127.23.135.130" port: 36293 } } peers { permanent_uuid: "8c751174fe9e41a0a4d3ea1dac04a50e" member_type: VOTER last_known_addr { host: "127.23.135.132" port: 33963 } } peers { permanent_uuid: "853707498adf425fb8395cb60f41c9dc" member_type: VOTER last_known_addr { host: "127.23.135.129" port: 34551 } } }
