I0220 18:44:59.654001 26753 tablet_service.cc:1340] Received RequestConsensusVote() RPC: tablet_id: "7e19d7c23cc941e3a7751fe2478481ec" candidate_uuid: "8c751174fe9e41a0a4d3ea1dac04a50e" candidate_term: 8 candidate_status { last_received { term: 7 index: 1859 } } ignore_live_leader: true dest_uuid: "853707498adf425fb8395cb60f41c9dc"
I0220 18:44:59.654081 26753 raft_consensus.cc:2356] T 7e19d7c23cc941e3a7751fe2478481ec P 853707498adf425fb8395cb60f41c9dc [term 8 FOLLOWER]: Leader election vote request: Denying vote to candidate 8c751174fe9e41a0a4d3ea1dac04a50e for term 8 because replica has last-logged OpId of term: 7 index: 1861, which is greater than that of the candidate, which has last-logged OpId of term: 7 index: 1859.
I0220 18:44:59.659384 27420 raft_consensus.cc:2675] T 7e19d7c23cc941e3a7751fe2478481ec P a6e352f77ef54932a47d9977e15d05f1 [term 8 FOLLOWER]: Leader election lost for term 8. Reason: could not achieve majority
W0220 18:44:59.659689 26832 tablet_service.cc:670] failed transaction from {username='slave'} at 127.0.0.1:34632: Illegal state: Replica a6e352f77ef54932a47d9977e15d05f1 is not leader of this config. Role: FOLLOWER. Consensus state: current_term: 8 committed_config { opid_index: -1 OBSOLETE_local: false peers { permanent_uuid: "a6e352f77ef54932a47d9977e15d05f1" member_type: VOTER last_known_addr { host: "127.23.135.130" port: 36293 } } peers { permanent_uuid: "8c751174fe9e41a0a4d3ea1dac04a50e" member_type: VOTER last_known_addr { host: "127.23.135.132" port: 33963 } } peers { permanent_uuid: "853707498adf425fb8395cb60f41c9dc" member_type: VOTER last_known_addr { host: "127.23.135.129" port: 34551 } } }
W0220 18:44:59.663355 27097 tablet_service.cc:670] failed transaction from {username='slave'} at 127.0.0.1:39712: Illegal state: Replica 8c751174fe9e41a0a4d3ea1dac04a50e is not leader of this config. Role: FOLLOWER. Consensus state: current_term: 8 committed_config { opid_index: -1 OBSOLETE_local: false peers { permanent_uuid: "a6e352f77ef54932a47d9977e15d05f1" member_type: VOTER last_known_addr { host: "127.23.135.130" port: 36293 } } peers { permanent_uuid: "8c751174fe9e41a0a4d3ea1dac04a50e" member_type: VOTER last_known_addr { host: "127.23.135.132" port: 33963 } } peers { permanent_uuid: "853707498adf425fb8395cb60f41c9dc" member_type: VOTER last_known_addr { host: "127.23.135.129" port: 34551 } } }
I0220 18:44:59.666484 26883 tablet_service.cc:1340] Received RequestConsensusVote() RPC: tablet_id: "7e19d7c23cc941e3a7751fe2478481ec" candidate_uuid: "8c751174fe9e41a0a4d3ea1dac04a50e" candidate_term: 8 candidate_status { last_received { term: 7 index: 1859 } } ignore_live_leader: true dest_uuid: "a6e352f77ef54932a47d9977e15d05f1"
I0220 18:44:59.666574 26883 raft_consensus.cc:2339] T 7e19d7c23cc941e3a7751fe2478481ec P a6e352f77ef54932a47d9977e15d05f1 [term 8 FOLLOWER]: Leader election vote request: Denying vote to candidate 8c751174fe9e41a0a4d3ea1dac04a50e in current term 8: Already voted for candidate a6e352f77ef54932a47d9977e15d05f1 in this term.
I0220 18:44:59.667001 27069 leader_election.cc:307] T 7e19d7c23cc941e3a7751fe2478481ec P 8c751174fe9e41a0a4d3ea1dac04a50e [CANDIDATE]: Term 8 election: Election decided. Result: candidate lost. Election summary: received 3 responses out of 3 voters: 1 yes votes; 2 no votes. yes voters: 8c751174fe9e41a0a4d3ea1dac04a50e; no voters: 853707498adf425fb8395cb60f41c9dc, a6e352f77ef54932a47d9977e15d05f1
I0220 18:44:59.668915 27421 raft_consensus.cc:2675] T 7e19d7c23cc941e3a7751fe2478481ec P 8c751174fe9e41a0a4d3ea1dac04a50e [term 8 FOLLOWER]: Leader election lost for term 8. Reason: could not achieve majority
W0220 18:44:59.669288 26707 tablet_service.cc:670] failed transaction from {username='slave'} at 127.0.0.1:37906: Illegal state: Replica 853707498adf425fb8395cb60f41c9dc is not leader of this config. Role: FOLLOWER. Consensus state: current_term: 8 committed_config { opid_index: -1 OBSOLETE_local: false peers { permanent_uuid: "a6e352f77ef54932a47d9977e15d05f1" member_type: VOTER last_known_addr { host: "127.23.135.130" port: 36293 } } peers { permanent_uuid: "8c751174fe9e41a0a4d3ea1dac04a50e" member_type: VOTER last_known_addr { host: "127.23.135.132" port: 33963 } } peers { permanent_uuid: "853707498adf425fb8395cb60f41c9dc" member_type: VOTER last_known_addr { host: "127.23.135.129" port: 34551 } } }
W0220 18:44:59.675130 26833 tablet_service.cc:670] failed transaction from {username='slave'} at 127.0.0.1:34632: Illegal state: Replica a6e352f77ef54932a47d9977e15d05f1 is not leader of this config. Role: FOLLOWER. Consensus state: current_term: 8 committed_config { opid_index: -1 OBSOLETE_local: false peers { permanent_uuid: "a6e352f77ef54932a47d9977e15d05f1" member_type: VOTER last_known_addr { host: "127.23.135.130" port: 36293 } } peers { permanent_uuid: "8c751174fe9e41a0a4d3ea1dac04a50e" member_type: VOTER last_known_addr { host: "127.23.135.132" port: 33963 } } peers { permanent_uuid: "853707498adf425fb8395cb60f41c9dc" member_type: VOTER last_known_addr { host: "127.23.135.129" port: 34551 } } }
I0220 18:44:59.682772 27056 heartbeater.cc:455] Master 127.23.135.190:41437 requested a full tablet report, sending...
W0220 18:44:59.683612 27079 tablet_service.cc:670] failed transaction from {username='slave'} at 127.0.0.1:39712: Illegal state: Replica 8c751174fe9e41a0a4d3ea1dac04a50e is not leader of this config. Role: FOLLOWER. Consensus state: current_term: 8 committed_config { opid_index: -1 OBSOLETE_local: false peers { permanent_uuid: "a6e352f77ef54932a47d9977e15d05f1" member_type: VOTER last_known_addr { host: "127.23.135.130" port: 36293 } } peers { permanent_uuid: "8c751174fe9e41a0a4d3ea1dac04a50e" member_type: VOTER last_known_addr { host: "127.23.135.132" port: 33963 } } peers { permanent_uuid: "853707498adf425fb8395cb60f41c9dc" member_type: VOTER last_known_addr { host: "127.23.135.129" port: 34551 } } }
W0220 18:44:59.696390 26707 tablet_service.cc:670] failed transaction from {username='slave'} at 127.0.0.1:37906: Illegal state: Replica 853707498adf425fb8395cb60f41c9dc is not leader of this config. Role: FOLLOWER. Consensus state: current_term: 8 committed_config { opid_index: -1 OBSOLETE_local: false peers { permanent_uuid: "a6e352f77ef54932a47d9977e15d05f1" member_type: VOTER last_known_addr { host: "127.23.135.130" port: 36293 } } peers { permanent_uuid: "8c751174fe9e41a0a4d3ea1dac04a50e" member_type: VOTER last_known_addr { host: "127.23.135.132" port: 33963 } } peers { permanent_uuid: "853707498adf425fb8395cb60f41c9dc" member_type: VOTER last_known_addr { host: "127.23.135.129" port: 34551 } } }
W0220 18:44:59.707075 26833 tablet_service.cc:670] failed transaction from {username='slave'} at 127.0.0.1:34632: Illegal state: Replica a6e352f77ef54932a47d9977e15d05f1 is not leader of this config. Role: FOLLOWER. Consensus state: current_term: 8 committed_config { opid_index: -1 OBSOLETE_local: false peers { permanent_uuid: "a6e352f77ef54932a47d9977e15d05f1" member_type: VOTER last_known_addr { host: "127.23.135.130" port: 36293 } } peers { permanent_uuid: "8c751174fe9e41a0a4d3ea1dac04a50e" member_type: VOTER last_known_addr { host: "127.23.135.132" port: 33963 } } peers { permanent_uuid: "853707498adf425fb8395cb60f41c9dc" member_type: VOTER last_known_addr { host: "127.23.135.129" port: 34551 } } }
W0220 18:44:59.717490 27097 tablet_service.cc:670] failed transaction from {username='slave'} at 127.0.0.1:39712: Illegal state: Replica 8c751174fe9e41a0a4d3ea1dac04a50e is not leader of this config. Role: FOLLOWER. Consensus state: current_term: 8 committed_config { opid_index: -1 OBSOLETE_local: false peers { permanent_uuid: "a6e352f77ef54932a47d9977e15d05f1" member_type: VOTER last_known_addr { host: "127.23.135.130" port: 36293 } } peers { permanent_uuid: "8c751174fe9e41a0a4d3ea1dac04a50e" member_type: VOTER last_known_addr { host: "127.23.135.132" port: 33963 } } peers { permanent_uuid: "853707498adf425fb8395cb60f41c9dc" member_type: VOTER last_known_addr { host: "127.23.135.129" port: 34551 } } }
W0220 18:44:59.734030 26707 tablet_service.cc:670] failed transaction from {username='slave'} at 127.0.0.1:37906: Illegal state: Replica 853707498adf425fb8395cb60f41c9dc is not leader of this config. Role: FOLLOWER. Consensus state: current_term: 8 committed_config { opid_index: -1 OBSOLETE_local: false peers { permanent_uuid: "a6e352f77ef54932a47d9977e15d05f1" member_type: VOTER last_known_addr { host: "127.23.135.130" port: 36293 } } peers { permanent_uuid: "8c751174fe9e41a0a4d3ea1dac04a50e" member_type: VOTER last_known_addr { host: "127.23.135.132" port: 33963 } } peers { permanent_uuid: "853707498adf425fb8395cb60f41c9dc" member_type: VOTER last_known_addr { host: "127.23.135.129" port: 34551 } } }
W0220 18:44:59.745601 26834 tablet_service.cc:670] failed transaction from {username='slave'} at 127.0.0.1:34632: Illegal state: Replica a6e352f77ef54932a47d9977e15d05f1 is not leader of this config. Role: FOLLOWER. Consensus state: current_term: 8 committed_config { opid_index: -1 OBSOLETE_local: false peers { permanent_uuid: "a6e352f77ef54932a47d9977e15d05f1" member_type: VOTER last_known_addr { host: "127.23.135.130" port: 36293 } } peers { permanent_uuid: "8c751174fe9e41a0a4d3ea1dac04a50e" member_type: VOTER last_known_addr { host: "127.23.135.132" port: 33963 } } peers { permanent_uuid: "853707498adf425fb8395cb60f41c9dc" member_type: VOTER last_known_addr { host: "127.23.135.129" port: 34551 } } }
W0220 18:44:59.766793 27097 tablet_service.cc:670] failed transaction from {username='slave'} at 127.0.0.1:39712: Illegal state: Replica 8c751174fe9e41a0a4d3ea1dac04a50e is not leader of this config. Role: FOLLOWER. Consensus state: current_term: 8 committed_config { opid_index: -1 OBSOLETE_local: false peers { permanent_uuid: "a6e352f77ef54932a47d9977e15d05f1" member_type: VOTER last_known_addr { host: "127.23.135.130" port: 36293 } } peers { permanent_uuid: "8c751174fe9e41a0a4d3ea1dac04a50e" member_type: VOTER last_known_addr { host: "127.23.135.132" port: 33963 } } peers { permanent_uuid: "853707498adf425fb8395cb60f41c9dc" member_type: VOTER last_known_addr { host: "127.23.135.129" port: 34551 } } }
I0220 18:44:59.781692 26849 tablet_service.cc:1022] Tablet server a6e352f77ef54932a47d9977e15d05f1 set to quiescing
I0220 18:44:59.781805 26849 tablet_service.cc:1029] Tablet server has 0 leaders and 1 scanners
W0220 18:44:59.785392 26707 tablet_service.cc:670] failed transaction from {username='slave'} at 127.0.0.1:37906: Illegal state: Replica 853707498adf425fb8395cb60f41c9dc is not leader of this config. Role: FOLLOWER. Consensus state: current_term: 8 committed_config { opid_index: -1 OBSOLETE_local: false peers { permanent_uuid: "a6e352f77ef54932a47d9977e15d05f1" member_type: VOTER last_known_addr { host: "127.23.135.130" port: 36293 } } peers { permanent_uuid: "8c751174fe9e41a0a4d3ea1dac04a50e" member_type: VOTER last_known_addr { host: "127.23.135.132" port: 33963 } } peers { permanent_uuid: "853707498adf425fb8395cb60f41c9dc" member_type: VOTER last_known_addr { host: "127.23.135.129" port: 34551 } } }
I0220 18:44:59.795028 27113 tablet_service.cc:1022] Tablet server 8c751174fe9e41a0a4d3ea1dac04a50e set to quiescing
I0220 18:44:59.795135 27113 tablet_service.cc:1029] Tablet server has 0 leaders and 2 scanners
W0220 18:44:59.801976 26833 tablet_service.cc:670] failed transaction from {username='slave'} at 127.0.0.1:34632: Illegal state: Replica a6e352f77ef54932a47d9977e15d05f1 is not leader of this config. Role: FOLLOWER. Consensus state: current_term: 8 committed_config { opid_index: -1 OBSOLETE_local: false peers { permanent_uuid: "a6e352f77ef54932a47d9977e15d05f1" member_type: VOTER last_known_addr { host: "127.23.135.130" port: 36293 } } peers { permanent_uuid: "8c751174fe9e41a0a4d3ea1dac04a50e" member_type: VOTER last_known_addr { host: "127.23.135.132" port: 33963 } } peers { permanent_uuid: "853707498adf425fb8395cb60f41c9dc" member_type: VOTER last_known_addr { host: "127.23.135.129" port: 34551 } } }
W0220 18:44:59.817919 27098 tablet_service.cc:670] failed transaction from {username='slave'} at 127.0.0.1:39712: Illegal state: Replica 8c751174fe9e41a0a4d3ea1dac04a50e is not leader of this config. Role: FOLLOWER. Consensus state: current_term: 8 committed_config { opid_index: -1 OBSOLETE_local: false peers { permanent_uuid: "a6e352f77ef54932a47d9977e15d05f1" member_type: VOTER last_known_addr { host: "127.23.135.130" port: 36293 } } peers { permanent_uuid: "8c751174fe9e41a0a4d3ea1dac04a50e" member_type: VOTER last_known_addr { host: "127.23.135.132" port: 33963 } } peers { permanent_uuid: "853707498adf425fb8395cb60f41c9dc" member_type: VOTER last_known_addr { host: "127.23.135.129" port: 34551 } } }
W0220 18:44:59.839835 26707 tablet_service.cc:670] failed transaction from {username='slave'} at 127.0.0.1:37906: Illegal state: Replica 853707498adf425fb8395cb60f41c9dc is not leader of this config. Role: FOLLOWER. Consensus state: current_term: 8 committed_config { opid_index: -1 OBSOLETE_local: false peers { permanent_uuid: "a6e352f77ef54932a47d9977e15d05f1" member_type: VOTER last_known_addr { host: "127.23.135.130" port: 36293 } } peers { permanent_uuid: "8c751174fe9e41a0a4d3ea1dac04a50e" member_type: VOTER last_known_addr { host: "127.23.135.132" port: 33963 } } peers { permanent_uuid: "853707498adf425fb8395cb60f41c9dc" member_type: VOTER last_known_addr { host: "127.23.135.129" port: 34551 } } }
W0220 18:44:59.858177 26833 tablet_service.cc:670] failed transaction from {username='slave'} at 127.0.0.1:34632: Illegal state: Replica a6e352f77ef54932a47d9977e15d05f1 is not leader of this config. Role: FOLLOWER. Consensus state: current_term: 8 committed_config { opid_index: -1 OBSOLETE_local: false peers { permanent_uuid: "a6e352f77ef54932a47d9977e15d05f1" member_type: VOTER last_known_addr { host: "127.23.135.130" port: 36293 } } peers { permanent_uuid: "8c751174fe9e41a0a4d3ea1dac04a50e" member_type: VOTER last_known_addr { host: "127.23.135.132" port: 33963 } } peers { permanent_uuid: "853707498adf425fb8395cb60f41c9dc" member_type: VOTER last_known_addr { host: "127.23.135.129" port: 34551 } } }
W0220 18:44:59.877807 27097 tablet_service.cc:670] failed transaction from {username='slave'} at 127.0.0.1:39712: Illegal state: Replica 8c751174fe9e41a0a4d3ea1dac04a50e is not leader of this config. Role: FOLLOWER. Consensus state: current_term: 8 committed_config { opid_index: -1 OBSOLETE_local: false peers { permanent_uuid: "a6e352f77ef54932a47d9977e15d05f1" member_type: VOTER last_known_addr { host: "127.23.135.130" port: 36293 } } peers { permanent_uuid: "8c751174fe9e41a0a4d3ea1dac04a50e" member_type: VOTER last_known_addr { host: "127.23.135.132" port: 33963 } } peers { permanent_uuid: "853707498adf425fb8395cb60f41c9dc" member_type: VOTER last_known_addr { host: "127.23.135.129" port: 34551 } } }
W0220 18:44:59.902884 26707 tablet_service.cc:670] failed transaction from {username='slave'} at 127.0.0.1:37906: Illegal state: Replica 853707498adf425fb8395cb60f41c9dc is not leader of this config. Role: FOLLOWER. Consensus state: current_term: 8 committed_config { opid_index: -1 OBSOLETE_local: false peers { permanent_uuid: "a6e352f77ef54932a47d9977e15d05f1" member_type: VOTER last_known_addr { host: "127.23.135.130" port: 36293 } } peers { permanent_uuid: "8c751174fe9e41a0a4d3ea1dac04a50e" member_type: VOTER last_known_addr { host: "127.23.135.132" port: 33963 } } peers { permanent_uuid: "853707498adf425fb8395cb60f41c9dc" member_type: VOTER last_known_addr { host: "127.23.135.129" port: 34551 } } }
W0220 18:44:59.926610 26833 tablet_service.cc:670] failed transaction from {username='slave'} at 127.0.0.1:34632: Illegal state: Replica a6e352f77ef54932a47d9977e15d05f1 is not leader of this config. Role: FOLLOWER. Consensus state: current_term: 8 committed_config { opid_index: -1 OBSOLETE_local: false peers { permanent_uuid: "a6e352f77ef54932a47d9977e15d05f1" member_type: VOTER last_known_addr { host: "127.23.135.130" port: 36293 } } peers { permanent_uuid: "8c751174fe9e41a0a4d3ea1dac04a50e" member_type: VOTER last_known_addr { host: "127.23.135.132" port: 33963 } } peers { permanent_uuid: "853707498adf425fb8395cb60f41c9dc" member_type: VOTER last_known_addr { host: "127.23.135.129" port: 34551 } } }
W0220 18:44:59.950801 27079 tablet_service.cc:670] failed transaction from {username='slave'} at 127.0.0.1:39712: Illegal state: Replica 8c751174fe9e41a0a4d3ea1dac04a50e is not leader of this config. Role: FOLLOWER. Consensus state: current_term: 8 committed_config { opid_index: -1 OBSOLETE_local: false peers { permanent_uuid: "a6e352f77ef54932a47d9977e15d05f1" member_type: VOTER last_known_addr { host: "127.23.135.130" port: 36293 } } peers { permanent_uuid: "8c751174fe9e41a0a4d3ea1dac04a50e" member_type: VOTER last_known_addr { host: "127.23.135.132" port: 33963 } } peers { permanent_uuid: "853707498adf425fb8395cb60f41c9dc" member_type: VOTER last_known_addr { host: "127.23.135.129" port: 34551 } } }
W0220 18:44:59.976253 26707 tablet_service.cc:670] failed transaction from {username='slave'} at 127.0.0.1:37906: Illegal state: Replica 853707498adf425fb8395cb60f41c9dc is not leader of this config. Role: FOLLOWER. Consensus state: current_term: 8 committed_config { opid_index: -1 OBSOLETE_local: false peers { permanent_uuid: "a6e352f77ef54932a47d9977e15d05f1" member_type: VOTER last_known_addr { host: "127.23.135.130" port: 36293 } } peers { permanent_uuid: "8c751174fe9e41a0a4d3ea1dac04a50e" member_type: VOTER last_known_addr { host: "127.23.135.132" port: 33963 } } peers { permanent_uuid: "853707498adf425fb8395cb60f41c9dc" member_type: VOTER last_known_addr { host: "127.23.135.129" port: 34551 } } }
W0220 18:45:00.001876 26833 tablet_service.cc:670] failed transaction from {username='slave'} at 127.0.0.1:34632: Illegal state: Replica a6e352f77ef54932a47d9977e15d05f1 is not leader of this config. Role: FOLLOWER. Consensus state: current_term: 8 committed_config { opid_index: -1 OBSOLETE_local: false peers { permanent_uuid: "a6e352f77ef54932a47d9977e15d05f1" member_type: VOTER last_known_addr { host: "127.23.135.130" port: 36293 } } peers { permanent_uuid: "8c751174fe9e41a0a4d3ea1dac04a50e" member_type: VOTER last_known_addr { host: "127.23.135.132" port: 33963 } } peers { permanent_uuid: "853707498adf425fb8395cb60f41c9dc" member_type: VOTER last_known_addr { host: "127.23.135.129" port: 34551 } } }
W0220 18:45:00.019506 27350 raft_consensus.cc:659] T 7e19d7c23cc941e3a7751fe2478481ec P 853707498adf425fb8395cb60f41c9dc: failed to trigger leader election: Illegal state: leader elections are disabled
W0220 18:45:00.026160 27420 raft_consensus.cc:659] T 7e19d7c23cc941e3a7751fe2478481ec P a6e352f77ef54932a47d9977e15d05f1: failed to trigger leader election: Illegal state: leader elections are disabled
W0220 18:45:00.027623 27097 tablet_service.cc:670] failed transaction from {username='slave'} at 127.0.0.1:39712: Illegal state: Replica 8c751174fe9e41a0a4d3ea1dac04a50e is not leader of this config. Role: FOLLOWER. Consensus state: current_term: 8 committed_config { opid_index: -1 OBSOLETE_local: false peers { permanent_uuid: "a6e352f77ef54932a47d9977e15d05f1" member_type: VOTER last_known_addr { host: "127.23.135.130" port: 36293 } } peers { permanent_uuid: "8c751174fe9e41a0a4d3ea1dac04a50e" member_type: VOTER last_known_addr { host: "127.23.135.132" port: 33963 } } peers { permanent_uuid: "853707498adf425fb8395cb60f41c9dc" member_type: VOTER last_known_addr { host: "127.23.135.129" port: 34551 } } }
W0220 18:45:00.054713 26707 tablet_service.cc:670] failed transaction from {username='slave'} at 127.0.0.1:37906: Illegal state: Replica 853707498adf425fb8395cb60f41c9dc is not leader of this config. Role: FOLLOWER. Consensus state: current_term: 8 committed_config { opid_index: -1 OBSOLETE_local: false peers { permanent_uuid: "a6e352f77ef54932a47d9977e15d05f1" member_type: VOTER last_known_addr { host: "127.23.135.130" port: 36293 } } peers { permanent_uuid: "8c751174fe9e41a0a4d3ea1dac04a50e" member_type: VOTER last_known_addr { host: "127.23.135.132" port: 33963 } } peers { permanent_uuid: "853707498adf425fb8395cb60f41c9dc" member_type: VOTER last_known_addr { host: "127.23.135.129" port: 34551 } } }
W0220 18:45:00.084324 26834 tablet_service.cc:670] failed transaction from {username='slave'} at 127.0.0.1:34632: Illegal state: Replica a6e352f77ef54932a47d9977e15d05f1 is not leader of this config. Role: FOLLOWER. Consensus state: current_term: 8 committed_config { opid_index: -1 OBSOLETE_local: false peers { permanent_uuid: "a6e352f77ef54932a47d9977e15d05f1" member_type: VOTER last_known_addr { host: "127.23.135.130" port: 36293 } } peers { permanent_uuid: "8c751174fe9e41a0a4d3ea1dac04a50e" member_type: VOTER last_known_addr { host: "127.23.135.132" port: 33963 } } peers { permanent_uuid: "853707498adf425fb8395cb60f41c9dc" member_type: VOTER last_known_addr { host: "127.23.135.129" port: 34551 } } }
W0220 18:45:00.084872 27421 raft_consensus.cc:659] T 7e19d7c23cc941e3a7751fe2478481ec P 8c751174fe9e41a0a4d3ea1dac04a50e: failed to trigger leader election: Illegal state: leader elections are disabled
W0220 18:45:00.117125 27079 tablet_service.cc:670] failed transaction from {username='slave'} at 127.0.0.1:39712: Illegal state: Replica 8c751174fe9e41a0a4d3ea1dac04a50e is not leader of this config. Role: FOLLOWER. Consensus state: current_term: 8 committed_config { opid_index: -1 OBSOLETE_local: false peers { permanent_uuid: "a6e352f77ef54932a47d9977e15d05f1" member_type: VOTER last_known_addr { host: "127.23.135.130" port: 36293 } } peers { permanent_uuid: "8c751174fe9e41a0a4d3ea1dac04a50e" member_type: VOTER last_known_addr { host: "127.23.135.132" port: 33963 } } peers { permanent_uuid: "853707498adf425fb8395cb60f41c9dc" member_type: VOTER last_known_addr { host: "127.23.135.129" port: 34551 } } }
W0220 18:45:00.150537 26707 tablet_service.cc:670] failed transaction from {username='slave'} at 127.0.0.1:37906: Illegal state: Replica 853707498adf425fb8395cb60f41c9dc is not leader of this config. Role: FOLLOWER. Consensus state: current_term: 8 committed_config { opid_index: -1 OBSOLETE_local: false peers { permanent_uuid: "a6e352f77ef54932a47d9977e15d05f1" member_type: VOTER last_known_addr { host: "127.23.135.130" port: 36293 } } peers { permanent_uuid: "8c751174fe9e41a0a4d3ea1dac04a50e" member_type: VOTER last_known_addr { host: "127.23.135.132" port: 33963 } } peers { permanent_uuid: "853707498adf425fb8395cb60f41c9dc" member_type: VOTER last_known_addr { host: "127.23.135.129" port: 34551 } } }
W0220 18:45:00.184348 26833 tablet_service.cc:670] failed transaction from {username='slave'} at 127.0.0.1:34632: Illegal state: Replica a6e352f77ef54932a47d9977e15d05f1 is not leader of this config. Role: FOLLOWER. Consensus state: current_term: 8 committed_config { opid_index: -1 OBSOLETE_local: false peers { permanent_uuid: "a6e352f77ef54932a47d9977e15d05f1" member_type: VOTER last_known_addr { host: "127.23.135.130" port: 36293 } } peers { permanent_uuid: "8c751174fe9e41a0a4d3ea1dac04a50e" member_type: VOTER last_known_addr { host: "127.23.135.132" port: 33963 } } peers { permanent_uuid: "853707498adf425fb8395cb60f41c9dc" member_type: VOTER last_known_addr { host: "127.23.135.129" port: 34551 } } }
W0220 18:45:00.217902 27098 tablet_service.cc:670] failed transaction from {username='slave'} at 127.0.0.1:39712: Illegal state: Replica 8c751174fe9e41a0a4d3ea1dac04a50e is not leader of this config. Role: FOLLOWER. Consensus state: current_term: 8 committed_config { opid_index: -1 OBSOLETE_local: false peers { permanent_uuid: "a6e352f77ef54932a47d9977e15d05f1" member_type: VOTER last_known_addr { host: "127.23.135.130" port: 36293 } } peers { permanent_uuid: "8c751174fe9e41a0a4d3ea1dac04a50e" member_type: VOTER last_known_addr { host: "127.23.135.132" port: 33963 } } peers { permanent_uuid: "853707498adf425fb8395cb60f41c9dc" member_type: VOTER last_known_addr { host: "127.23.135.129" port: 34551 } } }
W0220 18:45:00.252754 26707 tablet_service.cc:670] failed transaction from {username='slave'} at 127.0.0.1:37906: Illegal state: Replica 853707498adf425fb8395cb60f41c9dc is not leader of this config. Role: FOLLOWER. Consensus state: current_term: 8 committed_config { opid_index: -1 OBSOLETE_local: false peers { permanent_uuid: "a6e352f77ef54932a47d9977e15d05f1" member_type: VOTER last_known_addr { host: "127.23.135.130" port: 36293 } } peers { permanent_uuid: "8c751174fe9e41a0a4d3ea1dac04a50e" member_type: VOTER last_known_addr { host: "127.23.135.132" port: 33963 } } peers { permanent_uuid: "853707498adf425fb8395cb60f41c9dc" member_type: VOTER last_known_addr { host: "127.23.135.129" port: 34551 } } }
W0220 18:45:00.289084 26833 tablet_service.cc:670] failed transaction from {username='slave'} at 127.0.0.1:34632: Illegal state: Replica a6e352f77ef54932a47d9977e15d05f1 is not leader of this config. Role: FOLLOWER. Consensus state: current_term: 8 committed_config { opid_index: -1 OBSOLETE_local: false peers { permanent_uuid: "a6e352f77ef54932a47d9977e15d05f1" member_type: VOTER last_known_addr { host: "127.23.135.130" port: 36293 } } peers { permanent_uuid: "8c751174fe9e41a0a4d3ea1dac04a50e" member_type: VOTER last_known_addr { host: "127.23.135.132" port: 33963 } } peers { permanent_uuid: "853707498adf425fb8395cb60f41c9dc" member_type: VOTER last_known_addr { host: "127.23.135.129" port: 34551 } } }
W0220 18:45:00.324167 27098 tablet_service.cc:670] failed transaction from {username='slave'} at 127.0.0.1:39712: Illegal state: Replica 8c751174fe9e41a0a4d3ea1dac04a50e is not leader of this config. Role: FOLLOWER. Consensus state: current_term: 8 committed_config { opid_index: -1 OBSOLETE_local: false peers { permanent_uuid: "a6e352f77ef54932a47d9977e15d05f1" member_type: VOTER last_known_addr { host: "127.23.135.130" port: 36293 } } peers { permanent_uuid: "8c751174fe9e41a0a4d3ea1dac04a50e" member_type: VOTER last_known_addr { host: "127.23.135.132" port: 33963 } } peers { permanent_uuid: "853707498adf425fb8395cb60f41c9dc" member_type: VOTER last_known_addr { host: "127.23.135.129" port: 34551 } } }
W0220 18:45:00.360823 26707 tablet_service.cc:670] failed transaction from {username='slave'} at 127.0.0.1:37906: Illegal state: Replica 853707498adf425fb8395cb60f41c9dc is not leader of this config. Role: FOLLOWER. Consensus state: current_term: 8 committed_config { opid_index: -1 OBSOLETE_local: false peers { permanent_uuid: "a6e352f77ef54932a47d9977e15d05f1" member_type: VOTER last_known_addr { host: "127.23.135.130" port: 36293 } } peers { permanent_uuid: "8c751174fe9e41a0a4d3ea1dac04a50e" member_type: VOTER last_known_addr { host: "127.23.135.132" port: 33963 } } peers { permanent_uuid: "853707498adf425fb8395cb60f41c9dc" member_type: VOTER last_known_addr { host: "127.23.135.129" port: 34551 } } }
W0220 18:45:00.397087 26833 tablet_service.cc:670] failed transaction from {username='slave'} at 127.0.0.1:34632: Illegal state: Replica a6e352f77ef54932a47d9977e15d05f1 is not leader of this config. Role: FOLLOWER. Consensus state: current_term: 8 committed_config { opid_index: -1 OBSOLETE_local: false peers { permanent_uuid: "a6e352f77ef54932a47d9977e15d05f1" member_type: VOTER last_known_addr { host: "127.23.135.130" port: 36293 } } peers { permanent_uuid: "8c751174fe9e41a0a4d3ea1dac04a50e" member_type: VOTER last_known_addr { host: "127.23.135.132" port: 33963 } } peers { permanent_uuid: "853707498adf425fb8395cb60f41c9dc" member_type: VOTER last_known_addr { host: "127.23.135.129" port: 34551 } } }
W0220 18:45:00.436794 27097 tablet_service.cc:670] failed transaction from {username='slave'} at 127.0.0.1:39712: Illegal state: Replica 8c751174fe9e41a0a4d3ea1dac04a50e is not leader of this config. Role: FOLLOWER. Consensus state: current_term: 8 committed_config { opid_index: -1 OBSOLETE_local: false peers { permanent_uuid: "a6e352f77ef54932a47d9977e15d05f1" member_type: VOTER last_known_addr { host: "127.23.135.130" port: 36293 } } peers { permanent_uuid: "8c751174fe9e41a0a4d3ea1dac04a50e" member_type: VOTER last_known_addr { host: "127.23.135.132" port: 33963 } } peers { permanent_uuid: "853707498adf425fb8395cb60f41c9dc" member_type: VOTER last_known_addr { host: "127.23.135.129" port: 34551 } } }
W0220 18:45:00.479882 26707 tablet_service.cc:670] failed transaction from {username='slave'} at 127.0.0.1:37906: Illegal state: Replica 853707498adf425fb8395cb60f41c9dc is not leader of this config. Role: FOLLOWER. Consensus state: current_term: 8 committed_config { opid_index: -1 OBSOLETE_local: false peers { permanent_uuid: "a6e352f77ef54932a47d9977e15d05f1" member_type: VOTER last_known_addr { host: "127.23.135.130" port: 36293 } } peers { permanent_uuid: "8c751174fe9e41a0a4d3ea1dac04a50e" member_type: VOTER last_known_addr { host: "127.23.135.132" port: 33963 } } peers { permanent_uuid: "853707498adf425fb8395cb60f41c9dc" member_type: VOTER last_known_addr { host: "127.23.135.129" port: 34551 } } }
W0220 18:45:00.519171 26833 tablet_service.cc:670] failed transaction from {username='slave'} at 127.0.0.1:34632: Illegal state: Replica a6e352f77ef54932a47d9977e15d05f1 is not leader of this config. Role: FOLLOWER. Consensus state: current_term: 8 committed_config { opid_index: -1 OBSOLETE_local: false peers { permanent_uuid: "a6e352f77ef54932a47d9977e15d05f1" member_type: VOTER last_known_addr { host: "127.23.135.130" port: 36293 } } peers { permanent_uuid: "8c751174fe9e41a0a4d3ea1dac04a50e" member_type: VOTER last_known_addr { host: "127.23.135.132" port: 33963 } } peers { permanent_uuid: "853707498adf425fb8395cb60f41c9dc" member_type: VOTER last_known_addr { host: "127.23.135.129" port: 34551 } } }
W0220 18:45:00.563094 27097 tablet_service.cc:670] failed transaction from {username='slave'} at 127.0.0.1:39712: Illegal state: Replica 8c751174fe9e41a0a4d3ea1dac04a50e is not leader of this config. Role: FOLLOWER. Consensus state: current_term: 8 committed_config { opid_index: -1 OBSOLETE_local: false peers { permanent_uuid: "a6e352f77ef54932a47d9977e15d05f1" member_type: VOTER last_known_addr { host: "127.23.135.130" port: 36293 } } peers { permanent_uuid: "8c751174fe9e41a0a4d3ea1dac04a50e" member_type: VOTER last_known_addr { host: "127.23.135.132" port: 33963 } } peers { permanent_uuid: "853707498adf425fb8395cb60f41c9dc" member_type: VOTER last_known_addr { host: "127.23.135.129" port: 34551 } } }
W0220 18:45:00.607023 26707 tablet_service.cc:670] failed transaction from {username='slave'} at 127.0.0.1:37906: Illegal state: Replica 853707498adf425fb8395cb60f41c9dc is not leader of this config. Role: FOLLOWER. Consensus state: current_term: 8 committed_config { opid_index: -1 OBSOLETE_local: false peers { permanent_uuid: "a6e352f77ef54932a47d9977e15d05f1" member_type: VOTER last_known_addr { host: "127.23.135.130" port: 36293 } } peers { permanent_uuid: "8c751174fe9e41a0a4d3ea1dac04a50e" member_type: VOTER last_known_addr { host: "127.23.135.132" port: 33963 } } peers { permanent_uuid: "853707498adf425fb8395cb60f41c9dc" member_type: VOTER last_known_addr { host: "127.23.135.129" port: 34551 } } }
W0220 18:45:00.652885 26833 tablet_service.cc:670] failed transaction from {username='slave'} at 127.0.0.1:34632: Illegal state: Replica a6e352f77ef54932a47d9977e15d05f1 is not leader of this config. Role: FOLLOWER. Consensus state: current_term: 8 committed_config { opid_index: -1 OBSOLETE_local: false peers { permanent_uuid: "a6e352f77ef54932a47d9977e15d05f1" member_type: VOTER last_known_addr { host: "127.23.135.130" port: 36293 } } peers { permanent_uuid: "8c751174fe9e41a0a4d3ea1dac04a50e" member_type: VOTER last_known_addr { host: "127.23.135.132" port: 33963 } } peers { permanent_uuid: "853707498adf425fb8395cb60f41c9dc" member_type: VOTER last_known_addr { host: "127.23.135.129" port: 34551 } } }
W0220 18:45:00.698802 27097 tablet_service.cc:670] failed transaction from {username='slave'} at 127.0.0.1:39712: Illegal state: Replica 8c751174fe9e41a0a4d3ea1dac04a50e is not leader of this config. Role: FOLLOWER. Consensus state: current_term: 8 committed_config { opid_index: -1 OBSOLETE_local: false peers { permanent_uuid: "a6e352f77ef54932a47d9977e15d05f1" member_type: VOTER last_known_addr { host: "127.23.135.130" port: 36293 } } peers { permanent_uuid: "8c751174fe9e41a0a4d3ea1dac04a50e" member_type: VOTER last_known_addr { host: "127.23.135.132" port: 33963 } } peers { permanent_uuid: "853707498adf425fb8395cb60f41c9dc" member_type: VOTER last_known_addr { host: "127.23.135.129" port: 34551 } } }
I0220 18:45:00.715382 26739 tablet_service.cc:1022] Tablet server 853707498adf425fb8395cb60f41c9dc set to quiescing
I0220 18:45:00.715481 26739 tablet_service.cc:1029] Tablet server has 0 leaders and 0 scanners
W0220 18:45:00.748327 26707 tablet_service.cc:670] failed transaction from {username='slave'} at 127.0.0.1:37906: Illegal state: Replica 853707498adf425fb8395cb60f41c9dc is not leader of this config. Role: FOLLOWER. Consensus state: current_term: 8 committed_config { opid_index: -1 OBSOLETE_local: false peers { permanent_uuid: "a6e352f77ef54932a47d9977e15d05f1" member_type: VOTER last_known_addr { host: "127.23.135.130" port: 36293 } } peers { permanent_uuid: "8c751174fe9e41a0a4d3ea1dac04a50e" member_type: VOTER last_known_addr { host: "127.23.135.132" port: 33963 } } peers { permanent_uuid: "853707498adf425fb8395cb60f41c9dc" member_type: VOTER last_known_addr { host: "127.23.135.129" port: 34551 } } }
W0220 18:45:00.795344 26833 tablet_service.cc:670] failed transaction from {username='slave'} at 127.0.0.1:34632: Illegal state: Replica a6e352f77ef54932a47d9977e15d05f1 is not leader of this config. Role: FOLLOWER. Consensus state: current_term: 8 committed_config { opid_index: -1 OBSOLETE_local: false peers { permanent_uuid: "a6e352f77ef54932a47d9977e15d05f1" member_type: VOTER last_known_addr { host: "127.23.135.130" port: 36293 } } peers { permanent_uuid: "8c751174fe9e41a0a4d3ea1dac04a50e" member_type: VOTER last_known_addr { host: "127.23.135.132" port: 33963 } } peers { permanent_uuid: "853707498adf425fb8395cb60f41c9dc" member_type: VOTER last_known_addr { host: "127.23.135.129" port: 34551 } } }
W0220 18:45:00.841611 27097 tablet_service.cc:670] failed transaction from {username='slave'} at 127.0.0.1:39712: Illegal state: Replica 8c751174fe9e41a0a4d3ea1dac04a50e is not leader of this config. Role: FOLLOWER. Consensus state: current_term: 8 committed_config { opid_index: -1 OBSOLETE_local: false peers { permanent_uuid: "a6e352f77ef54932a47d9977e15d05f1" member_type: VOTER last_known_addr { host: "127.23.135.130" port: 36293 } } peers { permanent_uuid: "8c751174fe9e41a0a4d3ea1dac04a50e" member_type: VOTER last_known_addr { host: "127.23.135.132" port: 33963 } } peers { permanent_uuid: "853707498adf425fb8395cb60f41c9dc" member_type: VOTER last_known_addr { host: "127.23.135.129" port: 34551 } } }
I0220 18:45:00.888859 26849 tablet_service.cc:1022] Tablet server a6e352f77ef54932a47d9977e15d05f1 set to quiescing
I0220 18:45:00.889009 26849 tablet_service.cc:1029] Tablet server has 0 leaders and 0 scanners
W0220 18:45:00.890605 26707 tablet_service.cc:670] failed transaction from {username='slave'} at 127.0.0.1:37906: Illegal state: Replica 853707498adf425fb8395cb60f41c9dc is not leader of this config. Role: FOLLOWER. Consensus state: current_term: 8 committed_config { opid_index: -1 OBSOLETE_local: false peers { permanent_uuid: "a6e352f77ef54932a47d9977e15d05f1" member_type: VOTER last_known_addr { host: "127.23.135.130" port: 36293 } } peers { permanent_uuid: "8c751174fe9e41a0a4d3ea1dac04a50e" member_type: VOTER last_known_addr { host: "127.23.135.132" port: 33963 } } peers { permanent_uuid: "853707498adf425fb8395cb60f41c9dc" member_type: VOTER last_known_addr { host: "127.23.135.129" port: 34551 } } }
I0220 18:45:00.891100 27113 tablet_service.cc:1022] Tablet server 8c751174fe9e41a0a4d3ea1dac04a50e set to quiescing
I0220 18:45:00.891209 27113 tablet_service.cc:1029] Tablet server has 0 leaders and 0 scanners
I0220 18:45:00.897210 24094 external_mini_cluster.cc:1263] Killing /tmp/dist-test-taskDlYUX2/build/debug/bin/kudu-tserver with pid 26679
W0220 18:45:00.902443 25721 connection.cc:658] client connection to 127.23.135.129:34551 recv error: Network error: recv error from 0.0.0.0:0: Transport endpoint is not connected (error 107)
W0220 18:45:00.902496 25721 meta_cache.cc:234] Tablet 7e19d7c23cc941e3a7751fe2478481ec: Replica 853707498adf425fb8395cb60f41c9dc (127.23.135.129:34551) has failed: Network error: recv error from 0.0.0.0:0: Transport endpoint is not connected (error 107)
I0220 18:45:00.902601 25752 meta_cache.cc:1038] Marking tablet server 853707498adf425fb8395cb60f41c9dc (127.23.135.129:34551) as failed.
I0220 18:45:00.902978 24094 external_mini_cluster.cc:1065] Running /tmp/dist-test-taskDlYUX2/build/debug/bin/kudu-tserver /tmp/dist-test-taskDlYUX2/build/debug/bin/kudu-tserver --fs_wal_dir=/tmp/dist-test-taskDlYUX2/test-tmp/maintenance_mode-itest.0.RollingRestartArgs_RollingRestartITest.TestWorkloads_4.1582224264261468-24094/minicluster-data/ts-0/wal --fs_data_dirs=/tmp/dist-test-taskDlYUX2/test-tmp/maintenance_mode-itest.0.RollingRestartArgs_RollingRestartITest.TestWorkloads_4.1582224264261468-24094/minicluster-data/ts-0/data --block_manager=log --rpc_bind_addresses=127.23.135.129:34551 --local_ip_for_outbound_sockets=127.23.135.129 --webserver_port=33607 --webserver_interface=127.23.135.129 --tserver_master_addrs=127.23.135.190:41437 --never_fsync --ipki_server_key_size=1024 --enable_minidumps=false --redact=none --metrics_log_interval_ms=1000 --logtostderr --logbuflevel=-1 --log_dir=/tmp/dist-test-taskDlYUX2/test-tmp/maintenance_mode-itest.0.RollingRestartArgs_RollingRestartITest.TestWorkloads_4.1582224264261468-24094/minicluster-data/ts-0/logs --server_dump_info_path=/tmp/dist-test-taskDlYUX2/test-tmp/maintenance_mode-itest.0.RollingRestartArgs_RollingRestartITest.TestWorkloads_4.1582224264261468-24094/minicluster-data/ts-0/data/info.pb --server_dump_info_format=pb --rpc_server_allow_ephemeral_ports --unlock_experimental_flags --unlock_unsafe_flags --builtin_ntp_servers=127.23.135.148:46155 --builtin_ntp_poll_interval_ms=100 --ntp_initial_sync_wait_secs=10 --time_source=builtin --raft_heartbeat_interval_ms=100 --scanner_default_batch_size_bytes=100 with env {}
W0220 18:45:00.905743 26833 tablet_service.cc:670] failed transaction from {username='slave'} at 127.0.0.1:34632: Illegal state: Replica a6e352f77ef54932a47d9977e15d05f1 is not leader of this config. Role: FOLLOWER. Consensus state: current_term: 8 committed_config { opid_index: -1 OBSOLETE_local: false peers { permanent_uuid: "a6e352f77ef54932a47d9977e15d05f1" member_type: VOTER last_known_addr { host: "127.23.135.130" port: 36293 } } peers { permanent_uuid: "8c751174fe9e41a0a4d3ea1dac04a50e" member_type: VOTER last_known_addr { host: "127.23.135.132" port: 33963 } } peers { permanent_uuid: "853707498adf425fb8395cb60f41c9dc" member_type: VOTER last_known_addr { host: "127.23.135.129" port: 34551 } } }
W0220 18:45:00.911257 27097 tablet_service.cc:670] failed transaction from {username='slave'} at 127.0.0.1:39712: Illegal state: Replica 8c751174fe9e41a0a4d3ea1dac04a50e is not leader of this config. Role: FOLLOWER. Consensus state: current_term: 8 committed_config { opid_index: -1 OBSOLETE_local: false peers { permanent_uuid: "a6e352f77ef54932a47d9977e15d05f1" member_type: VOTER last_known_addr { host: "127.23.135.130" port: 36293 } } peers { permanent_uuid: "8c751174fe9e41a0a4d3ea1dac04a50e" member_type: VOTER last_known_addr { host: "127.23.135.132" port: 33963 } } peers { permanent_uuid: "853707498adf425fb8395cb60f41c9dc" member_type: VOTER last_known_addr { host: "127.23.135.129" port: 34551 } } }
W0220 18:45:00.912240 27097 tablet_service.cc:670] failed transaction from {username='slave'} at 127.0.0.1:39712: Illegal state: Replica 8c751174fe9e41a0a4d3ea1dac04a50e is not leader of this config. Role: FOLLOWER. Consensus state: current_term: 8 committed_config { opid_index: -1 OBSOLETE_local: false peers { permanent_uuid: "a6e352f77ef54932a47d9977e15d05f1" member_type: VOTER last_known_addr { host: "127.23.135.130" port: 36293 } } peers { permanent_uuid: "8c751174fe9e41a0a4d3ea1dac04a50e" member_type: VOTER last_known_addr { host: "127.23.135.132" port: 33963 } } peers { permanent_uuid: "853707498adf425fb8395cb60f41c9dc" member_type: VOTER last_known_addr { host: "127.23.135.129" port: 34551 } } }
W0220 18:45:00.920203 26833 tablet_service.cc:670] failed transaction from {username='slave'} at 127.0.0.1:34632: Illegal state: Replica a6e352f77ef54932a47d9977e15d05f1 is not leader of this config. Role: FOLLOWER. Consensus state: current_term: 8 committed_config { opid_index: -1 OBSOLETE_local: false peers { permanent_uuid: "a6e352f77ef54932a47d9977e15d05f1" member_type: VOTER last_known_addr { host: "127.23.135.130" port: 36293 } } peers { permanent_uuid: "8c751174fe9e41a0a4d3ea1dac04a50e" member_type: VOTER last_known_addr { host: "127.23.135.132" port: 33963 } } peers { permanent_uuid: "853707498adf425fb8395cb60f41c9dc" member_type: VOTER last_known_addr { host: "127.23.135.129" port: 34551 } } }
W0220 18:45:00.925323 26833 tablet_service.cc:670] failed transaction from {username='slave'} at 127.0.0.1:34632: Illegal state: Replica a6e352f77ef54932a47d9977e15d05f1 is not leader of this config. Role: FOLLOWER. Consensus state: current_term: 8 committed_config { opid_index: -1 OBSOLETE_local: false peers { permanent_uuid: "a6e352f77ef54932a47d9977e15d05f1" member_type: VOTER last_known_addr { host: "127.23.135.130" port: 36293 } } peers { permanent_uuid: "8c751174fe9e41a0a4d3ea1dac04a50e" member_type: VOTER last_known_addr { host: "127.23.135.132" port: 33963 } } peers { permanent_uuid: "853707498adf425fb8395cb60f41c9dc" member_type: VOTER last_known_addr { host: "127.23.135.129" port: 34551 } } }
W0220 18:45:00.931944 27097 tablet_service.cc:670] failed transaction from {username='slave'} at 127.0.0.1:39712: Illegal state: Replica 8c751174fe9e41a0a4d3ea1dac04a50e is not leader of this config. Role: FOLLOWER. Consensus state: current_term: 8 committed_config { opid_index: -1 OBSOLETE_local: false peers { permanent_uuid: "a6e352f77ef54932a47d9977e15d05f1" member_type: VOTER last_known_addr { host: "127.23.135.130" port: 36293 } } peers { permanent_uuid: "8c751174fe9e41a0a4d3ea1dac04a50e" member_type: VOTER last_known_addr { host: "127.23.135.132" port: 33963 } } peers { permanent_uuid: "853707498adf425fb8395cb60f41c9dc" member_type: VOTER last_known_addr { host: "127.23.135.129" port: 34551 } } }
W0220 18:45:00.940145 27097 tablet_service.cc:670] failed transaction from {username='slave'} at 127.0.0.1:39712: Illegal state: Replica 8c751174fe9e41a0a4d3ea1dac04a50e is not leader of this config. Role: FOLLOWER. Consensus state: current_term: 8 committed_config { opid_index: -1 OBSOLETE_local: false peers { permanent_uuid: "a6e352f77ef54932a47d9977e15d05f1" member_type: VOTER last_known_addr { host: "127.23.135.130" port: 36293 } } peers { permanent_uuid: "8c751174fe9e41a0a4d3ea1dac04a50e" member_type: VOTER last_known_addr { host: "127.23.135.132" port: 33963 } } peers { permanent_uuid: "853707498adf425fb8395cb60f41c9dc" member_type: VOTER last_known_addr { host: "127.23.135.129" port: 34551 } } }
W0220 18:45:00.941092 27097 tablet_service.cc:670] failed transaction from {username='slave'} at 127.0.0.1:39712: Illegal state: Replica 8c751174fe9e41a0a4d3ea1dac04a50e is not leader of this config. Role: FOLLOWER. Consensus state: current_term: 8 committed_config { opid_index: -1 OBSOLETE_local: false peers { permanent_uuid: "a6e352f77ef54932a47d9977e15d05f1" member_type: VOTER last_known_addr { host: "127.23.135.130" port: 36293 } } peers { permanent_uuid: "8c751174fe9e41a0a4d3ea1dac04a50e" member_type: VOTER last_known_addr { host: "127.23.135.132" port: 33963 } } peers { permanent_uuid: "853707498adf425fb8395cb60f41c9dc" member_type: VOTER last_known_addr { host: "127.23.135.129" port: 34551 } } }
W0220 18:45:00.950924 26833 tablet_service.cc:670] failed transaction from {username='slave'} at 127.0.0.1:34632: Illegal state: Replica a6e352f77ef54932a47d9977e15d05f1 is not leader of this config. Role: FOLLOWER. Consensus state: current_term: 8 committed_config { opid_index: -1 OBSOLETE_local: false peers { permanent_uuid: "a6e352f77ef54932a47d9977e15d05f1" member_type: VOTER last_known_addr { host: "127.23.135.130" port: 36293 } } peers { permanent_uuid: "8c751174fe9e41a0a4d3ea1dac04a50e" member_type: VOTER last_known_addr { host: "127.23.135.132" port: 33963 } } peers { permanent_uuid: "853707498adf425fb8395cb60f41c9dc" member_type: VOTER last_known_addr { host: "127.23.135.129" port: 34551 } } } WARNING: Logging before InitGoogleLogging() is written to STDERR
W0220 18:45:00.951232 27474 flags.cc:403] Enabled unsafe flag: --rpc_server_allow_ephemeral_ports=true
W0220 18:45:00.951436 27474 flags.cc:403] Enabled unsafe flag: --never_fsync=true
W0220 18:45:00.952514 27474 flags.cc:403] Enabled experimental flag: --ipki_server_key_size=1024
W0220 18:45:00.952589 27474 flags.cc:403] Enabled experimental flag: --local_ip_for_outbound_sockets=127.23.135.129
W0220 18:45:00.952744 26834 tablet_service.cc:670] failed transaction from {username='slave'} at 127.0.0.1:34632: Illegal state: Replica a6e352f77ef54932a47d9977e15d05f1 is not leader of this config. Role: FOLLOWER. Consensus state: current_term: 8 committed_config { opid_index: -1 OBSOLETE_local: false peers { permanent_uuid: "a6e352f77ef54932a47d9977e15d05f1" member_type: VOTER last_known_addr { host: "127.23.135.130" port: 36293 } } peers { permanent_uuid: "8c751174fe9e41a0a4d3ea1dac04a50e" member_type: VOTER last_known_addr { host: "127.23.135.132" port: 33963 } } peers { permanent_uuid: "853707498adf425fb8395cb60f41c9dc" member_type: VOTER last_known_addr { host: "127.23.135.129" port: 34551 } } }
I0220 18:45:00.954025 27474 tablet_server_runner.cc:68] Tablet server non-default flags: --builtin_ntp_poll_interval_ms=100 --builtin_ntp_servers=127.23.135.148:46155 --ntp_initial_sync_wait_secs=10 --time_source=builtin --raft_heartbeat_interval_ms=100 --fs_data_dirs=/tmp/dist-test-taskDlYUX2/test-tmp/maintenance_mode-itest.0.RollingRestartArgs_RollingRestartITest.TestWorkloads_4.1582224264261468-24094/minicluster-data/ts-0/data --fs_wal_dir=/tmp/dist-test-taskDlYUX2/test-tmp/maintenance_mode-itest.0.RollingRestartArgs_RollingRestartITest.TestWorkloads_4.1582224264261468-24094/minicluster-data/ts-0/wal --ipki_server_key_size=1024 --rpc_bind_addresses=127.23.135.129:34551 --rpc_server_allow_ephemeral_ports=true --metrics_log_interval_ms=1000 --server_dump_info_format=pb --server_dump_info_path=/tmp/dist-test-taskDlYUX2/test-tmp/maintenance_mode-itest.0.RollingRestartArgs_RollingRestartITest.TestWorkloads_4.1582224264261468-24094/minicluster-data/ts-0/data/info.pb --webserver_interface=127.23.135.129 --webserver_port=33607 --tserver_master_addrs=127.23.135.190:41437 --scanner_default_batch_size_bytes=100 --never_fsync=true --heap_profile_path=/tmp/kudu-tserver.27474 --redact=none --unlock_experimental_flags=true --unlock_unsafe_flags=true --log_filename=kudu-tserver --enable_minidumps=false --local_ip_for_outbound_sockets=127.23.135.129 --log_dir=/tmp/dist-test-taskDlYUX2/test-tmp/maintenance_mode-itest.0.RollingRestartArgs_RollingRestartITest.TestWorkloads_4.1582224264261468-24094/minicluster-data/ts-0/logs --logbuflevel=-1 --logtostderr=true Tablet server version: kudu 1.12.0-SNAPSHOT revision 924cf36232aa121073c75b5863683510c05eae48 build type DEBUG built by None at 20 Feb 2020 18:30:41 UTC on jenkins-slave-8qw8 build id 20512
I0220 18:45:00.954502 27474 env_posix.cc:1682] Not raising this process' open files per process limit of 1048576; it is already as high as it can go
I0220 18:45:00.955144 27474 file_cache.cc:476] Constructed file cache file cache with capacity 419430
I0220 18:45:00.960135 27474 hybrid_clock.cc:241] auto-selected time source: builtin
I0220 18:45:00.960883 27474 hybrid_clock.cc:534] waiting up to --ntp_initial_sync_wait_secs=10 seconds for the clock to synchronize
I0220 18:45:00.962038 27474 hybrid_clock.cc:552] HybridClock initialized: now 1582224300962010 us; error 24 us; skew 500 ppm
I0220 18:45:00.962549 27474 fs_manager.cc:259] Metadata directory not provided
I0220 18:45:00.962580 27474 fs_manager.cc:265] Using write-ahead log directory (fs_wal_dir) as metadata directory
W0220 18:45:00.966351 27097 tablet_service.cc:670] failed transaction from {username='slave'} at 127.0.0.1:39712: Illegal state: Replica 8c751174fe9e41a0a4d3ea1dac04a50e is not leader of this config. Role: FOLLOWER. Consensus state: current_term: 8 committed_config { opid_index: -1 OBSOLETE_local: false peers { permanent_uuid: "a6e352f77ef54932a47d9977e15d05f1" member_type: VOTER last_known_addr { host: "127.23.135.130" port: 36293 } } peers { permanent_uuid: "8c751174fe9e41a0a4d3ea1dac04a50e" member_type: VOTER last_known_addr { host: "127.23.135.132" port: 33963 } } peers { permanent_uuid: "853707498adf425fb8395cb60f41c9dc" member_type: VOTER last_known_addr { host: "127.23.135.129" port: 34551 } } }
I0220 18:45:00.967489 27474 fs_manager.cc:410] Time spent opening directory manager: real 0.004s user 0.005s sys 0.000s
I0220 18:45:00.970454 27474 fs_manager.cc:430] Time spent opening block manager: real 0.001s user 0.001s sys 0.000s
I0220 18:45:00.970846 27474 fs_manager.cc:447] Opened local filesystem: /tmp/dist-test-taskDlYUX2/test-tmp/maintenance_mode-itest.0.RollingRestartArgs_RollingRestartITest.TestWorkloads_4.1582224264261468-24094/minicluster-data/ts-0/data,/tmp/dist-test-taskDlYUX2/test-tmp/maintenance_mode-itest.0.RollingRestartArgs_RollingRestartITest.TestWorkloads_4.1582224264261468-24094/minicluster-data/ts-0/wal uuid: "853707498adf425fb8395cb60f41c9dc" format_stamp: "Formatted at 2020-02-20 18:44:40 on dist-test-slave-dist-test-slave-sbf6"
