I0107 12:46:11.009888 24731 log.cc:1062] T 16e58229a0c648eda40d4376454f2981 P 76f8bc397d684ec2b99494eb2fee53c4: Deleting log segment in path: /data/somelongdirectorytoavoidrpathissues/src/kudutest/linked_list-test.LinkedListTest.TestLoadAndVerify.1578429164263051-24384/linked-list-cluster/ts-2/wal/wals/16e58229a0c648eda40d4376454f2981/wal-000000058 (ops 336861-342735)
I0107 12:46:11.009898 24731 log.cc:1062] T 16e58229a0c648eda40d4376454f2981 P 76f8bc397d684ec2b99494eb2fee53c4: Deleting log segment in path: /data/somelongdirectorytoavoidrpathissues/src/kudutest/linked_list-test.LinkedListTest.TestLoadAndVerify.1578429164263051-24384/linked-list-cluster/ts-2/wal/wals/16e58229a0c648eda40d4376454f2981/wal-000000059 (ops 342736-348626)
I0107 12:46:11.022377 24731 maintenance_manager.cc:527] P 76f8bc397d684ec2b99494eb2fee53c4: LogGCOp(16e58229a0c648eda40d4376454f2981) complete. Timing: real 0.013s user 0.000s sys 0.011s Metrics: {}
I0107 12:46:11.022517 24837 maintenance_manager.cc:326] P 76f8bc397d684ec2b99494eb2fee53c4: Scheduling UndoDeltaBlockGCOp(16e58229a0c648eda40d4376454f2981): 30860393 bytes on disk
I0107 12:46:11.022616 24731 maintenance_manager.cc:527] P 76f8bc397d684ec2b99494eb2fee53c4: UndoDeltaBlockGCOp(16e58229a0c648eda40d4376454f2981) complete. Timing: real 0.000s user 0.000s sys 0.000s Metrics: {"cfile_init":1,"lbm_read_time_us":10,"lbm_reads_lt_1ms":4}
I0107 12:46:11.022677 24837 maintenance_manager.cc:326] P 76f8bc397d684ec2b99494eb2fee53c4: Scheduling CompactRowSetsOp(16e58229a0c648eda40d4376454f2981): perf score=0.625464
I0107 12:46:11.200755 24607 maintenance_manager.cc:527] P c0dcf07e91a6459fb83f90f61d363e44: UndoDeltaBlockGCOp(77e67457a0334f92a22f52fe739203dd) complete. Timing: real 0.335s user 0.000s sys 0.000s Metrics: {"cfile_init":2,"lbm_read_time_us":335161,"lbm_reads_10-100_ms":3,"lbm_reads_gt_100_ms":1,"lbm_reads_lt_1ms":4}
I0107 12:46:11.200891 24713 maintenance_manager.cc:326] P c0dcf07e91a6459fb83f90f61d363e44: Scheduling FlushMRSOp(30019a15e66f4115b11a50dbcaf93a87): perf score=0.048822
I0107 12:46:11.615558 24482 maintenance_manager.cc:527] P 914675d8717742d1ae5929637e95acb2: CompactRowSetsOp(30019a15e66f4115b11a50dbcaf93a87) complete. Timing: real 14.853s user 3.609s sys 0.410s Metrics: {"bytes_written":51417141,"cfile_cache_hit":97,"cfile_cache_hit_bytes":11877606,"cfile_cache_miss":6805,"cfile_cache_miss_bytes":199991834,"cfile_init":13,"delta_iterators_relevant":8,"dirs.queue_time_us":1432,"dirs.run_cpu_time_us":172,"dirs.run_wall_time_us":83668,"drs_written":2,"lbm_read_time_us":3247390,"lbm_reads_1-10_ms":84,"lbm_reads_10-100_ms":84,"lbm_reads_gt_100_ms":3,"lbm_reads_lt_1ms":6686,"lbm_write_time_us":577129,"lbm_writes_1-10_ms":116,"lbm_writes_10-100_ms":6,"lbm_writes_lt_1ms":5059,"num_input_rowsets":3,"rows_written":2921980,"spinlock_wait_cycles":4700544,"thread_start_us":562,"threads_started":10}
I0107 12:46:11.615873 24588 maintenance_manager.cc:326] P 914675d8717742d1ae5929637e95acb2: Scheduling FlushMRSOp(16e58229a0c648eda40d4376454f2981): perf score=0.039221
I0107 12:46:12.330621 24607 maintenance_manager.cc:527] P c0dcf07e91a6459fb83f90f61d363e44: FlushMRSOp(30019a15e66f4115b11a50dbcaf93a87) complete. Timing: real 1.130s user 0.613s sys 0.031s Metrics: {"bytes_written":9632606,"cfile_init":1,"delete_count":0,"dirs.queue_time_us":68,"dirs.run_cpu_time_us":93,"dirs.run_wall_time_us":142777,"drs_written":1,"lbm_read_time_us":6,"lbm_reads_lt_1ms":4,"lbm_write_time_us":326148,"lbm_writes_1-10_ms":13,"lbm_writes_10-100_ms":11,"lbm_writes_lt_1ms":961,"reinsert_count":0,"rows_written":547282,"thread_start_us":31,"threads_started":1,"update_count":1388}
I0107 12:46:12.330744 24713 maintenance_manager.cc:326] P c0dcf07e91a6459fb83f90f61d363e44: Scheduling LogGCOp(30019a15e66f4115b11a50dbcaf93a87): free 42007285 bytes of WAL
I0107 12:46:12.330801 24607 log_reader.cc:379] T 30019a15e66f4115b11a50dbcaf93a87: removed 5 log segments from log reader
I0107 12:46:12.330809 24607 log.cc:1062] T 30019a15e66f4115b11a50dbcaf93a87 P c0dcf07e91a6459fb83f90f61d363e44: Deleting log segment in path: /data/somelongdirectorytoavoidrpathissues/src/kudutest/linked_list-test.LinkedListTest.TestLoadAndVerify.1578429164263051-24384/linked-list-cluster/ts-1/wal/wals/30019a15e66f4115b11a50dbcaf93a87/wal-000000024 (ops 285459-297840)
I0107 12:46:12.330834 24607 log.cc:1062] T 30019a15e66f4115b11a50dbcaf93a87 P c0dcf07e91a6459fb83f90f61d363e44: Deleting log segment in path: /data/somelongdirectorytoavoidrpathissues/src/kudutest/linked_list-test.LinkedListTest.TestLoadAndVerify.1578429164263051-24384/linked-list-cluster/ts-1/wal/wals/30019a15e66f4115b11a50dbcaf93a87/wal-000000025 (ops 297841-310282)
I0107 12:46:12.330850 24607 log.cc:1062] T 30019a15e66f4115b11a50dbcaf93a87 P c0dcf07e91a6459fb83f90f61d363e44: Deleting log segment in path: /data/somelongdirectorytoavoidrpathissues/src/kudutest/linked_list-test.LinkedListTest.TestLoadAndVerify.1578429164263051-24384/linked-list-cluster/ts-1/wal/wals/30019a15e66f4115b11a50dbcaf93a87/wal-000000026 (ops 310283-322721)
I0107 12:46:12.330862 24607 log.cc:1062] T 30019a15e66f4115b11a50dbcaf93a87 P c0dcf07e91a6459fb83f90f61d363e44: Deleting log segment in path: /data/somelongdirectorytoavoidrpathissues/src/kudutest/linked_list-test.LinkedListTest.TestLoadAndVerify.1578429164263051-24384/linked-list-cluster/ts-1/wal/wals/30019a15e66f4115b11a50dbcaf93a87/wal-000000027 (ops 322722-335102)
I0107 12:46:12.330871 24607 log.cc:1062] T 30019a15e66f4115b11a50dbcaf93a87 P c0dcf07e91a6459fb83f90f61d363e44: Deleting log segment in path: /data/somelongdirectorytoavoidrpathissues/src/kudutest/linked_list-test.LinkedListTest.TestLoadAndVerify.1578429164263051-24384/linked-list-cluster/ts-1/wal/wals/30019a15e66f4115b11a50dbcaf93a87/wal-000000028 (ops 335103-347501)
I0107 12:46:12.341315 24607 maintenance_manager.cc:527] P c0dcf07e91a6459fb83f90f61d363e44: LogGCOp(30019a15e66f4115b11a50dbcaf93a87) complete. Timing: real 0.010s user 0.000s sys 0.009s Metrics: {}
I0107 12:46:12.341416 24713 maintenance_manager.cc:326] P c0dcf07e91a6459fb83f90f61d363e44: Scheduling CompactRowSetsOp(30019a15e66f4115b11a50dbcaf93a87): perf score=1.004288 ------------------------------------------------------------ Histogram for latency of insert operations (microseconds) Note: each insert is a batch of 50 rows. ------------------------------------------------------------ Count: 360000 Mean: 2098.74 Percentiles: 0% (min) = 778 25% = 1439 50% (med) = 1625 75% = 1883 95% = 2652 99% = 9096 99.9% = 53248 99.99% = 297728 100% (max) = 3087444 *NOTE: some values were greater than highest trackable value
I0107 12:46:18.653982 24384 linked_list-test-util.h:519] Written 18000000 rows in chain
I0107 12:46:22.616921 24482 maintenance_manager.cc:527] P 914675d8717742d1ae5929637e95acb2: FlushMRSOp(16e58229a0c648eda40d4376454f2981) complete. Timing: real 10.990s user 2.639s sys 0.241s Metrics: {"bytes_written":31160465,"cfile_init":1,"delete_count":0,"dirs.queue_time_us":10819,"dirs.run_cpu_time_us":93,"dirs.run_wall_time_us":26336,"drs_written":1,"lbm_read_time_us":8,"lbm_reads_lt_1ms":4,"lbm_write_time_us":1711609,"lbm_writes_1-10_ms":96,"lbm_writes_10-100_ms":27,"lbm_writes_gt_100_ms":3,"lbm_writes_lt_1ms":3008,"reinsert_count":0,"rows_written":1768259,"thread_start_us":29,"threads_started":1,"update_count":1139}
I0107 12:46:22.617178 24588 maintenance_manager.cc:326] P 914675d8717742d1ae5929637e95acb2: Scheduling LogGCOp(16e58229a0c648eda40d4376454f2981): free 75697845 bytes of WAL
I0107 12:46:22.617270 24482 log_reader.cc:379] T 16e58229a0c648eda40d4376454f2981: removed 9 log segments from log reader
I0107 12:46:22.617322 24482 log.cc:1062] T 16e58229a0c648eda40d4376454f2981 P 914675d8717742d1ae5929637e95acb2: Deleting log segment in path: /data/somelongdirectorytoavoidrpathissues/src/kudutest/linked_list-test.LinkedListTest.TestLoadAndVerify.1578429164263051-24384/linked-list-cluster/ts-0/wal/wals/16e58229a0c648eda40d4376454f2981/wal-000000052 (ops 301737-307665)
I0107 12:46:22.617410 24482 log.cc:1062] T 16e58229a0c648eda40d4376454f2981 P 914675d8717742d1ae5929637e95acb2: Deleting log segment in path: /data/somelongdirectorytoavoidrpathissues/src/kudutest/linked_list-test.LinkedListTest.TestLoadAndVerify.1578429164263051-24384/linked-list-cluster/ts-0/wal/wals/16e58229a0c648eda40d4376454f2981/wal-000000053 (ops 307666-313549)
I0107 12:46:22.617491 24482 log.cc:1062] T 16e58229a0c648eda40d4376454f2981 P 914675d8717742d1ae5929637e95acb2: Deleting log segment in path: /data/somelongdirectorytoavoidrpathissues/src/kudutest/linked_list-test.LinkedListTest.TestLoadAndVerify.1578429164263051-24384/linked-list-cluster/ts-0/wal/wals/16e58229a0c648eda40d4376454f2981/wal-000000054 (ops 313550-319444)
I0107 12:46:22.618070 24482 log.cc:1062] T 16e58229a0c648eda40d4376454f2981 P 914675d8717742d1ae5929637e95acb2: Deleting log segment in path: /data/somelongdirectorytoavoidrpathissues/src/kudutest/linked_list-test.LinkedListTest.TestLoadAndVerify.1578429164263051-24384/linked-list-cluster/ts-0/wal/wals/16e58229a0c648eda40d4376454f2981/wal-000000055 (ops 319445-325357)
I0107 12:46:22.618362 24482 log.cc:1062] T 16e58229a0c648eda40d4376454f2981 P 914675d8717742d1ae5929637e95acb2: Deleting log segment in path: /data/somelongdirectorytoavoidrpathissues/src/kudutest/linked_list-test.LinkedListTest.TestLoadAndVerify.1578429164263051-24384/linked-list-cluster/ts-0/wal/wals/16e58229a0c648eda40d4376454f2981/wal-000000056 (ops 325358-331188)
I0107 12:46:22.618468 24482 log.cc:1062] T 16e58229a0c648eda40d4376454f2981 P 914675d8717742d1ae5929637e95acb2: Deleting log segment in path: /data/somelongdirectorytoavoidrpathissues/src/kudutest/linked_list-test.LinkedListTest.TestLoadAndVerify.1578429164263051-24384/linked-list-cluster/ts-0/wal/wals/16e58229a0c648eda40d4376454f2981/wal-000000057 (ops 331189-337049)
I0107 12:46:22.618652 24482 log.cc:1062] T 16e58229a0c648eda40d4376454f2981 P 914675d8717742d1ae5929637e95acb2: Deleting log segment in path: /data/somelongdirectorytoavoidrpathissues/src/kudutest/linked_list-test.LinkedListTest.TestLoadAndVerify.1578429164263051-24384/linked-list-cluster/ts-0/wal/wals/16e58229a0c648eda40d4376454f2981/wal-000000058 (ops 337050-343060)
I0107 12:46:22.618714 24482 log.cc:1062] T 16e58229a0c648eda40d4376454f2981 P 914675d8717742d1ae5929637e95acb2: Deleting log segment in path: /data/somelongdirectorytoavoidrpathissues/src/kudutest/linked_list-test.LinkedListTest.TestLoadAndVerify.1578429164263051-24384/linked-list-cluster/ts-0/wal/wals/16e58229a0c648eda40d4376454f2981/wal-000000059 (ops 343061-348965)
I0107 12:46:22.618782 24482 log.cc:1062] T 16e58229a0c648eda40d4376454f2981 P 914675d8717742d1ae5929637e95acb2: Deleting log segment in path: /data/somelongdirectorytoavoidrpathissues/src/kudutest/linked_list-test.LinkedListTest.TestLoadAndVerify.1578429164263051-24384/linked-list-cluster/ts-0/wal/wals/16e58229a0c648eda40d4376454f2981/wal-000000060 (ops 348966-354877)
I0107 12:46:22.723855 24482 maintenance_manager.cc:527] P 914675d8717742d1ae5929637e95acb2: LogGCOp(16e58229a0c648eda40d4376454f2981) complete. Timing: real 0.107s user 0.001s sys 0.023s Metrics: {}
I0107 12:46:22.725746 24588 maintenance_manager.cc:326] P 914675d8717742d1ae5929637e95acb2: Scheduling CompactRowSetsOp(16e58229a0c648eda40d4376454f2981): perf score=0.619824
I0107 12:46:29.194384 24607 maintenance_manager.cc:527] P c0dcf07e91a6459fb83f90f61d363e44: CompactRowSetsOp(30019a15e66f4115b11a50dbcaf93a87) complete. Timing: real 16.853s user 3.914s sys 0.424s Metrics: {"bytes_written":52379809,"cfile_cache_hit":124,"cfile_cache_hit_bytes":15942136,"cfile_cache_miss":6896,"cfile_cache_miss_bytes":199883572,"cfile_init":13,"delta_iterators_relevant":8,"dirs.queue_time_us":14879,"dirs.run_cpu_time_us":156,"dirs.run_wall_time_us":43485,"drs_written":2,"lbm_read_time_us":3247004,"lbm_reads_1-10_ms":116,"lbm_reads_10-100_ms":68,"lbm_reads_gt_100_ms":7,"lbm_reads_lt_1ms":6757,"lbm_write_time_us":738127,"lbm_writes_1-10_ms":122,"lbm_writes_10-100_ms":9,"lbm_writes_lt_1ms":5148,"num_input_rowsets":3,"rows_written":2977368,"spinlock_wait_cycles":46278400,"thread_start_us":417,"threads_started":10}
I0107 12:46:29.194582 24713 maintenance_manager.cc:326] P c0dcf07e91a6459fb83f90f61d363e44: Scheduling FlushMRSOp(16e58229a0c648eda40d4376454f2981): perf score=0.040713
I0107 12:46:40.157302 24607 maintenance_manager.cc:527] P c0dcf07e91a6459fb83f90f61d363e44: FlushMRSOp(16e58229a0c648eda40d4376454f2981) complete. Timing: real 10.959s user 2.810s sys 0.181s Metrics: {"bytes_written":33450477,"cfile_init":1,"delete_count":0,"dirs.queue_time_us":71,"dirs.run_cpu_time_us":95,"dirs.run_wall_time_us":77475,"drs_written":1,"lbm_read_time_us":8,"lbm_reads_lt_1ms":4,"lbm_write_time_us":2432707,"lbm_writes_1-10_ms":69,"lbm_writes_10-100_ms":15,"lbm_writes_gt_100_ms":5,"lbm_writes_lt_1ms":3271,"reinsert_count":0,"rows_written":1896250,"thread_start_us":44,"threads_started":1,"update_count":7284}
I0107 12:46:40.157532 24713 maintenance_manager.cc:326] P c0dcf07e91a6459fb83f90f61d363e44: Scheduling CompactRowSetsOp(16e58229a0c648eda40d4376454f2981): perf score=0.622742 ------------------------------------------------------------ Histogram for latency of insert operations (microseconds) Note: each insert is a batch of 50 rows. ------------------------------------------------------------ Count: 370000 Mean: 2105.31 Percentiles: 0% (min) = 778 25% = 1442 50% (med) = 1629 75% = 1888 95% = 2660 99% = 9176 99.9% = 53984 99.99% = 297728 100% (max) = 3087444 *NOTE: some values were greater than highest trackable value
I0107 12:46:43.426730 24384 linked_list-test-util.h:519] Written 18500000 rows in chain
I0107 12:46:58.807793 24731 maintenance_manager.cc:527] P 76f8bc397d684ec2b99494eb2fee53c4: CompactRowSetsOp(16e58229a0c648eda40d4376454f2981) complete. Timing: real 47.785s user 10.338s sys 1.146s Metrics: {"bytes_written":140033801,"cfile_cache_hit":255,"cfile_cache_hit_bytes":33802166,"cfile_cache_miss":18505,"cfile_cache_miss_bytes":543501144,"cfile_init":21,"delta_iterators_relevant":12,"dirs.queue_time_us":11625,"dirs.run_cpu_time_us":525,"dirs.run_wall_time_us":349083,"drs_written":5,"lbm_read_time_us":10803217,"lbm_reads_1-10_ms":341,"lbm_reads_10-100_ms":210,"lbm_reads_gt_100_ms":17,"lbm_reads_lt_1ms":18021,"lbm_write_time_us":1667266,"lbm_writes_1-10_ms":261,"lbm_writes_10-100_ms":12,"lbm_writes_gt_100_ms":2,"lbm_writes_lt_1ms":13835,"num_input_rowsets":5,"rows_written":7958124,"spinlock_wait_cycles":259377664,"thread_start_us":692,"threads_started":5}
I0107 12:46:58.807981 24837 maintenance_manager.cc:326] P 76f8bc397d684ec2b99494eb2fee53c4: Scheduling UndoDeltaBlockGCOp(16e58229a0c648eda40d4376454f2981): 170270622 bytes on disk
I0107 12:46:58.808161 24731 maintenance_manager.cc:527] P 76f8bc397d684ec2b99494eb2fee53c4: UndoDeltaBlockGCOp(16e58229a0c648eda40d4376454f2981) complete. Timing: real 0.000s user 0.000s sys 0.000s Metrics: {"cfile_init":5,"lbm_read_time_us":31,"lbm_reads_lt_1ms":20}
I0107 12:46:58.808243 24837 maintenance_manager.cc:326] P 76f8bc397d684ec2b99494eb2fee53c4: Scheduling CompactRowSetsOp(16e58229a0c648eda40d4376454f2981): perf score=0.511117
I0107 12:47:00.531549 29939 rpcz_store.cc:269] Call kudu.tserver.TabletServerService.Write from 127.23.208.3:43359 (ReqId={client: 38ca74434bcb40b7a65933bd12dc4ffd, seq_no=1115991, attempt_no=0}) took 1713ms. Request Metrics: {"child_traces":[["txn",{"apply.queue_time_us":12,"cfile_cache_hit":12,"cfile_cache_hit_bytes":84626,"cfile_cache_miss":30,"cfile_cache_miss_bytes":132753,"cfile_init":2,"lbm_read_time_us":1712235,"lbm_reads_1-10_ms":6,"lbm_reads_10-100_ms":20,"lbm_reads_gt_100_ms":5,"lbm_reads_lt_1ms":7,"num_ops":28,"prepare.queue_time_us":79,"prepare.run_cpu_time_us":81,"prepare.run_wall_time_us":81,"raft.queue_time_us":45,"raft.run_cpu_time_us":27,"raft.run_wall_time_us":28,"replication_time_us":394,"thread_start_us":31,"threads_started":1,"wal-append.queue_time_us":71}]]}
I0107 12:47:02.219961 29939 rpcz_store.cc:269] Call kudu.tserver.TabletServerService.Write from 127.23.208.3:43359 (ReqId={client: 38ca74434bcb40b7a65933bd12dc4ffd, seq_no=1116002, attempt_no=0}) took 1125ms. Request Metrics: {"child_traces":[["txn",{"apply.queue_time_us":9,"cfile_cache_hit":31,"cfile_cache_hit_bytes":197915,"cfile_cache_miss":18,"cfile_cache_miss_bytes":73908,"lbm_read_time_us":1123874,"lbm_reads_10-100_ms":8,"lbm_reads_gt_100_ms":4,"lbm_reads_lt_1ms":6,"num_ops":34,"prepare.queue_time_us":84,"prepare.run_cpu_time_us":133,"prepare.run_wall_time_us":217,"raft.queue_time_us":27,"raft.run_cpu_time_us":62,"raft.run_wall_time_us":68,"replication_time_us":440,"spinlock_wait_cycles":65664,"thread_start_us":18,"threads_started":1}]]}
I0107 12:47:03.010291 29888 rpcz_store.cc:269] Call kudu.tserver.TabletServerService.Write from 127.23.208.3:43359 (ReqId={client: 38ca74434bcb40b7a65933bd12dc4ffd, seq_no=1115996, attempt_no=0}) took 3938ms. Request Metrics: {"child_traces":[["txn",{"apply.queue_time_us":10,"cfile_cache_hit":1935,"cfile_cache_hit_bytes":8013431,"cfile_cache_miss":3554,"cfile_cache_miss_bytes":14873771,"lbm_read_time_us":3856852,"lbm_reads_1-10_ms":42,"lbm_reads_10-100_ms":63,"lbm_reads_gt_100_ms":8,"lbm_reads_lt_1ms":3441,"num_ops":10130,"prepare.queue_time_us":37,"prepare.run_cpu_time_us":10188,"prepare.run_wall_time_us":24126,"raft.queue_time_us":153,"raft.run_cpu_time_us":146,"raft.run_wall_time_us":145,"replication_time_us":2114,"spinlock_wait_cycles":384}]]}
I0107 12:47:09.308648 24482 maintenance_manager.cc:527] P 914675d8717742d1ae5929637e95acb2: CompactRowSetsOp(16e58229a0c648eda40d4376454f2981) complete. Timing: real 46.582s user 10.102s sys 1.045s Metrics: {"bytes_written":141514879,"cfile_cache_hit":266,"cfile_cache_hit_bytes":35317237,"cfile_cache_miss":18690,"cfile_cache_miss_bytes":547770207,"cfile_init":22,"delta_iterators_relevant":12,"dirs.queue_time_us":957,"dirs.run_cpu_time_us":599,"dirs.run_wall_time_us":448296,"drs_written":5,"lbm_read_time_us":12607195,"lbm_reads_1-10_ms":316,"lbm_reads_10-100_ms":229,"lbm_reads_gt_100_ms":23,"lbm_reads_lt_1ms":18210,"lbm_write_time_us":1505837,"lbm_writes_1-10_ms":260,"lbm_writes_10-100_ms":9,"lbm_writes_lt_1ms":13989,"num_input_rowsets":5,"rows_written":8043760,"spinlock_wait_cycles":132457216,"thread_start_us":699,"threads_started":13}
I0107 12:47:09.308851 24588 maintenance_manager.cc:326] P 914675d8717742d1ae5929637e95acb2: Scheduling CompactRowSetsOp(16e58229a0c648eda40d4376454f2981): perf score=0.513538
I0107 12:47:10.858477 30074 rpcz_store.cc:269] Call kudu.tserver.TabletServerService.Write from 127.23.208.1:34177 (ReqId={client: 38ca74434bcb40b7a65933bd12dc4ffd, seq_no=1123370, attempt_no=0}) took 1497ms. Request Metrics: {"child_traces":[["txn",{"apply.queue_time_us":1496796,"cfile_cache_hit":7,"cfile_cache_hit_bytes":43970,"num_ops":5,"prepare.queue_time_us":7,"prepare.run_cpu_time_us":45,"prepare.run_wall_time_us":45,"raft.queue_time_us":150,"raft.run_cpu_time_us":35,"raft.run_wall_time_us":35,"replication_time_us":604}]]}
I0107 12:47:13.636420 30074 rpcz_store.cc:269] Call kudu.tserver.TabletServerService.Write from 127.23.208.1:34177 (ReqId={client: 38ca74434bcb40b7a65933bd12dc4ffd, seq_no=1123520, attempt_no=0}) took 1877ms. Request Metrics: {"child_traces":[["txn",{"apply.queue_time_us":1874780,"cfile_cache_hit":5,"cfile_cache_hit_bytes":32399,"num_ops":4,"prepare.queue_time_us":34,"prepare.run_cpu_time_us":87,"prepare.run_wall_time_us":87,"raft.queue_time_us":49,"raft.run_cpu_time_us":75,"raft.run_wall_time_us":576,"replication_time_us":2114,"spinlock_wait_cycles":4480,"thread_start_us":75,"threads_started":3}]]}
I0107 12:47:13.638357 30074 rpcz_store.cc:269] Call kudu.tserver.TabletServerService.Write from 127.23.208.1:34177 (ReqId={client: 38ca74434bcb40b7a65933bd12dc4ffd, seq_no=1123525, attempt_no=0}) took 1778ms. Request Metrics: {"child_traces":[["txn",{"apply.queue_time_us":1775134,"cfile_cache_hit":379,"cfile_cache_hit_bytes":1559533,"num_ops":430,"prepare.queue_time_us":33,"prepare.run_cpu_time_us":464,"prepare.run_wall_time_us":464,"raft.queue_time_us":42,"raft.run_cpu_time_us":48,"raft.run_wall_time_us":47,"replication_time_us":660,"spinlock_wait_cycles":14720}]]} ------------------------------------------------------------ Histogram for latency of insert operations (microseconds)
I0107 12:47:16.377112 24384 linked_list-test-util.h:519] Written 19000000 rows in chain Note: each insert is a batch of 50 rows. ------------------------------------------------------------ Count: 380000 Mean: 2133.41 Percentiles: 0% (min) = 778 25% = 1444 50% (med) = 1633 75% = 1894 95% = 2676 99% = 9248 99.9% = 54848 99.99% = 316672 100% (max) = 3087444 *NOTE: some values were greater than highest trackable value
I0107 12:47:30.540906 24607 maintenance_manager.cc:527] P c0dcf07e91a6459fb83f90f61d363e44: CompactRowSetsOp(16e58229a0c648eda40d4376454f2981) complete. Timing: real 50.383s user 10.563s sys 1.078s Metrics: {"bytes_written":145663350,"cfile_cache_hit":285,"cfile_cache_hit_bytes":38206738,"cfile_cache_miss":19231,"cfile_cache_miss_bytes":562014212,"cfile_init":22,"delta_iterators_relevant":12,"dirs.queue_time_us":25549,"dirs.run_cpu_time_us":533,"dirs.run_wall_time_us":247479,"drs_written":5,"lbm_read_time_us":12607904,"lbm_reads_1-10_ms":325,"lbm_reads_10-100_ms":267,"lbm_reads_gt_100_ms":15,"lbm_reads_lt_1ms":18712,"lbm_write_time_us":1451116,"lbm_writes_1-10_ms":259,"lbm_writes_10-100_ms":10,"lbm_writes_lt_1ms":14410,"num_input_rowsets":5,"rows_written":8281253,"spinlock_wait_cycles":422451200,"thread_start_us":182,"threads_started":5}
I0107 12:47:30.541087 24713 maintenance_manager.cc:326] P c0dcf07e91a6459fb83f90f61d363e44: Scheduling LogGCOp(16e58229a0c648eda40d4376454f2981): free 75332692 bytes of WAL
I0107 12:47:30.541296 24607 log_reader.cc:379] T 16e58229a0c648eda40d4376454f2981: removed 9 log segments from log reader
I0107 12:47:30.541308 24607 log.cc:1062] T 16e58229a0c648eda40d4376454f2981 P c0dcf07e91a6459fb83f90f61d363e44: Deleting log segment in path: /data/somelongdirectorytoavoidrpathissues/src/kudutest/linked_list-test.LinkedListTest.TestLoadAndVerify.1578429164263051-24384/linked-list-cluster/ts-1/wal/wals/16e58229a0c648eda40d4376454f2981/wal-000000053 (ops 307856-313709)
I0107 12:47:30.541342 24607 log.cc:1062] T 16e58229a0c648eda40d4376454f2981 P c0dcf07e91a6459fb83f90f61d363e44: Deleting log segment in path: /data/somelongdirectorytoavoidrpathissues/src/kudutest/linked_list-test.LinkedListTest.TestLoadAndVerify.1578429164263051-24384/linked-list-cluster/ts-1/wal/wals/16e58229a0c648eda40d4376454f2981/wal-000000054 (ops 313710-319609)
I0107 12:47:30.541366 24607 log.cc:1062] T 16e58229a0c648eda40d4376454f2981 P c0dcf07e91a6459fb83f90f61d363e44: Deleting log segment in path: /data/somelongdirectorytoavoidrpathissues/src/kudutest/linked_list-test.LinkedListTest.TestLoadAndVerify.1578429164263051-24384/linked-list-cluster/ts-1/wal/wals/16e58229a0c648eda40d4376454f2981/wal-000000055 (ops 319610-325496)
I0107 12:47:30.541388 24607 log.cc:1062] T 16e58229a0c648eda40d4376454f2981 P c0dcf07e91a6459fb83f90f61d363e44: Deleting log segment in path: /data/somelongdirectorytoavoidrpathissues/src/kudutest/linked_list-test.LinkedListTest.TestLoadAndVerify.1578429164263051-24384/linked-list-cluster/ts-1/wal/wals/16e58229a0c648eda40d4376454f2981/wal-000000056 (ops 325497-331430)
I0107 12:47:30.541411 24607 log.cc:1062] T 16e58229a0c648eda40d4376454f2981 P c0dcf07e91a6459fb83f90f61d363e44: Deleting log segment in path: /data/somelongdirectorytoavoidrpathissues/src/kudutest/linked_list-test.LinkedListTest.TestLoadAndVerify.1578429164263051-24384/linked-list-cluster/ts-1/wal/wals/16e58229a0c648eda40d4376454f2981/wal-000000057 (ops 331431-337356)
I0107 12:47:30.541431 24607 log.cc:1062] T 16e58229a0c648eda40d4376454f2981 P c0dcf07e91a6459fb83f90f61d363e44: Deleting log segment in path: /data/somelongdirectorytoavoidrpathissues/src/kudutest/linked_list-test.LinkedListTest.TestLoadAndVerify.1578429164263051-24384/linked-list-cluster/ts-1/wal/wals/16e58229a0c648eda40d4376454f2981/wal-000000058 (ops 337357-343190)
I0107 12:47:30.541452 24607 log.cc:1062] T 16e58229a0c648eda40d4376454f2981 P c0dcf07e91a6459fb83f90f61d363e44: Deleting log segment in path: /data/somelongdirectorytoavoidrpathissues/src/kudutest/linked_list-test.LinkedListTest.TestLoadAndVerify.1578429164263051-24384/linked-list-cluster/ts-1/wal/wals/16e58229a0c648eda40d4376454f2981/wal-000000059 (ops 343191-349106)
I0107 12:47:30.541473 24607 log.cc:1062] T 16e58229a0c648eda40d4376454f2981 P c0dcf07e91a6459fb83f90f61d363e44: Deleting log segment in path: /data/somelongdirectorytoavoidrpathissues/src/kudutest/linked_list-test.LinkedListTest.TestLoadAndVerify.1578429164263051-24384/linked-list-cluster/ts-1/wal/wals/16e58229a0c648eda40d4376454f2981/wal-000000060 (ops 349107-354961)
I0107 12:47:30.541534 24607 log.cc:1062] T 16e58229a0c648eda40d4376454f2981 P c0dcf07e91a6459fb83f90f61d363e44: Deleting log segment in path: /data/somelongdirectorytoavoidrpathissues/src/kudutest/linked_list-test.LinkedListTest.TestLoadAndVerify.1578429164263051-24384/linked-list-cluster/ts-1/wal/wals/16e58229a0c648eda40d4376454f2981/wal-000000061 (ops 354962-360854)
I0107 12:47:30.608183 24607 maintenance_manager.cc:527] P c0dcf07e91a6459fb83f90f61d363e44: LogGCOp(16e58229a0c648eda40d4376454f2981) complete. Timing: real 0.067s user 0.000s sys 0.023s Metrics: {}
I0107 12:47:30.608340 24713 maintenance_manager.cc:326] P c0dcf07e91a6459fb83f90f61d363e44: Scheduling CompactRowSetsOp(16e58229a0c648eda40d4376454f2981): perf score=0.446014
I0107 12:47:33.837117 30233 rpcz_store.cc:269] Call kudu.tserver.TabletServerService.Write from 127.23.208.2:33061 (ReqId={client: 38ca74434bcb40b7a65933bd12dc4ffd, seq_no=1144579, attempt_no=0}) took 2695ms. Request Metrics: {"child_traces":[["txn",{"apply.queue_time_us":2692385,"cfile_cache_hit":7,"cfile_cache_hit_bytes":44921,"num_ops":5,"prepare.queue_time_us":14,"prepare.run_cpu_time_us":50,"prepare.run_wall_time_us":51,"raft.queue_time_us":26,"raft.run_cpu_time_us":16,"raft.run_wall_time_us":16,"replication_time_us":3221,"thread_start_us":36,"threads_started":1,"wal-append.queue_time_us":61}]]}
I0107 12:47:33.878057 30182 rpcz_store.cc:269] Call kudu.tserver.TabletServerService.Write from 127.23.208.2:33061 (ReqId={client: 38ca74434bcb40b7a65933bd12dc4ffd, seq_no=1144583, attempt_no=0}) took 1841ms. Request Metrics: {"child_traces":[["txn",{"apply.queue_time_us":1838008,"cfile_cache_hit":356,"cfile_cache_hit_bytes":1477915,"num_ops":406,"prepare.queue_time_us":53,"prepare.run_cpu_time_us":570,"prepare.run_wall_time_us":570,"raft.queue_time_us":74,"raft.run_cpu_time_us":35,"raft.run_wall_time_us":34,"replication_time_us":724,"spinlock_wait_cycles":1280,"thread_start_us":49,"threads_started":2}]]} ------------------------------------------------------------ Histogram for latency of insert operations (microseconds) Note: each insert is a batch of 50 rows. ------------------------------------------------------------ Count: 390000 Mean: 2142.9 Percentiles: 0% (min) = 778 25% = 1446 50% (med) = 1636 75% = 1898 95% = 2692 99% = 9280 99.9% = 54848 99.99% = 335872 100% (max) = 3087444 *NOTE: some values were greater than highest trackable value
I0107 12:47:42.733299 24384 linked_list-test-util.h:519] Written 19500000 rows in chain
I0107 12:47:44.979089 24384 linked_list-test-util.h:528] Sample at HT timestamp: 6465249546147262464 Inserted count: 19547200
I0107 12:47:44.979239 24384 linked_list-test-util.h:532] Finished inserting list. Added 19547200 in chain
I0107 12:47:44.979282 24384 linked_list-test-util.h:533] Last entries inserted had keys:
I0107 12:47:44.979317 24384 linked_list-test-util.h:535] 0: -3791051758930886656
I0107 12:47:44.979357 24384 linked_list-test-util.h:535] 1: 4079224589352435713
I0107 12:47:44.979391 24384 linked_list-test-util.h:535] 2: -6496961661097082878
I0107 12:47:44.979434 24384 linked_list-test-util.h:535] 3: 1373736899651239939
I0107 12:47:44.979480 24384 linked_list-test-util.h:535] 4: 5453102226492096516
I0107 12:47:44.979538 24384 linked_list-test-util.h:535] 5: -5123365498934132731
I0107 12:47:44.979575 24384 linked_list-test-util.h:535] 6: 2747333061814190086
I0107 12:47:44.979609 24384 linked_list-test-util.h:535] 7: -7828853188635328505
I0107 12:47:44.979645 24384 linked_list-test-util.h:535] 8: -3749769336771182584
I0107 12:47:44.979684 24384 linked_list-test-util.h:535] 9: 4120929223977140233
I0107 12:47:44.979730 24384 linked_list-test-util.h:535] 10: -6455257026472378358
I0107 12:47:44.979770 24384 linked_list-test-util.h:535] 11: 1415300796787654667
I0107 12:47:44.979807 24384 linked_list-test-util.h:535] 12: 5494525386140090380
I0107 12:47:44.979846 24384 linked_list-test-util.h:535] 13: -5081660864309428211
I0107 12:47:44.979882 24384 linked_list-test-util.h:535] 14: 2788896958950604814
I0107 12:47:44.979919 24384 linked_list-test-util.h:535] 15: -7787148554010623985
I0107 12:47:44.979960 24384 linked_list-test-util.h:535] 16: -3708064702146478064
I0107 12:47:44.979997 24384 linked_list-test-util.h:535] 17: 4162493121113554961
I0107 12:47:44.980033 24384 linked_list-test-util.h:535] 18: -6413552391847673838
I0107 12:47:44.980068 24384 linked_list-test-util.h:535] 19: 1456723956435648531
I0107 12:47:44.980104 24384 linked_list-test-util.h:535] 20: 5536089283276505108
I0107 12:47:44.980139 24384 linked_list-test-util.h:535] 21: -5039956229684723691
I0107 12:47:44.980175 24384 linked_list-test-util.h:535] 22: 2830601593575309334
I0107 12:47:44.980212 24384 linked_list-test-util.h:535] 23: -7745866131850919913
I0107 12:47:44.980247 24384 linked_list-test-util.h:535] 24: -3666360067521773544
I0107 12:47:44.980280 24384 linked_list-test-util.h:535] 25: 4204197755738259481
I0107 12:47:44.980315 24384 linked_list-test-util.h:535] 26: -6371988494711259110
I0107 12:47:44.980347 24384 linked_list-test-util.h:535] 27: -2292763905358823397
I0107 12:47:44.980381 24384 linked_list-test-util.h:535] 28: 5577793917901209628
I0107 12:47:44.980417 24384 linked_list-test-util.h:535] 29: -4998392332548308963
I0107 12:47:44.980458 24384 linked_list-test-util.h:535] 30: 2872306228200013854
I0107 12:47:44.980510 24384 linked_list-test-util.h:535] 31: 6951390080064159775
I0107 12:47:44.980548 24384 linked_list-test-util.h:535] 32: -3624796170385358816
I0107 12:47:44.980582 24384 linked_list-test-util.h:535] 33: 4245902390362964001
I0107 12:47:44.980615 24384 linked_list-test-util.h:535] 34: -6330283860086554590
I0107 12:47:44.980651 24384 linked_list-test-util.h:535] 35: -2251200008222408669
I0107 12:47:44.980684 24384 linked_list-test-util.h:535] 36: 5619498552525914148
I0107 12:47:44.980717 24384 linked_list-test-util.h:535] 37: -4956687697923604443
I0107 12:47:44.980751 24384 linked_list-test-util.h:535] 38: 2913588650359717926
I0107 12:47:44.980782 24384 linked_list-test-util.h:535] 39: 6993094714688864295
I0107 12:47:44.980818 24384 linked_list-test-util.h:535] 40: -3583091535760654296
I0107 12:47:44.980852 24384 linked_list-test-util.h:535] 41: 4287466287499378729
I0107 12:47:44.980885 24384 linked_list-test-util.h:535] 42: -6288860700438560726
I0107 12:47:44.980922 24384 linked_list-test-util.h:535] 43: -2209495373597704149
I0107 12:47:44.980960 24384 linked_list-test-util.h:535] 44: 5661062449662328876
I0107 12:47:44.980995 24384 linked_list-test-util.h:535] 45: -4914983063298899923
I0107 12:47:44.981029 24384 linked_list-test-util.h:535] 46: 2955293284984422446
I0107 12:47:44.981062 24384 linked_list-test-util.h:535] 47: 7034658611825279023
I0107 12:47:44.981094 24384 linked_list-test-util.h:535] 48: -3541386901135949776
I0107 12:47:44.981127 24384 linked_list-test-util.h:535] 49: 4329170922124083249
I0107 12:47:45.225585 24384 linked_list-test-util.h:620] Verifying Snapshot: P: 1578429464976514 usec, L: 1 Expected Rows: 7530250
I0107 12:47:45.511669 24384 linked_list-test-util.h:639] Calling callback on tserver 76f8bc397d684ec2b99494eb2fee53c4
I0107 12:47:46.889780 24731 maintenance_manager.cc:527] P 76f8bc397d684ec2b99494eb2fee53c4: CompactRowSetsOp(16e58229a0c648eda40d4376454f2981) complete. Timing: real 48.081s user 9.542s sys 0.996s Metrics: {"bytes_written":135380590,"cfile_cache_hit":193,"cfile_cache_hit_bytes":24959481,"cfile_cache_miss":17937,"cfile_cache_miss_bytes":536977123,"cfile_init":16,"delta_iterators_relevant":8,"dirs.queue_time_us":4021,"dirs.run_cpu_time_us":551,"dirs.run_wall_time_us":320706,"drs_written":4,"lbm_read_time_us":16276795,"lbm_reads_1-10_ms":276,"lbm_reads_10-100_ms":301,"lbm_reads_gt_100_ms":27,"lbm_reads_lt_1ms":17397,"lbm_write_time_us":2776071,"lbm_writes_1-10_ms":257,"lbm_writes_10-100_ms":35,"lbm_writes_gt_100_ms":2,"lbm_writes_lt_1ms":13333,"num_input_rowsets":4,"rows_written":7695443,"spinlock_wait_cycles":146440448,"thread_start_us":194,"threads_started":5,"wal-append.queue_time_us":70}
I0107 12:47:46.889920 24837 maintenance_manager.cc:326] P 76f8bc397d684ec2b99494eb2fee53c4: Scheduling UndoDeltaBlockGCOp(16e58229a0c648eda40d4376454f2981): 165609443 bytes on disk
I0107 12:47:46.890038 24731 maintenance_manager.cc:527] P 76f8bc397d684ec2b99494eb2fee53c4: UndoDeltaBlockGCOp(16e58229a0c648eda40d4376454f2981) complete. Timing: real 0.000s user 0.000s sys 0.000s Metrics: {"cfile_init":4,"lbm_read_time_us":20,"lbm_reads_lt_1ms":16}
I0107 12:47:46.890110 24837 maintenance_manager.cc:326] P 76f8bc397d684ec2b99494eb2fee53c4: Scheduling FlushMRSOp(77e67457a0334f92a22f52fe739203dd): perf score=0.040566
I0107 12:47:47.981317 24731 maintenance_manager.cc:527] P 76f8bc397d684ec2b99494eb2fee53c4: FlushMRSOp(77e67457a0334f92a22f52fe739203dd) complete. Timing: real 1.091s user 0.495s sys 0.020s Metrics: {"bytes_written":7661016,"cfile_init":1,"dirs.queue_time_us":73,"dirs.run_cpu_time_us":57,"dirs.run_wall_time_us":57,"drs_written":1,"lbm_read_time_us":9,"lbm_reads_lt_1ms":4,"lbm_write_time_us":347231,"lbm_writes_1-10_ms":5,"lbm_writes_10-100_ms":10,"lbm_writes_lt_1ms":765,"rows_written":432259,"thread_start_us":64,"threads_started":2,"wal-append.queue_time_us":69}
I0107 12:47:47.981446 24837 maintenance_manager.cc:326] P 76f8bc397d684ec2b99494eb2fee53c4: Scheduling LogGCOp(77e67457a0334f92a22f52fe739203dd): free 33553966 bytes of WAL
I0107 12:47:47.981520 24731 log_reader.cc:379] T 77e67457a0334f92a22f52fe739203dd: removed 4 log segments from log reader
I0107 12:47:47.981530 24731 log.cc:1062] T 77e67457a0334f92a22f52fe739203dd P 76f8bc397d684ec2b99494eb2fee53c4: Deleting log segment in path: /data/somelongdirectorytoavoidrpathissues/src/kudutest/linked_list-test.LinkedListTest.TestLoadAndVerify.1578429164263051-24384/linked-list-cluster/ts-2/wal/wals/77e67457a0334f92a22f52fe739203dd/wal-000000027 (ops 323164-335646)
I0107 12:47:47.981557 24731 log.cc:1062] T 77e67457a0334f92a22f52fe739203dd P 76f8bc397d684ec2b99494eb2fee53c4: Deleting log segment in path: /data/somelongdirectorytoavoidrpathissues/src/kudutest/linked_list-test.LinkedListTest.TestLoadAndVerify.1578429164263051-24384/linked-list-cluster/ts-2/wal/wals/77e67457a0334f92a22f52fe739203dd/wal-000000028 (ops 335647-347980)
I0107 12:47:47.981658 24731 log.cc:1062] T 77e67457a0334f92a22f52fe739203dd P 76f8bc397d684ec2b99494eb2fee53c4: Deleting log segment in path: /data/somelongdirectorytoavoidrpathissues/src/kudutest/linked_list-test.LinkedListTest.TestLoadAndVerify.1578429164263051-24384/linked-list-cluster/ts-2/wal/wals/77e67457a0334f92a22f52fe739203dd/wal-000000029 (ops 347981-360440)
I0107 12:47:47.981722 24731 log.cc:1062] T 77e67457a0334f92a22f52fe739203dd P 76f8bc397d684ec2b99494eb2fee53c4: Deleting log segment in path: /data/somelongdirectorytoavoidrpathissues/src/kudutest/linked_list-test.LinkedListTest.TestLoadAndVerify.1578429164263051-24384/linked-list-cluster/ts-2/wal/wals/77e67457a0334f92a22f52fe739203dd/wal-000000030 (ops 360441-372768)
I0107 12:47:47.990912 24731 maintenance_manager.cc:527] P 76f8bc397d684ec2b99494eb2fee53c4: LogGCOp(77e67457a0334f92a22f52fe739203dd) complete. Timing: real 0.009s user 0.000s sys 0.009s Metrics: {}
I0107 12:47:47.991047 24837 maintenance_manager.cc:326] P 76f8bc397d684ec2b99494eb2fee53c4: Scheduling UndoDeltaBlockGCOp(77e67457a0334f92a22f52fe739203dd): 8609324 bytes on disk
I0107 12:47:47.991168 24731 maintenance_manager.cc:527] P 76f8bc397d684ec2b99494eb2fee53c4: UndoDeltaBlockGCOp(77e67457a0334f92a22f52fe739203dd) complete. Timing: real 0.000s user 0.000s sys 0.000s Metrics: {"cfile_init":1,"lbm_read_time_us":8,"lbm_reads_lt_1ms":4}
I0107 12:47:47.991250 24837 maintenance_manager.cc:326] P 76f8bc397d684ec2b99494eb2fee53c4: Scheduling CompactRowSetsOp(77e67457a0334f92a22f52fe739203dd): perf score=1.001635
I0107 12:47:53.123517 24482 maintenance_manager.cc:527] P 914675d8717742d1ae5929637e95acb2: CompactRowSetsOp(16e58229a0c648eda40d4376454f2981) complete. Timing: real 43.811s user 9.128s sys 0.889s Metrics: {"bytes_written":136035578,"cfile_cache_hit":168,"cfile_cache_hit_bytes":21234984,"cfile_cache_miss":18056,"cfile_cache_miss_bytes":543299948,"cfile_init":18,"delta_iterators_relevant":8,"dirs.queue_time_us":11704,"dirs.run_cpu_time_us":435,"dirs.run_wall_time_us":193165,"drs_written":4,"lbm_read_time_us":16219004,"lbm_reads_1-10_ms":284,"lbm_reads_10-100_ms":301,"lbm_reads_gt_100_ms":26,"lbm_reads_lt_1ms":17517,"lbm_write_time_us":2797141,"lbm_writes_1-10_ms":223,"lbm_writes_10-100_ms":44,"lbm_writes_gt_100_ms":2,"lbm_writes_lt_1ms":13427,"num_input_rowsets":4,"rows_written":7733404,"spinlock_wait_cycles":64884352,"thread_start_us":531,"threads_started":13,"wal-append.queue_time_us":52}
I0107 12:47:53.123678 24588 maintenance_manager.cc:326] P 914675d8717742d1ae5929637e95acb2: Scheduling UndoDeltaBlockGCOp(16e58229a0c648eda40d4376454f2981): 256499050 bytes on disk
I0107 12:47:53.509210 24482 maintenance_manager.cc:527] P 914675d8717742d1ae5929637e95acb2: UndoDeltaBlockGCOp(16e58229a0c648eda40d4376454f2981) complete. Timing: real 0.385s user 0.000s sys 0.000s Metrics: {"cfile_init":7,"lbm_read_time_us":385142,"lbm_reads_1-10_ms":1,"lbm_reads_10-100_ms":10,"lbm_reads_lt_1ms":17}
I0107 12:47:53.509326 24588 maintenance_manager.cc:326] P 914675d8717742d1ae5929637e95acb2: Scheduling FlushMRSOp(77e67457a0334f92a22f52fe739203dd): perf score=0.037844
I0107 12:47:54.004838 24482 maintenance_manager.cc:527] P 914675d8717742d1ae5929637e95acb2: FlushMRSOp(77e67457a0334f92a22f52fe739203dd) complete. Timing: real 0.495s user 0.434s sys 0.027s Metrics: {"bytes_written":6908504,"cfile_init":1,"dirs.queue_time_us":62,"dirs.run_cpu_time_us":107,"dirs.run_wall_time_us":73797,"drs_written":1,"lbm_read_time_us":5,"lbm_reads_lt_1ms":4,"lbm_write_time_us":14543,"lbm_writes_lt_1ms":703,"rows_written":389289,"thread_start_us":72,"threads_started":2,"wal-append.queue_time_us":57}
I0107 12:47:54.004953 24588 maintenance_manager.cc:326] P 914675d8717742d1ae5929637e95acb2: Scheduling LogGCOp(77e67457a0334f92a22f52fe739203dd): free 25174932 bytes of WAL
I0107 12:47:54.005021 24482 log_reader.cc:379] T 77e67457a0334f92a22f52fe739203dd: removed 3 log segments from log reader
I0107 12:47:54.005036 24482 log.cc:1062] T 77e67457a0334f92a22f52fe739203dd P 914675d8717742d1ae5929637e95acb2: Deleting log segment in path: /data/somelongdirectorytoavoidrpathissues/src/kudutest/linked_list-test.LinkedListTest.TestLoadAndVerify.1578429164263051-24384/linked-list-cluster/ts-0/wal/wals/77e67457a0334f92a22f52fe739203dd/wal-000000028 (ops 334945-347341)
I0107 12:47:54.005066 24482 log.cc:1062] T 77e67457a0334f92a22f52fe739203dd P 914675d8717742d1ae5929637e95acb2: Deleting log segment in path: /data/somelongdirectorytoavoidrpathissues/src/kudutest/linked_list-test.LinkedListTest.TestLoadAndVerify.1578429164263051-24384/linked-list-cluster/ts-0/wal/wals/77e67457a0334f92a22f52fe739203dd/wal-000000029 (ops 347342-359773)
I0107 12:47:54.005087 24482 log.cc:1062] T 77e67457a0334f92a22f52fe739203dd P 914675d8717742d1ae5929637e95acb2: Deleting log segment in path: /data/somelongdirectorytoavoidrpathissues/src/kudutest/linked_list-test.LinkedListTest.TestLoadAndVerify.1578429164263051-24384/linked-list-cluster/ts-0/wal/wals/77e67457a0334f92a22f52fe739203dd/wal-000000030 (ops 359774-372127)
I0107 12:47:54.011543 24482 maintenance_manager.cc:527] P 914675d8717742d1ae5929637e95acb2: LogGCOp(77e67457a0334f92a22f52fe739203dd) complete. Timing: real 0.007s user 0.001s sys 0.006s Metrics: {}
I0107 12:47:54.011663 24588 maintenance_manager.cc:326] P 914675d8717742d1ae5929637e95acb2: Scheduling UndoDeltaBlockGCOp(30019a15e66f4115b11a50dbcaf93a87): 62781870 bytes on disk
I0107 12:47:54.173941 24482 maintenance_manager.cc:527] P 914675d8717742d1ae5929637e95acb2: UndoDeltaBlockGCOp(30019a15e66f4115b11a50dbcaf93a87) complete. Timing: real 0.162s user 0.000s sys 0.000s Metrics: {"cfile_init":2,"lbm_read_time_us":162083,"lbm_reads_10-100_ms":4,"lbm_reads_lt_1ms":4}
I0107 12:47:54.174119 24588 maintenance_manager.cc:326] P 914675d8717742d1ae5929637e95acb2: Scheduling CompactRowSetsOp(77e67457a0334f92a22f52fe739203dd): perf score=1.002072
I0107 12:48:03.495343 24607 maintenance_manager.cc:527] P c0dcf07e91a6459fb83f90f61d363e44: CompactRowSetsOp(16e58229a0c648eda40d4376454f2981) complete. Timing: real 32.887s user 7.311s sys 0.656s Metrics: {"bytes_written":111641551,"cfile_cache_hit":150,"cfile_cache_hit_bytes":18756939,"cfile_cache_miss":14812,"cfile_cache_miss_bytes":443998757,"cfile_init":18,"delta_iterators_relevant":8,"dirs.queue_time_us":1355,"dirs.run_cpu_time_us":563,"dirs.run_wall_time_us":503981,"drs_written":4,"lbm_read_time_us":16283958,"lbm_reads_1-10_ms":192,"lbm_reads_10-100_ms":344,"lbm_reads_gt_100_ms":25,"lbm_reads_lt_1ms":14323,"lbm_write_time_us":1227102,"lbm_writes_1-10_ms":66,"lbm_writes_10-100_ms":11,"lbm_writes_gt_100_ms":2,"lbm_writes_lt_1ms":11175,"num_input_rowsets":4,"rows_written":6347934,"spinlock_wait_cycles":98386688,"thread_start_us":703,"threads_started":13,"wal-append.queue_time_us":59}
I0107 12:48:03.495579 24713 maintenance_manager.cc:326] P c0dcf07e91a6459fb83f90f61d363e44: Scheduling FlushMRSOp(77e67457a0334f92a22f52fe739203dd): perf score=0.035767
I0107 12:48:04.285226 24607 maintenance_manager.cc:527] P c0dcf07e91a6459fb83f90f61d363e44: FlushMRSOp(77e67457a0334f92a22f52fe739203dd) complete. Timing: real 0.790s user 0.362s sys 0.014s Metrics: {"bytes_written":6036011,"cfile_init":1,"dirs.queue_time_us":16,"dirs.run_cpu_time_us":83,"dirs.run_wall_time_us":69730,"drs_written":1,"lbm_read_time_us":7,"lbm_reads_lt_1ms":4,"lbm_write_time_us":363337,"lbm_writes_1-10_ms":2,"lbm_writes_10-100_ms":1,"lbm_writes_gt_100_ms":1,"lbm_writes_lt_1ms":613,"rows_written":339671,"thread_start_us":33,"threads_started":1,"wal-append.queue_time_us":73}
I0107 12:48:04.285326 24713 maintenance_manager.cc:326] P c0dcf07e91a6459fb83f90f61d363e44: Scheduling LogGCOp(77e67457a0334f92a22f52fe739203dd): free 25209813 bytes of WAL
I0107 12:48:04.285368 24607 log_reader.cc:379] T 77e67457a0334f92a22f52fe739203dd: removed 3 log segments from log reader
I0107 12:48:04.285382 24607 log.cc:1062] T 77e67457a0334f92a22f52fe739203dd P c0dcf07e91a6459fb83f90f61d363e44: Deleting log segment in path: /data/somelongdirectorytoavoidrpathissues/src/kudutest/linked_list-test.LinkedListTest.TestLoadAndVerify.1578429164263051-24384/linked-list-cluster/ts-1/wal/wals/77e67457a0334f92a22f52fe739203dd/wal-000000028 (ops 334984-347384)
I0107 12:48:04.285403 24607 log.cc:1062] T 77e67457a0334f92a22f52fe739203dd P c0dcf07e91a6459fb83f90f61d363e44: Deleting log segment in path: /data/somelongdirectorytoavoidrpathissues/src/kudutest/linked_list-test.LinkedListTest.TestLoadAndVerify.1578429164263051-24384/linked-list-cluster/ts-1/wal/wals/77e67457a0334f92a22f52fe739203dd/wal-000000029 (ops 347385-359823)
I0107 12:48:04.285413 24607 log.cc:1062] T 77e67457a0334f92a22f52fe739203dd P c0dcf07e91a6459fb83f90f61d363e44: Deleting log segment in path: /data/somelongdirectorytoavoidrpathissues/src/kudutest/linked_list-test.LinkedListTest.TestLoadAndVerify.1578429164263051-24384/linked-list-cluster/ts-1/wal/wals/77e67457a0334f92a22f52fe739203dd/wal-000000030 (ops 359824-372249)
I0107 12:48:04.291923 24607 maintenance_manager.cc:527] P c0dcf07e91a6459fb83f90f61d363e44: LogGCOp(77e67457a0334f92a22f52fe739203dd) complete. Timing: real 0.007s user 0.000s sys 0.007s Metrics: {}
I0107 12:48:04.292035 24713 maintenance_manager.cc:326] P c0dcf07e91a6459fb83f90f61d363e44: Scheduling UndoDeltaBlockGCOp(16e58229a0c648eda40d4376454f2981): 261816490 bytes on disk
I0107 12:48:04.958166 24607 maintenance_manager.cc:527] P c0dcf07e91a6459fb83f90f61d363e44: UndoDeltaBlockGCOp(16e58229a0c648eda40d4376454f2981) complete. Timing: real 0.666s user 0.001s sys 0.000s Metrics: {"cfile_init":7,"lbm_read_time_us":665737,"lbm_reads_1-10_ms":2,"lbm_reads_10-100_ms":11,"lbm_reads_gt_100_ms":2,"lbm_reads_lt_1ms":13}
I0107 12:48:04.958312 24713 maintenance_manager.cc:326] P c0dcf07e91a6459fb83f90f61d363e44: Scheduling CompactRowSetsOp(77e67457a0334f92a22f52fe739203dd): perf score=1.002573
I0107 12:48:09.604792 24482 maintenance_manager.cc:527] P 914675d8717742d1ae5929637e95acb2: CompactRowSetsOp(77e67457a0334f92a22f52fe739203dd) complete. Timing: real 15.431s user 3.636s sys 0.281s Metrics: {"bytes_written":57259996,"cfile_cache_hit":77,"cfile_cache_hit_bytes":8960826,"cfile_cache_miss":7601,"cfile_cache_miss_bytes":228621566,"cfile_init":12,"delta_iterators_relevant":6,"dirs.queue_time_us":501,"dirs.run_cpu_time_us":330,"dirs.run_wall_time_us":112447,"drs_written":2,"lbm_read_time_us":9908612,"lbm_reads_1-10_ms":80,"lbm_reads_10-100_ms":215,"lbm_reads_gt_100_ms":15,"lbm_reads_lt_1ms":7339,"lbm_write_time_us":172198,"lbm_writes_1-10_ms":3,"lbm_writes_10-100_ms":1,"lbm_writes_lt_1ms":5771,"num_input_rowsets":3,"rows_written":3257427,"thread_start_us":744,"threads_started":11,"wal-append.queue_time_us":67}
I0107 12:48:09.605015 24588 maintenance_manager.cc:326] P 914675d8717742d1ae5929637e95acb2: Scheduling FlushMRSOp(30019a15e66f4115b11a50dbcaf93a87): perf score=0.036904
I0107 12:48:09.998961 24482 maintenance_manager.cc:527] P 914675d8717742d1ae5929637e95acb2: FlushMRSOp(30019a15e66f4115b11a50dbcaf93a87) complete. Timing: real 0.394s user 0.308s sys 0.021s Metrics: {"bytes_written":5970004,"cfile_init":1,"dirs.queue_time_us":15,"dirs.run_cpu_time_us":122,"dirs.run_wall_time_us":80404,"drs_written":1,"lbm_read_time_us":7,"lbm_reads_lt_1ms":4,"lbm_write_time_us":34997,"lbm_writes_1-10_ms":4,"lbm_writes_10-100_ms":1,"lbm_writes_lt_1ms":606,"rows_written":335925,"spinlock_wait_cycles":4992,"thread_start_us":92,"threads_started":1,"wal-append.queue_time_us":134}
I0107 12:48:09.999087 24588 maintenance_manager.cc:326] P 914675d8717742d1ae5929637e95acb2: Scheduling LogGCOp(30019a15e66f4115b11a50dbcaf93a87): free 25186083 bytes of WAL
I0107 12:48:09.999131 24482 log_reader.cc:379] T 30019a15e66f4115b11a50dbcaf93a87: removed 3 log segments from log reader
I0107 12:48:09.999141 24482 log.cc:1062] T 30019a15e66f4115b11a50dbcaf93a87 P 914675d8717742d1ae5929637e95acb2: Deleting log segment in path: /data/somelongdirectorytoavoidrpathissues/src/kudutest/linked_list-test.LinkedListTest.TestLoadAndVerify.1578429164263051-24384/linked-list-cluster/ts-0/wal/wals/30019a15e66f4115b11a50dbcaf93a87/wal-000000028 (ops 335834-348277)
I0107 12:48:09.999187 24482 log.cc:1062] T 30019a15e66f4115b11a50dbcaf93a87 P 914675d8717742d1ae5929637e95acb2: Deleting log segment in path: /data/somelongdirectorytoavoidrpathissues/src/kudutest/linked_list-test.LinkedListTest.TestLoadAndVerify.1578429164263051-24384/linked-list-cluster/ts-0/wal/wals/30019a15e66f4115b11a50dbcaf93a87/wal-000000029 (ops 348278-360708)
I0107 12:48:09.999228 24482 log.cc:1062] T 30019a15e66f4115b11a50dbcaf93a87 P 914675d8717742d1ae5929637e95acb2: Deleting log segment in path: /data/somelongdirectorytoavoidrpathissues/src/kudutest/linked_list-test.LinkedListTest.TestLoadAndVerify.1578429164263051-24384/linked-list-cluster/ts-0/wal/wals/30019a15e66f4115b11a50dbcaf93a87/wal-000000030 (ops 360709-373165)
I0107 12:48:10.008343 24482 maintenance_manager.cc:527] P 914675d8717742d1ae5929637e95acb2: LogGCOp(30019a15e66f4115b11a50dbcaf93a87) complete. Timing: real 0.009s user 0.000s sys 0.008s Metrics: {}
I0107 12:48:10.008512 24588 maintenance_manager.cc:326] P 914675d8717742d1ae5929637e95acb2: Scheduling UndoDeltaBlockGCOp(77e67457a0334f92a22f52fe739203dd): 70340981 bytes on disk
I0107 12:48:10.216889 24482 maintenance_manager.cc:527] P 914675d8717742d1ae5929637e95acb2: UndoDeltaBlockGCOp(77e67457a0334f92a22f52fe739203dd) complete. Timing: real 0.208s user 0.000s sys 0.000s Metrics: {"cfile_init":2,"lbm_read_time_us":208176,"lbm_reads_1-10_ms":1,"lbm_reads_10-100_ms":2,"lbm_reads_gt_100_ms":1,"lbm_reads_lt_1ms":4}
I0107 12:48:10.217020 24588 maintenance_manager.cc:326] P 914675d8717742d1ae5929637e95acb2: Scheduling UndoDeltaBlockGCOp(30019a15e66f4115b11a50dbcaf93a87): 6660645 bytes on disk
I0107 12:48:10.217124 24482 maintenance_manager.cc:527] P 914675d8717742d1ae5929637e95acb2: UndoDeltaBlockGCOp(30019a15e66f4115b11a50dbcaf93a87) complete. Timing: real 0.000s user 0.000s sys 0.000s Metrics: {"cfile_init":1,"lbm_read_time_us":12,"lbm_reads_lt_1ms":4}
I0107 12:48:10.217175 24588 maintenance_manager.cc:326] P 914675d8717742d1ae5929637e95acb2: Scheduling CompactRowSetsOp(30019a15e66f4115b11a50dbcaf93a87): perf score=1.002611
