I0107 12:39:39.515566 24607 maintenance_manager.cc:527] P c0dcf07e91a6459fb83f90f61d363e44: FlushMRSOp(16e58229a0c648eda40d4376454f2981) complete. Timing: real 14.880s user 3.360s sys 0.299s Metrics: {"bytes_written":36838708,"cfile_init":2,"delete_count":0,"dirs.queue_time_us":18844,"dirs.run_cpu_time_us":255,"dirs.run_wall_time_us":117213,"drs_written":2,"lbm_read_time_us":13,"lbm_reads_lt_1ms":8,"lbm_write_time_us":525541,"lbm_writes_1-10_ms":104,"lbm_writes_10-100_ms":3,"lbm_writes_lt_1ms":3588,"reinsert_count":0,"rows_written":2071704,"thread_start_us":63,"threads_started":2,"update_count":16808}
I0107 12:39:39.515765 24713 maintenance_manager.cc:326] P c0dcf07e91a6459fb83f90f61d363e44: Scheduling LogGCOp(16e58229a0c648eda40d4376454f2981): free 92361335 bytes of WAL
I0107 12:39:39.515942 24607 log_reader.cc:379] T 16e58229a0c648eda40d4376454f2981: removed 11 log segments from log reader
I0107 12:39:39.515995 24607 log.cc:1062] T 16e58229a0c648eda40d4376454f2981 P c0dcf07e91a6459fb83f90f61d363e44: Deleting log segment in path: /data/somelongdirectorytoavoidrpathissues/src/kudutest/linked_list-test.LinkedListTest.TestLoadAndVerify.1578429164263051-24384/linked-list-cluster/ts-1/wal/wals/16e58229a0c648eda40d4376454f2981/wal-000000023 (ops 130319-136294)
I0107 12:39:39.516081 24607 log.cc:1062] T 16e58229a0c648eda40d4376454f2981 P c0dcf07e91a6459fb83f90f61d363e44: Deleting log segment in path: /data/somelongdirectorytoavoidrpathissues/src/kudutest/linked_list-test.LinkedListTest.TestLoadAndVerify.1578429164263051-24384/linked-list-cluster/ts-1/wal/wals/16e58229a0c648eda40d4376454f2981/wal-000000024 (ops 136295-142149)
I0107 12:39:39.516150 24607 log.cc:1062] T 16e58229a0c648eda40d4376454f2981 P c0dcf07e91a6459fb83f90f61d363e44: Deleting log segment in path: /data/somelongdirectorytoavoidrpathissues/src/kudutest/linked_list-test.LinkedListTest.TestLoadAndVerify.1578429164263051-24384/linked-list-cluster/ts-1/wal/wals/16e58229a0c648eda40d4376454f2981/wal-000000025 (ops 142150-148127)
I0107 12:39:39.516270 24607 log.cc:1062] T 16e58229a0c648eda40d4376454f2981 P c0dcf07e91a6459fb83f90f61d363e44: Deleting log segment in path: /data/somelongdirectorytoavoidrpathissues/src/kudutest/linked_list-test.LinkedListTest.TestLoadAndVerify.1578429164263051-24384/linked-list-cluster/ts-1/wal/wals/16e58229a0c648eda40d4376454f2981/wal-000000026 (ops 148128-154016)
I0107 12:39:39.516340 24607 log.cc:1062] T 16e58229a0c648eda40d4376454f2981 P c0dcf07e91a6459fb83f90f61d363e44: Deleting log segment in path: /data/somelongdirectorytoavoidrpathissues/src/kudutest/linked_list-test.LinkedListTest.TestLoadAndVerify.1578429164263051-24384/linked-list-cluster/ts-1/wal/wals/16e58229a0c648eda40d4376454f2981/wal-000000027 (ops 154017-159905)
I0107 12:39:39.516404 24607 log.cc:1062] T 16e58229a0c648eda40d4376454f2981 P c0dcf07e91a6459fb83f90f61d363e44: Deleting log segment in path: /data/somelongdirectorytoavoidrpathissues/src/kudutest/linked_list-test.LinkedListTest.TestLoadAndVerify.1578429164263051-24384/linked-list-cluster/ts-1/wal/wals/16e58229a0c648eda40d4376454f2981/wal-000000028 (ops 159906-165810)
I0107 12:39:39.516908 24607 log.cc:1062] T 16e58229a0c648eda40d4376454f2981 P c0dcf07e91a6459fb83f90f61d363e44: Deleting log segment in path: /data/somelongdirectorytoavoidrpathissues/src/kudutest/linked_list-test.LinkedListTest.TestLoadAndVerify.1578429164263051-24384/linked-list-cluster/ts-1/wal/wals/16e58229a0c648eda40d4376454f2981/wal-000000029 (ops 165811-171724)
I0107 12:39:39.517004 24607 log.cc:1062] T 16e58229a0c648eda40d4376454f2981 P c0dcf07e91a6459fb83f90f61d363e44: Deleting log segment in path: /data/somelongdirectorytoavoidrpathissues/src/kudutest/linked_list-test.LinkedListTest.TestLoadAndVerify.1578429164263051-24384/linked-list-cluster/ts-1/wal/wals/16e58229a0c648eda40d4376454f2981/wal-000000030 (ops 171725-177626)
I0107 12:39:39.517755 24607 log.cc:1062] T 16e58229a0c648eda40d4376454f2981 P c0dcf07e91a6459fb83f90f61d363e44: Deleting log segment in path: /data/somelongdirectorytoavoidrpathissues/src/kudutest/linked_list-test.LinkedListTest.TestLoadAndVerify.1578429164263051-24384/linked-list-cluster/ts-1/wal/wals/16e58229a0c648eda40d4376454f2981/wal-000000031 (ops 177627-183524)
I0107 12:39:39.517982 24607 log.cc:1062] T 16e58229a0c648eda40d4376454f2981 P c0dcf07e91a6459fb83f90f61d363e44: Deleting log segment in path: /data/somelongdirectorytoavoidrpathissues/src/kudutest/linked_list-test.LinkedListTest.TestLoadAndVerify.1578429164263051-24384/linked-list-cluster/ts-1/wal/wals/16e58229a0c648eda40d4376454f2981/wal-000000032 (ops 183525-189396)
I0107 12:39:39.518137 24607 log.cc:1062] T 16e58229a0c648eda40d4376454f2981 P c0dcf07e91a6459fb83f90f61d363e44: Deleting log segment in path: /data/somelongdirectorytoavoidrpathissues/src/kudutest/linked_list-test.LinkedListTest.TestLoadAndVerify.1578429164263051-24384/linked-list-cluster/ts-1/wal/wals/16e58229a0c648eda40d4376454f2981/wal-000000033 (ops 189397-195409)
I0107 12:39:39.641569 24607 maintenance_manager.cc:527] P c0dcf07e91a6459fb83f90f61d363e44: LogGCOp(16e58229a0c648eda40d4376454f2981) complete. Timing: real 0.126s user 0.000s sys 0.027s Metrics: {}
I0107 12:39:39.641710 24713 maintenance_manager.cc:326] P c0dcf07e91a6459fb83f90f61d363e44: Scheduling UndoDeltaBlockGCOp(16e58229a0c648eda40d4376454f2981): 41309318 bytes on disk
I0107 12:39:39.643093 24607 maintenance_manager.cc:527] P c0dcf07e91a6459fb83f90f61d363e44: UndoDeltaBlockGCOp(16e58229a0c648eda40d4376454f2981) complete. Timing: real 0.000s user 0.000s sys 0.000s Metrics: {"cfile_init":2,"lbm_read_time_us":18,"lbm_reads_lt_1ms":8}
I0107 12:39:39.643182 24713 maintenance_manager.cc:326] P c0dcf07e91a6459fb83f90f61d363e44: Scheduling CompactRowSetsOp(16e58229a0c648eda40d4376454f2981): perf score=1.007063 ------------------------------------------------------------ Histogram for latency of insert operations (microseconds) Note: each insert is a batch of 50 rows. ------------------------------------------------------------ Count: 210000 Mean: 1877.67 Percentiles: 0% (min) = 778 25% = 1401 50% (med) = 1572 75% = 1803 95% = 2446 99% = 7644 99.9% = 42528 99.99% = 127616 100% (max) = 1068091 *NOTE: some values were greater than highest trackable value
I0107 12:39:55.402806 24384 linked_list-test-util.h:519] Written 10500000 rows in chain
I0107 12:40:13.131745 24482 maintenance_manager.cc:527] P 914675d8717742d1ae5929637e95acb2: CompactRowSetsOp(16e58229a0c648eda40d4376454f2981) complete. Timing: real 38.809s user 8.700s sys 0.906s Metrics: {"bytes_written":115355765,"cfile_cache_hit":327,"cfile_cache_hit_bytes":45648695,"cfile_cache_miss":15039,"cfile_cache_miss_bytes":416355125,"cfile_init":23,"delta_iterators_relevant":14,"dirs.queue_time_us":7175,"dirs.run_cpu_time_us":553,"dirs.run_wall_time_us":238988,"drs_written":4,"lbm_read_time_us":5385808,"lbm_reads_1-10_ms":256,"lbm_reads_10-100_ms":84,"lbm_reads_gt_100_ms":11,"lbm_reads_lt_1ms":14780,"lbm_write_time_us":1462806,"lbm_writes_1-10_ms":275,"lbm_writes_10-100_ms":11,"lbm_writes_lt_1ms":11258,"num_input_rowsets":5,"rows_written":6513254,"spinlock_wait_cycles":193665920,"thread_start_us":125,"threads_started":4}
I0107 12:40:13.131925 24588 maintenance_manager.cc:326] P 914675d8717742d1ae5929637e95acb2: Scheduling UndoDeltaBlockGCOp(16e58229a0c648eda40d4376454f2981): 135595937 bytes on disk
I0107 12:40:13.385730 24482 maintenance_manager.cc:527] P 914675d8717742d1ae5929637e95acb2: UndoDeltaBlockGCOp(16e58229a0c648eda40d4376454f2981) complete. Timing: real 0.253s user 0.000s sys 0.000s Metrics: {"cfile_init":4,"lbm_read_time_us":252782,"lbm_reads_1-10_ms":3,"lbm_reads_10-100_ms":3,"lbm_reads_gt_100_ms":1,"lbm_reads_lt_1ms":9}
I0107 12:40:15.847841 24731 maintenance_manager.cc:527] P 76f8bc397d684ec2b99494eb2fee53c4: CompactRowSetsOp(16e58229a0c648eda40d4376454f2981) complete. Timing: real 37.036s user 8.684s sys 0.870s Metrics: {"bytes_written":115800813,"cfile_cache_hit":343,"cfile_cache_hit_bytes":48069340,"cfile_cache_miss":15083,"cfile_cache_miss_bytes":415752496,"cfile_init":23,"delta_iterators_relevant":14,"dirs.queue_time_us":23558,"dirs.run_cpu_time_us":470,"dirs.run_wall_time_us":214185,"drs_written":4,"lbm_read_time_us":5745561,"lbm_reads_1-10_ms":199,"lbm_reads_10-100_ms":102,"lbm_reads_gt_100_ms":12,"lbm_reads_lt_1ms":14862,"lbm_write_time_us":1222498,"lbm_writes_1-10_ms":252,"lbm_writes_10-100_ms":10,"lbm_writes_lt_1ms":11327,"num_input_rowsets":5,"rows_written":6538673,"spinlock_wait_cycles":213508736,"thread_start_us":345,"threads_started":12}
I0107 12:40:15.848026 24837 maintenance_manager.cc:326] P 76f8bc397d684ec2b99494eb2fee53c4: Scheduling UndoDeltaBlockGCOp(16e58229a0c648eda40d4376454f2981): 136167836 bytes on disk
I0107 12:40:15.848186 24731 maintenance_manager.cc:527] P 76f8bc397d684ec2b99494eb2fee53c4: UndoDeltaBlockGCOp(16e58229a0c648eda40d4376454f2981) complete. Timing: real 0.000s user 0.000s sys 0.000s Metrics: {"cfile_init":4,"lbm_read_time_us":28,"lbm_reads_lt_1ms":16}
I0107 12:40:16.264226 24607 maintenance_manager.cc:527] P c0dcf07e91a6459fb83f90f61d363e44: CompactRowSetsOp(16e58229a0c648eda40d4376454f2981) complete. Timing: real 36.619s user 8.514s sys 0.912s Metrics: {"bytes_written":115960988,"cfile_cache_hit":347,"cfile_cache_hit_bytes":48537906,"cfile_cache_miss":15099,"cfile_cache_miss_bytes":415967760,"cfile_init":21,"delta_iterators_relevant":14,"dirs.queue_time_us":17531,"dirs.run_cpu_time_us":497,"dirs.run_wall_time_us":289590,"drs_written":4,"lbm_read_time_us":5942762,"lbm_reads_1-10_ms":201,"lbm_reads_10-100_ms":99,"lbm_reads_gt_100_ms":14,"lbm_reads_lt_1ms":14869,"lbm_write_time_us":1347409,"lbm_writes_1-10_ms":253,"lbm_writes_10-100_ms":10,"lbm_writes_lt_1ms":11341,"num_input_rowsets":5,"rows_written":6547831,"spinlock_wait_cycles":109205120,"thread_start_us":789,"threads_started":12}
I0107 12:40:16.264336 24713 maintenance_manager.cc:326] P c0dcf07e91a6459fb83f90f61d363e44: Scheduling UndoDeltaBlockGCOp(16e58229a0c648eda40d4376454f2981): 136367566 bytes on disk
I0107 12:40:16.457639 24607 maintenance_manager.cc:527] P c0dcf07e91a6459fb83f90f61d363e44: UndoDeltaBlockGCOp(16e58229a0c648eda40d4376454f2981) complete. Timing: real 0.193s user 0.001s sys 0.000s Metrics: {"cfile_init":4,"lbm_read_time_us":193089,"lbm_reads_1-10_ms":1,"lbm_reads_10-100_ms":7,"lbm_reads_lt_1ms":8}
I0107 12:40:17.330394 27417 rpcz_store.cc:269] Call kudu.tserver.TabletServerService.Write from 127.23.208.3:43359 (ReqId={client: 38ca74434bcb40b7a65933bd12dc4ffd, seq_no=647871, attempt_no=0}) took 1012ms. Request Metrics: {"child_traces":[["txn",{"apply.queue_time_us":16,"cfile_cache_hit":799,"cfile_cache_hit_bytes":3461742,"cfile_cache_miss":2454,"cfile_cache_miss_bytes":10364736,"lbm_read_time_us":925823,"lbm_reads_1-10_ms":24,"lbm_reads_10-100_ms":15,"lbm_reads_gt_100_ms":2,"lbm_reads_lt_1ms":2413,"num_ops":7125,"prepare.queue_time_us":31,"prepare.run_cpu_time_us":8064,"prepare.run_wall_time_us":21283,"raft.queue_time_us":28,"raft.run_cpu_time_us":124,"raft.run_wall_time_us":130,"replication_time_us":1955,"spinlock_wait_cycles":69120}]]}
I0107 12:40:19.977725 24384 linked_list-test-util.h:519] Written 11000000 rows in chain ------------------------------------------------------------ Histogram for latency of insert operations (microseconds) Note: each insert is a batch of 50 rows. ------------------------------------------------------------ Count: 220000 Mean: 1897.97 Percentiles: 0% (min) = 778 25% = 1406 50% (med) = 1579 75% = 1813 95% = 2480 99% = 7752 99.9% = 43872 99.99% = 161792 100% (max) = 1068091 *NOTE: some values were greater than highest trackable value ------------------------------------------------------------ Histogram for latency of insert operations (microseconds) Note: each insert is a batch of 50 rows. ------------------------------------------------------------ Count: 230000
I0107 12:40:40.370255 24384 linked_list-test-util.h:519] Written 11500000 rows in chain Mean: 1896.05 Percentiles: 0% (min) = 778 25% = 1406 50% (med) = 1579 75% = 1812 95% = 2470 99% = 7760 99.9% = 43904 99.99% = 152192 100% (max) = 1068091 *NOTE: some values were greater than highest trackable value
I0107 12:40:51.875247 24837 maintenance_manager.cc:326] P 76f8bc397d684ec2b99494eb2fee53c4: Scheduling FlushMRSOp(77e67457a0334f92a22f52fe739203dd): perf score=0.033346
I0107 12:40:53.728910 24731 maintenance_manager.cc:527] P 76f8bc397d684ec2b99494eb2fee53c4: FlushMRSOp(77e67457a0334f92a22f52fe739203dd) complete. Timing: real 1.854s user 0.637s sys 0.046s Metrics: {"bytes_written":7977130,"cfile_init":1,"delete_count":0,"dirs.queue_time_us":7674,"dirs.run_cpu_time_us":99,"dirs.run_wall_time_us":76939,"drs_written":1,"lbm_read_time_us":130,"lbm_reads_lt_1ms":4,"lbm_write_time_us":65007,"lbm_writes_1-10_ms":14,"lbm_writes_lt_1ms":801,"reinsert_count":0,"rows_written":450456,"thread_start_us":534,"threads_started":1,"update_count":4261}
I0107 12:40:53.729012 24837 maintenance_manager.cc:326] P 76f8bc397d684ec2b99494eb2fee53c4: Scheduling LogGCOp(77e67457a0334f92a22f52fe739203dd): free 33693720 bytes of WAL
I0107 12:40:53.729056 24731 log_reader.cc:379] T 77e67457a0334f92a22f52fe739203dd: removed 4 log segments from log reader
I0107 12:40:53.729065 24731 log.cc:1062] T 77e67457a0334f92a22f52fe739203dd P 76f8bc397d684ec2b99494eb2fee53c4: Deleting log segment in path: /data/somelongdirectorytoavoidrpathissues/src/kudutest/linked_list-test.LinkedListTest.TestLoadAndVerify.1578429164263051-24384/linked-list-cluster/ts-2/wal/wals/77e67457a0334f92a22f52fe739203dd/wal-000000015 (ops 173963-186557)
I0107 12:40:53.729092 24731 log.cc:1062] T 77e67457a0334f92a22f52fe739203dd P 76f8bc397d684ec2b99494eb2fee53c4: Deleting log segment in path: /data/somelongdirectorytoavoidrpathissues/src/kudutest/linked_list-test.LinkedListTest.TestLoadAndVerify.1578429164263051-24384/linked-list-cluster/ts-2/wal/wals/77e67457a0334f92a22f52fe739203dd/wal-000000016 (ops 186558-198904)
I0107 12:40:53.729113 24731 log.cc:1062] T 77e67457a0334f92a22f52fe739203dd P 76f8bc397d684ec2b99494eb2fee53c4: Deleting log segment in path: /data/somelongdirectorytoavoidrpathissues/src/kudutest/linked_list-test.LinkedListTest.TestLoadAndVerify.1578429164263051-24384/linked-list-cluster/ts-2/wal/wals/77e67457a0334f92a22f52fe739203dd/wal-000000017 (ops 198905-211308)
I0107 12:40:53.729131 24731 log.cc:1062] T 77e67457a0334f92a22f52fe739203dd P 76f8bc397d684ec2b99494eb2fee53c4: Deleting log segment in path: /data/somelongdirectorytoavoidrpathissues/src/kudutest/linked_list-test.LinkedListTest.TestLoadAndVerify.1578429164263051-24384/linked-list-cluster/ts-2/wal/wals/77e67457a0334f92a22f52fe739203dd/wal-000000018 (ops 211309-223741)
I0107 12:40:53.741390 24731 maintenance_manager.cc:527] P 76f8bc397d684ec2b99494eb2fee53c4: LogGCOp(77e67457a0334f92a22f52fe739203dd) complete. Timing: real 0.012s user 0.000s sys 0.010s Metrics: {}
I0107 12:40:53.741581 24837 maintenance_manager.cc:326] P 76f8bc397d684ec2b99494eb2fee53c4: Scheduling CompactRowSetsOp(77e67457a0334f92a22f52fe739203dd): perf score=1.001466
I0107 12:40:54.174504 24588 maintenance_manager.cc:326] P 914675d8717742d1ae5929637e95acb2: Scheduling FlushMRSOp(77e67457a0334f92a22f52fe739203dd): perf score=0.033388
I0107 12:40:54.488160 24713 maintenance_manager.cc:326] P c0dcf07e91a6459fb83f90f61d363e44: Scheduling FlushMRSOp(77e67457a0334f92a22f52fe739203dd): perf score=0.033345
I0107 12:40:56.305160 24482 maintenance_manager.cc:527] P 914675d8717742d1ae5929637e95acb2: FlushMRSOp(77e67457a0334f92a22f52fe739203dd) complete. Timing: real 2.130s user 0.654s sys 0.046s Metrics: {"bytes_written":8010606,"cfile_init":1,"delete_count":0,"dirs.queue_time_us":16736,"dirs.run_cpu_time_us":128,"dirs.run_wall_time_us":64335,"drs_written":1,"lbm_read_time_us":20,"lbm_reads_lt_1ms":4,"lbm_write_time_us":98727,"lbm_writes_1-10_ms":15,"lbm_writes_10-100_ms":2,"lbm_writes_lt_1ms":804,"reinsert_count":0,"rows_written":454405,"thread_start_us":52,"threads_started":1,"update_count":1012}
I0107 12:40:56.305559 24588 maintenance_manager.cc:326] P 914675d8717742d1ae5929637e95acb2: Scheduling LogGCOp(77e67457a0334f92a22f52fe739203dd): free 33595619 bytes of WAL
I0107 12:40:56.305634 24482 log_reader.cc:379] T 77e67457a0334f92a22f52fe739203dd: removed 4 log segments from log reader
I0107 12:40:56.305699 24482 log.cc:1062] T 77e67457a0334f92a22f52fe739203dd P 914675d8717742d1ae5929637e95acb2: Deleting log segment in path: /data/somelongdirectorytoavoidrpathissues/src/kudutest/linked_list-test.LinkedListTest.TestLoadAndVerify.1578429164263051-24384/linked-list-cluster/ts-0/wal/wals/77e67457a0334f92a22f52fe739203dd/wal-000000015 (ops 173484-185900)
I0107 12:40:56.305783 24482 log.cc:1062] T 77e67457a0334f92a22f52fe739203dd P 914675d8717742d1ae5929637e95acb2: Deleting log segment in path: /data/somelongdirectorytoavoidrpathissues/src/kudutest/linked_list-test.LinkedListTest.TestLoadAndVerify.1578429164263051-24384/linked-list-cluster/ts-0/wal/wals/77e67457a0334f92a22f52fe739203dd/wal-000000016 (ops 185901-198312)
I0107 12:40:56.305852 24482 log.cc:1062] T 77e67457a0334f92a22f52fe739203dd P 914675d8717742d1ae5929637e95acb2: Deleting log segment in path: /data/somelongdirectorytoavoidrpathissues/src/kudutest/linked_list-test.LinkedListTest.TestLoadAndVerify.1578429164263051-24384/linked-list-cluster/ts-0/wal/wals/77e67457a0334f92a22f52fe739203dd/wal-000000017 (ops 198313-210718)
I0107 12:40:56.305919 24482 log.cc:1062] T 77e67457a0334f92a22f52fe739203dd P 914675d8717742d1ae5929637e95acb2: Deleting log segment in path: /data/somelongdirectorytoavoidrpathissues/src/kudutest/linked_list-test.LinkedListTest.TestLoadAndVerify.1578429164263051-24384/linked-list-cluster/ts-0/wal/wals/77e67457a0334f92a22f52fe739203dd/wal-000000018 (ops 210719-223102)
I0107 12:40:56.352560 24482 maintenance_manager.cc:527] P 914675d8717742d1ae5929637e95acb2: LogGCOp(77e67457a0334f92a22f52fe739203dd) complete. Timing: real 0.047s user 0.000s sys 0.012s Metrics: {}
I0107 12:40:56.356281 24588 maintenance_manager.cc:326] P 914675d8717742d1ae5929637e95acb2: Scheduling UndoDeltaBlockGCOp(77e67457a0334f92a22f52fe739203dd): 9026426 bytes on disk
I0107 12:40:56.356834 24482 maintenance_manager.cc:527] P 914675d8717742d1ae5929637e95acb2: UndoDeltaBlockGCOp(77e67457a0334f92a22f52fe739203dd) complete. Timing: real 0.000s user 0.000s sys 0.000s Metrics: {"cfile_init":1,"lbm_read_time_us":12,"lbm_reads_lt_1ms":4}
I0107 12:40:56.356926 24588 maintenance_manager.cc:326] P 914675d8717742d1ae5929637e95acb2: Scheduling CompactRowSetsOp(77e67457a0334f92a22f52fe739203dd): perf score=1.001427
I0107 12:40:56.853607 24607 maintenance_manager.cc:527] P c0dcf07e91a6459fb83f90f61d363e44: FlushMRSOp(77e67457a0334f92a22f52fe739203dd) complete. Timing: real 2.365s user 0.686s sys 0.053s Metrics: {"bytes_written":8031926,"cfile_init":1,"delete_count":0,"dirs.queue_time_us":85,"dirs.run_cpu_time_us":133,"dirs.run_wall_time_us":133351,"drs_written":1,"lbm_read_time_us":64,"lbm_reads_lt_1ms":4,"lbm_write_time_us":77947,"lbm_writes_1-10_ms":19,"lbm_writes_lt_1ms":802,"reinsert_count":0,"rows_written":454816,"thread_start_us":29,"threads_started":1,"update_count":2372}
I0107 12:40:56.856730 24713 maintenance_manager.cc:326] P c0dcf07e91a6459fb83f90f61d363e44: Scheduling LogGCOp(77e67457a0334f92a22f52fe739203dd): free 33598400 bytes of WAL
I0107 12:40:56.856815 24607 log_reader.cc:379] T 77e67457a0334f92a22f52fe739203dd: removed 4 log segments from log reader
I0107 12:40:56.856866 24607 log.cc:1062] T 77e67457a0334f92a22f52fe739203dd P c0dcf07e91a6459fb83f90f61d363e44: Deleting log segment in path: /data/somelongdirectorytoavoidrpathissues/src/kudutest/linked_list-test.LinkedListTest.TestLoadAndVerify.1578429164263051-24384/linked-list-cluster/ts-1/wal/wals/77e67457a0334f92a22f52fe739203dd/wal-000000015 (ops 173706-186113)
I0107 12:40:56.857002 24607 log.cc:1062] T 77e67457a0334f92a22f52fe739203dd P c0dcf07e91a6459fb83f90f61d363e44: Deleting log segment in path: /data/somelongdirectorytoavoidrpathissues/src/kudutest/linked_list-test.LinkedListTest.TestLoadAndVerify.1578429164263051-24384/linked-list-cluster/ts-1/wal/wals/77e67457a0334f92a22f52fe739203dd/wal-000000016 (ops 186114-198515)
I0107 12:40:56.857069 24607 log.cc:1062] T 77e67457a0334f92a22f52fe739203dd P c0dcf07e91a6459fb83f90f61d363e44: Deleting log segment in path: /data/somelongdirectorytoavoidrpathissues/src/kudutest/linked_list-test.LinkedListTest.TestLoadAndVerify.1578429164263051-24384/linked-list-cluster/ts-1/wal/wals/77e67457a0334f92a22f52fe739203dd/wal-000000017 (ops 198516-210901)
I0107 12:40:56.857133 24607 log.cc:1062] T 77e67457a0334f92a22f52fe739203dd P c0dcf07e91a6459fb83f90f61d363e44: Deleting log segment in path: /data/somelongdirectorytoavoidrpathissues/src/kudutest/linked_list-test.LinkedListTest.TestLoadAndVerify.1578429164263051-24384/linked-list-cluster/ts-1/wal/wals/77e67457a0334f92a22f52fe739203dd/wal-000000018 (ops 210902-223273)
I0107 12:40:56.895370 24607 maintenance_manager.cc:527] P c0dcf07e91a6459fb83f90f61d363e44: LogGCOp(77e67457a0334f92a22f52fe739203dd) complete. Timing: real 0.039s user 0.000s sys 0.016s Metrics: {}
I0107 12:40:56.896939 24713 maintenance_manager.cc:326] P c0dcf07e91a6459fb83f90f61d363e44: Scheduling CompactRowSetsOp(77e67457a0334f92a22f52fe739203dd): perf score=1.001422 ------------------------------------------------------------ Histogram for latency of insert operations (microseconds) Note: each insert is a batch of 50 rows. ------------------------------------------------------------ Count: 240000 Mean: 1898.7 Percentiles: 0% (min) = 778 25% = 1409 50% (med) = 1582 75% = 1815 95% = 2474 99% = 7804 99.9% = 43808 99.99% = 142592 100% (max) = 1068091 *NOTE: some values were greater than highest trackable value
I0107 12:41:01.606904 24384 linked_list-test-util.h:519] Written 12000000 rows in chain
I0107 12:41:04.466645 24731 maintenance_manager.cc:527] P 76f8bc397d684ec2b99494eb2fee53c4: CompactRowSetsOp(77e67457a0334f92a22f52fe739203dd) complete. Timing: real 10.725s user 2.649s sys 0.261s Metrics: {"bytes_written":34729121,"cfile_cache_hit":93,"cfile_cache_hit_bytes":12267925,"cfile_cache_miss":4545,"cfile_cache_miss_bytes":128422063,"cfile_init":10,"delta_iterators_relevant":6,"dirs.queue_time_us":599,"dirs.run_cpu_time_us":183,"dirs.run_wall_time_us":144201,"drs_written":2,"lbm_read_time_us":1112726,"lbm_reads_1-10_ms":75,"lbm_reads_10-100_ms":21,"lbm_reads_gt_100_ms":2,"lbm_reads_lt_1ms":4487,"lbm_write_time_us":582734,"lbm_writes_1-10_ms":71,"lbm_writes_10-100_ms":3,"lbm_writes_gt_100_ms":1,"lbm_writes_lt_1ms":3422,"num_input_rowsets":2,"rows_written":1964596,"spinlock_wait_cycles":45265920,"thread_start_us":486,"threads_started":9}
I0107 12:41:04.469521 24837 maintenance_manager.cc:326] P 76f8bc397d684ec2b99494eb2fee53c4: Scheduling UndoDeltaBlockGCOp(77e67457a0334f92a22f52fe739203dd): 41262677 bytes on disk
I0107 12:41:04.469633 24731 maintenance_manager.cc:527] P 76f8bc397d684ec2b99494eb2fee53c4: UndoDeltaBlockGCOp(77e67457a0334f92a22f52fe739203dd) complete. Timing: real 0.000s user 0.000s sys 0.000s Metrics: {"cfile_init":2,"lbm_read_time_us":14,"lbm_reads_lt_1ms":8}
I0107 12:41:04.469691 24837 maintenance_manager.cc:326] P 76f8bc397d684ec2b99494eb2fee53c4: Scheduling FlushMRSOp(30019a15e66f4115b11a50dbcaf93a87): perf score=0.033933
I0107 12:41:06.894654 24482 maintenance_manager.cc:527] P 914675d8717742d1ae5929637e95acb2: CompactRowSetsOp(77e67457a0334f92a22f52fe739203dd) complete. Timing: real 10.537s user 2.409s sys 0.238s Metrics: {"bytes_written":34886534,"cfile_cache_hit":80,"cfile_cache_hit_bytes":10277495,"cfile_cache_miss":4576,"cfile_cache_miss_bytes":131064369,"cfile_init":9,"delta_iterators_relevant":6,"dirs.queue_time_us":414,"dirs.run_cpu_time_us":364,"dirs.run_wall_time_us":103027,"drs_written":2,"lbm_read_time_us":3096841,"lbm_reads_1-10_ms":52,"lbm_reads_10-100_ms":52,"lbm_reads_gt_100_ms":7,"lbm_reads_lt_1ms":4501,"lbm_write_time_us":337599,"lbm_writes_1-10_ms":59,"lbm_writes_10-100_ms":6,"lbm_writes_lt_1ms":3449,"num_input_rowsets":2,"rows_written":1973768,"spinlock_wait_cycles":25678720,"thread_start_us":516,"threads_started":8}
I0107 12:41:06.894862 24588 maintenance_manager.cc:326] P 914675d8717742d1ae5929637e95acb2: Scheduling FlushMRSOp(30019a15e66f4115b11a50dbcaf93a87): perf score=0.033605
I0107 12:41:07.242777 27676 rpcz_store.cc:269] Call kudu.tserver.TabletServerService.Write from 127.23.208.3:43359 (ReqId={client: 38ca74434bcb40b7a65933bd12dc4ffd, seq_no=714805, attempt_no=0}) took 1829ms. Request Metrics: {"child_traces":[["txn",{"apply.queue_time_us":1828713,"cfile_cache_hit":37,"cfile_cache_hit_bytes":188587,"num_ops":33,"prepare.queue_time_us":8,"prepare.run_cpu_time_us":83,"prepare.run_wall_time_us":82,"raft.queue_time_us":102,"raft.run_cpu_time_us":33,"raft.run_wall_time_us":33,"replication_time_us":718}]]}
I0107 12:41:07.667477 24482 maintenance_manager.cc:527] P 914675d8717742d1ae5929637e95acb2: FlushMRSOp(30019a15e66f4115b11a50dbcaf93a87) complete. Timing: real 0.773s user 0.452s sys 0.016s Metrics: {"bytes_written":7944940,"cfile_init":1,"dirs.queue_time_us":63,"dirs.run_cpu_time_us":117,"dirs.run_wall_time_us":117027,"drs_written":1,"lbm_read_time_us":10,"lbm_reads_lt_1ms":4,"lbm_write_time_us":139151,"lbm_writes_1-10_ms":4,"lbm_writes_gt_100_ms":1,"lbm_writes_lt_1ms":807,"rows_written":451377,"thread_start_us":36,"threads_started":1}
I0107 12:41:07.667591 24588 maintenance_manager.cc:326] P 914675d8717742d1ae5929637e95acb2: Scheduling LogGCOp(30019a15e66f4115b11a50dbcaf93a87): free 41984156 bytes of WAL
I0107 12:41:07.667634 24482 log_reader.cc:379] T 30019a15e66f4115b11a50dbcaf93a87: removed 5 log segments from log reader
I0107 12:41:07.667640 24482 log.cc:1062] T 30019a15e66f4115b11a50dbcaf93a87 P 914675d8717742d1ae5929637e95acb2: Deleting log segment in path: /data/somelongdirectorytoavoidrpathissues/src/kudutest/linked_list-test.LinkedListTest.TestLoadAndVerify.1578429164263051-24384/linked-list-cluster/ts-0/wal/wals/30019a15e66f4115b11a50dbcaf93a87/wal-000000015 (ops 174151-186683)
I0107 12:41:07.667666 24482 log.cc:1062] T 30019a15e66f4115b11a50dbcaf93a87 P 914675d8717742d1ae5929637e95acb2: Deleting log segment in path: /data/somelongdirectorytoavoidrpathissues/src/kudutest/linked_list-test.LinkedListTest.TestLoadAndVerify.1578429164263051-24384/linked-list-cluster/ts-0/wal/wals/30019a15e66f4115b11a50dbcaf93a87/wal-000000016 (ops 186684-199066)
I0107 12:41:07.667690 24482 log.cc:1062] T 30019a15e66f4115b11a50dbcaf93a87 P 914675d8717742d1ae5929637e95acb2: Deleting log segment in path: /data/somelongdirectorytoavoidrpathissues/src/kudutest/linked_list-test.LinkedListTest.TestLoadAndVerify.1578429164263051-24384/linked-list-cluster/ts-0/wal/wals/30019a15e66f4115b11a50dbcaf93a87/wal-000000017 (ops 199067-211505)
I0107 12:41:07.667706 24482 log.cc:1062] T 30019a15e66f4115b11a50dbcaf93a87 P 914675d8717742d1ae5929637e95acb2: Deleting log segment in path: /data/somelongdirectorytoavoidrpathissues/src/kudutest/linked_list-test.LinkedListTest.TestLoadAndVerify.1578429164263051-24384/linked-list-cluster/ts-0/wal/wals/30019a15e66f4115b11a50dbcaf93a87/wal-000000018 (ops 211506-223917)
I0107 12:41:07.667721 24482 log.cc:1062] T 30019a15e66f4115b11a50dbcaf93a87 P 914675d8717742d1ae5929637e95acb2: Deleting log segment in path: /data/somelongdirectorytoavoidrpathissues/src/kudutest/linked_list-test.LinkedListTest.TestLoadAndVerify.1578429164263051-24384/linked-list-cluster/ts-0/wal/wals/30019a15e66f4115b11a50dbcaf93a87/wal-000000019 (ops 223918-236393)
I0107 12:41:07.681015 24482 maintenance_manager.cc:527] P 914675d8717742d1ae5929637e95acb2: LogGCOp(30019a15e66f4115b11a50dbcaf93a87) complete. Timing: real 0.013s user 0.002s sys 0.011s Metrics: {}
I0107 12:41:07.681138 24588 maintenance_manager.cc:326] P 914675d8717742d1ae5929637e95acb2: Scheduling CompactRowSetsOp(30019a15e66f4115b11a50dbcaf93a87): perf score=1.001457
I0107 12:41:08.038141 24731 maintenance_manager.cc:527] P 76f8bc397d684ec2b99494eb2fee53c4: FlushMRSOp(30019a15e66f4115b11a50dbcaf93a87) complete. Timing: real 3.568s user 0.556s sys 0.017s Metrics: {"bytes_written":8139929,"cfile_init":1,"delete_count":0,"dirs.queue_time_us":60,"dirs.run_cpu_time_us":131,"dirs.run_wall_time_us":107368,"drs_written":1,"lbm_read_time_us":6,"lbm_reads_lt_1ms":4,"lbm_write_time_us":2844059,"lbm_writes_1-10_ms":4,"lbm_writes_10-100_ms":27,"lbm_writes_gt_100_ms":10,"lbm_writes_lt_1ms":794,"reinsert_count":0,"rows_written":461651,"thread_start_us":40,"threads_started":1,"update_count":1346}
I0107 12:41:08.038266 24837 maintenance_manager.cc:326] P 76f8bc397d684ec2b99494eb2fee53c4: Scheduling LogGCOp(30019a15e66f4115b11a50dbcaf93a87): free 42030239 bytes of WAL
I0107 12:41:08.038327 24731 log_reader.cc:379] T 30019a15e66f4115b11a50dbcaf93a87: removed 5 log segments from log reader
I0107 12:41:08.038342 24731 log.cc:1062] T 30019a15e66f4115b11a50dbcaf93a87 P 76f8bc397d684ec2b99494eb2fee53c4: Deleting log segment in path: /data/somelongdirectorytoavoidrpathissues/src/kudutest/linked_list-test.LinkedListTest.TestLoadAndVerify.1578429164263051-24384/linked-list-cluster/ts-2/wal/wals/30019a15e66f4115b11a50dbcaf93a87/wal-000000015 (ops 174078-186683)
I0107 12:41:08.038375 24731 log.cc:1062] T 30019a15e66f4115b11a50dbcaf93a87 P 76f8bc397d684ec2b99494eb2fee53c4: Deleting log segment in path: /data/somelongdirectorytoavoidrpathissues/src/kudutest/linked_list-test.LinkedListTest.TestLoadAndVerify.1578429164263051-24384/linked-list-cluster/ts-2/wal/wals/30019a15e66f4115b11a50dbcaf93a87/wal-000000016 (ops 186684-199075)
I0107 12:41:08.038404 24731 log.cc:1062] T 30019a15e66f4115b11a50dbcaf93a87 P 76f8bc397d684ec2b99494eb2fee53c4: Deleting log segment in path: /data/somelongdirectorytoavoidrpathissues/src/kudutest/linked_list-test.LinkedListTest.TestLoadAndVerify.1578429164263051-24384/linked-list-cluster/ts-2/wal/wals/30019a15e66f4115b11a50dbcaf93a87/wal-000000017 (ops 199076-211530)
I0107 12:41:08.038426 24731 log.cc:1062] T 30019a15e66f4115b11a50dbcaf93a87 P 76f8bc397d684ec2b99494eb2fee53c4: Deleting log segment in path: /data/somelongdirectorytoavoidrpathissues/src/kudutest/linked_list-test.LinkedListTest.TestLoadAndVerify.1578429164263051-24384/linked-list-cluster/ts-2/wal/wals/30019a15e66f4115b11a50dbcaf93a87/wal-000000018 (ops 211531-223925)
I0107 12:41:08.038444 24731 log.cc:1062] T 30019a15e66f4115b11a50dbcaf93a87 P 76f8bc397d684ec2b99494eb2fee53c4: Deleting log segment in path: /data/somelongdirectorytoavoidrpathissues/src/kudutest/linked_list-test.LinkedListTest.TestLoadAndVerify.1578429164263051-24384/linked-list-cluster/ts-2/wal/wals/30019a15e66f4115b11a50dbcaf93a87/wal-000000019 (ops 223926-236402)
I0107 12:41:08.175210 24731 maintenance_manager.cc:527] P 76f8bc397d684ec2b99494eb2fee53c4: LogGCOp(30019a15e66f4115b11a50dbcaf93a87) complete. Timing: real 0.137s user 0.000s sys 0.010s Metrics: {}
I0107 12:41:08.175338 24837 maintenance_manager.cc:326] P 76f8bc397d684ec2b99494eb2fee53c4: Scheduling UndoDeltaBlockGCOp(30019a15e66f4115b11a50dbcaf93a87): 9185127 bytes on disk
I0107 12:41:08.175470 24731 maintenance_manager.cc:527] P 76f8bc397d684ec2b99494eb2fee53c4: UndoDeltaBlockGCOp(30019a15e66f4115b11a50dbcaf93a87) complete. Timing: real 0.000s user 0.000s sys 0.000s Metrics: {"cfile_init":1,"lbm_read_time_us":26,"lbm_reads_lt_1ms":4}
I0107 12:41:08.175531 24837 maintenance_manager.cc:326] P 76f8bc397d684ec2b99494eb2fee53c4: Scheduling CompactRowSetsOp(30019a15e66f4115b11a50dbcaf93a87): perf score=1.001352
I0107 12:41:08.377014 27760 rpcz_store.cc:269] Call kudu.tserver.TabletServerService.Write from 127.23.208.1:34177 (ReqId={client: 38ca74434bcb40b7a65933bd12dc4ffd, seq_no=714812, attempt_no=0}) took 1133ms. Request Metrics: {"child_traces":[["txn",{"apply.queue_time_us":442,"cfile_cache_miss":16,"cfile_cache_miss_bytes":77191,"cfile_init":1,"lbm_read_time_us":1131234,"lbm_reads_1-10_ms":1,"lbm_reads_10-100_ms":13,"lbm_reads_gt_100_ms":4,"lbm_reads_lt_1ms":2,"num_ops":15,"prepare.queue_time_us":217,"prepare.run_cpu_time_us":100,"prepare.run_wall_time_us":230,"raft.queue_time_us":22,"raft.run_cpu_time_us":63,"raft.run_wall_time_us":70,"replication_time_us":956,"spinlock_wait_cycles":64128,"thread_start_us":123,"threads_started":2}]]}
I0107 12:41:08.483156 24607 maintenance_manager.cc:527] P c0dcf07e91a6459fb83f90f61d363e44: CompactRowSetsOp(77e67457a0334f92a22f52fe739203dd) complete. Timing: real 11.586s user 2.374s sys 0.222s Metrics: {"bytes_written":34912668,"cfile_cache_hit":88,"cfile_cache_hit_bytes":11470832,"cfile_cache_miss":4570,"cfile_cache_miss_bytes":129978284,"cfile_init":10,"delta_iterators_relevant":6,"dirs.queue_time_us":615,"dirs.run_cpu_time_us":234,"dirs.run_wall_time_us":179769,"drs_written":2,"lbm_read_time_us":4265345,"lbm_reads_1-10_ms":54,"lbm_reads_10-100_ms":59,"lbm_reads_gt_100_ms":10,"lbm_reads_lt_1ms":4487,"lbm_write_time_us":472033,"lbm_writes_1-10_ms":45,"lbm_writes_10-100_ms":6,"lbm_writes_lt_1ms":3466,"num_input_rowsets":2,"rows_written":1975128,"spinlock_wait_cycles":3801216,"thread_start_us":621,"threads_started":9}
I0107 12:41:08.483351 24713 maintenance_manager.cc:326] P c0dcf07e91a6459fb83f90f61d363e44: Scheduling UndoDeltaBlockGCOp(77e67457a0334f92a22f52fe739203dd): 41500713 bytes on disk
I0107 12:41:08.508491 24607 maintenance_manager.cc:527] P c0dcf07e91a6459fb83f90f61d363e44: UndoDeltaBlockGCOp(77e67457a0334f92a22f52fe739203dd) complete. Timing: real 0.025s user 0.000s sys 0.000s Metrics: {"cfile_init":2,"lbm_read_time_us":24945,"lbm_reads_1-10_ms":1,"lbm_reads_10-100_ms":1,"lbm_reads_lt_1ms":6}
I0107 12:41:08.508591 24713 maintenance_manager.cc:326] P c0dcf07e91a6459fb83f90f61d363e44: Scheduling FlushMRSOp(30019a15e66f4115b11a50dbcaf93a87): perf score=0.034432
I0107 12:41:09.880525 24607 maintenance_manager.cc:527] P c0dcf07e91a6459fb83f90f61d363e44: FlushMRSOp(30019a15e66f4115b11a50dbcaf93a87) complete. Timing: real 1.372s user 0.490s sys 0.015s Metrics: {"bytes_written":7967463,"cfile_init":1,"delete_count":0,"dirs.queue_time_us":79,"dirs.run_cpu_time_us":104,"dirs.run_wall_time_us":87189,"drs_written":1,"lbm_read_time_us":6,"lbm_reads_lt_1ms":4,"lbm_write_time_us":836324,"lbm_writes_1-10_ms":21,"lbm_writes_10-100_ms":25,"lbm_writes_lt_1ms":772,"reinsert_count":0,"rows_written":452574,"spinlock_wait_cycles":1920,"thread_start_us":41,"threads_started":1,"update_count":19}
I0107 12:41:09.880652 24713 maintenance_manager.cc:326] P c0dcf07e91a6459fb83f90f61d363e44: Scheduling LogGCOp(30019a15e66f4115b11a50dbcaf93a87): free 41968787 bytes of WAL
I0107 12:41:09.880723 24607 log_reader.cc:379] T 30019a15e66f4115b11a50dbcaf93a87: removed 5 log segments from log reader
I0107 12:41:09.880738 24607 log.cc:1062] T 30019a15e66f4115b11a50dbcaf93a87 P c0dcf07e91a6459fb83f90f61d363e44: Deleting log segment in path: /data/somelongdirectorytoavoidrpathissues/src/kudutest/linked_list-test.LinkedListTest.TestLoadAndVerify.1578429164263051-24384/linked-list-cluster/ts-1/wal/wals/30019a15e66f4115b11a50dbcaf93a87/wal-000000015 (ops 173904-186233)
I0107 12:41:09.880766 24607 log.cc:1062] T 30019a15e66f4115b11a50dbcaf93a87 P c0dcf07e91a6459fb83f90f61d363e44: Deleting log segment in path: /data/somelongdirectorytoavoidrpathissues/src/kudutest/linked_list-test.LinkedListTest.TestLoadAndVerify.1578429164263051-24384/linked-list-cluster/ts-1/wal/wals/30019a15e66f4115b11a50dbcaf93a87/wal-000000016 (ops 186234-198646)
I0107 12:41:09.880795 24607 log.cc:1062] T 30019a15e66f4115b11a50dbcaf93a87 P c0dcf07e91a6459fb83f90f61d363e44: Deleting log segment in path: /data/somelongdirectorytoavoidrpathissues/src/kudutest/linked_list-test.LinkedListTest.TestLoadAndVerify.1578429164263051-24384/linked-list-cluster/ts-1/wal/wals/30019a15e66f4115b11a50dbcaf93a87/wal-000000017 (ops 198647-211012)
I0107 12:41:09.880815 24607 log.cc:1062] T 30019a15e66f4115b11a50dbcaf93a87 P c0dcf07e91a6459fb83f90f61d363e44: Deleting log segment in path: /data/somelongdirectorytoavoidrpathissues/src/kudutest/linked_list-test.LinkedListTest.TestLoadAndVerify.1578429164263051-24384/linked-list-cluster/ts-1/wal/wals/30019a15e66f4115b11a50dbcaf93a87/wal-000000018 (ops 211013-223392)
I0107 12:41:09.880833 24607 log.cc:1062] T 30019a15e66f4115b11a50dbcaf93a87 P c0dcf07e91a6459fb83f90f61d363e44: Deleting log segment in path: /data/somelongdirectorytoavoidrpathissues/src/kudutest/linked_list-test.LinkedListTest.TestLoadAndVerify.1578429164263051-24384/linked-list-cluster/ts-1/wal/wals/30019a15e66f4115b11a50dbcaf93a87/wal-000000019 (ops 223393-235867)
I0107 12:41:09.890415 24607 maintenance_manager.cc:527] P c0dcf07e91a6459fb83f90f61d363e44: LogGCOp(30019a15e66f4115b11a50dbcaf93a87) complete. Timing: real 0.010s user 0.000s sys 0.009s Metrics: {}
I0107 12:41:09.890586 24713 maintenance_manager.cc:326] P c0dcf07e91a6459fb83f90f61d363e44: Scheduling UndoDeltaBlockGCOp(30019a15e66f4115b11a50dbcaf93a87): 9011795 bytes on disk
I0107 12:41:09.890714 24607 maintenance_manager.cc:527] P c0dcf07e91a6459fb83f90f61d363e44: UndoDeltaBlockGCOp(30019a15e66f4115b11a50dbcaf93a87) complete. Timing: real 0.000s user 0.000s sys 0.000s Metrics: {"cfile_init":1,"lbm_read_time_us":10,"lbm_reads_lt_1ms":4}
I0107 12:41:09.890779 24713 maintenance_manager.cc:326] P c0dcf07e91a6459fb83f90f61d363e44: Scheduling CompactRowSetsOp(30019a15e66f4115b11a50dbcaf93a87): perf score=1.001445
I0107 12:41:16.860672 24731 maintenance_manager.cc:527] P 76f8bc397d684ec2b99494eb2fee53c4: CompactRowSetsOp(30019a15e66f4115b11a50dbcaf93a87) complete. Timing: real 8.685s user 2.306s sys 0.192s Metrics: {"bytes_written":35508281,"cfile_cache_hit":79,"cfile_cache_hit_bytes":9842475,"cfile_cache_miss":4665,"cfile_cache_miss_bytes":134197043,"cfile_init":9,"delta_iterators_relevant":6,"dirs.queue_time_us":746,"dirs.run_cpu_time_us":232,"dirs.run_wall_time_us":162592,"drs_written":2,"lbm_read_time_us":3501090,"lbm_reads_1-10_ms":51,"lbm_reads_10-100_ms":91,"lbm_reads_gt_100_ms":1,"lbm_reads_lt_1ms":4558,"lbm_write_time_us":349952,"lbm_writes_1-10_ms":28,"lbm_writes_10-100_ms":2,"lbm_writes_gt_100_ms":1,"lbm_writes_lt_1ms":3546,"num_input_rowsets":2,"rows_written":2009423,"spinlock_wait_cycles":5504,"thread_start_us":879,"threads_started":10}
I0107 12:41:16.860877 24837 maintenance_manager.cc:326] P 76f8bc397d684ec2b99494eb2fee53c4: Scheduling UndoDeltaBlockGCOp(30019a15e66f4115b11a50dbcaf93a87): 42298699 bytes on disk
I0107 12:41:17.264385 24731 maintenance_manager.cc:527] P 76f8bc397d684ec2b99494eb2fee53c4: UndoDeltaBlockGCOp(30019a15e66f4115b11a50dbcaf93a87) complete. Timing: real 0.403s user 0.000s sys 0.000s Metrics: {"cfile_init":2,"lbm_read_time_us":403343,"lbm_reads_10-100_ms":3,"lbm_reads_gt_100_ms":1,"lbm_reads_lt_1ms":4}
I0107 12:41:18.064918 24482 maintenance_manager.cc:527] P 914675d8717742d1ae5929637e95acb2: CompactRowSetsOp(30019a15e66f4115b11a50dbcaf93a87) complete. Timing: real 10.384s user 2.272s sys 0.228s Metrics: {"bytes_written":35514779,"cfile_cache_hit":92,"cfile_cache_hit_bytes":12325261,"cfile_cache_miss":4646,"cfile_cache_miss_bytes":131776539,"cfile_init":9,"delete_count":0,"delta_iterators_relevant":4,"dirs.queue_time_us":83,"dirs.run_cpu_time_us":215,"dirs.run_wall_time_us":33799,"drs_written":2,"lbm_read_time_us":4008573,"lbm_reads_1-10_ms":41,"lbm_reads_10-100_ms":92,"lbm_reads_gt_100_ms":3,"lbm_reads_lt_1ms":4546,"lbm_write_time_us":1110190,"lbm_writes_1-10_ms":31,"lbm_writes_10-100_ms":33,"lbm_writes_lt_1ms":3518,"num_input_rowsets":2,"reinsert_count":0,"rows_written":2009843,"spinlock_wait_cycles":768,"thread_start_us":386,"threads_started":9,"update_count":8}
I0107 12:41:18.065131 24588 maintenance_manager.cc:326] P 914675d8717742d1ae5929637e95acb2: Scheduling UndoDeltaBlockGCOp(30019a15e66f4115b11a50dbcaf93a87): 42308656 bytes on disk
I0107 12:41:18.065302 24482 maintenance_manager.cc:527] P 914675d8717742d1ae5929637e95acb2: UndoDeltaBlockGCOp(30019a15e66f4115b11a50dbcaf93a87) complete. Timing: real 0.000s user 0.000s sys 0.000s Metrics: {"cfile_init":2,"lbm_read_time_us":15,"lbm_reads_lt_1ms":8}
I0107 12:41:18.065387 24588 maintenance_manager.cc:326] P 914675d8717742d1ae5929637e95acb2: Scheduling UndoDeltaBlockGCOp(77e67457a0334f92a22f52fe739203dd): 41467683 bytes on disk
I0107 12:41:18.258083 24482 maintenance_manager.cc:527] P 914675d8717742d1ae5929637e95acb2: UndoDeltaBlockGCOp(77e67457a0334f92a22f52fe739203dd) complete. Timing: real 0.193s user 0.000s sys 0.000s Metrics: {"cfile_init":2,"lbm_read_time_us":192562,"lbm_reads_10-100_ms":5,"lbm_reads_lt_1ms":3}
I0107 12:41:20.393260 24607 maintenance_manager.cc:527] P c0dcf07e91a6459fb83f90f61d363e44: CompactRowSetsOp(30019a15e66f4115b11a50dbcaf93a87) complete. Timing: real 10.502s user 2.430s sys 0.243s Metrics: {"bytes_written":35514961,"cfile_cache_hit":80,"cfile_cache_hit_bytes":10235303,"cfile_cache_miss":4662,"cfile_cache_miss_bytes":133859901,"cfile_init":9,"delta_iterators_relevant":6,"dirs.queue_time_us":105,"dirs.run_cpu_time_us":220,"dirs.run_wall_time_us":128862,"drs_written":2,"lbm_read_time_us":4181197,"lbm_reads_1-10_ms":59,"lbm_reads_10-100_ms":82,"lbm_reads_gt_100_ms":6,"lbm_reads_lt_1ms":4551,"lbm_write_time_us":520763,"lbm_writes_1-10_ms":25,"lbm_writes_10-100_ms":11,"lbm_writes_lt_1ms":3542,"num_input_rowsets":2,"rows_written":2009862,"spinlock_wait_cycles":16902528,"thread_start_us":646,"threads_started":9}
I0107 12:41:20.393362 24713 maintenance_manager.cc:326] P c0dcf07e91a6459fb83f90f61d363e44: Scheduling UndoDeltaBlockGCOp(30019a15e66f4115b11a50dbcaf93a87): 42310157 bytes on disk
I0107 12:41:20.445152 24607 maintenance_manager.cc:527] P c0dcf07e91a6459fb83f90f61d363e44: UndoDeltaBlockGCOp(30019a15e66f4115b11a50dbcaf93a87) complete. Timing: real 0.051s user 0.000s sys 0.000s Metrics: {"cfile_init":2,"lbm_read_time_us":50439,"lbm_reads_1-10_ms":3,"lbm_reads_10-100_ms":1,"lbm_reads_lt_1ms":4} ------------------------------------------------------------ Histogram for latency of insert operations (microseconds) Note: each insert is a batch of 50 rows.
I0107 12:41:32.784269 24384 linked_list-test-util.h:519] Written 12500000 rows in chain ------------------------------------------------------------ Count: 250000 Mean: 1940.63 Percentiles: 0% (min) = 778 25% = 1411 50% (med) = 1585 75% = 1819 95% = 2484 99% = 8048 99.9% = 47008 99.99% = 198400 100% (max) = 1830262 *NOTE: some values were greater than highest trackable value
I0107 12:41:34.520428 24588 maintenance_manager.cc:326] P 914675d8717742d1ae5929637e95acb2: Scheduling FlushMRSOp(16e58229a0c648eda40d4376454f2981): perf score=0.033398
I0107 12:41:38.783521 24837 maintenance_manager.cc:326] P 76f8bc397d684ec2b99494eb2fee53c4: Scheduling FlushMRSOp(16e58229a0c648eda40d4376454f2981): perf score=0.033374
I0107 12:41:39.710891 24713 maintenance_manager.cc:326] P c0dcf07e91a6459fb83f90f61d363e44: Scheduling FlushMRSOp(16e58229a0c648eda40d4376454f2981): perf score=0.033388
W0107 12:41:44.464268 24482 tablet_replica.cc:929] Time spent Committing in-flights took a long time.: real 0.204s user 0.000s sys 0.000s
I0107 12:41:44.465222 24482 maintenance_manager.cc:527] P 914675d8717742d1ae5929637e95acb2: FlushMRSOp(16e58229a0c648eda40d4376454f2981) complete. Timing: real 9.945s user 2.806s sys 0.212s Metrics: {"bytes_written":32592746,"cfile_init":1,"delete_count":0,"dirs.queue_time_us":4436,"dirs.run_cpu_time_us":126,"dirs.run_wall_time_us":19777,"drs_written":1,"lbm_read_time_us":7,"lbm_reads_lt_1ms":4,"lbm_write_time_us":370117,"lbm_writes_1-10_ms":66,"lbm_writes_10-100_ms":3,"lbm_writes_lt_1ms":3204,"reinsert_count":0,"rows_written":1846413,"thread_start_us":30,"threads_started":1,"update_count":9457}
I0107 12:41:44.465602 24588 maintenance_manager.cc:326] P 914675d8717742d1ae5929637e95acb2: Scheduling CompactRowSetsOp(16e58229a0c648eda40d4376454f2981): perf score=0.997614
I0107 12:41:50.626217 24731 maintenance_manager.cc:527] P 76f8bc397d684ec2b99494eb2fee53c4: FlushMRSOp(16e58229a0c648eda40d4376454f2981) complete. Timing: real 11.843s user 2.986s sys 0.232s Metrics: {"bytes_written":33360317,"cfile_init":1,"delete_count":0,"dirs.queue_time_us":20907,"dirs.run_cpu_time_us":118,"dirs.run_wall_time_us":22184,"drs_written":1,"lbm_read_time_us":8,"lbm_reads_lt_1ms":4,"lbm_write_time_us":463442,"lbm_writes_1-10_ms":108,"lbm_writes_10-100_ms":5,"lbm_writes_lt_1ms":3233,"reinsert_count":0,"rows_written":1888123,"thread_start_us":29,"threads_started":1,"update_count":13203}
I0107 12:41:50.626402 24837 maintenance_manager.cc:326] P 76f8bc397d684ec2b99494eb2fee53c4: Scheduling CompactRowSetsOp(16e58229a0c648eda40d4376454f2981): perf score=0.997349
I0107 12:41:52.144345 24607 maintenance_manager.cc:527] P c0dcf07e91a6459fb83f90f61d363e44: FlushMRSOp(16e58229a0c648eda40d4376454f2981) complete. Timing: real 12.433s user 3.036s sys 0.259s Metrics: {"bytes_written":33431563,"cfile_init":1,"delete_count":0,"dirs.queue_time_us":4363,"dirs.run_cpu_time_us":98,"dirs.run_wall_time_us":13182,"drs_written":1,"lbm_read_time_us":8,"lbm_reads_lt_1ms":4,"lbm_write_time_us":431542,"lbm_writes_1-10_ms":102,"lbm_writes_10-100_ms":3,"lbm_writes_lt_1ms":3249,"reinsert_count":0,"rows_written":1893083,"thread_start_us":29,"threads_started":1,"update_count":11891}
I0107 12:41:52.144562 24713 maintenance_manager.cc:326] P c0dcf07e91a6459fb83f90f61d363e44: Scheduling LogGCOp(16e58229a0c648eda40d4376454f2981): free 75753096 bytes of WAL
I0107 12:41:52.144695 24607 log_reader.cc:379] T 16e58229a0c648eda40d4376454f2981: removed 9 log segments from log reader
I0107 12:41:52.144740 24607 log.cc:1062] T 16e58229a0c648eda40d4376454f2981 P c0dcf07e91a6459fb83f90f61d363e44: Deleting log segment in path: /data/somelongdirectorytoavoidrpathissues/src/kudutest/linked_list-test.LinkedListTest.TestLoadAndVerify.1578429164263051-24384/linked-list-cluster/ts-1/wal/wals/16e58229a0c648eda40d4376454f2981/wal-000000034 (ops 195410-201196)
I0107 12:41:52.144832 24607 log.cc:1062] T 16e58229a0c648eda40d4376454f2981 P c0dcf07e91a6459fb83f90f61d363e44: Deleting log segment in path: /data/somelongdirectorytoavoidrpathissues/src/kudutest/linked_list-test.LinkedListTest.TestLoadAndVerify.1578429164263051-24384/linked-list-cluster/ts-1/wal/wals/16e58229a0c648eda40d4376454f2981/wal-000000035 (ops 201197-207269)
I0107 12:41:52.144908 24607 log.cc:1062] T 16e58229a0c648eda40d4376454f2981 P c0dcf07e91a6459fb83f90f61d363e44: Deleting log segment in path: /data/somelongdirectorytoavoidrpathissues/src/kudutest/linked_list-test.LinkedListTest.TestLoadAndVerify.1578429164263051-24384/linked-list-cluster/ts-1/wal/wals/16e58229a0c648eda40d4376454f2981/wal-000000036 (ops 207270-213246)
I0107 12:41:52.144974 24607 log.cc:1062] T 16e58229a0c648eda40d4376454f2981 P c0dcf07e91a6459fb83f90f61d363e44: Deleting log segment in path: /data/somelongdirectorytoavoidrpathissues/src/kudutest/linked_list-test.LinkedListTest.TestLoadAndVerify.1578429164263051-24384/linked-list-cluster/ts-1/wal/wals/16e58229a0c648eda40d4376454f2981/wal-000000037 (ops 213247-219061)
I0107 12:41:52.145074 24607 log.cc:1062] T 16e58229a0c648eda40d4376454f2981 P c0dcf07e91a6459fb83f90f61d363e44: Deleting log segment in path: /data/somelongdirectorytoavoidrpathissues/src/kudutest/linked_list-test.LinkedListTest.TestLoadAndVerify.1578429164263051-24384/linked-list-cluster/ts-1/wal/wals/16e58229a0c648eda40d4376454f2981/wal-000000038 (ops 219062-224983)
I0107 12:41:52.149302 24607 log.cc:1062] T 16e58229a0c648eda40d4376454f2981 P c0dcf07e91a6459fb83f90f61d363e44: Deleting log segment in path: /data/somelongdirectorytoavoidrpathissues/src/kudutest/linked_list-test.LinkedListTest.TestLoadAndVerify.1578429164263051-24384/linked-list-cluster/ts-1/wal/wals/16e58229a0c648eda40d4376454f2981/wal-000000039 (ops 224984-230863)
I0107 12:41:52.149386 24607 log.cc:1062] T 16e58229a0c648eda40d4376454f2981 P c0dcf07e91a6459fb83f90f61d363e44: Deleting log segment in path: /data/somelongdirectorytoavoidrpathissues/src/kudutest/linked_list-test.LinkedListTest.TestLoadAndVerify.1578429164263051-24384/linked-list-cluster/ts-1/wal/wals/16e58229a0c648eda40d4376454f2981/wal-000000040 (ops 230864-236747)
I0107 12:41:52.149474 24607 log.cc:1062] T 16e58229a0c648eda40d4376454f2981 P c0dcf07e91a6459fb83f90f61d363e44: Deleting log segment in path: /data/somelongdirectorytoavoidrpathissues/src/kudutest/linked_list-test.LinkedListTest.TestLoadAndVerify.1578429164263051-24384/linked-list-cluster/ts-1/wal/wals/16e58229a0c648eda40d4376454f2981/wal-000000041 (ops 236748-242692)
I0107 12:41:52.149540 24607 log.cc:1062] T 16e58229a0c648eda40d4376454f2981 P c0dcf07e91a6459fb83f90f61d363e44: Deleting log segment in path: /data/somelongdirectorytoavoidrpathissues/src/kudutest/linked_list-test.LinkedListTest.TestLoadAndVerify.1578429164263051-24384/linked-list-cluster/ts-1/wal/wals/16e58229a0c648eda40d4376454f2981/wal-000000042 (ops 242693-248621)
I0107 12:41:52.272312 24607 maintenance_manager.cc:527] P c0dcf07e91a6459fb83f90f61d363e44: LogGCOp(16e58229a0c648eda40d4376454f2981) complete. Timing: real 0.128s user 0.000s sys 0.027s Metrics: {}
I0107 12:41:52.272500 24713 maintenance_manager.cc:326] P c0dcf07e91a6459fb83f90f61d363e44: Scheduling UndoDeltaBlockGCOp(16e58229a0c648eda40d4376454f2981): 37625950 bytes on disk
I0107 12:41:52.272635 24607 maintenance_manager.cc:527] P c0dcf07e91a6459fb83f90f61d363e44: UndoDeltaBlockGCOp(16e58229a0c648eda40d4376454f2981) complete. Timing: real 0.000s user 0.000s sys 0.000s Metrics: {"cfile_init":1,"lbm_read_time_us":11,"lbm_reads_lt_1ms":4}
