I0107 12:51:05.390275 30867 consensus_queue.cc:229] T 30019a15e66f4115b11a50dbcaf93a87 P 914675d8717742d1ae5929637e95acb2 [NON_LEADER]: Queue going to NON_LEADER mode. State: All replicated index: 0, Majority replicated index: 0, Committed index: 383563, Last appended: 1.383563, Last appended by leader: 383563, Current term: 0, Majority size: -1, State: 0, Mode: NON_LEADER, active raft config: opid_index: -1 OBSOLETE_local: false peers { permanent_uuid: "914675d8717742d1ae5929637e95acb2" member_type: VOTER last_known_addr { host: "127.23.208.1" port: 35732 } } peers { permanent_uuid: "c0dcf07e91a6459fb83f90f61d363e44" member_type: VOTER last_known_addr { host: "127.23.208.2" port: 57827 } } peers { permanent_uuid: "76f8bc397d684ec2b99494eb2fee53c4" member_type: VOTER last_known_addr { host: "127.23.208.3" port: 49994 } }
I0107 12:51:05.390329 30867 ts_tablet_manager.cc:1133] T 30019a15e66f4115b11a50dbcaf93a87 P 914675d8717742d1ae5929637e95acb2: Time spent starting tablet: real 0.000s user 0.000s sys 0.000s
I0107 12:51:05.390357 30867 tablet_bootstrap.cc:439] T 16e58229a0c648eda40d4376454f2981 P 914675d8717742d1ae5929637e95acb2: Bootstrap starting.
I0107 12:51:05.488081 30867 tablet_bootstrap.cc:439] T 16e58229a0c648eda40d4376454f2981 P 914675d8717742d1ae5929637e95acb2: Bootstrap replayed 1/1 log segments. Stats: ops{read=1578 overwritten=0 applied=1578 ignored=1578} inserts{seen=0 ignored=0} mutations{seen=0 ignored=0} orphaned_commits=0. Pending: 0 replicates
I0107 12:51:05.488178 30867 log.cc:1202] T 16e58229a0c648eda40d4376454f2981 P 914675d8717742d1ae5929637e95acb2: --skip_remove_old_recovery_dir enabled. NOT deleting /data/somelongdirectorytoavoidrpathissues/src/kudutest/linked_list-test.LinkedListTest.TestLoadAndVerify.1578429164263051-24384/linked-list-cluster/ts-0/wal/wals/16e58229a0c648eda40d4376454f2981.recovery-1578430265488132
I0107 12:51:05.488189 30867 tablet_bootstrap.cc:439] T 16e58229a0c648eda40d4376454f2981 P 914675d8717742d1ae5929637e95acb2: Bootstrap complete.
I0107 12:51:05.488222 30867 ts_tablet_manager.cc:1105] T 16e58229a0c648eda40d4376454f2981 P 914675d8717742d1ae5929637e95acb2: Time spent bootstrapping tablet: real 0.098s user 0.085s sys 0.013s
I0107 12:51:05.488327 30867 raft_consensus.cc:341] T 16e58229a0c648eda40d4376454f2981 P 914675d8717742d1ae5929637e95acb2 [term 1 FOLLOWER]: Replica starting. Triggering 0 pending transactions. Active config: opid_index: -1 OBSOLETE_local: false peers { permanent_uuid: "c0dcf07e91a6459fb83f90f61d363e44" member_type: VOTER last_known_addr { host: "127.23.208.2" port: 57827 } } peers { permanent_uuid: "914675d8717742d1ae5929637e95acb2" member_type: VOTER last_known_addr { host: "127.23.208.1" port: 35732 } } peers { permanent_uuid: "76f8bc397d684ec2b99494eb2fee53c4" member_type: VOTER last_known_addr { host: "127.23.208.3" port: 49994 } }
I0107 12:51:05.488343 30867 raft_consensus.cc:712] T 16e58229a0c648eda40d4376454f2981 P 914675d8717742d1ae5929637e95acb2 [term 1 FOLLOWER]: Becoming Follower/Learner. State: Replica: 914675d8717742d1ae5929637e95acb2, State: Initialized, Role: FOLLOWER
I0107 12:51:05.488385 30867 consensus_queue.cc:229] T 16e58229a0c648eda40d4376454f2981 P 914675d8717742d1ae5929637e95acb2 [NON_LEADER]: Queue going to NON_LEADER mode. State: All replicated index: 0, Majority replicated index: 0, Committed index: 391813, Last appended: 1.391813, Last appended by leader: 391813, Current term: 0, Majority size: -1, State: 0, Mode: NON_LEADER, active raft config: opid_index: -1 OBSOLETE_local: false peers { permanent_uuid: "c0dcf07e91a6459fb83f90f61d363e44" member_type: VOTER last_known_addr { host: "127.23.208.2" port: 57827 } } peers { permanent_uuid: "914675d8717742d1ae5929637e95acb2" member_type: VOTER last_known_addr { host: "127.23.208.1" port: 35732 } } peers { permanent_uuid: "76f8bc397d684ec2b99494eb2fee53c4" member_type: VOTER last_known_addr { host: "127.23.208.3" port: 49994 } }
I0107 12:51:05.488457 30867 ts_tablet_manager.cc:1133] T 16e58229a0c648eda40d4376454f2981 P 914675d8717742d1ae5929637e95acb2: Time spent starting tablet: real 0.000s user 0.000s sys 0.001s
I0107 12:51:05.590824 30973 maintenance_manager.cc:326] P 914675d8717742d1ae5929637e95acb2: Scheduling UndoDeltaBlockGCOp(16e58229a0c648eda40d4376454f2981): 281958166 bytes on disk
I0107 12:51:05.625707 30866 maintenance_manager.cc:527] P 914675d8717742d1ae5929637e95acb2: UndoDeltaBlockGCOp(16e58229a0c648eda40d4376454f2981) complete. Timing: real 0.035s user 0.000s sys 0.000s Metrics: {"cfile_init":7,"lbm_read_time_us":34686,"lbm_reads_1-10_ms":1,"lbm_reads_10-100_ms":2,"lbm_reads_lt_1ms":25}
I0107 12:51:05.625782 30973 maintenance_manager.cc:326] P 914675d8717742d1ae5929637e95acb2: Scheduling UndoDeltaBlockGCOp(30019a15e66f4115b11a50dbcaf93a87): 70413623 bytes on disk
I0107 12:51:05.629837 30866 maintenance_manager.cc:527] P 914675d8717742d1ae5929637e95acb2: UndoDeltaBlockGCOp(30019a15e66f4115b11a50dbcaf93a87) complete. Timing: real 0.004s user 0.000s sys 0.000s Metrics: {"cfile_init":2,"lbm_read_time_us":3987,"lbm_reads_1-10_ms":1,"lbm_reads_lt_1ms":7}
I0107 12:51:05.955315 30983 raft_consensus.cc:477] T 77e67457a0334f92a22f52fe739203dd P 76f8bc397d684ec2b99494eb2fee53c4 [term 1 FOLLOWER]: Starting pre-election (detected failure of leader 914675d8717742d1ae5929637e95acb2)
I0107 12:51:05.955420 30983 raft_consensus.cc:499] T 77e67457a0334f92a22f52fe739203dd P 76f8bc397d684ec2b99494eb2fee53c4 [term 1 FOLLOWER]: Starting pre-election with config: opid_index: -1 OBSOLETE_local: false peers { permanent_uuid: "914675d8717742d1ae5929637e95acb2" member_type: VOTER last_known_addr { host: "127.23.208.1" port: 35732 } } peers { permanent_uuid: "c0dcf07e91a6459fb83f90f61d363e44" member_type: VOTER last_known_addr { host: "127.23.208.2" port: 57827 } } peers { permanent_uuid: "76f8bc397d684ec2b99494eb2fee53c4" member_type: VOTER last_known_addr { host: "127.23.208.3" port: 49994 } }
I0107 12:51:05.955546 30983 leader_election.cc:293] T 77e67457a0334f92a22f52fe739203dd P 76f8bc397d684ec2b99494eb2fee53c4 [CANDIDATE]: Term 2 pre-election: Requested pre-vote from peers 914675d8717742d1ae5929637e95acb2 (127.23.208.1:35732), c0dcf07e91a6459fb83f90f61d363e44 (127.23.208.2:57827)
I0107 12:51:05.955670 30929 tablet_service.cc:1307] Received RequestConsensusVote() RPC: tablet_id: "77e67457a0334f92a22f52fe739203dd" candidate_uuid: "76f8bc397d684ec2b99494eb2fee53c4" candidate_term: 2 candidate_status { last_received { term: 1 index: 383367 } } ignore_live_leader: false dest_uuid: "914675d8717742d1ae5929637e95acb2" is_pre_election: true
I0107 12:51:05.955667 24668 tablet_service.cc:1307] Received RequestConsensusVote() RPC: tablet_id: "77e67457a0334f92a22f52fe739203dd" candidate_uuid: "76f8bc397d684ec2b99494eb2fee53c4" candidate_term: 2 candidate_status { last_received { term: 1 index: 383367 } } ignore_live_leader: false dest_uuid: "c0dcf07e91a6459fb83f90f61d363e44" is_pre_election: true
I0107 12:51:05.955718 30929 raft_consensus.cc:2396] T 77e67457a0334f92a22f52fe739203dd P 914675d8717742d1ae5929637e95acb2 [term 1 FOLLOWER]: Leader pre-election vote request: Granting yes vote for candidate 76f8bc397d684ec2b99494eb2fee53c4 in term 1.
I0107 12:51:05.955816 24724 leader_election.cc:307] T 77e67457a0334f92a22f52fe739203dd P 76f8bc397d684ec2b99494eb2fee53c4 [CANDIDATE]: Term 2 pre-election: Election decided. Result: candidate won. Election summary: received 2 responses out of 3 voters: 2 yes votes; 0 no votes. yes voters: 76f8bc397d684ec2b99494eb2fee53c4, 914675d8717742d1ae5929637e95acb2; no voters:
I0107 12:51:05.955860 30983 raft_consensus.cc:2696] T 77e67457a0334f92a22f52fe739203dd P 76f8bc397d684ec2b99494eb2fee53c4 [term 1 FOLLOWER]: Leader pre-election won for term 2
I0107 12:51:05.955870 30983 raft_consensus.cc:477] T 77e67457a0334f92a22f52fe739203dd P 76f8bc397d684ec2b99494eb2fee53c4 [term 1 FOLLOWER]: Starting leader election (detected failure of leader 914675d8717742d1ae5929637e95acb2)
I0107 12:51:05.955888 30983 raft_consensus.cc:2949] T 77e67457a0334f92a22f52fe739203dd P 76f8bc397d684ec2b99494eb2fee53c4 [term 1 FOLLOWER]: Advancing to term 2
I0107 12:51:05.956513 30983 raft_consensus.cc:499] T 77e67457a0334f92a22f52fe739203dd P 76f8bc397d684ec2b99494eb2fee53c4 [term 2 FOLLOWER]: Starting leader election with config: opid_index: -1 OBSOLETE_local: false peers { permanent_uuid: "914675d8717742d1ae5929637e95acb2" member_type: VOTER last_known_addr { host: "127.23.208.1" port: 35732 } } peers { permanent_uuid: "c0dcf07e91a6459fb83f90f61d363e44" member_type: VOTER last_known_addr { host: "127.23.208.2" port: 57827 } } peers { permanent_uuid: "76f8bc397d684ec2b99494eb2fee53c4" member_type: VOTER last_known_addr { host: "127.23.208.3" port: 49994 } }
I0107 12:51:05.956557 30983 leader_election.cc:293] T 77e67457a0334f92a22f52fe739203dd P 76f8bc397d684ec2b99494eb2fee53c4 [CANDIDATE]: Term 2 election: Requested vote from peers 914675d8717742d1ae5929637e95acb2 (127.23.208.1:35732), c0dcf07e91a6459fb83f90f61d363e44 (127.23.208.2:57827)
I0107 12:51:05.956661 24668 tablet_service.cc:1307] Received RequestConsensusVote() RPC: tablet_id: "77e67457a0334f92a22f52fe739203dd" candidate_uuid: "76f8bc397d684ec2b99494eb2fee53c4" candidate_term: 2 candidate_status { last_received { term: 1 index: 383367 } } ignore_live_leader: false dest_uuid: "c0dcf07e91a6459fb83f90f61d363e44"
I0107 12:51:05.956682 30929 tablet_service.cc:1307] Received RequestConsensusVote() RPC: tablet_id: "77e67457a0334f92a22f52fe739203dd" candidate_uuid: "76f8bc397d684ec2b99494eb2fee53c4" candidate_term: 2 candidate_status { last_received { term: 1 index: 383367 } } ignore_live_leader: false dest_uuid: "914675d8717742d1ae5929637e95acb2"
I0107 12:51:05.956696 30929 raft_consensus.cc:2949] T 77e67457a0334f92a22f52fe739203dd P 914675d8717742d1ae5929637e95acb2 [term 1 FOLLOWER]: Advancing to term 2
I0107 12:51:05.957731 30929 raft_consensus.cc:2396] T 77e67457a0334f92a22f52fe739203dd P 914675d8717742d1ae5929637e95acb2 [term 2 FOLLOWER]: Leader election vote request: Granting yes vote for candidate 76f8bc397d684ec2b99494eb2fee53c4 in term 2.
I0107 12:51:05.957805 24724 leader_election.cc:307] T 77e67457a0334f92a22f52fe739203dd P 76f8bc397d684ec2b99494eb2fee53c4 [CANDIDATE]: Term 2 election: Election decided. Result: candidate won. Election summary: received 3 responses out of 3 voters: 2 yes votes; 1 no votes. yes voters: 76f8bc397d684ec2b99494eb2fee53c4, 914675d8717742d1ae5929637e95acb2; no voters: c0dcf07e91a6459fb83f90f61d363e44
I0107 12:51:05.957844 30983 raft_consensus.cc:2696] T 77e67457a0334f92a22f52fe739203dd P 76f8bc397d684ec2b99494eb2fee53c4 [term 2 FOLLOWER]: Leader election won for term 2
I0107 12:51:05.957897 30983 raft_consensus.cc:672] T 77e67457a0334f92a22f52fe739203dd P 76f8bc397d684ec2b99494eb2fee53c4 [term 2 LEADER]: Becoming Leader. State: Replica: 76f8bc397d684ec2b99494eb2fee53c4, State: Running, Role: LEADER
I0107 12:51:05.957960 30983 consensus_queue.cc:206] T 77e67457a0334f92a22f52fe739203dd P 76f8bc397d684ec2b99494eb2fee53c4 [LEADER]: Queue going to LEADER mode. State: All replicated index: 0, Majority replicated index: 383367, Committed index: 383367, Last appended: 1.383367, Last appended by leader: 383367, Current term: 2, Majority size: 2, State: 0, Mode: LEADER, active raft config: opid_index: -1 OBSOLETE_local: false peers { permanent_uuid: "914675d8717742d1ae5929637e95acb2" member_type: VOTER last_known_addr { host: "127.23.208.1" port: 35732 } } peers { permanent_uuid: "c0dcf07e91a6459fb83f90f61d363e44" member_type: VOTER last_known_addr { host: "127.23.208.2" port: 57827 } } peers { permanent_uuid: "76f8bc397d684ec2b99494eb2fee53c4" member_type: VOTER last_known_addr { host: "127.23.208.3" port: 49994 } }
I0107 12:51:05.958286 24414 catalog_manager.cc:4143] T 77e67457a0334f92a22f52fe739203dd P 76f8bc397d684ec2b99494eb2fee53c4 reported cstate change: term changed from 1 to 2, leader changed from 914675d8717742d1ae5929637e95acb2 (127.23.208.1) to 76f8bc397d684ec2b99494eb2fee53c4 (127.23.208.3). New cstate: current_term: 2 leader_uuid: "76f8bc397d684ec2b99494eb2fee53c4" committed_config { opid_index: -1 OBSOLETE_local: false peers { permanent_uuid: "914675d8717742d1ae5929637e95acb2" member_type: VOTER last_known_addr { host: "127.23.208.1" port: 35732 } health_report { overall_health: UNKNOWN } } peers { permanent_uuid: "c0dcf07e91a6459fb83f90f61d363e44" member_type: VOTER last_known_addr { host: "127.23.208.2" port: 57827 } health_report { overall_health: UNKNOWN } } peers { permanent_uuid: "76f8bc397d684ec2b99494eb2fee53c4" member_type: VOTER last_known_addr { host: "127.23.208.3" port: 49994 } health_report { overall_health: HEALTHY } } }
I0107 12:51:05.959197 30984 raft_consensus.cc:477] T 77e67457a0334f92a22f52fe739203dd P c0dcf07e91a6459fb83f90f61d363e44 [term 1 FOLLOWER]: Starting pre-election (detected failure of leader 914675d8717742d1ae5929637e95acb2)
I0107 12:51:05.959246 30984 raft_consensus.cc:499] T 77e67457a0334f92a22f52fe739203dd P c0dcf07e91a6459fb83f90f61d363e44 [term 1 FOLLOWER]: Starting pre-election with config: opid_index: -1 OBSOLETE_local: false peers { permanent_uuid: "914675d8717742d1ae5929637e95acb2" member_type: VOTER last_known_addr { host: "127.23.208.1" port: 35732 } } peers { permanent_uuid: "c0dcf07e91a6459fb83f90f61d363e44" member_type: VOTER last_known_addr { host: "127.23.208.2" port: 57827 } } peers { permanent_uuid: "76f8bc397d684ec2b99494eb2fee53c4" member_type: VOTER last_known_addr { host: "127.23.208.3" port: 49994 } }
I0107 12:51:05.959322 30984 leader_election.cc:293] T 77e67457a0334f92a22f52fe739203dd P c0dcf07e91a6459fb83f90f61d363e44 [CANDIDATE]: Term 2 pre-election: Requested pre-vote from peers 914675d8717742d1ae5929637e95acb2 (127.23.208.1:35732), 76f8bc397d684ec2b99494eb2fee53c4 (127.23.208.3:49994)
I0107 12:51:05.959434 24793 tablet_service.cc:1307] Received RequestConsensusVote() RPC: tablet_id: "77e67457a0334f92a22f52fe739203dd" candidate_uuid: "c0dcf07e91a6459fb83f90f61d363e44" candidate_term: 2 candidate_status { last_received { term: 1 index: 383367 } } ignore_live_leader: false dest_uuid: "76f8bc397d684ec2b99494eb2fee53c4" is_pre_election: true
I0107 12:51:05.959439 30929 tablet_service.cc:1307] Received RequestConsensusVote() RPC: tablet_id: "77e67457a0334f92a22f52fe739203dd" candidate_uuid: "c0dcf07e91a6459fb83f90f61d363e44" candidate_term: 2 candidate_status { last_received { term: 1 index: 383367 } } ignore_live_leader: false dest_uuid: "914675d8717742d1ae5929637e95acb2" is_pre_election: true
I0107 12:51:05.959484 30929 raft_consensus.cc:2321] T 77e67457a0334f92a22f52fe739203dd P 914675d8717742d1ae5929637e95acb2 [term 2 FOLLOWER]: Leader pre-election vote request: Denying vote to candidate c0dcf07e91a6459fb83f90f61d363e44 in current term 2: Already voted for candidate 76f8bc397d684ec2b99494eb2fee53c4 in this term.
I0107 12:51:05.959565 24600 leader_election.cc:307] T 77e67457a0334f92a22f52fe739203dd P c0dcf07e91a6459fb83f90f61d363e44 [CANDIDATE]: Term 2 pre-election: Election decided. Result: candidate lost. Election summary: received 3 responses out of 3 voters: 1 yes votes; 2 no votes. yes voters: c0dcf07e91a6459fb83f90f61d363e44; no voters: 76f8bc397d684ec2b99494eb2fee53c4, 914675d8717742d1ae5929637e95acb2
I0107 12:51:05.959625 30984 raft_consensus.cc:2949] T 77e67457a0334f92a22f52fe739203dd P c0dcf07e91a6459fb83f90f61d363e44 [term 1 FOLLOWER]: Advancing to term 2
I0107 12:51:05.960381 30984 raft_consensus.cc:2644] T 77e67457a0334f92a22f52fe739203dd P c0dcf07e91a6459fb83f90f61d363e44 [term 2 FOLLOWER]: Leader pre-election lost for term 2. Reason: could not achieve majority
I0107 12:51:06.121949 24411 maintenance_manager.cc:326] P c12eb4d7452f4af5abdaa23e9a3d5e7e: Scheduling FlushDeltaMemStoresOp(00000000000000000000000000000000): perf score=0.306045
I0107 12:51:06.122792 24410 maintenance_manager.cc:527] P c12eb4d7452f4af5abdaa23e9a3d5e7e: FlushDeltaMemStoresOp(00000000000000000000000000000000) complete. Timing: real 0.001s user 0.000s sys 0.000s Metrics: {"bytes_written":435,"delete_count":0,"lbm_write_time_us":38,"lbm_writes_lt_1ms":4,"reinsert_count":0,"update_count":1}
I0107 12:51:06.387878 30929 raft_consensus.cc:1195] T 77e67457a0334f92a22f52fe739203dd P 914675d8717742d1ae5929637e95acb2 [term 2 FOLLOWER]: Refusing update from remote peer 76f8bc397d684ec2b99494eb2fee53c4: Log matching property violated. Preceding OpId in replica: term: 1 index: 383367. Preceding OpId from leader: term: 2 index: 383368. (index mismatch)
I0107 12:51:06.388043 30983 consensus_queue.cc:982] T 77e67457a0334f92a22f52fe739203dd P 76f8bc397d684ec2b99494eb2fee53c4 [LEADER]: Connected to new peer: Peer: permanent_uuid: "914675d8717742d1ae5929637e95acb2" member_type: VOTER last_known_addr { host: "127.23.208.1" port: 35732 }, Status: LMP_MISMATCH, Last received: 0.0, Next index: 383368, Last known committed idx: 383367, Time since last communication: 0.000s
I0107 12:51:06.388954 24668 raft_consensus.cc:1195] T 77e67457a0334f92a22f52fe739203dd P c0dcf07e91a6459fb83f90f61d363e44 [term 2 FOLLOWER]: Refusing update from remote peer 76f8bc397d684ec2b99494eb2fee53c4: Log matching property violated. Preceding OpId in replica: term: 1 index: 383367. Preceding OpId from leader: term: 2 index: 383368. (index mismatch)
I0107 12:51:06.389307 30997 consensus_queue.cc:982] T 77e67457a0334f92a22f52fe739203dd P 76f8bc397d684ec2b99494eb2fee53c4 [LEADER]: Connected to new peer: Peer: permanent_uuid: "c0dcf07e91a6459fb83f90f61d363e44" member_type: VOTER last_known_addr { host: "127.23.208.2" port: 57827 }, Status: LMP_MISMATCH, Last received: 0.0, Next index: 383368, Last known committed idx: 383367, Time since last communication: 0.000s
I0107 12:51:24.667199 24384 linked_list-test-util.h:876] Done collecting results (7530250 rows in 20200.9ms)
I0107 12:51:25.544407 24384 linked_list-test-util.h:667] Snapshot: P: 1578429464976514 usec, L: 1 verified. Result: OK
I0107 12:51:25.545106 24384 linked_list-test-util.h:620] Verifying Snapshot: P: 1578429764977164 usec, L: 1 Expected Rows: 14012700
I0107 12:51:25.546346 24384 linked_list-test-util.h:639] Calling callback on tserver 914675d8717742d1ae5929637e95acb2
I0107 12:52:02.056985 24384 linked_list-test-util.h:876] Done collecting results (14012700 rows in 36510.6ms)
I0107 12:52:03.783416 24384 linked_list-test-util.h:667] Snapshot: P: 1578429764977164 usec, L: 1 verified. Result: OK
I0107 12:52:03.783922 24384 linked_list-test-util.h:620] Verifying Snapshot: P: 1578430064977359 usec, L: 1 Expected Rows: 19547200
I0107 12:52:03.835901 24384 linked_list-test-util.h:639] Calling callback on tserver c0dcf07e91a6459fb83f90f61d363e44
I0107 12:52:40.790786 24384 linked_list-test-util.h:876] Done collecting results (19547200 rows in 36954.9ms)
I0107 12:52:43.220592 24384 linked_list-test-util.h:667] Snapshot: P: 1578430064977359 usec, L: 1 verified. Result: OK
I0107 12:52:43.221122 24384 linked_list-test-util.h:620] Verifying Snapshot: NOW Expected Rows: 19547200
I0107 12:53:16.578845 24384 linked_list-test-util.h:876] Done collecting results (19547200 rows in 33169.6ms)
I0107 12:53:19.046339 24384 linked_list-test-util.h:667] Snapshot: NOW verified. Result: OK
I0107 12:53:19.046414 24384 linked_list-test-util.h:801] Successfully verified 19547200 rows
I0107 12:53:19.046496 24384 linked_list-test.cc:204] Done with tserver restart test.
I0107 12:53:19.051478 24384 linked_list-test.cc:210] Will kill the tablet server during verification scan.
I0107 12:53:19.052012 24384 linked_list-test-util.h:620] Verifying Snapshot: P: 1578429464976514 usec, L: 1 Expected Rows: 7530250
I0107 12:53:19.053390 24384 linked_list-test-util.h:639] Calling callback on tserver 76f8bc397d684ec2b99494eb2fee53c4
I0107 12:53:19.053449 24384 external_mini_cluster.cc:1241] Killing /data/somelongdirectorytoavoidrpathissues/src/kudu/build/release/bin/kudu-tserver with pid 24715
I0107 12:53:19.102833 24384 meta_cache.cc:1038] Marking tablet server 76f8bc397d684ec2b99494eb2fee53c4 (127.23.208.3:49994) as failed.
W0107 12:53:19.102860 24384 meta_cache.cc:234] Tablet 16e58229a0c648eda40d4376454f2981: Replica 76f8bc397d684ec2b99494eb2fee53c4 (127.23.208.3:49994) has failed: Network error: TS failed: Client connection negotiation failed: client connection to 127.23.208.3:49994: connect: Connection refused (error 111)
W0107 12:53:19.102880 24384 client.cc:1692] Attempting to retry Scanner { table: TestTable, tablet: 16e58229a0c648eda40d4376454f2981, projection: ( rand_key INT64 NOT NULL, link_to INT64 NOT NULL, updated BOOL NOT NULL, PRIMARY KEY () ), scan_spec: } elsewhere.
W0107 12:53:19.489964 24600 consensus_peers.cc:473] T 30019a15e66f4115b11a50dbcaf93a87 P c0dcf07e91a6459fb83f90f61d363e44 -> Peer 76f8bc397d684ec2b99494eb2fee53c4 (127.23.208.3:49994): Couldn't send request to peer 76f8bc397d684ec2b99494eb2fee53c4. Status: Network error: Client connection negotiation failed: client connection to 127.23.208.3:49994: connect: Connection refused (error 111). This is attempt 1: this message will repeat every 5th retry.
I0107 12:53:20.224908 31175 raft_consensus.cc:477] T 16e58229a0c648eda40d4376454f2981 P c0dcf07e91a6459fb83f90f61d363e44 [term 1 FOLLOWER]: Starting pre-election (detected failure of leader 76f8bc397d684ec2b99494eb2fee53c4)
I0107 12:53:20.224980 31175 raft_consensus.cc:499] T 16e58229a0c648eda40d4376454f2981 P c0dcf07e91a6459fb83f90f61d363e44 [term 1 FOLLOWER]: Starting pre-election with config: opid_index: -1 OBSOLETE_local: false peers { permanent_uuid: "c0dcf07e91a6459fb83f90f61d363e44" member_type: VOTER last_known_addr { host: "127.23.208.2" port: 57827 } } peers { permanent_uuid: "914675d8717742d1ae5929637e95acb2" member_type: VOTER last_known_addr { host: "127.23.208.1" port: 35732 } } peers { permanent_uuid: "76f8bc397d684ec2b99494eb2fee53c4" member_type: VOTER last_known_addr { host: "127.23.208.3" port: 49994 } }
I0107 12:53:20.225082 31175 leader_election.cc:293] T 16e58229a0c648eda40d4376454f2981 P c0dcf07e91a6459fb83f90f61d363e44 [CANDIDATE]: Term 2 pre-election: Requested pre-vote from peers 914675d8717742d1ae5929637e95acb2 (127.23.208.1:35732), 76f8bc397d684ec2b99494eb2fee53c4 (127.23.208.3:49994)
W0107 12:53:20.225261 24600 leader_election.cc:339] T 16e58229a0c648eda40d4376454f2981 P c0dcf07e91a6459fb83f90f61d363e44 [CANDIDATE]: Term 2 pre-election: RPC error from VoteRequest() call to peer 76f8bc397d684ec2b99494eb2fee53c4 (127.23.208.3:49994): Network error: Client connection negotiation failed: client connection to 127.23.208.3:49994: connect: Connection refused (error 111)
I0107 12:53:20.225338 30929 tablet_service.cc:1307] Received RequestConsensusVote() RPC: tablet_id: "16e58229a0c648eda40d4376454f2981" candidate_uuid: "c0dcf07e91a6459fb83f90f61d363e44" candidate_term: 2 candidate_status { last_received { term: 1 index: 391813 } } ignore_live_leader: false dest_uuid: "914675d8717742d1ae5929637e95acb2" is_pre_election: true
I0107 12:53:20.225471 24600 leader_election.cc:307] T 16e58229a0c648eda40d4376454f2981 P c0dcf07e91a6459fb83f90f61d363e44 [CANDIDATE]: Term 2 pre-election: Election decided. Result: candidate lost. Election summary: received 3 responses out of 3 voters: 1 yes votes; 2 no votes. yes voters: c0dcf07e91a6459fb83f90f61d363e44; no voters: 76f8bc397d684ec2b99494eb2fee53c4, 914675d8717742d1ae5929637e95acb2
I0107 12:53:20.225535 31175 raft_consensus.cc:2644] T 16e58229a0c648eda40d4376454f2981 P c0dcf07e91a6459fb83f90f61d363e44 [term 1 FOLLOWER]: Leader pre-election lost for term 2. Reason: could not achieve majority
I0107 12:53:20.244621 31175 raft_consensus.cc:477] T 77e67457a0334f92a22f52fe739203dd P c0dcf07e91a6459fb83f90f61d363e44 [term 2 FOLLOWER]: Starting pre-election (detected failure of leader 76f8bc397d684ec2b99494eb2fee53c4)
I0107 12:53:20.244702 31175 raft_consensus.cc:499] T 77e67457a0334f92a22f52fe739203dd P c0dcf07e91a6459fb83f90f61d363e44 [term 2 FOLLOWER]: Starting pre-election with config: opid_index: -1 OBSOLETE_local: false peers { permanent_uuid: "914675d8717742d1ae5929637e95acb2" member_type: VOTER last_known_addr { host: "127.23.208.1" port: 35732 } } peers { permanent_uuid: "c0dcf07e91a6459fb83f90f61d363e44" member_type: VOTER last_known_addr { host: "127.23.208.2" port: 57827 } } peers { permanent_uuid: "76f8bc397d684ec2b99494eb2fee53c4" member_type: VOTER last_known_addr { host: "127.23.208.3" port: 49994 } }
I0107 12:53:20.244763 31175 leader_election.cc:293] T 77e67457a0334f92a22f52fe739203dd P c0dcf07e91a6459fb83f90f61d363e44 [CANDIDATE]: Term 3 pre-election: Requested pre-vote from peers 914675d8717742d1ae5929637e95acb2 (127.23.208.1:35732), 76f8bc397d684ec2b99494eb2fee53c4 (127.23.208.3:49994)
W0107 12:53:20.244946 24600 leader_election.cc:339] T 77e67457a0334f92a22f52fe739203dd P c0dcf07e91a6459fb83f90f61d363e44 [CANDIDATE]: Term 3 pre-election: RPC error from VoteRequest() call to peer 76f8bc397d684ec2b99494eb2fee53c4 (127.23.208.3:49994): Network error: Client connection negotiation failed: client connection to 127.23.208.3:49994: connect: Connection refused (error 111)
I0107 12:53:20.245012 30929 tablet_service.cc:1307] Received RequestConsensusVote() RPC: tablet_id: "77e67457a0334f92a22f52fe739203dd" candidate_uuid: "c0dcf07e91a6459fb83f90f61d363e44" candidate_term: 3 candidate_status { last_received { term: 2 index: 383368 } } ignore_live_leader: false dest_uuid: "914675d8717742d1ae5929637e95acb2" is_pre_election: true
I0107 12:53:20.245100 24600 leader_election.cc:307] T 77e67457a0334f92a22f52fe739203dd P c0dcf07e91a6459fb83f90f61d363e44 [CANDIDATE]: Term 3 pre-election: Election decided. Result: candidate lost. Election summary: received 3 responses out of 3 voters: 1 yes votes; 2 no votes. yes voters: c0dcf07e91a6459fb83f90f61d363e44; no voters: 76f8bc397d684ec2b99494eb2fee53c4, 914675d8717742d1ae5929637e95acb2
I0107 12:53:20.245147 31175 raft_consensus.cc:2644] T 77e67457a0334f92a22f52fe739203dd P c0dcf07e91a6459fb83f90f61d363e44 [term 2 FOLLOWER]: Leader pre-election lost for term 3. Reason: could not achieve majority
I0107 12:53:20.327181 31177 raft_consensus.cc:477] T 77e67457a0334f92a22f52fe739203dd P 914675d8717742d1ae5929637e95acb2 [term 2 FOLLOWER]: Starting pre-election (detected failure of leader 76f8bc397d684ec2b99494eb2fee53c4)
I0107 12:53:20.327257 31177 raft_consensus.cc:499] T 77e67457a0334f92a22f52fe739203dd P 914675d8717742d1ae5929637e95acb2 [term 2 FOLLOWER]: Starting pre-election with config: opid_index: -1 OBSOLETE_local: false peers { permanent_uuid: "914675d8717742d1ae5929637e95acb2" member_type: VOTER last_known_addr { host: "127.23.208.1" port: 35732 } } peers { permanent_uuid: "c0dcf07e91a6459fb83f90f61d363e44" member_type: VOTER last_known_addr { host: "127.23.208.2" port: 57827 } } peers { permanent_uuid: "76f8bc397d684ec2b99494eb2fee53c4" member_type: VOTER last_known_addr { host: "127.23.208.3" port: 49994 } }
I0107 12:53:20.327381 31177 leader_election.cc:293] T 77e67457a0334f92a22f52fe739203dd P 914675d8717742d1ae5929637e95acb2 [CANDIDATE]: Term 3 pre-election: Requested pre-vote from peers c0dcf07e91a6459fb83f90f61d363e44 (127.23.208.2:57827), 76f8bc397d684ec2b99494eb2fee53c4 (127.23.208.3:49994)
W0107 12:53:20.327689 30859 leader_election.cc:339] T 77e67457a0334f92a22f52fe739203dd P 914675d8717742d1ae5929637e95acb2 [CANDIDATE]: Term 3 pre-election: RPC error from VoteRequest() call to peer 76f8bc397d684ec2b99494eb2fee53c4 (127.23.208.3:49994): Network error: Client connection negotiation failed: client connection to 127.23.208.3:49994: connect: Connection refused (error 111)
I0107 12:53:20.332209 24668 tablet_service.cc:1307] Received RequestConsensusVote() RPC: tablet_id: "77e67457a0334f92a22f52fe739203dd" candidate_uuid: "914675d8717742d1ae5929637e95acb2" candidate_term: 3 candidate_status { last_received { term: 2 index: 383368 } } ignore_live_leader: false dest_uuid: "c0dcf07e91a6459fb83f90f61d363e44" is_pre_election: true
I0107 12:53:20.332237 24668 raft_consensus.cc:2396] T 77e67457a0334f92a22f52fe739203dd P c0dcf07e91a6459fb83f90f61d363e44 [term 2 FOLLOWER]: Leader pre-election vote request: Granting yes vote for candidate 914675d8717742d1ae5929637e95acb2 in term 2.
I0107 12:53:20.332317 30860 leader_election.cc:307] T 77e67457a0334f92a22f52fe739203dd P 914675d8717742d1ae5929637e95acb2 [CANDIDATE]: Term 3 pre-election: Election decided. Result: candidate won. Election summary: received 3 responses out of 3 voters: 2 yes votes; 1 no votes. yes voters: 914675d8717742d1ae5929637e95acb2, c0dcf07e91a6459fb83f90f61d363e44; no voters: 76f8bc397d684ec2b99494eb2fee53c4
I0107 12:53:20.332378 31177 raft_consensus.cc:2696] T 77e67457a0334f92a22f52fe739203dd P 914675d8717742d1ae5929637e95acb2 [term 2 FOLLOWER]: Leader pre-election won for term 3
I0107 12:53:20.332392 31177 raft_consensus.cc:477] T 77e67457a0334f92a22f52fe739203dd P 914675d8717742d1ae5929637e95acb2 [term 2 FOLLOWER]: Starting leader election (detected failure of leader 76f8bc397d684ec2b99494eb2fee53c4)
I0107 12:53:20.332399 31177 raft_consensus.cc:2949] T 77e67457a0334f92a22f52fe739203dd P 914675d8717742d1ae5929637e95acb2 [term 2 FOLLOWER]: Advancing to term 3
I0107 12:53:20.332953 31177 raft_consensus.cc:499] T 77e67457a0334f92a22f52fe739203dd P 914675d8717742d1ae5929637e95acb2 [term 3 FOLLOWER]: Starting leader election with config: opid_index: -1 OBSOLETE_local: false peers { permanent_uuid: "914675d8717742d1ae5929637e95acb2" member_type: VOTER last_known_addr { host: "127.23.208.1" port: 35732 } } peers { permanent_uuid: "c0dcf07e91a6459fb83f90f61d363e44" member_type: VOTER last_known_addr { host: "127.23.208.2" port: 57827 } } peers { permanent_uuid: "76f8bc397d684ec2b99494eb2fee53c4" member_type: VOTER last_known_addr { host: "127.23.208.3" port: 49994 } }
I0107 12:53:20.333040 31177 leader_election.cc:293] T 77e67457a0334f92a22f52fe739203dd P 914675d8717742d1ae5929637e95acb2 [CANDIDATE]: Term 3 election: Requested vote from peers c0dcf07e91a6459fb83f90f61d363e44 (127.23.208.2:57827), 76f8bc397d684ec2b99494eb2fee53c4 (127.23.208.3:49994)
I0107 12:53:20.333073 24668 tablet_service.cc:1307] Received RequestConsensusVote() RPC: tablet_id: "77e67457a0334f92a22f52fe739203dd" candidate_uuid: "914675d8717742d1ae5929637e95acb2" candidate_term: 3 candidate_status { last_received { term: 2 index: 383368 } } ignore_live_leader: false dest_uuid: "c0dcf07e91a6459fb83f90f61d363e44"
I0107 12:53:20.333092 24668 raft_consensus.cc:2949] T 77e67457a0334f92a22f52fe739203dd P c0dcf07e91a6459fb83f90f61d363e44 [term 2 FOLLOWER]: Advancing to term 3
W0107 12:53:20.333160 30859 leader_election.cc:339] T 77e67457a0334f92a22f52fe739203dd P 914675d8717742d1ae5929637e95acb2 [CANDIDATE]: Term 3 election: RPC error from VoteRequest() call to peer 76f8bc397d684ec2b99494eb2fee53c4 (127.23.208.3:49994): Network error: Client connection negotiation failed: client connection to 127.23.208.3:49994: connect: Connection refused (error 111)
I0107 12:53:20.333899 24668 raft_consensus.cc:2396] T 77e67457a0334f92a22f52fe739203dd P c0dcf07e91a6459fb83f90f61d363e44 [term 3 FOLLOWER]: Leader election vote request: Granting yes vote for candidate 914675d8717742d1ae5929637e95acb2 in term 3.
I0107 12:53:20.333986 30860 leader_election.cc:307] T 77e67457a0334f92a22f52fe739203dd P 914675d8717742d1ae5929637e95acb2 [CANDIDATE]: Term 3 election: Election decided. Result: candidate won. Election summary: received 3 responses out of 3 voters: 2 yes votes; 1 no votes. yes voters: 914675d8717742d1ae5929637e95acb2, c0dcf07e91a6459fb83f90f61d363e44; no voters: 76f8bc397d684ec2b99494eb2fee53c4
I0107 12:53:20.334029 31177 raft_consensus.cc:2696] T 77e67457a0334f92a22f52fe739203dd P 914675d8717742d1ae5929637e95acb2 [term 3 FOLLOWER]: Leader election won for term 3
I0107 12:53:20.334137 31177 raft_consensus.cc:672] T 77e67457a0334f92a22f52fe739203dd P 914675d8717742d1ae5929637e95acb2 [term 3 LEADER]: Becoming Leader. State: Replica: 914675d8717742d1ae5929637e95acb2, State: Running, Role: LEADER
I0107 12:53:20.334220 31177 consensus_queue.cc:206] T 77e67457a0334f92a22f52fe739203dd P 914675d8717742d1ae5929637e95acb2 [LEADER]: Queue going to LEADER mode. State: All replicated index: 0, Majority replicated index: 383368, Committed index: 383368, Last appended: 2.383368, Last appended by leader: 383368, Current term: 3, Majority size: 2, State: 0, Mode: LEADER, active raft config: opid_index: -1 OBSOLETE_local: false peers { permanent_uuid: "914675d8717742d1ae5929637e95acb2" member_type: VOTER last_known_addr { host: "127.23.208.1" port: 35732 } } peers { permanent_uuid: "c0dcf07e91a6459fb83f90f61d363e44" member_type: VOTER last_known_addr { host: "127.23.208.2" port: 57827 } } peers { permanent_uuid: "76f8bc397d684ec2b99494eb2fee53c4" member_type: VOTER last_known_addr { host: "127.23.208.3" port: 49994 } }
I0107 12:53:20.334645 24420 catalog_manager.cc:4143] T 77e67457a0334f92a22f52fe739203dd P 914675d8717742d1ae5929637e95acb2 reported cstate change: term changed from 2 to 3, leader changed from 76f8bc397d684ec2b99494eb2fee53c4 (127.23.208.3) to 914675d8717742d1ae5929637e95acb2 (127.23.208.1). New cstate: current_term: 3 leader_uuid: "914675d8717742d1ae5929637e95acb2" committed_config { opid_index: -1 OBSOLETE_local: false peers { permanent_uuid: "914675d8717742d1ae5929637e95acb2" member_type: VOTER last_known_addr { host: "127.23.208.1" port: 35732 } health_report { overall_health: HEALTHY } } peers { permanent_uuid: "c0dcf07e91a6459fb83f90f61d363e44" member_type: VOTER last_known_addr { host: "127.23.208.2" port: 57827 } health_report { overall_health: UNKNOWN } } peers { permanent_uuid: "76f8bc397d684ec2b99494eb2fee53c4" member_type: VOTER last_known_addr { host: "127.23.208.3" port: 49994 } health_report { overall_health: UNKNOWN } } }
I0107 12:53:20.467309 24411 maintenance_manager.cc:326] P c12eb4d7452f4af5abdaa23e9a3d5e7e: Scheduling FlushDeltaMemStoresOp(00000000000000000000000000000000): perf score=0.037318
I0107 12:53:20.468071 24410 maintenance_manager.cc:527] P c12eb4d7452f4af5abdaa23e9a3d5e7e: FlushDeltaMemStoresOp(00000000000000000000000000000000) complete. Timing: real 0.001s user 0.000s sys 0.000s Metrics: {"bytes_written":434,"delete_count":0,"lbm_write_time_us":54,"lbm_writes_lt_1ms":4,"reinsert_count":0,"update_count":1}
I0107 12:53:20.468122 24411 maintenance_manager.cc:326] P c12eb4d7452f4af5abdaa23e9a3d5e7e: Scheduling MajorDeltaCompactionOp(00000000000000000000000000000000): perf score=0.281868
I0107 12:53:20.468922 24410 maintenance_manager.cc:527] P c12eb4d7452f4af5abdaa23e9a3d5e7e: MajorDeltaCompactionOp(00000000000000000000000000000000) complete. Timing: real 0.001s user 0.000s sys 0.001s Metrics: {"cfile_cache_hit":5,"cfile_cache_hit_bytes":2949,"cfile_cache_miss":2,"cfile_cache_miss_bytes":333,"cfile_init":2,"delete_count":0,"delta_blocks_compacted":2,"delta_iterators_relevant":2,"dirs.queue_time_us":100,"lbm_read_time_us":12,"lbm_reads_lt_1ms":10,"lbm_write_time_us":29,"lbm_writes_lt_1ms":9,"reinsert_count":0,"thread_start_us":126,"threads_started":2,"update_count":2}
I0107 12:53:20.468982 24411 maintenance_manager.cc:326] P c12eb4d7452f4af5abdaa23e9a3d5e7e: Scheduling MinorDeltaCompactionOp(00000000000000000000000000000000): perf score=0.002000
I0107 12:53:20.469048 24410 maintenance_manager.cc:527] P c12eb4d7452f4af5abdaa23e9a3d5e7e: MinorDeltaCompactionOp(00000000000000000000000000000000) complete. Timing: real 0.000s user 0.000s sys 0.000s Metrics: {}
I0107 12:53:20.531698 31177 raft_consensus.cc:477] T 16e58229a0c648eda40d4376454f2981 P 914675d8717742d1ae5929637e95acb2 [term 1 FOLLOWER]: Starting pre-election (detected failure of leader 76f8bc397d684ec2b99494eb2fee53c4)
I0107 12:53:20.531774 31177 raft_consensus.cc:499] T 16e58229a0c648eda40d4376454f2981 P 914675d8717742d1ae5929637e95acb2 [term 1 FOLLOWER]: Starting pre-election with config: opid_index: -1 OBSOLETE_local: false peers { permanent_uuid: "c0dcf07e91a6459fb83f90f61d363e44" member_type: VOTER last_known_addr { host: "127.23.208.2" port: 57827 } } peers { permanent_uuid: "914675d8717742d1ae5929637e95acb2" member_type: VOTER last_known_addr { host: "127.23.208.1" port: 35732 } } peers { permanent_uuid: "76f8bc397d684ec2b99494eb2fee53c4" member_type: VOTER last_known_addr { host: "127.23.208.3" port: 49994 } }
I0107 12:53:20.531831 31177 leader_election.cc:293] T 16e58229a0c648eda40d4376454f2981 P 914675d8717742d1ae5929637e95acb2 [CANDIDATE]: Term 2 pre-election: Requested pre-vote from peers c0dcf07e91a6459fb83f90f61d363e44 (127.23.208.2:57827), 76f8bc397d684ec2b99494eb2fee53c4 (127.23.208.3:49994)
W0107 12:53:20.532019 30859 leader_election.cc:339] T 16e58229a0c648eda40d4376454f2981 P 914675d8717742d1ae5929637e95acb2 [CANDIDATE]: Term 2 pre-election: RPC error from VoteRequest() call to peer 76f8bc397d684ec2b99494eb2fee53c4 (127.23.208.3:49994): Network error: Client connection negotiation failed: client connection to 127.23.208.3:49994: connect: Connection refused (error 111)
I0107 12:53:20.532074 24668 tablet_service.cc:1307] Received RequestConsensusVote() RPC: tablet_id: "16e58229a0c648eda40d4376454f2981" candidate_uuid: "914675d8717742d1ae5929637e95acb2" candidate_term: 2 candidate_status { last_received { term: 1 index: 391813 } } ignore_live_leader: false dest_uuid: "c0dcf07e91a6459fb83f90f61d363e44" is_pre_election: true
I0107 12:53:20.532101 24668 raft_consensus.cc:2396] T 16e58229a0c648eda40d4376454f2981 P c0dcf07e91a6459fb83f90f61d363e44 [term 1 FOLLOWER]: Leader pre-election vote request: Granting yes vote for candidate 914675d8717742d1ae5929637e95acb2 in term 1.
I0107 12:53:20.532199 30860 leader_election.cc:307] T 16e58229a0c648eda40d4376454f2981 P 914675d8717742d1ae5929637e95acb2 [CANDIDATE]: Term 2 pre-election: Election decided. Result: candidate won. Election summary: received 3 responses out of 3 voters: 2 yes votes; 1 no votes. yes voters: 914675d8717742d1ae5929637e95acb2, c0dcf07e91a6459fb83f90f61d363e44; no voters: 76f8bc397d684ec2b99494eb2fee53c4
I0107 12:53:20.532255 31177 raft_consensus.cc:2696] T 16e58229a0c648eda40d4376454f2981 P 914675d8717742d1ae5929637e95acb2 [term 1 FOLLOWER]: Leader pre-election won for term 2
I0107 12:53:20.532271 31177 raft_consensus.cc:477] T 16e58229a0c648eda40d4376454f2981 P 914675d8717742d1ae5929637e95acb2 [term 1 FOLLOWER]: Starting leader election (detected failure of leader 76f8bc397d684ec2b99494eb2fee53c4)
I0107 12:53:20.532277 31177 raft_consensus.cc:2949] T 16e58229a0c648eda40d4376454f2981 P 914675d8717742d1ae5929637e95acb2 [term 1 FOLLOWER]: Advancing to term 2
I0107 12:53:20.533073 31177 raft_consensus.cc:499] T 16e58229a0c648eda40d4376454f2981 P 914675d8717742d1ae5929637e95acb2 [term 2 FOLLOWER]: Starting leader election with config: opid_index: -1 OBSOLETE_local: false peers { permanent_uuid: "c0dcf07e91a6459fb83f90f61d363e44" member_type: VOTER last_known_addr { host: "127.23.208.2" port: 57827 } } peers { permanent_uuid: "914675d8717742d1ae5929637e95acb2" member_type: VOTER last_known_addr { host: "127.23.208.1" port: 35732 } } peers { permanent_uuid: "76f8bc397d684ec2b99494eb2fee53c4" member_type: VOTER last_known_addr { host: "127.23.208.3" port: 49994 } }
I0107 12:53:20.533115 31177 leader_election.cc:293] T 16e58229a0c648eda40d4376454f2981 P 914675d8717742d1ae5929637e95acb2 [CANDIDATE]: Term 2 election: Requested vote from peers c0dcf07e91a6459fb83f90f61d363e44 (127.23.208.2:57827), 76f8bc397d684ec2b99494eb2fee53c4 (127.23.208.3:49994)
W0107 12:53:20.533255 30859 leader_election.cc:339] T 16e58229a0c648eda40d4376454f2981 P 914675d8717742d1ae5929637e95acb2 [CANDIDATE]: Term 2 election: RPC error from VoteRequest() call to peer 76f8bc397d684ec2b99494eb2fee53c4 (127.23.208.3:49994): Network error: Client connection negotiation failed: client connection to 127.23.208.3:49994: connect: Connection refused (error 111)
I0107 12:53:20.533268 24668 tablet_service.cc:1307] Received RequestConsensusVote() RPC: tablet_id: "16e58229a0c648eda40d4376454f2981" candidate_uuid: "914675d8717742d1ae5929637e95acb2" candidate_term: 2 candidate_status { last_received { term: 1 index: 391813 } } ignore_live_leader: false dest_uuid: "c0dcf07e91a6459fb83f90f61d363e44"
I0107 12:53:20.533280 24668 raft_consensus.cc:2949] T 16e58229a0c648eda40d4376454f2981 P c0dcf07e91a6459fb83f90f61d363e44 [term 1 FOLLOWER]: Advancing to term 2
I0107 12:53:20.533972 24668 raft_consensus.cc:2396] T 16e58229a0c648eda40d4376454f2981 P c0dcf07e91a6459fb83f90f61d363e44 [term 2 FOLLOWER]: Leader election vote request: Granting yes vote for candidate 914675d8717742d1ae5929637e95acb2 in term 2.
I0107 12:53:20.534075 30860 leader_election.cc:307] T 16e58229a0c648eda40d4376454f2981 P 914675d8717742d1ae5929637e95acb2 [CANDIDATE]: Term 2 election: Election decided. Result: candidate won. Election summary: received 3 responses out of 3 voters: 2 yes votes; 1 no votes. yes voters: 914675d8717742d1ae5929637e95acb2, c0dcf07e91a6459fb83f90f61d363e44; no voters: 76f8bc397d684ec2b99494eb2fee53c4
I0107 12:53:20.534119 31177 raft_consensus.cc:2696] T 16e58229a0c648eda40d4376454f2981 P 914675d8717742d1ae5929637e95acb2 [term 2 FOLLOWER]: Leader election won for term 2
I0107 12:53:20.534140 31177 raft_consensus.cc:672] T 16e58229a0c648eda40d4376454f2981 P 914675d8717742d1ae5929637e95acb2 [term 2 LEADER]: Becoming Leader. State: Replica: 914675d8717742d1ae5929637e95acb2, State: Running, Role: LEADER
I0107 12:53:20.534188 31177 consensus_queue.cc:206] T 16e58229a0c648eda40d4376454f2981 P 914675d8717742d1ae5929637e95acb2 [LEADER]: Queue going to LEADER mode. State: All replicated index: 0, Majority replicated index: 391813, Committed index: 391813, Last appended: 1.391813, Last appended by leader: 391813, Current term: 2, Majority size: 2, State: 0, Mode: LEADER, active raft config: opid_index: -1 OBSOLETE_local: false peers { permanent_uuid: "c0dcf07e91a6459fb83f90f61d363e44" member_type: VOTER last_known_addr { host: "127.23.208.2" port: 57827 } } peers { permanent_uuid: "914675d8717742d1ae5929637e95acb2" member_type: VOTER last_known_addr { host: "127.23.208.1" port: 35732 } } peers { permanent_uuid: "76f8bc397d684ec2b99494eb2fee53c4" member_type: VOTER last_known_addr { host: "127.23.208.3" port: 49994 } }
I0107 12:53:20.534591 24420 catalog_manager.cc:4143] T 16e58229a0c648eda40d4376454f2981 P 914675d8717742d1ae5929637e95acb2 reported cstate change: term changed from 1 to 2, leader changed from 76f8bc397d684ec2b99494eb2fee53c4 (127.23.208.3) to 914675d8717742d1ae5929637e95acb2 (127.23.208.1). New cstate: current_term: 2 leader_uuid: "914675d8717742d1ae5929637e95acb2" committed_config { opid_index: -1 OBSOLETE_local: false peers { permanent_uuid: "c0dcf07e91a6459fb83f90f61d363e44" member_type: VOTER last_known_addr { host: "127.23.208.2" port: 57827 } health_report { overall_health: UNKNOWN } } peers { permanent_uuid: "914675d8717742d1ae5929637e95acb2" member_type: VOTER last_known_addr { host: "127.23.208.1" port: 35732 } health_report { overall_health: HEALTHY } } peers { permanent_uuid: "76f8bc397d684ec2b99494eb2fee53c4" member_type: VOTER last_known_addr { host: "127.23.208.3" port: 49994 } health_report { overall_health: UNKNOWN } } }
I0107 12:53:20.864711 24668 raft_consensus.cc:1195] T 77e67457a0334f92a22f52fe739203dd P c0dcf07e91a6459fb83f90f61d363e44 [term 3 FOLLOWER]: Refusing update from remote peer 914675d8717742d1ae5929637e95acb2: Log matching property violated. Preceding OpId in replica: term: 2 index: 383368. Preceding OpId from leader: term: 3 index: 383369. (index mismatch)
I0107 12:53:20.864869 31177 consensus_queue.cc:982] T 77e67457a0334f92a22f52fe739203dd P 914675d8717742d1ae5929637e95acb2 [LEADER]: Connected to new peer: Peer: permanent_uuid: "c0dcf07e91a6459fb83f90f61d363e44" member_type: VOTER last_known_addr { host: "127.23.208.2" port: 57827 }, Status: LMP_MISMATCH, Last received: 0.0, Next index: 383369, Last known committed idx: 383368, Time since last communication: 0.000s
W0107 12:53:20.865769 30859 consensus_peers.cc:473] T 77e67457a0334f92a22f52fe739203dd P 914675d8717742d1ae5929637e95acb2 -> Peer 76f8bc397d684ec2b99494eb2fee53c4 (127.23.208.3:49994): Couldn't send request to peer 76f8bc397d684ec2b99494eb2fee53c4. Status: Network error: Client connection negotiation failed: client connection to 127.23.208.3:49994: connect: Connection refused (error 111). This is attempt 1: this message will repeat every 5th retry.
W0107 12:53:20.935647 30859 consensus_peers.cc:473] T 16e58229a0c648eda40d4376454f2981 P 914675d8717742d1ae5929637e95acb2 -> Peer 76f8bc397d684ec2b99494eb2fee53c4 (127.23.208.3:49994): Couldn't send request to peer 76f8bc397d684ec2b99494eb2fee53c4. Status: Network error: Client connection negotiation failed: client connection to 127.23.208.3:49994: connect: Connection refused (error 111). This is attempt 1: this message will repeat every 5th retry.
I0107 12:53:21.065153 24668 raft_consensus.cc:1195] T 16e58229a0c648eda40d4376454f2981 P c0dcf07e91a6459fb83f90f61d363e44 [term 2 FOLLOWER]: Refusing update from remote peer 914675d8717742d1ae5929637e95acb2: Log matching property violated. Preceding OpId in replica: term: 1 index: 391813. Preceding OpId from leader: term: 2 index: 391814. (index mismatch)
I0107 12:53:21.065364 31181 consensus_queue.cc:982] T 16e58229a0c648eda40d4376454f2981 P 914675d8717742d1ae5929637e95acb2 [LEADER]: Connected to new peer: Peer: permanent_uuid: "c0dcf07e91a6459fb83f90f61d363e44" member_type: VOTER last_known_addr { host: "127.23.208.2" port: 57827 }, Status: LMP_MISMATCH, Last received: 0.0, Next index: 391814, Last known committed idx: 391813, Time since last communication: 0.000s
W0107 12:53:21.962491 24600 consensus_peers.cc:473] T 30019a15e66f4115b11a50dbcaf93a87 P c0dcf07e91a6459fb83f90f61d363e44 -> Peer 76f8bc397d684ec2b99494eb2fee53c4 (127.23.208.3:49994): Couldn't send request to peer 76f8bc397d684ec2b99494eb2fee53c4. Status: Network error: Client connection negotiation failed: client connection to 127.23.208.3:49994: connect: Connection refused (error 111). This is attempt 6: this message will repeat every 5th retry.
W0107 12:53:23.400292 30859 consensus_peers.cc:473] T 16e58229a0c648eda40d4376454f2981 P 914675d8717742d1ae5929637e95acb2 -> Peer 76f8bc397d684ec2b99494eb2fee53c4 (127.23.208.3:49994): Couldn't send request to peer 76f8bc397d684ec2b99494eb2fee53c4. Status: Network error: Client connection negotiation failed: client connection to 127.23.208.3:49994: connect: Connection refused (error 111). This is attempt 6: this message will repeat every 5th retry.
W0107 12:53:23.465355 30859 consensus_peers.cc:473] T 77e67457a0334f92a22f52fe739203dd P 914675d8717742d1ae5929637e95acb2 -> Peer 76f8bc397d684ec2b99494eb2fee53c4 (127.23.208.3:49994): Couldn't send request to peer 76f8bc397d684ec2b99494eb2fee53c4. Status: Network error: Client connection negotiation failed: client connection to 127.23.208.3:49994: connect: Connection refused (error 111). This is attempt 6: this message will repeat every 5th retry.
W0107 12:53:24.395200 24600 consensus_peers.cc:473] T 30019a15e66f4115b11a50dbcaf93a87 P c0dcf07e91a6459fb83f90f61d363e44 -> Peer 76f8bc397d684ec2b99494eb2fee53c4 (127.23.208.3:49994): Couldn't send request to peer 76f8bc397d684ec2b99494eb2fee53c4. Status: Network error: Client connection negotiation failed: client connection to 127.23.208.3:49994: connect: Connection refused (error 111). This is attempt 11: this message will repeat every 5th retry.
W0107 12:53:25.899875 30859 consensus_peers.cc:473] T 16e58229a0c648eda40d4376454f2981 P 914675d8717742d1ae5929637e95acb2 -> Peer 76f8bc397d684ec2b99494eb2fee53c4 (127.23.208.3:49994): Couldn't send request to peer 76f8bc397d684ec2b99494eb2fee53c4. Status: Network error: Client connection negotiation failed: client connection to 127.23.208.3:49994: connect: Connection refused (error 111). This is attempt 11: this message will repeat every 5th retry.
W0107 12:53:26.122301 30859 consensus_peers.cc:473] T 77e67457a0334f92a22f52fe739203dd P 914675d8717742d1ae5929637e95acb2 -> Peer 76f8bc397d684ec2b99494eb2fee53c4 (127.23.208.3:49994): Couldn't send request to peer 76f8bc397d684ec2b99494eb2fee53c4. Status: Network error: Client connection negotiation failed: client connection to 127.23.208.3:49994: connect: Connection refused (error 111). This is attempt 11: this message will repeat every 5th retry.
W0107 12:53:26.769831 24600 consensus_peers.cc:473] T 30019a15e66f4115b11a50dbcaf93a87 P c0dcf07e91a6459fb83f90f61d363e44 -> Peer 76f8bc397d684ec2b99494eb2fee53c4 (127.23.208.3:49994): Couldn't send request to peer 76f8bc397d684ec2b99494eb2fee53c4. Status: Network error: Client connection negotiation failed: client connection to 127.23.208.3:49994: connect: Connection refused (error 111). This is attempt 16: this message will repeat every 5th retry.
W0107 12:53:28.327111 30859 consensus_peers.cc:473] T 16e58229a0c648eda40d4376454f2981 P 914675d8717742d1ae5929637e95acb2 -> Peer 76f8bc397d684ec2b99494eb2fee53c4 (127.23.208.3:49994): Couldn't send request to peer 76f8bc397d684ec2b99494eb2fee53c4. Status: Network error: Client connection negotiation failed: client connection to 127.23.208.3:49994: connect: Connection refused (error 111). This is attempt 16: this message will repeat every 5th retry.
W0107 12:53:28.653942 30859 consensus_peers.cc:473] T 77e67457a0334f92a22f52fe739203dd P 914675d8717742d1ae5929637e95acb2 -> Peer 76f8bc397d684ec2b99494eb2fee53c4 (127.23.208.3:49994): Couldn't send request to peer 76f8bc397d684ec2b99494eb2fee53c4. Status: Network error: Client connection negotiation failed: client connection to 127.23.208.3:49994: connect: Connection refused (error 111). This is attempt 16: this message will repeat every 5th retry.
