I0107 12:32:44.898460 24861 consensus_queue.cc:206] T 77e67457a0334f92a22f52fe739203dd P 914675d8717742d1ae5929637e95acb2 [LEADER]: Queue going to LEADER mode. State: All replicated index: 0, Majority replicated index: 0, Committed index: 0, Last appended: 0.0, Last appended by leader: 0, Current term: 1, Majority size: 2, State: 0, Mode: LEADER, active raft config: opid_index: -1 OBSOLETE_local: false peers { permanent_uuid: "914675d8717742d1ae5929637e95acb2" member_type: VOTER last_known_addr { host: "127.23.208.1" port: 35732 } } peers { permanent_uuid: "c0dcf07e91a6459fb83f90f61d363e44" member_type: VOTER last_known_addr { host: "127.23.208.2" port: 57827 } } peers { permanent_uuid: "76f8bc397d684ec2b99494eb2fee53c4" member_type: VOTER last_known_addr { host: "127.23.208.3" port: 49994 } }
I0107 12:32:44.898838 24422 catalog_manager.cc:4143] T 77e67457a0334f92a22f52fe739203dd P 914675d8717742d1ae5929637e95acb2 reported cstate change: term changed from 0 to 1, leader changed from to 914675d8717742d1ae5929637e95acb2 (127.23.208.1). New cstate: current_term: 1 leader_uuid: "914675d8717742d1ae5929637e95acb2" committed_config { opid_index: -1 OBSOLETE_local: false peers { permanent_uuid: "914675d8717742d1ae5929637e95acb2" member_type: VOTER last_known_addr { host: "127.23.208.1" port: 35732 } health_report { overall_health: HEALTHY } } peers { permanent_uuid: "c0dcf07e91a6459fb83f90f61d363e44" member_type: VOTER last_known_addr { host: "127.23.208.2" port: 57827 } health_report { overall_health: UNKNOWN } } peers { permanent_uuid: "76f8bc397d684ec2b99494eb2fee53c4" member_type: VOTER last_known_addr { host: "127.23.208.3" port: 49994 } health_report { overall_health: UNKNOWN } } }
I0107 12:32:44.971418 24384 external_mini_cluster.cc:721] 3 TS(s) registered with all masters
I0107 12:32:44.971712 24384 ts_itest-base.cc:233] Waiting for 3 tablets on tserver 914675d8717742d1ae5929637e95acb2 to finish bootstrapping
I0107 12:32:44.973525 24384 ts_itest-base.cc:233] Waiting for 3 tablets on tserver c0dcf07e91a6459fb83f90f61d363e44 to finish bootstrapping
I0107 12:32:44.974985 24384 ts_itest-base.cc:233] Waiting for 3 tablets on tserver 76f8bc397d684ec2b99494eb2fee53c4 to finish bootstrapping
I0107 12:32:44.977155 24384 linked_list-test-util.h:512] Running for: 900.000s
I0107 12:32:44.977172 24384 linked_list-test-util.h:513] Sampling every 300000000 us
I0107 12:32:44.977185 24384 linked_list-test-util.h:519] Written 0 rows in chain ------------------------------------------------------------ Histogram for latency of insert operations (microseconds) Note: each insert is a batch of 50 rows. ------------------------------------------------------------ Count: 0 Mean: 0 Percentiles: 0% (min) = 0 25% = 0 50% (med) = 0 75% = 0 95% = 0 99% = 0 99.9% = 0 99.99% = 0 100% (max) = 0
I0107 12:32:44.977927 24875 linked_list-test-util.h:379] Curl thread will poll the following URLs every 1000 ms:
I0107 12:32:44.977980 24875 linked_list-test-util.h:382] http://127.23.208.3:46425/maintenance-manager
I0107 12:32:44.978116 24875 linked_list-test-util.h:382] http://127.23.208.3:46425/metrics
I0107 12:32:44.978389 24875 linked_list-test-util.h:382] http://127.23.208.1:39731/maintenance-manager
I0107 12:32:44.978510 24875 linked_list-test-util.h:382] http://127.23.208.1:39731/tablets
I0107 12:32:44.978555 24875 linked_list-test-util.h:382] http://127.23.208.3:46425/tablets
I0107 12:32:44.978595 24875 linked_list-test-util.h:382] http://127.23.208.3:46425/threadz
I0107 12:32:44.978634 24875 linked_list-test-util.h:382] http://127.23.208.2:48525/metrics
I0107 12:32:44.978672 24875 linked_list-test-util.h:382] http://127.23.208.62:40214/mem-trackers
I0107 12:32:44.978708 24875 linked_list-test-util.h:382] http://127.23.208.2:48525/threadz?group=all
I0107 12:32:44.978749 24875 linked_list-test-util.h:382] http://127.23.208.3:46425/scans
I0107 12:32:44.978786 24875 linked_list-test-util.h:382] http://127.23.208.2:48525/threadz
I0107 12:32:44.978826 24875 linked_list-test-util.h:382] http://127.23.208.62:40214/threadz
I0107 12:32:44.978863 24875 linked_list-test-util.h:382] http://127.23.208.62:40214/masters
I0107 12:32:44.978902 24875 linked_list-test-util.h:382] http://127.23.208.1:39731/metrics
I0107 12:32:44.978940 24875 linked_list-test-util.h:382] http://127.23.208.1:39731/stacks
I0107 12:32:44.978976 24875 linked_list-test-util.h:382] http://127.23.208.2:48525/maintenance-manager
I0107 12:32:44.979013 24875 linked_list-test-util.h:382] http://127.23.208.62:40214/dump-entities
I0107 12:32:44.979050 24875 linked_list-test-util.h:382] http://127.23.208.1:39731/mem-trackers
I0107 12:32:44.979087 24875 linked_list-test-util.h:382] http://127.23.208.2:48525/scans
I0107 12:32:44.979125 24875 linked_list-test-util.h:382] http://127.23.208.62:40214/tables
I0107 12:32:44.979162 24875 linked_list-test-util.h:382] http://127.23.208.2:48525/transactions?tablet_id=77e67457a0334f92a22f52fe739203dd
I0107 12:32:44.979199 24875 linked_list-test-util.h:382] http://127.23.208.1:39731/threadz?group=all
I0107 12:32:44.979235 24875 linked_list-test-util.h:382] http://127.23.208.3:46425/transactions?tablet_id=77e67457a0334f92a22f52fe739203dd
I0107 12:32:44.979274 24875 linked_list-test-util.h:382] http://127.23.208.1:39731/scans
I0107 12:32:44.979312 24875 linked_list-test-util.h:382] http://127.23.208.2:48525/stacks
I0107 12:32:44.979319 24875 linked_list-test-util.h:382] http://127.23.208.1:39731/transactions?tablet_id=77e67457a0334f92a22f52fe739203dd
I0107 12:32:44.979323 24875 linked_list-test-util.h:382] http://127.23.208.62:40214/threadz?group=all
I0107 12:32:44.979326 24875 linked_list-test-util.h:382] http://127.23.208.2:48525/tablets
I0107 12:32:44.979329 24875 linked_list-test-util.h:382] http://127.23.208.62:40214/tablet-servers
I0107 12:32:44.979332 24875 linked_list-test-util.h:382] http://127.23.208.1:39731/threadz
I0107 12:32:44.979336 24875 linked_list-test-util.h:382] http://127.23.208.3:46425/stacks
I0107 12:32:44.979339 24875 linked_list-test-util.h:382] http://127.23.208.62:40214/stacks
I0107 12:32:44.979342 24875 linked_list-test-util.h:382] http://127.23.208.3:46425/threadz?group=all
I0107 12:32:44.979347 24875 linked_list-test-util.h:382] http://127.23.208.3:46425/mem-trackers
I0107 12:32:44.979349 24875 linked_list-test-util.h:382] http://127.23.208.2:48525/mem-trackers
I0107 12:32:44.979352 24875 linked_list-test-util.h:382] http://127.23.208.62:40214/metrics
I0107 12:32:44.982359 24544 raft_consensus.cc:1195] T 16e58229a0c648eda40d4376454f2981 P 914675d8717742d1ae5929637e95acb2 [term 1 FOLLOWER]: Refusing update from remote peer 76f8bc397d684ec2b99494eb2fee53c4: Log matching property violated. Preceding OpId in replica: term: 0 index: 0. Preceding OpId from leader: term: 1 index: 2. (index mismatch)
I0107 12:32:44.982553 24870 consensus_queue.cc:982] T 16e58229a0c648eda40d4376454f2981 P 76f8bc397d684ec2b99494eb2fee53c4 [LEADER]: Connected to new peer: Peer: permanent_uuid: "914675d8717742d1ae5929637e95acb2" member_type: VOTER last_known_addr { host: "127.23.208.1" port: 35732 }, Status: LMP_MISMATCH, Last received: 0.0, Next index: 1, Last known committed idx: 0, Time since last communication: 0.000s
I0107 12:32:44.982635 24669 raft_consensus.cc:1195] T 16e58229a0c648eda40d4376454f2981 P c0dcf07e91a6459fb83f90f61d363e44 [term 1 FOLLOWER]: Refusing update from remote peer 76f8bc397d684ec2b99494eb2fee53c4: Log matching property violated. Preceding OpId in replica: term: 0 index: 0. Preceding OpId from leader: term: 1 index: 2. (index mismatch)
I0107 12:32:44.982766 24870 consensus_queue.cc:982] T 16e58229a0c648eda40d4376454f2981 P 76f8bc397d684ec2b99494eb2fee53c4 [LEADER]: Connected to new peer: Peer: permanent_uuid: "c0dcf07e91a6459fb83f90f61d363e44" member_type: VOTER last_known_addr { host: "127.23.208.2" port: 57827 }, Status: LMP_MISMATCH, Last received: 0.0, Next index: 1, Last known committed idx: 0, Time since last communication: 0.000s
I0107 12:32:44.984083 24793 raft_consensus.cc:1195] T 77e67457a0334f92a22f52fe739203dd P 76f8bc397d684ec2b99494eb2fee53c4 [term 1 FOLLOWER]: Refusing update from remote peer 914675d8717742d1ae5929637e95acb2: Log matching property violated. Preceding OpId in replica: term: 0 index: 0. Preceding OpId from leader: term: 1 index: 2. (index mismatch)
I0107 12:32:44.984093 24792 raft_consensus.cc:1195] T 30019a15e66f4115b11a50dbcaf93a87 P 76f8bc397d684ec2b99494eb2fee53c4 [term 1 FOLLOWER]: Refusing update from remote peer c0dcf07e91a6459fb83f90f61d363e44: Log matching property violated. Preceding OpId in replica: term: 0 index: 0. Preceding OpId from leader: term: 1 index: 2. (index mismatch)
I0107 12:32:44.984122 24881 mvcc.cc:203] Tried to move safe_time back from 6465245859766624256 to 6465245858257256448. Current Snapshot: MvccSnapshot[committed={T|T < 6465245859766624256}]
I0107 12:32:44.984222 24857 consensus_queue.cc:982] T 30019a15e66f4115b11a50dbcaf93a87 P c0dcf07e91a6459fb83f90f61d363e44 [LEADER]: Connected to new peer: Peer: permanent_uuid: "76f8bc397d684ec2b99494eb2fee53c4" member_type: VOTER last_known_addr { host: "127.23.208.3" port: 49994 }, Status: LMP_MISMATCH, Last received: 0.0, Next index: 1, Last known committed idx: 0, Time since last communication: 0.000s
I0107 12:32:44.984272 24873 consensus_queue.cc:982] T 77e67457a0334f92a22f52fe739203dd P 914675d8717742d1ae5929637e95acb2 [LEADER]: Connected to new peer: Peer: permanent_uuid: "76f8bc397d684ec2b99494eb2fee53c4" member_type: VOTER last_known_addr { host: "127.23.208.3" port: 49994 }, Status: LMP_MISMATCH, Last received: 0.0, Next index: 1, Last known committed idx: 0, Time since last communication: 0.000s
I0107 12:32:44.984346 24668 raft_consensus.cc:1195] T 77e67457a0334f92a22f52fe739203dd P c0dcf07e91a6459fb83f90f61d363e44 [term 1 FOLLOWER]: Refusing update from remote peer 914675d8717742d1ae5929637e95acb2: Log matching property violated. Preceding OpId in replica: term: 0 index: 0. Preceding OpId from leader: term: 1 index: 2. (index mismatch)
I0107 12:32:44.984480 24861 consensus_queue.cc:982] T 77e67457a0334f92a22f52fe739203dd P 914675d8717742d1ae5929637e95acb2 [LEADER]: Connected to new peer: Peer: permanent_uuid: "c0dcf07e91a6459fb83f90f61d363e44" member_type: VOTER last_known_addr { host: "127.23.208.2" port: 57827 }, Status: LMP_MISMATCH, Last received: 0.0, Next index: 1, Last known committed idx: 0, Time since last communication: 0.000s
I0107 12:32:44.984894 24544 raft_consensus.cc:1195] T 30019a15e66f4115b11a50dbcaf93a87 P 914675d8717742d1ae5929637e95acb2 [term 1 FOLLOWER]: Refusing update from remote peer c0dcf07e91a6459fb83f90f61d363e44: Log matching property violated. Preceding OpId in replica: term: 0 index: 0. Preceding OpId from leader: term: 1 index: 2. (index mismatch)
I0107 12:32:44.985013 24857 consensus_queue.cc:982] T 30019a15e66f4115b11a50dbcaf93a87 P c0dcf07e91a6459fb83f90f61d363e44 [LEADER]: Connected to new peer: Peer: permanent_uuid: "914675d8717742d1ae5929637e95acb2" member_type: VOTER last_known_addr { host: "127.23.208.1" port: 35732 }, Status: LMP_MISMATCH, Last received: 0.0, Next index: 1, Last known committed idx: 0, Time since last communication: 0.000s
I0107 12:32:44.985102 24883 mvcc.cc:203] Tried to move safe_time back from 6465245859766624256 to 6465245858257256448. Current Snapshot: MvccSnapshot[committed={T|T < 6465245859766624256 or (T in {6465245859766624256})}]
I0107 12:32:44.985894 24882 mvcc.cc:203] Tried to move safe_time back from 6465245859766624256 to 6465245858257256448. Current Snapshot: MvccSnapshot[committed={T|T < 6465245859766624256}] ------------------------------------------------------------ Histogram for latency of insert operations (microseconds) Note: each insert is a batch of 50 rows. ------------------------------------------------------------ Count: 10000 Mean: 1569.57 Percentiles: 0% (min) = 800 25% = 1243 50% (med) = 1376 75% = 1546 95% = 1921 99% = 6136 99.9% = 35296 99.99% = 54944 100% (max) = 55186
I0107 12:33:02.483340 24384 linked_list-test-util.h:519] Written 500000 rows in chain
I0107 12:33:07.824182 24879 thread.cc:387] Could not get per-thread statistics: Not found: /proc/self/task/25038/stat: No such file or directory (error 2) ------------------------------------------------------------ Histogram for latency of insert operations (microseconds) Note: each insert is a batch of 50 rows. ------------------------------------------------------------ Count: 20000 Mean: 1608.62 Percentiles: 0% (min) = 800
I0107 12:33:20.759850 24384 linked_list-test-util.h:519] Written 1000000 rows in chain 25% = 1271 50% (med) = 1408 75% = 1580 95% = 1990 99% = 6136 99.9% = 39904 99.99% = 55168 100% (max) = 61541 ------------------------------------------------------------ Histogram for latency of insert operations (microseconds) Note: each insert is a batch of 50 rows. ------------------------------------------------------------ Count: 30000 Mean: 1623.98 Percentiles: 0% (min) = 800 25% = 1291 50% (med) = 1430 75% = 1603 95% = 2013 99% = 6184 99.9% = 34496 99.99% = 54944 100% (max) = 61541
I0107 12:33:39.325709 24384 linked_list-test-util.h:519] Written 1500000 rows in chain ------------------------------------------------------------ Histogram for latency of insert operations (microseconds) Note: each insert is a batch of 50 rows. ------------------------------------------------------------ Count: 40000 Mean: 1636.92 Percentiles: 0% (min) = 778 25% = 1303 50% (med) = 1445 75% = 1621 95% = 2029 99% = 6144 99.9% = 33824 99.99% = 53664 100% (max) = 61541
I0107 12:33:58.181879 24384 linked_list-test-util.h:519] Written 2000000 rows in chain ------------------------------------------------------------ Histogram for latency of insert operations (microseconds) Note: each insert is a batch of 50 rows. ------------------------------------------------------------ Count: 50000 Mean: 1643.33 Percentiles: 0% (min) = 778
I0107 12:34:16.811717 24384 linked_list-test-util.h:519] Written 2500000 rows in chain 25% = 1311 50% (med) = 1453 75% = 1631 95% = 2048 99% = 5968 99.9% = 33280 99.99% = 53184 100% (max) = 61541
I0107 12:34:35.452376 24384 linked_list-test-util.h:519] Written 3000000 rows in chain ------------------------------------------------------------ Histogram for latency of insert operations (microseconds) Note: each insert is a batch of 50 rows. ------------------------------------------------------------ Count: 60000 Mean: 1650.69 Percentiles: 0% (min) = 778 25% = 1314 50% (med) = 1456 75% = 1634 95% = 2058 99% = 6128 99.9% = 33824 99.99% = 53664 100% (max) = 72471
I0107 12:34:44.456341 24411 maintenance_manager.cc:326] P c12eb4d7452f4af5abdaa23e9a3d5e7e: Scheduling FlushMRSOp(00000000000000000000000000000000): perf score=0.033360
I0107 12:34:44.473153 24410 maintenance_manager.cc:527] P c12eb4d7452f4af5abdaa23e9a3d5e7e: FlushMRSOp(00000000000000000000000000000000) complete. Timing: real 0.017s user 0.002s sys 0.001s Metrics: {"bytes_written":7590,"cfile_init":1,"dirs.queue_time_us":9495,"dirs.run_cpu_time_us":111,"dirs.run_wall_time_us":454,"drs_written":1,"lbm_read_time_us":7,"lbm_reads_lt_1ms":4,"lbm_write_time_us":138,"lbm_writes_lt_1ms":27,"rows_written":6,"thread_start_us":63,"threads_started":2,"wal-append.queue_time_us":10843}
I0107 12:34:44.473326 24411 maintenance_manager.cc:326] P c12eb4d7452f4af5abdaa23e9a3d5e7e: Scheduling UndoDeltaBlockGCOp(00000000000000000000000000000000): 586 bytes on disk
I0107 12:34:44.473538 24410 maintenance_manager.cc:527] P c12eb4d7452f4af5abdaa23e9a3d5e7e: UndoDeltaBlockGCOp(00000000000000000000000000000000) complete. Timing: real 0.000s user 0.000s sys 0.000s Metrics: {"cfile_init":1,"lbm_read_time_us":7,"lbm_reads_lt_1ms":4}
I0107 12:34:44.554139 24588 maintenance_manager.cc:326] P 914675d8717742d1ae5929637e95acb2: Scheduling FlushMRSOp(77e67457a0334f92a22f52fe739203dd): perf score=0.033336
I0107 12:34:44.575292 24713 maintenance_manager.cc:326] P c0dcf07e91a6459fb83f90f61d363e44: Scheduling FlushMRSOp(77e67457a0334f92a22f52fe739203dd): perf score=0.033342
I0107 12:34:44.626047 24837 maintenance_manager.cc:326] P 76f8bc397d684ec2b99494eb2fee53c4: Scheduling FlushMRSOp(77e67457a0334f92a22f52fe739203dd): perf score=0.033356
I0107 12:34:47.544467 24731 maintenance_manager.cc:527] P 76f8bc397d684ec2b99494eb2fee53c4: FlushMRSOp(77e67457a0334f92a22f52fe739203dd) complete. Timing: real 2.918s user 0.838s sys 0.062s Metrics: {"bytes_written":9588491,"cfile_init":1,"compiler_manager_pool.queue_time_us":6483,"compiler_manager_pool.run_cpu_time_us":173676,"compiler_manager_pool.run_wall_time_us":779766,"delete_count":0,"dirs.queue_time_us":3540,"dirs.run_cpu_time_us":90,"dirs.run_wall_time_us":30130,"drs_written":1,"lbm_read_time_us":16,"lbm_reads_lt_1ms":4,"lbm_write_time_us":119779,"lbm_writes_1-10_ms":18,"lbm_writes_10-100_ms":2,"lbm_writes_lt_1ms":954,"reinsert_count":0,"rows_written":540695,"thread_start_us":67,"threads_started":2,"update_count":1013}
I0107 12:34:47.544634 24837 maintenance_manager.cc:326] P 76f8bc397d684ec2b99494eb2fee53c4: Scheduling LogGCOp(77e67457a0334f92a22f52fe739203dd): free 41949923 bytes of WAL
I0107 12:34:47.544740 24731 log_reader.cc:379] T 77e67457a0334f92a22f52fe739203dd: removed 5 log segments from log reader
I0107 12:34:47.544785 24731 log.cc:1062] T 77e67457a0334f92a22f52fe739203dd P 76f8bc397d684ec2b99494eb2fee53c4: Deleting log segment in path: /data/somelongdirectorytoavoidrpathissues/src/kudutest/linked_list-test.LinkedListTest.TestLoadAndVerify.1578429164263051-24384/linked-list-cluster/ts-2/wal/wals/77e67457a0334f92a22f52fe739203dd/wal-000000001 (ops 1-12467)
I0107 12:34:47.544863 24731 log.cc:1062] T 77e67457a0334f92a22f52fe739203dd P 76f8bc397d684ec2b99494eb2fee53c4: Deleting log segment in path: /data/somelongdirectorytoavoidrpathissues/src/kudutest/linked_list-test.LinkedListTest.TestLoadAndVerify.1578429164263051-24384/linked-list-cluster/ts-2/wal/wals/77e67457a0334f92a22f52fe739203dd/wal-000000002 (ops 12468-24915)
I0107 12:34:47.544924 24731 log.cc:1062] T 77e67457a0334f92a22f52fe739203dd P 76f8bc397d684ec2b99494eb2fee53c4: Deleting log segment in path: /data/somelongdirectorytoavoidrpathissues/src/kudutest/linked_list-test.LinkedListTest.TestLoadAndVerify.1578429164263051-24384/linked-list-cluster/ts-2/wal/wals/77e67457a0334f92a22f52fe739203dd/wal-000000003 (ops 24916-37374)
I0107 12:34:47.545004 24731 log.cc:1062] T 77e67457a0334f92a22f52fe739203dd P 76f8bc397d684ec2b99494eb2fee53c4: Deleting log segment in path: /data/somelongdirectorytoavoidrpathissues/src/kudutest/linked_list-test.LinkedListTest.TestLoadAndVerify.1578429164263051-24384/linked-list-cluster/ts-2/wal/wals/77e67457a0334f92a22f52fe739203dd/wal-000000004 (ops 37375-49724)
I0107 12:34:47.545060 24731 log.cc:1062] T 77e67457a0334f92a22f52fe739203dd P 76f8bc397d684ec2b99494eb2fee53c4: Deleting log segment in path: /data/somelongdirectorytoavoidrpathissues/src/kudutest/linked_list-test.LinkedListTest.TestLoadAndVerify.1578429164263051-24384/linked-list-cluster/ts-2/wal/wals/77e67457a0334f92a22f52fe739203dd/wal-000000005 (ops 49725-62170)
I0107 12:34:47.620714 24731 maintenance_manager.cc:527] P 76f8bc397d684ec2b99494eb2fee53c4: LogGCOp(77e67457a0334f92a22f52fe739203dd) complete. Timing: real 0.076s user 0.000s sys 0.018s Metrics: {}
I0107 12:34:47.621857 24837 maintenance_manager.cc:326] P 76f8bc397d684ec2b99494eb2fee53c4: Scheduling FlushMRSOp(30019a15e66f4115b11a50dbcaf93a87): perf score=0.034188
I0107 12:34:48.080793 24607 maintenance_manager.cc:527] P c0dcf07e91a6459fb83f90f61d363e44: FlushMRSOp(77e67457a0334f92a22f52fe739203dd) complete. Timing: real 3.505s user 0.837s sys 0.079s Metrics: {"bytes_written":9580343,"cfile_init":1,"compiler_manager_pool.queue_time_us":6105,"compiler_manager_pool.run_cpu_time_us":178279,"compiler_manager_pool.run_wall_time_us":1159122,"delete_count":0,"dirs.queue_time_us":15299,"dirs.run_cpu_time_us":97,"dirs.run_wall_time_us":45011,"drs_written":1,"lbm_read_time_us":8,"lbm_reads_lt_1ms":4,"lbm_write_time_us":89379,"lbm_writes_1-10_ms":20,"lbm_writes_lt_1ms":954,"reinsert_count":0,"rows_written":540417,"thread_start_us":69,"threads_started":2,"update_count":735}
I0107 12:34:48.081507 24713 maintenance_manager.cc:326] P c0dcf07e91a6459fb83f90f61d363e44: Scheduling LogGCOp(77e67457a0334f92a22f52fe739203dd): free 41947582 bytes of WAL
I0107 12:34:48.081588 24607 log_reader.cc:379] T 77e67457a0334f92a22f52fe739203dd: removed 5 log segments from log reader
I0107 12:34:48.081640 24607 log.cc:1062] T 77e67457a0334f92a22f52fe739203dd P c0dcf07e91a6459fb83f90f61d363e44: Deleting log segment in path: /data/somelongdirectorytoavoidrpathissues/src/kudutest/linked_list-test.LinkedListTest.TestLoadAndVerify.1578429164263051-24384/linked-list-cluster/ts-1/wal/wals/77e67457a0334f92a22f52fe739203dd/wal-000000001 (ops 1-12410)
I0107 12:34:48.081720 24607 log.cc:1062] T 77e67457a0334f92a22f52fe739203dd P c0dcf07e91a6459fb83f90f61d363e44: Deleting log segment in path: /data/somelongdirectorytoavoidrpathissues/src/kudutest/linked_list-test.LinkedListTest.TestLoadAndVerify.1578429164263051-24384/linked-list-cluster/ts-1/wal/wals/77e67457a0334f92a22f52fe739203dd/wal-000000002 (ops 12411-24835)
I0107 12:34:48.082478 24607 log.cc:1062] T 77e67457a0334f92a22f52fe739203dd P c0dcf07e91a6459fb83f90f61d363e44: Deleting log segment in path: /data/somelongdirectorytoavoidrpathissues/src/kudutest/linked_list-test.LinkedListTest.TestLoadAndVerify.1578429164263051-24384/linked-list-cluster/ts-1/wal/wals/77e67457a0334f92a22f52fe739203dd/wal-000000003 (ops 24836-37262)
I0107 12:34:48.082548 24607 log.cc:1062] T 77e67457a0334f92a22f52fe739203dd P c0dcf07e91a6459fb83f90f61d363e44: Deleting log segment in path: /data/somelongdirectorytoavoidrpathissues/src/kudutest/linked_list-test.LinkedListTest.TestLoadAndVerify.1578429164263051-24384/linked-list-cluster/ts-1/wal/wals/77e67457a0334f92a22f52fe739203dd/wal-000000004 (ops 37263-49635)
I0107 12:34:48.082619 24607 log.cc:1062] T 77e67457a0334f92a22f52fe739203dd P c0dcf07e91a6459fb83f90f61d363e44: Deleting log segment in path: /data/somelongdirectorytoavoidrpathissues/src/kudutest/linked_list-test.LinkedListTest.TestLoadAndVerify.1578429164263051-24384/linked-list-cluster/ts-1/wal/wals/77e67457a0334f92a22f52fe739203dd/wal-000000005 (ops 49636-62045)
I0107 12:34:48.158742 24607 maintenance_manager.cc:527] P c0dcf07e91a6459fb83f90f61d363e44: LogGCOp(77e67457a0334f92a22f52fe739203dd) complete. Timing: real 0.076s user 0.000s sys 0.017s Metrics: {}
I0107 12:34:48.164680 24713 maintenance_manager.cc:326] P c0dcf07e91a6459fb83f90f61d363e44: Scheduling FlushMRSOp(30019a15e66f4115b11a50dbcaf93a87): perf score=0.034339
I0107 12:34:48.189561 24482 maintenance_manager.cc:527] P 914675d8717742d1ae5929637e95acb2: FlushMRSOp(77e67457a0334f92a22f52fe739203dd) complete. Timing: real 3.635s user 0.848s sys 0.061s Metrics: {"bytes_written":9574778,"cfile_init":1,"compiler_manager_pool.queue_time_us":6909,"compiler_manager_pool.run_cpu_time_us":170499,"compiler_manager_pool.run_wall_time_us":780914,"delete_count":0,"dirs.queue_time_us":3583,"dirs.run_cpu_time_us":106,"dirs.run_wall_time_us":92196,"drs_written":1,"lbm_read_time_us":8,"lbm_reads_lt_1ms":4,"lbm_write_time_us":108908,"lbm_writes_1-10_ms":24,"lbm_writes_10-100_ms":1,"lbm_writes_lt_1ms":948,"reinsert_count":0,"rows_written":540327,"thread_start_us":78,"threads_started":2,"update_count":645}
I0107 12:34:48.189677 24588 maintenance_manager.cc:326] P 914675d8717742d1ae5929637e95acb2: Scheduling LogGCOp(77e67457a0334f92a22f52fe739203dd): free 41966482 bytes of WAL
I0107 12:34:48.191763 24482 log_reader.cc:379] T 77e67457a0334f92a22f52fe739203dd: removed 5 log segments from log reader
I0107 12:34:48.191817 24482 log.cc:1062] T 77e67457a0334f92a22f52fe739203dd P 914675d8717742d1ae5929637e95acb2: Deleting log segment in path: /data/somelongdirectorytoavoidrpathissues/src/kudutest/linked_list-test.LinkedListTest.TestLoadAndVerify.1578429164263051-24384/linked-list-cluster/ts-0/wal/wals/77e67457a0334f92a22f52fe739203dd/wal-000000001 (ops 1-12410)
I0107 12:34:48.193217 24482 log.cc:1062] T 77e67457a0334f92a22f52fe739203dd P 914675d8717742d1ae5929637e95acb2: Deleting log segment in path: /data/somelongdirectorytoavoidrpathissues/src/kudutest/linked_list-test.LinkedListTest.TestLoadAndVerify.1578429164263051-24384/linked-list-cluster/ts-0/wal/wals/77e67457a0334f92a22f52fe739203dd/wal-000000002 (ops 12411-24829)
I0107 12:34:48.193332 24482 log.cc:1062] T 77e67457a0334f92a22f52fe739203dd P 914675d8717742d1ae5929637e95acb2: Deleting log segment in path: /data/somelongdirectorytoavoidrpathissues/src/kudutest/linked_list-test.LinkedListTest.TestLoadAndVerify.1578429164263051-24384/linked-list-cluster/ts-0/wal/wals/77e67457a0334f92a22f52fe739203dd/wal-000000003 (ops 24830-37251)
I0107 12:34:48.193452 24482 log.cc:1062] T 77e67457a0334f92a22f52fe739203dd P 914675d8717742d1ae5929637e95acb2: Deleting log segment in path: /data/somelongdirectorytoavoidrpathissues/src/kudutest/linked_list-test.LinkedListTest.TestLoadAndVerify.1578429164263051-24384/linked-list-cluster/ts-0/wal/wals/77e67457a0334f92a22f52fe739203dd/wal-000000004 (ops 37252-49635)
I0107 12:34:48.195277 24482 log.cc:1062] T 77e67457a0334f92a22f52fe739203dd P 914675d8717742d1ae5929637e95acb2: Deleting log segment in path: /data/somelongdirectorytoavoidrpathissues/src/kudutest/linked_list-test.LinkedListTest.TestLoadAndVerify.1578429164263051-24384/linked-list-cluster/ts-0/wal/wals/77e67457a0334f92a22f52fe739203dd/wal-000000005 (ops 49636-62045)
I0107 12:34:48.231251 24482 maintenance_manager.cc:527] P 914675d8717742d1ae5929637e95acb2: LogGCOp(77e67457a0334f92a22f52fe739203dd) complete. Timing: real 0.039s user 0.000s sys 0.013s Metrics: {}
I0107 12:34:48.232107 24588 maintenance_manager.cc:326] P 914675d8717742d1ae5929637e95acb2: Scheduling UndoDeltaBlockGCOp(77e67457a0334f92a22f52fe739203dd): 10736497 bytes on disk
I0107 12:34:48.232273 24482 maintenance_manager.cc:527] P 914675d8717742d1ae5929637e95acb2: UndoDeltaBlockGCOp(77e67457a0334f92a22f52fe739203dd) complete. Timing: real 0.000s user 0.000s sys 0.000s Metrics: {"cfile_init":1,"lbm_read_time_us":16,"lbm_reads_lt_1ms":4}
I0107 12:34:48.232388 24588 maintenance_manager.cc:326] P 914675d8717742d1ae5929637e95acb2: Scheduling FlushMRSOp(30019a15e66f4115b11a50dbcaf93a87): perf score=0.034357
I0107 12:34:51.234774 24731 maintenance_manager.cc:527] P 76f8bc397d684ec2b99494eb2fee53c4: FlushMRSOp(30019a15e66f4115b11a50dbcaf93a87) complete. Timing: real 3.613s user 0.832s sys 0.077s Metrics: {"bytes_written":9803192,"cfile_init":1,"delete_count":0,"dirs.queue_time_us":18975,"dirs.run_cpu_time_us":107,"dirs.run_wall_time_us":40579,"drs_written":1,"lbm_read_time_us":8,"lbm_reads_lt_1ms":4,"lbm_write_time_us":115849,"lbm_writes_1-10_ms":24,"lbm_writes_10-100_ms":1,"lbm_writes_lt_1ms":970,"reinsert_count":0,"rows_written":553250,"thread_start_us":4396,"threads_started":1,"update_count":763}
I0107 12:34:51.234936 24837 maintenance_manager.cc:326] P 76f8bc397d684ec2b99494eb2fee53c4: Scheduling LogGCOp(30019a15e66f4115b11a50dbcaf93a87): free 41932750 bytes of WAL
I0107 12:34:51.235704 24731 log_reader.cc:379] T 30019a15e66f4115b11a50dbcaf93a87: removed 5 log segments from log reader
I0107 12:34:51.235777 24731 log.cc:1062] T 30019a15e66f4115b11a50dbcaf93a87 P 76f8bc397d684ec2b99494eb2fee53c4: Deleting log segment in path: /data/somelongdirectorytoavoidrpathissues/src/kudutest/linked_list-test.LinkedListTest.TestLoadAndVerify.1578429164263051-24384/linked-list-cluster/ts-2/wal/wals/30019a15e66f4115b11a50dbcaf93a87/wal-000000001 (ops 1-12452)
I0107 12:34:51.235882 24731 log.cc:1062] T 30019a15e66f4115b11a50dbcaf93a87 P 76f8bc397d684ec2b99494eb2fee53c4: Deleting log segment in path: /data/somelongdirectorytoavoidrpathissues/src/kudutest/linked_list-test.LinkedListTest.TestLoadAndVerify.1578429164263051-24384/linked-list-cluster/ts-2/wal/wals/30019a15e66f4115b11a50dbcaf93a87/wal-000000002 (ops 12453-24867)
I0107 12:34:51.235944 24731 log.cc:1062] T 30019a15e66f4115b11a50dbcaf93a87 P 76f8bc397d684ec2b99494eb2fee53c4: Deleting log segment in path: /data/somelongdirectorytoavoidrpathissues/src/kudutest/linked_list-test.LinkedListTest.TestLoadAndVerify.1578429164263051-24384/linked-list-cluster/ts-2/wal/wals/30019a15e66f4115b11a50dbcaf93a87/wal-000000003 (ops 24868-37299)
I0107 12:34:51.236001 24731 log.cc:1062] T 30019a15e66f4115b11a50dbcaf93a87 P 76f8bc397d684ec2b99494eb2fee53c4: Deleting log segment in path: /data/somelongdirectorytoavoidrpathissues/src/kudutest/linked_list-test.LinkedListTest.TestLoadAndVerify.1578429164263051-24384/linked-list-cluster/ts-2/wal/wals/30019a15e66f4115b11a50dbcaf93a87/wal-000000004 (ops 37300-49668)
I0107 12:34:51.236054 24731 log.cc:1062] T 30019a15e66f4115b11a50dbcaf93a87 P 76f8bc397d684ec2b99494eb2fee53c4: Deleting log segment in path: /data/somelongdirectorytoavoidrpathissues/src/kudutest/linked_list-test.LinkedListTest.TestLoadAndVerify.1578429164263051-24384/linked-list-cluster/ts-2/wal/wals/30019a15e66f4115b11a50dbcaf93a87/wal-000000005 (ops 49669-62095)
I0107 12:34:51.260244 24731 maintenance_manager.cc:527] P 76f8bc397d684ec2b99494eb2fee53c4: LogGCOp(30019a15e66f4115b11a50dbcaf93a87) complete. Timing: real 0.025s user 0.000s sys 0.012s Metrics: {}
I0107 12:34:51.260671 24837 maintenance_manager.cc:326] P 76f8bc397d684ec2b99494eb2fee53c4: Scheduling UndoDeltaBlockGCOp(30019a15e66f4115b11a50dbcaf93a87): 11002852 bytes on disk
I0107 12:34:51.261286 24731 maintenance_manager.cc:527] P 76f8bc397d684ec2b99494eb2fee53c4: UndoDeltaBlockGCOp(30019a15e66f4115b11a50dbcaf93a87) complete. Timing: real 0.000s user 0.000s sys 0.000s Metrics: {"cfile_init":1,"lbm_read_time_us":9,"lbm_reads_lt_1ms":4}
I0107 12:34:51.262135 24837 maintenance_manager.cc:326] P 76f8bc397d684ec2b99494eb2fee53c4: Scheduling FlushMRSOp(16e58229a0c648eda40d4376454f2981): perf score=0.035199
I0107 12:34:51.307817 24607 maintenance_manager.cc:527] P c0dcf07e91a6459fb83f90f61d363e44: FlushMRSOp(30019a15e66f4115b11a50dbcaf93a87) complete. Timing: real 3.143s user 0.810s sys 0.084s Metrics: {"bytes_written":9869062,"cfile_init":1,"delete_count":0,"dirs.queue_time_us":533,"dirs.run_cpu_time_us":135,"dirs.run_wall_time_us":25868,"drs_written":1,"lbm_read_time_us":7,"lbm_reads_lt_1ms":4,"lbm_write_time_us":81306,"lbm_writes_1-10_ms":18,"lbm_writes_lt_1ms":980,"reinsert_count":0,"rows_written":555644,"thread_start_us":41,"threads_started":1,"update_count":3157}
I0107 12:34:51.307991 24713 maintenance_manager.cc:326] P c0dcf07e91a6459fb83f90f61d363e44: Scheduling LogGCOp(30019a15e66f4115b11a50dbcaf93a87): free 41995427 bytes of WAL
I0107 12:34:51.308061 24607 log_reader.cc:379] T 30019a15e66f4115b11a50dbcaf93a87: removed 5 log segments from log reader
I0107 12:34:51.308105 24607 log.cc:1062] T 30019a15e66f4115b11a50dbcaf93a87 P c0dcf07e91a6459fb83f90f61d363e44: Deleting log segment in path: /data/somelongdirectorytoavoidrpathissues/src/kudutest/linked_list-test.LinkedListTest.TestLoadAndVerify.1578429164263051-24384/linked-list-cluster/ts-1/wal/wals/30019a15e66f4115b11a50dbcaf93a87/wal-000000001 (ops 1-12448)
I0107 12:34:51.308187 24607 log.cc:1062] T 30019a15e66f4115b11a50dbcaf93a87 P c0dcf07e91a6459fb83f90f61d363e44: Deleting log segment in path: /data/somelongdirectorytoavoidrpathissues/src/kudutest/linked_list-test.LinkedListTest.TestLoadAndVerify.1578429164263051-24384/linked-list-cluster/ts-1/wal/wals/30019a15e66f4115b11a50dbcaf93a87/wal-000000002 (ops 12449-24841)
I0107 12:34:51.308255 24607 log.cc:1062] T 30019a15e66f4115b11a50dbcaf93a87 P c0dcf07e91a6459fb83f90f61d363e44: Deleting log segment in path: /data/somelongdirectorytoavoidrpathissues/src/kudutest/linked_list-test.LinkedListTest.TestLoadAndVerify.1578429164263051-24384/linked-list-cluster/ts-1/wal/wals/30019a15e66f4115b11a50dbcaf93a87/wal-000000003 (ops 24842-37250)
I0107 12:34:51.308322 24607 log.cc:1062] T 30019a15e66f4115b11a50dbcaf93a87 P c0dcf07e91a6459fb83f90f61d363e44: Deleting log segment in path: /data/somelongdirectorytoavoidrpathissues/src/kudutest/linked_list-test.LinkedListTest.TestLoadAndVerify.1578429164263051-24384/linked-list-cluster/ts-1/wal/wals/30019a15e66f4115b11a50dbcaf93a87/wal-000000004 (ops 37251-49667)
I0107 12:34:51.308383 24607 log.cc:1062] T 30019a15e66f4115b11a50dbcaf93a87 P c0dcf07e91a6459fb83f90f61d363e44: Deleting log segment in path: /data/somelongdirectorytoavoidrpathissues/src/kudutest/linked_list-test.LinkedListTest.TestLoadAndVerify.1578429164263051-24384/linked-list-cluster/ts-1/wal/wals/30019a15e66f4115b11a50dbcaf93a87/wal-000000005 (ops 49668-62082)
I0107 12:34:51.343690 24607 maintenance_manager.cc:527] P c0dcf07e91a6459fb83f90f61d363e44: LogGCOp(30019a15e66f4115b11a50dbcaf93a87) complete. Timing: real 0.036s user 0.004s sys 0.009s Metrics: {}
I0107 12:34:51.343835 24713 maintenance_manager.cc:326] P c0dcf07e91a6459fb83f90f61d363e44: Scheduling FlushMRSOp(16e58229a0c648eda40d4376454f2981): perf score=0.035222
I0107 12:34:51.694016 24482 maintenance_manager.cc:527] P 914675d8717742d1ae5929637e95acb2: FlushMRSOp(30019a15e66f4115b11a50dbcaf93a87) complete. Timing: real 3.461s user 0.859s sys 0.071s Metrics: {"bytes_written":9880134,"cfile_init":1,"delete_count":0,"dirs.queue_time_us":1484,"dirs.run_cpu_time_us":113,"dirs.run_wall_time_us":94966,"drs_written":1,"lbm_read_time_us":9,"lbm_reads_lt_1ms":4,"lbm_write_time_us":115747,"lbm_writes_1-10_ms":25,"lbm_writes_10-100_ms":1,"lbm_writes_lt_1ms":973,"reinsert_count":0,"rows_written":555903,"thread_start_us":42,"threads_started":1,"update_count":3416}
I0107 12:34:51.694190 24588 maintenance_manager.cc:326] P 914675d8717742d1ae5929637e95acb2: Scheduling LogGCOp(30019a15e66f4115b11a50dbcaf93a87): free 41928906 bytes of WAL
I0107 12:34:51.694959 24482 log_reader.cc:379] T 30019a15e66f4115b11a50dbcaf93a87: removed 5 log segments from log reader
I0107 12:34:51.695010 24482 log.cc:1062] T 30019a15e66f4115b11a50dbcaf93a87 P 914675d8717742d1ae5929637e95acb2: Deleting log segment in path: /data/somelongdirectorytoavoidrpathissues/src/kudutest/linked_list-test.LinkedListTest.TestLoadAndVerify.1578429164263051-24384/linked-list-cluster/ts-0/wal/wals/30019a15e66f4115b11a50dbcaf93a87/wal-000000001 (ops 1-12449)
I0107 12:34:51.695297 24482 log.cc:1062] T 30019a15e66f4115b11a50dbcaf93a87 P 914675d8717742d1ae5929637e95acb2: Deleting log segment in path: /data/somelongdirectorytoavoidrpathissues/src/kudutest/linked_list-test.LinkedListTest.TestLoadAndVerify.1578429164263051-24384/linked-list-cluster/ts-0/wal/wals/30019a15e66f4115b11a50dbcaf93a87/wal-000000002 (ops 12450-24882)
I0107 12:34:51.695361 24482 log.cc:1062] T 30019a15e66f4115b11a50dbcaf93a87 P 914675d8717742d1ae5929637e95acb2: Deleting log segment in path: /data/somelongdirectorytoavoidrpathissues/src/kudutest/linked_list-test.LinkedListTest.TestLoadAndVerify.1578429164263051-24384/linked-list-cluster/ts-0/wal/wals/30019a15e66f4115b11a50dbcaf93a87/wal-000000003 (ops 24883-37338)
I0107 12:34:51.695821 24482 log.cc:1062] T 30019a15e66f4115b11a50dbcaf93a87 P 914675d8717742d1ae5929637e95acb2: Deleting log segment in path: /data/somelongdirectorytoavoidrpathissues/src/kudutest/linked_list-test.LinkedListTest.TestLoadAndVerify.1578429164263051-24384/linked-list-cluster/ts-0/wal/wals/30019a15e66f4115b11a50dbcaf93a87/wal-000000004 (ops 37339-49728)
I0107 12:34:51.696038 24482 log.cc:1062] T 30019a15e66f4115b11a50dbcaf93a87 P 914675d8717742d1ae5929637e95acb2: Deleting log segment in path: /data/somelongdirectorytoavoidrpathissues/src/kudutest/linked_list-test.LinkedListTest.TestLoadAndVerify.1578429164263051-24384/linked-list-cluster/ts-0/wal/wals/30019a15e66f4115b11a50dbcaf93a87/wal-000000005 (ops 49729-62187)
I0107 12:34:51.767879 24482 maintenance_manager.cc:527] P 914675d8717742d1ae5929637e95acb2: LogGCOp(30019a15e66f4115b11a50dbcaf93a87) complete. Timing: real 0.073s user 0.000s sys 0.013s Metrics: {}
I0107 12:34:51.768189 24588 maintenance_manager.cc:326] P 914675d8717742d1ae5929637e95acb2: Scheduling FlushMRSOp(16e58229a0c648eda40d4376454f2981): perf score=0.035339 ------------------------------------------------------------ Histogram for latency of insert operations (microseconds) Note: each insert is a batch of 50 rows. ------------------------------------------------------------ Count: 70000 Mean: 1673.19 Percentiles: 0% (min) = 778 25% = 1319 50% (med) = 1463 75% = 1649 95% = 2124 99% = 6416 99.9% = 34496 99.99% = 54944 100% (max) = 72471
I0107 12:34:55.080562 24384 linked_list-test-util.h:519] Written 3500000 rows in chain
I0107 12:35:07.987977 24731 maintenance_manager.cc:527] P 76f8bc397d684ec2b99494eb2fee53c4: FlushMRSOp(16e58229a0c648eda40d4376454f2981) complete. Timing: real 16.726s user 3.648s sys 0.295s Metrics: {"bytes_written":40285358,"cfile_init":2,"delete_count":0,"dirs.queue_time_us":10193,"dirs.run_cpu_time_us":221,"dirs.run_wall_time_us":386251,"drs_written":2,"lbm_read_time_us":14,"lbm_reads_lt_1ms":8,"lbm_write_time_us":882090,"lbm_writes_1-10_ms":96,"lbm_writes_10-100_ms":1,"lbm_writes_gt_100_ms":1,"lbm_writes_lt_1ms":3944,"reinsert_count":0,"rows_written":2269221,"thread_start_us":1290,"threads_started":2,"update_count":12114}
I0107 12:35:07.988157 24837 maintenance_manager.cc:326] P 76f8bc397d684ec2b99494eb2fee53c4: Scheduling UndoDeltaBlockGCOp(16e58229a0c648eda40d4376454f2981): 45081769 bytes on disk
I0107 12:35:07.988310 24731 maintenance_manager.cc:527] P 76f8bc397d684ec2b99494eb2fee53c4: UndoDeltaBlockGCOp(16e58229a0c648eda40d4376454f2981) complete. Timing: real 0.000s user 0.000s sys 0.000s Metrics: {"cfile_init":2,"lbm_read_time_us":20,"lbm_reads_lt_1ms":8}
I0107 12:35:07.988358 24837 maintenance_manager.cc:326] P 76f8bc397d684ec2b99494eb2fee53c4: Scheduling UndoDeltaBlockGCOp(77e67457a0334f92a22f52fe739203dd): 10740758 bytes on disk
I0107 12:35:07.988502 24731 maintenance_manager.cc:527] P 76f8bc397d684ec2b99494eb2fee53c4: UndoDeltaBlockGCOp(77e67457a0334f92a22f52fe739203dd) complete. Timing: real 0.000s user 0.000s sys 0.000s Metrics: {"cfile_init":1,"lbm_read_time_us":10,"lbm_reads_lt_1ms":4}
I0107 12:35:08.110054 24482 maintenance_manager.cc:527] P 914675d8717742d1ae5929637e95acb2: FlushMRSOp(16e58229a0c648eda40d4376454f2981) complete. Timing: real 16.342s user 3.637s sys 0.282s Metrics: {"bytes_written":40318978,"cfile_init":2,"delete_count":0,"dirs.queue_time_us":30998,"dirs.run_cpu_time_us":163,"dirs.run_wall_time_us":82679,"drs_written":2,"lbm_read_time_us":14,"lbm_reads_lt_1ms":8,"lbm_write_time_us":464636,"lbm_writes_1-10_ms":110,"lbm_writes_10-100_ms":4,"lbm_writes_lt_1ms":3936,"reinsert_count":0,"rows_written":2276337,"spinlock_wait_cycles":30592,"thread_start_us":60,"threads_started":2,"update_count":3910}
I0107 12:35:08.110260 24588 maintenance_manager.cc:326] P 914675d8717742d1ae5929637e95acb2: Scheduling LogGCOp(16e58229a0c648eda40d4376454f2981): free 92623956 bytes of WAL
I0107 12:35:08.110575 24482 log_reader.cc:379] T 16e58229a0c648eda40d4376454f2981: removed 11 log segments from log reader
I0107 12:35:08.110631 24482 log.cc:1062] T 16e58229a0c648eda40d4376454f2981 P 914675d8717742d1ae5929637e95acb2: Deleting log segment in path: /data/somelongdirectorytoavoidrpathissues/src/kudutest/linked_list-test.LinkedListTest.TestLoadAndVerify.1578429164263051-24384/linked-list-cluster/ts-0/wal/wals/16e58229a0c648eda40d4376454f2981/wal-000000001 (ops 1-5935)
I0107 12:35:08.110718 24482 log.cc:1062] T 16e58229a0c648eda40d4376454f2981 P 914675d8717742d1ae5929637e95acb2: Deleting log segment in path: /data/somelongdirectorytoavoidrpathissues/src/kudutest/linked_list-test.LinkedListTest.TestLoadAndVerify.1578429164263051-24384/linked-list-cluster/ts-0/wal/wals/16e58229a0c648eda40d4376454f2981/wal-000000002 (ops 5936-11909)
I0107 12:35:08.111608 24482 log.cc:1062] T 16e58229a0c648eda40d4376454f2981 P 914675d8717742d1ae5929637e95acb2: Deleting log segment in path: /data/somelongdirectorytoavoidrpathissues/src/kudutest/linked_list-test.LinkedListTest.TestLoadAndVerify.1578429164263051-24384/linked-list-cluster/ts-0/wal/wals/16e58229a0c648eda40d4376454f2981/wal-000000003 (ops 11910-17776)
I0107 12:35:08.111686 24482 log.cc:1062] T 16e58229a0c648eda40d4376454f2981 P 914675d8717742d1ae5929637e95acb2: Deleting log segment in path: /data/somelongdirectorytoavoidrpathissues/src/kudutest/linked_list-test.LinkedListTest.TestLoadAndVerify.1578429164263051-24384/linked-list-cluster/ts-0/wal/wals/16e58229a0c648eda40d4376454f2981/wal-000000004 (ops 17777-23713)
I0107 12:35:08.111748 24482 log.cc:1062] T 16e58229a0c648eda40d4376454f2981 P 914675d8717742d1ae5929637e95acb2: Deleting log segment in path: /data/somelongdirectorytoavoidrpathissues/src/kudutest/linked_list-test.LinkedListTest.TestLoadAndVerify.1578429164263051-24384/linked-list-cluster/ts-0/wal/wals/16e58229a0c648eda40d4376454f2981/wal-000000005 (ops 23714-29674)
I0107 12:35:08.111821 24482 log.cc:1062] T 16e58229a0c648eda40d4376454f2981 P 914675d8717742d1ae5929637e95acb2: Deleting log segment in path: /data/somelongdirectorytoavoidrpathissues/src/kudutest/linked_list-test.LinkedListTest.TestLoadAndVerify.1578429164263051-24384/linked-list-cluster/ts-0/wal/wals/16e58229a0c648eda40d4376454f2981/wal-000000006 (ops 29675-35559)
I0107 12:35:08.111912 24482 log.cc:1062] T 16e58229a0c648eda40d4376454f2981 P 914675d8717742d1ae5929637e95acb2: Deleting log segment in path: /data/somelongdirectorytoavoidrpathissues/src/kudutest/linked_list-test.LinkedListTest.TestLoadAndVerify.1578429164263051-24384/linked-list-cluster/ts-0/wal/wals/16e58229a0c648eda40d4376454f2981/wal-000000007 (ops 35560-41517)
I0107 12:35:08.112388 24482 log.cc:1062] T 16e58229a0c648eda40d4376454f2981 P 914675d8717742d1ae5929637e95acb2: Deleting log segment in path: /data/somelongdirectorytoavoidrpathissues/src/kudutest/linked_list-test.LinkedListTest.TestLoadAndVerify.1578429164263051-24384/linked-list-cluster/ts-0/wal/wals/16e58229a0c648eda40d4376454f2981/wal-000000008 (ops 41518-47448)
I0107 12:35:08.112480 24482 log.cc:1062] T 16e58229a0c648eda40d4376454f2981 P 914675d8717742d1ae5929637e95acb2: Deleting log segment in path: /data/somelongdirectorytoavoidrpathissues/src/kudutest/linked_list-test.LinkedListTest.TestLoadAndVerify.1578429164263051-24384/linked-list-cluster/ts-0/wal/wals/16e58229a0c648eda40d4376454f2981/wal-000000009 (ops 47449-53455)
I0107 12:35:08.112583 24482 log.cc:1062] T 16e58229a0c648eda40d4376454f2981 P 914675d8717742d1ae5929637e95acb2: Deleting log segment in path: /data/somelongdirectorytoavoidrpathissues/src/kudutest/linked_list-test.LinkedListTest.TestLoadAndVerify.1578429164263051-24384/linked-list-cluster/ts-0/wal/wals/16e58229a0c648eda40d4376454f2981/wal-000000010 (ops 53456-59328)
I0107 12:35:08.112641 24482 log.cc:1062] T 16e58229a0c648eda40d4376454f2981 P 914675d8717742d1ae5929637e95acb2: Deleting log segment in path: /data/somelongdirectorytoavoidrpathissues/src/kudutest/linked_list-test.LinkedListTest.TestLoadAndVerify.1578429164263051-24384/linked-list-cluster/ts-0/wal/wals/16e58229a0c648eda40d4376454f2981/wal-000000011 (ops 59329-65216)
I0107 12:35:08.213065 24482 maintenance_manager.cc:527] P 914675d8717742d1ae5929637e95acb2: LogGCOp(16e58229a0c648eda40d4376454f2981) complete. Timing: real 0.102s user 0.003s sys 0.021s Metrics: {}
I0107 12:35:08.213212 24588 maintenance_manager.cc:326] P 914675d8717742d1ae5929637e95acb2: Scheduling UndoDeltaBlockGCOp(16e58229a0c648eda40d4376454f2981): 45296984 bytes on disk
I0107 12:35:08.213577 24482 maintenance_manager.cc:527] P 914675d8717742d1ae5929637e95acb2: UndoDeltaBlockGCOp(16e58229a0c648eda40d4376454f2981) complete. Timing: real 0.000s user 0.000s sys 0.000s Metrics: {"cfile_init":2,"lbm_read_time_us":18,"lbm_reads_lt_1ms":8}
I0107 12:35:08.213762 24588 maintenance_manager.cc:326] P 914675d8717742d1ae5929637e95acb2: Scheduling UndoDeltaBlockGCOp(30019a15e66f4115b11a50dbcaf93a87): 11034469 bytes on disk
I0107 12:35:08.213893 24482 maintenance_manager.cc:527] P 914675d8717742d1ae5929637e95acb2: UndoDeltaBlockGCOp(30019a15e66f4115b11a50dbcaf93a87) complete. Timing: real 0.000s user 0.000s sys 0.000s Metrics: {"cfile_init":1,"lbm_read_time_us":8,"lbm_reads_lt_1ms":4}
I0107 12:35:08.238731 24837 maintenance_manager.cc:326] P 76f8bc397d684ec2b99494eb2fee53c4: Scheduling LogGCOp(16e58229a0c648eda40d4376454f2981): free 92659022 bytes of WAL
I0107 12:35:08.238782 24731 log_reader.cc:379] T 16e58229a0c648eda40d4376454f2981: removed 11 log segments from log reader
I0107 12:35:08.238790 24731 log.cc:1062] T 16e58229a0c648eda40d4376454f2981 P 76f8bc397d684ec2b99494eb2fee53c4: Deleting log segment in path: /data/somelongdirectorytoavoidrpathissues/src/kudutest/linked_list-test.LinkedListTest.TestLoadAndVerify.1578429164263051-24384/linked-list-cluster/ts-2/wal/wals/16e58229a0c648eda40d4376454f2981/wal-000000001 (ops 1-5929)
I0107 12:35:08.238837 24731 log.cc:1062] T 16e58229a0c648eda40d4376454f2981 P 76f8bc397d684ec2b99494eb2fee53c4: Deleting log segment in path: /data/somelongdirectorytoavoidrpathissues/src/kudutest/linked_list-test.LinkedListTest.TestLoadAndVerify.1578429164263051-24384/linked-list-cluster/ts-2/wal/wals/16e58229a0c648eda40d4376454f2981/wal-000000002 (ops 5930-11898)
I0107 12:35:08.238865 24731 log.cc:1062] T 16e58229a0c648eda40d4376454f2981 P 76f8bc397d684ec2b99494eb2fee53c4: Deleting log segment in path: /data/somelongdirectorytoavoidrpathissues/src/kudutest/linked_list-test.LinkedListTest.TestLoadAndVerify.1578429164263051-24384/linked-list-cluster/ts-2/wal/wals/16e58229a0c648eda40d4376454f2981/wal-000000003 (ops 11899-17763)
I0107 12:35:08.238888 24731 log.cc:1062] T 16e58229a0c648eda40d4376454f2981 P 76f8bc397d684ec2b99494eb2fee53c4: Deleting log segment in path: /data/somelongdirectorytoavoidrpathissues/src/kudutest/linked_list-test.LinkedListTest.TestLoadAndVerify.1578429164263051-24384/linked-list-cluster/ts-2/wal/wals/16e58229a0c648eda40d4376454f2981/wal-000000004 (ops 17764-23713)
I0107 12:35:08.238914 24731 log.cc:1062] T 16e58229a0c648eda40d4376454f2981 P 76f8bc397d684ec2b99494eb2fee53c4: Deleting log segment in path: /data/somelongdirectorytoavoidrpathissues/src/kudutest/linked_list-test.LinkedListTest.TestLoadAndVerify.1578429164263051-24384/linked-list-cluster/ts-2/wal/wals/16e58229a0c648eda40d4376454f2981/wal-000000005 (ops 23714-29674)
I0107 12:35:08.238935 24731 log.cc:1062] T 16e58229a0c648eda40d4376454f2981 P 76f8bc397d684ec2b99494eb2fee53c4: Deleting log segment in path: /data/somelongdirectorytoavoidrpathissues/src/kudutest/linked_list-test.LinkedListTest.TestLoadAndVerify.1578429164263051-24384/linked-list-cluster/ts-2/wal/wals/16e58229a0c648eda40d4376454f2981/wal-000000006 (ops 29675-35559)
I0107 12:35:08.238965 24731 log.cc:1062] T 16e58229a0c648eda40d4376454f2981 P 76f8bc397d684ec2b99494eb2fee53c4: Deleting log segment in path: /data/somelongdirectorytoavoidrpathissues/src/kudutest/linked_list-test.LinkedListTest.TestLoadAndVerify.1578429164263051-24384/linked-list-cluster/ts-2/wal/wals/16e58229a0c648eda40d4376454f2981/wal-000000007 (ops 35560-41516)
I0107 12:35:08.239058 24731 log.cc:1062] T 16e58229a0c648eda40d4376454f2981 P 76f8bc397d684ec2b99494eb2fee53c4: Deleting log segment in path: /data/somelongdirectorytoavoidrpathissues/src/kudutest/linked_list-test.LinkedListTest.TestLoadAndVerify.1578429164263051-24384/linked-list-cluster/ts-2/wal/wals/16e58229a0c648eda40d4376454f2981/wal-000000008 (ops 41517-47455)
I0107 12:35:08.239085 24731 log.cc:1062] T 16e58229a0c648eda40d4376454f2981 P 76f8bc397d684ec2b99494eb2fee53c4: Deleting log segment in path: /data/somelongdirectorytoavoidrpathissues/src/kudutest/linked_list-test.LinkedListTest.TestLoadAndVerify.1578429164263051-24384/linked-list-cluster/ts-2/wal/wals/16e58229a0c648eda40d4376454f2981/wal-000000009 (ops 47456-53462)
I0107 12:35:08.239112 24731 log.cc:1062] T 16e58229a0c648eda40d4376454f2981 P 76f8bc397d684ec2b99494eb2fee53c4: Deleting log segment in path: /data/somelongdirectorytoavoidrpathissues/src/kudutest/linked_list-test.LinkedListTest.TestLoadAndVerify.1578429164263051-24384/linked-list-cluster/ts-2/wal/wals/16e58229a0c648eda40d4376454f2981/wal-000000010 (ops 53463-59333)
I0107 12:35:08.239161 24731 log.cc:1062] T 16e58229a0c648eda40d4376454f2981 P 76f8bc397d684ec2b99494eb2fee53c4: Deleting log segment in path: /data/somelongdirectorytoavoidrpathissues/src/kudutest/linked_list-test.LinkedListTest.TestLoadAndVerify.1578429164263051-24384/linked-list-cluster/ts-2/wal/wals/16e58229a0c648eda40d4376454f2981/wal-000000011 (ops 59334-65215)
I0107 12:35:08.283629 24731 maintenance_manager.cc:527] P 76f8bc397d684ec2b99494eb2fee53c4: LogGCOp(16e58229a0c648eda40d4376454f2981) complete. Timing: real 0.045s user 0.002s sys 0.025s Metrics: {}
I0107 12:35:08.392961 24607 maintenance_manager.cc:527] P c0dcf07e91a6459fb83f90f61d363e44: FlushMRSOp(16e58229a0c648eda40d4376454f2981) complete. Timing: real 17.049s user 3.741s sys 0.306s Metrics: {"bytes_written":40318068,"cfile_init":2,"delete_count":0,"dirs.queue_time_us":8034,"dirs.run_cpu_time_us":215,"dirs.run_wall_time_us":235118,"drs_written":2,"lbm_read_time_us":171367,"lbm_reads_gt_100_ms":1,"lbm_reads_lt_1ms":7,"lbm_write_time_us":533769,"lbm_writes_1-10_ms":107,"lbm_writes_10-100_ms":6,"lbm_writes_lt_1ms":3931,"reinsert_count":0,"rows_written":2270353,"thread_start_us":59,"threads_started":2,"update_count":13246}
I0107 12:35:08.393079 24713 maintenance_manager.cc:326] P c0dcf07e91a6459fb83f90f61d363e44: Scheduling LogGCOp(16e58229a0c648eda40d4376454f2981): free 92572691 bytes of WAL
I0107 12:35:08.393190 24607 log_reader.cc:379] T 16e58229a0c648eda40d4376454f2981: removed 11 log segments from log reader
