I0107 12:41:52.272758 24713 maintenance_manager.cc:326] P c0dcf07e91a6459fb83f90f61d363e44: Scheduling CompactRowSetsOp(16e58229a0c648eda40d4376454f2981): perf score=0.997254 ------------------------------------------------------------ Histogram for latency of insert operations (microseconds) Note: each insert is a batch of 50 rows. ------------------------------------------------------------ Count: 260000 Mean: 1945.32 Percentiles: 0% (min) = 778 25% = 1413 50% (med) = 1588 75% = 1824 95% = 2498 99% = 8136 99.9% = 47136 99.99% = 197376 100% (max) = 1830262 *NOTE: some values were greater than highest trackable value
I0107 12:41:54.763823 24384 linked_list-test-util.h:519] Written 13000000 rows in chain ------------------------------------------------------------ Histogram for latency of insert operations (microseconds) Note: each insert is a batch of 50 rows. ------------------------------------------------------------ Count: 270000 Mean: 1955.58 Percentiles: 0% (min) = 778 25% = 1417 50% (med) = 1594 75% = 1834 95% = 2528 99% = 8208 99.9% = 47200 99.99% = 197376 100% (max) = 1830262 *NOTE: some values were greater than highest trackable value
I0107 12:42:18.558684 24384 linked_list-test-util.h:519] Written 13500000 rows in chain
I0107 12:42:34.875953 24482 maintenance_manager.cc:527] P 914675d8717742d1ae5929637e95acb2: CompactRowSetsOp(16e58229a0c648eda40d4376454f2981) complete. Timing: real 50.410s user 11.133s sys 1.177s Metrics: {"bytes_written":147634245,"cfile_cache_hit":374,"cfile_cache_hit_bytes":52348045,"cfile_cache_miss":19324,"cfile_cache_miss_bytes":547811967,"cfile_init":22,"delta_iterators_relevant":12,"dirs.queue_time_us":8362,"dirs.run_cpu_time_us":638,"dirs.run_wall_time_us":426518,"drs_written":5,"lbm_read_time_us":8624296,"lbm_reads_1-10_ms":321,"lbm_reads_10-100_ms":152,"lbm_reads_gt_100_ms":18,"lbm_reads_lt_1ms":18921,"lbm_write_time_us":1856719,"lbm_writes_1-10_ms":299,"lbm_writes_10-100_ms":10,"lbm_writes_gt_100_ms":2,"lbm_writes_lt_1ms":14505,"num_input_rowsets":5,"rows_written":8359667,"spinlock_wait_cycles":394948736,"thread_start_us":576,"threads_started":13}
I0107 12:42:34.876108 24588 maintenance_manager.cc:326] P 914675d8717742d1ae5929637e95acb2: Scheduling LogGCOp(16e58229a0c648eda40d4376454f2981): free 75840833 bytes of WAL
I0107 12:42:34.876174 24482 log_reader.cc:379] T 16e58229a0c648eda40d4376454f2981: removed 9 log segments from log reader
I0107 12:42:34.876194 24482 log.cc:1062] T 16e58229a0c648eda40d4376454f2981 P 914675d8717742d1ae5929637e95acb2: Deleting log segment in path: /data/somelongdirectorytoavoidrpathissues/src/kudutest/linked_list-test.LinkedListTest.TestLoadAndVerify.1578429164263051-24384/linked-list-cluster/ts-0/wal/wals/16e58229a0c648eda40d4376454f2981/wal-000000034 (ops 195152-201053)
I0107 12:42:34.880127 24482 log.cc:1062] T 16e58229a0c648eda40d4376454f2981 P 914675d8717742d1ae5929637e95acb2: Deleting log segment in path: /data/somelongdirectorytoavoidrpathissues/src/kudutest/linked_list-test.LinkedListTest.TestLoadAndVerify.1578429164263051-24384/linked-list-cluster/ts-0/wal/wals/16e58229a0c648eda40d4376454f2981/wal-000000035 (ops 201054-207004)
I0107 12:42:34.880221 24482 log.cc:1062] T 16e58229a0c648eda40d4376454f2981 P 914675d8717742d1ae5929637e95acb2: Deleting log segment in path: /data/somelongdirectorytoavoidrpathissues/src/kudutest/linked_list-test.LinkedListTest.TestLoadAndVerify.1578429164263051-24384/linked-list-cluster/ts-0/wal/wals/16e58229a0c648eda40d4376454f2981/wal-000000036 (ops 207005-212891)
I0107 12:42:34.880291 24482 log.cc:1062] T 16e58229a0c648eda40d4376454f2981 P 914675d8717742d1ae5929637e95acb2: Deleting log segment in path: /data/somelongdirectorytoavoidrpathissues/src/kudutest/linked_list-test.LinkedListTest.TestLoadAndVerify.1578429164263051-24384/linked-list-cluster/ts-0/wal/wals/16e58229a0c648eda40d4376454f2981/wal-000000037 (ops 212892-218862)
I0107 12:42:34.880359 24482 log.cc:1062] T 16e58229a0c648eda40d4376454f2981 P 914675d8717742d1ae5929637e95acb2: Deleting log segment in path: /data/somelongdirectorytoavoidrpathissues/src/kudutest/linked_list-test.LinkedListTest.TestLoadAndVerify.1578429164263051-24384/linked-list-cluster/ts-0/wal/wals/16e58229a0c648eda40d4376454f2981/wal-000000038 (ops 218863-224788)
I0107 12:42:34.880476 24482 log.cc:1062] T 16e58229a0c648eda40d4376454f2981 P 914675d8717742d1ae5929637e95acb2: Deleting log segment in path: /data/somelongdirectorytoavoidrpathissues/src/kudutest/linked_list-test.LinkedListTest.TestLoadAndVerify.1578429164263051-24384/linked-list-cluster/ts-0/wal/wals/16e58229a0c648eda40d4376454f2981/wal-000000039 (ops 224789-230650)
I0107 12:42:34.880553 24482 log.cc:1062] T 16e58229a0c648eda40d4376454f2981 P 914675d8717742d1ae5929637e95acb2: Deleting log segment in path: /data/somelongdirectorytoavoidrpathissues/src/kudutest/linked_list-test.LinkedListTest.TestLoadAndVerify.1578429164263051-24384/linked-list-cluster/ts-0/wal/wals/16e58229a0c648eda40d4376454f2981/wal-000000040 (ops 230651-236607)
I0107 12:42:34.880628 24482 log.cc:1062] T 16e58229a0c648eda40d4376454f2981 P 914675d8717742d1ae5929637e95acb2: Deleting log segment in path: /data/somelongdirectorytoavoidrpathissues/src/kudutest/linked_list-test.LinkedListTest.TestLoadAndVerify.1578429164263051-24384/linked-list-cluster/ts-0/wal/wals/16e58229a0c648eda40d4376454f2981/wal-000000041 (ops 236608-242539)
I0107 12:42:34.880731 24482 log.cc:1062] T 16e58229a0c648eda40d4376454f2981 P 914675d8717742d1ae5929637e95acb2: Deleting log segment in path: /data/somelongdirectorytoavoidrpathissues/src/kudutest/linked_list-test.LinkedListTest.TestLoadAndVerify.1578429164263051-24384/linked-list-cluster/ts-0/wal/wals/16e58229a0c648eda40d4376454f2981/wal-000000042 (ops 242540-248504)
I0107 12:42:34.965952 24482 maintenance_manager.cc:527] P 914675d8717742d1ae5929637e95acb2: LogGCOp(16e58229a0c648eda40d4376454f2981) complete. Timing: real 0.090s user 0.000s sys 0.023s Metrics: {}
I0107 12:42:34.969779 24588 maintenance_manager.cc:326] P 914675d8717742d1ae5929637e95acb2: Scheduling UndoDeltaBlockGCOp(16e58229a0c648eda40d4376454f2981): 176438165 bytes on disk
I0107 12:42:35.327204 24482 maintenance_manager.cc:527] P 914675d8717742d1ae5929637e95acb2: UndoDeltaBlockGCOp(16e58229a0c648eda40d4376454f2981) complete. Timing: real 0.357s user 0.000s sys 0.002s Metrics: {"cfile_init":5,"lbm_read_time_us":357063,"lbm_reads_1-10_ms":1,"lbm_reads_10-100_ms":8,"lbm_reads_gt_100_ms":1,"lbm_reads_lt_1ms":10}
I0107 12:42:37.936105 28257 rpcz_store.cc:269] Call kudu.tserver.TabletServerService.Write from 127.23.208.3:43359 (ReqId={client: 38ca74434bcb40b7a65933bd12dc4ffd, seq_no=822159, attempt_no=0}) took 1026ms. Request Metrics: {"child_traces":[["txn",{"apply.queue_time_us":356,"cfile_cache_hit":147926,"cfile_cache_hit_bytes":1460853582,"num_ops":17908,"prepare.queue_time_us":8,"prepare.run_cpu_time_us":19131,"prepare.run_wall_time_us":65734,"raft.queue_time_us":54,"raft.run_cpu_time_us":121,"raft.run_wall_time_us":176,"replication_time_us":3195,"spinlock_wait_cycles":75818112}]]}
I0107 12:42:41.769112 24731 maintenance_manager.cc:527] P 76f8bc397d684ec2b99494eb2fee53c4: CompactRowSetsOp(16e58229a0c648eda40d4376454f2981) complete. Timing: real 51.143s user 11.227s sys 1.159s Metrics: {"bytes_written":148805632,"cfile_cache_hit":412,"cfile_cache_hit_bytes":57917144,"cfile_cache_miss":19442,"cfile_cache_miss_bytes":547122516,"cfile_init":22,"delta_iterators_relevant":12,"dirs.queue_time_us":28963,"dirs.run_cpu_time_us":607,"dirs.run_wall_time_us":580984,"drs_written":5,"lbm_read_time_us":8928195,"lbm_reads_1-10_ms":342,"lbm_reads_10-100_ms":140,"lbm_reads_gt_100_ms":19,"lbm_reads_lt_1ms":19029,"lbm_write_time_us":1851438,"lbm_writes_1-10_ms":319,"lbm_writes_10-100_ms":14,"lbm_writes_gt_100_ms":2,"lbm_writes_lt_1ms":14599,"num_input_rowsets":5,"rows_written":8426796,"spinlock_wait_cycles":256393600,"thread_start_us":213,"threads_started":5}
I0107 12:42:41.769389 24837 maintenance_manager.cc:326] P 76f8bc397d684ec2b99494eb2fee53c4: Scheduling LogGCOp(16e58229a0c648eda40d4376454f2981): free 75624604 bytes of WAL
I0107 12:42:41.769482 24731 log_reader.cc:379] T 16e58229a0c648eda40d4376454f2981: removed 9 log segments from log reader
I0107 12:42:41.769497 24731 log.cc:1062] T 16e58229a0c648eda40d4376454f2981 P 76f8bc397d684ec2b99494eb2fee53c4: Deleting log segment in path: /data/somelongdirectorytoavoidrpathissues/src/kudutest/linked_list-test.LinkedListTest.TestLoadAndVerify.1578429164263051-24384/linked-list-cluster/ts-2/wal/wals/16e58229a0c648eda40d4376454f2981/wal-000000034 (ops 195045-200993)
I0107 12:42:41.769534 24731 log.cc:1062] T 16e58229a0c648eda40d4376454f2981 P 76f8bc397d684ec2b99494eb2fee53c4: Deleting log segment in path: /data/somelongdirectorytoavoidrpathissues/src/kudutest/linked_list-test.LinkedListTest.TestLoadAndVerify.1578429164263051-24384/linked-list-cluster/ts-2/wal/wals/16e58229a0c648eda40d4376454f2981/wal-000000035 (ops 200994-206836)
I0107 12:42:41.769563 24731 log.cc:1062] T 16e58229a0c648eda40d4376454f2981 P 76f8bc397d684ec2b99494eb2fee53c4: Deleting log segment in path: /data/somelongdirectorytoavoidrpathissues/src/kudutest/linked_list-test.LinkedListTest.TestLoadAndVerify.1578429164263051-24384/linked-list-cluster/ts-2/wal/wals/16e58229a0c648eda40d4376454f2981/wal-000000036 (ops 206837-212801)
I0107 12:42:41.769587 24731 log.cc:1062] T 16e58229a0c648eda40d4376454f2981 P 76f8bc397d684ec2b99494eb2fee53c4: Deleting log segment in path: /data/somelongdirectorytoavoidrpathissues/src/kudutest/linked_list-test.LinkedListTest.TestLoadAndVerify.1578429164263051-24384/linked-list-cluster/ts-2/wal/wals/16e58229a0c648eda40d4376454f2981/wal-000000037 (ops 212802-218687)
I0107 12:42:41.769608 24731 log.cc:1062] T 16e58229a0c648eda40d4376454f2981 P 76f8bc397d684ec2b99494eb2fee53c4: Deleting log segment in path: /data/somelongdirectorytoavoidrpathissues/src/kudutest/linked_list-test.LinkedListTest.TestLoadAndVerify.1578429164263051-24384/linked-list-cluster/ts-2/wal/wals/16e58229a0c648eda40d4376454f2981/wal-000000038 (ops 218688-224626)
I0107 12:42:41.769627 24731 log.cc:1062] T 16e58229a0c648eda40d4376454f2981 P 76f8bc397d684ec2b99494eb2fee53c4: Deleting log segment in path: /data/somelongdirectorytoavoidrpathissues/src/kudutest/linked_list-test.LinkedListTest.TestLoadAndVerify.1578429164263051-24384/linked-list-cluster/ts-2/wal/wals/16e58229a0c648eda40d4376454f2981/wal-000000039 (ops 224627-230536)
I0107 12:42:41.769649 24731 log.cc:1062] T 16e58229a0c648eda40d4376454f2981 P 76f8bc397d684ec2b99494eb2fee53c4: Deleting log segment in path: /data/somelongdirectorytoavoidrpathissues/src/kudutest/linked_list-test.LinkedListTest.TestLoadAndVerify.1578429164263051-24384/linked-list-cluster/ts-2/wal/wals/16e58229a0c648eda40d4376454f2981/wal-000000040 (ops 230537-236411)
I0107 12:42:41.769670 24731 log.cc:1062] T 16e58229a0c648eda40d4376454f2981 P 76f8bc397d684ec2b99494eb2fee53c4: Deleting log segment in path: /data/somelongdirectorytoavoidrpathissues/src/kudutest/linked_list-test.LinkedListTest.TestLoadAndVerify.1578429164263051-24384/linked-list-cluster/ts-2/wal/wals/16e58229a0c648eda40d4376454f2981/wal-000000041 (ops 236412-242336)
I0107 12:42:41.769690 24731 log.cc:1062] T 16e58229a0c648eda40d4376454f2981 P 76f8bc397d684ec2b99494eb2fee53c4: Deleting log segment in path: /data/somelongdirectorytoavoidrpathissues/src/kudutest/linked_list-test.LinkedListTest.TestLoadAndVerify.1578429164263051-24384/linked-list-cluster/ts-2/wal/wals/16e58229a0c648eda40d4376454f2981/wal-000000042 (ops 242337-248187)
I0107 12:42:41.810076 24731 maintenance_manager.cc:527] P 76f8bc397d684ec2b99494eb2fee53c4: LogGCOp(16e58229a0c648eda40d4376454f2981) complete. Timing: real 0.041s user 0.000s sys 0.022s Metrics: {}
I0107 12:42:41.816807 24837 maintenance_manager.cc:326] P 76f8bc397d684ec2b99494eb2fee53c4: Scheduling UndoDeltaBlockGCOp(16e58229a0c648eda40d4376454f2981): 177945122 bytes on disk
I0107 12:42:42.037894 24731 maintenance_manager.cc:527] P 76f8bc397d684ec2b99494eb2fee53c4: UndoDeltaBlockGCOp(16e58229a0c648eda40d4376454f2981) complete. Timing: real 0.221s user 0.001s sys 0.000s Metrics: {"cfile_init":5,"lbm_read_time_us":220736,"lbm_reads_1-10_ms":6,"lbm_reads_10-100_ms":3,"lbm_reads_gt_100_ms":1,"lbm_reads_lt_1ms":10}
I0107 12:42:42.540052 24607 maintenance_manager.cc:527] P c0dcf07e91a6459fb83f90f61d363e44: CompactRowSetsOp(16e58229a0c648eda40d4376454f2981) complete. Timing: real 50.267s user 11.314s sys 1.160s Metrics: {"bytes_written":149053988,"cfile_cache_hit":411,"cfile_cache_hit_bytes":58025514,"cfile_cache_miss":19473,"cfile_cache_miss_bytes":548038342,"cfile_init":21,"delta_iterators_relevant":12,"dirs.queue_time_us":15908,"dirs.run_cpu_time_us":566,"dirs.run_wall_time_us":342644,"drs_written":5,"lbm_read_time_us":8985189,"lbm_reads_1-10_ms":334,"lbm_reads_10-100_ms":157,"lbm_reads_gt_100_ms":17,"lbm_reads_lt_1ms":19049,"lbm_write_time_us":1737893,"lbm_writes_1-10_ms":322,"lbm_writes_10-100_ms":21,"lbm_writes_lt_1ms":14616,"num_input_rowsets":5,"rows_written":8440914,"spinlock_wait_cycles":354185472,"thread_start_us":615,"threads_started":13}
I0107 12:42:42.540230 24713 maintenance_manager.cc:326] P c0dcf07e91a6459fb83f90f61d363e44: Scheduling UndoDeltaBlockGCOp(16e58229a0c648eda40d4376454f2981): 178264107 bytes on disk
I0107 12:42:42.540429 24607 maintenance_manager.cc:527] P c0dcf07e91a6459fb83f90f61d363e44: UndoDeltaBlockGCOp(16e58229a0c648eda40d4376454f2981) complete. Timing: real 0.000s user 0.000s sys 0.000s Metrics: {"cfile_init":5,"lbm_read_time_us":30,"lbm_reads_lt_1ms":20} ------------------------------------------------------------ Histogram for latency of insert operations (microseconds) Note: each insert is a batch of 50 rows. ------------------------------------------------------------ Count: 280000 Mean: 1973.7 Percentiles: 0% (min) = 778 25% = 1421 50% (med) = 1600 75% = 1843 95% = 2550 99% = 8296 99.9% = 48192 99.99% = 215296 100% (max) = 1830262 *NOTE: some values were greater than highest trackable value
I0107 12:42:44.462538 24384 linked_list-test-util.h:519] Written 14000000 rows in chain
I0107 12:42:44.978540 24384 linked_list-test-util.h:528] Sample at HT timestamp: 6465248317346463744 Inserted count: 14012700
I0107 12:42:53.812577 24837 maintenance_manager.cc:326] P 76f8bc397d684ec2b99494eb2fee53c4: Scheduling FlushMRSOp(77e67457a0334f92a22f52fe739203dd): perf score=0.033357
I0107 12:42:55.372051 24731 maintenance_manager.cc:527] P 76f8bc397d684ec2b99494eb2fee53c4: FlushMRSOp(77e67457a0334f92a22f52fe739203dd) complete. Timing: real 1.559s user 0.556s sys 0.047s Metrics: {"bytes_written":7217452,"cfile_init":1,"delete_count":0,"dirs.queue_time_us":7665,"dirs.run_cpu_time_us":190,"dirs.run_wall_time_us":92894,"drs_written":1,"lbm_read_time_us":9,"lbm_reads_lt_1ms":4,"lbm_write_time_us":65296,"lbm_writes_1-10_ms":14,"lbm_writes_lt_1ms":722,"reinsert_count":0,"rows_written":405400,"thread_start_us":31,"threads_started":1,"update_count":1624}
I0107 12:42:55.372221 24837 maintenance_manager.cc:326] P 76f8bc397d684ec2b99494eb2fee53c4: Scheduling LogGCOp(77e67457a0334f92a22f52fe739203dd): free 33645702 bytes of WAL
I0107 12:42:55.373606 24731 log_reader.cc:379] T 77e67457a0334f92a22f52fe739203dd: removed 4 log segments from log reader
I0107 12:42:55.373661 24731 log.cc:1062] T 77e67457a0334f92a22f52fe739203dd P 76f8bc397d684ec2b99494eb2fee53c4: Deleting log segment in path: /data/somelongdirectorytoavoidrpathissues/src/kudutest/linked_list-test.LinkedListTest.TestLoadAndVerify.1578429164263051-24384/linked-list-cluster/ts-2/wal/wals/77e67457a0334f92a22f52fe739203dd/wal-000000019 (ops 223742-236187)
I0107 12:42:55.373764 24731 log.cc:1062] T 77e67457a0334f92a22f52fe739203dd P 76f8bc397d684ec2b99494eb2fee53c4: Deleting log segment in path: /data/somelongdirectorytoavoidrpathissues/src/kudutest/linked_list-test.LinkedListTest.TestLoadAndVerify.1578429164263051-24384/linked-list-cluster/ts-2/wal/wals/77e67457a0334f92a22f52fe739203dd/wal-000000020 (ops 236188-248576)
I0107 12:42:55.373989 24731 log.cc:1062] T 77e67457a0334f92a22f52fe739203dd P 76f8bc397d684ec2b99494eb2fee53c4: Deleting log segment in path: /data/somelongdirectorytoavoidrpathissues/src/kudutest/linked_list-test.LinkedListTest.TestLoadAndVerify.1578429164263051-24384/linked-list-cluster/ts-2/wal/wals/77e67457a0334f92a22f52fe739203dd/wal-000000021 (ops 248577-261092)
I0107 12:42:55.374052 24731 log.cc:1062] T 77e67457a0334f92a22f52fe739203dd P 76f8bc397d684ec2b99494eb2fee53c4: Deleting log segment in path: /data/somelongdirectorytoavoidrpathissues/src/kudutest/linked_list-test.LinkedListTest.TestLoadAndVerify.1578429164263051-24384/linked-list-cluster/ts-2/wal/wals/77e67457a0334f92a22f52fe739203dd/wal-000000022 (ops 261093-273504)
I0107 12:42:55.405575 24731 maintenance_manager.cc:527] P 76f8bc397d684ec2b99494eb2fee53c4: LogGCOp(77e67457a0334f92a22f52fe739203dd) complete. Timing: real 0.032s user 0.001s sys 0.010s Metrics: {}
I0107 12:42:55.405755 24837 maintenance_manager.cc:326] P 76f8bc397d684ec2b99494eb2fee53c4: Scheduling CompactRowSetsOp(77e67457a0334f92a22f52fe739203dd): perf score=1.010243
I0107 12:42:56.345369 24588 maintenance_manager.cc:326] P 914675d8717742d1ae5929637e95acb2: Scheduling FlushMRSOp(77e67457a0334f92a22f52fe739203dd): perf score=0.033345
I0107 12:42:57.055222 24713 maintenance_manager.cc:326] P c0dcf07e91a6459fb83f90f61d363e44: Scheduling FlushMRSOp(77e67457a0334f92a22f52fe739203dd): perf score=0.033389
I0107 12:42:58.515743 24482 maintenance_manager.cc:527] P 914675d8717742d1ae5929637e95acb2: FlushMRSOp(77e67457a0334f92a22f52fe739203dd) complete. Timing: real 2.170s user 0.593s sys 0.050s Metrics: {"bytes_written":7245151,"cfile_init":1,"delete_count":0,"dirs.queue_time_us":23673,"dirs.run_cpu_time_us":101,"dirs.run_wall_time_us":50115,"drs_written":1,"lbm_read_time_us":7,"lbm_reads_lt_1ms":4,"lbm_write_time_us":80528,"lbm_writes_1-10_ms":17,"lbm_writes_lt_1ms":721,"reinsert_count":0,"rows_written":405931,"thread_start_us":32,"threads_started":1,"update_count":3528}
I0107 12:42:58.519207 24588 maintenance_manager.cc:326] P 914675d8717742d1ae5929637e95acb2: Scheduling LogGCOp(77e67457a0334f92a22f52fe739203dd): free 33732502 bytes of WAL
I0107 12:42:58.519320 24482 log_reader.cc:379] T 77e67457a0334f92a22f52fe739203dd: removed 4 log segments from log reader
I0107 12:42:58.519369 24482 log.cc:1062] T 77e67457a0334f92a22f52fe739203dd P 914675d8717742d1ae5929637e95acb2: Deleting log segment in path: /data/somelongdirectorytoavoidrpathissues/src/kudutest/linked_list-test.LinkedListTest.TestLoadAndVerify.1578429164263051-24384/linked-list-cluster/ts-0/wal/wals/77e67457a0334f92a22f52fe739203dd/wal-000000019 (ops 223103-235735)
I0107 12:42:58.519485 24482 log.cc:1062] T 77e67457a0334f92a22f52fe739203dd P 914675d8717742d1ae5929637e95acb2: Deleting log segment in path: /data/somelongdirectorytoavoidrpathissues/src/kudutest/linked_list-test.LinkedListTest.TestLoadAndVerify.1578429164263051-24384/linked-list-cluster/ts-0/wal/wals/77e67457a0334f92a22f52fe739203dd/wal-000000020 (ops 235736-248111)
I0107 12:42:58.519629 24482 log.cc:1062] T 77e67457a0334f92a22f52fe739203dd P 914675d8717742d1ae5929637e95acb2: Deleting log segment in path: /data/somelongdirectorytoavoidrpathissues/src/kudutest/linked_list-test.LinkedListTest.TestLoadAndVerify.1578429164263051-24384/linked-list-cluster/ts-0/wal/wals/77e67457a0334f92a22f52fe739203dd/wal-000000021 (ops 248112-260497)
I0107 12:42:58.519691 24482 log.cc:1062] T 77e67457a0334f92a22f52fe739203dd P 914675d8717742d1ae5929637e95acb2: Deleting log segment in path: /data/somelongdirectorytoavoidrpathissues/src/kudutest/linked_list-test.LinkedListTest.TestLoadAndVerify.1578429164263051-24384/linked-list-cluster/ts-0/wal/wals/77e67457a0334f92a22f52fe739203dd/wal-000000022 (ops 260498-272892)
I0107 12:42:58.569159 24482 maintenance_manager.cc:527] P 914675d8717742d1ae5929637e95acb2: LogGCOp(77e67457a0334f92a22f52fe739203dd) complete. Timing: real 0.050s user 0.000s sys 0.011s Metrics: {}
I0107 12:42:58.569389 24588 maintenance_manager.cc:326] P 914675d8717742d1ae5929637e95acb2: Scheduling UndoDeltaBlockGCOp(77e67457a0334f92a22f52fe739203dd): 8036590 bytes on disk
I0107 12:42:58.570185 24482 maintenance_manager.cc:527] P 914675d8717742d1ae5929637e95acb2: UndoDeltaBlockGCOp(77e67457a0334f92a22f52fe739203dd) complete. Timing: real 0.000s user 0.000s sys 0.000s Metrics: {"cfile_init":1,"lbm_read_time_us":10,"lbm_reads_lt_1ms":4}
I0107 12:42:58.570663 24588 maintenance_manager.cc:326] P 914675d8717742d1ae5929637e95acb2: Scheduling CompactRowSetsOp(77e67457a0334f92a22f52fe739203dd): perf score=1.010141
I0107 12:42:59.041523 24607 maintenance_manager.cc:527] P c0dcf07e91a6459fb83f90f61d363e44: FlushMRSOp(77e67457a0334f92a22f52fe739203dd) complete. Timing: real 1.986s user 0.574s sys 0.036s Metrics: {"bytes_written":7253518,"cfile_init":1,"delete_count":0,"dirs.queue_time_us":72,"dirs.run_cpu_time_us":119,"dirs.run_wall_time_us":64965,"drs_written":1,"lbm_read_time_us":10,"lbm_reads_lt_1ms":4,"lbm_write_time_us":89409,"lbm_writes_1-10_ms":18,"lbm_writes_10-100_ms":1,"lbm_writes_lt_1ms":721,"reinsert_count":0,"rows_written":407180,"spinlock_wait_cycles":1495808,"thread_start_us":30,"threads_started":1,"update_count":2125}
I0107 12:42:59.041719 24713 maintenance_manager.cc:326] P c0dcf07e91a6459fb83f90f61d363e44: Scheduling LogGCOp(77e67457a0334f92a22f52fe739203dd): free 33583546 bytes of WAL
I0107 12:42:59.041807 24607 log_reader.cc:379] T 77e67457a0334f92a22f52fe739203dd: removed 4 log segments from log reader
I0107 12:42:59.041818 24607 log.cc:1062] T 77e67457a0334f92a22f52fe739203dd P c0dcf07e91a6459fb83f90f61d363e44: Deleting log segment in path: /data/somelongdirectorytoavoidrpathissues/src/kudutest/linked_list-test.LinkedListTest.TestLoadAndVerify.1578429164263051-24384/linked-list-cluster/ts-1/wal/wals/77e67457a0334f92a22f52fe739203dd/wal-000000019 (ops 223274-235735)
I0107 12:42:59.041846 24607 log.cc:1062] T 77e67457a0334f92a22f52fe739203dd P c0dcf07e91a6459fb83f90f61d363e44: Deleting log segment in path: /data/somelongdirectorytoavoidrpathissues/src/kudutest/linked_list-test.LinkedListTest.TestLoadAndVerify.1578429164263051-24384/linked-list-cluster/ts-1/wal/wals/77e67457a0334f92a22f52fe739203dd/wal-000000020 (ops 235736-248110)
I0107 12:42:59.041865 24607 log.cc:1062] T 77e67457a0334f92a22f52fe739203dd P c0dcf07e91a6459fb83f90f61d363e44: Deleting log segment in path: /data/somelongdirectorytoavoidrpathissues/src/kudutest/linked_list-test.LinkedListTest.TestLoadAndVerify.1578429164263051-24384/linked-list-cluster/ts-1/wal/wals/77e67457a0334f92a22f52fe739203dd/wal-000000021 (ops 248111-260497)
I0107 12:42:59.041882 24607 log.cc:1062] T 77e67457a0334f92a22f52fe739203dd P c0dcf07e91a6459fb83f90f61d363e44: Deleting log segment in path: /data/somelongdirectorytoavoidrpathissues/src/kudutest/linked_list-test.LinkedListTest.TestLoadAndVerify.1578429164263051-24384/linked-list-cluster/ts-1/wal/wals/77e67457a0334f92a22f52fe739203dd/wal-000000022 (ops 260498-272892)
I0107 12:42:59.103746 24607 maintenance_manager.cc:527] P c0dcf07e91a6459fb83f90f61d363e44: LogGCOp(77e67457a0334f92a22f52fe739203dd) complete. Timing: real 0.062s user 0.000s sys 0.012s Metrics: {}
I0107 12:42:59.103899 24713 maintenance_manager.cc:326] P c0dcf07e91a6459fb83f90f61d363e44: Scheduling CompactRowSetsOp(77e67457a0334f92a22f52fe739203dd): perf score=1.010114 ------------------------------------------------------------ Histogram for latency of insert operations (microseconds) Note: each insert is a batch of 50 rows. ------------------------------------------------------------ Count: 290000 Mean: 1978.56 Percentiles: 0% (min) = 778 25% = 1423 50% (med) = 1603 75% = 1847 95% = 2560 99% = 8384 99.9% = 48224 99.99% = 214016 100% (max) = 1830262 *NOTE: some values were greater than highest trackable value
I0107 12:43:07.074414 24384 linked_list-test-util.h:519] Written 14500000 rows in chain
I0107 12:43:09.374042 24731 maintenance_manager.cc:527] P 76f8bc397d684ec2b99494eb2fee53c4: CompactRowSetsOp(77e67457a0334f92a22f52fe739203dd) complete. Timing: real 13.968s user 3.103s sys 0.370s Metrics: {"bytes_written":41789214,"cfile_cache_hit":102,"cfile_cache_hit_bytes":12626561,"cfile_cache_miss":5494,"cfile_cache_miss_bytes":158429417,"cfile_init":13,"delta_iterators_relevant":8,"dirs.queue_time_us":8369,"dirs.run_cpu_time_us":254,"dirs.run_wall_time_us":167713,"drs_written":2,"lbm_read_time_us":1727677,"lbm_reads_1-10_ms":101,"lbm_reads_10-100_ms":53,"lbm_reads_gt_100_ms":2,"lbm_reads_lt_1ms":5390,"lbm_write_time_us":558697,"lbm_writes_1-10_ms":118,"lbm_writes_10-100_ms":6,"lbm_writes_lt_1ms":4085,"num_input_rowsets":3,"rows_written":2369996,"spinlock_wait_cycles":52933760,"thread_start_us":1300,"threads_started":10}
I0107 12:43:09.374217 24837 maintenance_manager.cc:326] P 76f8bc397d684ec2b99494eb2fee53c4: Scheduling FlushMRSOp(30019a15e66f4115b11a50dbcaf93a87): perf score=0.033704
I0107 12:43:11.505036 28428 rpcz_store.cc:269] Call kudu.tserver.TabletServerService.Write from 127.23.208.3:43359 (ReqId={client: 38ca74434bcb40b7a65933bd12dc4ffd, seq_no=862318, attempt_no=0}) took 1052ms. Request Metrics: {"child_traces":[["txn",{"apply.queue_time_us":1051768,"cfile_cache_hit":41,"cfile_cache_hit_bytes":216743,"num_ops":36,"prepare.queue_time_us":39,"prepare.run_cpu_time_us":75,"prepare.run_wall_time_us":76,"raft.queue_time_us":45,"raft.run_cpu_time_us":26,"raft.run_wall_time_us":26,"replication_time_us":291}]]}
I0107 12:43:12.548801 24482 maintenance_manager.cc:527] P 914675d8717742d1ae5929637e95acb2: CompactRowSetsOp(77e67457a0334f92a22f52fe739203dd) complete. Timing: real 13.978s user 3.061s sys 0.307s Metrics: {"bytes_written":41961219,"cfile_cache_hit":103,"cfile_cache_hit_bytes":12922043,"cfile_cache_miss":5521,"cfile_cache_miss_bytes":158866773,"cfile_init":12,"delta_iterators_relevant":8,"dirs.queue_time_us":2349,"dirs.run_cpu_time_us":240,"dirs.run_wall_time_us":185169,"drs_written":2,"lbm_read_time_us":3561542,"lbm_reads_1-10_ms":90,"lbm_reads_10-100_ms":62,"lbm_reads_gt_100_ms":8,"lbm_reads_lt_1ms":5409,"lbm_write_time_us":408833,"lbm_writes_1-10_ms":91,"lbm_writes_10-100_ms":2,"lbm_writes_lt_1ms":4132,"num_input_rowsets":3,"rows_written":2379699,"spinlock_wait_cycles":76011264,"thread_start_us":75,"threads_started":2}
I0107 12:43:12.548976 24588 maintenance_manager.cc:326] P 914675d8717742d1ae5929637e95acb2: Scheduling FlushMRSOp(30019a15e66f4115b11a50dbcaf93a87): perf score=0.034689
I0107 12:43:12.717799 24731 maintenance_manager.cc:527] P 76f8bc397d684ec2b99494eb2fee53c4: FlushMRSOp(30019a15e66f4115b11a50dbcaf93a87) complete. Timing: real 3.343s user 0.605s sys 0.033s Metrics: {"bytes_written":7390410,"cfile_init":1,"delete_count":0,"dirs.queue_time_us":1866,"dirs.run_cpu_time_us":51,"dirs.run_wall_time_us":51,"drs_written":1,"lbm_read_time_us":8,"lbm_reads_lt_1ms":4,"lbm_write_time_us":2040419,"lbm_writes_1-10_ms":8,"lbm_writes_10-100_ms":32,"lbm_writes_gt_100_ms":4,"lbm_writes_lt_1ms":708,"reinsert_count":0,"rows_written":414760,"thread_start_us":31,"threads_started":1,"update_count":2665}
I0107 12:43:12.717977 24837 maintenance_manager.cc:326] P 76f8bc397d684ec2b99494eb2fee53c4: Scheduling LogGCOp(30019a15e66f4115b11a50dbcaf93a87): free 25192358 bytes of WAL
I0107 12:43:12.718232 24731 log_reader.cc:379] T 30019a15e66f4115b11a50dbcaf93a87: removed 3 log segments from log reader
I0107 12:43:12.718253 24731 log.cc:1062] T 30019a15e66f4115b11a50dbcaf93a87 P 76f8bc397d684ec2b99494eb2fee53c4: Deleting log segment in path: /data/somelongdirectorytoavoidrpathissues/src/kudutest/linked_list-test.LinkedListTest.TestLoadAndVerify.1578429164263051-24384/linked-list-cluster/ts-2/wal/wals/30019a15e66f4115b11a50dbcaf93a87/wal-000000020 (ops 236403-248797)
I0107 12:43:12.718288 24731 log.cc:1062] T 30019a15e66f4115b11a50dbcaf93a87 P 76f8bc397d684ec2b99494eb2fee53c4: Deleting log segment in path: /data/somelongdirectorytoavoidrpathissues/src/kudutest/linked_list-test.LinkedListTest.TestLoadAndVerify.1578429164263051-24384/linked-list-cluster/ts-2/wal/wals/30019a15e66f4115b11a50dbcaf93a87/wal-000000021 (ops 248798-261261)
I0107 12:43:12.718317 24731 log.cc:1062] T 30019a15e66f4115b11a50dbcaf93a87 P 76f8bc397d684ec2b99494eb2fee53c4: Deleting log segment in path: /data/somelongdirectorytoavoidrpathissues/src/kudutest/linked_list-test.LinkedListTest.TestLoadAndVerify.1578429164263051-24384/linked-list-cluster/ts-2/wal/wals/30019a15e66f4115b11a50dbcaf93a87/wal-000000022 (ops 261262-273706)
I0107 12:43:12.733593 24731 maintenance_manager.cc:527] P 76f8bc397d684ec2b99494eb2fee53c4: LogGCOp(30019a15e66f4115b11a50dbcaf93a87) complete. Timing: real 0.015s user 0.000s sys 0.009s Metrics: {}
I0107 12:43:12.733786 24837 maintenance_manager.cc:326] P 76f8bc397d684ec2b99494eb2fee53c4: Scheduling CompactRowSetsOp(30019a15e66f4115b11a50dbcaf93a87): perf score=1.009683
I0107 12:43:13.317139 24607 maintenance_manager.cc:527] P c0dcf07e91a6459fb83f90f61d363e44: CompactRowSetsOp(77e67457a0334f92a22f52fe739203dd) complete. Timing: real 14.213s user 3.091s sys 0.307s Metrics: {"bytes_written":42006805,"cfile_cache_hit":92,"cfile_cache_hit_bytes":11106094,"cfile_cache_miss":5538,"cfile_cache_miss_bytes":160878704,"cfile_init":13,"delta_iterators_relevant":8,"dirs.queue_time_us":16982,"dirs.run_cpu_time_us":227,"dirs.run_wall_time_us":151706,"drs_written":2,"lbm_read_time_us":3428084,"lbm_reads_1-10_ms":99,"lbm_reads_10-100_ms":72,"lbm_reads_gt_100_ms":4,"lbm_reads_lt_1ms":5415,"lbm_write_time_us":753874,"lbm_writes_1-10_ms":83,"lbm_writes_10-100_ms":6,"lbm_writes_gt_100_ms":2,"lbm_writes_lt_1ms":4139,"num_input_rowsets":3,"rows_written":2382308,"spinlock_wait_cycles":62206336,"thread_start_us":1655,"threads_started":10}
I0107 12:43:13.317355 24713 maintenance_manager.cc:326] P c0dcf07e91a6459fb83f90f61d363e44: Scheduling FlushMRSOp(30019a15e66f4115b11a50dbcaf93a87): perf score=0.034288
I0107 12:43:13.694914 24482 maintenance_manager.cc:527] P 914675d8717742d1ae5929637e95acb2: FlushMRSOp(30019a15e66f4115b11a50dbcaf93a87) complete. Timing: real 1.146s user 0.495s sys 0.027s Metrics: {"bytes_written":7430042,"cfile_init":1,"delete_count":0,"dirs.queue_time_us":5331,"dirs.run_cpu_time_us":46,"dirs.run_wall_time_us":46,"drs_written":1,"lbm_read_time_us":6,"lbm_reads_lt_1ms":4,"lbm_write_time_us":319859,"lbm_writes_1-10_ms":36,"lbm_writes_10-100_ms":5,"lbm_writes_lt_1ms":718,"reinsert_count":0,"rows_written":418785,"thread_start_us":30,"threads_started":1,"update_count":27}
I0107 12:43:13.695027 24588 maintenance_manager.cc:326] P 914675d8717742d1ae5929637e95acb2: Scheduling LogGCOp(30019a15e66f4115b11a50dbcaf93a87): free 25214342 bytes of WAL
I0107 12:43:13.695097 24482 log_reader.cc:379] T 30019a15e66f4115b11a50dbcaf93a87: removed 3 log segments from log reader
I0107 12:43:13.695112 24482 log.cc:1062] T 30019a15e66f4115b11a50dbcaf93a87 P 914675d8717742d1ae5929637e95acb2: Deleting log segment in path: /data/somelongdirectorytoavoidrpathissues/src/kudutest/linked_list-test.LinkedListTest.TestLoadAndVerify.1578429164263051-24384/linked-list-cluster/ts-0/wal/wals/30019a15e66f4115b11a50dbcaf93a87/wal-000000020 (ops 236394-248786)
I0107 12:43:13.695143 24482 log.cc:1062] T 30019a15e66f4115b11a50dbcaf93a87 P 914675d8717742d1ae5929637e95acb2: Deleting log segment in path: /data/somelongdirectorytoavoidrpathissues/src/kudutest/linked_list-test.LinkedListTest.TestLoadAndVerify.1578429164263051-24384/linked-list-cluster/ts-0/wal/wals/30019a15e66f4115b11a50dbcaf93a87/wal-000000021 (ops 248787-261261)
I0107 12:43:13.695178 24482 log.cc:1062] T 30019a15e66f4115b11a50dbcaf93a87 P 914675d8717742d1ae5929637e95acb2: Deleting log segment in path: /data/somelongdirectorytoavoidrpathissues/src/kudutest/linked_list-test.LinkedListTest.TestLoadAndVerify.1578429164263051-24384/linked-list-cluster/ts-0/wal/wals/30019a15e66f4115b11a50dbcaf93a87/wal-000000022 (ops 261262-273686)
I0107 12:43:13.701079 24482 maintenance_manager.cc:527] P 914675d8717742d1ae5929637e95acb2: LogGCOp(30019a15e66f4115b11a50dbcaf93a87) complete. Timing: real 0.006s user 0.000s sys 0.006s Metrics: {}
I0107 12:43:13.701172 24588 maintenance_manager.cc:326] P 914675d8717742d1ae5929637e95acb2: Scheduling UndoDeltaBlockGCOp(77e67457a0334f92a22f52fe739203dd): 50515971 bytes on disk
I0107 12:43:13.795502 24482 maintenance_manager.cc:527] P 914675d8717742d1ae5929637e95acb2: UndoDeltaBlockGCOp(77e67457a0334f92a22f52fe739203dd) complete. Timing: real 0.094s user 0.001s sys 0.000s Metrics: {"cfile_init":2,"lbm_read_time_us":94133,"lbm_reads_1-10_ms":1,"lbm_reads_10-100_ms":3,"lbm_reads_lt_1ms":4}
I0107 12:43:13.795639 24588 maintenance_manager.cc:326] P 914675d8717742d1ae5929637e95acb2: Scheduling CompactRowSetsOp(30019a15e66f4115b11a50dbcaf93a87): perf score=1.009640
I0107 12:43:15.442705 24607 maintenance_manager.cc:527] P c0dcf07e91a6459fb83f90f61d363e44: FlushMRSOp(30019a15e66f4115b11a50dbcaf93a87) complete. Timing: real 2.125s user 0.579s sys 0.041s Metrics: {"bytes_written":7472835,"cfile_init":1,"delete_count":0,"dirs.queue_time_us":658,"dirs.run_cpu_time_us":94,"dirs.run_wall_time_us":72793,"drs_written":1,"lbm_read_time_us":8,"lbm_reads_lt_1ms":4,"lbm_write_time_us":612756,"lbm_writes_1-10_ms":24,"lbm_writes_10-100_ms":9,"lbm_writes_gt_100_ms":1,"lbm_writes_lt_1ms":726,"reinsert_count":0,"rows_written":420224,"thread_start_us":30,"threads_started":1,"update_count":1485}
I0107 12:43:15.442884 24713 maintenance_manager.cc:326] P c0dcf07e91a6459fb83f90f61d363e44: Scheduling LogGCOp(30019a15e66f4115b11a50dbcaf93a87): free 33608196 bytes of WAL
I0107 12:43:15.442987 24607 log_reader.cc:379] T 30019a15e66f4115b11a50dbcaf93a87: removed 4 log segments from log reader
I0107 12:43:15.443033 24607 log.cc:1062] T 30019a15e66f4115b11a50dbcaf93a87 P c0dcf07e91a6459fb83f90f61d363e44: Deleting log segment in path: /data/somelongdirectorytoavoidrpathissues/src/kudutest/linked_list-test.LinkedListTest.TestLoadAndVerify.1578429164263051-24384/linked-list-cluster/ts-1/wal/wals/30019a15e66f4115b11a50dbcaf93a87/wal-000000020 (ops 235868-248240)
I0107 12:43:15.443099 24607 log.cc:1062] T 30019a15e66f4115b11a50dbcaf93a87 P c0dcf07e91a6459fb83f90f61d363e44: Deleting log segment in path: /data/somelongdirectorytoavoidrpathissues/src/kudutest/linked_list-test.LinkedListTest.TestLoadAndVerify.1578429164263051-24384/linked-list-cluster/ts-1/wal/wals/30019a15e66f4115b11a50dbcaf93a87/wal-000000021 (ops 248241-260637)
I0107 12:43:15.443199 24607 log.cc:1062] T 30019a15e66f4115b11a50dbcaf93a87 P c0dcf07e91a6459fb83f90f61d363e44: Deleting log segment in path: /data/somelongdirectorytoavoidrpathissues/src/kudutest/linked_list-test.LinkedListTest.TestLoadAndVerify.1578429164263051-24384/linked-list-cluster/ts-1/wal/wals/30019a15e66f4115b11a50dbcaf93a87/wal-000000022 (ops 260638-273061)
I0107 12:43:15.443315 24607 log.cc:1062] T 30019a15e66f4115b11a50dbcaf93a87 P c0dcf07e91a6459fb83f90f61d363e44: Deleting log segment in path: /data/somelongdirectorytoavoidrpathissues/src/kudutest/linked_list-test.LinkedListTest.TestLoadAndVerify.1578429164263051-24384/linked-list-cluster/ts-1/wal/wals/30019a15e66f4115b11a50dbcaf93a87/wal-000000023 (ops 273062-285458)
I0107 12:43:15.466118 24607 maintenance_manager.cc:527] P c0dcf07e91a6459fb83f90f61d363e44: LogGCOp(30019a15e66f4115b11a50dbcaf93a87) complete. Timing: real 0.023s user 0.000s sys 0.011s Metrics: {}
I0107 12:43:15.466269 24713 maintenance_manager.cc:326] P c0dcf07e91a6459fb83f90f61d363e44: Scheduling UndoDeltaBlockGCOp(77e67457a0334f92a22f52fe739203dd): 50578936 bytes on disk
I0107 12:43:15.492576 24607 maintenance_manager.cc:527] P c0dcf07e91a6459fb83f90f61d363e44: UndoDeltaBlockGCOp(77e67457a0334f92a22f52fe739203dd) complete. Timing: real 0.026s user 0.000s sys 0.000s Metrics: {"cfile_init":2,"lbm_read_time_us":26141,"lbm_reads_1-10_ms":4,"lbm_reads_lt_1ms":4}
I0107 12:43:15.492736 24713 maintenance_manager.cc:326] P c0dcf07e91a6459fb83f90f61d363e44: Scheduling CompactRowSetsOp(30019a15e66f4115b11a50dbcaf93a87): perf score=1.009624
I0107 12:43:25.607795 24731 maintenance_manager.cc:527] P 76f8bc397d684ec2b99494eb2fee53c4: CompactRowSetsOp(30019a15e66f4115b11a50dbcaf93a87) complete. Timing: real 12.874s user 3.092s sys 0.353s Metrics: {"bytes_written":42733277,"cfile_cache_hit":98,"cfile_cache_hit_bytes":11901110,"cfile_cache_miss":5628,"cfile_cache_miss_bytes":163229544,"cfile_init":13,"delta_iterators_relevant":8,"dirs.queue_time_us":1447,"dirs.run_cpu_time_us":221,"dirs.run_wall_time_us":79035,"drs_written":2,"lbm_read_time_us":3115199,"lbm_reads_1-10_ms":84,"lbm_reads_10-100_ms":76,"lbm_reads_gt_100_ms":4,"lbm_reads_lt_1ms":5516,"lbm_write_time_us":514359,"lbm_writes_1-10_ms":66,"lbm_writes_10-100_ms":4,"lbm_writes_lt_1ms":4236,"num_input_rowsets":3,"rows_written":2424183,"spinlock_wait_cycles":45860352,"thread_start_us":558,"threads_started":10}
I0107 12:43:25.608011 24837 maintenance_manager.cc:326] P 76f8bc397d684ec2b99494eb2fee53c4: Scheduling UndoDeltaBlockGCOp(30019a15e66f4115b11a50dbcaf93a87): 51550570 bytes on disk
I0107 12:43:25.894815 24731 maintenance_manager.cc:527] P 76f8bc397d684ec2b99494eb2fee53c4: UndoDeltaBlockGCOp(30019a15e66f4115b11a50dbcaf93a87) complete. Timing: real 0.287s user 0.000s sys 0.000s Metrics: {"cfile_init":2,"lbm_read_time_us":286606,"lbm_reads_10-100_ms":3,"lbm_reads_gt_100_ms":1,"lbm_reads_lt_1ms":4}
I0107 12:43:25.894973 24837 maintenance_manager.cc:326] P 76f8bc397d684ec2b99494eb2fee53c4: Scheduling UndoDeltaBlockGCOp(77e67457a0334f92a22f52fe739203dd): 50295194 bytes on disk
I0107 12:43:26.019474 24731 maintenance_manager.cc:527] P 76f8bc397d684ec2b99494eb2fee53c4: UndoDeltaBlockGCOp(77e67457a0334f92a22f52fe739203dd) complete. Timing: real 0.124s user 0.000s sys 0.000s Metrics: {"cfile_init":2,"lbm_read_time_us":124319,"lbm_reads_10-100_ms":4,"lbm_reads_lt_1ms":4}
I0107 12:43:27.737967 24482 maintenance_manager.cc:527] P 914675d8717742d1ae5929637e95acb2: CompactRowSetsOp(30019a15e66f4115b11a50dbcaf93a87) complete. Timing: real 13.942s user 3.086s sys 0.321s Metrics: {"bytes_written":42808766,"cfile_cache_hit":104,"cfile_cache_hit_bytes":12688861,"cfile_cache_miss":5638,"cfile_cache_miss_bytes":162747105,"cfile_init":14,"delta_iterators_relevant":10,"dirs.queue_time_us":3664,"dirs.run_cpu_time_us":198,"dirs.run_wall_time_us":184098,"drs_written":2,"lbm_read_time_us":3685230,"lbm_reads_1-10_ms":80,"lbm_reads_10-100_ms":86,"lbm_reads_gt_100_ms":4,"lbm_reads_lt_1ms":5524,"lbm_write_time_us":624017,"lbm_writes_1-10_ms":67,"lbm_writes_10-100_ms":6,"lbm_writes_gt_100_ms":1,"lbm_writes_lt_1ms":4242,"num_input_rowsets":3,"rows_written":2428628,"spinlock_wait_cycles":22223232,"thread_start_us":71,"threads_started":2}
I0107 12:43:27.738090 24588 maintenance_manager.cc:326] P 914675d8717742d1ae5929637e95acb2: Scheduling UndoDeltaBlockGCOp(30019a15e66f4115b11a50dbcaf93a87): 51650814 bytes on disk
I0107 12:43:27.738214 24482 maintenance_manager.cc:527] P 914675d8717742d1ae5929637e95acb2: UndoDeltaBlockGCOp(30019a15e66f4115b11a50dbcaf93a87) complete. Timing: real 0.000s user 0.000s sys 0.000s Metrics: {"cfile_init":2,"lbm_read_time_us":19,"lbm_reads_lt_1ms":8}
I0107 12:43:28.773923 24607 maintenance_manager.cc:527] P c0dcf07e91a6459fb83f90f61d363e44: CompactRowSetsOp(30019a15e66f4115b11a50dbcaf93a87) complete. Timing: real 13.281s user 3.097s sys 0.342s Metrics: {"bytes_written":42840892,"cfile_cache_hit":106,"cfile_cache_hit_bytes":13152378,"cfile_cache_miss":5632,"cfile_cache_miss_bytes":162398134,"cfile_init":13,"delta_iterators_relevant":8,"dirs.queue_time_us":174,"dirs.run_cpu_time_us":253,"dirs.run_wall_time_us":166666,"drs_written":2,"lbm_read_time_us":3965559,"lbm_reads_1-10_ms":75,"lbm_reads_10-100_ms":72,"lbm_reads_gt_100_ms":11,"lbm_reads_lt_1ms":5526,"lbm_write_time_us":443082,"lbm_writes_1-10_ms":70,"lbm_writes_10-100_ms":3,"lbm_writes_lt_1ms":4243,"num_input_rowsets":3,"rows_written":2430086,"spinlock_wait_cycles":27668224,"thread_start_us":511,"threads_started":10}
I0107 12:43:28.774027 24713 maintenance_manager.cc:326] P c0dcf07e91a6459fb83f90f61d363e44: Scheduling UndoDeltaBlockGCOp(30019a15e66f4115b11a50dbcaf93a87): 51687818 bytes on disk
I0107 12:43:28.774139 24607 maintenance_manager.cc:527] P c0dcf07e91a6459fb83f90f61d363e44: UndoDeltaBlockGCOp(30019a15e66f4115b11a50dbcaf93a87) complete. Timing: real 0.000s user 0.000s sys 0.000s Metrics: {"cfile_init":2,"lbm_read_time_us":19,"lbm_reads_lt_1ms":8} ------------------------------------------------------------ Histogram for latency of insert operations (microseconds) Note: each insert is a batch of 50 rows. ------------------------------------------------------------ Count: 300000 Mean: 2000.57 Percentiles: 0% (min) = 778 25% = 1425 50% (med) = 1606 75% = 1852 95% = 2576 99% = 8568 99.9% = 49280 99.99% = 222208 100% (max) = 1830262 *NOTE: some values were greater than highest trackable value
I0107 12:43:35.123307 24384 linked_list-test-util.h:519] Written 15000000 rows in chain
I0107 12:43:44.501770 24588 maintenance_manager.cc:326] P 914675d8717742d1ae5929637e95acb2: Scheduling FlushMRSOp(16e58229a0c648eda40d4376454f2981): perf score=0.033343
I0107 12:43:50.418568 24482 maintenance_manager.cc:527] P 914675d8717742d1ae5929637e95acb2: FlushMRSOp(16e58229a0c648eda40d4376454f2981) complete. Timing: real 5.917s user 2.445s sys 0.169s Metrics: {"bytes_written":31695974,"cfile_init":1,"delete_count":0,"dirs.queue_time_us":76,"dirs.run_cpu_time_us":170,"dirs.run_wall_time_us":54965,"drs_written":1,"lbm_read_time_us":8,"lbm_reads_lt_1ms":4,"lbm_write_time_us":241101,"lbm_writes_1-10_ms":19,"lbm_writes_10-100_ms":4,"lbm_writes_lt_1ms":3139,"reinsert_count":0,"rows_written":1782486,"thread_start_us":37,"threads_started":1,"update_count":8714}
I0107 12:43:50.418764 24588 maintenance_manager.cc:326] P 914675d8717742d1ae5929637e95acb2: Scheduling LogGCOp(16e58229a0c648eda40d4376454f2981): free 75758688 bytes of WAL
I0107 12:43:50.418831 24482 log_reader.cc:379] T 16e58229a0c648eda40d4376454f2981: removed 9 log segments from log reader
I0107 12:43:50.418900 24482 log.cc:1062] T 16e58229a0c648eda40d4376454f2981 P 914675d8717742d1ae5929637e95acb2: Deleting log segment in path: /data/somelongdirectorytoavoidrpathissues/src/kudutest/linked_list-test.LinkedListTest.TestLoadAndVerify.1578429164263051-24384/linked-list-cluster/ts-0/wal/wals/16e58229a0c648eda40d4376454f2981/wal-000000043 (ops 248505-254423)
I0107 12:43:50.418969 24482 log.cc:1062] T 16e58229a0c648eda40d4376454f2981 P 914675d8717742d1ae5929637e95acb2: Deleting log segment in path: /data/somelongdirectorytoavoidrpathissues/src/kudutest/linked_list-test.LinkedListTest.TestLoadAndVerify.1578429164263051-24384/linked-list-cluster/ts-0/wal/wals/16e58229a0c648eda40d4376454f2981/wal-000000044 (ops 254424-260326)
I0107 12:43:50.419034 24482 log.cc:1062] T 16e58229a0c648eda40d4376454f2981 P 914675d8717742d1ae5929637e95acb2: Deleting log segment in path: /data/somelongdirectorytoavoidrpathissues/src/kudutest/linked_list-test.LinkedListTest.TestLoadAndVerify.1578429164263051-24384/linked-list-cluster/ts-0/wal/wals/16e58229a0c648eda40d4376454f2981/wal-000000045 (ops 260327-266233)
I0107 12:43:50.419092 24482 log.cc:1062] T 16e58229a0c648eda40d4376454f2981 P 914675d8717742d1ae5929637e95acb2: Deleting log segment in path: /data/somelongdirectorytoavoidrpathissues/src/kudutest/linked_list-test.LinkedListTest.TestLoadAndVerify.1578429164263051-24384/linked-list-cluster/ts-0/wal/wals/16e58229a0c648eda40d4376454f2981/wal-000000046 (ops 266234-272135)
I0107 12:43:50.419171 24482 log.cc:1062] T 16e58229a0c648eda40d4376454f2981 P 914675d8717742d1ae5929637e95acb2: Deleting log segment in path: /data/somelongdirectorytoavoidrpathissues/src/kudutest/linked_list-test.LinkedListTest.TestLoadAndVerify.1578429164263051-24384/linked-list-cluster/ts-0/wal/wals/16e58229a0c648eda40d4376454f2981/wal-000000047 (ops 272136-278043)
I0107 12:43:50.419230 24482 log.cc:1062] T 16e58229a0c648eda40d4376454f2981 P 914675d8717742d1ae5929637e95acb2: Deleting log segment in path: /data/somelongdirectorytoavoidrpathissues/src/kudutest/linked_list-test.LinkedListTest.TestLoadAndVerify.1578429164263051-24384/linked-list-cluster/ts-0/wal/wals/16e58229a0c648eda40d4376454f2981/wal-000000048 (ops 278044-283911)
I0107 12:43:50.419286 24482 log.cc:1062] T 16e58229a0c648eda40d4376454f2981 P 914675d8717742d1ae5929637e95acb2: Deleting log segment in path: /data/somelongdirectorytoavoidrpathissues/src/kudutest/linked_list-test.LinkedListTest.TestLoadAndVerify.1578429164263051-24384/linked-list-cluster/ts-0/wal/wals/16e58229a0c648eda40d4376454f2981/wal-000000049 (ops 283912-289933)
I0107 12:43:50.419339 24482 log.cc:1062] T 16e58229a0c648eda40d4376454f2981 P 914675d8717742d1ae5929637e95acb2: Deleting log segment in path: /data/somelongdirectorytoavoidrpathissues/src/kudutest/linked_list-test.LinkedListTest.TestLoadAndVerify.1578429164263051-24384/linked-list-cluster/ts-0/wal/wals/16e58229a0c648eda40d4376454f2981/wal-000000050 (ops 289934-295780)
I0107 12:43:50.419394 24482 log.cc:1062] T 16e58229a0c648eda40d4376454f2981 P 914675d8717742d1ae5929637e95acb2: Deleting log segment in path: /data/somelongdirectorytoavoidrpathissues/src/kudutest/linked_list-test.LinkedListTest.TestLoadAndVerify.1578429164263051-24384/linked-list-cluster/ts-0/wal/wals/16e58229a0c648eda40d4376454f2981/wal-000000051 (ops 295781-301736)
I0107 12:43:50.464852 24482 maintenance_manager.cc:527] P 914675d8717742d1ae5929637e95acb2: LogGCOp(16e58229a0c648eda40d4376454f2981) complete. Timing: real 0.046s user 0.000s sys 0.025s Metrics: {}
I0107 12:43:50.465039 24588 maintenance_manager.cc:326] P 914675d8717742d1ae5929637e95acb2: Scheduling UndoDeltaBlockGCOp(16e58229a0c648eda40d4376454f2981): 35583528 bytes on disk
I0107 12:43:50.465296 24482 maintenance_manager.cc:527] P 914675d8717742d1ae5929637e95acb2: UndoDeltaBlockGCOp(16e58229a0c648eda40d4376454f2981) complete. Timing: real 0.000s user 0.000s sys 0.000s Metrics: {"cfile_init":1,"lbm_read_time_us":98,"lbm_reads_lt_1ms":4}
I0107 12:43:50.465384 24588 maintenance_manager.cc:326] P 914675d8717742d1ae5929637e95acb2: Scheduling CompactRowSetsOp(16e58229a0c648eda40d4376454f2981): perf score=0.770507
I0107 12:43:50.805128 24837 maintenance_manager.cc:326] P 76f8bc397d684ec2b99494eb2fee53c4: Scheduling FlushMRSOp(16e58229a0c648eda40d4376454f2981): perf score=0.033383
I0107 12:43:52.301745 24713 maintenance_manager.cc:326] P c0dcf07e91a6459fb83f90f61d363e44: Scheduling FlushMRSOp(16e58229a0c648eda40d4376454f2981): perf score=0.033377 ------------------------------------------------------------ Histogram for latency of insert operations (microseconds) Note: each insert is a batch of 50 rows. ------------------------------------------------------------ Count: 310000 Mean: 2004.11 Percentiles: 0% (min) = 778 25% = 1427 50% (med) = 1609 75% = 1856 95% = 2582 99% = 8640 99.9% = 49280 99.99% = 222208 100% (max) = 1830262 *NOTE: some values were greater than highest trackable value
I0107 12:43:58.016724 24384 linked_list-test-util.h:519] Written 15500000 rows in chain
I0107 12:44:02.289510 24731 maintenance_manager.cc:527] P 76f8bc397d684ec2b99494eb2fee53c4: FlushMRSOp(16e58229a0c648eda40d4376454f2981) complete. Timing: real 11.484s user 2.899s sys 0.219s Metrics: {"bytes_written":32088576,"cfile_init":1,"delete_count":0,"dirs.queue_time_us":69,"dirs.run_cpu_time_us":134,"dirs.run_wall_time_us":201952,"drs_written":1,"lbm_read_time_us":10,"lbm_reads_lt_1ms":4,"lbm_write_time_us":348831,"lbm_writes_1-10_ms":63,"lbm_writes_10-100_ms":4,"lbm_writes_lt_1ms":3131,"reinsert_count":0,"rows_written":1803138,"thread_start_us":37,"threads_started":1,"update_count":11830}
I0107 12:44:02.289755 24837 maintenance_manager.cc:326] P 76f8bc397d684ec2b99494eb2fee53c4: Scheduling LogGCOp(16e58229a0c648eda40d4376454f2981): free 84210083 bytes of WAL
I0107 12:44:02.289858 24731 log_reader.cc:379] T 16e58229a0c648eda40d4376454f2981: removed 10 log segments from log reader
I0107 12:44:02.289904 24731 log.cc:1062] T 16e58229a0c648eda40d4376454f2981 P 76f8bc397d684ec2b99494eb2fee53c4: Deleting log segment in path: /data/somelongdirectorytoavoidrpathissues/src/kudutest/linked_list-test.LinkedListTest.TestLoadAndVerify.1578429164263051-24384/linked-list-cluster/ts-2/wal/wals/16e58229a0c648eda40d4376454f2981/wal-000000043 (ops 248188-254114)
I0107 12:44:02.290004 24731 log.cc:1062] T 16e58229a0c648eda40d4376454f2981 P 76f8bc397d684ec2b99494eb2fee53c4: Deleting log segment in path: /data/somelongdirectorytoavoidrpathissues/src/kudutest/linked_list-test.LinkedListTest.TestLoadAndVerify.1578429164263051-24384/linked-list-cluster/ts-2/wal/wals/16e58229a0c648eda40d4376454f2981/wal-000000044 (ops 254115-259997)
I0107 12:44:02.290094 24731 log.cc:1062] T 16e58229a0c648eda40d4376454f2981 P 76f8bc397d684ec2b99494eb2fee53c4: Deleting log segment in path: /data/somelongdirectorytoavoidrpathissues/src/kudutest/linked_list-test.LinkedListTest.TestLoadAndVerify.1578429164263051-24384/linked-list-cluster/ts-2/wal/wals/16e58229a0c648eda40d4376454f2981/wal-000000045 (ops 259998-265865)
I0107 12:44:02.290158 24731 log.cc:1062] T 16e58229a0c648eda40d4376454f2981 P 76f8bc397d684ec2b99494eb2fee53c4: Deleting log segment in path: /data/somelongdirectorytoavoidrpathissues/src/kudutest/linked_list-test.LinkedListTest.TestLoadAndVerify.1578429164263051-24384/linked-list-cluster/ts-2/wal/wals/16e58229a0c648eda40d4376454f2981/wal-000000046 (ops 265866-271963)
I0107 12:44:02.290237 24731 log.cc:1062] T 16e58229a0c648eda40d4376454f2981 P 76f8bc397d684ec2b99494eb2fee53c4: Deleting log segment in path: /data/somelongdirectorytoavoidrpathissues/src/kudutest/linked_list-test.LinkedListTest.TestLoadAndVerify.1578429164263051-24384/linked-list-cluster/ts-2/wal/wals/16e58229a0c648eda40d4376454f2981/wal-000000047 (ops 271964-277894)
