I0107 12:37:43.616959 24384 linked_list-test-util.h:519] Written 7500000 rows in chain *NOTE: some values were greater than highest trackable value
I0107 12:37:44.978018 24384 linked_list-test-util.h:528] Sample at HT timestamp: 6465247088543801344 Inserted count: 7530250
I0107 12:37:47.833643 24482 maintenance_manager.cc:527] P 914675d8717742d1ae5929637e95acb2: CompactRowSetsOp(16e58229a0c648eda40d4376454f2981) complete. Timing: real 25.686s user 6.169s sys 0.563s Metrics: {"bytes_written":78416322,"cfile_cache_hit":210,"cfile_cache_hit_bytes":28863484,"cfile_cache_miss":10334,"cfile_cache_miss_bytes":285675656,"cfile_init":21,"delta_iterators_relevant":16,"dirs.queue_time_us":20252,"dirs.run_cpu_time_us":361,"dirs.run_wall_time_us":499225,"drs_written":3,"lbm_read_time_us":2638059,"lbm_reads_1-10_ms":154,"lbm_reads_10-100_ms":44,"lbm_reads_gt_100_ms":5,"lbm_reads_lt_1ms":10215,"lbm_write_time_us":1092515,"lbm_writes_1-10_ms":147,"lbm_writes_10-100_ms":6,"lbm_writes_gt_100_ms":2,"lbm_writes_lt_1ms":7776,"num_input_rowsets":4,"rows_written":4470985,"spinlock_wait_cycles":36656000,"thread_start_us":223,"threads_started":3}
I0107 12:37:47.833869 24588 maintenance_manager.cc:326] P 914675d8717742d1ae5929637e95acb2: Scheduling LogGCOp(16e58229a0c648eda40d4376454f2981): free 92596825 bytes of WAL
I0107 12:37:47.834062 24482 log_reader.cc:379] T 16e58229a0c648eda40d4376454f2981: removed 11 log segments from log reader
I0107 12:37:47.834112 24482 log.cc:1062] T 16e58229a0c648eda40d4376454f2981 P 914675d8717742d1ae5929637e95acb2: Deleting log segment in path: /data/somelongdirectorytoavoidrpathissues/src/kudutest/linked_list-test.LinkedListTest.TestLoadAndVerify.1578429164263051-24384/linked-list-cluster/ts-0/wal/wals/16e58229a0c648eda40d4376454f2981/wal-000000012 (ops 65217-71082)
I0107 12:37:47.834249 24482 log.cc:1062] T 16e58229a0c648eda40d4376454f2981 P 914675d8717742d1ae5929637e95acb2: Deleting log segment in path: /data/somelongdirectorytoavoidrpathissues/src/kudutest/linked_list-test.LinkedListTest.TestLoadAndVerify.1578429164263051-24384/linked-list-cluster/ts-0/wal/wals/16e58229a0c648eda40d4376454f2981/wal-000000013 (ops 71083-77006)
I0107 12:37:47.834345 24482 log.cc:1062] T 16e58229a0c648eda40d4376454f2981 P 914675d8717742d1ae5929637e95acb2: Deleting log segment in path: /data/somelongdirectorytoavoidrpathissues/src/kudutest/linked_list-test.LinkedListTest.TestLoadAndVerify.1578429164263051-24384/linked-list-cluster/ts-0/wal/wals/16e58229a0c648eda40d4376454f2981/wal-000000014 (ops 77007-82888)
I0107 12:37:47.834410 24482 log.cc:1062] T 16e58229a0c648eda40d4376454f2981 P 914675d8717742d1ae5929637e95acb2: Deleting log segment in path: /data/somelongdirectorytoavoidrpathissues/src/kudutest/linked_list-test.LinkedListTest.TestLoadAndVerify.1578429164263051-24384/linked-list-cluster/ts-0/wal/wals/16e58229a0c648eda40d4376454f2981/wal-000000015 (ops 82889-88860)
I0107 12:37:47.834551 24482 log.cc:1062] T 16e58229a0c648eda40d4376454f2981 P 914675d8717742d1ae5929637e95acb2: Deleting log segment in path: /data/somelongdirectorytoavoidrpathissues/src/kudutest/linked_list-test.LinkedListTest.TestLoadAndVerify.1578429164263051-24384/linked-list-cluster/ts-0/wal/wals/16e58229a0c648eda40d4376454f2981/wal-000000016 (ops 88861-94723)
I0107 12:37:47.834620 24482 log.cc:1062] T 16e58229a0c648eda40d4376454f2981 P 914675d8717742d1ae5929637e95acb2: Deleting log segment in path: /data/somelongdirectorytoavoidrpathissues/src/kudutest/linked_list-test.LinkedListTest.TestLoadAndVerify.1578429164263051-24384/linked-list-cluster/ts-0/wal/wals/16e58229a0c648eda40d4376454f2981/wal-000000017 (ops 94724-100715)
I0107 12:37:47.834692 24482 log.cc:1062] T 16e58229a0c648eda40d4376454f2981 P 914675d8717742d1ae5929637e95acb2: Deleting log segment in path: /data/somelongdirectorytoavoidrpathissues/src/kudutest/linked_list-test.LinkedListTest.TestLoadAndVerify.1578429164263051-24384/linked-list-cluster/ts-0/wal/wals/16e58229a0c648eda40d4376454f2981/wal-000000018 (ops 100716-106592)
I0107 12:37:47.834764 24482 log.cc:1062] T 16e58229a0c648eda40d4376454f2981 P 914675d8717742d1ae5929637e95acb2: Deleting log segment in path: /data/somelongdirectorytoavoidrpathissues/src/kudutest/linked_list-test.LinkedListTest.TestLoadAndVerify.1578429164263051-24384/linked-list-cluster/ts-0/wal/wals/16e58229a0c648eda40d4376454f2981/wal-000000019 (ops 106593-112457)
I0107 12:37:47.834825 24482 log.cc:1062] T 16e58229a0c648eda40d4376454f2981 P 914675d8717742d1ae5929637e95acb2: Deleting log segment in path: /data/somelongdirectorytoavoidrpathissues/src/kudutest/linked_list-test.LinkedListTest.TestLoadAndVerify.1578429164263051-24384/linked-list-cluster/ts-0/wal/wals/16e58229a0c648eda40d4376454f2981/wal-000000020 (ops 112458-118443)
I0107 12:37:47.834905 24482 log.cc:1062] T 16e58229a0c648eda40d4376454f2981 P 914675d8717742d1ae5929637e95acb2: Deleting log segment in path: /data/somelongdirectorytoavoidrpathissues/src/kudutest/linked_list-test.LinkedListTest.TestLoadAndVerify.1578429164263051-24384/linked-list-cluster/ts-0/wal/wals/16e58229a0c648eda40d4376454f2981/wal-000000021 (ops 118444-124356)
I0107 12:37:47.834962 24482 log.cc:1062] T 16e58229a0c648eda40d4376454f2981 P 914675d8717742d1ae5929637e95acb2: Deleting log segment in path: /data/somelongdirectorytoavoidrpathissues/src/kudutest/linked_list-test.LinkedListTest.TestLoadAndVerify.1578429164263051-24384/linked-list-cluster/ts-0/wal/wals/16e58229a0c648eda40d4376454f2981/wal-000000022 (ops 124357-130266)
I0107 12:37:47.906669 24482 maintenance_manager.cc:527] P 914675d8717742d1ae5929637e95acb2: LogGCOp(16e58229a0c648eda40d4376454f2981) complete. Timing: real 0.073s user 0.000s sys 0.026s Metrics: {}
I0107 12:37:47.906841 24588 maintenance_manager.cc:326] P 914675d8717742d1ae5929637e95acb2: Scheduling UndoDeltaBlockGCOp(16e58229a0c648eda40d4376454f2981): 91286985 bytes on disk
I0107 12:37:48.026326 24482 maintenance_manager.cc:527] P 914675d8717742d1ae5929637e95acb2: UndoDeltaBlockGCOp(16e58229a0c648eda40d4376454f2981) complete. Timing: real 0.119s user 0.000s sys 0.000s Metrics: {"cfile_init":3,"lbm_read_time_us":119248,"lbm_reads_1-10_ms":1,"lbm_reads_10-100_ms":5,"lbm_reads_lt_1ms":6}
I0107 12:37:49.278425 24731 maintenance_manager.cc:527] P 76f8bc397d684ec2b99494eb2fee53c4: CompactRowSetsOp(16e58229a0c648eda40d4376454f2981) complete. Timing: real 25.322s user 5.928s sys 0.621s Metrics: {"bytes_written":78383688,"cfile_cache_hit":223,"cfile_cache_hit_bytes":31100984,"cfile_cache_miss":10335,"cfile_cache_miss_bytes":283337536,"cfile_init":21,"delta_iterators_relevant":16,"dirs.queue_time_us":10531,"dirs.run_cpu_time_us":308,"dirs.run_wall_time_us":111227,"drs_written":3,"lbm_read_time_us":2816772,"lbm_reads_1-10_ms":146,"lbm_reads_10-100_ms":49,"lbm_reads_gt_100_ms":6,"lbm_reads_lt_1ms":10218,"lbm_write_time_us":860856,"lbm_writes_1-10_ms":196,"lbm_writes_10-100_ms":5,"lbm_writes_lt_1ms":7726,"num_input_rowsets":4,"rows_written":4469052,"spinlock_wait_cycles":147773312,"thread_start_us":528,"threads_started":11}
I0107 12:37:49.278617 24837 maintenance_manager.cc:326] P 76f8bc397d684ec2b99494eb2fee53c4: Scheduling UndoDeltaBlockGCOp(16e58229a0c648eda40d4376454f2981): 91245730 bytes on disk
I0107 12:37:49.471809 24731 maintenance_manager.cc:527] P 76f8bc397d684ec2b99494eb2fee53c4: UndoDeltaBlockGCOp(16e58229a0c648eda40d4376454f2981) complete. Timing: real 0.193s user 0.001s sys 0.000s Metrics: {"cfile_init":3,"lbm_read_time_us":192924,"lbm_reads_1-10_ms":1,"lbm_reads_10-100_ms":5,"lbm_reads_lt_1ms":6}
I0107 12:37:49.587852 24607 maintenance_manager.cc:527] P c0dcf07e91a6459fb83f90f61d363e44: CompactRowSetsOp(16e58229a0c648eda40d4376454f2981) complete. Timing: real 24.981s user 5.967s sys 0.580s Metrics: {"bytes_written":78504054,"cfile_cache_hit":229,"cfile_cache_hit_bytes":31609947,"cfile_cache_miss":10343,"cfile_cache_miss_bytes":283358549,"cfile_init":21,"delta_iterators_relevant":16,"dirs.queue_time_us":24166,"dirs.run_cpu_time_us":431,"dirs.run_wall_time_us":120379,"drs_written":3,"lbm_read_time_us":3310385,"lbm_reads_1-10_ms":127,"lbm_reads_10-100_ms":49,"lbm_reads_gt_100_ms":9,"lbm_reads_lt_1ms":10242,"lbm_write_time_us":945006,"lbm_writes_1-10_ms":182,"lbm_writes_10-100_ms":10,"lbm_writes_lt_1ms":7747,"num_input_rowsets":4,"rows_written":4476127,"spinlock_wait_cycles":122148864,"thread_start_us":583,"threads_started":11}
I0107 12:37:49.587983 24713 maintenance_manager.cc:326] P c0dcf07e91a6459fb83f90f61d363e44: Scheduling UndoDeltaBlockGCOp(16e58229a0c648eda40d4376454f2981): 91393105 bytes on disk
I0107 12:37:49.836410 24607 maintenance_manager.cc:527] P c0dcf07e91a6459fb83f90f61d363e44: UndoDeltaBlockGCOp(16e58229a0c648eda40d4376454f2981) complete. Timing: real 0.248s user 0.000s sys 0.001s Metrics: {"cfile_init":3,"lbm_read_time_us":248210,"lbm_reads_1-10_ms":1,"lbm_reads_10-100_ms":5,"lbm_reads_lt_1ms":6} ------------------------------------------------------------ Histogram for latency of insert operations (microseconds) Note: each insert is a batch of 50 rows. ------------------------------------------------------------ Count: 160000 Mean: 1830.71 Percentiles: 0% (min) = 778 25% = 1381 50% (med) = 1545 75% = 1765 95% = 2380 99% = 7380 99.9% = 41504 99.99% = 99328 100% (max) = 1068091 *NOTE: some values were greater than highest trackable value
I0107 12:38:05.886168 24384 linked_list-test-util.h:519] Written 8000000 rows in chain ------------------------------------------------------------ Histogram for latency of insert operations (microseconds) Note: each insert is a batch of 50 rows. ------------------------------------------------------------ Count: 170000 Mean: 1832.78 Percentiles: 0% (min) = 778 25% = 1386 50% (med) = 1550 75% = 1769 95% = 2374 99% = 7376 99.9% = 41088 99.99% = 99328 100% (max) = 1068091 *NOTE: some values were greater than highest trackable value
I0107 12:38:26.516680 24384 linked_list-test-util.h:519] Written 8500000 rows in chain ------------------------------------------------------------ Histogram for latency of insert operations (microseconds) Note: each insert is a batch of 50 rows. ------------------------------------------------------------ Count: 180000 Mean: 1833.79 Percentiles: 0% (min) = 778 25% = 1390 50% (med) = 1555 75% = 1773 95% = 2370 99% = 7352 99.9% = 40320 99.99% = 97088 100% (max) = 1068091 *NOTE: some values were greater than highest trackable value
I0107 12:38:46.976130 24384 linked_list-test-util.h:519] Written 9000000 rows in chain
I0107 12:38:50.278090 24837 maintenance_manager.cc:326] P 76f8bc397d684ec2b99494eb2fee53c4: Scheduling FlushMRSOp(77e67457a0334f92a22f52fe739203dd): perf score=0.033385
I0107 12:38:51.581873 24588 maintenance_manager.cc:326] P 914675d8717742d1ae5929637e95acb2: Scheduling FlushMRSOp(77e67457a0334f92a22f52fe739203dd): perf score=0.033363
I0107 12:38:51.829260 24731 maintenance_manager.cc:527] P 76f8bc397d684ec2b99494eb2fee53c4: FlushMRSOp(77e67457a0334f92a22f52fe739203dd) complete. Timing: real 1.551s user 0.642s sys 0.052s Metrics: {"bytes_written":8217453,"cfile_init":1,"delete_count":0,"dirs.queue_time_us":11034,"dirs.run_cpu_time_us":101,"dirs.run_wall_time_us":78694,"drs_written":1,"lbm_read_time_us":69,"lbm_reads_lt_1ms":4,"lbm_write_time_us":43599,"lbm_writes_1-10_ms":5,"lbm_writes_lt_1ms":832,"reinsert_count":0,"rows_written":462580,"thread_start_us":58,"threads_started":1,"update_count":1605}
I0107 12:38:51.829461 24837 maintenance_manager.cc:326] P 76f8bc397d684ec2b99494eb2fee53c4: Scheduling LogGCOp(77e67457a0334f92a22f52fe739203dd): free 42070531 bytes of WAL
I0107 12:38:51.829676 24731 log_reader.cc:379] T 77e67457a0334f92a22f52fe739203dd: removed 5 log segments from log reader
I0107 12:38:51.829727 24731 log.cc:1062] T 77e67457a0334f92a22f52fe739203dd P 76f8bc397d684ec2b99494eb2fee53c4: Deleting log segment in path: /data/somelongdirectorytoavoidrpathissues/src/kudutest/linked_list-test.LinkedListTest.TestLoadAndVerify.1578429164263051-24384/linked-list-cluster/ts-2/wal/wals/77e67457a0334f92a22f52fe739203dd/wal-000000010 (ops 111857-124240)
I0107 12:38:51.829843 24731 log.cc:1062] T 77e67457a0334f92a22f52fe739203dd P 76f8bc397d684ec2b99494eb2fee53c4: Deleting log segment in path: /data/somelongdirectorytoavoidrpathissues/src/kudutest/linked_list-test.LinkedListTest.TestLoadAndVerify.1578429164263051-24384/linked-list-cluster/ts-2/wal/wals/77e67457a0334f92a22f52fe739203dd/wal-000000011 (ops 124241-136760)
I0107 12:38:51.829916 24731 log.cc:1062] T 77e67457a0334f92a22f52fe739203dd P 76f8bc397d684ec2b99494eb2fee53c4: Deleting log segment in path: /data/somelongdirectorytoavoidrpathissues/src/kudutest/linked_list-test.LinkedListTest.TestLoadAndVerify.1578429164263051-24384/linked-list-cluster/ts-2/wal/wals/77e67457a0334f92a22f52fe739203dd/wal-000000012 (ops 136761-149159)
I0107 12:38:51.829972 24731 log.cc:1062] T 77e67457a0334f92a22f52fe739203dd P 76f8bc397d684ec2b99494eb2fee53c4: Deleting log segment in path: /data/somelongdirectorytoavoidrpathissues/src/kudutest/linked_list-test.LinkedListTest.TestLoadAndVerify.1578429164263051-24384/linked-list-cluster/ts-2/wal/wals/77e67457a0334f92a22f52fe739203dd/wal-000000013 (ops 149160-161536)
I0107 12:38:51.830459 24731 log.cc:1062] T 77e67457a0334f92a22f52fe739203dd P 76f8bc397d684ec2b99494eb2fee53c4: Deleting log segment in path: /data/somelongdirectorytoavoidrpathissues/src/kudutest/linked_list-test.LinkedListTest.TestLoadAndVerify.1578429164263051-24384/linked-list-cluster/ts-2/wal/wals/77e67457a0334f92a22f52fe739203dd/wal-000000014 (ops 161537-173962)
I0107 12:38:51.874107 24731 maintenance_manager.cc:527] P 76f8bc397d684ec2b99494eb2fee53c4: LogGCOp(77e67457a0334f92a22f52fe739203dd) complete. Timing: real 0.044s user 0.000s sys 0.014s Metrics: {}
I0107 12:38:51.882371 24837 maintenance_manager.cc:326] P 76f8bc397d684ec2b99494eb2fee53c4: Scheduling CompactRowSetsOp(77e67457a0334f92a22f52fe739203dd): perf score=1.001324
I0107 12:38:51.892454 24713 maintenance_manager.cc:326] P c0dcf07e91a6459fb83f90f61d363e44: Scheduling FlushMRSOp(77e67457a0334f92a22f52fe739203dd): perf score=0.033370
I0107 12:38:53.978026 24482 maintenance_manager.cc:527] P 914675d8717742d1ae5929637e95acb2: FlushMRSOp(77e67457a0334f92a22f52fe739203dd) complete. Timing: real 2.394s user 0.709s sys 0.050s Metrics: {"bytes_written":8284183,"cfile_init":1,"delete_count":0,"dirs.queue_time_us":291,"dirs.run_cpu_time_us":117,"dirs.run_wall_time_us":69347,"drs_written":1,"lbm_read_time_us":6,"lbm_reads_lt_1ms":4,"lbm_write_time_us":82341,"lbm_writes_1-10_ms":21,"lbm_writes_lt_1ms":822,"reinsert_count":0,"rows_written":465532,"thread_start_us":31,"threads_started":1,"update_count":3009}
I0107 12:38:53.978257 24588 maintenance_manager.cc:326] P 914675d8717742d1ae5929637e95acb2: Scheduling LogGCOp(77e67457a0334f92a22f52fe739203dd): free 41994042 bytes of WAL
I0107 12:38:53.978603 24482 log_reader.cc:379] T 77e67457a0334f92a22f52fe739203dd: removed 5 log segments from log reader
I0107 12:38:53.978758 24482 log.cc:1062] T 77e67457a0334f92a22f52fe739203dd P 914675d8717742d1ae5929637e95acb2: Deleting log segment in path: /data/somelongdirectorytoavoidrpathissues/src/kudutest/linked_list-test.LinkedListTest.TestLoadAndVerify.1578429164263051-24384/linked-list-cluster/ts-0/wal/wals/77e67457a0334f92a22f52fe739203dd/wal-000000010 (ops 111525-123946)
I0107 12:38:53.978832 24482 log.cc:1062] T 77e67457a0334f92a22f52fe739203dd P 914675d8717742d1ae5929637e95acb2: Deleting log segment in path: /data/somelongdirectorytoavoidrpathissues/src/kudutest/linked_list-test.LinkedListTest.TestLoadAndVerify.1578429164263051-24384/linked-list-cluster/ts-0/wal/wals/77e67457a0334f92a22f52fe739203dd/wal-000000011 (ops 123947-136382)
I0107 12:38:53.979063 24482 log.cc:1062] T 77e67457a0334f92a22f52fe739203dd P 914675d8717742d1ae5929637e95acb2: Deleting log segment in path: /data/somelongdirectorytoavoidrpathissues/src/kudutest/linked_list-test.LinkedListTest.TestLoadAndVerify.1578429164263051-24384/linked-list-cluster/ts-0/wal/wals/77e67457a0334f92a22f52fe739203dd/wal-000000012 (ops 136383-148749)
I0107 12:38:53.979125 24482 log.cc:1062] T 77e67457a0334f92a22f52fe739203dd P 914675d8717742d1ae5929637e95acb2: Deleting log segment in path: /data/somelongdirectorytoavoidrpathissues/src/kudutest/linked_list-test.LinkedListTest.TestLoadAndVerify.1578429164263051-24384/linked-list-cluster/ts-0/wal/wals/77e67457a0334f92a22f52fe739203dd/wal-000000013 (ops 148750-161136)
I0107 12:38:53.979748 24482 log.cc:1062] T 77e67457a0334f92a22f52fe739203dd P 914675d8717742d1ae5929637e95acb2: Deleting log segment in path: /data/somelongdirectorytoavoidrpathissues/src/kudutest/linked_list-test.LinkedListTest.TestLoadAndVerify.1578429164263051-24384/linked-list-cluster/ts-0/wal/wals/77e67457a0334f92a22f52fe739203dd/wal-000000014 (ops 161137-173483)
I0107 12:38:54.038623 24482 maintenance_manager.cc:527] P 914675d8717742d1ae5929637e95acb2: LogGCOp(77e67457a0334f92a22f52fe739203dd) complete. Timing: real 0.060s user 0.000s sys 0.014s Metrics: {}
I0107 12:38:54.049666 24588 maintenance_manager.cc:326] P 914675d8717742d1ae5929637e95acb2: Scheduling CompactRowSetsOp(77e67457a0334f92a22f52fe739203dd): perf score=1.001294
I0107 12:38:54.446091 24607 maintenance_manager.cc:527] P c0dcf07e91a6459fb83f90f61d363e44: FlushMRSOp(77e67457a0334f92a22f52fe739203dd) complete. Timing: real 2.554s user 0.720s sys 0.047s Metrics: {"bytes_written":8266595,"cfile_init":1,"delete_count":0,"dirs.queue_time_us":4095,"dirs.run_cpu_time_us":136,"dirs.run_wall_time_us":75237,"drs_written":1,"lbm_read_time_us":7,"lbm_reads_lt_1ms":4,"lbm_write_time_us":66812,"lbm_writes_1-10_ms":22,"lbm_writes_lt_1ms":822,"reinsert_count":0,"rows_written":466529,"thread_start_us":70,"threads_started":1,"update_count":15}
I0107 12:38:54.446215 24713 maintenance_manager.cc:326] P c0dcf07e91a6459fb83f90f61d363e44: Scheduling LogGCOp(77e67457a0334f92a22f52fe739203dd): free 42076612 bytes of WAL
I0107 12:38:54.446995 24607 log_reader.cc:379] T 77e67457a0334f92a22f52fe739203dd: removed 5 log segments from log reader
I0107 12:38:54.447047 24607 log.cc:1062] T 77e67457a0334f92a22f52fe739203dd P c0dcf07e91a6459fb83f90f61d363e44: Deleting log segment in path: /data/somelongdirectorytoavoidrpathissues/src/kudutest/linked_list-test.LinkedListTest.TestLoadAndVerify.1578429164263051-24384/linked-list-cluster/ts-1/wal/wals/77e67457a0334f92a22f52fe739203dd/wal-000000010 (ops 111583-124005)
I0107 12:38:54.447115 24607 log.cc:1062] T 77e67457a0334f92a22f52fe739203dd P c0dcf07e91a6459fb83f90f61d363e44: Deleting log segment in path: /data/somelongdirectorytoavoidrpathissues/src/kudutest/linked_list-test.LinkedListTest.TestLoadAndVerify.1578429164263051-24384/linked-list-cluster/ts-1/wal/wals/77e67457a0334f92a22f52fe739203dd/wal-000000011 (ops 124006-136559)
I0107 12:38:54.447177 24607 log.cc:1062] T 77e67457a0334f92a22f52fe739203dd P c0dcf07e91a6459fb83f90f61d363e44: Deleting log segment in path: /data/somelongdirectorytoavoidrpathissues/src/kudutest/linked_list-test.LinkedListTest.TestLoadAndVerify.1578429164263051-24384/linked-list-cluster/ts-1/wal/wals/77e67457a0334f92a22f52fe739203dd/wal-000000012 (ops 136560-148906)
I0107 12:38:54.447274 24607 log.cc:1062] T 77e67457a0334f92a22f52fe739203dd P c0dcf07e91a6459fb83f90f61d363e44: Deleting log segment in path: /data/somelongdirectorytoavoidrpathissues/src/kudutest/linked_list-test.LinkedListTest.TestLoadAndVerify.1578429164263051-24384/linked-list-cluster/ts-1/wal/wals/77e67457a0334f92a22f52fe739203dd/wal-000000013 (ops 148907-161338)
I0107 12:38:54.447343 24607 log.cc:1062] T 77e67457a0334f92a22f52fe739203dd P c0dcf07e91a6459fb83f90f61d363e44: Deleting log segment in path: /data/somelongdirectorytoavoidrpathissues/src/kudutest/linked_list-test.LinkedListTest.TestLoadAndVerify.1578429164263051-24384/linked-list-cluster/ts-1/wal/wals/77e67457a0334f92a22f52fe739203dd/wal-000000014 (ops 161339-173705)
I0107 12:38:54.476140 24607 maintenance_manager.cc:527] P c0dcf07e91a6459fb83f90f61d363e44: LogGCOp(77e67457a0334f92a22f52fe739203dd) complete. Timing: real 0.029s user 0.000s sys 0.013s Metrics: {}
I0107 12:38:54.478016 24713 maintenance_manager.cc:326] P c0dcf07e91a6459fb83f90f61d363e44: Scheduling CompactRowSetsOp(77e67457a0334f92a22f52fe739203dd): perf score=1.001287
I0107 12:38:59.812204 24731 maintenance_manager.cc:527] P 76f8bc397d684ec2b99494eb2fee53c4: CompactRowSetsOp(77e67457a0334f92a22f52fe739203dd) complete. Timing: real 7.930s user 2.060s sys 0.188s Metrics: {"bytes_written":26838497,"cfile_cache_hit":71,"cfile_cache_hit_bytes":9327303,"cfile_cache_miss":3507,"cfile_cache_miss_bytes":97884989,"cfile_init":9,"delta_iterators_relevant":6,"dirs.queue_time_us":6832,"dirs.run_cpu_time_us":107,"dirs.run_wall_time_us":44065,"drs_written":1,"lbm_read_time_us":567354,"lbm_reads_1-10_ms":54,"lbm_reads_10-100_ms":14,"lbm_reads_lt_1ms":3475,"lbm_write_time_us":288607,"lbm_writes_1-10_ms":61,"lbm_writes_10-100_ms":3,"lbm_writes_lt_1ms":2622,"mutex_wait_us":6550,"num_input_rowsets":2,"rows_written":1514140,"spinlock_wait_cycles":25344,"thread_start_us":480,"threads_started":9}
I0107 12:38:59.812304 24837 maintenance_manager.cc:326] P 76f8bc397d684ec2b99494eb2fee53c4: Scheduling UndoDeltaBlockGCOp(77e67457a0334f92a22f52fe739203dd): 31356652 bytes on disk
I0107 12:38:59.812413 24731 maintenance_manager.cc:527] P 76f8bc397d684ec2b99494eb2fee53c4: UndoDeltaBlockGCOp(77e67457a0334f92a22f52fe739203dd) complete. Timing: real 0.000s user 0.000s sys 0.000s Metrics: {"cfile_init":1,"lbm_read_time_us":9,"lbm_reads_lt_1ms":4}
I0107 12:38:59.812719 24837 maintenance_manager.cc:326] P 76f8bc397d684ec2b99494eb2fee53c4: Scheduling FlushMRSOp(30019a15e66f4115b11a50dbcaf93a87): perf score=0.033753
I0107 12:39:02.310389 24731 maintenance_manager.cc:527] P 76f8bc397d684ec2b99494eb2fee53c4: FlushMRSOp(30019a15e66f4115b11a50dbcaf93a87) complete. Timing: real 2.497s user 0.652s sys 0.048s Metrics: {"bytes_written":8232224,"cfile_init":1,"delete_count":0,"dirs.queue_time_us":6017,"dirs.run_cpu_time_us":59,"dirs.run_wall_time_us":89,"drs_written":1,"lbm_read_time_us":20,"lbm_reads_lt_1ms":4,"lbm_write_time_us":610766,"lbm_writes_1-10_ms":6,"lbm_writes_10-100_ms":7,"lbm_writes_gt_100_ms":1,"lbm_writes_lt_1ms":823,"reinsert_count":0,"rows_written":462470,"thread_start_us":42,"threads_started":1,"update_count":2973}
I0107 12:39:02.310967 24837 maintenance_manager.cc:326] P 76f8bc397d684ec2b99494eb2fee53c4: Scheduling LogGCOp(30019a15e66f4115b11a50dbcaf93a87): free 33693027 bytes of WAL
I0107 12:39:02.311043 24731 log_reader.cc:379] T 30019a15e66f4115b11a50dbcaf93a87: removed 4 log segments from log reader
I0107 12:39:02.311131 24731 log.cc:1062] T 30019a15e66f4115b11a50dbcaf93a87 P 76f8bc397d684ec2b99494eb2fee53c4: Deleting log segment in path: /data/somelongdirectorytoavoidrpathissues/src/kudutest/linked_list-test.LinkedListTest.TestLoadAndVerify.1578429164263051-24384/linked-list-cluster/ts-2/wal/wals/30019a15e66f4115b11a50dbcaf93a87/wal-000000011 (ops 124184-136805)
I0107 12:39:02.311236 24731 log.cc:1062] T 30019a15e66f4115b11a50dbcaf93a87 P 76f8bc397d684ec2b99494eb2fee53c4: Deleting log segment in path: /data/somelongdirectorytoavoidrpathissues/src/kudutest/linked_list-test.LinkedListTest.TestLoadAndVerify.1578429164263051-24384/linked-list-cluster/ts-2/wal/wals/30019a15e66f4115b11a50dbcaf93a87/wal-000000012 (ops 136806-149291)
I0107 12:39:02.311327 24731 log.cc:1062] T 30019a15e66f4115b11a50dbcaf93a87 P 76f8bc397d684ec2b99494eb2fee53c4: Deleting log segment in path: /data/somelongdirectorytoavoidrpathissues/src/kudutest/linked_list-test.LinkedListTest.TestLoadAndVerify.1578429164263051-24384/linked-list-cluster/ts-2/wal/wals/30019a15e66f4115b11a50dbcaf93a87/wal-000000013 (ops 149292-161671)
I0107 12:39:02.312304 24731 log.cc:1062] T 30019a15e66f4115b11a50dbcaf93a87 P 76f8bc397d684ec2b99494eb2fee53c4: Deleting log segment in path: /data/somelongdirectorytoavoidrpathissues/src/kudutest/linked_list-test.LinkedListTest.TestLoadAndVerify.1578429164263051-24384/linked-list-cluster/ts-2/wal/wals/30019a15e66f4115b11a50dbcaf93a87/wal-000000014 (ops 161672-174077)
I0107 12:39:02.375725 24731 maintenance_manager.cc:527] P 76f8bc397d684ec2b99494eb2fee53c4: LogGCOp(30019a15e66f4115b11a50dbcaf93a87) complete. Timing: real 0.065s user 0.000s sys 0.013s Metrics: {}
I0107 12:39:02.376047 24837 maintenance_manager.cc:326] P 76f8bc397d684ec2b99494eb2fee53c4: Scheduling UndoDeltaBlockGCOp(30019a15e66f4115b11a50dbcaf93a87): 9179325 bytes on disk
I0107 12:39:02.382944 24731 maintenance_manager.cc:527] P 76f8bc397d684ec2b99494eb2fee53c4: UndoDeltaBlockGCOp(30019a15e66f4115b11a50dbcaf93a87) complete. Timing: real 0.007s user 0.000s sys 0.000s Metrics: {"cfile_init":1,"lbm_read_time_us":6151,"lbm_reads_1-10_ms":1,"lbm_reads_lt_1ms":3}
I0107 12:39:02.383087 24837 maintenance_manager.cc:326] P 76f8bc397d684ec2b99494eb2fee53c4: Scheduling CompactRowSetsOp(30019a15e66f4115b11a50dbcaf93a87): perf score=1.001330
I0107 12:39:02.953150 24607 maintenance_manager.cc:527] P c0dcf07e91a6459fb83f90f61d363e44: CompactRowSetsOp(77e67457a0334f92a22f52fe739203dd) complete. Timing: real 8.475s user 2.047s sys 0.207s Metrics: {"bytes_written":26948338,"cfile_cache_hit":73,"cfile_cache_hit_bytes":9376225,"cfile_cache_miss":3519,"cfile_cache_miss_bytes":98263889,"cfile_init":9,"delta_iterators_relevant":6,"dirs.queue_time_us":4230,"dirs.run_cpu_time_us":88,"dirs.run_wall_time_us":36776,"drs_written":1,"lbm_read_time_us":1044313,"lbm_reads_1-10_ms":60,"lbm_reads_10-100_ms":27,"lbm_reads_lt_1ms":3468,"lbm_write_time_us":251043,"lbm_writes_1-10_ms":45,"lbm_writes_10-100_ms":1,"lbm_writes_lt_1ms":2650,"num_input_rowsets":2,"rows_written":1520312,"spinlock_wait_cycles":50415232,"thread_start_us":289,"threads_started":9}
I0107 12:39:02.953339 24713 maintenance_manager.cc:326] P c0dcf07e91a6459fb83f90f61d363e44: Scheduling UndoDeltaBlockGCOp(77e67457a0334f92a22f52fe739203dd): 31485542 bytes on disk
I0107 12:39:02.956485 24607 maintenance_manager.cc:527] P c0dcf07e91a6459fb83f90f61d363e44: UndoDeltaBlockGCOp(77e67457a0334f92a22f52fe739203dd) complete. Timing: real 0.000s user 0.000s sys 0.000s Metrics: {"cfile_init":1,"lbm_read_time_us":8,"lbm_reads_lt_1ms":4}
I0107 12:39:02.956688 24713 maintenance_manager.cc:326] P c0dcf07e91a6459fb83f90f61d363e44: Scheduling FlushMRSOp(30019a15e66f4115b11a50dbcaf93a87): perf score=0.034770
I0107 12:39:03.310052 24482 maintenance_manager.cc:527] P 914675d8717742d1ae5929637e95acb2: CompactRowSetsOp(77e67457a0334f92a22f52fe739203dd) complete. Timing: real 9.260s user 2.018s sys 0.217s Metrics: {"bytes_written":26928822,"cfile_cache_hit":72,"cfile_cache_hit_bytes":9214957,"cfile_cache_miss":3518,"cfile_cache_miss_bytes":98376531,"cfile_init":9,"delta_iterators_relevant":6,"dirs.queue_time_us":171,"dirs.run_cpu_time_us":137,"dirs.run_wall_time_us":97003,"drs_written":1,"lbm_read_time_us":1304266,"lbm_reads_1-10_ms":42,"lbm_reads_10-100_ms":29,"lbm_reads_gt_100_ms":1,"lbm_reads_lt_1ms":3482,"lbm_write_time_us":279402,"lbm_writes_1-10_ms":62,"lbm_writes_10-100_ms":2,"lbm_writes_lt_1ms":2630,"num_input_rowsets":2,"rows_written":1519363,"spinlock_wait_cycles":19840384,"thread_start_us":1422,"threads_started":9}
I0107 12:39:03.310227 24588 maintenance_manager.cc:326] P 914675d8717742d1ae5929637e95acb2: Scheduling FlushMRSOp(30019a15e66f4115b11a50dbcaf93a87): perf score=0.034566
I0107 12:39:04.552110 24607 maintenance_manager.cc:527] P c0dcf07e91a6459fb83f90f61d363e44: FlushMRSOp(30019a15e66f4115b11a50dbcaf93a87) complete. Timing: real 1.592s user 0.583s sys 0.036s Metrics: {"bytes_written":8396330,"cfile_init":1,"delete_count":0,"dirs.queue_time_us":214,"dirs.run_cpu_time_us":116,"dirs.run_wall_time_us":131771,"drs_written":1,"lbm_read_time_us":9,"lbm_reads_lt_1ms":4,"lbm_write_time_us":69967,"lbm_writes_1-10_ms":8,"lbm_writes_10-100_ms":1,"lbm_writes_lt_1ms":843,"reinsert_count":0,"rows_written":471928,"thread_start_us":34,"threads_started":1,"update_count":3184}
I0107 12:39:04.552949 24713 maintenance_manager.cc:326] P c0dcf07e91a6459fb83f90f61d363e44: Scheduling LogGCOp(30019a15e66f4115b11a50dbcaf93a87): free 33749445 bytes of WAL
I0107 12:39:04.553524 24607 log_reader.cc:379] T 30019a15e66f4115b11a50dbcaf93a87: removed 4 log segments from log reader
I0107 12:39:04.553580 24607 log.cc:1062] T 30019a15e66f4115b11a50dbcaf93a87 P c0dcf07e91a6459fb83f90f61d363e44: Deleting log segment in path: /data/somelongdirectorytoavoidrpathissues/src/kudutest/linked_list-test.LinkedListTest.TestLoadAndVerify.1578429164263051-24384/linked-list-cluster/ts-1/wal/wals/30019a15e66f4115b11a50dbcaf93a87/wal-000000011 (ops 124074-136748)
I0107 12:39:04.553661 24607 log.cc:1062] T 30019a15e66f4115b11a50dbcaf93a87 P c0dcf07e91a6459fb83f90f61d363e44: Deleting log segment in path: /data/somelongdirectorytoavoidrpathissues/src/kudutest/linked_list-test.LinkedListTest.TestLoadAndVerify.1578429164263051-24384/linked-list-cluster/ts-1/wal/wals/30019a15e66f4115b11a50dbcaf93a87/wal-000000012 (ops 136749-149110)
I0107 12:39:04.553864 24607 log.cc:1062] T 30019a15e66f4115b11a50dbcaf93a87 P c0dcf07e91a6459fb83f90f61d363e44: Deleting log segment in path: /data/somelongdirectorytoavoidrpathissues/src/kudutest/linked_list-test.LinkedListTest.TestLoadAndVerify.1578429164263051-24384/linked-list-cluster/ts-1/wal/wals/30019a15e66f4115b11a50dbcaf93a87/wal-000000013 (ops 149111-161533)
I0107 12:39:04.553932 24607 log.cc:1062] T 30019a15e66f4115b11a50dbcaf93a87 P c0dcf07e91a6459fb83f90f61d363e44: Deleting log segment in path: /data/somelongdirectorytoavoidrpathissues/src/kudutest/linked_list-test.LinkedListTest.TestLoadAndVerify.1578429164263051-24384/linked-list-cluster/ts-1/wal/wals/30019a15e66f4115b11a50dbcaf93a87/wal-000000014 (ops 161534-173903)
I0107 12:39:04.627189 24607 maintenance_manager.cc:527] P c0dcf07e91a6459fb83f90f61d363e44: LogGCOp(30019a15e66f4115b11a50dbcaf93a87) complete. Timing: real 0.074s user 0.000s sys 0.011s Metrics: {}
I0107 12:39:04.627701 24713 maintenance_manager.cc:326] P c0dcf07e91a6459fb83f90f61d363e44: Scheduling CompactRowSetsOp(30019a15e66f4115b11a50dbcaf93a87): perf score=1.001234
I0107 12:39:05.915658 24482 maintenance_manager.cc:527] P 914675d8717742d1ae5929637e95acb2: FlushMRSOp(30019a15e66f4115b11a50dbcaf93a87) complete. Timing: real 2.601s user 0.709s sys 0.053s Metrics: {"bytes_written":8393360,"cfile_init":1,"delete_count":0,"dirs.queue_time_us":3713,"dirs.run_cpu_time_us":55,"dirs.run_wall_time_us":55,"drs_written":1,"lbm_read_time_us":9,"lbm_reads_lt_1ms":4,"lbm_write_time_us":538706,"lbm_writes_1-10_ms":16,"lbm_writes_10-100_ms":6,"lbm_writes_gt_100_ms":1,"lbm_writes_lt_1ms":832,"reinsert_count":0,"rows_written":473072,"thread_start_us":29,"threads_started":1,"update_count":1004}
I0107 12:39:05.915879 24588 maintenance_manager.cc:326] P 914675d8717742d1ae5929637e95acb2: Scheduling LogGCOp(30019a15e66f4115b11a50dbcaf93a87): free 33591451 bytes of WAL
I0107 12:39:05.915957 24482 log_reader.cc:379] T 30019a15e66f4115b11a50dbcaf93a87: removed 4 log segments from log reader
I0107 12:39:05.916000 24482 log.cc:1062] T 30019a15e66f4115b11a50dbcaf93a87 P 914675d8717742d1ae5929637e95acb2: Deleting log segment in path: /data/somelongdirectorytoavoidrpathissues/src/kudutest/linked_list-test.LinkedListTest.TestLoadAndVerify.1578429164263051-24384/linked-list-cluster/ts-0/wal/wals/30019a15e66f4115b11a50dbcaf93a87/wal-000000011 (ops 124406-136864)
I0107 12:39:05.916064 24482 log.cc:1062] T 30019a15e66f4115b11a50dbcaf93a87 P 914675d8717742d1ae5929637e95acb2: Deleting log segment in path: /data/somelongdirectorytoavoidrpathissues/src/kudutest/linked_list-test.LinkedListTest.TestLoadAndVerify.1578429164263051-24384/linked-list-cluster/ts-0/wal/wals/30019a15e66f4115b11a50dbcaf93a87/wal-000000012 (ops 136865-149342)
I0107 12:39:05.916121 24482 log.cc:1062] T 30019a15e66f4115b11a50dbcaf93a87 P 914675d8717742d1ae5929637e95acb2: Deleting log segment in path: /data/somelongdirectorytoavoidrpathissues/src/kudutest/linked_list-test.LinkedListTest.TestLoadAndVerify.1578429164263051-24384/linked-list-cluster/ts-0/wal/wals/30019a15e66f4115b11a50dbcaf93a87/wal-000000013 (ops 149343-161741)
I0107 12:39:05.916177 24482 log.cc:1062] T 30019a15e66f4115b11a50dbcaf93a87 P 914675d8717742d1ae5929637e95acb2: Deleting log segment in path: /data/somelongdirectorytoavoidrpathissues/src/kudutest/linked_list-test.LinkedListTest.TestLoadAndVerify.1578429164263051-24384/linked-list-cluster/ts-0/wal/wals/30019a15e66f4115b11a50dbcaf93a87/wal-000000014 (ops 161742-174150)
I0107 12:39:05.940604 24482 maintenance_manager.cc:527] P 914675d8717742d1ae5929637e95acb2: LogGCOp(30019a15e66f4115b11a50dbcaf93a87) complete. Timing: real 0.025s user 0.001s sys 0.009s Metrics: {}
I0107 12:39:05.941228 24588 maintenance_manager.cc:326] P 914675d8717742d1ae5929637e95acb2: Scheduling CompactRowSetsOp(30019a15e66f4115b11a50dbcaf93a87): perf score=1.001224
I0107 12:39:10.223819 24731 maintenance_manager.cc:527] P 76f8bc397d684ec2b99494eb2fee53c4: CompactRowSetsOp(30019a15e66f4115b11a50dbcaf93a87) complete. Timing: real 7.841s user 2.076s sys 0.217s Metrics: {"bytes_written":27428131,"cfile_cache_hit":74,"cfile_cache_hit_bytes":9755738,"cfile_cache_miss":3582,"cfile_cache_miss_bytes":99917546,"cfile_init":8,"delta_iterators_relevant":6,"dirs.queue_time_us":105,"dirs.run_cpu_time_us":91,"dirs.run_wall_time_us":120944,"drs_written":1,"lbm_read_time_us":1133798,"lbm_reads_1-10_ms":53,"lbm_reads_10-100_ms":20,"lbm_reads_gt_100_ms":3,"lbm_reads_lt_1ms":3538,"lbm_write_time_us":248677,"lbm_writes_1-10_ms":49,"lbm_writes_10-100_ms":2,"lbm_writes_lt_1ms":2694,"num_input_rowsets":2,"rows_written":1547772,"spinlock_wait_cycles":21641344,"thread_start_us":591,"threads_started":9}
I0107 12:39:10.223979 24837 maintenance_manager.cc:326] P 76f8bc397d684ec2b99494eb2fee53c4: Scheduling UndoDeltaBlockGCOp(30019a15e66f4115b11a50dbcaf93a87): 32113240 bytes on disk
I0107 12:39:10.224112 24731 maintenance_manager.cc:527] P 76f8bc397d684ec2b99494eb2fee53c4: UndoDeltaBlockGCOp(30019a15e66f4115b11a50dbcaf93a87) complete. Timing: real 0.000s user 0.000s sys 0.000s Metrics: {"cfile_init":1,"lbm_read_time_us":10,"lbm_reads_lt_1ms":4} ------------------------------------------------------------ Histogram for latency of insert operations (microseconds) Note: each insert is a batch of 50 rows. ------------------------------------------------------------ Count: 190000 Mean: 1854.3 Percentiles: 0% (min) = 778 25% = 1394 50% (med) = 1562 75% = 1787 95% = 2408 99% = 7480 99.9% = 41184 99.99% = 113728 100% (max) = 1068091 *NOTE: some values were greater than highest trackable value
I0107 12:39:10.697863 24384 linked_list-test-util.h:519] Written 9500000 rows in chain
I0107 12:39:12.624402 24607 maintenance_manager.cc:527] P c0dcf07e91a6459fb83f90f61d363e44: CompactRowSetsOp(30019a15e66f4115b11a50dbcaf93a87) complete. Timing: real 7.997s user 2.067s sys 0.244s Metrics: {"bytes_written":27593289,"cfile_cache_hit":75,"cfile_cache_hit_bytes":9782373,"cfile_cache_miss":3605,"cfile_cache_miss_bytes":100563229,"cfile_init":10,"delta_iterators_relevant":8,"dirs.queue_time_us":157,"dirs.run_cpu_time_us":113,"dirs.run_wall_time_us":42966,"drs_written":1,"lbm_read_time_us":1026487,"lbm_reads_1-10_ms":54,"lbm_reads_10-100_ms":18,"lbm_reads_gt_100_ms":2,"lbm_reads_lt_1ms":3571,"lbm_write_time_us":243695,"lbm_writes_1-10_ms":46,"lbm_writes_10-100_ms":1,"lbm_writes_lt_1ms":2714,"num_input_rowsets":2,"rows_written":1557288,"spinlock_wait_cycles":164096,"thread_start_us":1543,"threads_started":9}
I0107 12:39:12.624519 24713 maintenance_manager.cc:326] P c0dcf07e91a6459fb83f90f61d363e44: Scheduling UndoDeltaBlockGCOp(30019a15e66f4115b11a50dbcaf93a87): 32321722 bytes on disk
I0107 12:39:12.624603 24607 maintenance_manager.cc:527] P c0dcf07e91a6459fb83f90f61d363e44: UndoDeltaBlockGCOp(30019a15e66f4115b11a50dbcaf93a87) complete. Timing: real 0.000s user 0.000s sys 0.000s Metrics: {"cfile_init":1,"lbm_read_time_us":9,"lbm_reads_lt_1ms":4}
I0107 12:39:13.404562 24482 maintenance_manager.cc:527] P 914675d8717742d1ae5929637e95acb2: CompactRowSetsOp(30019a15e66f4115b11a50dbcaf93a87) complete. Timing: real 7.463s user 2.014s sys 0.209s Metrics: {"bytes_written":27615705,"cfile_cache_hit":71,"cfile_cache_hit_bytes":9300483,"cfile_cache_miss":3611,"cfile_cache_miss_bytes":101117769,"cfile_init":9,"delta_iterators_relevant":6,"dirs.queue_time_us":10392,"dirs.run_cpu_time_us":3424,"dirs.run_wall_time_us":32845,"drs_written":1,"lbm_read_time_us":1368216,"lbm_reads_1-10_ms":36,"lbm_reads_10-100_ms":27,"lbm_reads_gt_100_ms":3,"lbm_reads_lt_1ms":3581,"lbm_write_time_us":208340,"lbm_writes_1-10_ms":41,"lbm_writes_lt_1ms":2722,"num_input_rowsets":2,"rows_written":1558466,"spinlock_wait_cycles":29828608,"thread_start_us":3794,"threads_started":9}
I0107 12:39:13.404726 24588 maintenance_manager.cc:326] P 914675d8717742d1ae5929637e95acb2: Scheduling UndoDeltaBlockGCOp(30019a15e66f4115b11a50dbcaf93a87): 32349461 bytes on disk
I0107 12:39:13.466449 24482 maintenance_manager.cc:527] P 914675d8717742d1ae5929637e95acb2: UndoDeltaBlockGCOp(30019a15e66f4115b11a50dbcaf93a87) complete. Timing: real 0.062s user 0.000s sys 0.000s Metrics: {"cfile_init":1,"lbm_read_time_us":61555,"lbm_reads_10-100_ms":2,"lbm_reads_lt_1ms":2}
I0107 12:39:13.466601 24588 maintenance_manager.cc:326] P 914675d8717742d1ae5929637e95acb2: Scheduling UndoDeltaBlockGCOp(77e67457a0334f92a22f52fe739203dd): 31465213 bytes on disk
I0107 12:39:13.500607 24482 maintenance_manager.cc:527] P 914675d8717742d1ae5929637e95acb2: UndoDeltaBlockGCOp(77e67457a0334f92a22f52fe739203dd) complete. Timing: real 0.034s user 0.000s sys 0.001s Metrics: {"cfile_init":1,"lbm_read_time_us":33833,"lbm_reads_1-10_ms":1,"lbm_reads_10-100_ms":1,"lbm_reads_lt_1ms":2}
I0107 12:39:22.263073 24588 maintenance_manager.cc:326] P 914675d8717742d1ae5929637e95acb2: Scheduling FlushMRSOp(16e58229a0c648eda40d4376454f2981): perf score=0.033366
I0107 12:39:24.002251 24837 maintenance_manager.cc:326] P 76f8bc397d684ec2b99494eb2fee53c4: Scheduling FlushMRSOp(16e58229a0c648eda40d4376454f2981): perf score=0.033386
I0107 12:39:24.634202 24713 maintenance_manager.cc:326] P c0dcf07e91a6459fb83f90f61d363e44: Scheduling FlushMRSOp(16e58229a0c648eda40d4376454f2981): perf score=0.033365 ------------------------------------------------------------ Histogram for latency of insert operations (microseconds) Note: each insert is a batch of 50 rows. ------------------------------------------------------------ Count: 200000 Mean: 1861.89 Percentiles: 0% (min) = 778 25% = 1398 50% (med) = 1567 75% = 1792 95% = 2420 99% = 7516 99.9% = 41888 99.99% = 113728 100% (max) = 1068091 *NOTE: some values were greater than highest trackable value
I0107 12:39:32.303555 24384 linked_list-test-util.h:519] Written 10000000 rows in chain
I0107 12:39:34.288499 24482 maintenance_manager.cc:527] P 914675d8717742d1ae5929637e95acb2: FlushMRSOp(16e58229a0c648eda40d4376454f2981) complete. Timing: real 12.025s user 3.196s sys 0.266s Metrics: {"bytes_written":36277151,"cfile_init":2,"delete_count":0,"dirs.queue_time_us":4575,"dirs.run_cpu_time_us":190,"dirs.run_wall_time_us":56959,"drs_written":2,"lbm_read_time_us":14,"lbm_reads_lt_1ms":8,"lbm_write_time_us":383653,"lbm_writes_1-10_ms":73,"lbm_writes_10-100_ms":2,"lbm_writes_lt_1ms":3567,"reinsert_count":0,"rows_written":2042269,"thread_start_us":59,"threads_started":2,"update_count":12661}
I0107 12:39:34.288636 24588 maintenance_manager.cc:326] P 914675d8717742d1ae5929637e95acb2: Scheduling LogGCOp(16e58229a0c648eda40d4376454f2981): free 92232056 bytes of WAL
I0107 12:39:34.288678 24482 log_reader.cc:379] T 16e58229a0c648eda40d4376454f2981: removed 11 log segments from log reader
I0107 12:39:34.288691 24482 log.cc:1062] T 16e58229a0c648eda40d4376454f2981 P 914675d8717742d1ae5929637e95acb2: Deleting log segment in path: /data/somelongdirectorytoavoidrpathissues/src/kudutest/linked_list-test.LinkedListTest.TestLoadAndVerify.1578429164263051-24384/linked-list-cluster/ts-0/wal/wals/16e58229a0c648eda40d4376454f2981/wal-000000023 (ops 130267-136234)
I0107 12:39:34.288738 24482 log.cc:1062] T 16e58229a0c648eda40d4376454f2981 P 914675d8717742d1ae5929637e95acb2: Deleting log segment in path: /data/somelongdirectorytoavoidrpathissues/src/kudutest/linked_list-test.LinkedListTest.TestLoadAndVerify.1578429164263051-24384/linked-list-cluster/ts-0/wal/wals/16e58229a0c648eda40d4376454f2981/wal-000000024 (ops 136235-142074)
I0107 12:39:34.288769 24482 log.cc:1062] T 16e58229a0c648eda40d4376454f2981 P 914675d8717742d1ae5929637e95acb2: Deleting log segment in path: /data/somelongdirectorytoavoidrpathissues/src/kudutest/linked_list-test.LinkedListTest.TestLoadAndVerify.1578429164263051-24384/linked-list-cluster/ts-0/wal/wals/16e58229a0c648eda40d4376454f2981/wal-000000025 (ops 142075-148046)
I0107 12:39:34.288794 24482 log.cc:1062] T 16e58229a0c648eda40d4376454f2981 P 914675d8717742d1ae5929637e95acb2: Deleting log segment in path: /data/somelongdirectorytoavoidrpathissues/src/kudutest/linked_list-test.LinkedListTest.TestLoadAndVerify.1578429164263051-24384/linked-list-cluster/ts-0/wal/wals/16e58229a0c648eda40d4376454f2981/wal-000000026 (ops 148047-153921)
I0107 12:39:34.288828 24482 log.cc:1062] T 16e58229a0c648eda40d4376454f2981 P 914675d8717742d1ae5929637e95acb2: Deleting log segment in path: /data/somelongdirectorytoavoidrpathissues/src/kudutest/linked_list-test.LinkedListTest.TestLoadAndVerify.1578429164263051-24384/linked-list-cluster/ts-0/wal/wals/16e58229a0c648eda40d4376454f2981/wal-000000027 (ops 153922-159805)
I0107 12:39:34.288863 24482 log.cc:1062] T 16e58229a0c648eda40d4376454f2981 P 914675d8717742d1ae5929637e95acb2: Deleting log segment in path: /data/somelongdirectorytoavoidrpathissues/src/kudutest/linked_list-test.LinkedListTest.TestLoadAndVerify.1578429164263051-24384/linked-list-cluster/ts-0/wal/wals/16e58229a0c648eda40d4376454f2981/wal-000000028 (ops 159806-165638)
I0107 12:39:34.288934 24482 log.cc:1062] T 16e58229a0c648eda40d4376454f2981 P 914675d8717742d1ae5929637e95acb2: Deleting log segment in path: /data/somelongdirectorytoavoidrpathissues/src/kudutest/linked_list-test.LinkedListTest.TestLoadAndVerify.1578429164263051-24384/linked-list-cluster/ts-0/wal/wals/16e58229a0c648eda40d4376454f2981/wal-000000029 (ops 165639-171533)
I0107 12:39:34.289016 24482 log.cc:1062] T 16e58229a0c648eda40d4376454f2981 P 914675d8717742d1ae5929637e95acb2: Deleting log segment in path: /data/somelongdirectorytoavoidrpathissues/src/kudutest/linked_list-test.LinkedListTest.TestLoadAndVerify.1578429164263051-24384/linked-list-cluster/ts-0/wal/wals/16e58229a0c648eda40d4376454f2981/wal-000000030 (ops 171534-177435)
I0107 12:39:34.289050 24482 log.cc:1062] T 16e58229a0c648eda40d4376454f2981 P 914675d8717742d1ae5929637e95acb2: Deleting log segment in path: /data/somelongdirectorytoavoidrpathissues/src/kudutest/linked_list-test.LinkedListTest.TestLoadAndVerify.1578429164263051-24384/linked-list-cluster/ts-0/wal/wals/16e58229a0c648eda40d4376454f2981/wal-000000031 (ops 177436-183333)
I0107 12:39:34.289084 24482 log.cc:1062] T 16e58229a0c648eda40d4376454f2981 P 914675d8717742d1ae5929637e95acb2: Deleting log segment in path: /data/somelongdirectorytoavoidrpathissues/src/kudutest/linked_list-test.LinkedListTest.TestLoadAndVerify.1578429164263051-24384/linked-list-cluster/ts-0/wal/wals/16e58229a0c648eda40d4376454f2981/wal-000000032 (ops 183334-189272)
I0107 12:39:34.289156 24482 log.cc:1062] T 16e58229a0c648eda40d4376454f2981 P 914675d8717742d1ae5929637e95acb2: Deleting log segment in path: /data/somelongdirectorytoavoidrpathissues/src/kudutest/linked_list-test.LinkedListTest.TestLoadAndVerify.1578429164263051-24384/linked-list-cluster/ts-0/wal/wals/16e58229a0c648eda40d4376454f2981/wal-000000033 (ops 189273-195151)
I0107 12:39:34.322690 24482 maintenance_manager.cc:527] P 914675d8717742d1ae5929637e95acb2: LogGCOp(16e58229a0c648eda40d4376454f2981) complete. Timing: real 0.034s user 0.000s sys 0.024s Metrics: {}
I0107 12:39:34.322837 24588 maintenance_manager.cc:326] P 914675d8717742d1ae5929637e95acb2: Scheduling CompactRowSetsOp(16e58229a0c648eda40d4376454f2981): perf score=1.007414
I0107 12:39:38.638579 24731 maintenance_manager.cc:527] P 76f8bc397d684ec2b99494eb2fee53c4: FlushMRSOp(16e58229a0c648eda40d4376454f2981) complete. Timing: real 14.636s user 3.312s sys 0.275s Metrics: {"bytes_written":36703215,"cfile_init":2,"delete_count":0,"dirs.queue_time_us":818,"dirs.run_cpu_time_us":202,"dirs.run_wall_time_us":457818,"drs_written":2,"lbm_read_time_us":409670,"lbm_reads_gt_100_ms":1,"lbm_reads_lt_1ms":7,"lbm_write_time_us":476947,"lbm_writes_1-10_ms":112,"lbm_writes_10-100_ms":2,"lbm_writes_lt_1ms":3577,"reinsert_count":0,"rows_written":2069621,"thread_start_us":66,"threads_started":2,"update_count":7650}
I0107 12:39:38.638859 24837 maintenance_manager.cc:326] P 76f8bc397d684ec2b99494eb2fee53c4: Scheduling LogGCOp(16e58229a0c648eda40d4376454f2981): free 92147967 bytes of WAL
I0107 12:39:38.639009 24731 log_reader.cc:379] T 16e58229a0c648eda40d4376454f2981: removed 11 log segments from log reader
I0107 12:39:38.639057 24731 log.cc:1062] T 16e58229a0c648eda40d4376454f2981 P 76f8bc397d684ec2b99494eb2fee53c4: Deleting log segment in path: /data/somelongdirectorytoavoidrpathissues/src/kudutest/linked_list-test.LinkedListTest.TestLoadAndVerify.1578429164263051-24384/linked-list-cluster/ts-2/wal/wals/16e58229a0c648eda40d4376454f2981/wal-000000023 (ops 130258-136220)
I0107 12:39:38.640354 24731 log.cc:1062] T 16e58229a0c648eda40d4376454f2981 P 76f8bc397d684ec2b99494eb2fee53c4: Deleting log segment in path: /data/somelongdirectorytoavoidrpathissues/src/kudutest/linked_list-test.LinkedListTest.TestLoadAndVerify.1578429164263051-24384/linked-list-cluster/ts-2/wal/wals/16e58229a0c648eda40d4376454f2981/wal-000000024 (ops 136221-142038)
I0107 12:39:38.640527 24731 log.cc:1062] T 16e58229a0c648eda40d4376454f2981 P 76f8bc397d684ec2b99494eb2fee53c4: Deleting log segment in path: /data/somelongdirectorytoavoidrpathissues/src/kudutest/linked_list-test.LinkedListTest.TestLoadAndVerify.1578429164263051-24384/linked-list-cluster/ts-2/wal/wals/16e58229a0c648eda40d4376454f2981/wal-000000025 (ops 142039-147956)
I0107 12:39:38.640599 24731 log.cc:1062] T 16e58229a0c648eda40d4376454f2981 P 76f8bc397d684ec2b99494eb2fee53c4: Deleting log segment in path: /data/somelongdirectorytoavoidrpathissues/src/kudutest/linked_list-test.LinkedListTest.TestLoadAndVerify.1578429164263051-24384/linked-list-cluster/ts-2/wal/wals/16e58229a0c648eda40d4376454f2981/wal-000000026 (ops 147957-153795)
I0107 12:39:38.640662 24731 log.cc:1062] T 16e58229a0c648eda40d4376454f2981 P 76f8bc397d684ec2b99494eb2fee53c4: Deleting log segment in path: /data/somelongdirectorytoavoidrpathissues/src/kudutest/linked_list-test.LinkedListTest.TestLoadAndVerify.1578429164263051-24384/linked-list-cluster/ts-2/wal/wals/16e58229a0c648eda40d4376454f2981/wal-000000027 (ops 153796-159684)
I0107 12:39:38.640720 24731 log.cc:1062] T 16e58229a0c648eda40d4376454f2981 P 76f8bc397d684ec2b99494eb2fee53c4: Deleting log segment in path: /data/somelongdirectorytoavoidrpathissues/src/kudutest/linked_list-test.LinkedListTest.TestLoadAndVerify.1578429164263051-24384/linked-list-cluster/ts-2/wal/wals/16e58229a0c648eda40d4376454f2981/wal-000000028 (ops 159685-165575)
I0107 12:39:38.640816 24731 log.cc:1062] T 16e58229a0c648eda40d4376454f2981 P 76f8bc397d684ec2b99494eb2fee53c4: Deleting log segment in path: /data/somelongdirectorytoavoidrpathissues/src/kudutest/linked_list-test.LinkedListTest.TestLoadAndVerify.1578429164263051-24384/linked-list-cluster/ts-2/wal/wals/16e58229a0c648eda40d4376454f2981/wal-000000029 (ops 165576-171482)
I0107 12:39:38.640913 24731 log.cc:1062] T 16e58229a0c648eda40d4376454f2981 P 76f8bc397d684ec2b99494eb2fee53c4: Deleting log segment in path: /data/somelongdirectorytoavoidrpathissues/src/kudutest/linked_list-test.LinkedListTest.TestLoadAndVerify.1578429164263051-24384/linked-list-cluster/ts-2/wal/wals/16e58229a0c648eda40d4376454f2981/wal-000000030 (ops 171483-177387)
I0107 12:39:38.640977 24731 log.cc:1062] T 16e58229a0c648eda40d4376454f2981 P 76f8bc397d684ec2b99494eb2fee53c4: Deleting log segment in path: /data/somelongdirectorytoavoidrpathissues/src/kudutest/linked_list-test.LinkedListTest.TestLoadAndVerify.1578429164263051-24384/linked-list-cluster/ts-2/wal/wals/16e58229a0c648eda40d4376454f2981/wal-000000031 (ops 177388-183279)
I0107 12:39:38.641268 24731 log.cc:1062] T 16e58229a0c648eda40d4376454f2981 P 76f8bc397d684ec2b99494eb2fee53c4: Deleting log segment in path: /data/somelongdirectorytoavoidrpathissues/src/kudutest/linked_list-test.LinkedListTest.TestLoadAndVerify.1578429164263051-24384/linked-list-cluster/ts-2/wal/wals/16e58229a0c648eda40d4376454f2981/wal-000000032 (ops 183280-189215)
I0107 12:39:38.642079 24731 log.cc:1062] T 16e58229a0c648eda40d4376454f2981 P 76f8bc397d684ec2b99494eb2fee53c4: Deleting log segment in path: /data/somelongdirectorytoavoidrpathissues/src/kudutest/linked_list-test.LinkedListTest.TestLoadAndVerify.1578429164263051-24384/linked-list-cluster/ts-2/wal/wals/16e58229a0c648eda40d4376454f2981/wal-000000033 (ops 189216-195044)
I0107 12:39:38.778426 24731 maintenance_manager.cc:527] P 76f8bc397d684ec2b99494eb2fee53c4: LogGCOp(16e58229a0c648eda40d4376454f2981) complete. Timing: real 0.139s user 0.001s sys 0.029s Metrics: {}
I0107 12:39:38.778602 24837 maintenance_manager.cc:326] P 76f8bc397d684ec2b99494eb2fee53c4: Scheduling CompactRowSetsOp(16e58229a0c648eda40d4376454f2981): perf score=1.007149
