I0107 12:35:08.393242 24607 log.cc:1062] T 16e58229a0c648eda40d4376454f2981 P c0dcf07e91a6459fb83f90f61d363e44: Deleting log segment in path: /data/somelongdirectorytoavoidrpathissues/src/kudutest/linked_list-test.LinkedListTest.TestLoadAndVerify.1578429164263051-24384/linked-list-cluster/ts-1/wal/wals/16e58229a0c648eda40d4376454f2981/wal-000000001 (ops 1-5945)
I0107 12:35:08.393981 24607 log.cc:1062] T 16e58229a0c648eda40d4376454f2981 P c0dcf07e91a6459fb83f90f61d363e44: Deleting log segment in path: /data/somelongdirectorytoavoidrpathissues/src/kudutest/linked_list-test.LinkedListTest.TestLoadAndVerify.1578429164263051-24384/linked-list-cluster/ts-1/wal/wals/16e58229a0c648eda40d4376454f2981/wal-000000002 (ops 5946-11921)
I0107 12:35:08.394057 24607 log.cc:1062] T 16e58229a0c648eda40d4376454f2981 P c0dcf07e91a6459fb83f90f61d363e44: Deleting log segment in path: /data/somelongdirectorytoavoidrpathissues/src/kudutest/linked_list-test.LinkedListTest.TestLoadAndVerify.1578429164263051-24384/linked-list-cluster/ts-1/wal/wals/16e58229a0c648eda40d4376454f2981/wal-000000003 (ops 11922-17792)
I0107 12:35:08.394121 24607 log.cc:1062] T 16e58229a0c648eda40d4376454f2981 P c0dcf07e91a6459fb83f90f61d363e44: Deleting log segment in path: /data/somelongdirectorytoavoidrpathissues/src/kudutest/linked_list-test.LinkedListTest.TestLoadAndVerify.1578429164263051-24384/linked-list-cluster/ts-1/wal/wals/16e58229a0c648eda40d4376454f2981/wal-000000004 (ops 17793-23713)
I0107 12:35:08.394181 24607 log.cc:1062] T 16e58229a0c648eda40d4376454f2981 P c0dcf07e91a6459fb83f90f61d363e44: Deleting log segment in path: /data/somelongdirectorytoavoidrpathissues/src/kudutest/linked_list-test.LinkedListTest.TestLoadAndVerify.1578429164263051-24384/linked-list-cluster/ts-1/wal/wals/16e58229a0c648eda40d4376454f2981/wal-000000005 (ops 23714-29676)
I0107 12:35:08.394421 24607 log.cc:1062] T 16e58229a0c648eda40d4376454f2981 P c0dcf07e91a6459fb83f90f61d363e44: Deleting log segment in path: /data/somelongdirectorytoavoidrpathissues/src/kudutest/linked_list-test.LinkedListTest.TestLoadAndVerify.1578429164263051-24384/linked-list-cluster/ts-1/wal/wals/16e58229a0c648eda40d4376454f2981/wal-000000006 (ops 29677-35559)
I0107 12:35:08.394569 24607 log.cc:1062] T 16e58229a0c648eda40d4376454f2981 P c0dcf07e91a6459fb83f90f61d363e44: Deleting log segment in path: /data/somelongdirectorytoavoidrpathissues/src/kudutest/linked_list-test.LinkedListTest.TestLoadAndVerify.1578429164263051-24384/linked-list-cluster/ts-1/wal/wals/16e58229a0c648eda40d4376454f2981/wal-000000007 (ops 35560-41515)
I0107 12:35:08.394670 24607 log.cc:1062] T 16e58229a0c648eda40d4376454f2981 P c0dcf07e91a6459fb83f90f61d363e44: Deleting log segment in path: /data/somelongdirectorytoavoidrpathissues/src/kudutest/linked_list-test.LinkedListTest.TestLoadAndVerify.1578429164263051-24384/linked-list-cluster/ts-1/wal/wals/16e58229a0c648eda40d4376454f2981/wal-000000008 (ops 41516-47453)
I0107 12:35:08.394739 24607 log.cc:1062] T 16e58229a0c648eda40d4376454f2981 P c0dcf07e91a6459fb83f90f61d363e44: Deleting log segment in path: /data/somelongdirectorytoavoidrpathissues/src/kudutest/linked_list-test.LinkedListTest.TestLoadAndVerify.1578429164263051-24384/linked-list-cluster/ts-1/wal/wals/16e58229a0c648eda40d4376454f2981/wal-000000009 (ops 47454-53466)
I0107 12:35:08.395177 24607 log.cc:1062] T 16e58229a0c648eda40d4376454f2981 P c0dcf07e91a6459fb83f90f61d363e44: Deleting log segment in path: /data/somelongdirectorytoavoidrpathissues/src/kudutest/linked_list-test.LinkedListTest.TestLoadAndVerify.1578429164263051-24384/linked-list-cluster/ts-1/wal/wals/16e58229a0c648eda40d4376454f2981/wal-000000010 (ops 53467-59343)
I0107 12:35:08.395664 24607 log.cc:1062] T 16e58229a0c648eda40d4376454f2981 P c0dcf07e91a6459fb83f90f61d363e44: Deleting log segment in path: /data/somelongdirectorytoavoidrpathissues/src/kudutest/linked_list-test.LinkedListTest.TestLoadAndVerify.1578429164263051-24384/linked-list-cluster/ts-1/wal/wals/16e58229a0c648eda40d4376454f2981/wal-000000011 (ops 59344-65220)
I0107 12:35:08.451308 24607 maintenance_manager.cc:527] P c0dcf07e91a6459fb83f90f61d363e44: LogGCOp(16e58229a0c648eda40d4376454f2981) complete. Timing: real 0.058s user 0.001s sys 0.021s Metrics: {}
I0107 12:35:08.451442 24713 maintenance_manager.cc:326] P c0dcf07e91a6459fb83f90f61d363e44: Scheduling UndoDeltaBlockGCOp(16e58229a0c648eda40d4376454f2981): 45094433 bytes on disk
I0107 12:35:08.451628 24607 maintenance_manager.cc:527] P c0dcf07e91a6459fb83f90f61d363e44: UndoDeltaBlockGCOp(16e58229a0c648eda40d4376454f2981) complete. Timing: real 0.000s user 0.000s sys 0.000s Metrics: {"cfile_init":2,"lbm_read_time_us":19,"lbm_reads_lt_1ms":8}
I0107 12:35:08.451712 24713 maintenance_manager.cc:326] P c0dcf07e91a6459fb83f90f61d363e44: Scheduling UndoDeltaBlockGCOp(30019a15e66f4115b11a50dbcaf93a87): 11031134 bytes on disk
I0107 12:35:08.451825 24607 maintenance_manager.cc:527] P c0dcf07e91a6459fb83f90f61d363e44: UndoDeltaBlockGCOp(30019a15e66f4115b11a50dbcaf93a87) complete. Timing: real 0.000s user 0.000s sys 0.000s Metrics: {"cfile_init":1,"lbm_read_time_us":8,"lbm_reads_lt_1ms":4}
I0107 12:35:08.451905 24713 maintenance_manager.cc:326] P c0dcf07e91a6459fb83f90f61d363e44: Scheduling UndoDeltaBlockGCOp(77e67457a0334f92a22f52fe739203dd): 10737730 bytes on disk
I0107 12:35:08.451998 24607 maintenance_manager.cc:527] P c0dcf07e91a6459fb83f90f61d363e44: UndoDeltaBlockGCOp(77e67457a0334f92a22f52fe739203dd) complete. Timing: real 0.000s user 0.000s sys 0.000s Metrics: {"cfile_init":1,"lbm_read_time_us":9,"lbm_reads_lt_1ms":4} ------------------------------------------------------------ Histogram for latency of insert operations (microseconds) Note: each insert is a batch of 50 rows. ------------------------------------------------------------ Count: 80000 Mean: 1701.11 Percentiles: 0% (min) = 778 25% = 1330 50% (med) = 1479 75% = 1674 95% = 2198
I0107 12:35:15.505225 24384 linked_list-test-util.h:519] Written 4000000 rows in chain 99% = 6652 99.9% = 35104 99.99% = 60096 100% (max) = 72471 ------------------------------------------------------------ Histogram for latency of insert operations (microseconds) Note: each insert is a batch of 50 rows. ------------------------------------------------------------ Count: 90000 Mean: 1712.12 Percentiles: 0% (min) = 778 25% = 1337 50% (med) = 1487 75% = 1684 95% = 2208 99% = 6724 99.9% = 36192 99.99% = 60096 100% (max) = 72471
I0107 12:35:35.219805 24384 linked_list-test-util.h:519] Written 4500000 rows in chain ------------------------------------------------------------ Histogram for latency of insert operations (microseconds) Note: each insert is a batch of 50 rows. ------------------------------------------------------------ Count: 100000 Mean: 1720.1 Percentiles: 0% (min) = 778 25% = 1344 50% (med) = 1495 75% = 1691 95% = 2212 99% = 6724 99.9% = 37184 99.99% = 61120 100% (max) = 72471
I0107 12:35:55.038285 24384 linked_list-test-util.h:519] Written 5000000 rows in chain ------------------------------------------------------------ Histogram for latency of insert operations (microseconds) Note: each insert is a batch of 50 rows. ------------------------------------------------------------ Count: 110000 Mean: 1728.54 Percentiles: 0% (min) = 778 25% = 1351 50% (med) = 1505 75% = 1703 95% = 2216 99% = 6728 99.9% = 37344 99.99% = 61024 100% (max) = 72471
I0107 12:36:15.148396 24384 linked_list-test-util.h:519] Written 5500000 rows in chain ------------------------------------------------------------ Histogram for latency of insert operations (microseconds) Note: each insert is a batch of 50 rows. ------------------------------------------------------------ Count: 120000
I0107 12:36:35.237025 24384 linked_list-test-util.h:519] Written 6000000 rows in chain Mean: 1736.29 Percentiles: 0% (min) = 778 25% = 1359 50% (med) = 1514 75% = 1714 95% = 2220 99% = 6732 99.9% = 37280 99.99% = 60096 100% (max) = 72471
I0107 12:36:47.642865 24837 maintenance_manager.cc:326] P 76f8bc397d684ec2b99494eb2fee53c4: Scheduling FlushMRSOp(77e67457a0334f92a22f52fe739203dd): perf score=0.033361
I0107 12:36:48.285410 24713 maintenance_manager.cc:326] P c0dcf07e91a6459fb83f90f61d363e44: Scheduling FlushMRSOp(77e67457a0334f92a22f52fe739203dd): perf score=0.033390
I0107 12:36:48.300432 24588 maintenance_manager.cc:326] P 914675d8717742d1ae5929637e95acb2: Scheduling FlushMRSOp(77e67457a0334f92a22f52fe739203dd): perf score=0.033364
I0107 12:36:50.091869 24731 maintenance_manager.cc:527] P 76f8bc397d684ec2b99494eb2fee53c4: FlushMRSOp(77e67457a0334f92a22f52fe739203dd) complete. Timing: real 2.449s user 0.759s sys 0.042s Metrics: {"bytes_written":9020214,"cfile_init":1,"delete_count":0,"dirs.queue_time_us":4908,"dirs.run_cpu_time_us":98,"dirs.run_wall_time_us":39865,"drs_written":1,"lbm_read_time_us":9,"lbm_reads_lt_1ms":4,"lbm_write_time_us":81471,"lbm_writes_1-10_ms":7,"lbm_writes_10-100_ms":1,"lbm_writes_lt_1ms":913,"reinsert_count":0,"rows_written":510865,"thread_start_us":29,"threads_started":1,"update_count":3875}
I0107 12:36:50.092065 24837 maintenance_manager.cc:326] P 76f8bc397d684ec2b99494eb2fee53c4: Scheduling LogGCOp(77e67457a0334f92a22f52fe739203dd): free 33596101 bytes of WAL
I0107 12:36:50.092133 24731 log_reader.cc:379] T 77e67457a0334f92a22f52fe739203dd: removed 4 log segments from log reader
I0107 12:36:50.092177 24731 log.cc:1062] T 77e67457a0334f92a22f52fe739203dd P 76f8bc397d684ec2b99494eb2fee53c4: Deleting log segment in path: /data/somelongdirectorytoavoidrpathissues/src/kudutest/linked_list-test.LinkedListTest.TestLoadAndVerify.1578429164263051-24384/linked-list-cluster/ts-2/wal/wals/77e67457a0334f92a22f52fe739203dd/wal-000000006 (ops 62171-74588)
I0107 12:36:50.092273 24731 log.cc:1062] T 77e67457a0334f92a22f52fe739203dd P 76f8bc397d684ec2b99494eb2fee53c4: Deleting log segment in path: /data/somelongdirectorytoavoidrpathissues/src/kudutest/linked_list-test.LinkedListTest.TestLoadAndVerify.1578429164263051-24384/linked-list-cluster/ts-2/wal/wals/77e67457a0334f92a22f52fe739203dd/wal-000000007 (ops 74589-87047)
I0107 12:36:50.092344 24731 log.cc:1062] T 77e67457a0334f92a22f52fe739203dd P 76f8bc397d684ec2b99494eb2fee53c4: Deleting log segment in path: /data/somelongdirectorytoavoidrpathissues/src/kudutest/linked_list-test.LinkedListTest.TestLoadAndVerify.1578429164263051-24384/linked-list-cluster/ts-2/wal/wals/77e67457a0334f92a22f52fe739203dd/wal-000000008 (ops 87048-99447)
I0107 12:36:50.092432 24731 log.cc:1062] T 77e67457a0334f92a22f52fe739203dd P 76f8bc397d684ec2b99494eb2fee53c4: Deleting log segment in path: /data/somelongdirectorytoavoidrpathissues/src/kudutest/linked_list-test.LinkedListTest.TestLoadAndVerify.1578429164263051-24384/linked-list-cluster/ts-2/wal/wals/77e67457a0334f92a22f52fe739203dd/wal-000000009 (ops 99448-111856)
I0107 12:36:50.136204 24731 maintenance_manager.cc:527] P 76f8bc397d684ec2b99494eb2fee53c4: LogGCOp(77e67457a0334f92a22f52fe739203dd) complete. Timing: real 0.044s user 0.004s sys 0.007s Metrics: {}
I0107 12:36:50.137389 24837 maintenance_manager.cc:326] P 76f8bc397d684ec2b99494eb2fee53c4: Scheduling CompactRowSetsOp(77e67457a0334f92a22f52fe739203dd): perf score=1.004412
I0107 12:36:51.473775 24482 maintenance_manager.cc:527] P 914675d8717742d1ae5929637e95acb2: FlushMRSOp(77e67457a0334f92a22f52fe739203dd) complete. Timing: real 3.173s user 0.787s sys 0.056s Metrics: {"bytes_written":9049468,"cfile_init":1,"delete_count":0,"dirs.queue_time_us":4734,"dirs.run_cpu_time_us":117,"dirs.run_wall_time_us":57160,"drs_written":1,"lbm_read_time_us":9,"lbm_reads_lt_1ms":4,"lbm_write_time_us":141727,"lbm_writes_1-10_ms":27,"lbm_writes_10-100_ms":2,"lbm_writes_lt_1ms":897,"reinsert_count":0,"rows_written":513504,"thread_start_us":32,"threads_started":1,"update_count":2083}
I0107 12:36:51.476080 24588 maintenance_manager.cc:326] P 914675d8717742d1ae5929637e95acb2: Scheduling LogGCOp(77e67457a0334f92a22f52fe739203dd): free 33544650 bytes of WAL
I0107 12:36:51.476162 24482 log_reader.cc:379] T 77e67457a0334f92a22f52fe739203dd: removed 4 log segments from log reader
I0107 12:36:51.476217 24482 log.cc:1062] T 77e67457a0334f92a22f52fe739203dd P 914675d8717742d1ae5929637e95acb2: Deleting log segment in path: /data/somelongdirectorytoavoidrpathissues/src/kudutest/linked_list-test.LinkedListTest.TestLoadAndVerify.1578429164263051-24384/linked-list-cluster/ts-0/wal/wals/77e67457a0334f92a22f52fe739203dd/wal-000000006 (ops 62046-74468)
I0107 12:36:51.476296 24482 log.cc:1062] T 77e67457a0334f92a22f52fe739203dd P 914675d8717742d1ae5929637e95acb2: Deleting log segment in path: /data/somelongdirectorytoavoidrpathissues/src/kudutest/linked_list-test.LinkedListTest.TestLoadAndVerify.1578429164263051-24384/linked-list-cluster/ts-0/wal/wals/77e67457a0334f92a22f52fe739203dd/wal-000000007 (ops 74469-86821)
I0107 12:36:51.476387 24482 log.cc:1062] T 77e67457a0334f92a22f52fe739203dd P 914675d8717742d1ae5929637e95acb2: Deleting log segment in path: /data/somelongdirectorytoavoidrpathissues/src/kudutest/linked_list-test.LinkedListTest.TestLoadAndVerify.1578429164263051-24384/linked-list-cluster/ts-0/wal/wals/77e67457a0334f92a22f52fe739203dd/wal-000000008 (ops 86822-99147)
I0107 12:36:51.476495 24482 log.cc:1062] T 77e67457a0334f92a22f52fe739203dd P 914675d8717742d1ae5929637e95acb2: Deleting log segment in path: /data/somelongdirectorytoavoidrpathissues/src/kudutest/linked_list-test.LinkedListTest.TestLoadAndVerify.1578429164263051-24384/linked-list-cluster/ts-0/wal/wals/77e67457a0334f92a22f52fe739203dd/wal-000000009 (ops 99148-111524)
I0107 12:36:51.503011 24482 maintenance_manager.cc:527] P 914675d8717742d1ae5929637e95acb2: LogGCOp(77e67457a0334f92a22f52fe739203dd) complete. Timing: real 0.027s user 0.000s sys 0.011s Metrics: {}
I0107 12:36:51.503162 24588 maintenance_manager.cc:326] P 914675d8717742d1ae5929637e95acb2: Scheduling CompactRowSetsOp(77e67457a0334f92a22f52fe739203dd): perf score=1.004391
I0107 12:36:51.762307 24607 maintenance_manager.cc:527] P c0dcf07e91a6459fb83f90f61d363e44: FlushMRSOp(77e67457a0334f92a22f52fe739203dd) complete. Timing: real 3.476s user 0.769s sys 0.068s Metrics: {"bytes_written":9047427,"cfile_init":1,"delete_count":0,"dirs.queue_time_us":22854,"dirs.run_cpu_time_us":95,"dirs.run_wall_time_us":16019,"drs_written":1,"lbm_read_time_us":8,"lbm_reads_lt_1ms":4,"lbm_write_time_us":133383,"lbm_writes_1-10_ms":28,"lbm_writes_10-100_ms":1,"lbm_writes_lt_1ms":897,"reinsert_count":0,"rows_written":513366,"thread_start_us":31,"threads_started":1,"update_count":2035}
I0107 12:36:51.762512 24713 maintenance_manager.cc:326] P c0dcf07e91a6459fb83f90f61d363e44: Scheduling LogGCOp(77e67457a0334f92a22f52fe739203dd): free 33565897 bytes of WAL
I0107 12:36:51.762584 24607 log_reader.cc:379] T 77e67457a0334f92a22f52fe739203dd: removed 4 log segments from log reader
I0107 12:36:51.762629 24607 log.cc:1062] T 77e67457a0334f92a22f52fe739203dd P c0dcf07e91a6459fb83f90f61d363e44: Deleting log segment in path: /data/somelongdirectorytoavoidrpathissues/src/kudutest/linked_list-test.LinkedListTest.TestLoadAndVerify.1578429164263051-24384/linked-list-cluster/ts-1/wal/wals/77e67457a0334f92a22f52fe739203dd/wal-000000006 (ops 62046-74470)
I0107 12:36:51.762702 24607 log.cc:1062] T 77e67457a0334f92a22f52fe739203dd P c0dcf07e91a6459fb83f90f61d363e44: Deleting log segment in path: /data/somelongdirectorytoavoidrpathissues/src/kudutest/linked_list-test.LinkedListTest.TestLoadAndVerify.1578429164263051-24384/linked-list-cluster/ts-1/wal/wals/77e67457a0334f92a22f52fe739203dd/wal-000000007 (ops 74471-86831)
I0107 12:36:51.762933 24607 log.cc:1062] T 77e67457a0334f92a22f52fe739203dd P c0dcf07e91a6459fb83f90f61d363e44: Deleting log segment in path: /data/somelongdirectorytoavoidrpathissues/src/kudutest/linked_list-test.LinkedListTest.TestLoadAndVerify.1578429164263051-24384/linked-list-cluster/ts-1/wal/wals/77e67457a0334f92a22f52fe739203dd/wal-000000008 (ops 86832-99199)
I0107 12:36:51.762997 24607 log.cc:1062] T 77e67457a0334f92a22f52fe739203dd P c0dcf07e91a6459fb83f90f61d363e44: Deleting log segment in path: /data/somelongdirectorytoavoidrpathissues/src/kudutest/linked_list-test.LinkedListTest.TestLoadAndVerify.1578429164263051-24384/linked-list-cluster/ts-1/wal/wals/77e67457a0334f92a22f52fe739203dd/wal-000000009 (ops 99200-111582)
I0107 12:36:51.791841 24607 maintenance_manager.cc:527] P c0dcf07e91a6459fb83f90f61d363e44: LogGCOp(77e67457a0334f92a22f52fe739203dd) complete. Timing: real 0.029s user 0.002s sys 0.008s Metrics: {}
I0107 12:36:51.792008 24713 maintenance_manager.cc:326] P c0dcf07e91a6459fb83f90f61d363e44: Scheduling UndoDeltaBlockGCOp(77e67457a0334f92a22f52fe739203dd): 10187956 bytes on disk
I0107 12:36:51.792136 24607 maintenance_manager.cc:527] P c0dcf07e91a6459fb83f90f61d363e44: UndoDeltaBlockGCOp(77e67457a0334f92a22f52fe739203dd) complete. Timing: real 0.000s user 0.000s sys 0.000s Metrics: {"cfile_init":1,"lbm_read_time_us":11,"lbm_reads_lt_1ms":4}
I0107 12:36:51.792229 24713 maintenance_manager.cc:326] P c0dcf07e91a6459fb83f90f61d363e44: Scheduling CompactRowSetsOp(77e67457a0334f92a22f52fe739203dd): perf score=1.004390 ------------------------------------------------------------ Histogram for latency of insert operations (microseconds) Note: each insert is a batch of 50 rows. ------------------------------------------------------------ Count: 130000 Mean: 1748.91 Percentiles: 0% (min) = 778 25% = 1365 50% (med) = 1521 75% = 1725 95% = 2246 99% = 6792 99.9% = 37344 99.99% = 61120 100% (max) = 245022
I0107 12:36:55.830487 24384 linked_list-test-util.h:519] Written 6500000 rows in chain
I0107 12:36:56.445124 24731 maintenance_manager.cc:527] P 76f8bc397d684ec2b99494eb2fee53c4: CompactRowSetsOp(77e67457a0334f92a22f52fe739203dd) complete. Timing: real 6.307s user 1.439s sys 0.134s Metrics: {"bytes_written":18459737,"cfile_cache_hit":50,"cfile_cache_hit_bytes":5922666,"cfile_cache_miss":2440,"cfile_cache_miss_bytes":67939970,"cfile_init":10,"delta_iterators_relevant":8,"dirs.queue_time_us":12422,"dirs.run_cpu_time_us":104,"dirs.run_wall_time_us":36916,"drs_written":1,"lbm_read_time_us":124469,"lbm_reads_1-10_ms":28,"lbm_reads_lt_1ms":2452,"lbm_write_time_us":193556,"lbm_writes_1-10_ms":40,"lbm_writes_10-100_ms":1,"lbm_writes_lt_1ms":1829,"num_input_rowsets":2,"rows_written":1051560,"spinlock_wait_cycles":12102528,"thread_start_us":446,"threads_started":9}
I0107 12:36:56.445231 24837 maintenance_manager.cc:326] P 76f8bc397d684ec2b99494eb2fee53c4: Scheduling FlushMRSOp(30019a15e66f4115b11a50dbcaf93a87): perf score=0.034781
I0107 12:36:56.816131 24607 maintenance_manager.cc:527] P c0dcf07e91a6459fb83f90f61d363e44: CompactRowSetsOp(77e67457a0334f92a22f52fe739203dd) complete. Timing: real 5.024s user 1.263s sys 0.137s Metrics: {"bytes_written":18501718,"cfile_cache_hit":48,"cfile_cache_hit_bytes":5599389,"cfile_cache_miss":2448,"cfile_cache_miss_bytes":68413061,"cfile_init":9,"delta_iterators_relevant":8,"dirs.queue_time_us":284,"dirs.run_cpu_time_us":81,"dirs.run_wall_time_us":11577,"drs_written":1,"lbm_read_time_us":81958,"lbm_reads_1-10_ms":19,"lbm_reads_lt_1ms":2465,"lbm_write_time_us":197094,"lbm_writes_1-10_ms":43,"lbm_writes_10-100_ms":1,"lbm_writes_lt_1ms":1830,"num_input_rowsets":2,"rows_written":1053783,"thread_start_us":443,"threads_started":8}
I0107 12:36:56.816339 24713 maintenance_manager.cc:326] P c0dcf07e91a6459fb83f90f61d363e44: Scheduling FlushMRSOp(30019a15e66f4115b11a50dbcaf93a87): perf score=0.034863
I0107 12:36:57.158708 24482 maintenance_manager.cc:527] P 914675d8717742d1ae5929637e95acb2: CompactRowSetsOp(77e67457a0334f92a22f52fe739203dd) complete. Timing: real 5.655s user 1.373s sys 0.155s Metrics: {"bytes_written":18502143,"cfile_cache_hit":52,"cfile_cache_hit_bytes":6133401,"cfile_cache_miss":2444,"cfile_cache_miss_bytes":67882395,"cfile_init":10,"delta_iterators_relevant":8,"dirs.queue_time_us":106,"dirs.run_cpu_time_us":132,"dirs.run_wall_time_us":67168,"drs_written":1,"lbm_read_time_us":149403,"lbm_reads_1-10_ms":18,"lbm_reads_10-100_ms":1,"lbm_reads_lt_1ms":2465,"lbm_write_time_us":260029,"lbm_writes_1-10_ms":52,"lbm_writes_10-100_ms":3,"lbm_writes_lt_1ms":1819,"num_input_rowsets":2,"rows_written":1053831,"spinlock_wait_cycles":798208,"thread_start_us":388,"threads_started":8}
I0107 12:36:57.162551 24588 maintenance_manager.cc:326] P 914675d8717742d1ae5929637e95acb2: Scheduling FlushMRSOp(30019a15e66f4115b11a50dbcaf93a87): perf score=0.034853
I0107 12:36:57.784701 24607 maintenance_manager.cc:527] P c0dcf07e91a6459fb83f90f61d363e44: FlushMRSOp(30019a15e66f4115b11a50dbcaf93a87) complete. Timing: real 0.968s user 0.586s sys 0.033s Metrics: {"bytes_written":9329890,"cfile_init":1,"delete_count":0,"dirs.queue_time_us":171,"dirs.run_cpu_time_us":137,"dirs.run_wall_time_us":137667,"drs_written":1,"lbm_read_time_us":5,"lbm_reads_lt_1ms":4,"lbm_write_time_us":119906,"lbm_writes_1-10_ms":5,"lbm_writes_10-100_ms":3,"lbm_writes_lt_1ms":948,"reinsert_count":0,"rows_written":529716,"thread_start_us":33,"threads_started":1,"update_count":2297}
I0107 12:36:57.784932 24713 maintenance_manager.cc:326] P c0dcf07e91a6459fb83f90f61d363e44: Scheduling LogGCOp(30019a15e66f4115b11a50dbcaf93a87): free 41950971 bytes of WAL
I0107 12:36:57.785014 24607 log_reader.cc:379] T 30019a15e66f4115b11a50dbcaf93a87: removed 5 log segments from log reader
I0107 12:36:57.785054 24607 log.cc:1062] T 30019a15e66f4115b11a50dbcaf93a87 P c0dcf07e91a6459fb83f90f61d363e44: Deleting log segment in path: /data/somelongdirectorytoavoidrpathissues/src/kudutest/linked_list-test.LinkedListTest.TestLoadAndVerify.1578429164263051-24384/linked-list-cluster/ts-1/wal/wals/30019a15e66f4115b11a50dbcaf93a87/wal-000000006 (ops 62083-74487)
I0107 12:36:57.785123 24607 log.cc:1062] T 30019a15e66f4115b11a50dbcaf93a87 P c0dcf07e91a6459fb83f90f61d363e44: Deleting log segment in path: /data/somelongdirectorytoavoidrpathissues/src/kudutest/linked_list-test.LinkedListTest.TestLoadAndVerify.1578429164263051-24384/linked-list-cluster/ts-1/wal/wals/30019a15e66f4115b11a50dbcaf93a87/wal-000000007 (ops 74488-86867)
I0107 12:36:57.785181 24607 log.cc:1062] T 30019a15e66f4115b11a50dbcaf93a87 P c0dcf07e91a6459fb83f90f61d363e44: Deleting log segment in path: /data/somelongdirectorytoavoidrpathissues/src/kudutest/linked_list-test.LinkedListTest.TestLoadAndVerify.1578429164263051-24384/linked-list-cluster/ts-1/wal/wals/30019a15e66f4115b11a50dbcaf93a87/wal-000000008 (ops 86868-99257)
I0107 12:36:57.785233 24607 log.cc:1062] T 30019a15e66f4115b11a50dbcaf93a87 P c0dcf07e91a6459fb83f90f61d363e44: Deleting log segment in path: /data/somelongdirectorytoavoidrpathissues/src/kudutest/linked_list-test.LinkedListTest.TestLoadAndVerify.1578429164263051-24384/linked-list-cluster/ts-1/wal/wals/30019a15e66f4115b11a50dbcaf93a87/wal-000000009 (ops 99258-111655)
I0107 12:36:57.785286 24607 log.cc:1062] T 30019a15e66f4115b11a50dbcaf93a87 P c0dcf07e91a6459fb83f90f61d363e44: Deleting log segment in path: /data/somelongdirectorytoavoidrpathissues/src/kudutest/linked_list-test.LinkedListTest.TestLoadAndVerify.1578429164263051-24384/linked-list-cluster/ts-1/wal/wals/30019a15e66f4115b11a50dbcaf93a87/wal-000000010 (ops 111656-124073)
I0107 12:36:57.798837 24607 maintenance_manager.cc:527] P c0dcf07e91a6459fb83f90f61d363e44: LogGCOp(30019a15e66f4115b11a50dbcaf93a87) complete. Timing: real 0.014s user 0.000s sys 0.013s Metrics: {}
I0107 12:36:57.799055 24713 maintenance_manager.cc:326] P c0dcf07e91a6459fb83f90f61d363e44: Scheduling UndoDeltaBlockGCOp(77e67457a0334f92a22f52fe739203dd): 21418112 bytes on disk
I0107 12:36:57.886641 24607 maintenance_manager.cc:527] P c0dcf07e91a6459fb83f90f61d363e44: UndoDeltaBlockGCOp(77e67457a0334f92a22f52fe739203dd) complete. Timing: real 0.087s user 0.000s sys 0.000s Metrics: {"cfile_init":1,"lbm_read_time_us":87408,"lbm_reads_1-10_ms":1,"lbm_reads_10-100_ms":1,"lbm_reads_lt_1ms":2}
I0107 12:36:57.886762 24713 maintenance_manager.cc:326] P c0dcf07e91a6459fb83f90f61d363e44: Scheduling UndoDeltaBlockGCOp(30019a15e66f4115b11a50dbcaf93a87): 10538719 bytes on disk
I0107 12:36:57.886889 24607 maintenance_manager.cc:527] P c0dcf07e91a6459fb83f90f61d363e44: UndoDeltaBlockGCOp(30019a15e66f4115b11a50dbcaf93a87) complete. Timing: real 0.000s user 0.000s sys 0.000s Metrics: {"cfile_init":1,"lbm_read_time_us":10,"lbm_reads_lt_1ms":4}
I0107 12:36:57.886945 24713 maintenance_manager.cc:326] P c0dcf07e91a6459fb83f90f61d363e44: Scheduling CompactRowSetsOp(30019a15e66f4115b11a50dbcaf93a87): perf score=1.004063
I0107 12:36:58.300513 24731 maintenance_manager.cc:527] P 76f8bc397d684ec2b99494eb2fee53c4: FlushMRSOp(30019a15e66f4115b11a50dbcaf93a87) complete. Timing: real 1.855s user 0.660s sys 0.038s Metrics: {"bytes_written":9373928,"cfile_init":1,"delete_count":0,"dirs.queue_time_us":147,"dirs.run_cpu_time_us":42,"dirs.run_wall_time_us":43,"drs_written":1,"lbm_read_time_us":6,"lbm_reads_lt_1ms":4,"lbm_write_time_us":954402,"lbm_writes_1-10_ms":1,"lbm_writes_10-100_ms":9,"lbm_writes_gt_100_ms":3,"lbm_writes_lt_1ms":947,"reinsert_count":0,"rows_written":532052,"thread_start_us":113,"threads_started":1,"update_count":2248}
I0107 12:36:58.300635 24837 maintenance_manager.cc:326] P 76f8bc397d684ec2b99494eb2fee53c4: Scheduling LogGCOp(30019a15e66f4115b11a50dbcaf93a87): free 41949929 bytes of WAL
I0107 12:36:58.300719 24731 log_reader.cc:379] T 30019a15e66f4115b11a50dbcaf93a87: removed 5 log segments from log reader
I0107 12:36:58.300736 24731 log.cc:1062] T 30019a15e66f4115b11a50dbcaf93a87 P 76f8bc397d684ec2b99494eb2fee53c4: Deleting log segment in path: /data/somelongdirectorytoavoidrpathissues/src/kudutest/linked_list-test.LinkedListTest.TestLoadAndVerify.1578429164263051-24384/linked-list-cluster/ts-2/wal/wals/30019a15e66f4115b11a50dbcaf93a87/wal-000000006 (ops 62096-74564)
I0107 12:36:58.300776 24731 log.cc:1062] T 30019a15e66f4115b11a50dbcaf93a87 P 76f8bc397d684ec2b99494eb2fee53c4: Deleting log segment in path: /data/somelongdirectorytoavoidrpathissues/src/kudutest/linked_list-test.LinkedListTest.TestLoadAndVerify.1578429164263051-24384/linked-list-cluster/ts-2/wal/wals/30019a15e66f4115b11a50dbcaf93a87/wal-000000007 (ops 74565-86964)
I0107 12:36:58.300822 24731 log.cc:1062] T 30019a15e66f4115b11a50dbcaf93a87 P 76f8bc397d684ec2b99494eb2fee53c4: Deleting log segment in path: /data/somelongdirectorytoavoidrpathissues/src/kudutest/linked_list-test.LinkedListTest.TestLoadAndVerify.1578429164263051-24384/linked-list-cluster/ts-2/wal/wals/30019a15e66f4115b11a50dbcaf93a87/wal-000000008 (ops 86965-99385)
I0107 12:36:58.300875 24731 log.cc:1062] T 30019a15e66f4115b11a50dbcaf93a87 P 76f8bc397d684ec2b99494eb2fee53c4: Deleting log segment in path: /data/somelongdirectorytoavoidrpathissues/src/kudutest/linked_list-test.LinkedListTest.TestLoadAndVerify.1578429164263051-24384/linked-list-cluster/ts-2/wal/wals/30019a15e66f4115b11a50dbcaf93a87/wal-000000009 (ops 99386-111806)
I0107 12:36:58.300909 24731 log.cc:1062] T 30019a15e66f4115b11a50dbcaf93a87 P 76f8bc397d684ec2b99494eb2fee53c4: Deleting log segment in path: /data/somelongdirectorytoavoidrpathissues/src/kudutest/linked_list-test.LinkedListTest.TestLoadAndVerify.1578429164263051-24384/linked-list-cluster/ts-2/wal/wals/30019a15e66f4115b11a50dbcaf93a87/wal-000000010 (ops 111807-124183)
I0107 12:36:58.338425 24731 maintenance_manager.cc:527] P 76f8bc397d684ec2b99494eb2fee53c4: LogGCOp(30019a15e66f4115b11a50dbcaf93a87) complete. Timing: real 0.038s user 0.002s sys 0.008s Metrics: {}
I0107 12:36:58.338624 24837 maintenance_manager.cc:326] P 76f8bc397d684ec2b99494eb2fee53c4: Scheduling UndoDeltaBlockGCOp(77e67457a0334f92a22f52fe739203dd): 21369361 bytes on disk
I0107 12:36:58.387789 26202 rpcz_store.cc:269] Call kudu.tserver.TabletServerService.Write from 127.23.208.1:34177 (ReqId={client: 38ca74434bcb40b7a65933bd12dc4ffd, seq_no=386034, attempt_no=0}) took 1067ms. Request Metrics: {"child_traces":[["txn",{"apply.queue_time_us":10,"cfile_cache_miss":10,"cfile_cache_miss_bytes":45242,"cfile_init":1,"lbm_read_time_us":1066650,"lbm_reads_1-10_ms":1,"lbm_reads_10-100_ms":8,"lbm_reads_gt_100_ms":4,"lbm_reads_lt_1ms":1,"num_ops":9,"prepare.queue_time_us":69,"prepare.run_cpu_time_us":73,"prepare.run_wall_time_us":73,"raft.queue_time_us":49,"raft.run_cpu_time_us":34,"raft.run_wall_time_us":34,"replication_time_us":462}]]}
I0107 12:36:58.433960 24731 maintenance_manager.cc:527] P 76f8bc397d684ec2b99494eb2fee53c4: UndoDeltaBlockGCOp(77e67457a0334f92a22f52fe739203dd) complete. Timing: real 0.095s user 0.000s sys 0.000s Metrics: {"cfile_init":1,"lbm_read_time_us":95189,"lbm_reads_10-100_ms":2,"lbm_reads_lt_1ms":2}
I0107 12:36:58.434046 24837 maintenance_manager.cc:326] P 76f8bc397d684ec2b99494eb2fee53c4: Scheduling UndoDeltaBlockGCOp(30019a15e66f4115b11a50dbcaf93a87): 10586147 bytes on disk
I0107 12:36:58.486321 24731 maintenance_manager.cc:527] P 76f8bc397d684ec2b99494eb2fee53c4: UndoDeltaBlockGCOp(30019a15e66f4115b11a50dbcaf93a87) complete. Timing: real 0.052s user 0.000s sys 0.000s Metrics: {"cfile_init":1,"lbm_read_time_us":52097,"lbm_reads_10-100_ms":1,"lbm_reads_lt_1ms":3}
I0107 12:36:58.486449 24837 maintenance_manager.cc:326] P 76f8bc397d684ec2b99494eb2fee53c4: Scheduling CompactRowSetsOp(30019a15e66f4115b11a50dbcaf93a87): perf score=1.004064
I0107 12:36:58.873664 24482 maintenance_manager.cc:527] P 914675d8717742d1ae5929637e95acb2: FlushMRSOp(30019a15e66f4115b11a50dbcaf93a87) complete. Timing: real 1.709s user 0.665s sys 0.045s Metrics: {"bytes_written":9302011,"cfile_init":1,"delete_count":0,"dirs.queue_time_us":157,"dirs.run_cpu_time_us":129,"dirs.run_wall_time_us":29815,"drs_written":1,"lbm_read_time_us":8,"lbm_reads_lt_1ms":4,"lbm_write_time_us":804444,"lbm_writes_1-10_ms":3,"lbm_writes_10-100_ms":11,"lbm_writes_gt_100_ms":3,"lbm_writes_lt_1ms":939,"reinsert_count":0,"rows_written":529491,"thread_start_us":116,"threads_started":1,"update_count":43}
I0107 12:36:58.873795 24588 maintenance_manager.cc:326] P 914675d8717742d1ae5929637e95acb2: Scheduling LogGCOp(30019a15e66f4115b11a50dbcaf93a87): free 41967847 bytes of WAL
I0107 12:36:58.873884 24482 log_reader.cc:379] T 30019a15e66f4115b11a50dbcaf93a87: removed 5 log segments from log reader
I0107 12:36:58.873899 24482 log.cc:1062] T 30019a15e66f4115b11a50dbcaf93a87 P 914675d8717742d1ae5929637e95acb2: Deleting log segment in path: /data/somelongdirectorytoavoidrpathissues/src/kudutest/linked_list-test.LinkedListTest.TestLoadAndVerify.1578429164263051-24384/linked-list-cluster/ts-0/wal/wals/30019a15e66f4115b11a50dbcaf93a87/wal-000000006 (ops 62188-74645)
I0107 12:36:58.873939 24482 log.cc:1062] T 30019a15e66f4115b11a50dbcaf93a87 P 914675d8717742d1ae5929637e95acb2: Deleting log segment in path: /data/somelongdirectorytoavoidrpathissues/src/kudutest/linked_list-test.LinkedListTest.TestLoadAndVerify.1578429164263051-24384/linked-list-cluster/ts-0/wal/wals/30019a15e66f4115b11a50dbcaf93a87/wal-000000007 (ops 74646-87151)
I0107 12:36:58.873970 24482 log.cc:1062] T 30019a15e66f4115b11a50dbcaf93a87 P 914675d8717742d1ae5929637e95acb2: Deleting log segment in path: /data/somelongdirectorytoavoidrpathissues/src/kudutest/linked_list-test.LinkedListTest.TestLoadAndVerify.1578429164263051-24384/linked-list-cluster/ts-0/wal/wals/30019a15e66f4115b11a50dbcaf93a87/wal-000000008 (ops 87152-99611)
I0107 12:36:58.873991 24482 log.cc:1062] T 30019a15e66f4115b11a50dbcaf93a87 P 914675d8717742d1ae5929637e95acb2: Deleting log segment in path: /data/somelongdirectorytoavoidrpathissues/src/kudutest/linked_list-test.LinkedListTest.TestLoadAndVerify.1578429164263051-24384/linked-list-cluster/ts-0/wal/wals/30019a15e66f4115b11a50dbcaf93a87/wal-000000009 (ops 99612-111951)
I0107 12:36:58.874027 24482 log.cc:1062] T 30019a15e66f4115b11a50dbcaf93a87 P 914675d8717742d1ae5929637e95acb2: Deleting log segment in path: /data/somelongdirectorytoavoidrpathissues/src/kudutest/linked_list-test.LinkedListTest.TestLoadAndVerify.1578429164263051-24384/linked-list-cluster/ts-0/wal/wals/30019a15e66f4115b11a50dbcaf93a87/wal-000000010 (ops 111952-124405)
I0107 12:36:58.886893 24482 maintenance_manager.cc:527] P 914675d8717742d1ae5929637e95acb2: LogGCOp(30019a15e66f4115b11a50dbcaf93a87) complete. Timing: real 0.013s user 0.001s sys 0.012s Metrics: {}
I0107 12:36:58.887085 24588 maintenance_manager.cc:326] P 914675d8717742d1ae5929637e95acb2: Scheduling CompactRowSetsOp(30019a15e66f4115b11a50dbcaf93a87): perf score=1.004063
I0107 12:37:03.484421 24607 maintenance_manager.cc:527] P c0dcf07e91a6459fb83f90f61d363e44: CompactRowSetsOp(30019a15e66f4115b11a50dbcaf93a87) complete. Timing: real 5.597s user 1.370s sys 0.168s Metrics: {"bytes_written":19045434,"cfile_cache_hit":63,"cfile_cache_hit_bytes":8131690,"cfile_cache_miss":2507,"cfile_cache_miss_bytes":68171388,"cfile_init":8,"delete_count":0,"delta_iterators_relevant":8,"dirs.queue_time_us":2360,"dirs.run_cpu_time_us":103,"dirs.run_wall_time_us":39106,"drs_written":1,"lbm_read_time_us":1263761,"lbm_reads_1-10_ms":32,"lbm_reads_10-100_ms":19,"lbm_reads_gt_100_ms":3,"lbm_reads_lt_1ms":2485,"lbm_write_time_us":198933,"lbm_writes_1-10_ms":38,"lbm_writes_10-100_ms":3,"lbm_writes_lt_1ms":1892,"num_input_rowsets":2,"reinsert_count":0,"rows_written":1085360,"spinlock_wait_cycles":4608,"thread_start_us":359,"threads_started":9,"update_count":9}
I0107 12:37:03.488061 24713 maintenance_manager.cc:326] P c0dcf07e91a6459fb83f90f61d363e44: Scheduling UndoDeltaBlockGCOp(30019a15e66f4115b11a50dbcaf93a87): 22115205 bytes on disk
I0107 12:37:03.690490 24607 maintenance_manager.cc:527] P c0dcf07e91a6459fb83f90f61d363e44: UndoDeltaBlockGCOp(30019a15e66f4115b11a50dbcaf93a87) complete. Timing: real 0.202s user 0.000s sys 0.000s Metrics: {"cfile_init":1,"lbm_read_time_us":202241,"lbm_reads_10-100_ms":3,"lbm_reads_lt_1ms":1}
I0107 12:37:03.990705 24731 maintenance_manager.cc:527] P 76f8bc397d684ec2b99494eb2fee53c4: CompactRowSetsOp(30019a15e66f4115b11a50dbcaf93a87) complete. Timing: real 5.504s user 1.414s sys 0.138s Metrics: {"bytes_written":19044599,"cfile_cache_hit":48,"cfile_cache_hit_bytes":5719041,"cfile_cache_miss":2522,"cfile_cache_miss_bytes":70570445,"cfile_init":9,"delta_iterators_relevant":8,"dirs.queue_time_us":5101,"dirs.run_cpu_time_us":124,"dirs.run_wall_time_us":73822,"drs_written":1,"lbm_read_time_us":1016181,"lbm_reads_1-10_ms":22,"lbm_reads_10-100_ms":19,"lbm_reads_gt_100_ms":2,"lbm_reads_lt_1ms":2515,"lbm_write_time_us":206185,"lbm_writes_1-10_ms":45,"lbm_writes_10-100_ms":1,"lbm_writes_lt_1ms":1883,"num_input_rowsets":2,"rows_written":1085302,"spinlock_wait_cycles":3584,"thread_start_us":1180,"threads_started":9}
I0107 12:37:03.990850 24837 maintenance_manager.cc:326] P 76f8bc397d684ec2b99494eb2fee53c4: Scheduling UndoDeltaBlockGCOp(30019a15e66f4115b11a50dbcaf93a87): 22114410 bytes on disk
I0107 12:37:03.990953 24731 maintenance_manager.cc:527] P 76f8bc397d684ec2b99494eb2fee53c4: UndoDeltaBlockGCOp(30019a15e66f4115b11a50dbcaf93a87) complete. Timing: real 0.000s user 0.000s sys 0.000s Metrics: {"cfile_init":1,"lbm_read_time_us":9,"lbm_reads_lt_1ms":4}
I0107 12:37:04.771361 24482 maintenance_manager.cc:527] P 914675d8717742d1ae5929637e95acb2: CompactRowSetsOp(30019a15e66f4115b11a50dbcaf93a87) complete. Timing: real 5.883s user 1.385s sys 0.170s Metrics: {"bytes_written":19045978,"cfile_cache_hit":53,"cfile_cache_hit_bytes":6540756,"cfile_cache_miss":2517,"cfile_cache_miss_bytes":69761168,"cfile_init":10,"delta_iterators_relevant":8,"dirs.queue_time_us":505,"dirs.run_cpu_time_us":1602,"dirs.run_wall_time_us":81974,"drs_written":1,"lbm_read_time_us":1212372,"lbm_reads_1-10_ms":23,"lbm_reads_10-100_ms":24,"lbm_reads_gt_100_ms":1,"lbm_reads_lt_1ms":2509,"lbm_write_time_us":249835,"lbm_writes_1-10_ms":35,"lbm_writes_10-100_ms":2,"lbm_writes_lt_1ms":1893,"num_input_rowsets":2,"rows_written":1085394,"spinlock_wait_cycles":18892032,"thread_start_us":527,"threads_started":8}
I0107 12:37:04.771544 24588 maintenance_manager.cc:326] P 914675d8717742d1ae5929637e95acb2: Scheduling UndoDeltaBlockGCOp(30019a15e66f4115b11a50dbcaf93a87): 22116239 bytes on disk
I0107 12:37:04.835109 24482 maintenance_manager.cc:527] P 914675d8717742d1ae5929637e95acb2: UndoDeltaBlockGCOp(30019a15e66f4115b11a50dbcaf93a87) complete. Timing: real 0.063s user 0.000s sys 0.000s Metrics: {"cfile_init":1,"lbm_read_time_us":63428,"lbm_reads_1-10_ms":1,"lbm_reads_10-100_ms":1,"lbm_reads_lt_1ms":2}
I0107 12:37:04.835203 24588 maintenance_manager.cc:326] P 914675d8717742d1ae5929637e95acb2: Scheduling UndoDeltaBlockGCOp(77e67457a0334f92a22f52fe739203dd): 21419114 bytes on disk
I0107 12:37:04.882669 24482 maintenance_manager.cc:527] P 914675d8717742d1ae5929637e95acb2: UndoDeltaBlockGCOp(77e67457a0334f92a22f52fe739203dd) complete. Timing: real 0.047s user 0.000s sys 0.000s Metrics: {"cfile_init":1,"lbm_read_time_us":47298,"lbm_reads_1-10_ms":1,"lbm_reads_10-100_ms":1,"lbm_reads_lt_1ms":2}
I0107 12:37:07.996652 24837 maintenance_manager.cc:326] P 76f8bc397d684ec2b99494eb2fee53c4: Scheduling FlushMRSOp(16e58229a0c648eda40d4376454f2981): perf score=0.033336
I0107 12:37:08.135326 24588 maintenance_manager.cc:326] P 914675d8717742d1ae5929637e95acb2: Scheduling FlushMRSOp(16e58229a0c648eda40d4376454f2981): perf score=0.033340
I0107 12:37:08.444121 24713 maintenance_manager.cc:326] P c0dcf07e91a6459fb83f90f61d363e44: Scheduling FlushMRSOp(16e58229a0c648eda40d4376454f2981): perf score=0.033348 ------------------------------------------------------------ Histogram for latency of insert operations (microseconds) Note: each insert is a batch of 50 rows. ------------------------------------------------------------ Count: 140000 Mean: 1792.91 Percentiles: 0% (min) = 778 25% = 1371 50% (med) = 1531 75% = 1742 95% = 2306 99% = 7012 99.9% = 39264 99.99% = 67648 100% (max) = 1068091 *NOTE: some values were greater than highest trackable value
I0107 12:37:20.857795 24384 linked_list-test-util.h:519] Written 7000000 rows in chain
W0107 12:37:22.145277 24482 tablet_replica.cc:929] Time spent Committing in-flights took a long time.: real 0.226s user 0.000s sys 0.000s
I0107 12:37:22.146205 24482 maintenance_manager.cc:527] P 914675d8717742d1ae5929637e95acb2: FlushMRSOp(16e58229a0c648eda40d4376454f2981) complete. Timing: real 14.011s user 3.553s sys 0.219s Metrics: {"bytes_written":38634128,"cfile_init":2,"delete_count":0,"dirs.queue_time_us":18127,"dirs.run_cpu_time_us":234,"dirs.run_wall_time_us":307266,"drs_written":2,"lbm_read_time_us":13,"lbm_reads_lt_1ms":8,"lbm_write_time_us":813761,"lbm_writes_1-10_ms":85,"lbm_writes_10-100_ms":5,"lbm_writes_gt_100_ms":1,"lbm_writes_lt_1ms":3815,"reinsert_count":0,"rows_written":2194648,"thread_start_us":87,"threads_started":2,"update_count":9812}
I0107 12:37:22.146320 24588 maintenance_manager.cc:326] P 914675d8717742d1ae5929637e95acb2: Scheduling CompactRowSetsOp(16e58229a0c648eda40d4376454f2981): perf score=1.008576
I0107 12:37:23.812055 24731 maintenance_manager.cc:527] P 76f8bc397d684ec2b99494eb2fee53c4: FlushMRSOp(16e58229a0c648eda40d4376454f2981) complete. Timing: real 15.815s user 3.491s sys 0.285s Metrics: {"bytes_written":38704479,"cfile_init":2,"delete_count":0,"dirs.queue_time_us":13360,"dirs.run_cpu_time_us":193,"dirs.run_wall_time_us":318186,"drs_written":2,"lbm_read_time_us":14,"lbm_reads_lt_1ms":8,"lbm_write_time_us":887316,"lbm_writes_1-10_ms":99,"lbm_writes_10-100_ms":2,"lbm_writes_gt_100_ms":1,"lbm_writes_lt_1ms":3818,"reinsert_count":0,"rows_written":2199831,"thread_start_us":130,"threads_started":2,"update_count":7879}
I0107 12:37:23.812273 24837 maintenance_manager.cc:326] P 76f8bc397d684ec2b99494eb2fee53c4: Scheduling LogGCOp(16e58229a0c648eda40d4376454f2981): free 92619671 bytes of WAL
I0107 12:37:23.812348 24731 log_reader.cc:379] T 16e58229a0c648eda40d4376454f2981: removed 11 log segments from log reader
I0107 12:37:23.812389 24731 log.cc:1062] T 16e58229a0c648eda40d4376454f2981 P 76f8bc397d684ec2b99494eb2fee53c4: Deleting log segment in path: /data/somelongdirectorytoavoidrpathissues/src/kudutest/linked_list-test.LinkedListTest.TestLoadAndVerify.1578429164263051-24384/linked-list-cluster/ts-2/wal/wals/16e58229a0c648eda40d4376454f2981/wal-000000012 (ops 65216-71067)
I0107 12:37:23.812496 24731 log.cc:1062] T 16e58229a0c648eda40d4376454f2981 P 76f8bc397d684ec2b99494eb2fee53c4: Deleting log segment in path: /data/somelongdirectorytoavoidrpathissues/src/kudutest/linked_list-test.LinkedListTest.TestLoadAndVerify.1578429164263051-24384/linked-list-cluster/ts-2/wal/wals/16e58229a0c648eda40d4376454f2981/wal-000000013 (ops 71068-76988)
I0107 12:37:23.812564 24731 log.cc:1062] T 16e58229a0c648eda40d4376454f2981 P 76f8bc397d684ec2b99494eb2fee53c4: Deleting log segment in path: /data/somelongdirectorytoavoidrpathissues/src/kudutest/linked_list-test.LinkedListTest.TestLoadAndVerify.1578429164263051-24384/linked-list-cluster/ts-2/wal/wals/16e58229a0c648eda40d4376454f2981/wal-000000014 (ops 76989-82889)
I0107 12:37:23.812628 24731 log.cc:1062] T 16e58229a0c648eda40d4376454f2981 P 76f8bc397d684ec2b99494eb2fee53c4: Deleting log segment in path: /data/somelongdirectorytoavoidrpathissues/src/kudutest/linked_list-test.LinkedListTest.TestLoadAndVerify.1578429164263051-24384/linked-list-cluster/ts-2/wal/wals/16e58229a0c648eda40d4376454f2981/wal-000000015 (ops 82890-88859)
I0107 12:37:23.812687 24731 log.cc:1062] T 16e58229a0c648eda40d4376454f2981 P 76f8bc397d684ec2b99494eb2fee53c4: Deleting log segment in path: /data/somelongdirectorytoavoidrpathissues/src/kudutest/linked_list-test.LinkedListTest.TestLoadAndVerify.1578429164263051-24384/linked-list-cluster/ts-2/wal/wals/16e58229a0c648eda40d4376454f2981/wal-000000016 (ops 88860-94722)
I0107 12:37:23.812745 24731 log.cc:1062] T 16e58229a0c648eda40d4376454f2981 P 76f8bc397d684ec2b99494eb2fee53c4: Deleting log segment in path: /data/somelongdirectorytoavoidrpathissues/src/kudutest/linked_list-test.LinkedListTest.TestLoadAndVerify.1578429164263051-24384/linked-list-cluster/ts-2/wal/wals/16e58229a0c648eda40d4376454f2981/wal-000000017 (ops 94723-100712)
I0107 12:37:23.812803 24731 log.cc:1062] T 16e58229a0c648eda40d4376454f2981 P 76f8bc397d684ec2b99494eb2fee53c4: Deleting log segment in path: /data/somelongdirectorytoavoidrpathissues/src/kudutest/linked_list-test.LinkedListTest.TestLoadAndVerify.1578429164263051-24384/linked-list-cluster/ts-2/wal/wals/16e58229a0c648eda40d4376454f2981/wal-000000018 (ops 100713-106579)
I0107 12:37:23.812894 24731 log.cc:1062] T 16e58229a0c648eda40d4376454f2981 P 76f8bc397d684ec2b99494eb2fee53c4: Deleting log segment in path: /data/somelongdirectorytoavoidrpathissues/src/kudutest/linked_list-test.LinkedListTest.TestLoadAndVerify.1578429164263051-24384/linked-list-cluster/ts-2/wal/wals/16e58229a0c648eda40d4376454f2981/wal-000000019 (ops 106580-112454)
I0107 12:37:23.812953 24731 log.cc:1062] T 16e58229a0c648eda40d4376454f2981 P 76f8bc397d684ec2b99494eb2fee53c4: Deleting log segment in path: /data/somelongdirectorytoavoidrpathissues/src/kudutest/linked_list-test.LinkedListTest.TestLoadAndVerify.1578429164263051-24384/linked-list-cluster/ts-2/wal/wals/16e58229a0c648eda40d4376454f2981/wal-000000020 (ops 112455-118417)
I0107 12:37:23.813005 24731 log.cc:1062] T 16e58229a0c648eda40d4376454f2981 P 76f8bc397d684ec2b99494eb2fee53c4: Deleting log segment in path: /data/somelongdirectorytoavoidrpathissues/src/kudutest/linked_list-test.LinkedListTest.TestLoadAndVerify.1578429164263051-24384/linked-list-cluster/ts-2/wal/wals/16e58229a0c648eda40d4376454f2981/wal-000000021 (ops 118418-124356)
I0107 12:37:23.813060 24731 log.cc:1062] T 16e58229a0c648eda40d4376454f2981 P 76f8bc397d684ec2b99494eb2fee53c4: Deleting log segment in path: /data/somelongdirectorytoavoidrpathissues/src/kudutest/linked_list-test.LinkedListTest.TestLoadAndVerify.1578429164263051-24384/linked-list-cluster/ts-2/wal/wals/16e58229a0c648eda40d4376454f2981/wal-000000022 (ops 124357-130257)
I0107 12:37:23.947700 24731 maintenance_manager.cc:527] P 76f8bc397d684ec2b99494eb2fee53c4: LogGCOp(16e58229a0c648eda40d4376454f2981) complete. Timing: real 0.135s user 0.000s sys 0.030s Metrics: {}
I0107 12:37:23.947837 24837 maintenance_manager.cc:326] P 76f8bc397d684ec2b99494eb2fee53c4: Scheduling CompactRowSetsOp(16e58229a0c648eda40d4376454f2981): perf score=1.008595
I0107 12:37:24.521988 24607 maintenance_manager.cc:527] P c0dcf07e91a6459fb83f90f61d363e44: FlushMRSOp(16e58229a0c648eda40d4376454f2981) complete. Timing: real 16.078s user 3.593s sys 0.313s Metrics: {"bytes_written":38882946,"cfile_init":2,"delete_count":0,"dirs.queue_time_us":16048,"dirs.run_cpu_time_us":212,"dirs.run_wall_time_us":150701,"drs_written":2,"lbm_read_time_us":15,"lbm_reads_lt_1ms":8,"lbm_write_time_us":475886,"lbm_writes_1-10_ms":124,"lbm_writes_10-100_ms":2,"lbm_writes_lt_1ms":3804,"reinsert_count":0,"rows_written":2205774,"thread_start_us":68,"threads_started":2,"update_count":14954}
I0107 12:37:24.522178 24713 maintenance_manager.cc:326] P c0dcf07e91a6459fb83f90f61d363e44: Scheduling LogGCOp(16e58229a0c648eda40d4376454f2981): free 92567378 bytes of WAL
I0107 12:37:24.522253 24607 log_reader.cc:379] T 16e58229a0c648eda40d4376454f2981: removed 11 log segments from log reader
I0107 12:37:24.522296 24607 log.cc:1062] T 16e58229a0c648eda40d4376454f2981 P c0dcf07e91a6459fb83f90f61d363e44: Deleting log segment in path: /data/somelongdirectorytoavoidrpathissues/src/kudutest/linked_list-test.LinkedListTest.TestLoadAndVerify.1578429164263051-24384/linked-list-cluster/ts-1/wal/wals/16e58229a0c648eda40d4376454f2981/wal-000000012 (ops 65221-71111)
I0107 12:37:24.522444 24607 log.cc:1062] T 16e58229a0c648eda40d4376454f2981 P c0dcf07e91a6459fb83f90f61d363e44: Deleting log segment in path: /data/somelongdirectorytoavoidrpathissues/src/kudutest/linked_list-test.LinkedListTest.TestLoadAndVerify.1578429164263051-24384/linked-list-cluster/ts-1/wal/wals/16e58229a0c648eda40d4376454f2981/wal-000000013 (ops 71112-77043)
I0107 12:37:24.522514 24607 log.cc:1062] T 16e58229a0c648eda40d4376454f2981 P c0dcf07e91a6459fb83f90f61d363e44: Deleting log segment in path: /data/somelongdirectorytoavoidrpathissues/src/kudutest/linked_list-test.LinkedListTest.TestLoadAndVerify.1578429164263051-24384/linked-list-cluster/ts-1/wal/wals/16e58229a0c648eda40d4376454f2981/wal-000000014 (ops 77044-82887)
I0107 12:37:24.522716 24607 log.cc:1062] T 16e58229a0c648eda40d4376454f2981 P c0dcf07e91a6459fb83f90f61d363e44: Deleting log segment in path: /data/somelongdirectorytoavoidrpathissues/src/kudutest/linked_list-test.LinkedListTest.TestLoadAndVerify.1578429164263051-24384/linked-list-cluster/ts-1/wal/wals/16e58229a0c648eda40d4376454f2981/wal-000000015 (ops 82888-88871)
I0107 12:37:24.522791 24607 log.cc:1062] T 16e58229a0c648eda40d4376454f2981 P c0dcf07e91a6459fb83f90f61d363e44: Deleting log segment in path: /data/somelongdirectorytoavoidrpathissues/src/kudutest/linked_list-test.LinkedListTest.TestLoadAndVerify.1578429164263051-24384/linked-list-cluster/ts-1/wal/wals/16e58229a0c648eda40d4376454f2981/wal-000000016 (ops 88872-94723)
I0107 12:37:24.522867 24607 log.cc:1062] T 16e58229a0c648eda40d4376454f2981 P c0dcf07e91a6459fb83f90f61d363e44: Deleting log segment in path: /data/somelongdirectorytoavoidrpathissues/src/kudutest/linked_list-test.LinkedListTest.TestLoadAndVerify.1578429164263051-24384/linked-list-cluster/ts-1/wal/wals/16e58229a0c648eda40d4376454f2981/wal-000000017 (ops 94724-100719)
I0107 12:37:24.522935 24607 log.cc:1062] T 16e58229a0c648eda40d4376454f2981 P c0dcf07e91a6459fb83f90f61d363e44: Deleting log segment in path: /data/somelongdirectorytoavoidrpathissues/src/kudutest/linked_list-test.LinkedListTest.TestLoadAndVerify.1578429164263051-24384/linked-list-cluster/ts-1/wal/wals/16e58229a0c648eda40d4376454f2981/wal-000000018 (ops 100720-106591)
I0107 12:37:24.523138 24607 log.cc:1062] T 16e58229a0c648eda40d4376454f2981 P c0dcf07e91a6459fb83f90f61d363e44: Deleting log segment in path: /data/somelongdirectorytoavoidrpathissues/src/kudutest/linked_list-test.LinkedListTest.TestLoadAndVerify.1578429164263051-24384/linked-list-cluster/ts-1/wal/wals/16e58229a0c648eda40d4376454f2981/wal-000000019 (ops 106592-112460)
I0107 12:37:24.523202 24607 log.cc:1062] T 16e58229a0c648eda40d4376454f2981 P c0dcf07e91a6459fb83f90f61d363e44: Deleting log segment in path: /data/somelongdirectorytoavoidrpathissues/src/kudutest/linked_list-test.LinkedListTest.TestLoadAndVerify.1578429164263051-24384/linked-list-cluster/ts-1/wal/wals/16e58229a0c648eda40d4376454f2981/wal-000000020 (ops 112461-118502)
I0107 12:37:24.523407 24607 log.cc:1062] T 16e58229a0c648eda40d4376454f2981 P c0dcf07e91a6459fb83f90f61d363e44: Deleting log segment in path: /data/somelongdirectorytoavoidrpathissues/src/kudutest/linked_list-test.LinkedListTest.TestLoadAndVerify.1578429164263051-24384/linked-list-cluster/ts-1/wal/wals/16e58229a0c648eda40d4376454f2981/wal-000000021 (ops 118503-124410)
I0107 12:37:24.523494 24607 log.cc:1062] T 16e58229a0c648eda40d4376454f2981 P c0dcf07e91a6459fb83f90f61d363e44: Deleting log segment in path: /data/somelongdirectorytoavoidrpathissues/src/kudutest/linked_list-test.LinkedListTest.TestLoadAndVerify.1578429164263051-24384/linked-list-cluster/ts-1/wal/wals/16e58229a0c648eda40d4376454f2981/wal-000000022 (ops 124411-130318)
I0107 12:37:24.606127 24607 maintenance_manager.cc:527] P c0dcf07e91a6459fb83f90f61d363e44: LogGCOp(16e58229a0c648eda40d4376454f2981) complete. Timing: real 0.084s user 0.000s sys 0.029s Metrics: {}
I0107 12:37:24.606357 24713 maintenance_manager.cc:326] P c0dcf07e91a6459fb83f90f61d363e44: Scheduling CompactRowSetsOp(16e58229a0c648eda40d4376454f2981): perf score=1.008522 ------------------------------------------------------------ Histogram for latency of insert operations (microseconds) Note: each insert is a batch of 50 rows. ------------------------------------------------------------ Count: 150000 Mean: 1815.8 Percentiles: 0% (min) = 778 25% = 1377 50% (med) = 1541 75% = 1759 95% = 2370 99% = 7236 99.9% = 40064 99.99% = 72448 100% (max) = 1068091
