I0107 12:44:02.290345 24731 log.cc:1062] T 16e58229a0c648eda40d4376454f2981 P 76f8bc397d684ec2b99494eb2fee53c4: Deleting log segment in path: /data/somelongdirectorytoavoidrpathissues/src/kudutest/linked_list-test.LinkedListTest.TestLoadAndVerify.1578429164263051-24384/linked-list-cluster/ts-2/wal/wals/16e58229a0c648eda40d4376454f2981/wal-000000048 (ops 277895-283784)
I0107 12:44:02.290450 24731 log.cc:1062] T 16e58229a0c648eda40d4376454f2981 P 76f8bc397d684ec2b99494eb2fee53c4: Deleting log segment in path: /data/somelongdirectorytoavoidrpathissues/src/kudutest/linked_list-test.LinkedListTest.TestLoadAndVerify.1578429164263051-24384/linked-list-cluster/ts-2/wal/wals/16e58229a0c648eda40d4376454f2981/wal-000000049 (ops 283785-289603)
I0107 12:44:02.290516 24731 log.cc:1062] T 16e58229a0c648eda40d4376454f2981 P 76f8bc397d684ec2b99494eb2fee53c4: Deleting log segment in path: /data/somelongdirectorytoavoidrpathissues/src/kudutest/linked_list-test.LinkedListTest.TestLoadAndVerify.1578429164263051-24384/linked-list-cluster/ts-2/wal/wals/16e58229a0c648eda40d4376454f2981/wal-000000050 (ops 289604-295613)
I0107 12:44:02.290587 24731 log.cc:1062] T 16e58229a0c648eda40d4376454f2981 P 76f8bc397d684ec2b99494eb2fee53c4: Deleting log segment in path: /data/somelongdirectorytoavoidrpathissues/src/kudutest/linked_list-test.LinkedListTest.TestLoadAndVerify.1578429164263051-24384/linked-list-cluster/ts-2/wal/wals/16e58229a0c648eda40d4376454f2981/wal-000000051 (ops 295614-301453)
I0107 12:44:02.290652 24731 log.cc:1062] T 16e58229a0c648eda40d4376454f2981 P 76f8bc397d684ec2b99494eb2fee53c4: Deleting log segment in path: /data/somelongdirectorytoavoidrpathissues/src/kudutest/linked_list-test.LinkedListTest.TestLoadAndVerify.1578429164263051-24384/linked-list-cluster/ts-2/wal/wals/16e58229a0c648eda40d4376454f2981/wal-000000052 (ops 301454-307379)
I0107 12:44:02.353674 24731 maintenance_manager.cc:527] P 76f8bc397d684ec2b99494eb2fee53c4: LogGCOp(16e58229a0c648eda40d4376454f2981) complete. Timing: real 0.064s user 0.001s sys 0.026s Metrics: {}
I0107 12:44:02.353817 24837 maintenance_manager.cc:326] P 76f8bc397d684ec2b99494eb2fee53c4: Scheduling UndoDeltaBlockGCOp(16e58229a0c648eda40d4376454f2981): 35984069 bytes on disk
I0107 12:44:02.353950 24731 maintenance_manager.cc:527] P 76f8bc397d684ec2b99494eb2fee53c4: UndoDeltaBlockGCOp(16e58229a0c648eda40d4376454f2981) complete. Timing: real 0.000s user 0.000s sys 0.000s Metrics: {"cfile_init":1,"lbm_read_time_us":11,"lbm_reads_lt_1ms":4}
I0107 12:44:02.354058 24837 maintenance_manager.cc:326] P 76f8bc397d684ec2b99494eb2fee53c4: Scheduling CompactRowSetsOp(16e58229a0c648eda40d4376454f2981): perf score=0.771495
W0107 12:44:02.625452 24607 tablet_replica.cc:929] Time spent Committing in-flights took a long time.: real 0.207s user 0.001s sys 0.000s
I0107 12:44:02.626947 24607 maintenance_manager.cc:527] P c0dcf07e91a6459fb83f90f61d363e44: FlushMRSOp(16e58229a0c648eda40d4376454f2981) complete. Timing: real 10.325s user 2.746s sys 0.201s Metrics: {"bytes_written":32131643,"cfile_init":1,"delete_count":0,"dirs.queue_time_us":786,"dirs.run_cpu_time_us":126,"dirs.run_wall_time_us":30842,"drs_written":1,"lbm_read_time_us":9,"lbm_reads_lt_1ms":4,"lbm_write_time_us":330710,"lbm_writes_1-10_ms":58,"lbm_writes_10-100_ms":2,"lbm_writes_lt_1ms":3151,"reinsert_count":0,"rows_written":1810775,"spinlock_wait_cycles":30464,"thread_start_us":31,"threads_started":1,"update_count":3504}
I0107 12:44:02.627113 24713 maintenance_manager.cc:326] P c0dcf07e91a6459fb83f90f61d363e44: Scheduling CompactRowSetsOp(16e58229a0c648eda40d4376454f2981): perf score=0.771555 ------------------------------------------------------------ Histogram for latency of insert operations (microseconds) Note: each insert is a batch of 50 rows. ------------------------------------------------------------ Count: 320000 Mean: 2012.18 Percentiles: 0% (min) = 778 25% = 1430 50% (med) = 1613 75% = 1863 95% = 2600 99% = 8720 99.9% = 49856 99.99% = 222208 100% (max) = 1830262 *NOTE: some values were greater than highest trackable value
I0107 12:44:21.960701 24384 linked_list-test-util.h:519] Written 16000000 rows in chain
I0107 12:44:40.798926 24482 maintenance_manager.cc:527] P 914675d8717742d1ae5929637e95acb2: CompactRowSetsOp(16e58229a0c648eda40d4376454f2981) complete. Timing: real 50.333s user 10.898s sys 1.160s Metrics: {"bytes_written":145164469,"cfile_cache_hit":295,"cfile_cache_hit_bytes":39489238,"cfile_cache_miss":19119,"cfile_cache_miss_bytes":555776516,"cfile_init":21,"delta_iterators_relevant":12,"dirs.queue_time_us":323,"dirs.run_cpu_time_us":543,"dirs.run_wall_time_us":1180613,"drs_written":5,"lbm_read_time_us":7951216,"lbm_reads_1-10_ms":356,"lbm_reads_10-100_ms":146,"lbm_reads_gt_100_ms":17,"lbm_reads_lt_1ms":18684,"lbm_write_time_us":2171836,"lbm_writes_1-10_ms":297,"lbm_writes_10-100_ms":14,"lbm_writes_gt_100_ms":3,"lbm_writes_lt_1ms":14286,"num_input_rowsets":5,"rows_written":8237132,"spinlock_wait_cycles":347361408,"thread_start_us":164,"threads_started":5}
I0107 12:44:40.799140 24588 maintenance_manager.cc:326] P 914675d8717742d1ae5929637e95acb2: Scheduling CompactRowSetsOp(16e58229a0c648eda40d4376454f2981): perf score=0.303878
W0107 12:44:43.643126 28992 lock_manager.cc:368] Waited 1 seconds to obtain row lock on key \xb0\x207\x08\xab\xce\x00\x04 cur holder: 0x508ee00
I0107 12:44:44.167718 28927 rpcz_store.cc:269] Call kudu.tserver.TabletServerService.Write from 127.23.208.1:34177 (ReqId={client: 38ca74434bcb40b7a65933bd12dc4ffd, seq_no=972656, attempt_no=0}) took 2449ms. Request Metrics: {"child_traces":[["txn",{"apply.queue_time_us":2448313,"cfile_cache_hit":10,"cfile_cache_hit_bytes":52314,"num_ops":8,"prepare.queue_time_us":62,"prepare.run_cpu_time_us":50,"prepare.run_wall_time_us":50,"raft.queue_time_us":117,"raft.run_cpu_time_us":41,"raft.run_wall_time_us":504,"replication_time_us":417,"thread_start_us":35,"threads_started":1}]]}
I0107 12:44:44.169253 28927 rpcz_store.cc:269] Call kudu.tserver.TabletServerService.Write from 127.23.208.1:34177 (ReqId={client: 38ca74434bcb40b7a65933bd12dc4ffd, seq_no=972661, attempt_no=0}) took 1527ms. Request Metrics: {"child_traces":[["txn",{"apply.queue_time_us":1524272,"cfile_cache_hit":281,"cfile_cache_hit_bytes":1153786,"num_ops":311,"prepare.queue_time_us":234,"prepare.run_cpu_time_us":465,"prepare.run_wall_time_us":465,"raft.queue_time_us":113,"raft.run_cpu_time_us":39,"raft.run_wall_time_us":78,"replication_time_us":825,"spinlock_wait_cycles":4480,"thread_start_us":43,"threads_started":2}]]} ------------------------------------------------------------ Histogram for latency of insert operations (microseconds) Note: each insert is a batch of 50 rows. ------------------------------------------------------------ Count: 330000 Mean: 2026.77 Percentiles: 0% (min) = 778 25% = 1433 50% (med) = 1617 75% = 1869 95% = 2616 99% = 8776 99.9% = 49984 99.99% = 230656 100% (max) = 2449511 *NOTE: some values were greater than highest trackable value
I0107 12:44:48.161883 24384 linked_list-test-util.h:519] Written 16500000 rows in chain
I0107 12:44:54.051817 24731 maintenance_manager.cc:527] P 76f8bc397d684ec2b99494eb2fee53c4: CompactRowSetsOp(16e58229a0c648eda40d4376454f2981) complete. Timing: real 51.698s user 10.957s sys 1.117s Metrics: {"bytes_written":146664284,"cfile_cache_hit":330,"cfile_cache_hit_bytes":45339710,"cfile_cache_miss":19284,"cfile_cache_miss_bytes":556282558,"cfile_init":21,"delta_iterators_relevant":12,"dirs.queue_time_us":5293,"dirs.run_cpu_time_us":661,"dirs.run_wall_time_us":731590,"drs_written":5,"lbm_read_time_us":10102440,"lbm_reads_1-10_ms":394,"lbm_reads_10-100_ms":171,"lbm_reads_gt_100_ms":20,"lbm_reads_lt_1ms":18783,"lbm_write_time_us":1623640,"lbm_writes_1-10_ms":281,"lbm_writes_10-100_ms":10,"lbm_writes_gt_100_ms":1,"lbm_writes_lt_1ms":14459,"num_input_rowsets":5,"rows_written":8323208,"spinlock_wait_cycles":495699840,"thread_start_us":172,"threads_started":5}
I0107 12:44:54.052013 24837 maintenance_manager.cc:326] P 76f8bc397d684ec2b99494eb2fee53c4: Scheduling CompactRowSetsOp(16e58229a0c648eda40d4376454f2981): perf score=0.299331
I0107 12:44:55.013001 24607 maintenance_manager.cc:527] P c0dcf07e91a6459fb83f90f61d363e44: CompactRowSetsOp(16e58229a0c648eda40d4376454f2981) complete. Timing: real 52.386s user 10.871s sys 1.116s Metrics: {"bytes_written":147016895,"cfile_cache_hit":347,"cfile_cache_hit_bytes":47764228,"cfile_cache_miss":19313,"cfile_cache_miss_bytes":555312834,"cfile_init":22,"delta_iterators_relevant":12,"dirs.queue_time_us":2402,"dirs.run_cpu_time_us":556,"dirs.run_wall_time_us":344418,"drs_written":5,"lbm_read_time_us":10694863,"lbm_reads_1-10_ms":311,"lbm_reads_10-100_ms":186,"lbm_reads_gt_100_ms":23,"lbm_reads_lt_1ms":18881,"lbm_write_time_us":1804731,"lbm_writes_1-10_ms":357,"lbm_writes_10-100_ms":15,"lbm_writes_gt_100_ms":1,"lbm_writes_lt_1ms":14413,"num_input_rowsets":5,"rows_written":8343311,"spinlock_wait_cycles":458694912,"thread_start_us":693,"threads_started":13}
I0107 12:44:55.013214 24713 maintenance_manager.cc:326] P c0dcf07e91a6459fb83f90f61d363e44: Scheduling LogGCOp(16e58229a0c648eda40d4376454f2981): free 84069064 bytes of WAL
I0107 12:44:55.013293 24607 log_reader.cc:379] T 16e58229a0c648eda40d4376454f2981: removed 10 log segments from log reader
I0107 12:44:55.013303 24607 log.cc:1062] T 16e58229a0c648eda40d4376454f2981 P c0dcf07e91a6459fb83f90f61d363e44: Deleting log segment in path: /data/somelongdirectorytoavoidrpathissues/src/kudutest/linked_list-test.LinkedListTest.TestLoadAndVerify.1578429164263051-24384/linked-list-cluster/ts-1/wal/wals/16e58229a0c648eda40d4376454f2981/wal-000000043 (ops 248622-254561)
I0107 12:44:55.013335 24607 log.cc:1062] T 16e58229a0c648eda40d4376454f2981 P c0dcf07e91a6459fb83f90f61d363e44: Deleting log segment in path: /data/somelongdirectorytoavoidrpathissues/src/kudutest/linked_list-test.LinkedListTest.TestLoadAndVerify.1578429164263051-24384/linked-list-cluster/ts-1/wal/wals/16e58229a0c648eda40d4376454f2981/wal-000000044 (ops 254562-260460)
I0107 12:44:55.013356 24607 log.cc:1062] T 16e58229a0c648eda40d4376454f2981 P c0dcf07e91a6459fb83f90f61d363e44: Deleting log segment in path: /data/somelongdirectorytoavoidrpathissues/src/kudutest/linked_list-test.LinkedListTest.TestLoadAndVerify.1578429164263051-24384/linked-list-cluster/ts-1/wal/wals/16e58229a0c648eda40d4376454f2981/wal-000000045 (ops 260461-266374)
I0107 12:44:55.013375 24607 log.cc:1062] T 16e58229a0c648eda40d4376454f2981 P c0dcf07e91a6459fb83f90f61d363e44: Deleting log segment in path: /data/somelongdirectorytoavoidrpathissues/src/kudutest/linked_list-test.LinkedListTest.TestLoadAndVerify.1578429164263051-24384/linked-list-cluster/ts-1/wal/wals/16e58229a0c648eda40d4376454f2981/wal-000000046 (ops 266375-272298)
I0107 12:44:55.013392 24607 log.cc:1062] T 16e58229a0c648eda40d4376454f2981 P c0dcf07e91a6459fb83f90f61d363e44: Deleting log segment in path: /data/somelongdirectorytoavoidrpathissues/src/kudutest/linked_list-test.LinkedListTest.TestLoadAndVerify.1578429164263051-24384/linked-list-cluster/ts-1/wal/wals/16e58229a0c648eda40d4376454f2981/wal-000000047 (ops 272299-278219)
I0107 12:44:55.013411 24607 log.cc:1062] T 16e58229a0c648eda40d4376454f2981 P c0dcf07e91a6459fb83f90f61d363e44: Deleting log segment in path: /data/somelongdirectorytoavoidrpathissues/src/kudutest/linked_list-test.LinkedListTest.TestLoadAndVerify.1578429164263051-24384/linked-list-cluster/ts-1/wal/wals/16e58229a0c648eda40d4376454f2981/wal-000000048 (ops 278220-284140)
I0107 12:44:55.013453 24607 log.cc:1062] T 16e58229a0c648eda40d4376454f2981 P c0dcf07e91a6459fb83f90f61d363e44: Deleting log segment in path: /data/somelongdirectorytoavoidrpathissues/src/kudutest/linked_list-test.LinkedListTest.TestLoadAndVerify.1578429164263051-24384/linked-list-cluster/ts-1/wal/wals/16e58229a0c648eda40d4376454f2981/wal-000000049 (ops 284141-290052)
I0107 12:44:55.013473 24607 log.cc:1062] T 16e58229a0c648eda40d4376454f2981 P c0dcf07e91a6459fb83f90f61d363e44: Deleting log segment in path: /data/somelongdirectorytoavoidrpathissues/src/kudutest/linked_list-test.LinkedListTest.TestLoadAndVerify.1578429164263051-24384/linked-list-cluster/ts-1/wal/wals/16e58229a0c648eda40d4376454f2981/wal-000000050 (ops 290053-296008)
I0107 12:44:55.013490 24607 log.cc:1062] T 16e58229a0c648eda40d4376454f2981 P c0dcf07e91a6459fb83f90f61d363e44: Deleting log segment in path: /data/somelongdirectorytoavoidrpathissues/src/kudutest/linked_list-test.LinkedListTest.TestLoadAndVerify.1578429164263051-24384/linked-list-cluster/ts-1/wal/wals/16e58229a0c648eda40d4376454f2981/wal-000000051 (ops 296009-301926)
I0107 12:44:55.013530 24607 log.cc:1062] T 16e58229a0c648eda40d4376454f2981 P c0dcf07e91a6459fb83f90f61d363e44: Deleting log segment in path: /data/somelongdirectorytoavoidrpathissues/src/kudutest/linked_list-test.LinkedListTest.TestLoadAndVerify.1578429164263051-24384/linked-list-cluster/ts-1/wal/wals/16e58229a0c648eda40d4376454f2981/wal-000000052 (ops 301927-307855)
I0107 12:44:55.037043 24607 maintenance_manager.cc:527] P c0dcf07e91a6459fb83f90f61d363e44: LogGCOp(16e58229a0c648eda40d4376454f2981) complete. Timing: real 0.024s user 0.001s sys 0.022s Metrics: {}
I0107 12:44:55.037169 24713 maintenance_manager.cc:326] P c0dcf07e91a6459fb83f90f61d363e44: Scheduling UndoDeltaBlockGCOp(16e58229a0c648eda40d4376454f2981): 177722970 bytes on disk
I0107 12:44:55.416267 24607 maintenance_manager.cc:527] P c0dcf07e91a6459fb83f90f61d363e44: UndoDeltaBlockGCOp(16e58229a0c648eda40d4376454f2981) complete. Timing: real 0.379s user 0.001s sys 0.000s Metrics: {"cfile_init":5,"lbm_read_time_us":378738,"lbm_reads_1-10_ms":2,"lbm_reads_10-100_ms":9,"lbm_reads_lt_1ms":9}
I0107 12:44:55.416421 24713 maintenance_manager.cc:326] P c0dcf07e91a6459fb83f90f61d363e44: Scheduling CompactRowSetsOp(16e58229a0c648eda40d4376454f2981): perf score=0.300130
I0107 12:44:56.263011 29033 rpcz_store.cc:269] Call kudu.tserver.TabletServerService.Write from 127.23.208.3:43359 (ReqId={client: 38ca74434bcb40b7a65933bd12dc4ffd, seq_no=985549, attempt_no=0}) took 1932ms. Request Metrics: {"child_traces":[["txn",{"apply.queue_time_us":31,"cfile_cache_hit":1477,"cfile_cache_hit_bytes":6266737,"cfile_cache_miss":3574,"cfile_cache_miss_bytes":14816033,"lbm_read_time_us":1825940,"lbm_reads_1-10_ms":51,"lbm_reads_10-100_ms":41,"lbm_reads_gt_100_ms":3,"lbm_reads_lt_1ms":3479,"num_ops":10703,"prepare.queue_time_us":11,"prepare.run_cpu_time_us":11610,"prepare.run_wall_time_us":48721,"raft.queue_time_us":80,"raft.run_cpu_time_us":80,"raft.run_wall_time_us":79,"replication_time_us":2004,"spinlock_wait_cycles":768}]]}
W0107 12:44:58.638201 29126 lock_manager.cc:368] Waited 1 seconds to obtain row lock on key \xf95\x1b\xcb\xb3\xe4\x00\x00 cur holder: 0x7d6f180
W0107 12:44:59.638387 29126 lock_manager.cc:368] Waited 2 seconds to obtain row lock on key \xf95\x1b\xcb\xb3\xe4\x00\x00 cur holder: 0x7d6f180
I0107 12:45:00.191262 29017 rpcz_store.cc:269] Call kudu.tserver.TabletServerService.Write from 127.23.208.2:33061 (ReqId={client: 38ca74434bcb40b7a65933bd12dc4ffd, seq_no=986219, attempt_no=0}) took 3087ms. Request Metrics: {"child_traces":[["txn",{"apply.queue_time_us":3085874,"cfile_cache_hit":10,"cfile_cache_hit_bytes":52743,"num_ops":8,"prepare.queue_time_us":18,"prepare.run_cpu_time_us":43,"prepare.run_wall_time_us":43,"replication_time_us":1117,"thread_start_us":36,"threads_started":1,"wal-append.queue_time_us":55}]]}
I0107 12:45:02.154489 29096 rpcz_store.cc:269] Call kudu.tserver.TabletServerService.Write from 127.23.208.2:33061 (ReqId={client: 38ca74434bcb40b7a65933bd12dc4ffd, seq_no=986223, attempt_no=0}) took 1962ms. Request Metrics: {"child_traces":[["txn",{"apply.queue_time_us":1961550,"cfile_cache_hit":8,"cfile_cache_hit_bytes":44681,"num_ops":7,"prepare.queue_time_us":51,"prepare.run_cpu_time_us":104,"prepare.run_wall_time_us":406,"raft.queue_time_us":31,"raft.run_cpu_time_us":64,"raft.run_wall_time_us":72,"replication_time_us":845,"spinlock_wait_cycles":67584,"thread_start_us":23,"threads_started":1}]]}
I0107 12:45:02.166023 29095 rpcz_store.cc:269] Call kudu.tserver.TabletServerService.Write from 127.23.208.2:33061 (ReqId={client: 38ca74434bcb40b7a65933bd12dc4ffd, seq_no=986221, attempt_no=0}) took 4533ms. Request Metrics: {"child_traces":[["txn",{"apply.queue_time_us":4519604,"cfile_cache_hit":1015,"cfile_cache_hit_bytes":4320135,"num_ops":1771,"prepare.queue_time_us":53,"prepare.run_cpu_time_us":1841,"prepare.run_wall_time_us":2136,"raft.queue_time_us":25,"raft.run_cpu_time_us":78,"raft.run_wall_time_us":85,"replication_time_us":604,"spinlock_wait_cycles":671488,"thread_start_us":30,"threads_started":1}]]}
I0107 12:45:14.466717 24901 thread.cc:387] Could not get per-thread statistics: Not found: /proc/self/task/29257/stat: No such file or directory (error 2)
I0107 12:45:18.559594 24731 maintenance_manager.cc:527] P 76f8bc397d684ec2b99494eb2fee53c4: CompactRowSetsOp(16e58229a0c648eda40d4376454f2981) complete. Timing: real 24.507s user 4.577s sys 0.445s Metrics: {"bytes_written":67455899,"cfile_cache_hit":95,"cfile_cache_hit_bytes":12048177,"cfile_cache_miss":8921,"cfile_cache_miss_bytes":266201855,"cfile_init":9,"delta_iterators_relevant":4,"dirs.queue_time_us":11692,"dirs.run_cpu_time_us":195,"dirs.run_wall_time_us":241755,"drs_written":2,"lbm_read_time_us":10760249,"lbm_reads_1-10_ms":146,"lbm_reads_10-100_ms":190,"lbm_reads_gt_100_ms":16,"lbm_reads_lt_1ms":8605,"lbm_write_time_us":1300988,"lbm_writes_1-10_ms":74,"lbm_writes_10-100_ms":22,"lbm_writes_gt_100_ms":1,"lbm_writes_lt_1ms":6682,"num_input_rowsets":2,"rows_written":3828789,"spinlock_wait_cycles":32216704,"thread_start_us":136,"threads_started":2}
I0107 12:45:18.560184 24837 maintenance_manager.cc:326] P 76f8bc397d684ec2b99494eb2fee53c4: Scheduling UndoDeltaBlockGCOp(16e58229a0c648eda40d4376454f2981): 218548916 bytes on disk
I0107 12:45:18.792212 24731 maintenance_manager.cc:527] P 76f8bc397d684ec2b99494eb2fee53c4: UndoDeltaBlockGCOp(16e58229a0c648eda40d4376454f2981) complete. Timing: real 0.231s user 0.000s sys 0.001s Metrics: {"cfile_init":6,"lbm_read_time_us":231085,"lbm_reads_1-10_ms":1,"lbm_reads_10-100_ms":12,"lbm_reads_lt_1ms":11}
I0107 12:45:18.792340 24837 maintenance_manager.cc:326] P 76f8bc397d684ec2b99494eb2fee53c4: Scheduling FlushMRSOp(77e67457a0334f92a22f52fe739203dd): perf score=0.039839
I0107 12:45:20.852308 24731 maintenance_manager.cc:527] P 76f8bc397d684ec2b99494eb2fee53c4: FlushMRSOp(77e67457a0334f92a22f52fe739203dd) complete. Timing: real 2.060s user 0.620s sys 0.040s Metrics: {"bytes_written":8046044,"cfile_init":1,"delete_count":0,"dirs.queue_time_us":106,"dirs.run_cpu_time_us":99,"dirs.run_wall_time_us":43385,"drs_written":1,"lbm_read_time_us":8,"lbm_reads_lt_1ms":4,"lbm_write_time_us":701684,"lbm_writes_1-10_ms":16,"lbm_writes_10-100_ms":18,"lbm_writes_gt_100_ms":1,"lbm_writes_lt_1ms":788,"reinsert_count":0,"rows_written":455172,"thread_start_us":74,"threads_started":1,"update_count":2415}
I0107 12:45:20.852504 24837 maintenance_manager.cc:326] P 76f8bc397d684ec2b99494eb2fee53c4: Scheduling LogGCOp(77e67457a0334f92a22f52fe739203dd): free 33593579 bytes of WAL
I0107 12:45:20.852931 24731 log_reader.cc:379] T 77e67457a0334f92a22f52fe739203dd: removed 4 log segments from log reader
I0107 12:45:20.853667 24731 log.cc:1062] T 77e67457a0334f92a22f52fe739203dd P 76f8bc397d684ec2b99494eb2fee53c4: Deleting log segment in path: /data/somelongdirectorytoavoidrpathissues/src/kudutest/linked_list-test.LinkedListTest.TestLoadAndVerify.1578429164263051-24384/linked-list-cluster/ts-2/wal/wals/77e67457a0334f92a22f52fe739203dd/wal-000000023 (ops 273505-285888)
I0107 12:45:20.853775 24731 log.cc:1062] T 77e67457a0334f92a22f52fe739203dd P 76f8bc397d684ec2b99494eb2fee53c4: Deleting log segment in path: /data/somelongdirectorytoavoidrpathissues/src/kudutest/linked_list-test.LinkedListTest.TestLoadAndVerify.1578429164263051-24384/linked-list-cluster/ts-2/wal/wals/77e67457a0334f92a22f52fe739203dd/wal-000000024 (ops 285889-298291)
I0107 12:45:20.853839 24731 log.cc:1062] T 77e67457a0334f92a22f52fe739203dd P 76f8bc397d684ec2b99494eb2fee53c4: Deleting log segment in path: /data/somelongdirectorytoavoidrpathissues/src/kudutest/linked_list-test.LinkedListTest.TestLoadAndVerify.1578429164263051-24384/linked-list-cluster/ts-2/wal/wals/77e67457a0334f92a22f52fe739203dd/wal-000000025 (ops 298292-310721)
I0107 12:45:20.853899 24731 log.cc:1062] T 77e67457a0334f92a22f52fe739203dd P 76f8bc397d684ec2b99494eb2fee53c4: Deleting log segment in path: /data/somelongdirectorytoavoidrpathissues/src/kudutest/linked_list-test.LinkedListTest.TestLoadAndVerify.1578429164263051-24384/linked-list-cluster/ts-2/wal/wals/77e67457a0334f92a22f52fe739203dd/wal-000000026 (ops 310722-323163)
I0107 12:45:20.872490 24731 maintenance_manager.cc:527] P 76f8bc397d684ec2b99494eb2fee53c4: LogGCOp(77e67457a0334f92a22f52fe739203dd) complete. Timing: real 0.020s user 0.000s sys 0.011s Metrics: {}
I0107 12:45:20.872632 24837 maintenance_manager.cc:326] P 76f8bc397d684ec2b99494eb2fee53c4: Scheduling UndoDeltaBlockGCOp(77e67457a0334f92a22f52fe739203dd): 9034658 bytes on disk
I0107 12:45:20.873800 24731 maintenance_manager.cc:527] P 76f8bc397d684ec2b99494eb2fee53c4: UndoDeltaBlockGCOp(77e67457a0334f92a22f52fe739203dd) complete. Timing: real 0.001s user 0.000s sys 0.000s Metrics: {"cfile_init":1,"lbm_read_time_us":370,"lbm_reads_lt_1ms":4}
I0107 12:45:20.873889 24837 maintenance_manager.cc:326] P 76f8bc397d684ec2b99494eb2fee53c4: Scheduling CompactRowSetsOp(77e67457a0334f92a22f52fe739203dd): perf score=1.005823 ------------------------------------------------------------ Histogram for latency of insert operations (microseconds) Note: each insert is a batch of 50 rows. ------------------------------------------------------------ Count: 340000 Mean: 2065.71 Percentiles: 0% (min) = 778 25% = 1436 50% (med) = 1621 75% = 1875 95% = 2632 99% = 8872 99.9% = 51712 99.99% = 266496 100% (max) = 3087444 *NOTE: some values were greater than highest trackable value
I0107 12:45:22.950517 24384 linked_list-test-util.h:519] Written 17000000 rows in chain
I0107 12:45:32.996150 24482 maintenance_manager.cc:527] P 914675d8717742d1ae5929637e95acb2: CompactRowSetsOp(16e58229a0c648eda40d4376454f2981) complete. Timing: real 52.197s user 9.867s sys 1.012s Metrics: {"bytes_written":144619517,"cfile_cache_hit":163,"cfile_cache_hit_bytes":19737296,"cfile_cache_miss":19179,"cfile_cache_miss_bytes":578677482,"cfile_init":24,"delta_iterators_relevant":10,"dirs.queue_time_us":4054,"dirs.run_cpu_time_us":629,"dirs.run_wall_time_us":440966,"drs_written":5,"lbm_read_time_us":18300766,"lbm_reads_1-10_ms":368,"lbm_reads_10-100_ms":357,"lbm_reads_gt_100_ms":30,"lbm_reads_lt_1ms":18520,"lbm_write_time_us":1738077,"lbm_writes_1-10_ms":257,"lbm_writes_10-100_ms":13,"lbm_writes_gt_100_ms":1,"lbm_writes_lt_1ms":14281,"num_input_rowsets":5,"rows_written":8208786,"spinlock_wait_cycles":194168960,"thread_start_us":245,"threads_started":5}
I0107 12:45:32.996366 24588 maintenance_manager.cc:326] P 914675d8717742d1ae5929637e95acb2: Scheduling UndoDeltaBlockGCOp(16e58229a0c648eda40d4376454f2981): 216556091 bytes on disk
I0107 12:45:33.003661 24482 maintenance_manager.cc:527] P 914675d8717742d1ae5929637e95acb2: UndoDeltaBlockGCOp(16e58229a0c648eda40d4376454f2981) complete. Timing: real 0.007s user 0.000s sys 0.000s Metrics: {"cfile_init":6,"lbm_read_time_us":7133,"lbm_reads_1-10_ms":2,"lbm_reads_lt_1ms":22}
I0107 12:45:33.003768 24588 maintenance_manager.cc:326] P 914675d8717742d1ae5929637e95acb2: Scheduling FlushMRSOp(77e67457a0334f92a22f52fe739203dd): perf score=0.042913
W0107 12:45:35.677531 29400 lock_manager.cc:368] Waited 1 seconds to obtain row lock on key \xcf\x89\x07\xe2\xdb\xb4\x00\x07 cur holder: 0x508ee00
I0107 12:45:35.794066 29329 rpcz_store.cc:269] Call kudu.tserver.TabletServerService.Write from 127.23.208.1:34177 (ReqId={client: 38ca74434bcb40b7a65933bd12dc4ffd, seq_no=1020319, attempt_no=0}) took 2006ms. Request Metrics: {"child_traces":[["txn",{"apply.queue_time_us":2004578,"cfile_cache_hit":9,"cfile_cache_hit_bytes":48208,"num_ops":7,"prepare.queue_time_us":33,"prepare.run_cpu_time_us":67,"prepare.run_wall_time_us":67,"raft.queue_time_us":1580,"raft.run_cpu_time_us":20,"raft.run_wall_time_us":20,"replication_time_us":1881,"thread_start_us":40,"threads_started":1}]]}
I0107 12:45:35.822204 29372 rpcz_store.cc:269] Call kudu.tserver.TabletServerService.Write from 127.23.208.1:34177 (ReqId={client: 38ca74434bcb40b7a65933bd12dc4ffd, seq_no=1020321, attempt_no=0}) took 1146ms. Request Metrics: {"child_traces":[["txn",{"apply.queue_time_us":1141698,"cfile_cache_hit":422,"cfile_cache_hit_bytes":1743986,"num_ops":481,"prepare.queue_time_us":67,"prepare.run_cpu_time_us":664,"prepare.run_wall_time_us":714,"raft.queue_time_us":89,"raft.run_cpu_time_us":49,"raft.run_wall_time_us":50,"replication_time_us":1665,"spinlock_wait_cycles":1408,"thread_start_us":58,"threads_started":2}]]}
I0107 12:45:36.850136 24731 maintenance_manager.cc:527] P 76f8bc397d684ec2b99494eb2fee53c4: CompactRowSetsOp(77e67457a0334f92a22f52fe739203dd) complete. Timing: real 15.976s user 3.407s sys 0.337s Metrics: {"bytes_written":49728838,"cfile_cache_hit":113,"cfile_cache_hit_bytes":14354418,"cfile_cache_miss":6549,"cfile_cache_miss_bytes":190341904,"cfile_init":12,"delta_iterators_relevant":8,"dirs.queue_time_us":155,"dirs.run_cpu_time_us":281,"dirs.run_wall_time_us":148634,"drs_written":2,"lbm_read_time_us":6076845,"lbm_reads_1-10_ms":84,"lbm_reads_10-100_ms":111,"lbm_reads_gt_100_ms":12,"lbm_reads_lt_1ms":6390,"lbm_write_time_us":573765,"lbm_writes_1-10_ms":88,"lbm_writes_10-100_ms":5,"lbm_writes_lt_1ms":4920,"num_input_rowsets":3,"rows_written":2825168,"spinlock_wait_cycles":21298176,"thread_start_us":425,"threads_started":10}
I0107 12:45:36.850318 24837 maintenance_manager.cc:326] P 76f8bc397d684ec2b99494eb2fee53c4: Scheduling FlushMRSOp(30019a15e66f4115b11a50dbcaf93a87): perf score=0.040037
I0107 12:45:37.270110 24482 maintenance_manager.cc:527] P 914675d8717742d1ae5929637e95acb2: FlushMRSOp(77e67457a0334f92a22f52fe739203dd) complete. Timing: real 4.266s user 0.648s sys 0.051s Metrics: {"bytes_written":8615400,"cfile_init":1,"delete_count":0,"dirs.queue_time_us":128,"dirs.run_cpu_time_us":71,"dirs.run_wall_time_us":72,"drs_written":1,"lbm_read_time_us":5,"lbm_reads_lt_1ms":4,"lbm_write_time_us":2741018,"lbm_writes_1-10_ms":32,"lbm_writes_10-100_ms":57,"lbm_writes_gt_100_ms":3,"lbm_writes_lt_1ms":789,"reinsert_count":0,"rows_written":488439,"thread_start_us":76,"threads_started":1,"update_count":1773}
I0107 12:45:37.270226 24588 maintenance_manager.cc:326] P 914675d8717742d1ae5929637e95acb2: Scheduling LogGCOp(77e67457a0334f92a22f52fe739203dd): free 41980686 bytes of WAL
I0107 12:45:37.270296 24482 log_reader.cc:379] T 77e67457a0334f92a22f52fe739203dd: removed 5 log segments from log reader
I0107 12:45:37.270310 24482 log.cc:1062] T 77e67457a0334f92a22f52fe739203dd P 914675d8717742d1ae5929637e95acb2: Deleting log segment in path: /data/somelongdirectorytoavoidrpathissues/src/kudutest/linked_list-test.LinkedListTest.TestLoadAndVerify.1578429164263051-24384/linked-list-cluster/ts-0/wal/wals/77e67457a0334f92a22f52fe739203dd/wal-000000023 (ops 272893-285290)
I0107 12:45:37.270349 24482 log.cc:1062] T 77e67457a0334f92a22f52fe739203dd P 914675d8717742d1ae5929637e95acb2: Deleting log segment in path: /data/somelongdirectorytoavoidrpathissues/src/kudutest/linked_list-test.LinkedListTest.TestLoadAndVerify.1578429164263051-24384/linked-list-cluster/ts-0/wal/wals/77e67457a0334f92a22f52fe739203dd/wal-000000024 (ops 285291-297703)
I0107 12:45:37.270382 24482 log.cc:1062] T 77e67457a0334f92a22f52fe739203dd P 914675d8717742d1ae5929637e95acb2: Deleting log segment in path: /data/somelongdirectorytoavoidrpathissues/src/kudutest/linked_list-test.LinkedListTest.TestLoadAndVerify.1578429164263051-24384/linked-list-cluster/ts-0/wal/wals/77e67457a0334f92a22f52fe739203dd/wal-000000025 (ops 297704-310109)
I0107 12:45:37.270428 24482 log.cc:1062] T 77e67457a0334f92a22f52fe739203dd P 914675d8717742d1ae5929637e95acb2: Deleting log segment in path: /data/somelongdirectorytoavoidrpathissues/src/kudutest/linked_list-test.LinkedListTest.TestLoadAndVerify.1578429164263051-24384/linked-list-cluster/ts-0/wal/wals/77e67457a0334f92a22f52fe739203dd/wal-000000026 (ops 310110-322565)
I0107 12:45:37.270457 24482 log.cc:1062] T 77e67457a0334f92a22f52fe739203dd P 914675d8717742d1ae5929637e95acb2: Deleting log segment in path: /data/somelongdirectorytoavoidrpathissues/src/kudutest/linked_list-test.LinkedListTest.TestLoadAndVerify.1578429164263051-24384/linked-list-cluster/ts-0/wal/wals/77e67457a0334f92a22f52fe739203dd/wal-000000027 (ops 322566-334944)
I0107 12:45:37.280375 24482 maintenance_manager.cc:527] P 914675d8717742d1ae5929637e95acb2: LogGCOp(77e67457a0334f92a22f52fe739203dd) complete. Timing: real 0.010s user 0.000s sys 0.009s Metrics: {}
I0107 12:45:37.280503 24588 maintenance_manager.cc:326] P 914675d8717742d1ae5929637e95acb2: Scheduling UndoDeltaBlockGCOp(77e67457a0334f92a22f52fe739203dd): 9719587 bytes on disk
I0107 12:45:37.323268 24482 maintenance_manager.cc:527] P 914675d8717742d1ae5929637e95acb2: UndoDeltaBlockGCOp(77e67457a0334f92a22f52fe739203dd) complete. Timing: real 0.043s user 0.000s sys 0.000s Metrics: {"cfile_init":1,"lbm_read_time_us":42652,"lbm_reads_10-100_ms":1,"lbm_reads_lt_1ms":3}
I0107 12:45:37.323355 24588 maintenance_manager.cc:326] P 914675d8717742d1ae5929637e95acb2: Scheduling CompactRowSetsOp(77e67457a0334f92a22f52fe739203dd): perf score=1.005384
I0107 12:45:40.102910 24731 maintenance_manager.cc:527] P 76f8bc397d684ec2b99494eb2fee53c4: FlushMRSOp(30019a15e66f4115b11a50dbcaf93a87) complete. Timing: real 3.252s user 0.648s sys 0.050s Metrics: {"bytes_written":7911683,"cfile_init":1,"delete_count":0,"dirs.queue_time_us":6831,"dirs.run_cpu_time_us":53,"dirs.run_wall_time_us":52,"drs_written":1,"lbm_read_time_us":8,"lbm_reads_lt_1ms":4,"lbm_write_time_us":1146465,"lbm_writes_1-10_ms":46,"lbm_writes_10-100_ms":23,"lbm_writes_gt_100_ms":3,"lbm_writes_lt_1ms":741,"reinsert_count":0,"rows_written":449125,"thread_start_us":43,"threads_started":1,"update_count":26}
I0107 12:45:40.103029 24837 maintenance_manager.cc:326] P 76f8bc397d684ec2b99494eb2fee53c4: Scheduling LogGCOp(30019a15e66f4115b11a50dbcaf93a87): free 41971288 bytes of WAL
I0107 12:45:40.103091 24731 log_reader.cc:379] T 30019a15e66f4115b11a50dbcaf93a87: removed 5 log segments from log reader
I0107 12:45:40.103107 24731 log.cc:1062] T 30019a15e66f4115b11a50dbcaf93a87 P 76f8bc397d684ec2b99494eb2fee53c4: Deleting log segment in path: /data/somelongdirectorytoavoidrpathissues/src/kudutest/linked_list-test.LinkedListTest.TestLoadAndVerify.1578429164263051-24384/linked-list-cluster/ts-2/wal/wals/30019a15e66f4115b11a50dbcaf93a87/wal-000000023 (ops 273707-286129)
I0107 12:45:40.103153 24731 log.cc:1062] T 30019a15e66f4115b11a50dbcaf93a87 P 76f8bc397d684ec2b99494eb2fee53c4: Deleting log segment in path: /data/somelongdirectorytoavoidrpathissues/src/kudutest/linked_list-test.LinkedListTest.TestLoadAndVerify.1578429164263051-24384/linked-list-cluster/ts-2/wal/wals/30019a15e66f4115b11a50dbcaf93a87/wal-000000024 (ops 286130-298580)
I0107 12:45:40.103179 24731 log.cc:1062] T 30019a15e66f4115b11a50dbcaf93a87 P 76f8bc397d684ec2b99494eb2fee53c4: Deleting log segment in path: /data/somelongdirectorytoavoidrpathissues/src/kudutest/linked_list-test.LinkedListTest.TestLoadAndVerify.1578429164263051-24384/linked-list-cluster/ts-2/wal/wals/30019a15e66f4115b11a50dbcaf93a87/wal-000000025 (ops 298581-311053)
I0107 12:45:40.103204 24731 log.cc:1062] T 30019a15e66f4115b11a50dbcaf93a87 P 76f8bc397d684ec2b99494eb2fee53c4: Deleting log segment in path: /data/somelongdirectorytoavoidrpathissues/src/kudutest/linked_list-test.LinkedListTest.TestLoadAndVerify.1578429164263051-24384/linked-list-cluster/ts-2/wal/wals/30019a15e66f4115b11a50dbcaf93a87/wal-000000026 (ops 311054-323461)
I0107 12:45:40.103221 24731 log.cc:1062] T 30019a15e66f4115b11a50dbcaf93a87 P 76f8bc397d684ec2b99494eb2fee53c4: Deleting log segment in path: /data/somelongdirectorytoavoidrpathissues/src/kudutest/linked_list-test.LinkedListTest.TestLoadAndVerify.1578429164263051-24384/linked-list-cluster/ts-2/wal/wals/30019a15e66f4115b11a50dbcaf93a87/wal-000000027 (ops 323462-335924)
I0107 12:45:40.113565 24731 maintenance_manager.cc:527] P 76f8bc397d684ec2b99494eb2fee53c4: LogGCOp(30019a15e66f4115b11a50dbcaf93a87) complete. Timing: real 0.010s user 0.000s sys 0.011s Metrics: {}
I0107 12:45:40.113682 24837 maintenance_manager.cc:326] P 76f8bc397d684ec2b99494eb2fee53c4: Scheduling CompactRowSetsOp(30019a15e66f4115b11a50dbcaf93a87): perf score=1.005358 ------------------------------------------------------------ Histogram for latency of insert operations (microseconds) Note: each insert is a batch of 50 rows. ------------------------------------------------------------ Count: 350000 Mean: 2081.27 Percentiles: 0% (min) = 778 25% = 1438 50% (med) = 1624 75% = 1880 95% = 2644 99% = 8984 99.9% = 52224 99.99% = 288768 100% (max) = 3087444 *NOTE: some values were greater than highest trackable value
I0107 12:45:50.264905 24384 linked_list-test-util.h:519] Written 17500000 rows in chain
W0107 12:45:50.565503 24607 tablet_replica.cc:929] Time spent Committing in-flights took a long time.: real 0.234s user 0.000s sys 0.000s
I0107 12:45:50.566644 24607 maintenance_manager.cc:527] P c0dcf07e91a6459fb83f90f61d363e44: CompactRowSetsOp(16e58229a0c648eda40d4376454f2981) complete. Timing: real 55.150s user 10.416s sys 1.161s Metrics: {"bytes_written":146533740,"cfile_cache_hit":172,"cfile_cache_hit_bytes":20762133,"cfile_cache_miss":19426,"cfile_cache_miss_bytes":585863031,"cfile_init":20,"delta_iterators_relevant":10,"dirs.queue_time_us":14832,"dirs.run_cpu_time_us":720,"dirs.run_wall_time_us":440541,"drs_written":5,"lbm_read_time_us":16941086,"lbm_reads_1-10_ms":362,"lbm_reads_10-100_ms":328,"lbm_reads_gt_100_ms":30,"lbm_reads_lt_1ms":18786,"lbm_write_time_us":4960518,"lbm_writes_1-10_ms":235,"lbm_writes_10-100_ms":98,"lbm_writes_gt_100_ms":1,"lbm_writes_lt_1ms":14410,"num_input_rowsets":5,"rows_written":8318314,"spinlock_wait_cycles":211096192,"thread_start_us":207,"threads_started":5}
I0107 12:45:50.567013 24713 maintenance_manager.cc:326] P c0dcf07e91a6459fb83f90f61d363e44: Scheduling UndoDeltaBlockGCOp(16e58229a0c648eda40d4376454f2981): 177741647 bytes on disk
I0107 12:45:50.567487 24607 maintenance_manager.cc:527] P c0dcf07e91a6459fb83f90f61d363e44: UndoDeltaBlockGCOp(16e58229a0c648eda40d4376454f2981) complete. Timing: real 0.000s user 0.000s sys 0.000s Metrics: {"cfile_init":5,"lbm_read_time_us":30,"lbm_reads_lt_1ms":20}
I0107 12:45:50.567539 24713 maintenance_manager.cc:326] P c0dcf07e91a6459fb83f90f61d363e44: Scheduling FlushMRSOp(77e67457a0334f92a22f52fe739203dd): perf score=0.047646
I0107 12:45:53.384737 29430 rpcz_store.cc:269] Call kudu.tserver.TabletServerService.Write from 127.23.208.2:33061 (ReqId={client: 38ca74434bcb40b7a65933bd12dc4ffd, seq_no=1037957, attempt_no=0}) took 1915ms. Request Metrics: {"child_traces":[["txn",{"apply.queue_time_us":1911541,"cfile_cache_hit":11,"cfile_cache_hit_bytes":56849,"num_ops":9,"prepare.queue_time_us":54,"prepare.run_cpu_time_us":54,"prepare.run_wall_time_us":54,"raft.queue_time_us":236,"raft.run_cpu_time_us":23,"raft.run_wall_time_us":23,"replication_time_us":3914,"thread_start_us":32,"threads_started":1}]]}
I0107 12:45:53.393362 29430 rpcz_store.cc:269] Call kudu.tserver.TabletServerService.Write from 127.23.208.2:33061 (ReqId={client: 38ca74434bcb40b7a65933bd12dc4ffd, seq_no=1037959, attempt_no=0}) took 1069ms. Request Metrics: {"child_traces":[["txn",{"apply.queue_time_us":1057342,"cfile_cache_hit":365,"cfile_cache_hit_bytes":1510373,"num_ops":418,"prepare.queue_time_us":51,"prepare.run_cpu_time_us":638,"prepare.run_wall_time_us":793,"raft.queue_time_us":45,"raft.run_cpu_time_us":68,"raft.run_wall_time_us":74,"replication_time_us":5289,"spinlock_wait_cycles":68224,"thread_start_us":30,"threads_started":1}]]}
I0107 12:45:54.128039 24482 maintenance_manager.cc:527] P 914675d8717742d1ae5929637e95acb2: CompactRowSetsOp(77e67457a0334f92a22f52fe739203dd) complete. Timing: real 16.804s user 3.581s sys 0.384s Metrics: {"bytes_written":50479387,"cfile_cache_hit":125,"cfile_cache_hit_bytes":16081138,"cfile_cache_miss":6635,"cfile_cache_miss_bytes":191703256,"cfile_init":12,"delta_iterators_relevant":8,"dirs.queue_time_us":2332,"dirs.run_cpu_time_us":254,"dirs.run_wall_time_us":148752,"drs_written":2,"lbm_read_time_us":4776888,"lbm_reads_1-10_ms":103,"lbm_reads_10-100_ms":93,"lbm_reads_gt_100_ms":7,"lbm_reads_lt_1ms":6480,"lbm_write_time_us":623161,"lbm_writes_1-10_ms":115,"lbm_writes_10-100_ms":4,"lbm_writes_gt_100_ms":1,"lbm_writes_lt_1ms":4967,"num_input_rowsets":3,"rows_written":2868138,"spinlock_wait_cycles":18627328,"thread_start_us":1461,"threads_started":10}
I0107 12:45:54.128203 24588 maintenance_manager.cc:326] P 914675d8717742d1ae5929637e95acb2: Scheduling UndoDeltaBlockGCOp(77e67457a0334f92a22f52fe739203dd): 61527004 bytes on disk
I0107 12:45:54.128324 24482 maintenance_manager.cc:527] P 914675d8717742d1ae5929637e95acb2: UndoDeltaBlockGCOp(77e67457a0334f92a22f52fe739203dd) complete. Timing: real 0.000s user 0.000s sys 0.000s Metrics: {"cfile_init":2,"lbm_read_time_us":16,"lbm_reads_lt_1ms":8}
I0107 12:45:54.128409 24588 maintenance_manager.cc:326] P 914675d8717742d1ae5929637e95acb2: Scheduling FlushMRSOp(30019a15e66f4115b11a50dbcaf93a87): perf score=0.044565
I0107 12:45:54.734525 24607 maintenance_manager.cc:527] P c0dcf07e91a6459fb83f90f61d363e44: FlushMRSOp(77e67457a0334f92a22f52fe739203dd) complete. Timing: real 4.167s user 0.679s sys 0.038s Metrics: {"bytes_written":9438757,"cfile_init":1,"delete_count":0,"dirs.queue_time_us":73,"dirs.run_cpu_time_us":54,"dirs.run_wall_time_us":55,"drs_written":1,"lbm_read_time_us":9,"lbm_reads_lt_1ms":4,"lbm_write_time_us":2695780,"lbm_writes_1-10_ms":33,"lbm_writes_10-100_ms":45,"lbm_writes_gt_100_ms":4,"lbm_writes_lt_1ms":884,"reinsert_count":0,"rows_written":535448,"thread_start_us":29,"threads_started":1,"update_count":2364}
I0107 12:45:54.734638 24713 maintenance_manager.cc:326] P c0dcf07e91a6459fb83f90f61d363e44: Scheduling LogGCOp(77e67457a0334f92a22f52fe739203dd): free 41986217 bytes of WAL
I0107 12:45:54.734686 24607 log_reader.cc:379] T 77e67457a0334f92a22f52fe739203dd: removed 5 log segments from log reader
I0107 12:45:54.734699 24607 log.cc:1062] T 77e67457a0334f92a22f52fe739203dd P c0dcf07e91a6459fb83f90f61d363e44: Deleting log segment in path: /data/somelongdirectorytoavoidrpathissues/src/kudutest/linked_list-test.LinkedListTest.TestLoadAndVerify.1578429164263051-24384/linked-list-cluster/ts-1/wal/wals/77e67457a0334f92a22f52fe739203dd/wal-000000023 (ops 272893-285290)
I0107 12:45:54.734728 24607 log.cc:1062] T 77e67457a0334f92a22f52fe739203dd P c0dcf07e91a6459fb83f90f61d363e44: Deleting log segment in path: /data/somelongdirectorytoavoidrpathissues/src/kudutest/linked_list-test.LinkedListTest.TestLoadAndVerify.1578429164263051-24384/linked-list-cluster/ts-1/wal/wals/77e67457a0334f92a22f52fe739203dd/wal-000000024 (ops 285291-297703)
I0107 12:45:54.734750 24607 log.cc:1062] T 77e67457a0334f92a22f52fe739203dd P c0dcf07e91a6459fb83f90f61d363e44: Deleting log segment in path: /data/somelongdirectorytoavoidrpathissues/src/kudutest/linked_list-test.LinkedListTest.TestLoadAndVerify.1578429164263051-24384/linked-list-cluster/ts-1/wal/wals/77e67457a0334f92a22f52fe739203dd/wal-000000025 (ops 297704-310128)
I0107 12:45:54.734771 24607 log.cc:1062] T 77e67457a0334f92a22f52fe739203dd P c0dcf07e91a6459fb83f90f61d363e44: Deleting log segment in path: /data/somelongdirectorytoavoidrpathissues/src/kudutest/linked_list-test.LinkedListTest.TestLoadAndVerify.1578429164263051-24384/linked-list-cluster/ts-1/wal/wals/77e67457a0334f92a22f52fe739203dd/wal-000000026 (ops 310129-322594)
I0107 12:45:54.734789 24607 log.cc:1062] T 77e67457a0334f92a22f52fe739203dd P c0dcf07e91a6459fb83f90f61d363e44: Deleting log segment in path: /data/somelongdirectorytoavoidrpathissues/src/kudutest/linked_list-test.LinkedListTest.TestLoadAndVerify.1578429164263051-24384/linked-list-cluster/ts-1/wal/wals/77e67457a0334f92a22f52fe739203dd/wal-000000027 (ops 322595-334983)
I0107 12:45:54.744735 24607 maintenance_manager.cc:527] P c0dcf07e91a6459fb83f90f61d363e44: LogGCOp(77e67457a0334f92a22f52fe739203dd) complete. Timing: real 0.010s user 0.000s sys 0.010s Metrics: {}
I0107 12:45:54.744827 24713 maintenance_manager.cc:326] P c0dcf07e91a6459fb83f90f61d363e44: Scheduling CompactRowSetsOp(77e67457a0334f92a22f52fe739203dd): perf score=1.004881
I0107 12:45:56.442286 24731 maintenance_manager.cc:527] P 76f8bc397d684ec2b99494eb2fee53c4: CompactRowSetsOp(30019a15e66f4115b11a50dbcaf93a87) complete. Timing: real 16.328s user 3.581s sys 0.376s Metrics: {"bytes_written":50567016,"cfile_cache_hit":87,"cfile_cache_hit_bytes":10320462,"cfile_cache_miss":6693,"cfile_cache_miss_bytes":198083808,"cfile_init":13,"delta_iterators_relevant":8,"dirs.queue_time_us":4270,"dirs.run_cpu_time_us":230,"dirs.run_wall_time_us":121195,"drs_written":2,"lbm_read_time_us":4806808,"lbm_reads_1-10_ms":101,"lbm_reads_10-100_ms":93,"lbm_reads_gt_100_ms":8,"lbm_reads_lt_1ms":6543,"lbm_write_time_us":530418,"lbm_writes_1-10_ms":79,"lbm_writes_10-100_ms":7,"lbm_writes_lt_1ms":5010,"num_input_rowsets":3,"rows_written":2873308,"spinlock_wait_cycles":9511168,"thread_start_us":1383,"threads_started":10}
I0107 12:45:56.442482 24837 maintenance_manager.cc:326] P 76f8bc397d684ec2b99494eb2fee53c4: Scheduling UndoDeltaBlockGCOp(30019a15e66f4115b11a50dbcaf93a87): 61687792 bytes on disk
I0107 12:45:56.442620 24731 maintenance_manager.cc:527] P 76f8bc397d684ec2b99494eb2fee53c4: UndoDeltaBlockGCOp(30019a15e66f4115b11a50dbcaf93a87) complete. Timing: real 0.000s user 0.000s sys 0.000s Metrics: {"cfile_init":2,"lbm_read_time_us":22,"lbm_reads_lt_1ms":8}
I0107 12:45:56.442737 24837 maintenance_manager.cc:326] P 76f8bc397d684ec2b99494eb2fee53c4: Scheduling UndoDeltaBlockGCOp(77e67457a0334f92a22f52fe739203dd): 60550528 bytes on disk
I0107 12:45:56.598345 24731 maintenance_manager.cc:527] P 76f8bc397d684ec2b99494eb2fee53c4: UndoDeltaBlockGCOp(77e67457a0334f92a22f52fe739203dd) complete. Timing: real 0.156s user 0.000s sys 0.000s Metrics: {"cfile_init":2,"lbm_read_time_us":155430,"lbm_reads_1-10_ms":2,"lbm_reads_10-100_ms":1,"lbm_reads_gt_100_ms":1,"lbm_reads_lt_1ms":4}
I0107 12:45:56.751777 24482 maintenance_manager.cc:527] P 914675d8717742d1ae5929637e95acb2: FlushMRSOp(30019a15e66f4115b11a50dbcaf93a87) complete. Timing: real 2.623s user 0.644s sys 0.057s Metrics: {"bytes_written":8715737,"cfile_init":1,"delete_count":0,"dirs.queue_time_us":96,"dirs.run_cpu_time_us":45,"dirs.run_wall_time_us":45,"drs_written":1,"lbm_read_time_us":5,"lbm_reads_lt_1ms":4,"lbm_write_time_us":1043814,"lbm_writes_1-10_ms":21,"lbm_writes_10-100_ms":11,"lbm_writes_gt_100_ms":2,"lbm_writes_lt_1ms":858,"reinsert_count":0,"rows_written":493352,"thread_start_us":63,"threads_started":1,"update_count":3227}
I0107 12:45:56.751922 24588 maintenance_manager.cc:326] P 914675d8717742d1ae5929637e95acb2: Scheduling LogGCOp(30019a15e66f4115b11a50dbcaf93a87): free 41979064 bytes of WAL
I0107 12:45:56.751997 24482 log_reader.cc:379] T 30019a15e66f4115b11a50dbcaf93a87: removed 5 log segments from log reader
I0107 12:45:56.752019 24482 log.cc:1062] T 30019a15e66f4115b11a50dbcaf93a87 P 914675d8717742d1ae5929637e95acb2: Deleting log segment in path: /data/somelongdirectorytoavoidrpathissues/src/kudutest/linked_list-test.LinkedListTest.TestLoadAndVerify.1578429164263051-24384/linked-list-cluster/ts-0/wal/wals/30019a15e66f4115b11a50dbcaf93a87/wal-000000023 (ops 273687-286116)
I0107 12:45:56.752048 24482 log.cc:1062] T 30019a15e66f4115b11a50dbcaf93a87 P 914675d8717742d1ae5929637e95acb2: Deleting log segment in path: /data/somelongdirectorytoavoidrpathissues/src/kudutest/linked_list-test.LinkedListTest.TestLoadAndVerify.1578429164263051-24384/linked-list-cluster/ts-0/wal/wals/30019a15e66f4115b11a50dbcaf93a87/wal-000000024 (ops 286117-298563)
I0107 12:45:56.752084 24482 log.cc:1062] T 30019a15e66f4115b11a50dbcaf93a87 P 914675d8717742d1ae5929637e95acb2: Deleting log segment in path: /data/somelongdirectorytoavoidrpathissues/src/kudutest/linked_list-test.LinkedListTest.TestLoadAndVerify.1578429164263051-24384/linked-list-cluster/ts-0/wal/wals/30019a15e66f4115b11a50dbcaf93a87/wal-000000025 (ops 298564-310998)
I0107 12:45:56.752121 24482 log.cc:1062] T 30019a15e66f4115b11a50dbcaf93a87 P 914675d8717742d1ae5929637e95acb2: Deleting log segment in path: /data/somelongdirectorytoavoidrpathissues/src/kudutest/linked_list-test.LinkedListTest.TestLoadAndVerify.1578429164263051-24384/linked-list-cluster/ts-0/wal/wals/30019a15e66f4115b11a50dbcaf93a87/wal-000000026 (ops 310999-323405)
I0107 12:45:56.752148 24482 log.cc:1062] T 30019a15e66f4115b11a50dbcaf93a87 P 914675d8717742d1ae5929637e95acb2: Deleting log segment in path: /data/somelongdirectorytoavoidrpathissues/src/kudutest/linked_list-test.LinkedListTest.TestLoadAndVerify.1578429164263051-24384/linked-list-cluster/ts-0/wal/wals/30019a15e66f4115b11a50dbcaf93a87/wal-000000027 (ops 323406-335833)
I0107 12:45:56.762095 24482 maintenance_manager.cc:527] P 914675d8717742d1ae5929637e95acb2: LogGCOp(30019a15e66f4115b11a50dbcaf93a87) complete. Timing: real 0.010s user 0.000s sys 0.009s Metrics: {}
I0107 12:45:56.762233 24588 maintenance_manager.cc:326] P 914675d8717742d1ae5929637e95acb2: Scheduling CompactRowSetsOp(30019a15e66f4115b11a50dbcaf93a87): perf score=1.004864
I0107 12:46:02.353327 24837 maintenance_manager.cc:326] P 76f8bc397d684ec2b99494eb2fee53c4: Scheduling FlushMRSOp(16e58229a0c648eda40d4376454f2981): perf score=0.033351
I0107 12:46:10.865164 24607 maintenance_manager.cc:527] P c0dcf07e91a6459fb83f90f61d363e44: CompactRowSetsOp(77e67457a0334f92a22f52fe739203dd) complete. Timing: real 16.120s user 3.755s sys 0.405s Metrics: {"bytes_written":51344273,"cfile_cache_hit":114,"cfile_cache_hit_bytes":14501776,"cfile_cache_miss":6766,"cfile_cache_miss_bytes":196796356,"cfile_init":13,"delta_iterators_relevant":8,"dirs.queue_time_us":21273,"dirs.run_cpu_time_us":321,"dirs.run_wall_time_us":70132,"drs_written":2,"lbm_read_time_us":3722354,"lbm_reads_1-10_ms":131,"lbm_reads_10-100_ms":78,"lbm_reads_gt_100_ms":5,"lbm_reads_lt_1ms":6604,"lbm_write_time_us":576685,"lbm_writes_1-10_ms":78,"lbm_writes_10-100_ms":7,"lbm_writes_lt_1ms":5091,"num_input_rowsets":3,"rows_written":2917756,"spinlock_wait_cycles":46715008,"thread_start_us":691,"threads_started":10}
I0107 12:46:10.865384 24713 maintenance_manager.cc:326] P c0dcf07e91a6459fb83f90f61d363e44: Scheduling UndoDeltaBlockGCOp(77e67457a0334f92a22f52fe739203dd): 62636254 bytes on disk
I0107 12:46:11.009548 24731 maintenance_manager.cc:527] P 76f8bc397d684ec2b99494eb2fee53c4: FlushMRSOp(16e58229a0c648eda40d4376454f2981) complete. Timing: real 8.656s user 2.362s sys 0.157s Metrics: {"bytes_written":27466160,"cfile_init":1,"delete_count":0,"dirs.queue_time_us":81,"dirs.run_cpu_time_us":133,"dirs.run_wall_time_us":79251,"drs_written":1,"lbm_read_time_us":8,"lbm_reads_lt_1ms":4,"lbm_write_time_us":300820,"lbm_writes_1-10_ms":45,"lbm_writes_10-100_ms":3,"lbm_writes_lt_1ms":2716,"reinsert_count":0,"rows_written":1556938,"thread_start_us":48,"threads_started":1,"update_count":264}
I0107 12:46:11.009686 24837 maintenance_manager.cc:326] P 76f8bc397d684ec2b99494eb2fee53c4: Scheduling LogGCOp(16e58229a0c648eda40d4376454f2981): free 58734893 bytes of WAL
I0107 12:46:11.009747 24731 log_reader.cc:379] T 16e58229a0c648eda40d4376454f2981: removed 7 log segments from log reader
I0107 12:46:11.009759 24731 log.cc:1062] T 16e58229a0c648eda40d4376454f2981 P 76f8bc397d684ec2b99494eb2fee53c4: Deleting log segment in path: /data/somelongdirectorytoavoidrpathissues/src/kudutest/linked_list-test.LinkedListTest.TestLoadAndVerify.1578429164263051-24384/linked-list-cluster/ts-2/wal/wals/16e58229a0c648eda40d4376454f2981/wal-000000053 (ops 307380-313275)
I0107 12:46:11.009804 24731 log.cc:1062] T 16e58229a0c648eda40d4376454f2981 P 76f8bc397d684ec2b99494eb2fee53c4: Deleting log segment in path: /data/somelongdirectorytoavoidrpathissues/src/kudutest/linked_list-test.LinkedListTest.TestLoadAndVerify.1578429164263051-24384/linked-list-cluster/ts-2/wal/wals/16e58229a0c648eda40d4376454f2981/wal-000000054 (ops 313276-319139)
I0107 12:46:11.009824 24731 log.cc:1062] T 16e58229a0c648eda40d4376454f2981 P 76f8bc397d684ec2b99494eb2fee53c4: Deleting log segment in path: /data/somelongdirectorytoavoidrpathissues/src/kudutest/linked_list-test.LinkedListTest.TestLoadAndVerify.1578429164263051-24384/linked-list-cluster/ts-2/wal/wals/16e58229a0c648eda40d4376454f2981/wal-000000055 (ops 319140-325061)
I0107 12:46:11.009861 24731 log.cc:1062] T 16e58229a0c648eda40d4376454f2981 P 76f8bc397d684ec2b99494eb2fee53c4: Deleting log segment in path: /data/somelongdirectorytoavoidrpathissues/src/kudutest/linked_list-test.LinkedListTest.TestLoadAndVerify.1578429164263051-24384/linked-list-cluster/ts-2/wal/wals/16e58229a0c648eda40d4376454f2981/wal-000000056 (ops 325062-330992)
I0107 12:46:11.009878 24731 log.cc:1062] T 16e58229a0c648eda40d4376454f2981 P 76f8bc397d684ec2b99494eb2fee53c4: Deleting log segment in path: /data/somelongdirectorytoavoidrpathissues/src/kudutest/linked_list-test.LinkedListTest.TestLoadAndVerify.1578429164263051-24384/linked-list-cluster/ts-2/wal/wals/16e58229a0c648eda40d4376454f2981/wal-000000057 (ops 330993-336860)
