I0107 12:48:15.803031 24731 maintenance_manager.cc:527] P 76f8bc397d684ec2b99494eb2fee53c4: CompactRowSetsOp(77e67457a0334f92a22f52fe739203dd) complete. Timing: real 27.812s user 3.868s sys 0.319s Metrics: {"bytes_written":57259683,"cfile_cache_hit":93,"cfile_cache_hit_bytes":11333115,"cfile_cache_miss":7591,"cfile_cache_miss_bytes":226055617,"cfile_init":11,"delta_iterators_relevant":6,"dirs.queue_time_us":721,"dirs.run_cpu_time_us":182,"dirs.run_wall_time_us":92907,"drs_written":2,"lbm_read_time_us":19863744,"lbm_reads_1-10_ms":167,"lbm_reads_10-100_ms":398,"lbm_reads_gt_100_ms":27,"lbm_reads_lt_1ms":7043,"lbm_write_time_us":2681481,"lbm_writes_1-10_ms":33,"lbm_writes_10-100_ms":54,"lbm_writes_gt_100_ms":7,"lbm_writes_lt_1ms":5681,"num_input_rowsets":3,"rows_written":3257427,"spinlock_wait_cycles":4224,"thread_start_us":668,"threads_started":11,"wal-append.queue_time_us":84}
I0107 12:48:15.803238 24837 maintenance_manager.cc:326] P 76f8bc397d684ec2b99494eb2fee53c4: Scheduling FlushMRSOp(30019a15e66f4115b11a50dbcaf93a87): perf score=0.043250
I0107 12:48:16.633422 24731 maintenance_manager.cc:527] P 76f8bc397d684ec2b99494eb2fee53c4: FlushMRSOp(30019a15e66f4115b11a50dbcaf93a87) complete. Timing: real 0.830s user 0.410s sys 0.021s Metrics: {"bytes_written":6824886,"cfile_init":1,"dirs.queue_time_us":76,"drs_written":1,"lbm_read_time_us":7,"lbm_reads_lt_1ms":4,"lbm_write_time_us":329168,"lbm_writes_1-10_ms":3,"lbm_writes_10-100_ms":8,"lbm_writes_lt_1ms":684,"rows_written":384597,"thread_start_us":63,"threads_started":2,"wal-append.queue_time_us":60}
I0107 12:48:16.633544 24837 maintenance_manager.cc:326] P 76f8bc397d684ec2b99494eb2fee53c4: Scheduling LogGCOp(30019a15e66f4115b11a50dbcaf93a87): free 25179328 bytes of WAL
I0107 12:48:16.633615 24731 log_reader.cc:379] T 30019a15e66f4115b11a50dbcaf93a87: removed 3 log segments from log reader
I0107 12:48:16.633628 24731 log.cc:1062] T 30019a15e66f4115b11a50dbcaf93a87 P 76f8bc397d684ec2b99494eb2fee53c4: Deleting log segment in path: /data/somelongdirectorytoavoidrpathissues/src/kudutest/linked_list-test.LinkedListTest.TestLoadAndVerify.1578429164263051-24384/linked-list-cluster/ts-2/wal/wals/30019a15e66f4115b11a50dbcaf93a87/wal-000000028 (ops 335925-348385)
I0107 12:48:16.633661 24731 log.cc:1062] T 30019a15e66f4115b11a50dbcaf93a87 P 76f8bc397d684ec2b99494eb2fee53c4: Deleting log segment in path: /data/somelongdirectorytoavoidrpathissues/src/kudutest/linked_list-test.LinkedListTest.TestLoadAndVerify.1578429164263051-24384/linked-list-cluster/ts-2/wal/wals/30019a15e66f4115b11a50dbcaf93a87/wal-000000029 (ops 348386-360835)
I0107 12:48:16.633682 24731 log.cc:1062] T 30019a15e66f4115b11a50dbcaf93a87 P 76f8bc397d684ec2b99494eb2fee53c4: Deleting log segment in path: /data/somelongdirectorytoavoidrpathissues/src/kudutest/linked_list-test.LinkedListTest.TestLoadAndVerify.1578429164263051-24384/linked-list-cluster/ts-2/wal/wals/30019a15e66f4115b11a50dbcaf93a87/wal-000000030 (ops 360836-373320)
I0107 12:48:16.639762 24731 maintenance_manager.cc:527] P 76f8bc397d684ec2b99494eb2fee53c4: LogGCOp(30019a15e66f4115b11a50dbcaf93a87) complete. Timing: real 0.006s user 0.000s sys 0.006s Metrics: {}
I0107 12:48:16.639866 24837 maintenance_manager.cc:326] P 76f8bc397d684ec2b99494eb2fee53c4: Scheduling CompactRowSetsOp(30019a15e66f4115b11a50dbcaf93a87): perf score=1.002120
I0107 12:48:20.284497 24607 maintenance_manager.cc:527] P c0dcf07e91a6459fb83f90f61d363e44: CompactRowSetsOp(77e67457a0334f92a22f52fe739203dd) complete. Timing: real 15.326s user 3.452s sys 0.252s Metrics: {"bytes_written":57260301,"cfile_cache_hit":79,"cfile_cache_hit_bytes":9251387,"cfile_cache_miss":7605,"cfile_cache_miss_bytes":228542323,"cfile_init":12,"delta_iterators_relevant":6,"dirs.queue_time_us":426,"dirs.run_cpu_time_us":156,"dirs.run_wall_time_us":99446,"drs_written":2,"lbm_read_time_us":10310247,"lbm_reads_1-10_ms":79,"lbm_reads_10-100_ms":206,"lbm_reads_gt_100_ms":16,"lbm_reads_lt_1ms":7352,"lbm_write_time_us":158618,"lbm_writes_10-100_ms":1,"lbm_writes_lt_1ms":5774,"num_input_rowsets":3,"rows_written":3257427,"thread_start_us":658,"threads_started":11,"wal-append.queue_time_us":83}
I0107 12:48:20.284641 24713 maintenance_manager.cc:326] P c0dcf07e91a6459fb83f90f61d363e44: Scheduling UndoDeltaBlockGCOp(77e67457a0334f92a22f52fe739203dd): 70340395 bytes on disk
I0107 12:48:20.496954 24607 maintenance_manager.cc:527] P c0dcf07e91a6459fb83f90f61d363e44: UndoDeltaBlockGCOp(77e67457a0334f92a22f52fe739203dd) complete. Timing: real 0.212s user 0.000s sys 0.000s Metrics: {"cfile_init":2,"lbm_read_time_us":212117,"lbm_reads_1-10_ms":2,"lbm_reads_10-100_ms":1,"lbm_reads_gt_100_ms":1,"lbm_reads_lt_1ms":4}
I0107 12:48:20.497063 24713 maintenance_manager.cc:326] P c0dcf07e91a6459fb83f90f61d363e44: Scheduling FlushMRSOp(30019a15e66f4115b11a50dbcaf93a87): perf score=0.035602
I0107 12:48:20.887240 24607 maintenance_manager.cc:527] P c0dcf07e91a6459fb83f90f61d363e44: FlushMRSOp(30019a15e66f4115b11a50dbcaf93a87) complete. Timing: real 0.390s user 0.327s sys 0.025s Metrics: {"bytes_written":4996270,"cfile_init":1,"dirs.queue_time_us":26,"dirs.run_cpu_time_us":131,"dirs.run_wall_time_us":27732,"drs_written":1,"lbm_read_time_us":6,"lbm_reads_lt_1ms":4,"lbm_write_time_us":11887,"lbm_writes_lt_1ms":513,"rows_written":280537,"thread_start_us":35,"threads_started":1,"wal-append.queue_time_us":64}
I0107 12:48:20.887399 24713 maintenance_manager.cc:326] P c0dcf07e91a6459fb83f90f61d363e44: Scheduling LogGCOp(30019a15e66f4115b11a50dbcaf93a87): free 16791253 bytes of WAL
I0107 12:48:20.887451 24607 log_reader.cc:379] T 30019a15e66f4115b11a50dbcaf93a87: removed 2 log segments from log reader
I0107 12:48:20.887461 24607 log.cc:1062] T 30019a15e66f4115b11a50dbcaf93a87 P c0dcf07e91a6459fb83f90f61d363e44: Deleting log segment in path: /data/somelongdirectorytoavoidrpathissues/src/kudutest/linked_list-test.LinkedListTest.TestLoadAndVerify.1578429164263051-24384/linked-list-cluster/ts-1/wal/wals/30019a15e66f4115b11a50dbcaf93a87/wal-000000029 (ops 347502-359925)
I0107 12:48:20.887490 24607 log.cc:1062] T 30019a15e66f4115b11a50dbcaf93a87 P c0dcf07e91a6459fb83f90f61d363e44: Deleting log segment in path: /data/somelongdirectorytoavoidrpathissues/src/kudutest/linked_list-test.LinkedListTest.TestLoadAndVerify.1578429164263051-24384/linked-list-cluster/ts-1/wal/wals/30019a15e66f4115b11a50dbcaf93a87/wal-000000030 (ops 359926-372309)
I0107 12:48:20.893263 24607 maintenance_manager.cc:527] P c0dcf07e91a6459fb83f90f61d363e44: LogGCOp(30019a15e66f4115b11a50dbcaf93a87) complete. Timing: real 0.006s user 0.000s sys 0.005s Metrics: {}
I0107 12:48:20.893435 24713 maintenance_manager.cc:326] P c0dcf07e91a6459fb83f90f61d363e44: Scheduling UndoDeltaBlockGCOp(30019a15e66f4115b11a50dbcaf93a87): 69576445 bytes on disk
I0107 12:48:20.987500 24607 maintenance_manager.cc:527] P c0dcf07e91a6459fb83f90f61d363e44: UndoDeltaBlockGCOp(30019a15e66f4115b11a50dbcaf93a87) complete. Timing: real 0.094s user 0.000s sys 0.000s Metrics: {"cfile_init":3,"lbm_read_time_us":93826,"lbm_reads_10-100_ms":4,"lbm_reads_lt_1ms":8}
I0107 12:48:20.987624 24713 maintenance_manager.cc:326] P c0dcf07e91a6459fb83f90f61d363e44: Scheduling CompactRowSetsOp(30019a15e66f4115b11a50dbcaf93a87): perf score=1.003174
I0107 12:48:25.827849 24482 maintenance_manager.cc:527] P 914675d8717742d1ae5929637e95acb2: CompactRowSetsOp(30019a15e66f4115b11a50dbcaf93a87) complete. Timing: real 15.611s user 3.486s sys 0.307s Metrics: {"bytes_written":57264600,"cfile_cache_hit":77,"cfile_cache_hit_bytes":8951182,"cfile_cache_miss":7603,"cfile_cache_miss_bytes":228989046,"cfile_init":11,"delta_iterators_relevant":6,"dirs.queue_time_us":530,"dirs.run_cpu_time_us":280,"dirs.run_wall_time_us":111654,"drs_written":2,"lbm_read_time_us":10676617,"lbm_reads_1-10_ms":70,"lbm_reads_10-100_ms":214,"lbm_reads_gt_100_ms":15,"lbm_reads_lt_1ms":7348,"lbm_write_time_us":153605,"lbm_writes_1-10_ms":3,"lbm_writes_lt_1ms":5772,"num_input_rowsets":3,"rows_written":3257905,"thread_start_us":634,"threads_started":11,"wal-append.queue_time_us":64}
I0107 12:48:25.828069 24588 maintenance_manager.cc:326] P 914675d8717742d1ae5929637e95acb2: Scheduling UndoDeltaBlockGCOp(30019a15e66f4115b11a50dbcaf93a87): 70413623 bytes on disk
I0107 12:48:26.024046 24482 maintenance_manager.cc:527] P 914675d8717742d1ae5929637e95acb2: UndoDeltaBlockGCOp(30019a15e66f4115b11a50dbcaf93a87) complete. Timing: real 0.196s user 0.000s sys 0.000s Metrics: {"cfile_init":2,"lbm_read_time_us":195774,"lbm_reads_1-10_ms":1,"lbm_reads_10-100_ms":2,"lbm_reads_gt_100_ms":1,"lbm_reads_lt_1ms":4}
I0107 12:48:26.024171 24588 maintenance_manager.cc:326] P 914675d8717742d1ae5929637e95acb2: Scheduling FlushMRSOp(16e58229a0c648eda40d4376454f2981): perf score=0.034283
I0107 12:48:26.726838 24731 maintenance_manager.cc:527] P 76f8bc397d684ec2b99494eb2fee53c4: CompactRowSetsOp(30019a15e66f4115b11a50dbcaf93a87) complete. Timing: real 10.087s user 3.431s sys 0.188s Metrics: {"bytes_written":57264719,"cfile_cache_hit":6587,"cfile_cache_hit_bytes":187286992,"cfile_cache_miss":1093,"cfile_cache_miss_bytes":50439754,"cfile_init":10,"delta_iterators_relevant":6,"dirs.queue_time_us":197,"dirs.run_cpu_time_us":239,"dirs.run_wall_time_us":160876,"drs_written":2,"lbm_read_time_us":925526,"lbm_reads_1-10_ms":4,"lbm_reads_10-100_ms":16,"lbm_reads_gt_100_ms":1,"lbm_reads_lt_1ms":1112,"lbm_write_time_us":4362005,"lbm_writes_1-10_ms":65,"lbm_writes_10-100_ms":97,"lbm_writes_gt_100_ms":7,"lbm_writes_lt_1ms":5606,"num_input_rowsets":3,"rows_written":3257905,"spinlock_wait_cycles":1664,"thread_start_us":514,"threads_started":11,"wal-append.queue_time_us":50}
I0107 12:48:26.726966 24837 maintenance_manager.cc:326] P 76f8bc397d684ec2b99494eb2fee53c4: Scheduling UndoDeltaBlockGCOp(30019a15e66f4115b11a50dbcaf93a87): 70412941 bytes on disk
I0107 12:48:26.727105 24731 maintenance_manager.cc:527] P 76f8bc397d684ec2b99494eb2fee53c4: UndoDeltaBlockGCOp(30019a15e66f4115b11a50dbcaf93a87) complete. Timing: real 0.000s user 0.000s sys 0.000s Metrics: {"cfile_init":2,"lbm_read_time_us":17,"lbm_reads_lt_1ms":8}
I0107 12:48:26.727156 24837 maintenance_manager.cc:326] P 76f8bc397d684ec2b99494eb2fee53c4: Scheduling UndoDeltaBlockGCOp(77e67457a0334f92a22f52fe739203dd): 28590883 bytes on disk
I0107 12:48:26.771342 24731 maintenance_manager.cc:527] P 76f8bc397d684ec2b99494eb2fee53c4: UndoDeltaBlockGCOp(77e67457a0334f92a22f52fe739203dd) complete. Timing: real 0.044s user 0.000s sys 0.000s Metrics: {"cfile_init":1,"lbm_read_time_us":44048,"lbm_reads_1-10_ms":1,"lbm_reads_10-100_ms":2,"lbm_reads_lt_1ms":1}
I0107 12:48:26.771471 24837 maintenance_manager.cc:326] P 76f8bc397d684ec2b99494eb2fee53c4: Scheduling FlushMRSOp(16e58229a0c648eda40d4376454f2981): perf score=0.037712
I0107 12:48:27.991065 24482 maintenance_manager.cc:527] P 914675d8717742d1ae5929637e95acb2: FlushMRSOp(16e58229a0c648eda40d4376454f2981) complete. Timing: real 1.967s user 1.410s sys 0.090s Metrics: {"bytes_written":19954956,"cfile_init":1,"dirs.queue_time_us":70,"dirs.run_cpu_time_us":121,"dirs.run_wall_time_us":36909,"drs_written":1,"lbm_read_time_us":5,"lbm_reads_lt_1ms":4,"lbm_write_time_us":47769,"lbm_writes_lt_1ms":1993,"rows_written":1121456,"thread_start_us":63,"threads_started":2,"wal-append.queue_time_us":55}
I0107 12:48:27.991291 24588 maintenance_manager.cc:326] P 914675d8717742d1ae5929637e95acb2: Scheduling LogGCOp(16e58229a0c648eda40d4376454f2981): free 50299454 bytes of WAL
I0107 12:48:27.991369 24482 log_reader.cc:379] T 16e58229a0c648eda40d4376454f2981: removed 6 log segments from log reader
I0107 12:48:27.991412 24482 log.cc:1062] T 16e58229a0c648eda40d4376454f2981 P 914675d8717742d1ae5929637e95acb2: Deleting log segment in path: /data/somelongdirectorytoavoidrpathissues/src/kudutest/linked_list-test.LinkedListTest.TestLoadAndVerify.1578429164263051-24384/linked-list-cluster/ts-0/wal/wals/16e58229a0c648eda40d4376454f2981/wal-000000061 (ops 354878-360752)
I0107 12:48:27.991581 24482 log.cc:1062] T 16e58229a0c648eda40d4376454f2981 P 914675d8717742d1ae5929637e95acb2: Deleting log segment in path: /data/somelongdirectorytoavoidrpathissues/src/kudutest/linked_list-test.LinkedListTest.TestLoadAndVerify.1578429164263051-24384/linked-list-cluster/ts-0/wal/wals/16e58229a0c648eda40d4376454f2981/wal-000000062 (ops 360753-366686)
I0107 12:48:27.991653 24482 log.cc:1062] T 16e58229a0c648eda40d4376454f2981 P 914675d8717742d1ae5929637e95acb2: Deleting log segment in path: /data/somelongdirectorytoavoidrpathissues/src/kudutest/linked_list-test.LinkedListTest.TestLoadAndVerify.1578429164263051-24384/linked-list-cluster/ts-0/wal/wals/16e58229a0c648eda40d4376454f2981/wal-000000063 (ops 366687-372619)
I0107 12:48:27.991713 24482 log.cc:1062] T 16e58229a0c648eda40d4376454f2981 P 914675d8717742d1ae5929637e95acb2: Deleting log segment in path: /data/somelongdirectorytoavoidrpathissues/src/kudutest/linked_list-test.LinkedListTest.TestLoadAndVerify.1578429164263051-24384/linked-list-cluster/ts-0/wal/wals/16e58229a0c648eda40d4376454f2981/wal-000000064 (ops 372620-378510)
I0107 12:48:27.991739 24482 log.cc:1062] T 16e58229a0c648eda40d4376454f2981 P 914675d8717742d1ae5929637e95acb2: Deleting log segment in path: /data/somelongdirectorytoavoidrpathissues/src/kudutest/linked_list-test.LinkedListTest.TestLoadAndVerify.1578429164263051-24384/linked-list-cluster/ts-0/wal/wals/16e58229a0c648eda40d4376454f2981/wal-000000065 (ops 378511-384451)
I0107 12:48:27.991760 24482 log.cc:1062] T 16e58229a0c648eda40d4376454f2981 P 914675d8717742d1ae5929637e95acb2: Deleting log segment in path: /data/somelongdirectorytoavoidrpathissues/src/kudutest/linked_list-test.LinkedListTest.TestLoadAndVerify.1578429164263051-24384/linked-list-cluster/ts-0/wal/wals/16e58229a0c648eda40d4376454f2981/wal-000000066 (ops 384452-390235)
I0107 12:48:28.007086 24482 maintenance_manager.cc:527] P 914675d8717742d1ae5929637e95acb2: LogGCOp(16e58229a0c648eda40d4376454f2981) complete. Timing: real 0.016s user 0.001s sys 0.014s Metrics: {}
I0107 12:48:28.007259 24588 maintenance_manager.cc:326] P 914675d8717742d1ae5929637e95acb2: Scheduling UndoDeltaBlockGCOp(16e58229a0c648eda40d4376454f2981): 22167655 bytes on disk
I0107 12:48:28.007423 24482 maintenance_manager.cc:527] P 914675d8717742d1ae5929637e95acb2: UndoDeltaBlockGCOp(16e58229a0c648eda40d4376454f2981) complete. Timing: real 0.000s user 0.000s sys 0.000s Metrics: {"cfile_init":1,"lbm_read_time_us":12,"lbm_reads_lt_1ms":4}
I0107 12:48:28.007529 24588 maintenance_manager.cc:326] P 914675d8717742d1ae5929637e95acb2: Scheduling CompactRowSetsOp(16e58229a0c648eda40d4376454f2981): perf score=0.678158
I0107 12:48:30.086611 24731 maintenance_manager.cc:527] P 76f8bc397d684ec2b99494eb2fee53c4: FlushMRSOp(16e58229a0c648eda40d4376454f2981) complete. Timing: real 3.315s user 1.476s sys 0.085s Metrics: {"bytes_written":22134157,"cfile_init":1,"dirs.queue_time_us":64,"dirs.run_cpu_time_us":108,"dirs.run_wall_time_us":114823,"drs_written":1,"lbm_read_time_us":7,"lbm_reads_lt_1ms":4,"lbm_write_time_us":1156514,"lbm_writes_1-10_ms":16,"lbm_writes_10-100_ms":13,"lbm_writes_gt_100_ms":3,"lbm_writes_lt_1ms":2178,"rows_written":1244996,"thread_start_us":64,"threads_started":2,"wal-append.queue_time_us":70}
I0107 12:48:30.086771 24837 maintenance_manager.cc:326] P 76f8bc397d684ec2b99494eb2fee53c4: Scheduling LogGCOp(16e58229a0c648eda40d4376454f2981): free 58813357 bytes of WAL
I0107 12:48:30.086838 24731 log_reader.cc:379] T 16e58229a0c648eda40d4376454f2981: removed 7 log segments from log reader
I0107 12:48:30.086853 24731 log.cc:1062] T 16e58229a0c648eda40d4376454f2981 P 76f8bc397d684ec2b99494eb2fee53c4: Deleting log segment in path: /data/somelongdirectorytoavoidrpathissues/src/kudutest/linked_list-test.LinkedListTest.TestLoadAndVerify.1578429164263051-24384/linked-list-cluster/ts-2/wal/wals/16e58229a0c648eda40d4376454f2981/wal-000000060 (ops 348627-354525)
I0107 12:48:30.086905 24731 log.cc:1062] T 16e58229a0c648eda40d4376454f2981 P 76f8bc397d684ec2b99494eb2fee53c4: Deleting log segment in path: /data/somelongdirectorytoavoidrpathissues/src/kudutest/linked_list-test.LinkedListTest.TestLoadAndVerify.1578429164263051-24384/linked-list-cluster/ts-2/wal/wals/16e58229a0c648eda40d4376454f2981/wal-000000061 (ops 354526-360418)
I0107 12:48:30.086971 24731 log.cc:1062] T 16e58229a0c648eda40d4376454f2981 P 76f8bc397d684ec2b99494eb2fee53c4: Deleting log segment in path: /data/somelongdirectorytoavoidrpathissues/src/kudutest/linked_list-test.LinkedListTest.TestLoadAndVerify.1578429164263051-24384/linked-list-cluster/ts-2/wal/wals/16e58229a0c648eda40d4376454f2981/wal-000000062 (ops 360419-366263)
I0107 12:48:30.087003 24731 log.cc:1062] T 16e58229a0c648eda40d4376454f2981 P 76f8bc397d684ec2b99494eb2fee53c4: Deleting log segment in path: /data/somelongdirectorytoavoidrpathissues/src/kudutest/linked_list-test.LinkedListTest.TestLoadAndVerify.1578429164263051-24384/linked-list-cluster/ts-2/wal/wals/16e58229a0c648eda40d4376454f2981/wal-000000063 (ops 366264-372185)
I0107 12:48:30.087061 24731 log.cc:1062] T 16e58229a0c648eda40d4376454f2981 P 76f8bc397d684ec2b99494eb2fee53c4: Deleting log segment in path: /data/somelongdirectorytoavoidrpathissues/src/kudutest/linked_list-test.LinkedListTest.TestLoadAndVerify.1578429164263051-24384/linked-list-cluster/ts-2/wal/wals/16e58229a0c648eda40d4376454f2981/wal-000000064 (ops 372186-378087)
I0107 12:48:30.087096 24731 log.cc:1062] T 16e58229a0c648eda40d4376454f2981 P 76f8bc397d684ec2b99494eb2fee53c4: Deleting log segment in path: /data/somelongdirectorytoavoidrpathissues/src/kudutest/linked_list-test.LinkedListTest.TestLoadAndVerify.1578429164263051-24384/linked-list-cluster/ts-2/wal/wals/16e58229a0c648eda40d4376454f2981/wal-000000065 (ops 378088-384007)
I0107 12:48:30.087127 24731 log.cc:1062] T 16e58229a0c648eda40d4376454f2981 P 76f8bc397d684ec2b99494eb2fee53c4: Deleting log segment in path: /data/somelongdirectorytoavoidrpathissues/src/kudutest/linked_list-test.LinkedListTest.TestLoadAndVerify.1578429164263051-24384/linked-list-cluster/ts-2/wal/wals/16e58229a0c648eda40d4376454f2981/wal-000000066 (ops 384008-389980)
I0107 12:48:30.100353 24731 maintenance_manager.cc:527] P 76f8bc397d684ec2b99494eb2fee53c4: LogGCOp(16e58229a0c648eda40d4376454f2981) complete. Timing: real 0.014s user 0.000s sys 0.013s Metrics: {}
I0107 12:48:30.100491 24837 maintenance_manager.cc:326] P 76f8bc397d684ec2b99494eb2fee53c4: Scheduling UndoDeltaBlockGCOp(16e58229a0c648eda40d4376454f2981): 24702753 bytes on disk
I0107 12:48:30.100627 24731 maintenance_manager.cc:527] P 76f8bc397d684ec2b99494eb2fee53c4: UndoDeltaBlockGCOp(16e58229a0c648eda40d4376454f2981) complete. Timing: real 0.000s user 0.000s sys 0.000s Metrics: {"cfile_init":1,"lbm_read_time_us":10,"lbm_reads_lt_1ms":4}
I0107 12:48:30.100724 24837 maintenance_manager.cc:326] P 76f8bc397d684ec2b99494eb2fee53c4: Scheduling CompactRowSetsOp(16e58229a0c648eda40d4376454f2981): perf score=0.653159
I0107 12:48:36.039594 24607 maintenance_manager.cc:527] P c0dcf07e91a6459fb83f90f61d363e44: CompactRowSetsOp(30019a15e66f4115b11a50dbcaf93a87) complete. Timing: real 15.052s user 3.504s sys 0.322s Metrics: {"bytes_written":57264197,"cfile_cache_hit":65,"cfile_cache_hit_bytes":7171295,"cfile_cache_miss":7615,"cfile_cache_miss_bytes":231014577,"cfile_init":11,"delta_iterators_relevant":6,"dirs.queue_time_us":190,"dirs.run_cpu_time_us":262,"dirs.run_wall_time_us":182945,"drs_written":2,"lbm_read_time_us":9251853,"lbm_reads_1-10_ms":103,"lbm_reads_10-100_ms":164,"lbm_reads_gt_100_ms":18,"lbm_reads_lt_1ms":7374,"lbm_write_time_us":179039,"lbm_writes_1-10_ms":5,"lbm_writes_lt_1ms":5771,"num_input_rowsets":3,"rows_written":3257905,"thread_start_us":526,"threads_started":11,"wal-append.queue_time_us":74}
I0107 12:48:36.039795 24713 maintenance_manager.cc:326] P c0dcf07e91a6459fb83f90f61d363e44: Scheduling UndoDeltaBlockGCOp(30019a15e66f4115b11a50dbcaf93a87): 70413540 bytes on disk
I0107 12:48:36.039935 24607 maintenance_manager.cc:527] P c0dcf07e91a6459fb83f90f61d363e44: UndoDeltaBlockGCOp(30019a15e66f4115b11a50dbcaf93a87) complete. Timing: real 0.000s user 0.000s sys 0.000s Metrics: {"cfile_init":2,"lbm_read_time_us":15,"lbm_reads_lt_1ms":8}
I0107 12:48:37.833609 24384 linked_list-test-util.h:876] Done collecting results (7530250 rows in 52321.9ms)
I0107 12:48:38.861021 24384 linked_list-test-util.h:667] Snapshot: P: 1578429464976514 usec, L: 1 verified. Result: OK
I0107 12:48:38.861575 24384 linked_list-test-util.h:620] Verifying Snapshot: P: 1578429764977164 usec, L: 1 Expected Rows: 14012700
I0107 12:48:39.634757 24384 linked_list-test-util.h:639] Calling callback on tserver c0dcf07e91a6459fb83f90f61d363e44
I0107 12:48:40.293365 24713 maintenance_manager.cc:326] P c0dcf07e91a6459fb83f90f61d363e44: Scheduling FlushMRSOp(16e58229a0c648eda40d4376454f2981): perf score=0.033371
I0107 12:48:41.896951 24607 maintenance_manager.cc:527] P c0dcf07e91a6459fb83f90f61d363e44: FlushMRSOp(16e58229a0c648eda40d4376454f2981) complete. Timing: real 1.603s user 1.017s sys 0.056s Metrics: {"bytes_written":15767879,"cfile_init":1,"dirs.queue_time_us":75,"dirs.run_cpu_time_us":105,"dirs.run_wall_time_us":72961,"drs_written":1,"lbm_read_time_us":5,"lbm_reads_lt_1ms":4,"lbm_write_time_us":258765,"lbm_writes_1-10_ms":5,"lbm_writes_10-100_ms":7,"lbm_writes_lt_1ms":1560,"rows_written":883929,"thread_start_us":76,"threads_started":2,"wal-append.queue_time_us":67}
I0107 12:48:41.897161 24713 maintenance_manager.cc:326] P c0dcf07e91a6459fb83f90f61d363e44: Scheduling LogGCOp(16e58229a0c648eda40d4376454f2981): free 42249049 bytes of WAL
I0107 12:48:41.897250 24607 log_reader.cc:379] T 16e58229a0c648eda40d4376454f2981: removed 5 log segments from log reader
I0107 12:48:41.897292 24607 log.cc:1062] T 16e58229a0c648eda40d4376454f2981 P c0dcf07e91a6459fb83f90f61d363e44: Deleting log segment in path: /data/somelongdirectorytoavoidrpathissues/src/kudutest/linked_list-test.LinkedListTest.TestLoadAndVerify.1578429164263051-24384/linked-list-cluster/ts-1/wal/wals/16e58229a0c648eda40d4376454f2981/wal-000000062 (ops 360855-366811)
I0107 12:48:41.897372 24607 log.cc:1062] T 16e58229a0c648eda40d4376454f2981 P c0dcf07e91a6459fb83f90f61d363e44: Deleting log segment in path: /data/somelongdirectorytoavoidrpathissues/src/kudutest/linked_list-test.LinkedListTest.TestLoadAndVerify.1578429164263051-24384/linked-list-cluster/ts-1/wal/wals/16e58229a0c648eda40d4376454f2981/wal-000000063 (ops 366812-372717)
I0107 12:48:41.897469 24607 log.cc:1062] T 16e58229a0c648eda40d4376454f2981 P c0dcf07e91a6459fb83f90f61d363e44: Deleting log segment in path: /data/somelongdirectorytoavoidrpathissues/src/kudutest/linked_list-test.LinkedListTest.TestLoadAndVerify.1578429164263051-24384/linked-list-cluster/ts-1/wal/wals/16e58229a0c648eda40d4376454f2981/wal-000000064 (ops 372718-378669)
I0107 12:48:41.897527 24607 log.cc:1062] T 16e58229a0c648eda40d4376454f2981 P c0dcf07e91a6459fb83f90f61d363e44: Deleting log segment in path: /data/somelongdirectorytoavoidrpathissues/src/kudutest/linked_list-test.LinkedListTest.TestLoadAndVerify.1578429164263051-24384/linked-list-cluster/ts-1/wal/wals/16e58229a0c648eda40d4376454f2981/wal-000000065 (ops 378670-384620)
I0107 12:48:41.897586 24607 log.cc:1062] T 16e58229a0c648eda40d4376454f2981 P c0dcf07e91a6459fb83f90f61d363e44: Deleting log segment in path: /data/somelongdirectorytoavoidrpathissues/src/kudutest/linked_list-test.LinkedListTest.TestLoadAndVerify.1578429164263051-24384/linked-list-cluster/ts-1/wal/wals/16e58229a0c648eda40d4376454f2981/wal-000000066 (ops 384621-390605)
I0107 12:48:41.910905 24607 maintenance_manager.cc:527] P c0dcf07e91a6459fb83f90f61d363e44: LogGCOp(16e58229a0c648eda40d4376454f2981) complete. Timing: real 0.014s user 0.001s sys 0.011s Metrics: {}
I0107 12:48:41.911006 24713 maintenance_manager.cc:326] P c0dcf07e91a6459fb83f90f61d363e44: Scheduling CompactRowSetsOp(16e58229a0c648eda40d4376454f2981): perf score=0.682082
I0107 12:49:06.173947 24482 maintenance_manager.cc:527] P 914675d8717742d1ae5929637e95acb2: CompactRowSetsOp(16e58229a0c648eda40d4376454f2981) complete. Timing: real 38.166s user 10.035s sys 0.807s Metrics: {"bytes_written":161179337,"cfile_cache_hit":52,"cfile_cache_hit_bytes":2134745,"cfile_cache_miss":21552,"cfile_cache_miss_bytes":667382695,"cfile_init":23,"delta_iterators_relevant":12,"dirs.queue_time_us":7885,"dirs.run_cpu_time_us":505,"dirs.run_wall_time_us":419779,"drs_written":5,"lbm_read_time_us":23598117,"lbm_reads_1-10_ms":272,"lbm_reads_10-100_ms":486,"lbm_reads_gt_100_ms":33,"lbm_reads_lt_1ms":20853,"lbm_write_time_us":555562,"lbm_writes_1-10_ms":4,"lbm_writes_10-100_ms":1,"lbm_writes_gt_100_ms":1,"lbm_writes_lt_1ms":16230,"num_input_rowsets":6,"rows_written":9165216,"thread_start_us":705,"threads_started":14,"wal-append.queue_time_us":4776}
I0107 12:49:06.174165 24588 maintenance_manager.cc:326] P 914675d8717742d1ae5929637e95acb2: Scheduling UndoDeltaBlockGCOp(16e58229a0c648eda40d4376454f2981): 197619332 bytes on disk
I0107 12:49:06.174343 24482 maintenance_manager.cc:527] P 914675d8717742d1ae5929637e95acb2: UndoDeltaBlockGCOp(16e58229a0c648eda40d4376454f2981) complete. Timing: real 0.000s user 0.000s sys 0.000s Metrics: {"cfile_init":5,"lbm_read_time_us":30,"lbm_reads_lt_1ms":20}
I0107 12:49:06.174456 24588 maintenance_manager.cc:326] P 914675d8717742d1ae5929637e95acb2: Scheduling CompactRowSetsOp(16e58229a0c648eda40d4376454f2981): perf score=0.383488
I0107 12:49:08.992033 24731 maintenance_manager.cc:527] P 76f8bc397d684ec2b99494eb2fee53c4: CompactRowSetsOp(16e58229a0c648eda40d4376454f2981) complete. Timing: real 38.891s user 10.218s sys 0.774s Metrics: {"bytes_written":157903836,"cfile_cache_hit":35,"cfile_cache_hit_bytes":217414,"cfile_cache_miss":21121,"cfile_cache_miss_bytes":655134826,"cfile_init":18,"delta_iterators_relevant":10,"dirs.queue_time_us":1194,"dirs.run_cpu_time_us":611,"dirs.run_wall_time_us":256641,"drs_written":5,"lbm_read_time_us":22346854,"lbm_reads_1-10_ms":239,"lbm_reads_10-100_ms":498,"lbm_reads_gt_100_ms":35,"lbm_reads_lt_1ms":20421,"lbm_write_time_us":2012968,"lbm_writes_1-10_ms":21,"lbm_writes_10-100_ms":31,"lbm_writes_gt_100_ms":2,"lbm_writes_lt_1ms":15852,"num_input_rowsets":5,"rows_written":8978465,"spinlock_wait_cycles":896,"thread_start_us":819,"threads_started":14,"wal-append.queue_time_us":69}
I0107 12:49:08.992244 24837 maintenance_manager.cc:326] P 76f8bc397d684ec2b99494eb2fee53c4: Scheduling CompactRowSetsOp(16e58229a0c648eda40d4376454f2981): perf score=0.397599
I0107 12:49:17.619563 24607 maintenance_manager.cc:527] P c0dcf07e91a6459fb83f90f61d363e44: CompactRowSetsOp(16e58229a0c648eda40d4376454f2981) complete. Timing: real 35.708s user 10.074s sys 0.647s Metrics: {"bytes_written":161173046,"cfile_cache_hit":14157,"cfile_cache_hit_bytes":402794297,"cfile_cache_miss":7439,"cfile_cache_miss_bytes":267703987,"cfile_init":22,"delta_iterators_relevant":12,"dirs.queue_time_us":369,"dirs.run_cpu_time_us":677,"dirs.run_wall_time_us":362106,"drs_written":5,"lbm_read_time_us":15605598,"lbm_reads_1-10_ms":113,"lbm_reads_10-100_ms":294,"lbm_reads_gt_100_ms":26,"lbm_reads_lt_1ms":7094,"lbm_write_time_us":5693630,"lbm_writes_1-10_ms":87,"lbm_writes_10-100_ms":112,"lbm_writes_gt_100_ms":8,"lbm_writes_lt_1ms":16029,"num_input_rowsets":6,"rows_written":9165141,"spinlock_wait_cycles":15744,"thread_start_us":194,"threads_started":6,"wal-append.queue_time_us":51}
I0107 12:49:17.619693 24713 maintenance_manager.cc:326] P c0dcf07e91a6459fb83f90f61d363e44: Scheduling UndoDeltaBlockGCOp(16e58229a0c648eda40d4376454f2981): 197758664 bytes on disk
I0107 12:49:17.619810 24607 maintenance_manager.cc:527] P c0dcf07e91a6459fb83f90f61d363e44: UndoDeltaBlockGCOp(16e58229a0c648eda40d4376454f2981) complete. Timing: real 0.000s user 0.000s sys 0.000s Metrics: {"cfile_init":5,"lbm_read_time_us":23,"lbm_reads_lt_1ms":20}
I0107 12:49:17.619880 24713 maintenance_manager.cc:326] P c0dcf07e91a6459fb83f90f61d363e44: Scheduling CompactRowSetsOp(16e58229a0c648eda40d4376454f2981): perf score=0.381748
I0107 12:49:28.967236 24731 maintenance_manager.cc:527] P 76f8bc397d684ec2b99494eb2fee53c4: CompactRowSetsOp(16e58229a0c648eda40d4376454f2981) complete. Timing: real 19.975s user 5.466s sys 0.419s Metrics: {"bytes_written":93114569,"cfile_cache_hit":4968,"cfile_cache_hit_bytes":141227684,"cfile_cache_miss":7516,"cfile_cache_miss_bytes":246548324,"cfile_init":12,"delta_iterators_relevant":8,"dirs.queue_time_us":357,"dirs.run_cpu_time_us":379,"dirs.run_wall_time_us":184394,"drs_written":3,"lbm_read_time_us":11651552,"lbm_reads_1-10_ms":85,"lbm_reads_10-100_ms":244,"lbm_reads_gt_100_ms":15,"lbm_reads_lt_1ms":7220,"lbm_write_time_us":566454,"lbm_writes_1-10_ms":4,"lbm_writes_10-100_ms":5,"lbm_writes_gt_100_ms":1,"lbm_writes_lt_1ms":9378,"num_input_rowsets":4,"rows_written":5298426,"thread_start_us":533,"threads_started":12,"wal-append.queue_time_us":68}
I0107 12:49:28.967495 24837 maintenance_manager.cc:326] P 76f8bc397d684ec2b99494eb2fee53c4: Scheduling UndoDeltaBlockGCOp(16e58229a0c648eda40d4376454f2981): 281953299 bytes on disk
I0107 12:49:29.633486 24731 maintenance_manager.cc:527] P 76f8bc397d684ec2b99494eb2fee53c4: UndoDeltaBlockGCOp(16e58229a0c648eda40d4376454f2981) complete. Timing: real 0.666s user 0.001s sys 0.000s Metrics: {"cfile_init":7,"lbm_read_time_us":665546,"lbm_reads_1-10_ms":6,"lbm_reads_10-100_ms":4,"lbm_reads_gt_100_ms":3,"lbm_reads_lt_1ms":15}
I0107 12:49:30.790796 24482 maintenance_manager.cc:527] P 914675d8717742d1ae5929637e95acb2: CompactRowSetsOp(16e58229a0c648eda40d4376454f2981) complete. Timing: real 24.616s user 5.966s sys 0.530s Metrics: {"bytes_written":93118818,"cfile_cache_hit":41,"cfile_cache_hit_bytes":3083272,"cfile_cache_miss":12439,"cfile_cache_miss_bytes":385017230,"cfile_init":12,"delta_iterators_relevant":6,"dirs.queue_time_us":3300,"dirs.run_cpu_time_us":307,"dirs.run_wall_time_us":108586,"drs_written":3,"lbm_read_time_us":15319710,"lbm_reads_1-10_ms":188,"lbm_reads_10-100_ms":288,"lbm_reads_gt_100_ms":27,"lbm_reads_lt_1ms":11984,"lbm_write_time_us":600053,"lbm_writes_1-10_ms":10,"lbm_writes_10-100_ms":4,"lbm_writes_gt_100_ms":1,"lbm_writes_lt_1ms":9373,"num_input_rowsets":3,"rows_written":5298451,"spinlock_wait_cycles":7808,"thread_start_us":798,"threads_started":12,"wal-append.queue_time_us":58}
I0107 12:49:30.790987 24588 maintenance_manager.cc:326] P 914675d8717742d1ae5929637e95acb2: Scheduling UndoDeltaBlockGCOp(16e58229a0c648eda40d4376454f2981): 114637387 bytes on disk
I0107 12:49:30.909979 24482 maintenance_manager.cc:527] P 914675d8717742d1ae5929637e95acb2: UndoDeltaBlockGCOp(16e58229a0c648eda40d4376454f2981) complete. Timing: real 0.119s user 0.000s sys 0.000s Metrics: {"cfile_init":3,"lbm_read_time_us":118791,"lbm_reads_10-100_ms":5,"lbm_reads_lt_1ms":7}
I0107 12:49:33.856323 24607 maintenance_manager.cc:527] P c0dcf07e91a6459fb83f90f61d363e44: CompactRowSetsOp(16e58229a0c648eda40d4376454f2981) complete. Timing: real 16.236s user 5.587s sys 0.361s Metrics: {"bytes_written":93117101,"cfile_cache_hit":8146,"cfile_cache_hit_bytes":234139135,"cfile_cache_miss":4340,"cfile_cache_miss_bytes":154342387,"cfile_init":10,"delta_iterators_relevant":6,"dirs.queue_time_us":9184,"dirs.run_cpu_time_us":306,"dirs.run_wall_time_us":66563,"drs_written":3,"lbm_read_time_us":4274182,"lbm_reads_1-10_ms":88,"lbm_reads_10-100_ms":99,"lbm_reads_gt_100_ms":9,"lbm_reads_lt_1ms":4184,"lbm_write_time_us":4135815,"lbm_writes_1-10_ms":44,"lbm_writes_10-100_ms":86,"lbm_writes_gt_100_ms":5,"lbm_writes_lt_1ms":9253,"num_input_rowsets":3,"rows_written":5298447,"thread_start_us":556,"threads_started":11,"wal-append.queue_time_us":70}
I0107 12:49:33.856539 24713 maintenance_manager.cc:326] P c0dcf07e91a6459fb83f90f61d363e44: Scheduling UndoDeltaBlockGCOp(16e58229a0c648eda40d4376454f2981): 114635315 bytes on disk
I0107 12:49:33.917826 24607 maintenance_manager.cc:527] P c0dcf07e91a6459fb83f90f61d363e44: UndoDeltaBlockGCOp(16e58229a0c648eda40d4376454f2981) complete. Timing: real 0.061s user 0.000s sys 0.000s Metrics: {"cfile_init":3,"lbm_read_time_us":61069,"lbm_reads_1-10_ms":4,"lbm_reads_10-100_ms":2,"lbm_reads_lt_1ms":6}
I0107 12:49:44.043063 24384 linked_list-test-util.h:876] Done collecting results (14012700 rows in 64408.3ms)
I0107 12:49:45.736922 24384 linked_list-test-util.h:667] Snapshot: P: 1578429764977164 usec, L: 1 verified. Result: OK
I0107 12:49:45.738848 24384 linked_list-test-util.h:620] Verifying Snapshot: P: 1578430064977359 usec, L: 1 Expected Rows: 19547200
I0107 12:49:45.813009 24384 linked_list-test-util.h:639] Calling callback on tserver 76f8bc397d684ec2b99494eb2fee53c4
I0107 12:50:24.801760 24384 linked_list-test-util.h:876] Done collecting results (19547200 rows in 38988.8ms)
I0107 12:50:27.269613 24384 linked_list-test-util.h:667] Snapshot: P: 1578430064977359 usec, L: 1 verified. Result: OK
I0107 12:50:27.270273 24384 linked_list-test-util.h:620] Verifying Snapshot: NOW Expected Rows: 19547200
I0107 12:51:01.979933 24384 linked_list-test-util.h:876] Done collecting results (19547200 rows in 34161ms)
I0107 12:51:04.434044 24384 linked_list-test-util.h:667] Snapshot: NOW verified. Result: OK
I0107 12:51:04.434120 24384 linked_list-test-util.h:801] Successfully verified 19547200 rows
I0107 12:51:04.438663 24384 linked_list-test.cc:194] Successfully verified 19547200 rows before killing any servers.
I0107 12:51:04.440126 24384 external_mini_cluster.cc:721] 3 TS(s) registered with all masters
I0107 12:51:04.440376 24384 ts_itest-base.cc:233] Waiting for 3 tablets on tserver 914675d8717742d1ae5929637e95acb2 to finish bootstrapping
I0107 12:51:04.441819 24384 ts_itest-base.cc:233] Waiting for 3 tablets on tserver c0dcf07e91a6459fb83f90f61d363e44 to finish bootstrapping
I0107 12:51:04.443188 24384 ts_itest-base.cc:233] Waiting for 3 tablets on tserver 76f8bc397d684ec2b99494eb2fee53c4 to finish bootstrapping
I0107 12:51:04.444597 24384 linked_list-test.cc:199] Will restart the tablet server during verification scan.
I0107 12:51:04.444926 24384 linked_list-test-util.h:620] Verifying Snapshot: P: 1578429464976514 usec, L: 1 Expected Rows: 7530250
I0107 12:51:04.466337 24384 linked_list-test-util.h:639] Calling callback on tserver 914675d8717742d1ae5929637e95acb2
I0107 12:51:04.466406 24384 external_mini_cluster.cc:1241] Killing /data/somelongdirectorytoavoidrpathissues/src/kudu/build/release/bin/kudu-tserver with pid 24465
I0107 12:51:04.508450 24384 external_mini_cluster.cc:1043] Running /data/somelongdirectorytoavoidrpathissues/src/kudu/build/release/bin/kudu-tserver /data/somelongdirectorytoavoidrpathissues/src/kudu/build/release/bin/kudu-tserver --fs_wal_dir=/data/somelongdirectorytoavoidrpathissues/src/kudutest/linked_list-test.LinkedListTest.TestLoadAndVerify.1578429164263051-24384/linked-list-cluster/ts-0/wal --fs_data_dirs=/data/somelongdirectorytoavoidrpathissues/src/kudutest/linked_list-test.LinkedListTest.TestLoadAndVerify.1578429164263051-24384/linked-list-cluster/ts-0/data --block_manager=log --rpc_bind_addresses=127.23.208.1:35732 --local_ip_for_outbound_sockets=127.23.208.1 --webserver_port=39731 --webserver_interface=127.23.208.1 --tserver_master_addrs=127.23.208.62:54889 --never_fsync --ipki_server_key_size=1024 --enable_minidumps=false --redact=none --metrics_log_interval_ms=1000 --logtostderr --logbuflevel=-1 --log_dir=/data/somelongdirectorytoavoidrpathissues/src/kudutest/linked_list-test.LinkedListTest.TestLoadAndVerify.1578429164263051-24384/linked-list-cluster/ts-0/logs --server_dump_info_path=/data/somelongdirectorytoavoidrpathissues/src/kudutest/linked_list-test.LinkedListTest.TestLoadAndVerify.1578429164263051-24384/linked-list-cluster/ts-0/data/info.pb --server_dump_info_format=pb --rpc_server_allow_ephemeral_ports --unlock_experimental_flags --unlock_unsafe_flags --builtin_ntp_servers=127.23.208.20:47721 --builtin_ntp_poll_interval_ms=100 --ntp_initial_sync_wait_secs=10 --time_source=builtin --skip_remove_old_recovery_dir --tablet_history_max_age_sec=86400 with env {} WARNING: Logging before InitGoogleLogging() is written to STDERR
W0107 12:51:04.519830 30845 flags.cc:404] Enabled unsafe flag: --rpc_server_allow_ephemeral_ports=true
W0107 12:51:04.519929 30845 flags.cc:404] Enabled unsafe flag: --never_fsync=true
W0107 12:51:04.520741 30845 flags.cc:404] Enabled experimental flag: --ipki_server_key_size=1024
W0107 12:51:04.520771 30845 flags.cc:404] Enabled experimental flag: --local_ip_for_outbound_sockets=127.23.208.1
I0107 12:51:04.521796 30845 tablet_server_main.cc:76] Tablet server non-default flags: --builtin_ntp_poll_interval_ms=100 --builtin_ntp_servers=127.23.208.20:47721 --ntp_initial_sync_wait_secs=10 --time_source=builtin --skip_remove_old_recovery_dir=true --fs_data_dirs=/data/somelongdirectorytoavoidrpathissues/src/kudutest/linked_list-test.LinkedListTest.TestLoadAndVerify.1578429164263051-24384/linked-list-cluster/ts-0/data --fs_wal_dir=/data/somelongdirectorytoavoidrpathissues/src/kudutest/linked_list-test.LinkedListTest.TestLoadAndVerify.1578429164263051-24384/linked-list-cluster/ts-0/wal --ipki_server_key_size=1024 --rpc_bind_addresses=127.23.208.1:35732 --rpc_server_allow_ephemeral_ports=true --metrics_log_interval_ms=1000 --server_dump_info_format=pb --server_dump_info_path=/data/somelongdirectorytoavoidrpathissues/src/kudutest/linked_list-test.LinkedListTest.TestLoadAndVerify.1578429164263051-24384/linked-list-cluster/ts-0/data/info.pb --webserver_interface=127.23.208.1 --webserver_port=39731 --tablet_history_max_age_sec=86400 --tserver_master_addrs=127.23.208.62:54889 --never_fsync=true --heap_profile_path=/tmp/kudu-tserver.30845 --redact=none --unlock_experimental_flags=true --unlock_unsafe_flags=true --enable_minidumps=false --local_ip_for_outbound_sockets=127.23.208.1 --log_dir=/data/somelongdirectorytoavoidrpathissues/src/kudutest/linked_list-test.LinkedListTest.TestLoadAndVerify.1578429164263051-24384/linked-list-cluster/ts-0/logs --logbuflevel=-1 --logtostderr=true Tablet server version: kudu 1.12.0-SNAPSHOT revision 50a4b763f09ff6a4a8955dd213e0e37a94e38b92 build type RELEASE built by jenkins at 07 Jan 2020 12:19:58 PST on quasar-wmlcin-1.vpc.cloudera.com
I0107 12:51:04.523941 30845 hybrid_clock.cc:168] waiting up to --ntp_initial_sync_wait_secs=10 seconds for the clock to synchronize
I0107 12:51:04.525118 30845 hybrid_clock.cc:186] HybridClock initialized: now 1578430264525107 us; error 16 us; skew 500 ppm
I0107 12:51:04.525202 30845 fs_manager.cc:263] Metadata directory not provided
I0107 12:51:04.525228 30845 fs_manager.cc:269] Using write-ahead log directory (fs_wal_dir) as metadata directory
I0107 12:51:04.527384 30845 fs_manager.cc:414] Time spent opening directory manager: real 0.002s user 0.001s sys 0.001s
I0107 12:51:04.527562 30845 env_posix.cc:1680] Not raising this process' open files per process limit of 32768; it is already as high as it can go
I0107 12:51:04.527622 30845 file_cache.cc:465] Constructed file cache lbm with capacity 13106
I0107 12:51:04.529702 30845 fs_manager.cc:434] Time spent opening block manager: real 0.001s user 0.000s sys 0.001s
I0107 12:51:04.529873 30845 fs_manager.cc:451] Opened local filesystem: /data/somelongdirectorytoavoidrpathissues/src/kudutest/linked_list-test.LinkedListTest.TestLoadAndVerify.1578429164263051-24384/linked-list-cluster/ts-0/data,/data/somelongdirectorytoavoidrpathissues/src/kudutest/linked_list-test.LinkedListTest.TestLoadAndVerify.1578429164263051-24384/linked-list-cluster/ts-0/wal uuid: "914675d8717742d1ae5929637e95acb2" format_stamp: "Formatted at 2020-01-07 20:32:44 on quasar-wmlcin-1.vpc.cloudera.com"
I0107 12:51:04.529907 30845 fs_report.cc:352] FS layout report -------------------- wal directory: /data/somelongdirectorytoavoidrpathissues/src/kudutest/linked_list-test.LinkedListTest.TestLoadAndVerify.1578429164263051-24384/linked-list-cluster/ts-0/wal metadata directory: /data/somelongdirectorytoavoidrpathissues/src/kudutest/linked_list-test.LinkedListTest.TestLoadAndVerify.1578429164263051-24384/linked-list-cluster/ts-0/wal 1 data directories: /data/somelongdirectorytoavoidrpathissues/src/kudutest/linked_list-test.LinkedListTest.TestLoadAndVerify.1578429164263051-24384/linked-list-cluster/ts-0/data/data Total live blocks: 66 Total live bytes: 766288035 Total live bytes (after alignment): 766431232 Total number of LBM containers: 7 (0 full) Did not check for missing blocks Did not check for orphaned blocks Total full LBM containers with extra space: 0 (0 repaired) Total full LBM container extra space in bytes: 0 (0 repaired) Total incomplete LBM containers: 0 (0 repaired) Total LBM partial records: 0 (0 repaired)
I0107 12:51:04.541622 30845 env_posix.cc:1675] Raising this process' running threads per effective uid limit from 32768 to 65536
I0107 12:51:04.541817 30845 ts_tablet_manager.cc:383] Loading tablet metadata (0/3 complete)
I0107 12:51:04.542603 30845 ts_tablet_manager.cc:395] Loaded tablet metadata (3 total tablets, 3 live tablets)
I0107 12:51:04.542623 30845 ts_tablet_manager.cc:401] Registering tablets (0/3 complete)
I0107 12:51:04.542920 30867 tablet_bootstrap.cc:439] T 77e67457a0334f92a22f52fe739203dd P 914675d8717742d1ae5929637e95acb2: Bootstrap starting.
I0107 12:51:04.543162 30845 ts_tablet_manager.cc:415] Registered 3 tablets
I0107 12:51:04.547876 30845 rpc_server.cc:211] RPC server started. Bound to: 127.23.208.1:35732
I0107 12:51:04.548070 30845 webserver.cc:382] Webserver started at http://127.23.208.1:39731/ using document root and password file
I0107 12:51:04.548195 30845 server_base.cc:629] Dumped server information to /data/somelongdirectorytoavoidrpathissues/src/kudutest/linked_list-test.LinkedListTest.TestLoadAndVerify.1578429164263051-24384/linked-list-cluster/ts-0/data/info.pb
I0107 12:51:04.550735 30972 heartbeater.cc:322] Connected to a master server at 127.23.208.62:54889
I0107 12:51:04.550755 30972 heartbeater.cc:406] Registering TS with master...
I0107 12:51:04.550804 30972 heartbeater.cc:455] Master 127.23.208.62:54889 requested a full tablet report, sending...
I0107 12:51:04.550976 24414 ts_manager.cc:192] Re-registered known tserver with Master: 914675d8717742d1ae5929637e95acb2 (127.23.208.1:35732)
I0107 12:51:04.551437 24384 external_mini_cluster.cc:1105] Started /data/somelongdirectorytoavoidrpathissues/src/kudu/build/release/bin/kudu-tserver as pid 30845
I0107 12:51:04.551611 24414 master_service.cc:351] Signed X509 certificate for tserver {username='jenkins'} at 127.23.208.1:53372
I0107 12:51:04.555440 30889 tablet_service.cc:2553] Scan: Not found: Scanner 24747a688bc144d89724b7a41303961a not found (it may have expired): call sequence id=1, remote={username='jenkins'} at 127.23.208.1:34454
W0107 12:51:04.555583 24384 client.cc:1692] Attempting to retry Scanner { table: TestTable, tablet: 16e58229a0c648eda40d4376454f2981, projection: ( rand_key INT64 NOT NULL, link_to INT64 NOT NULL, updated BOOL NOT NULL, PRIMARY KEY () ), scan_spec: } elsewhere.
I0107 12:51:04.648372 30867 log.cc:815] T 77e67457a0334f92a22f52fe739203dd P 914675d8717742d1ae5929637e95acb2: Log is configured to *not* fsync() on all Append() calls
W0107 12:51:04.807271 24724 consensus_peers.cc:473] T 16e58229a0c648eda40d4376454f2981 P 76f8bc397d684ec2b99494eb2fee53c4 -> Peer 914675d8717742d1ae5929637e95acb2 (127.23.208.1:35732): Couldn't send request to peer 914675d8717742d1ae5929637e95acb2. Error code: TABLET_NOT_RUNNING (12). Status: Illegal state: Tablet not RUNNING: INITIALIZED. This is attempt 1: this message will repeat every 5th retry.
W0107 12:51:04.826117 24600 consensus_peers.cc:473] T 30019a15e66f4115b11a50dbcaf93a87 P c0dcf07e91a6459fb83f90f61d363e44 -> Peer 914675d8717742d1ae5929637e95acb2 (127.23.208.1:35732): Couldn't send request to peer 914675d8717742d1ae5929637e95acb2. Error code: TABLET_NOT_RUNNING (12). Status: Illegal state: Tablet not RUNNING: INITIALIZED. This is attempt 1: this message will repeat every 5th retry.
I0107 12:51:04.947844 30867 tablet_bootstrap.cc:439] T 77e67457a0334f92a22f52fe739203dd P 914675d8717742d1ae5929637e95acb2: Bootstrap replayed 1/1 log segments. Stats: ops{read=11240 overwritten=0 applied=11240 ignored=11240} inserts{seen=0 ignored=0} mutations{seen=0 ignored=0} orphaned_commits=0. Pending: 0 replicates
I0107 12:51:04.947998 30867 log.cc:1202] T 77e67457a0334f92a22f52fe739203dd P 914675d8717742d1ae5929637e95acb2: --skip_remove_old_recovery_dir enabled. NOT deleting /data/somelongdirectorytoavoidrpathissues/src/kudutest/linked_list-test.LinkedListTest.TestLoadAndVerify.1578429164263051-24384/linked-list-cluster/ts-0/wal/wals/77e67457a0334f92a22f52fe739203dd.recovery-1578430264947950
I0107 12:51:04.948045 30867 tablet_bootstrap.cc:439] T 77e67457a0334f92a22f52fe739203dd P 914675d8717742d1ae5929637e95acb2: Bootstrap complete.
I0107 12:51:04.948107 30867 ts_tablet_manager.cc:1105] T 77e67457a0334f92a22f52fe739203dd P 914675d8717742d1ae5929637e95acb2: Time spent bootstrapping tablet: real 0.405s user 0.293s sys 0.081s
I0107 12:51:04.949024 30867 raft_consensus.cc:341] T 77e67457a0334f92a22f52fe739203dd P 914675d8717742d1ae5929637e95acb2 [term 1 FOLLOWER]: Replica starting. Triggering 0 pending transactions. Active config: opid_index: -1 OBSOLETE_local: false peers { permanent_uuid: "914675d8717742d1ae5929637e95acb2" member_type: VOTER last_known_addr { host: "127.23.208.1" port: 35732 } } peers { permanent_uuid: "c0dcf07e91a6459fb83f90f61d363e44" member_type: VOTER last_known_addr { host: "127.23.208.2" port: 57827 } } peers { permanent_uuid: "76f8bc397d684ec2b99494eb2fee53c4" member_type: VOTER last_known_addr { host: "127.23.208.3" port: 49994 } }
I0107 12:51:04.949082 30867 raft_consensus.cc:712] T 77e67457a0334f92a22f52fe739203dd P 914675d8717742d1ae5929637e95acb2 [term 1 FOLLOWER]: Becoming Follower/Learner. State: Replica: 914675d8717742d1ae5929637e95acb2, State: Initialized, Role: FOLLOWER
I0107 12:51:04.949184 30867 consensus_queue.cc:229] T 77e67457a0334f92a22f52fe739203dd P 914675d8717742d1ae5929637e95acb2 [NON_LEADER]: Queue going to NON_LEADER mode. State: All replicated index: 0, Majority replicated index: 0, Committed index: 383367, Last appended: 1.383367, Last appended by leader: 383367, Current term: 0, Majority size: -1, State: 0, Mode: NON_LEADER, active raft config: opid_index: -1 OBSOLETE_local: false peers { permanent_uuid: "914675d8717742d1ae5929637e95acb2" member_type: VOTER last_known_addr { host: "127.23.208.1" port: 35732 } } peers { permanent_uuid: "c0dcf07e91a6459fb83f90f61d363e44" member_type: VOTER last_known_addr { host: "127.23.208.2" port: 57827 } } peers { permanent_uuid: "76f8bc397d684ec2b99494eb2fee53c4" member_type: VOTER last_known_addr { host: "127.23.208.3" port: 49994 } }
I0107 12:51:04.949353 30867 ts_tablet_manager.cc:1133] T 77e67457a0334f92a22f52fe739203dd P 914675d8717742d1ae5929637e95acb2: Time spent starting tablet: real 0.001s user 0.001s sys 0.000s
I0107 12:51:04.949420 30867 tablet_bootstrap.cc:439] T 30019a15e66f4115b11a50dbcaf93a87 P 914675d8717742d1ae5929637e95acb2: Bootstrap starting.
I0107 12:51:04.949365 30972 heartbeater.cc:447] Master 127.23.208.62:54889 was elected leader, sending a full tablet report...
I0107 12:51:05.048772 30973 maintenance_manager.cc:326] P 914675d8717742d1ae5929637e95acb2: Scheduling UndoDeltaBlockGCOp(77e67457a0334f92a22f52fe739203dd): 70340981 bytes on disk
I0107 12:51:05.090337 30866 maintenance_manager.cc:527] P 914675d8717742d1ae5929637e95acb2: UndoDeltaBlockGCOp(77e67457a0334f92a22f52fe739203dd) complete. Timing: real 0.041s user 0.000s sys 0.000s Metrics: {"cfile_init":2,"lbm_read_time_us":41367,"lbm_reads_1-10_ms":2,"lbm_reads_10-100_ms":2,"lbm_reads_lt_1ms":4}
I0107 12:51:05.389976 30867 tablet_bootstrap.cc:439] T 30019a15e66f4115b11a50dbcaf93a87 P 914675d8717742d1ae5929637e95acb2: Bootstrap replayed 1/1 log segments. Stats: ops{read=10398 overwritten=0 applied=10398 ignored=10398} inserts{seen=0 ignored=0} mutations{seen=0 ignored=0} orphaned_commits=0. Pending: 0 replicates
I0107 12:51:05.390065 30867 log.cc:1202] T 30019a15e66f4115b11a50dbcaf93a87 P 914675d8717742d1ae5929637e95acb2: --skip_remove_old_recovery_dir enabled. NOT deleting /data/somelongdirectorytoavoidrpathissues/src/kudutest/linked_list-test.LinkedListTest.TestLoadAndVerify.1578429164263051-24384/linked-list-cluster/ts-0/wal/wals/30019a15e66f4115b11a50dbcaf93a87.recovery-1578430265390022
I0107 12:51:05.390074 30867 tablet_bootstrap.cc:439] T 30019a15e66f4115b11a50dbcaf93a87 P 914675d8717742d1ae5929637e95acb2: Bootstrap complete.
I0107 12:51:05.390103 30867 ts_tablet_manager.cc:1105] T 30019a15e66f4115b11a50dbcaf93a87 P 914675d8717742d1ae5929637e95acb2: Time spent bootstrapping tablet: real 0.441s user 0.341s sys 0.096s
I0107 12:51:05.390194 30867 raft_consensus.cc:341] T 30019a15e66f4115b11a50dbcaf93a87 P 914675d8717742d1ae5929637e95acb2 [term 1 FOLLOWER]: Replica starting. Triggering 0 pending transactions. Active config: opid_index: -1 OBSOLETE_local: false peers { permanent_uuid: "914675d8717742d1ae5929637e95acb2" member_type: VOTER last_known_addr { host: "127.23.208.1" port: 35732 } } peers { permanent_uuid: "c0dcf07e91a6459fb83f90f61d363e44" member_type: VOTER last_known_addr { host: "127.23.208.2" port: 57827 } } peers { permanent_uuid: "76f8bc397d684ec2b99494eb2fee53c4" member_type: VOTER last_known_addr { host: "127.23.208.3" port: 49994 } }
I0107 12:51:05.390223 30867 raft_consensus.cc:712] T 30019a15e66f4115b11a50dbcaf93a87 P 914675d8717742d1ae5929637e95acb2 [term 1 FOLLOWER]: Becoming Follower/Learner. State: Replica: 914675d8717742d1ae5929637e95acb2, State: Initialized, Role: FOLLOWER
