I0107 12:32:44.540103 24851 tablet_bootstrap.cc:439] T 77e67457a0334f92a22f52fe739203dd P 76f8bc397d684ec2b99494eb2fee53c4: Bootstrap starting.
I0107 12:32:44.540320 24852 tablet_bootstrap.cc:590] T 77e67457a0334f92a22f52fe739203dd P c0dcf07e91a6459fb83f90f61d363e44: No blocks or log segments found. Creating new log.
I0107 12:32:44.540529 24852 log.cc:815] T 77e67457a0334f92a22f52fe739203dd P c0dcf07e91a6459fb83f90f61d363e44: Log is configured to *not* fsync() on all Append() calls
I0107 12:32:44.540904 24854 tablet_bootstrap.cc:439] T 77e67457a0334f92a22f52fe739203dd P 914675d8717742d1ae5929637e95acb2: Bootstrap starting.
I0107 12:32:44.541188 24851 tablet_bootstrap.cc:590] T 77e67457a0334f92a22f52fe739203dd P 76f8bc397d684ec2b99494eb2fee53c4: No blocks or log segments found. Creating new log.
I0107 12:32:44.541239 24854 tablet_bootstrap.cc:590] T 77e67457a0334f92a22f52fe739203dd P 914675d8717742d1ae5929637e95acb2: No blocks or log segments found. Creating new log.
I0107 12:32:44.541373 24851 log.cc:815] T 77e67457a0334f92a22f52fe739203dd P 76f8bc397d684ec2b99494eb2fee53c4: Log is configured to *not* fsync() on all Append() calls
I0107 12:32:44.541463 24854 log.cc:815] T 77e67457a0334f92a22f52fe739203dd P 914675d8717742d1ae5929637e95acb2: Log is configured to *not* fsync() on all Append() calls
I0107 12:32:44.541586 24852 tablet_bootstrap.cc:439] T 77e67457a0334f92a22f52fe739203dd P c0dcf07e91a6459fb83f90f61d363e44: No bootstrap required, opened a new log
I0107 12:32:44.541620 24852 ts_tablet_manager.cc:1105] T 77e67457a0334f92a22f52fe739203dd P c0dcf07e91a6459fb83f90f61d363e44: Time spent bootstrapping tablet: real 0.002s user 0.000s sys 0.000s
I0107 12:32:44.541963 24851 tablet_bootstrap.cc:439] T 77e67457a0334f92a22f52fe739203dd P 76f8bc397d684ec2b99494eb2fee53c4: No bootstrap required, opened a new log
I0107 12:32:44.541993 24851 ts_tablet_manager.cc:1105] T 77e67457a0334f92a22f52fe739203dd P 76f8bc397d684ec2b99494eb2fee53c4: Time spent bootstrapping tablet: real 0.002s user 0.000s sys 0.000s
I0107 12:32:44.542155 24854 tablet_bootstrap.cc:439] T 77e67457a0334f92a22f52fe739203dd P 914675d8717742d1ae5929637e95acb2: No bootstrap required, opened a new log
I0107 12:32:44.542177 24854 ts_tablet_manager.cc:1105] T 77e67457a0334f92a22f52fe739203dd P 914675d8717742d1ae5929637e95acb2: Time spent bootstrapping tablet: real 0.001s user 0.000s sys 0.000s
I0107 12:32:44.542945 24852 raft_consensus.cc:341] T 77e67457a0334f92a22f52fe739203dd P c0dcf07e91a6459fb83f90f61d363e44 [term 0 FOLLOWER]: Replica starting. Triggering 0 pending transactions. Active config: opid_index: -1 OBSOLETE_local: false peers { permanent_uuid: "914675d8717742d1ae5929637e95acb2" member_type: VOTER last_known_addr { host: "127.23.208.1" port: 35732 } } peers { permanent_uuid: "c0dcf07e91a6459fb83f90f61d363e44" member_type: VOTER last_known_addr { host: "127.23.208.2" port: 57827 } } peers { permanent_uuid: "76f8bc397d684ec2b99494eb2fee53c4" member_type: VOTER last_known_addr { host: "127.23.208.3" port: 49994 } }
I0107 12:32:44.542960 24852 raft_consensus.cc:367] T 77e67457a0334f92a22f52fe739203dd P c0dcf07e91a6459fb83f90f61d363e44 [term 0 FOLLOWER]: Consensus starting up: Expiring failure detector timer to make a prompt election more likely
I0107 12:32:44.542968 24852 raft_consensus.cc:712] T 77e67457a0334f92a22f52fe739203dd P c0dcf07e91a6459fb83f90f61d363e44 [term 0 FOLLOWER]: Becoming Follower/Learner. State: Replica: c0dcf07e91a6459fb83f90f61d363e44, State: Initialized, Role: FOLLOWER
I0107 12:32:44.543021 24851 raft_consensus.cc:341] T 77e67457a0334f92a22f52fe739203dd P 76f8bc397d684ec2b99494eb2fee53c4 [term 0 FOLLOWER]: Replica starting. Triggering 0 pending transactions. Active config: opid_index: -1 OBSOLETE_local: false peers { permanent_uuid: "914675d8717742d1ae5929637e95acb2" member_type: VOTER last_known_addr { host: "127.23.208.1" port: 35732 } } peers { permanent_uuid: "c0dcf07e91a6459fb83f90f61d363e44" member_type: VOTER last_known_addr { host: "127.23.208.2" port: 57827 } } peers { permanent_uuid: "76f8bc397d684ec2b99494eb2fee53c4" member_type: VOTER last_known_addr { host: "127.23.208.3" port: 49994 } }
I0107 12:32:44.543032 24851 raft_consensus.cc:367] T 77e67457a0334f92a22f52fe739203dd P 76f8bc397d684ec2b99494eb2fee53c4 [term 0 FOLLOWER]: Consensus starting up: Expiring failure detector timer to make a prompt election more likely
I0107 12:32:44.543037 24851 raft_consensus.cc:712] T 77e67457a0334f92a22f52fe739203dd P 76f8bc397d684ec2b99494eb2fee53c4 [term 0 FOLLOWER]: Becoming Follower/Learner. State: Replica: 76f8bc397d684ec2b99494eb2fee53c4, State: Initialized, Role: FOLLOWER
I0107 12:32:44.543035 24852 consensus_queue.cc:229] T 77e67457a0334f92a22f52fe739203dd P c0dcf07e91a6459fb83f90f61d363e44 [NON_LEADER]: Queue going to NON_LEADER mode. State: All replicated index: 0, Majority replicated index: 0, Committed index: 0, Last appended: 0.0, Last appended by leader: 0, Current term: 0, Majority size: -1, State: 0, Mode: NON_LEADER, active raft config: opid_index: -1 OBSOLETE_local: false peers { permanent_uuid: "914675d8717742d1ae5929637e95acb2" member_type: VOTER last_known_addr { host: "127.23.208.1" port: 35732 } } peers { permanent_uuid: "c0dcf07e91a6459fb83f90f61d363e44" member_type: VOTER last_known_addr { host: "127.23.208.2" port: 57827 } } peers { permanent_uuid: "76f8bc397d684ec2b99494eb2fee53c4" member_type: VOTER last_known_addr { host: "127.23.208.3" port: 49994 } }
I0107 12:32:44.543088 24851 consensus_queue.cc:229] T 77e67457a0334f92a22f52fe739203dd P 76f8bc397d684ec2b99494eb2fee53c4 [NON_LEADER]: Queue going to NON_LEADER mode. State: All replicated index: 0, Majority replicated index: 0, Committed index: 0, Last appended: 0.0, Last appended by leader: 0, Current term: 0, Majority size: -1, State: 0, Mode: NON_LEADER, active raft config: opid_index: -1 OBSOLETE_local: false peers { permanent_uuid: "914675d8717742d1ae5929637e95acb2" member_type: VOTER last_known_addr { host: "127.23.208.1" port: 35732 } } peers { permanent_uuid: "c0dcf07e91a6459fb83f90f61d363e44" member_type: VOTER last_known_addr { host: "127.23.208.2" port: 57827 } } peers { permanent_uuid: "76f8bc397d684ec2b99494eb2fee53c4" member_type: VOTER last_known_addr { host: "127.23.208.3" port: 49994 } }
I0107 12:32:44.543126 24852 ts_tablet_manager.cc:1133] T 77e67457a0334f92a22f52fe739203dd P c0dcf07e91a6459fb83f90f61d363e44: Time spent starting tablet: real 0.001s user 0.002s sys 0.000s
I0107 12:32:44.543145 24852 tablet_bootstrap.cc:439] T 30019a15e66f4115b11a50dbcaf93a87 P c0dcf07e91a6459fb83f90f61d363e44: Bootstrap starting.
I0107 12:32:44.543174 24851 ts_tablet_manager.cc:1133] T 77e67457a0334f92a22f52fe739203dd P 76f8bc397d684ec2b99494eb2fee53c4: Time spent starting tablet: real 0.001s user 0.001s sys 0.000s
I0107 12:32:44.543177 24836 heartbeater.cc:447] Master 127.23.208.62:54889 was elected leader, sending a full tablet report...
I0107 12:32:44.543192 24851 tablet_bootstrap.cc:439] T 30019a15e66f4115b11a50dbcaf93a87 P 76f8bc397d684ec2b99494eb2fee53c4: Bootstrap starting.
I0107 12:32:44.543363 24851 tablet_bootstrap.cc:590] T 30019a15e66f4115b11a50dbcaf93a87 P 76f8bc397d684ec2b99494eb2fee53c4: No blocks or log segments found. Creating new log.
I0107 12:32:44.543431 24852 tablet_bootstrap.cc:590] T 30019a15e66f4115b11a50dbcaf93a87 P c0dcf07e91a6459fb83f90f61d363e44: No blocks or log segments found. Creating new log.
I0107 12:32:44.543550 24854 raft_consensus.cc:341] T 77e67457a0334f92a22f52fe739203dd P 914675d8717742d1ae5929637e95acb2 [term 0 FOLLOWER]: Replica starting. Triggering 0 pending transactions. Active config: opid_index: -1 OBSOLETE_local: false peers { permanent_uuid: "914675d8717742d1ae5929637e95acb2" member_type: VOTER last_known_addr { host: "127.23.208.1" port: 35732 } } peers { permanent_uuid: "c0dcf07e91a6459fb83f90f61d363e44" member_type: VOTER last_known_addr { host: "127.23.208.2" port: 57827 } } peers { permanent_uuid: "76f8bc397d684ec2b99494eb2fee53c4" member_type: VOTER last_known_addr { host: "127.23.208.3" port: 49994 } }
I0107 12:32:44.543562 24854 raft_consensus.cc:367] T 77e67457a0334f92a22f52fe739203dd P 914675d8717742d1ae5929637e95acb2 [term 0 FOLLOWER]: Consensus starting up: Expiring failure detector timer to make a prompt election more likely
I0107 12:32:44.543570 24854 raft_consensus.cc:712] T 77e67457a0334f92a22f52fe739203dd P 914675d8717742d1ae5929637e95acb2 [term 0 FOLLOWER]: Becoming Follower/Learner. State: Replica: 914675d8717742d1ae5929637e95acb2, State: Initialized, Role: FOLLOWER
I0107 12:32:44.543622 24854 consensus_queue.cc:229] T 77e67457a0334f92a22f52fe739203dd P 914675d8717742d1ae5929637e95acb2 [NON_LEADER]: Queue going to NON_LEADER mode. State: All replicated index: 0, Majority replicated index: 0, Committed index: 0, Last appended: 0.0, Last appended by leader: 0, Current term: 0, Majority size: -1, State: 0, Mode: NON_LEADER, active raft config: opid_index: -1 OBSOLETE_local: false peers { permanent_uuid: "914675d8717742d1ae5929637e95acb2" member_type: VOTER last_known_addr { host: "127.23.208.1" port: 35732 } } peers { permanent_uuid: "c0dcf07e91a6459fb83f90f61d363e44" member_type: VOTER last_known_addr { host: "127.23.208.2" port: 57827 } } peers { permanent_uuid: "76f8bc397d684ec2b99494eb2fee53c4" member_type: VOTER last_known_addr { host: "127.23.208.3" port: 49994 } }
I0107 12:32:44.543633 24712 heartbeater.cc:447] Master 127.23.208.62:54889 was elected leader, sending a full tablet report...
I0107 12:32:44.543704 24854 ts_tablet_manager.cc:1133] T 77e67457a0334f92a22f52fe739203dd P 914675d8717742d1ae5929637e95acb2: Time spent starting tablet: real 0.002s user 0.002s sys 0.000s
I0107 12:32:44.543725 24854 tablet_bootstrap.cc:439] T 30019a15e66f4115b11a50dbcaf93a87 P 914675d8717742d1ae5929637e95acb2: Bootstrap starting.
I0107 12:32:44.544006 24854 tablet_bootstrap.cc:590] T 30019a15e66f4115b11a50dbcaf93a87 P 914675d8717742d1ae5929637e95acb2: No blocks or log segments found. Creating new log.
I0107 12:32:44.544025 24587 heartbeater.cc:447] Master 127.23.208.62:54889 was elected leader, sending a full tablet report...
I0107 12:32:44.544250 24851 tablet_bootstrap.cc:439] T 30019a15e66f4115b11a50dbcaf93a87 P 76f8bc397d684ec2b99494eb2fee53c4: No bootstrap required, opened a new log
I0107 12:32:44.544268 24851 ts_tablet_manager.cc:1105] T 30019a15e66f4115b11a50dbcaf93a87 P 76f8bc397d684ec2b99494eb2fee53c4: Time spent bootstrapping tablet: real 0.001s user 0.001s sys 0.000s
I0107 12:32:44.544348 24851 raft_consensus.cc:341] T 30019a15e66f4115b11a50dbcaf93a87 P 76f8bc397d684ec2b99494eb2fee53c4 [term 0 FOLLOWER]: Replica starting. Triggering 0 pending transactions. Active config: opid_index: -1 OBSOLETE_local: false peers { permanent_uuid: "914675d8717742d1ae5929637e95acb2" member_type: VOTER last_known_addr { host: "127.23.208.1" port: 35732 } } peers { permanent_uuid: "c0dcf07e91a6459fb83f90f61d363e44" member_type: VOTER last_known_addr { host: "127.23.208.2" port: 57827 } } peers { permanent_uuid: "76f8bc397d684ec2b99494eb2fee53c4" member_type: VOTER last_known_addr { host: "127.23.208.3" port: 49994 } }
I0107 12:32:44.544354 24851 raft_consensus.cc:367] T 30019a15e66f4115b11a50dbcaf93a87 P 76f8bc397d684ec2b99494eb2fee53c4 [term 0 FOLLOWER]: Consensus starting up: Expiring failure detector timer to make a prompt election more likely
I0107 12:32:44.544358 24851 raft_consensus.cc:712] T 30019a15e66f4115b11a50dbcaf93a87 P 76f8bc397d684ec2b99494eb2fee53c4 [term 0 FOLLOWER]: Becoming Follower/Learner. State: Replica: 76f8bc397d684ec2b99494eb2fee53c4, State: Initialized, Role: FOLLOWER
I0107 12:32:44.544395 24851 consensus_queue.cc:229] T 30019a15e66f4115b11a50dbcaf93a87 P 76f8bc397d684ec2b99494eb2fee53c4 [NON_LEADER]: Queue going to NON_LEADER mode. State: All replicated index: 0, Majority replicated index: 0, Committed index: 0, Last appended: 0.0, Last appended by leader: 0, Current term: 0, Majority size: -1, State: 0, Mode: NON_LEADER, active raft config: opid_index: -1 OBSOLETE_local: false peers { permanent_uuid: "914675d8717742d1ae5929637e95acb2" member_type: VOTER last_known_addr { host: "127.23.208.1" port: 35732 } } peers { permanent_uuid: "c0dcf07e91a6459fb83f90f61d363e44" member_type: VOTER last_known_addr { host: "127.23.208.2" port: 57827 } } peers { permanent_uuid: "76f8bc397d684ec2b99494eb2fee53c4" member_type: VOTER last_known_addr { host: "127.23.208.3" port: 49994 } }
I0107 12:32:44.544411 24852 tablet_bootstrap.cc:439] T 30019a15e66f4115b11a50dbcaf93a87 P c0dcf07e91a6459fb83f90f61d363e44: No bootstrap required, opened a new log
I0107 12:32:44.544425 24852 ts_tablet_manager.cc:1105] T 30019a15e66f4115b11a50dbcaf93a87 P c0dcf07e91a6459fb83f90f61d363e44: Time spent bootstrapping tablet: real 0.001s user 0.000s sys 0.000s
I0107 12:32:44.544452 24851 ts_tablet_manager.cc:1133] T 30019a15e66f4115b11a50dbcaf93a87 P 76f8bc397d684ec2b99494eb2fee53c4: Time spent starting tablet: real 0.000s user 0.000s sys 0.000s
I0107 12:32:44.544471 24851 tablet_bootstrap.cc:439] T 16e58229a0c648eda40d4376454f2981 P 76f8bc397d684ec2b99494eb2fee53c4: Bootstrap starting.
I0107 12:32:44.544513 24852 raft_consensus.cc:341] T 30019a15e66f4115b11a50dbcaf93a87 P c0dcf07e91a6459fb83f90f61d363e44 [term 0 FOLLOWER]: Replica starting. Triggering 0 pending transactions. Active config: opid_index: -1 OBSOLETE_local: false peers { permanent_uuid: "914675d8717742d1ae5929637e95acb2" member_type: VOTER last_known_addr { host: "127.23.208.1" port: 35732 } } peers { permanent_uuid: "c0dcf07e91a6459fb83f90f61d363e44" member_type: VOTER last_known_addr { host: "127.23.208.2" port: 57827 } } peers { permanent_uuid: "76f8bc397d684ec2b99494eb2fee53c4" member_type: VOTER last_known_addr { host: "127.23.208.3" port: 49994 } }
I0107 12:32:44.544523 24852 raft_consensus.cc:367] T 30019a15e66f4115b11a50dbcaf93a87 P c0dcf07e91a6459fb83f90f61d363e44 [term 0 FOLLOWER]: Consensus starting up: Expiring failure detector timer to make a prompt election more likely
I0107 12:32:44.544528 24852 raft_consensus.cc:712] T 30019a15e66f4115b11a50dbcaf93a87 P c0dcf07e91a6459fb83f90f61d363e44 [term 0 FOLLOWER]: Becoming Follower/Learner. State: Replica: c0dcf07e91a6459fb83f90f61d363e44, State: Initialized, Role: FOLLOWER
I0107 12:32:44.544569 24852 consensus_queue.cc:229] T 30019a15e66f4115b11a50dbcaf93a87 P c0dcf07e91a6459fb83f90f61d363e44 [NON_LEADER]: Queue going to NON_LEADER mode. State: All replicated index: 0, Majority replicated index: 0, Committed index: 0, Last appended: 0.0, Last appended by leader: 0, Current term: 0, Majority size: -1, State: 0, Mode: NON_LEADER, active raft config: opid_index: -1 OBSOLETE_local: false peers { permanent_uuid: "914675d8717742d1ae5929637e95acb2" member_type: VOTER last_known_addr { host: "127.23.208.1" port: 35732 } } peers { permanent_uuid: "c0dcf07e91a6459fb83f90f61d363e44" member_type: VOTER last_known_addr { host: "127.23.208.2" port: 57827 } } peers { permanent_uuid: "76f8bc397d684ec2b99494eb2fee53c4" member_type: VOTER last_known_addr { host: "127.23.208.3" port: 49994 } }
I0107 12:32:44.544603 24852 ts_tablet_manager.cc:1133] T 30019a15e66f4115b11a50dbcaf93a87 P c0dcf07e91a6459fb83f90f61d363e44: Time spent starting tablet: real 0.000s user 0.000s sys 0.000s
I0107 12:32:44.544620 24852 tablet_bootstrap.cc:439] T 16e58229a0c648eda40d4376454f2981 P c0dcf07e91a6459fb83f90f61d363e44: Bootstrap starting.
I0107 12:32:44.544648 24851 tablet_bootstrap.cc:590] T 16e58229a0c648eda40d4376454f2981 P 76f8bc397d684ec2b99494eb2fee53c4: No blocks or log segments found. Creating new log.
I0107 12:32:44.544898 24852 tablet_bootstrap.cc:590] T 16e58229a0c648eda40d4376454f2981 P c0dcf07e91a6459fb83f90f61d363e44: No blocks or log segments found. Creating new log.
I0107 12:32:44.545199 24854 tablet_bootstrap.cc:439] T 30019a15e66f4115b11a50dbcaf93a87 P 914675d8717742d1ae5929637e95acb2: No bootstrap required, opened a new log
I0107 12:32:44.545219 24854 ts_tablet_manager.cc:1105] T 30019a15e66f4115b11a50dbcaf93a87 P 914675d8717742d1ae5929637e95acb2: Time spent bootstrapping tablet: real 0.001s user 0.000s sys 0.000s
I0107 12:32:44.545310 24854 raft_consensus.cc:341] T 30019a15e66f4115b11a50dbcaf93a87 P 914675d8717742d1ae5929637e95acb2 [term 0 FOLLOWER]: Replica starting. Triggering 0 pending transactions. Active config: opid_index: -1 OBSOLETE_local: false peers { permanent_uuid: "914675d8717742d1ae5929637e95acb2" member_type: VOTER last_known_addr { host: "127.23.208.1" port: 35732 } } peers { permanent_uuid: "c0dcf07e91a6459fb83f90f61d363e44" member_type: VOTER last_known_addr { host: "127.23.208.2" port: 57827 } } peers { permanent_uuid: "76f8bc397d684ec2b99494eb2fee53c4" member_type: VOTER last_known_addr { host: "127.23.208.3" port: 49994 } }
I0107 12:32:44.545320 24854 raft_consensus.cc:367] T 30019a15e66f4115b11a50dbcaf93a87 P 914675d8717742d1ae5929637e95acb2 [term 0 FOLLOWER]: Consensus starting up: Expiring failure detector timer to make a prompt election more likely
I0107 12:32:44.545331 24854 raft_consensus.cc:712] T 30019a15e66f4115b11a50dbcaf93a87 P 914675d8717742d1ae5929637e95acb2 [term 0 FOLLOWER]: Becoming Follower/Learner. State: Replica: 914675d8717742d1ae5929637e95acb2, State: Initialized, Role: FOLLOWER
I0107 12:32:44.545356 24854 consensus_queue.cc:229] T 30019a15e66f4115b11a50dbcaf93a87 P 914675d8717742d1ae5929637e95acb2 [NON_LEADER]: Queue going to NON_LEADER mode. State: All replicated index: 0, Majority replicated index: 0, Committed index: 0, Last appended: 0.0, Last appended by leader: 0, Current term: 0, Majority size: -1, State: 0, Mode: NON_LEADER, active raft config: opid_index: -1 OBSOLETE_local: false peers { permanent_uuid: "914675d8717742d1ae5929637e95acb2" member_type: VOTER last_known_addr { host: "127.23.208.1" port: 35732 } } peers { permanent_uuid: "c0dcf07e91a6459fb83f90f61d363e44" member_type: VOTER last_known_addr { host: "127.23.208.2" port: 57827 } } peers { permanent_uuid: "76f8bc397d684ec2b99494eb2fee53c4" member_type: VOTER last_known_addr { host: "127.23.208.3" port: 49994 } }
I0107 12:32:44.545434 24854 ts_tablet_manager.cc:1133] T 30019a15e66f4115b11a50dbcaf93a87 P 914675d8717742d1ae5929637e95acb2: Time spent starting tablet: real 0.000s user 0.000s sys 0.000s
I0107 12:32:44.545456 24854 tablet_bootstrap.cc:439] T 16e58229a0c648eda40d4376454f2981 P 914675d8717742d1ae5929637e95acb2: Bootstrap starting.
I0107 12:32:44.545622 24854 tablet_bootstrap.cc:590] T 16e58229a0c648eda40d4376454f2981 P 914675d8717742d1ae5929637e95acb2: No blocks or log segments found. Creating new log.
I0107 12:32:44.545918 24851 tablet_bootstrap.cc:439] T 16e58229a0c648eda40d4376454f2981 P 76f8bc397d684ec2b99494eb2fee53c4: No bootstrap required, opened a new log
I0107 12:32:44.545941 24851 ts_tablet_manager.cc:1105] T 16e58229a0c648eda40d4376454f2981 P 76f8bc397d684ec2b99494eb2fee53c4: Time spent bootstrapping tablet: real 0.001s user 0.000s sys 0.000s
I0107 12:32:44.546025 24852 tablet_bootstrap.cc:439] T 16e58229a0c648eda40d4376454f2981 P c0dcf07e91a6459fb83f90f61d363e44: No bootstrap required, opened a new log
I0107 12:32:44.546025 24851 raft_consensus.cc:341] T 16e58229a0c648eda40d4376454f2981 P 76f8bc397d684ec2b99494eb2fee53c4 [term 0 FOLLOWER]: Replica starting. Triggering 0 pending transactions. Active config: opid_index: -1 OBSOLETE_local: false peers { permanent_uuid: "c0dcf07e91a6459fb83f90f61d363e44" member_type: VOTER last_known_addr { host: "127.23.208.2" port: 57827 } } peers { permanent_uuid: "914675d8717742d1ae5929637e95acb2" member_type: VOTER last_known_addr { host: "127.23.208.1" port: 35732 } } peers { permanent_uuid: "76f8bc397d684ec2b99494eb2fee53c4" member_type: VOTER last_known_addr { host: "127.23.208.3" port: 49994 } }
I0107 12:32:44.546038 24851 raft_consensus.cc:367] T 16e58229a0c648eda40d4376454f2981 P 76f8bc397d684ec2b99494eb2fee53c4 [term 0 FOLLOWER]: Consensus starting up: Expiring failure detector timer to make a prompt election more likely
I0107 12:32:44.546041 24851 raft_consensus.cc:712] T 16e58229a0c648eda40d4376454f2981 P 76f8bc397d684ec2b99494eb2fee53c4 [term 0 FOLLOWER]: Becoming Follower/Learner. State: Replica: 76f8bc397d684ec2b99494eb2fee53c4, State: Initialized, Role: FOLLOWER
I0107 12:32:44.546046 24852 ts_tablet_manager.cc:1105] T 16e58229a0c648eda40d4376454f2981 P c0dcf07e91a6459fb83f90f61d363e44: Time spent bootstrapping tablet: real 0.001s user 0.000s sys 0.001s
I0107 12:32:44.546080 24851 consensus_queue.cc:229] T 16e58229a0c648eda40d4376454f2981 P 76f8bc397d684ec2b99494eb2fee53c4 [NON_LEADER]: Queue going to NON_LEADER mode. State: All replicated index: 0, Majority replicated index: 0, Committed index: 0, Last appended: 0.0, Last appended by leader: 0, Current term: 0, Majority size: -1, State: 0, Mode: NON_LEADER, active raft config: opid_index: -1 OBSOLETE_local: false peers { permanent_uuid: "c0dcf07e91a6459fb83f90f61d363e44" member_type: VOTER last_known_addr { host: "127.23.208.2" port: 57827 } } peers { permanent_uuid: "914675d8717742d1ae5929637e95acb2" member_type: VOTER last_known_addr { host: "127.23.208.1" port: 35732 } } peers { permanent_uuid: "76f8bc397d684ec2b99494eb2fee53c4" member_type: VOTER last_known_addr { host: "127.23.208.3" port: 49994 } }
I0107 12:32:44.546125 24851 ts_tablet_manager.cc:1133] T 16e58229a0c648eda40d4376454f2981 P 76f8bc397d684ec2b99494eb2fee53c4: Time spent starting tablet: real 0.000s user 0.000s sys 0.000s
I0107 12:32:44.546170 24852 raft_consensus.cc:341] T 16e58229a0c648eda40d4376454f2981 P c0dcf07e91a6459fb83f90f61d363e44 [term 0 FOLLOWER]: Replica starting. Triggering 0 pending transactions. Active config: opid_index: -1 OBSOLETE_local: false peers { permanent_uuid: "c0dcf07e91a6459fb83f90f61d363e44" member_type: VOTER last_known_addr { host: "127.23.208.2" port: 57827 } } peers { permanent_uuid: "914675d8717742d1ae5929637e95acb2" member_type: VOTER last_known_addr { host: "127.23.208.1" port: 35732 } } peers { permanent_uuid: "76f8bc397d684ec2b99494eb2fee53c4" member_type: VOTER last_known_addr { host: "127.23.208.3" port: 49994 } }
I0107 12:32:44.546190 24852 raft_consensus.cc:367] T 16e58229a0c648eda40d4376454f2981 P c0dcf07e91a6459fb83f90f61d363e44 [term 0 FOLLOWER]: Consensus starting up: Expiring failure detector timer to make a prompt election more likely
I0107 12:32:44.546202 24852 raft_consensus.cc:712] T 16e58229a0c648eda40d4376454f2981 P c0dcf07e91a6459fb83f90f61d363e44 [term 0 FOLLOWER]: Becoming Follower/Learner. State: Replica: c0dcf07e91a6459fb83f90f61d363e44, State: Initialized, Role: FOLLOWER
I0107 12:32:44.546255 24852 consensus_queue.cc:229] T 16e58229a0c648eda40d4376454f2981 P c0dcf07e91a6459fb83f90f61d363e44 [NON_LEADER]: Queue going to NON_LEADER mode. State: All replicated index: 0, Majority replicated index: 0, Committed index: 0, Last appended: 0.0, Last appended by leader: 0, Current term: 0, Majority size: -1, State: 0, Mode: NON_LEADER, active raft config: opid_index: -1 OBSOLETE_local: false peers { permanent_uuid: "c0dcf07e91a6459fb83f90f61d363e44" member_type: VOTER last_known_addr { host: "127.23.208.2" port: 57827 } } peers { permanent_uuid: "914675d8717742d1ae5929637e95acb2" member_type: VOTER last_known_addr { host: "127.23.208.1" port: 35732 } } peers { permanent_uuid: "76f8bc397d684ec2b99494eb2fee53c4" member_type: VOTER last_known_addr { host: "127.23.208.3" port: 49994 } }
I0107 12:32:44.546340 24852 ts_tablet_manager.cc:1133] T 16e58229a0c648eda40d4376454f2981 P c0dcf07e91a6459fb83f90f61d363e44: Time spent starting tablet: real 0.000s user 0.000s sys 0.000s
I0107 12:32:44.546511 24854 tablet_bootstrap.cc:439] T 16e58229a0c648eda40d4376454f2981 P 914675d8717742d1ae5929637e95acb2: No bootstrap required, opened a new log
I0107 12:32:44.546532 24854 ts_tablet_manager.cc:1105] T 16e58229a0c648eda40d4376454f2981 P 914675d8717742d1ae5929637e95acb2: Time spent bootstrapping tablet: real 0.001s user 0.001s sys 0.000s
I0107 12:32:44.546612 24854 raft_consensus.cc:341] T 16e58229a0c648eda40d4376454f2981 P 914675d8717742d1ae5929637e95acb2 [term 0 FOLLOWER]: Replica starting. Triggering 0 pending transactions. Active config: opid_index: -1 OBSOLETE_local: false peers { permanent_uuid: "c0dcf07e91a6459fb83f90f61d363e44" member_type: VOTER last_known_addr { host: "127.23.208.2" port: 57827 } } peers { permanent_uuid: "914675d8717742d1ae5929637e95acb2" member_type: VOTER last_known_addr { host: "127.23.208.1" port: 35732 } } peers { permanent_uuid: "76f8bc397d684ec2b99494eb2fee53c4" member_type: VOTER last_known_addr { host: "127.23.208.3" port: 49994 } }
I0107 12:32:44.546622 24854 raft_consensus.cc:367] T 16e58229a0c648eda40d4376454f2981 P 914675d8717742d1ae5929637e95acb2 [term 0 FOLLOWER]: Consensus starting up: Expiring failure detector timer to make a prompt election more likely
I0107 12:32:44.546627 24854 raft_consensus.cc:712] T 16e58229a0c648eda40d4376454f2981 P 914675d8717742d1ae5929637e95acb2 [term 0 FOLLOWER]: Becoming Follower/Learner. State: Replica: 914675d8717742d1ae5929637e95acb2, State: Initialized, Role: FOLLOWER
I0107 12:32:44.546651 24854 consensus_queue.cc:229] T 16e58229a0c648eda40d4376454f2981 P 914675d8717742d1ae5929637e95acb2 [NON_LEADER]: Queue going to NON_LEADER mode. State: All replicated index: 0, Majority replicated index: 0, Committed index: 0, Last appended: 0.0, Last appended by leader: 0, Current term: 0, Majority size: -1, State: 0, Mode: NON_LEADER, active raft config: opid_index: -1 OBSOLETE_local: false peers { permanent_uuid: "c0dcf07e91a6459fb83f90f61d363e44" member_type: VOTER last_known_addr { host: "127.23.208.2" port: 57827 } } peers { permanent_uuid: "914675d8717742d1ae5929637e95acb2" member_type: VOTER last_known_addr { host: "127.23.208.1" port: 35732 } } peers { permanent_uuid: "76f8bc397d684ec2b99494eb2fee53c4" member_type: VOTER last_known_addr { host: "127.23.208.3" port: 49994 } }
I0107 12:32:44.546696 24854 ts_tablet_manager.cc:1133] T 16e58229a0c648eda40d4376454f2981 P 914675d8717742d1ae5929637e95acb2: Time spent starting tablet: real 0.000s user 0.000s sys 0.000s
I0107 12:32:44.605056 24857 raft_consensus.cc:477] T 30019a15e66f4115b11a50dbcaf93a87 P c0dcf07e91a6459fb83f90f61d363e44 [term 0 FOLLOWER]: Starting pre-election (no leader contacted us within the election timeout)
I0107 12:32:44.605126 24857 raft_consensus.cc:499] T 30019a15e66f4115b11a50dbcaf93a87 P c0dcf07e91a6459fb83f90f61d363e44 [term 0 FOLLOWER]: Starting pre-election with config: opid_index: -1 OBSOLETE_local: false peers { permanent_uuid: "914675d8717742d1ae5929637e95acb2" member_type: VOTER last_known_addr { host: "127.23.208.1" port: 35732 } } peers { permanent_uuid: "c0dcf07e91a6459fb83f90f61d363e44" member_type: VOTER last_known_addr { host: "127.23.208.2" port: 57827 } } peers { permanent_uuid: "76f8bc397d684ec2b99494eb2fee53c4" member_type: VOTER last_known_addr { host: "127.23.208.3" port: 49994 } }
I0107 12:32:44.605242 24857 leader_election.cc:293] T 30019a15e66f4115b11a50dbcaf93a87 P c0dcf07e91a6459fb83f90f61d363e44 [CANDIDATE]: Term 1 pre-election: Requested pre-vote from peers 914675d8717742d1ae5929637e95acb2 (127.23.208.1:35732), 76f8bc397d684ec2b99494eb2fee53c4 (127.23.208.3:49994)
I0107 12:32:44.607426 24793 tablet_service.cc:1307] Received RequestConsensusVote() RPC: tablet_id: "30019a15e66f4115b11a50dbcaf93a87" candidate_uuid: "c0dcf07e91a6459fb83f90f61d363e44" candidate_term: 1 candidate_status { last_received { term: 0 index: 0 } } ignore_live_leader: false dest_uuid: "76f8bc397d684ec2b99494eb2fee53c4" is_pre_election: true
I0107 12:32:44.607462 24793 raft_consensus.cc:2396] T 30019a15e66f4115b11a50dbcaf93a87 P 76f8bc397d684ec2b99494eb2fee53c4 [term 0 FOLLOWER]: Leader pre-election vote request: Granting yes vote for candidate c0dcf07e91a6459fb83f90f61d363e44 in term 0.
I0107 12:32:44.607497 24544 tablet_service.cc:1307] Received RequestConsensusVote() RPC: tablet_id: "30019a15e66f4115b11a50dbcaf93a87" candidate_uuid: "c0dcf07e91a6459fb83f90f61d363e44" candidate_term: 1 candidate_status { last_received { term: 0 index: 0 } } ignore_live_leader: false dest_uuid: "914675d8717742d1ae5929637e95acb2" is_pre_election: true
I0107 12:32:44.607525 24544 raft_consensus.cc:2396] T 30019a15e66f4115b11a50dbcaf93a87 P 914675d8717742d1ae5929637e95acb2 [term 0 FOLLOWER]: Leader pre-election vote request: Granting yes vote for candidate c0dcf07e91a6459fb83f90f61d363e44 in term 0.
I0107 12:32:44.607605 24600 leader_election.cc:307] T 30019a15e66f4115b11a50dbcaf93a87 P c0dcf07e91a6459fb83f90f61d363e44 [CANDIDATE]: Term 1 pre-election: Election decided. Result: candidate won. Election summary: received 2 responses out of 3 voters: 2 yes votes; 0 no votes. yes voters: 914675d8717742d1ae5929637e95acb2, c0dcf07e91a6459fb83f90f61d363e44; no voters:
I0107 12:32:44.607652 24857 raft_consensus.cc:2696] T 30019a15e66f4115b11a50dbcaf93a87 P c0dcf07e91a6459fb83f90f61d363e44 [term 0 FOLLOWER]: Leader pre-election won for term 1
I0107 12:32:44.607664 24857 raft_consensus.cc:477] T 30019a15e66f4115b11a50dbcaf93a87 P c0dcf07e91a6459fb83f90f61d363e44 [term 0 FOLLOWER]: Starting leader election (no leader contacted us within the election timeout)
I0107 12:32:44.607669 24857 raft_consensus.cc:2949] T 30019a15e66f4115b11a50dbcaf93a87 P c0dcf07e91a6459fb83f90f61d363e44 [term 0 FOLLOWER]: Advancing to term 1
I0107 12:32:44.608148 24857 raft_consensus.cc:499] T 30019a15e66f4115b11a50dbcaf93a87 P c0dcf07e91a6459fb83f90f61d363e44 [term 1 FOLLOWER]: Starting leader election with config: opid_index: -1 OBSOLETE_local: false peers { permanent_uuid: "914675d8717742d1ae5929637e95acb2" member_type: VOTER last_known_addr { host: "127.23.208.1" port: 35732 } } peers { permanent_uuid: "c0dcf07e91a6459fb83f90f61d363e44" member_type: VOTER last_known_addr { host: "127.23.208.2" port: 57827 } } peers { permanent_uuid: "76f8bc397d684ec2b99494eb2fee53c4" member_type: VOTER last_known_addr { host: "127.23.208.3" port: 49994 } }
I0107 12:32:44.608183 24857 leader_election.cc:293] T 30019a15e66f4115b11a50dbcaf93a87 P c0dcf07e91a6459fb83f90f61d363e44 [CANDIDATE]: Term 1 election: Requested vote from peers 914675d8717742d1ae5929637e95acb2 (127.23.208.1:35732), 76f8bc397d684ec2b99494eb2fee53c4 (127.23.208.3:49994)
I0107 12:32:44.608280 24793 tablet_service.cc:1307] Received RequestConsensusVote() RPC: tablet_id: "30019a15e66f4115b11a50dbcaf93a87" candidate_uuid: "c0dcf07e91a6459fb83f90f61d363e44" candidate_term: 1 candidate_status { last_received { term: 0 index: 0 } } ignore_live_leader: false dest_uuid: "76f8bc397d684ec2b99494eb2fee53c4"
I0107 12:32:44.608296 24544 tablet_service.cc:1307] Received RequestConsensusVote() RPC: tablet_id: "30019a15e66f4115b11a50dbcaf93a87" candidate_uuid: "c0dcf07e91a6459fb83f90f61d363e44" candidate_term: 1 candidate_status { last_received { term: 0 index: 0 } } ignore_live_leader: false dest_uuid: "914675d8717742d1ae5929637e95acb2"
I0107 12:32:44.608304 24793 raft_consensus.cc:2949] T 30019a15e66f4115b11a50dbcaf93a87 P 76f8bc397d684ec2b99494eb2fee53c4 [term 0 FOLLOWER]: Advancing to term 1
I0107 12:32:44.608309 24544 raft_consensus.cc:2949] T 30019a15e66f4115b11a50dbcaf93a87 P 914675d8717742d1ae5929637e95acb2 [term 0 FOLLOWER]: Advancing to term 1
I0107 12:32:44.609323 24544 raft_consensus.cc:2396] T 30019a15e66f4115b11a50dbcaf93a87 P 914675d8717742d1ae5929637e95acb2 [term 1 FOLLOWER]: Leader election vote request: Granting yes vote for candidate c0dcf07e91a6459fb83f90f61d363e44 in term 1.
I0107 12:32:44.609401 24793 raft_consensus.cc:2396] T 30019a15e66f4115b11a50dbcaf93a87 P 76f8bc397d684ec2b99494eb2fee53c4 [term 1 FOLLOWER]: Leader election vote request: Granting yes vote for candidate c0dcf07e91a6459fb83f90f61d363e44 in term 1.
I0107 12:32:44.609410 24600 leader_election.cc:307] T 30019a15e66f4115b11a50dbcaf93a87 P c0dcf07e91a6459fb83f90f61d363e44 [CANDIDATE]: Term 1 election: Election decided. Result: candidate won. Election summary: received 2 responses out of 3 voters: 2 yes votes; 0 no votes. yes voters: 914675d8717742d1ae5929637e95acb2, c0dcf07e91a6459fb83f90f61d363e44; no voters:
I0107 12:32:44.609462 24857 raft_consensus.cc:2696] T 30019a15e66f4115b11a50dbcaf93a87 P c0dcf07e91a6459fb83f90f61d363e44 [term 1 FOLLOWER]: Leader election won for term 1
I0107 12:32:44.609587 24858 raft_consensus.cc:477] T 16e58229a0c648eda40d4376454f2981 P 76f8bc397d684ec2b99494eb2fee53c4 [term 0 FOLLOWER]: Starting pre-election (no leader contacted us within the election timeout)
I0107 12:32:44.609577 24857 raft_consensus.cc:672] T 30019a15e66f4115b11a50dbcaf93a87 P c0dcf07e91a6459fb83f90f61d363e44 [term 1 LEADER]: Becoming Leader. State: Replica: c0dcf07e91a6459fb83f90f61d363e44, State: Running, Role: LEADER
I0107 12:32:44.609629 24858 raft_consensus.cc:499] T 16e58229a0c648eda40d4376454f2981 P 76f8bc397d684ec2b99494eb2fee53c4 [term 0 FOLLOWER]: Starting pre-election with config: opid_index: -1 OBSOLETE_local: false peers { permanent_uuid: "c0dcf07e91a6459fb83f90f61d363e44" member_type: VOTER last_known_addr { host: "127.23.208.2" port: 57827 } } peers { permanent_uuid: "914675d8717742d1ae5929637e95acb2" member_type: VOTER last_known_addr { host: "127.23.208.1" port: 35732 } } peers { permanent_uuid: "76f8bc397d684ec2b99494eb2fee53c4" member_type: VOTER last_known_addr { host: "127.23.208.3" port: 49994 } }
I0107 12:32:44.609652 24857 consensus_queue.cc:206] T 30019a15e66f4115b11a50dbcaf93a87 P c0dcf07e91a6459fb83f90f61d363e44 [LEADER]: Queue going to LEADER mode. State: All replicated index: 0, Majority replicated index: 0, Committed index: 0, Last appended: 0.0, Last appended by leader: 0, Current term: 1, Majority size: 2, State: 0, Mode: LEADER, active raft config: opid_index: -1 OBSOLETE_local: false peers { permanent_uuid: "914675d8717742d1ae5929637e95acb2" member_type: VOTER last_known_addr { host: "127.23.208.1" port: 35732 } } peers { permanent_uuid: "c0dcf07e91a6459fb83f90f61d363e44" member_type: VOTER last_known_addr { host: "127.23.208.2" port: 57827 } } peers { permanent_uuid: "76f8bc397d684ec2b99494eb2fee53c4" member_type: VOTER last_known_addr { host: "127.23.208.3" port: 49994 } }
I0107 12:32:44.609705 24858 leader_election.cc:293] T 16e58229a0c648eda40d4376454f2981 P 76f8bc397d684ec2b99494eb2fee53c4 [CANDIDATE]: Term 1 pre-election: Requested pre-vote from peers c0dcf07e91a6459fb83f90f61d363e44 (127.23.208.2:57827), 914675d8717742d1ae5929637e95acb2 (127.23.208.1:35732)
I0107 12:32:44.610110 24422 catalog_manager.cc:4143] T 30019a15e66f4115b11a50dbcaf93a87 P c0dcf07e91a6459fb83f90f61d363e44 reported cstate change: term changed from 0 to 1, leader changed from to c0dcf07e91a6459fb83f90f61d363e44 (127.23.208.2). New cstate: current_term: 1 leader_uuid: "c0dcf07e91a6459fb83f90f61d363e44" committed_config { opid_index: -1 OBSOLETE_local: false peers { permanent_uuid: "914675d8717742d1ae5929637e95acb2" member_type: VOTER last_known_addr { host: "127.23.208.1" port: 35732 } health_report { overall_health: UNKNOWN } } peers { permanent_uuid: "c0dcf07e91a6459fb83f90f61d363e44" member_type: VOTER last_known_addr { host: "127.23.208.2" port: 57827 } health_report { overall_health: HEALTHY } } peers { permanent_uuid: "76f8bc397d684ec2b99494eb2fee53c4" member_type: VOTER last_known_addr { host: "127.23.208.3" port: 49994 } health_report { overall_health: UNKNOWN } } }
I0107 12:32:44.611833 24669 tablet_service.cc:1307] Received RequestConsensusVote() RPC: tablet_id: "16e58229a0c648eda40d4376454f2981" candidate_uuid: "76f8bc397d684ec2b99494eb2fee53c4" candidate_term: 1 candidate_status { last_received { term: 0 index: 0 } } ignore_live_leader: false dest_uuid: "c0dcf07e91a6459fb83f90f61d363e44" is_pre_election: true
I0107 12:32:44.611858 24669 raft_consensus.cc:2396] T 16e58229a0c648eda40d4376454f2981 P c0dcf07e91a6459fb83f90f61d363e44 [term 0 FOLLOWER]: Leader pre-election vote request: Granting yes vote for candidate 76f8bc397d684ec2b99494eb2fee53c4 in term 0.
I0107 12:32:44.611943 24725 leader_election.cc:307] T 16e58229a0c648eda40d4376454f2981 P 76f8bc397d684ec2b99494eb2fee53c4 [CANDIDATE]: Term 1 pre-election: Election decided. Result: candidate won. Election summary: received 2 responses out of 3 voters: 2 yes votes; 0 no votes. yes voters: 76f8bc397d684ec2b99494eb2fee53c4, c0dcf07e91a6459fb83f90f61d363e44; no voters:
I0107 12:32:44.611989 24858 raft_consensus.cc:2696] T 16e58229a0c648eda40d4376454f2981 P 76f8bc397d684ec2b99494eb2fee53c4 [term 0 FOLLOWER]: Leader pre-election won for term 1
I0107 12:32:44.612006 24858 raft_consensus.cc:477] T 16e58229a0c648eda40d4376454f2981 P 76f8bc397d684ec2b99494eb2fee53c4 [term 0 FOLLOWER]: Starting leader election (no leader contacted us within the election timeout)
I0107 12:32:44.612013 24858 raft_consensus.cc:2949] T 16e58229a0c648eda40d4376454f2981 P 76f8bc397d684ec2b99494eb2fee53c4 [term 0 FOLLOWER]: Advancing to term 1
I0107 12:32:44.612028 24544 tablet_service.cc:1307] Received RequestConsensusVote() RPC: tablet_id: "16e58229a0c648eda40d4376454f2981" candidate_uuid: "76f8bc397d684ec2b99494eb2fee53c4" candidate_term: 1 candidate_status { last_received { term: 0 index: 0 } } ignore_live_leader: false dest_uuid: "914675d8717742d1ae5929637e95acb2" is_pre_election: true
I0107 12:32:44.612051 24544 raft_consensus.cc:2396] T 16e58229a0c648eda40d4376454f2981 P 914675d8717742d1ae5929637e95acb2 [term 0 FOLLOWER]: Leader pre-election vote request: Granting yes vote for candidate 76f8bc397d684ec2b99494eb2fee53c4 in term 0.
I0107 12:32:44.612673 24858 raft_consensus.cc:499] T 16e58229a0c648eda40d4376454f2981 P 76f8bc397d684ec2b99494eb2fee53c4 [term 1 FOLLOWER]: Starting leader election with config: opid_index: -1 OBSOLETE_local: false peers { permanent_uuid: "c0dcf07e91a6459fb83f90f61d363e44" member_type: VOTER last_known_addr { host: "127.23.208.2" port: 57827 } } peers { permanent_uuid: "914675d8717742d1ae5929637e95acb2" member_type: VOTER last_known_addr { host: "127.23.208.1" port: 35732 } } peers { permanent_uuid: "76f8bc397d684ec2b99494eb2fee53c4" member_type: VOTER last_known_addr { host: "127.23.208.3" port: 49994 } }
I0107 12:32:44.612713 24858 leader_election.cc:293] T 16e58229a0c648eda40d4376454f2981 P 76f8bc397d684ec2b99494eb2fee53c4 [CANDIDATE]: Term 1 election: Requested vote from peers c0dcf07e91a6459fb83f90f61d363e44 (127.23.208.2:57827), 914675d8717742d1ae5929637e95acb2 (127.23.208.1:35732)
I0107 12:32:44.612816 24544 tablet_service.cc:1307] Received RequestConsensusVote() RPC: tablet_id: "16e58229a0c648eda40d4376454f2981" candidate_uuid: "76f8bc397d684ec2b99494eb2fee53c4" candidate_term: 1 candidate_status { last_received { term: 0 index: 0 } } ignore_live_leader: false dest_uuid: "914675d8717742d1ae5929637e95acb2"
I0107 12:32:44.612821 24669 tablet_service.cc:1307] Received RequestConsensusVote() RPC: tablet_id: "16e58229a0c648eda40d4376454f2981" candidate_uuid: "76f8bc397d684ec2b99494eb2fee53c4" candidate_term: 1 candidate_status { last_received { term: 0 index: 0 } } ignore_live_leader: false dest_uuid: "c0dcf07e91a6459fb83f90f61d363e44"
I0107 12:32:44.612831 24544 raft_consensus.cc:2949] T 16e58229a0c648eda40d4376454f2981 P 914675d8717742d1ae5929637e95acb2 [term 0 FOLLOWER]: Advancing to term 1
I0107 12:32:44.612834 24669 raft_consensus.cc:2949] T 16e58229a0c648eda40d4376454f2981 P c0dcf07e91a6459fb83f90f61d363e44 [term 0 FOLLOWER]: Advancing to term 1
I0107 12:32:44.613291 24544 raft_consensus.cc:2396] T 16e58229a0c648eda40d4376454f2981 P 914675d8717742d1ae5929637e95acb2 [term 1 FOLLOWER]: Leader election vote request: Granting yes vote for candidate 76f8bc397d684ec2b99494eb2fee53c4 in term 1.
I0107 12:32:44.613373 24724 leader_election.cc:307] T 16e58229a0c648eda40d4376454f2981 P 76f8bc397d684ec2b99494eb2fee53c4 [CANDIDATE]: Term 1 election: Election decided. Result: candidate won. Election summary: received 2 responses out of 3 voters: 2 yes votes; 0 no votes. yes voters: 76f8bc397d684ec2b99494eb2fee53c4, 914675d8717742d1ae5929637e95acb2; no voters:
I0107 12:32:44.613409 24858 raft_consensus.cc:2696] T 16e58229a0c648eda40d4376454f2981 P 76f8bc397d684ec2b99494eb2fee53c4 [term 1 FOLLOWER]: Leader election won for term 1
I0107 12:32:44.613489 24669 raft_consensus.cc:2396] T 16e58229a0c648eda40d4376454f2981 P c0dcf07e91a6459fb83f90f61d363e44 [term 1 FOLLOWER]: Leader election vote request: Granting yes vote for candidate 76f8bc397d684ec2b99494eb2fee53c4 in term 1.
I0107 12:32:44.613508 24858 raft_consensus.cc:672] T 16e58229a0c648eda40d4376454f2981 P 76f8bc397d684ec2b99494eb2fee53c4 [term 1 LEADER]: Becoming Leader. State: Replica: 76f8bc397d684ec2b99494eb2fee53c4, State: Running, Role: LEADER
I0107 12:32:44.613554 24858 consensus_queue.cc:206] T 16e58229a0c648eda40d4376454f2981 P 76f8bc397d684ec2b99494eb2fee53c4 [LEADER]: Queue going to LEADER mode. State: All replicated index: 0, Majority replicated index: 0, Committed index: 0, Last appended: 0.0, Last appended by leader: 0, Current term: 1, Majority size: 2, State: 0, Mode: LEADER, active raft config: opid_index: -1 OBSOLETE_local: false peers { permanent_uuid: "c0dcf07e91a6459fb83f90f61d363e44" member_type: VOTER last_known_addr { host: "127.23.208.2" port: 57827 } } peers { permanent_uuid: "914675d8717742d1ae5929637e95acb2" member_type: VOTER last_known_addr { host: "127.23.208.1" port: 35732 } } peers { permanent_uuid: "76f8bc397d684ec2b99494eb2fee53c4" member_type: VOTER last_known_addr { host: "127.23.208.3" port: 49994 } }
I0107 12:32:44.613831 24422 catalog_manager.cc:4143] T 16e58229a0c648eda40d4376454f2981 P 76f8bc397d684ec2b99494eb2fee53c4 reported cstate change: term changed from 0 to 1, leader changed from to 76f8bc397d684ec2b99494eb2fee53c4 (127.23.208.3). New cstate: current_term: 1 leader_uuid: "76f8bc397d684ec2b99494eb2fee53c4" committed_config { opid_index: -1 OBSOLETE_local: false peers { permanent_uuid: "c0dcf07e91a6459fb83f90f61d363e44" member_type: VOTER last_known_addr { host: "127.23.208.2" port: 57827 } health_report { overall_health: UNKNOWN } } peers { permanent_uuid: "914675d8717742d1ae5929637e95acb2" member_type: VOTER last_known_addr { host: "127.23.208.1" port: 35732 } health_report { overall_health: UNKNOWN } } peers { permanent_uuid: "76f8bc397d684ec2b99494eb2fee53c4" member_type: VOTER last_known_addr { host: "127.23.208.3" port: 49994 } health_report { overall_health: HEALTHY } } }
W0107 12:32:44.677778 24588 tablet.cc:1792] T 16e58229a0c648eda40d4376454f2981 P 914675d8717742d1ae5929637e95acb2: Can't schedule compaction. Clean time has not been advanced past its initial value.
W0107 12:32:44.730223 24713 tablet.cc:1792] T 16e58229a0c648eda40d4376454f2981 P c0dcf07e91a6459fb83f90f61d363e44: Can't schedule compaction. Clean time has not been advanced past its initial value.
W0107 12:32:44.772817 24837 tablet.cc:1792] T 16e58229a0c648eda40d4376454f2981 P 76f8bc397d684ec2b99494eb2fee53c4: Can't schedule compaction. Clean time has not been advanced past its initial value.
I0107 12:32:44.894281 24861 raft_consensus.cc:477] T 77e67457a0334f92a22f52fe739203dd P 914675d8717742d1ae5929637e95acb2 [term 0 FOLLOWER]: Starting pre-election (no leader contacted us within the election timeout)
I0107 12:32:44.894347 24861 raft_consensus.cc:499] T 77e67457a0334f92a22f52fe739203dd P 914675d8717742d1ae5929637e95acb2 [term 0 FOLLOWER]: Starting pre-election with config: opid_index: -1 OBSOLETE_local: false peers { permanent_uuid: "914675d8717742d1ae5929637e95acb2" member_type: VOTER last_known_addr { host: "127.23.208.1" port: 35732 } } peers { permanent_uuid: "c0dcf07e91a6459fb83f90f61d363e44" member_type: VOTER last_known_addr { host: "127.23.208.2" port: 57827 } } peers { permanent_uuid: "76f8bc397d684ec2b99494eb2fee53c4" member_type: VOTER last_known_addr { host: "127.23.208.3" port: 49994 } }
I0107 12:32:44.894481 24861 leader_election.cc:293] T 77e67457a0334f92a22f52fe739203dd P 914675d8717742d1ae5929637e95acb2 [CANDIDATE]: Term 1 pre-election: Requested pre-vote from peers c0dcf07e91a6459fb83f90f61d363e44 (127.23.208.2:57827), 76f8bc397d684ec2b99494eb2fee53c4 (127.23.208.3:49994)
I0107 12:32:44.896386 24669 tablet_service.cc:1307] Received RequestConsensusVote() RPC: tablet_id: "77e67457a0334f92a22f52fe739203dd" candidate_uuid: "914675d8717742d1ae5929637e95acb2" candidate_term: 1 candidate_status { last_received { term: 0 index: 0 } } ignore_live_leader: false dest_uuid: "c0dcf07e91a6459fb83f90f61d363e44" is_pre_election: true
I0107 12:32:44.896416 24669 raft_consensus.cc:2396] T 77e67457a0334f92a22f52fe739203dd P c0dcf07e91a6459fb83f90f61d363e44 [term 0 FOLLOWER]: Leader pre-election vote request: Granting yes vote for candidate 914675d8717742d1ae5929637e95acb2 in term 0.
I0107 12:32:44.896538 24476 leader_election.cc:307] T 77e67457a0334f92a22f52fe739203dd P 914675d8717742d1ae5929637e95acb2 [CANDIDATE]: Term 1 pre-election: Election decided. Result: candidate won. Election summary: received 2 responses out of 3 voters: 2 yes votes; 0 no votes. yes voters: 914675d8717742d1ae5929637e95acb2, c0dcf07e91a6459fb83f90f61d363e44; no voters:
I0107 12:32:44.896585 24861 raft_consensus.cc:2696] T 77e67457a0334f92a22f52fe739203dd P 914675d8717742d1ae5929637e95acb2 [term 0 FOLLOWER]: Leader pre-election won for term 1
I0107 12:32:44.896595 24861 raft_consensus.cc:477] T 77e67457a0334f92a22f52fe739203dd P 914675d8717742d1ae5929637e95acb2 [term 0 FOLLOWER]: Starting leader election (no leader contacted us within the election timeout)
I0107 12:32:44.896602 24861 raft_consensus.cc:2949] T 77e67457a0334f92a22f52fe739203dd P 914675d8717742d1ae5929637e95acb2 [term 0 FOLLOWER]: Advancing to term 1
I0107 12:32:44.896601 24793 tablet_service.cc:1307] Received RequestConsensusVote() RPC: tablet_id: "77e67457a0334f92a22f52fe739203dd" candidate_uuid: "914675d8717742d1ae5929637e95acb2" candidate_term: 1 candidate_status { last_received { term: 0 index: 0 } } ignore_live_leader: false dest_uuid: "76f8bc397d684ec2b99494eb2fee53c4" is_pre_election: true
I0107 12:32:44.896620 24793 raft_consensus.cc:2396] T 77e67457a0334f92a22f52fe739203dd P 76f8bc397d684ec2b99494eb2fee53c4 [term 0 FOLLOWER]: Leader pre-election vote request: Granting yes vote for candidate 914675d8717742d1ae5929637e95acb2 in term 0.
I0107 12:32:44.897421 24861 raft_consensus.cc:499] T 77e67457a0334f92a22f52fe739203dd P 914675d8717742d1ae5929637e95acb2 [term 1 FOLLOWER]: Starting leader election with config: opid_index: -1 OBSOLETE_local: false peers { permanent_uuid: "914675d8717742d1ae5929637e95acb2" member_type: VOTER last_known_addr { host: "127.23.208.1" port: 35732 } } peers { permanent_uuid: "c0dcf07e91a6459fb83f90f61d363e44" member_type: VOTER last_known_addr { host: "127.23.208.2" port: 57827 } } peers { permanent_uuid: "76f8bc397d684ec2b99494eb2fee53c4" member_type: VOTER last_known_addr { host: "127.23.208.3" port: 49994 } }
I0107 12:32:44.897464 24861 leader_election.cc:293] T 77e67457a0334f92a22f52fe739203dd P 914675d8717742d1ae5929637e95acb2 [CANDIDATE]: Term 1 election: Requested vote from peers c0dcf07e91a6459fb83f90f61d363e44 (127.23.208.2:57827), 76f8bc397d684ec2b99494eb2fee53c4 (127.23.208.3:49994)
I0107 12:32:44.897562 24793 tablet_service.cc:1307] Received RequestConsensusVote() RPC: tablet_id: "77e67457a0334f92a22f52fe739203dd" candidate_uuid: "914675d8717742d1ae5929637e95acb2" candidate_term: 1 candidate_status { last_received { term: 0 index: 0 } } ignore_live_leader: false dest_uuid: "76f8bc397d684ec2b99494eb2fee53c4"
I0107 12:32:44.897578 24793 raft_consensus.cc:2949] T 77e67457a0334f92a22f52fe739203dd P 76f8bc397d684ec2b99494eb2fee53c4 [term 0 FOLLOWER]: Advancing to term 1
I0107 12:32:44.897585 24669 tablet_service.cc:1307] Received RequestConsensusVote() RPC: tablet_id: "77e67457a0334f92a22f52fe739203dd" candidate_uuid: "914675d8717742d1ae5929637e95acb2" candidate_term: 1 candidate_status { last_received { term: 0 index: 0 } } ignore_live_leader: false dest_uuid: "c0dcf07e91a6459fb83f90f61d363e44"
I0107 12:32:44.897598 24669 raft_consensus.cc:2949] T 77e67457a0334f92a22f52fe739203dd P c0dcf07e91a6459fb83f90f61d363e44 [term 0 FOLLOWER]: Advancing to term 1
I0107 12:32:44.898187 24793 raft_consensus.cc:2396] T 77e67457a0334f92a22f52fe739203dd P 76f8bc397d684ec2b99494eb2fee53c4 [term 1 FOLLOWER]: Leader election vote request: Granting yes vote for candidate 914675d8717742d1ae5929637e95acb2 in term 1.
I0107 12:32:44.898269 24475 leader_election.cc:307] T 77e67457a0334f92a22f52fe739203dd P 914675d8717742d1ae5929637e95acb2 [CANDIDATE]: Term 1 election: Election decided. Result: candidate won. Election summary: received 2 responses out of 3 voters: 2 yes votes; 0 no votes. yes voters: 76f8bc397d684ec2b99494eb2fee53c4, 914675d8717742d1ae5929637e95acb2; no voters:
I0107 12:32:44.898310 24861 raft_consensus.cc:2696] T 77e67457a0334f92a22f52fe739203dd P 914675d8717742d1ae5929637e95acb2 [term 1 FOLLOWER]: Leader election won for term 1
I0107 12:32:44.898344 24669 raft_consensus.cc:2396] T 77e67457a0334f92a22f52fe739203dd P c0dcf07e91a6459fb83f90f61d363e44 [term 1 FOLLOWER]: Leader election vote request: Granting yes vote for candidate 914675d8717742d1ae5929637e95acb2 in term 1.
I0107 12:32:44.898403 24861 raft_consensus.cc:672] T 77e67457a0334f92a22f52fe739203dd P 914675d8717742d1ae5929637e95acb2 [term 1 LEADER]: Becoming Leader. State: Replica: 914675d8717742d1ae5929637e95acb2, State: Running, Role: LEADER
