I0108 18:44:19.509735 24932 log.cc:1062] T fdf8e522824640c3ab9385967c93743a P 53135810f2d84759ac110009de750c3d: Deleting log segment in path: /data/somelongdirectorytoavoidrpathissues/src/kudutest/linked_list-test.LinkedListTest.TestLoadAndVerify.1578537560432831-24709/linked-list-cluster/ts-1/wal/wals/fdf8e522824640c3ab9385967c93743a/wal-000000007 (ops 74423-86839)
I0108 18:44:19.509807 24932 log.cc:1062] T fdf8e522824640c3ab9385967c93743a P 53135810f2d84759ac110009de750c3d: Deleting log segment in path: /data/somelongdirectorytoavoidrpathissues/src/kudutest/linked_list-test.LinkedListTest.TestLoadAndVerify.1578537560432831-24709/linked-list-cluster/ts-1/wal/wals/fdf8e522824640c3ab9385967c93743a/wal-000000008 (ops 86840-99280)
I0108 18:44:19.509873 24932 log.cc:1062] T fdf8e522824640c3ab9385967c93743a P 53135810f2d84759ac110009de750c3d: Deleting log segment in path: /data/somelongdirectorytoavoidrpathissues/src/kudutest/linked_list-test.LinkedListTest.TestLoadAndVerify.1578537560432831-24709/linked-list-cluster/ts-1/wal/wals/fdf8e522824640c3ab9385967c93743a/wal-000000009 (ops 99281-111649)
I0108 18:44:19.509934 24932 log.cc:1062] T fdf8e522824640c3ab9385967c93743a P 53135810f2d84759ac110009de750c3d: Deleting log segment in path: /data/somelongdirectorytoavoidrpathissues/src/kudutest/linked_list-test.LinkedListTest.TestLoadAndVerify.1578537560432831-24709/linked-list-cluster/ts-1/wal/wals/fdf8e522824640c3ab9385967c93743a/wal-000000010 (ops 111650-124016)
I0108 18:44:19.510007 24932 log.cc:1062] T fdf8e522824640c3ab9385967c93743a P 53135810f2d84759ac110009de750c3d: Deleting log segment in path: /data/somelongdirectorytoavoidrpathissues/src/kudutest/linked_list-test.LinkedListTest.TestLoadAndVerify.1578537560432831-24709/linked-list-cluster/ts-1/wal/wals/fdf8e522824640c3ab9385967c93743a/wal-000000011 (ops 124017-136362)
I0108 18:44:19.553853 24932 maintenance_manager.cc:527] P 53135810f2d84759ac110009de750c3d: LogGCOp(fdf8e522824640c3ab9385967c93743a) complete. Timing: real 0.044s user 0.002s sys 0.015s Metrics: {}
I0108 18:44:19.554009 25038 maintenance_manager.cc:326] P 53135810f2d84759ac110009de750c3d: Scheduling UndoDeltaBlockGCOp(50603d14716f4c4bb514a91e103fbf64): 86768380 bytes on disk
I0108 18:44:19.603313 24807 maintenance_manager.cc:527] P c6ad452ff3b64d949298a50527e1fbb0: FlushMRSOp(dbe8c3d61048482fb282021487b845a6) complete. Timing: real 2.576s user 0.885s sys 0.055s Metrics: {"bytes_written":10743620,"cfile_init":1,"delete_count":0,"dirs.queue_time_us":23733,"dirs.run_cpu_time_us":115,"dirs.run_wall_time_us":36869,"drs_written":1,"lbm_read_time_us":9,"lbm_reads_lt_1ms":4,"lbm_write_time_us":224396,"lbm_writes_1-10_ms":9,"lbm_writes_10-100_ms":4,"lbm_writes_lt_1ms":1088,"reinsert_count":0,"rows_written":613019,"thread_start_us":31,"threads_started":1,"update_count":20}
I0108 18:44:19.603420 24913 maintenance_manager.cc:326] P c6ad452ff3b64d949298a50527e1fbb0: Scheduling LogGCOp(dbe8c3d61048482fb282021487b845a6): free 50387762 bytes of WAL
I0108 18:44:19.603497 24807 log_reader.cc:379] T dbe8c3d61048482fb282021487b845a6: removed 6 log segments from log reader
I0108 18:44:19.603513 24807 log.cc:1062] T dbe8c3d61048482fb282021487b845a6 P c6ad452ff3b64d949298a50527e1fbb0: Deleting log segment in path: /data/somelongdirectorytoavoidrpathissues/src/kudutest/linked_list-test.LinkedListTest.TestLoadAndVerify.1578537560432831-24709/linked-list-cluster/ts-0/wal/wals/dbe8c3d61048482fb282021487b845a6/wal-000000006 (ops 62119-74498)
I0108 18:44:19.603575 24807 log.cc:1062] T dbe8c3d61048482fb282021487b845a6 P c6ad452ff3b64d949298a50527e1fbb0: Deleting log segment in path: /data/somelongdirectorytoavoidrpathissues/src/kudutest/linked_list-test.LinkedListTest.TestLoadAndVerify.1578537560432831-24709/linked-list-cluster/ts-0/wal/wals/dbe8c3d61048482fb282021487b845a6/wal-000000007 (ops 74499-86903)
I0108 18:44:19.603610 24807 log.cc:1062] T dbe8c3d61048482fb282021487b845a6 P c6ad452ff3b64d949298a50527e1fbb0: Deleting log segment in path: /data/somelongdirectorytoavoidrpathissues/src/kudutest/linked_list-test.LinkedListTest.TestLoadAndVerify.1578537560432831-24709/linked-list-cluster/ts-0/wal/wals/dbe8c3d61048482fb282021487b845a6/wal-000000008 (ops 86904-99274)
I0108 18:44:19.603631 24807 log.cc:1062] T dbe8c3d61048482fb282021487b845a6 P c6ad452ff3b64d949298a50527e1fbb0: Deleting log segment in path: /data/somelongdirectorytoavoidrpathissues/src/kudutest/linked_list-test.LinkedListTest.TestLoadAndVerify.1578537560432831-24709/linked-list-cluster/ts-0/wal/wals/dbe8c3d61048482fb282021487b845a6/wal-000000009 (ops 99275-111699)
I0108 18:44:19.603667 24807 log.cc:1062] T dbe8c3d61048482fb282021487b845a6 P c6ad452ff3b64d949298a50527e1fbb0: Deleting log segment in path: /data/somelongdirectorytoavoidrpathissues/src/kudutest/linked_list-test.LinkedListTest.TestLoadAndVerify.1578537560432831-24709/linked-list-cluster/ts-0/wal/wals/dbe8c3d61048482fb282021487b845a6/wal-000000010 (ops 111700-124143)
I0108 18:44:19.603699 24807 log.cc:1062] T dbe8c3d61048482fb282021487b845a6 P c6ad452ff3b64d949298a50527e1fbb0: Deleting log segment in path: /data/somelongdirectorytoavoidrpathissues/src/kudutest/linked_list-test.LinkedListTest.TestLoadAndVerify.1578537560432831-24709/linked-list-cluster/ts-0/wal/wals/dbe8c3d61048482fb282021487b845a6/wal-000000011 (ops 124144-136545)
I0108 18:44:19.613931 24932 maintenance_manager.cc:527] P 53135810f2d84759ac110009de750c3d: UndoDeltaBlockGCOp(50603d14716f4c4bb514a91e103fbf64) complete. Timing: real 0.059s user 0.000s sys 0.000s Metrics: {"cfile_init":3,"lbm_read_time_us":58710,"lbm_reads_1-10_ms":3,"lbm_reads_10-100_ms":3,"lbm_reads_lt_1ms":6}
I0108 18:44:19.614084 25038 maintenance_manager.cc:326] P 53135810f2d84759ac110009de750c3d: Scheduling UndoDeltaBlockGCOp(dbe8c3d61048482fb282021487b845a6): 24231988 bytes on disk
I0108 18:44:19.623997 24932 maintenance_manager.cc:527] P 53135810f2d84759ac110009de750c3d: UndoDeltaBlockGCOp(dbe8c3d61048482fb282021487b845a6) complete. Timing: real 0.010s user 0.000s sys 0.001s Metrics: {"cfile_init":1,"lbm_read_time_us":9532,"lbm_reads_1-10_ms":2,"lbm_reads_lt_1ms":2}
I0108 18:44:19.624137 25038 maintenance_manager.cc:326] P 53135810f2d84759ac110009de750c3d: Scheduling UndoDeltaBlockGCOp(fdf8e522824640c3ab9385967c93743a): 12237903 bytes on disk
I0108 18:44:19.624308 24932 maintenance_manager.cc:527] P 53135810f2d84759ac110009de750c3d: UndoDeltaBlockGCOp(fdf8e522824640c3ab9385967c93743a) complete. Timing: real 0.000s user 0.000s sys 0.000s Metrics: {"cfile_init":1,"lbm_read_time_us":59,"lbm_reads_lt_1ms":4}
I0108 18:44:19.624406 25038 maintenance_manager.cc:326] P 53135810f2d84759ac110009de750c3d: Scheduling CompactRowSetsOp(fdf8e522824640c3ab9385967c93743a): perf score=1.002822
I0108 18:44:19.628995 24807 maintenance_manager.cc:527] P c6ad452ff3b64d949298a50527e1fbb0: LogGCOp(dbe8c3d61048482fb282021487b845a6) complete. Timing: real 0.025s user 0.000s sys 0.015s Metrics: {}
I0108 18:44:19.629246 24913 maintenance_manager.cc:326] P c6ad452ff3b64d949298a50527e1fbb0: Scheduling UndoDeltaBlockGCOp(fdf8e522824640c3ab9385967c93743a): 24218767 bytes on disk
I0108 18:44:19.650386 24807 maintenance_manager.cc:527] P c6ad452ff3b64d949298a50527e1fbb0: UndoDeltaBlockGCOp(fdf8e522824640c3ab9385967c93743a) complete. Timing: real 0.021s user 0.000s sys 0.000s Metrics: {"cfile_init":1,"lbm_read_time_us":20066,"lbm_reads_1-10_ms":1,"lbm_reads_10-100_ms":1,"lbm_reads_lt_1ms":2}
I0108 18:44:19.650959 24913 maintenance_manager.cc:326] P c6ad452ff3b64d949298a50527e1fbb0: Scheduling CompactRowSetsOp(dbe8c3d61048482fb282021487b845a6): perf score=1.002818
I0108 18:44:21.019222 24709 linked_list-test-util.h:528] Sample at HT timestamp: 6465691078732034048 Inserted count: 7332500
I0108 18:44:25.152215 24807 maintenance_manager.cc:527] P c6ad452ff3b64d949298a50527e1fbb0: CompactRowSetsOp(dbe8c3d61048482fb282021487b845a6) complete. Timing: real 5.501s user 1.586s sys 0.160s Metrics: {"bytes_written":21150381,"cfile_cache_hit":52,"cfile_cache_hit_bytes":6112670,"cfile_cache_miss":2810,"cfile_cache_miss_bytes":78882704,"cfile_init":10,"delta_iterators_relevant":8,"dirs.queue_time_us":250,"dirs.run_cpu_time_us":95,"dirs.run_wall_time_us":54615,"drs_written":1,"lbm_read_time_us":504472,"lbm_reads_1-10_ms":34,"lbm_reads_10-100_ms":17,"lbm_reads_lt_1ms":2799,"lbm_write_time_us":150382,"lbm_writes_1-10_ms":27,"lbm_writes_lt_1ms":2117,"num_input_rowsets":2,"rows_written":1208942,"spinlock_wait_cycles":6390272,"thread_start_us":236,"threads_started":9}
I0108 18:44:25.153316 24913 maintenance_manager.cc:326] P c6ad452ff3b64d949298a50527e1fbb0: Scheduling UndoDeltaBlockGCOp(dbe8c3d61048482fb282021487b845a6): 24782707 bytes on disk
I0108 18:44:25.153414 24807 maintenance_manager.cc:527] P c6ad452ff3b64d949298a50527e1fbb0: UndoDeltaBlockGCOp(dbe8c3d61048482fb282021487b845a6) complete. Timing: real 0.000s user 0.000s sys 0.000s Metrics: {"cfile_init":1,"lbm_read_time_us":7,"lbm_reads_lt_1ms":4}
I0108 18:44:25.265691 24932 maintenance_manager.cc:527] P 53135810f2d84759ac110009de750c3d: CompactRowSetsOp(fdf8e522824640c3ab9385967c93743a) complete. Timing: real 5.641s user 1.553s sys 0.181s Metrics: {"bytes_written":21130585,"cfile_cache_hit":53,"cfile_cache_hit_bytes":6265172,"cfile_cache_miss":2805,"cfile_cache_miss_bytes":78692552,"cfile_init":9,"delta_iterators_relevant":8,"dirs.queue_time_us":618,"dirs.run_cpu_time_us":142,"dirs.run_wall_time_us":243907,"drs_written":1,"lbm_read_time_us":587736,"lbm_reads_1-10_ms":37,"lbm_reads_10-100_ms":8,"lbm_reads_gt_100_ms":1,"lbm_reads_lt_1ms":2795,"lbm_write_time_us":189611,"lbm_writes_1-10_ms":33,"lbm_writes_10-100_ms":1,"lbm_writes_lt_1ms":2109,"num_input_rowsets":2,"rows_written":1207636,"spinlock_wait_cycles":74377728,"thread_start_us":486,"threads_started":9}
I0108 18:44:25.265877 25038 maintenance_manager.cc:326] P 53135810f2d84759ac110009de750c3d: Scheduling UndoDeltaBlockGCOp(fdf8e522824640c3ab9385967c93743a): 24760960 bytes on disk
I0108 18:44:25.266010 24932 maintenance_manager.cc:527] P 53135810f2d84759ac110009de750c3d: UndoDeltaBlockGCOp(fdf8e522824640c3ab9385967c93743a) complete. Timing: real 0.000s user 0.000s sys 0.000s Metrics: {"cfile_init":1,"lbm_read_time_us":9,"lbm_reads_lt_1ms":4} ------------------------------------------------------------ Histogram for latency of insert operations (microseconds) Note: each insert is a batch of 50 rows. ------------------------------------------------------------ Count: 150000 Mean: 1897.73 Percentiles: 0% (min) = 804 25% = 1441 50% (med) = 1623 75% = 1871 95% = 2574 99% = 7376 99.9% = 44096 99.99% = 67456 100% (max) = 147792
I0108 18:44:28.539039 24709 linked_list-test-util.h:519] Written 7500000 rows in chain ------------------------------------------------------------ Histogram for latency of insert operations (microseconds) Note: each insert is a batch of 50 rows. ------------------------------------------------------------ Count: 160000 Mean: 1899.88 Percentiles: 0% (min) = 804 25% = 1445 50% (med) = 1626 75% = 1872 95% = 2564 99% = 7380 99.9% = 44192 99.99% = 68352 100% (max) = 147792
I0108 18:44:49.498971 24709 linked_list-test-util.h:519] Written 8000000 rows in chain ------------------------------------------------------------ Histogram for latency of insert operations (microseconds) Note: each insert is a batch of 50 rows. ------------------------------------------------------------ Count: 170000 Mean: 1901.42 Percentiles: 0% (min) = 804 25% = 1449 50% (med) = 1630 75% = 1876 95% = 2556 99% = 7372 99.9% = 43648 99.99% = 67456 100% (max) = 147792
I0108 18:45:10.502408 24709 linked_list-test-util.h:519] Written 8500000 rows in chain
I0108 18:45:25.957643 25162 maintenance_manager.cc:326] P 61b86269d42a403f94c0a049429fa247: Scheduling FlushMRSOp(dbe8c3d61048482fb282021487b845a6): perf score=0.033380
I0108 18:45:27.358574 25056 maintenance_manager.cc:527] P 61b86269d42a403f94c0a049429fa247: FlushMRSOp(dbe8c3d61048482fb282021487b845a6) complete. Timing: real 1.401s user 0.626s sys 0.032s Metrics: {"bytes_written":8029668,"cfile_init":1,"delete_count":0,"dirs.queue_time_us":1196,"dirs.run_cpu_time_us":127,"dirs.run_wall_time_us":40672,"drs_written":1,"lbm_read_time_us":8,"lbm_reads_lt_1ms":4,"lbm_write_time_us":39816,"lbm_writes_1-10_ms":5,"lbm_writes_lt_1ms":815,"reinsert_count":0,"rows_written":453362,"thread_start_us":32,"threads_started":1,"update_count":286}
I0108 18:45:27.358671 25162 maintenance_manager.cc:326] P 61b86269d42a403f94c0a049429fa247: Scheduling LogGCOp(dbe8c3d61048482fb282021487b845a6): free 41977826 bytes of WAL
I0108 18:45:27.358705 25056 log_reader.cc:379] T dbe8c3d61048482fb282021487b845a6: removed 5 log segments from log reader
I0108 18:45:27.358711 25056 log.cc:1062] T dbe8c3d61048482fb282021487b845a6 P 61b86269d42a403f94c0a049429fa247: Deleting log segment in path: /data/somelongdirectorytoavoidrpathissues/src/kudutest/linked_list-test.LinkedListTest.TestLoadAndVerify.1578537560432831-24709/linked-list-cluster/ts-2/wal/wals/dbe8c3d61048482fb282021487b845a6/wal-000000010 (ops 111516-123869)
I0108 18:45:27.358741 25056 log.cc:1062] T dbe8c3d61048482fb282021487b845a6 P 61b86269d42a403f94c0a049429fa247: Deleting log segment in path: /data/somelongdirectorytoavoidrpathissues/src/kudutest/linked_list-test.LinkedListTest.TestLoadAndVerify.1578537560432831-24709/linked-list-cluster/ts-2/wal/wals/dbe8c3d61048482fb282021487b845a6/wal-000000011 (ops 123870-136313)
I0108 18:45:27.358901 25056 log.cc:1062] T dbe8c3d61048482fb282021487b845a6 P 61b86269d42a403f94c0a049429fa247: Deleting log segment in path: /data/somelongdirectorytoavoidrpathissues/src/kudutest/linked_list-test.LinkedListTest.TestLoadAndVerify.1578537560432831-24709/linked-list-cluster/ts-2/wal/wals/dbe8c3d61048482fb282021487b845a6/wal-000000012 (ops 136314-148661)
I0108 18:45:27.359036 25056 log.cc:1062] T dbe8c3d61048482fb282021487b845a6 P 61b86269d42a403f94c0a049429fa247: Deleting log segment in path: /data/somelongdirectorytoavoidrpathissues/src/kudutest/linked_list-test.LinkedListTest.TestLoadAndVerify.1578537560432831-24709/linked-list-cluster/ts-2/wal/wals/dbe8c3d61048482fb282021487b845a6/wal-000000013 (ops 148662-161055)
I0108 18:45:27.359438 25056 log.cc:1062] T dbe8c3d61048482fb282021487b845a6 P 61b86269d42a403f94c0a049429fa247: Deleting log segment in path: /data/somelongdirectorytoavoidrpathissues/src/kudutest/linked_list-test.LinkedListTest.TestLoadAndVerify.1578537560432831-24709/linked-list-cluster/ts-2/wal/wals/dbe8c3d61048482fb282021487b845a6/wal-000000014 (ops 161056-173454)
I0108 18:45:27.377910 25056 maintenance_manager.cc:527] P 61b86269d42a403f94c0a049429fa247: LogGCOp(dbe8c3d61048482fb282021487b845a6) complete. Timing: real 0.019s user 0.002s sys 0.010s Metrics: {}
I0108 18:45:27.377997 25162 maintenance_manager.cc:326] P 61b86269d42a403f94c0a049429fa247: Scheduling UndoDeltaBlockGCOp(dbe8c3d61048482fb282021487b845a6): 9002010 bytes on disk
I0108 18:45:27.378103 25056 maintenance_manager.cc:527] P 61b86269d42a403f94c0a049429fa247: UndoDeltaBlockGCOp(dbe8c3d61048482fb282021487b845a6) complete. Timing: real 0.000s user 0.000s sys 0.000s Metrics: {"cfile_init":1,"lbm_read_time_us":9,"lbm_reads_lt_1ms":4}
I0108 18:45:27.378150 25162 maintenance_manager.cc:326] P 61b86269d42a403f94c0a049429fa247: Scheduling CompactRowSetsOp(dbe8c3d61048482fb282021487b845a6): perf score=1.001430
I0108 18:45:31.914672 25056 maintenance_manager.cc:527] P 61b86269d42a403f94c0a049429fa247: CompactRowSetsOp(dbe8c3d61048482fb282021487b845a6) complete. Timing: real 4.536s user 1.872s sys 0.173s Metrics: {"bytes_written":26034515,"cfile_cache_hit":69,"cfile_cache_hit_bytes":8785919,"cfile_cache_miss":3421,"cfile_cache_miss_bytes":95801631,"cfile_init":8,"delta_iterators_relevant":6,"dirs.queue_time_us":9237,"dirs.run_cpu_time_us":100,"dirs.run_wall_time_us":33728,"drs_written":1,"lbm_read_time_us":313605,"lbm_reads_1-10_ms":29,"lbm_reads_10-100_ms":9,"lbm_reads_lt_1ms":3415,"lbm_write_time_us":148007,"lbm_writes_1-10_ms":16,"lbm_writes_lt_1ms":2607,"num_input_rowsets":2,"rows_written":1478654,"spinlock_wait_cycles":15923712,"thread_start_us":511,"threads_started":9}
I0108 18:45:31.914855 25162 maintenance_manager.cc:326] P 61b86269d42a403f94c0a049429fa247: Scheduling FlushMRSOp(fdf8e522824640c3ab9385967c93743a): perf score=0.033745 ------------------------------------------------------------ Histogram for latency of insert operations (microseconds) Note: each insert is a batch of 50 rows. ------------------------------------------------------------ Count: 180000 Mean: 1906.99 Percentiles: 0% (min) = 804 25% = 1454 50% (med) = 1637 75% = 1884 95% = 2558 99% = 7376 99.9% = 43648 99.99% = 67456 100% (max) = 147792
I0108 18:45:32.131222 24709 linked_list-test-util.h:519] Written 9000000 rows in chain
I0108 18:45:33.652627 25056 maintenance_manager.cc:527] P 61b86269d42a403f94c0a049429fa247: FlushMRSOp(fdf8e522824640c3ab9385967c93743a) complete. Timing: real 1.738s user 0.670s sys 0.053s Metrics: {"bytes_written":8148444,"cfile_init":1,"delete_count":0,"dirs.queue_time_us":171,"dirs.run_cpu_time_us":92,"dirs.run_wall_time_us":29805,"drs_written":1,"lbm_read_time_us":21,"lbm_reads_lt_1ms":4,"lbm_write_time_us":105853,"lbm_writes_1-10_ms":11,"lbm_writes_10-100_ms":1,"lbm_writes_lt_1ms":815,"reinsert_count":0,"rows_written":457709,"thread_start_us":27,"threads_started":1,"update_count":3702}
I0108 18:45:33.652735 25162 maintenance_manager.cc:326] P 61b86269d42a403f94c0a049429fa247: Scheduling LogGCOp(fdf8e522824640c3ab9385967c93743a): free 41999322 bytes of WAL
I0108 18:45:33.652803 25056 log_reader.cc:379] T fdf8e522824640c3ab9385967c93743a: removed 5 log segments from log reader
I0108 18:45:33.652818 25056 log.cc:1062] T fdf8e522824640c3ab9385967c93743a P 61b86269d42a403f94c0a049429fa247: Deleting log segment in path: /data/somelongdirectorytoavoidrpathissues/src/kudutest/linked_list-test.LinkedListTest.TestLoadAndVerify.1578537560432831-24709/linked-list-cluster/ts-2/wal/wals/fdf8e522824640c3ab9385967c93743a/wal-000000010 (ops 111932-124342)
I0108 18:45:33.652856 25056 log.cc:1062] T fdf8e522824640c3ab9385967c93743a P 61b86269d42a403f94c0a049429fa247: Deleting log segment in path: /data/somelongdirectorytoavoidrpathissues/src/kudutest/linked_list-test.LinkedListTest.TestLoadAndVerify.1578537560432831-24709/linked-list-cluster/ts-2/wal/wals/fdf8e522824640c3ab9385967c93743a/wal-000000011 (ops 124343-136828)
I0108 18:45:33.652889 25056 log.cc:1062] T fdf8e522824640c3ab9385967c93743a P 61b86269d42a403f94c0a049429fa247: Deleting log segment in path: /data/somelongdirectorytoavoidrpathissues/src/kudutest/linked_list-test.LinkedListTest.TestLoadAndVerify.1578537560432831-24709/linked-list-cluster/ts-2/wal/wals/fdf8e522824640c3ab9385967c93743a/wal-000000012 (ops 136829-149309)
I0108 18:45:33.653165 25056 log.cc:1062] T fdf8e522824640c3ab9385967c93743a P 61b86269d42a403f94c0a049429fa247: Deleting log segment in path: /data/somelongdirectorytoavoidrpathissues/src/kudutest/linked_list-test.LinkedListTest.TestLoadAndVerify.1578537560432831-24709/linked-list-cluster/ts-2/wal/wals/fdf8e522824640c3ab9385967c93743a/wal-000000013 (ops 149310-161700)
I0108 18:45:33.653328 25056 log.cc:1062] T fdf8e522824640c3ab9385967c93743a P 61b86269d42a403f94c0a049429fa247: Deleting log segment in path: /data/somelongdirectorytoavoidrpathissues/src/kudutest/linked_list-test.LinkedListTest.TestLoadAndVerify.1578537560432831-24709/linked-list-cluster/ts-2/wal/wals/fdf8e522824640c3ab9385967c93743a/wal-000000014 (ops 161701-174132)
I0108 18:45:33.675854 25056 maintenance_manager.cc:527] P 61b86269d42a403f94c0a049429fa247: LogGCOp(fdf8e522824640c3ab9385967c93743a) complete. Timing: real 0.023s user 0.001s sys 0.011s Metrics: {}
I0108 18:45:33.676028 25162 maintenance_manager.cc:326] P 61b86269d42a403f94c0a049429fa247: Scheduling UndoDeltaBlockGCOp(dbe8c3d61048482fb282021487b845a6): 30588830 bytes on disk
I0108 18:45:33.693248 25056 maintenance_manager.cc:527] P 61b86269d42a403f94c0a049429fa247: UndoDeltaBlockGCOp(dbe8c3d61048482fb282021487b845a6) complete. Timing: real 0.017s user 0.000s sys 0.000s Metrics: {"cfile_init":1,"lbm_read_time_us":16732,"lbm_reads_1-10_ms":2,"lbm_reads_lt_1ms":2}
I0108 18:45:33.693439 25162 maintenance_manager.cc:326] P 61b86269d42a403f94c0a049429fa247: Scheduling UndoDeltaBlockGCOp(fdf8e522824640c3ab9385967c93743a): 9066472 bytes on disk
I0108 18:45:33.693713 25056 maintenance_manager.cc:527] P 61b86269d42a403f94c0a049429fa247: UndoDeltaBlockGCOp(fdf8e522824640c3ab9385967c93743a) complete. Timing: real 0.000s user 0.000s sys 0.000s Metrics: {"cfile_init":1,"lbm_read_time_us":10,"lbm_reads_lt_1ms":4}
I0108 18:45:33.693821 25162 maintenance_manager.cc:326] P 61b86269d42a403f94c0a049429fa247: Scheduling CompactRowSetsOp(fdf8e522824640c3ab9385967c93743a): perf score=1.001382
I0108 18:45:38.471684 25056 maintenance_manager.cc:527] P 61b86269d42a403f94c0a049429fa247: CompactRowSetsOp(fdf8e522824640c3ab9385967c93743a) complete. Timing: real 4.778s user 1.872s sys 0.187s Metrics: {"bytes_written":26468101,"cfile_cache_hit":64,"cfile_cache_hit_bytes":8177456,"cfile_cache_miss":3472,"cfile_cache_miss_bytes":97962858,"cfile_init":8,"delta_iterators_relevant":6,"dirs.queue_time_us":13231,"dirs.run_cpu_time_us":107,"dirs.run_wall_time_us":34097,"drs_written":1,"lbm_read_time_us":412554,"lbm_reads_1-10_ms":38,"lbm_reads_10-100_ms":9,"lbm_reads_lt_1ms":3457,"lbm_write_time_us":123220,"lbm_writes_1-10_ms":8,"lbm_writes_lt_1ms":2650,"num_input_rowsets":2,"rows_written":1499169,"spinlock_wait_cycles":1974144,"thread_start_us":869,"threads_started":9}
I0108 18:45:38.471783 25162 maintenance_manager.cc:326] P 61b86269d42a403f94c0a049429fa247: Scheduling UndoDeltaBlockGCOp(fdf8e522824640c3ab9385967c93743a): 31054142 bytes on disk
I0108 18:45:38.471870 25056 maintenance_manager.cc:527] P 61b86269d42a403f94c0a049429fa247: UndoDeltaBlockGCOp(fdf8e522824640c3ab9385967c93743a) complete. Timing: real 0.000s user 0.000s sys 0.000s Metrics: {"cfile_init":1,"lbm_read_time_us":10,"lbm_reads_lt_1ms":4}
I0108 18:45:45.843097 25038 maintenance_manager.cc:326] P 53135810f2d84759ac110009de750c3d: Scheduling FlushMRSOp(50603d14716f4c4bb514a91e103fbf64): perf score=0.033341
I0108 18:45:46.974545 24913 maintenance_manager.cc:326] P c6ad452ff3b64d949298a50527e1fbb0: Scheduling FlushMRSOp(50603d14716f4c4bb514a91e103fbf64): perf score=0.033352 ------------------------------------------------------------ Histogram for latency of insert operations (microseconds) Note: each insert is a batch of 50 rows. ------------------------------------------------------------ Count: 190000 Mean: 1916.37 Percentiles: 0% (min) = 804 25% = 1458 50% (med) = 1642 75% = 1892 95% = 2576 99% = 7444 99.9% = 44096 99.99% = 67456 100% (max) = 147792
I0108 18:45:54.425307 24709 linked_list-test-util.h:519] Written 9500000 rows in chain
I0108 18:45:54.484282 25162 maintenance_manager.cc:326] P 61b86269d42a403f94c0a049429fa247: Scheduling FlushMRSOp(50603d14716f4c4bb514a91e103fbf64): perf score=0.033391
I0108 18:45:55.294661 24932 maintenance_manager.cc:527] P 53135810f2d84759ac110009de750c3d: FlushMRSOp(50603d14716f4c4bb514a91e103fbf64) complete. Timing: real 9.451s user 3.125s sys 0.226s Metrics: {"bytes_written":34803077,"cfile_init":2,"delete_count":0,"dirs.queue_time_us":7388,"dirs.run_cpu_time_us":189,"dirs.run_wall_time_us":52276,"drs_written":2,"lbm_read_time_us":19495,"lbm_reads_10-100_ms":1,"lbm_reads_lt_1ms":7,"lbm_write_time_us":250278,"lbm_writes_1-10_ms":39,"lbm_writes_10-100_ms":1,"lbm_writes_lt_1ms":3457,"reinsert_count":0,"rows_written":1960313,"thread_start_us":31,"threads_started":1,"update_count":11897}
I0108 18:45:55.294864 25038 maintenance_manager.cc:326] P 53135810f2d84759ac110009de750c3d: Scheduling LogGCOp(50603d14716f4c4bb514a91e103fbf64): free 83902325 bytes of WAL
I0108 18:45:55.294939 24932 log_reader.cc:379] T 50603d14716f4c4bb514a91e103fbf64: removed 10 log segments from log reader
I0108 18:45:55.294986 24932 log.cc:1062] T 50603d14716f4c4bb514a91e103fbf64 P 53135810f2d84759ac110009de750c3d: Deleting log segment in path: /data/somelongdirectorytoavoidrpathissues/src/kudutest/linked_list-test.LinkedListTest.TestLoadAndVerify.1578537560432831-24709/linked-list-cluster/ts-1/wal/wals/50603d14716f4c4bb514a91e103fbf64/wal-000000022 (ops 123955-129775)
I0108 18:45:55.295135 24932 log.cc:1062] T 50603d14716f4c4bb514a91e103fbf64 P 53135810f2d84759ac110009de750c3d: Deleting log segment in path: /data/somelongdirectorytoavoidrpathissues/src/kudutest/linked_list-test.LinkedListTest.TestLoadAndVerify.1578537560432831-24709/linked-list-cluster/ts-1/wal/wals/50603d14716f4c4bb514a91e103fbf64/wal-000000023 (ops 129776-135730)
I0108 18:45:55.295212 24932 log.cc:1062] T 50603d14716f4c4bb514a91e103fbf64 P 53135810f2d84759ac110009de750c3d: Deleting log segment in path: /data/somelongdirectorytoavoidrpathissues/src/kudutest/linked_list-test.LinkedListTest.TestLoadAndVerify.1578537560432831-24709/linked-list-cluster/ts-1/wal/wals/50603d14716f4c4bb514a91e103fbf64/wal-000000024 (ops 135731-141636)
I0108 18:45:55.295281 24932 log.cc:1062] T 50603d14716f4c4bb514a91e103fbf64 P 53135810f2d84759ac110009de750c3d: Deleting log segment in path: /data/somelongdirectorytoavoidrpathissues/src/kudutest/linked_list-test.LinkedListTest.TestLoadAndVerify.1578537560432831-24709/linked-list-cluster/ts-1/wal/wals/50603d14716f4c4bb514a91e103fbf64/wal-000000025 (ops 141637-147476)
I0108 18:45:55.295373 24932 log.cc:1062] T 50603d14716f4c4bb514a91e103fbf64 P 53135810f2d84759ac110009de750c3d: Deleting log segment in path: /data/somelongdirectorytoavoidrpathissues/src/kudutest/linked_list-test.LinkedListTest.TestLoadAndVerify.1578537560432831-24709/linked-list-cluster/ts-1/wal/wals/50603d14716f4c4bb514a91e103fbf64/wal-000000026 (ops 147477-153427)
I0108 18:45:55.295439 24932 log.cc:1062] T 50603d14716f4c4bb514a91e103fbf64 P 53135810f2d84759ac110009de750c3d: Deleting log segment in path: /data/somelongdirectorytoavoidrpathissues/src/kudutest/linked_list-test.LinkedListTest.TestLoadAndVerify.1578537560432831-24709/linked-list-cluster/ts-1/wal/wals/50603d14716f4c4bb514a91e103fbf64/wal-000000027 (ops 153428-159355)
I0108 18:45:55.295533 24932 log.cc:1062] T 50603d14716f4c4bb514a91e103fbf64 P 53135810f2d84759ac110009de750c3d: Deleting log segment in path: /data/somelongdirectorytoavoidrpathissues/src/kudutest/linked_list-test.LinkedListTest.TestLoadAndVerify.1578537560432831-24709/linked-list-cluster/ts-1/wal/wals/50603d14716f4c4bb514a91e103fbf64/wal-000000028 (ops 159356-165167)
I0108 18:45:55.295596 24932 log.cc:1062] T 50603d14716f4c4bb514a91e103fbf64 P 53135810f2d84759ac110009de750c3d: Deleting log segment in path: /data/somelongdirectorytoavoidrpathissues/src/kudutest/linked_list-test.LinkedListTest.TestLoadAndVerify.1578537560432831-24709/linked-list-cluster/ts-1/wal/wals/50603d14716f4c4bb514a91e103fbf64/wal-000000029 (ops 165168-171045)
I0108 18:45:55.295655 24932 log.cc:1062] T 50603d14716f4c4bb514a91e103fbf64 P 53135810f2d84759ac110009de750c3d: Deleting log segment in path: /data/somelongdirectorytoavoidrpathissues/src/kudutest/linked_list-test.LinkedListTest.TestLoadAndVerify.1578537560432831-24709/linked-list-cluster/ts-1/wal/wals/50603d14716f4c4bb514a91e103fbf64/wal-000000030 (ops 171046-176992)
I0108 18:45:55.295718 24932 log.cc:1062] T 50603d14716f4c4bb514a91e103fbf64 P 53135810f2d84759ac110009de750c3d: Deleting log segment in path: /data/somelongdirectorytoavoidrpathissues/src/kudutest/linked_list-test.LinkedListTest.TestLoadAndVerify.1578537560432831-24709/linked-list-cluster/ts-1/wal/wals/50603d14716f4c4bb514a91e103fbf64/wal-000000031 (ops 176993-182889)
I0108 18:45:55.340162 24932 maintenance_manager.cc:527] P 53135810f2d84759ac110009de750c3d: LogGCOp(50603d14716f4c4bb514a91e103fbf64) complete. Timing: real 0.045s user 0.002s sys 0.020s Metrics: {}
I0108 18:45:55.340358 25038 maintenance_manager.cc:326] P 53135810f2d84759ac110009de750c3d: Scheduling CompactRowSetsOp(50603d14716f4c4bb514a91e103fbf64): perf score=1.010503
I0108 18:45:57.276361 24807 maintenance_manager.cc:527] P c6ad452ff3b64d949298a50527e1fbb0: FlushMRSOp(50603d14716f4c4bb514a91e103fbf64) complete. Timing: real 10.302s user 3.242s sys 0.274s Metrics: {"bytes_written":35029162,"cfile_init":2,"delete_count":0,"dirs.queue_time_us":133,"dirs.run_cpu_time_us":227,"dirs.run_wall_time_us":120401,"drs_written":2,"lbm_read_time_us":70662,"lbm_reads_10-100_ms":1,"lbm_reads_lt_1ms":7,"lbm_write_time_us":276492,"lbm_writes_1-10_ms":60,"lbm_writes_lt_1ms":3461,"reinsert_count":0,"rows_written":1972638,"spinlock_wait_cycles":1280,"thread_start_us":80,"threads_started":1,"update_count":12675}
I0108 18:45:57.276569 24913 maintenance_manager.cc:326] P c6ad452ff3b64d949298a50527e1fbb0: Scheduling LogGCOp(50603d14716f4c4bb514a91e103fbf64): free 84305229 bytes of WAL
I0108 18:45:57.276643 24807 log_reader.cc:379] T 50603d14716f4c4bb514a91e103fbf64: removed 10 log segments from log reader
I0108 18:45:57.276690 24807 log.cc:1062] T 50603d14716f4c4bb514a91e103fbf64 P c6ad452ff3b64d949298a50527e1fbb0: Deleting log segment in path: /data/somelongdirectorytoavoidrpathissues/src/kudutest/linked_list-test.LinkedListTest.TestLoadAndVerify.1578537560432831-24709/linked-list-cluster/ts-0/wal/wals/50603d14716f4c4bb514a91e103fbf64/wal-000000022 (ops 124278-130174)
I0108 18:45:57.276780 24807 log.cc:1062] T 50603d14716f4c4bb514a91e103fbf64 P c6ad452ff3b64d949298a50527e1fbb0: Deleting log segment in path: /data/somelongdirectorytoavoidrpathissues/src/kudutest/linked_list-test.LinkedListTest.TestLoadAndVerify.1578537560432831-24709/linked-list-cluster/ts-0/wal/wals/50603d14716f4c4bb514a91e103fbf64/wal-000000023 (ops 130175-136100)
I0108 18:45:57.276849 24807 log.cc:1062] T 50603d14716f4c4bb514a91e103fbf64 P c6ad452ff3b64d949298a50527e1fbb0: Deleting log segment in path: /data/somelongdirectorytoavoidrpathissues/src/kudutest/linked_list-test.LinkedListTest.TestLoadAndVerify.1578537560432831-24709/linked-list-cluster/ts-0/wal/wals/50603d14716f4c4bb514a91e103fbf64/wal-000000024 (ops 136101-142049)
I0108 18:45:57.276912 24807 log.cc:1062] T 50603d14716f4c4bb514a91e103fbf64 P c6ad452ff3b64d949298a50527e1fbb0: Deleting log segment in path: /data/somelongdirectorytoavoidrpathissues/src/kudutest/linked_list-test.LinkedListTest.TestLoadAndVerify.1578537560432831-24709/linked-list-cluster/ts-0/wal/wals/50603d14716f4c4bb514a91e103fbf64/wal-000000025 (ops 142050-147982)
I0108 18:45:57.276978 24807 log.cc:1062] T 50603d14716f4c4bb514a91e103fbf64 P c6ad452ff3b64d949298a50527e1fbb0: Deleting log segment in path: /data/somelongdirectorytoavoidrpathissues/src/kudutest/linked_list-test.LinkedListTest.TestLoadAndVerify.1578537560432831-24709/linked-list-cluster/ts-0/wal/wals/50603d14716f4c4bb514a91e103fbf64/wal-000000026 (ops 147983-153934)
I0108 18:45:57.277040 24807 log.cc:1062] T 50603d14716f4c4bb514a91e103fbf64 P c6ad452ff3b64d949298a50527e1fbb0: Deleting log segment in path: /data/somelongdirectorytoavoidrpathissues/src/kudutest/linked_list-test.LinkedListTest.TestLoadAndVerify.1578537560432831-24709/linked-list-cluster/ts-0/wal/wals/50603d14716f4c4bb514a91e103fbf64/wal-000000027 (ops 153935-159838)
I0108 18:45:57.277132 24807 log.cc:1062] T 50603d14716f4c4bb514a91e103fbf64 P c6ad452ff3b64d949298a50527e1fbb0: Deleting log segment in path: /data/somelongdirectorytoavoidrpathissues/src/kudutest/linked_list-test.LinkedListTest.TestLoadAndVerify.1578537560432831-24709/linked-list-cluster/ts-0/wal/wals/50603d14716f4c4bb514a91e103fbf64/wal-000000028 (ops 159839-165778)
I0108 18:45:57.277206 24807 log.cc:1062] T 50603d14716f4c4bb514a91e103fbf64 P c6ad452ff3b64d949298a50527e1fbb0: Deleting log segment in path: /data/somelongdirectorytoavoidrpathissues/src/kudutest/linked_list-test.LinkedListTest.TestLoadAndVerify.1578537560432831-24709/linked-list-cluster/ts-0/wal/wals/50603d14716f4c4bb514a91e103fbf64/wal-000000029 (ops 165779-171702)
I0108 18:45:57.277271 24807 log.cc:1062] T 50603d14716f4c4bb514a91e103fbf64 P c6ad452ff3b64d949298a50527e1fbb0: Deleting log segment in path: /data/somelongdirectorytoavoidrpathissues/src/kudutest/linked_list-test.LinkedListTest.TestLoadAndVerify.1578537560432831-24709/linked-list-cluster/ts-0/wal/wals/50603d14716f4c4bb514a91e103fbf64/wal-000000030 (ops 171703-177635)
I0108 18:45:57.277354 24807 log.cc:1062] T 50603d14716f4c4bb514a91e103fbf64 P c6ad452ff3b64d949298a50527e1fbb0: Deleting log segment in path: /data/somelongdirectorytoavoidrpathissues/src/kudutest/linked_list-test.LinkedListTest.TestLoadAndVerify.1578537560432831-24709/linked-list-cluster/ts-0/wal/wals/50603d14716f4c4bb514a91e103fbf64/wal-000000031 (ops 177636-183556)
I0108 18:45:57.317138 24807 maintenance_manager.cc:527] P c6ad452ff3b64d949298a50527e1fbb0: LogGCOp(50603d14716f4c4bb514a91e103fbf64) complete. Timing: real 0.040s user 0.000s sys 0.023s Metrics: {}
I0108 18:45:57.317328 24913 maintenance_manager.cc:326] P c6ad452ff3b64d949298a50527e1fbb0: Scheduling UndoDeltaBlockGCOp(50603d14716f4c4bb514a91e103fbf64): 39240152 bytes on disk
I0108 18:45:57.317476 24807 maintenance_manager.cc:527] P c6ad452ff3b64d949298a50527e1fbb0: UndoDeltaBlockGCOp(50603d14716f4c4bb514a91e103fbf64) complete. Timing: real 0.000s user 0.000s sys 0.000s Metrics: {"cfile_init":2,"lbm_read_time_us":20,"lbm_reads_lt_1ms":8}
I0108 18:45:57.317559 24913 maintenance_manager.cc:326] P c6ad452ff3b64d949298a50527e1fbb0: Scheduling CompactRowSetsOp(50603d14716f4c4bb514a91e103fbf64): perf score=1.010331
I0108 18:46:04.908166 25056 maintenance_manager.cc:527] P 61b86269d42a403f94c0a049429fa247: FlushMRSOp(50603d14716f4c4bb514a91e103fbf64) complete. Timing: real 10.424s user 3.227s sys 0.206s Metrics: {"bytes_written":35137249,"cfile_init":2,"delete_count":0,"dirs.queue_time_us":11824,"dirs.run_cpu_time_us":201,"dirs.run_wall_time_us":66413,"drs_written":2,"lbm_read_time_us":10934,"lbm_reads_10-100_ms":1,"lbm_reads_lt_1ms":7,"lbm_write_time_us":362432,"lbm_writes_1-10_ms":74,"lbm_writes_10-100_ms":4,"lbm_writes_lt_1ms":3463,"reinsert_count":0,"rows_written":1984612,"spinlock_wait_cycles":62848,"thread_start_us":48,"threads_started":1,"update_count":3246}
I0108 18:46:04.908393 25162 maintenance_manager.cc:326] P 61b86269d42a403f94c0a049429fa247: Scheduling CompactRowSetsOp(50603d14716f4c4bb514a91e103fbf64): perf score=1.009237 ------------------------------------------------------------ Histogram for latency of insert operations (microseconds) Note: each insert is a batch of 50 rows. ------------------------------------------------------------ Count: 200000 Mean: 1936.82 Percentiles: 0% (min) = 804 25% = 1463 50% (med) = 1651 75% = 1909 95% = 2646 99% = 7564 99.9% = 44992 99.99% = 69184 100% (max) = 147792
I0108 18:46:18.860798 24709 linked_list-test-util.h:519] Written 10000000 rows in chain
I0108 18:46:30.516481 24932 maintenance_manager.cc:527] P 53135810f2d84759ac110009de750c3d: CompactRowSetsOp(50603d14716f4c4bb514a91e103fbf64) complete. Timing: real 35.173s user 8.419s sys 0.889s Metrics: {"bytes_written":110087197,"cfile_cache_hit":327,"cfile_cache_hit_bytes":45570758,"cfile_cache_miss":14321,"cfile_cache_miss_bytes":394562458,"cfile_init":23,"delta_iterators_relevant":14,"dirs.queue_time_us":12412,"dirs.run_cpu_time_us":492,"dirs.run_wall_time_us":149139,"drs_written":4,"lbm_read_time_us":3869677,"lbm_reads_1-10_ms":257,"lbm_reads_10-100_ms":59,"lbm_reads_gt_100_ms":6,"lbm_reads_lt_1ms":14091,"lbm_write_time_us":1208005,"lbm_writes_1-10_ms":254,"lbm_writes_10-100_ms":8,"lbm_writes_lt_1ms":10748,"num_input_rowsets":5,"rows_written":6209563,"spinlock_wait_cycles":409532032,"thread_start_us":173,"threads_started":4}
I0108 18:46:30.516666 25038 maintenance_manager.cc:326] P 53135810f2d84759ac110009de750c3d: Scheduling UndoDeltaBlockGCOp(50603d14716f4c4bb514a91e103fbf64): 129089453 bytes on disk
I0108 18:46:30.516870 24932 maintenance_manager.cc:527] P 53135810f2d84759ac110009de750c3d: UndoDeltaBlockGCOp(50603d14716f4c4bb514a91e103fbf64) complete. Timing: real 0.000s user 0.000s sys 0.000s Metrics: {"cfile_init":4,"lbm_read_time_us":65,"lbm_reads_lt_1ms":16}
I0108 18:46:30.516963 25038 maintenance_manager.cc:326] P 53135810f2d84759ac110009de750c3d: Scheduling FlushMRSOp(dbe8c3d61048482fb282021487b845a6): perf score=0.038602
I0108 18:46:31.118423 24807 maintenance_manager.cc:527] P c6ad452ff3b64d949298a50527e1fbb0: CompactRowSetsOp(50603d14716f4c4bb514a91e103fbf64) complete. Timing: real 33.801s user 8.368s sys 0.846s Metrics: {"bytes_written":110447880,"cfile_cache_hit":326,"cfile_cache_hit_bytes":45474855,"cfile_cache_miss":14364,"cfile_cache_miss_bytes":395838359,"cfile_init":21,"delta_iterators_relevant":14,"dirs.queue_time_us":18278,"dirs.run_cpu_time_us":441,"dirs.run_wall_time_us":222080,"drs_written":4,"lbm_read_time_us":3467670,"lbm_reads_1-10_ms":237,"lbm_reads_10-100_ms":52,"lbm_reads_gt_100_ms":6,"lbm_reads_lt_1ms":14153,"lbm_write_time_us":1089720,"lbm_writes_1-10_ms":228,"lbm_writes_10-100_ms":5,"lbm_writes_lt_1ms":10808,"num_input_rowsets":5,"rows_written":6226465,"spinlock_wait_cycles":90712832,"thread_start_us":631,"threads_started":12}
I0108 18:46:31.118651 24913 maintenance_manager.cc:326] P c6ad452ff3b64d949298a50527e1fbb0: Scheduling FlushMRSOp(fdf8e522824640c3ab9385967c93743a): perf score=0.038635
I0108 18:46:33.256635 24932 maintenance_manager.cc:527] P 53135810f2d84759ac110009de750c3d: FlushMRSOp(dbe8c3d61048482fb282021487b845a6) complete. Timing: real 2.740s user 0.805s sys 0.057s Metrics: {"bytes_written":9308622,"cfile_init":1,"delete_count":0,"dirs.queue_time_us":6602,"dirs.run_cpu_time_us":52,"dirs.run_wall_time_us":52,"drs_written":1,"lbm_read_time_us":21,"lbm_reads_lt_1ms":4,"lbm_write_time_us":756504,"lbm_writes_1-10_ms":30,"lbm_writes_10-100_ms":18,"lbm_writes_gt_100_ms":1,"lbm_writes_lt_1ms":899,"reinsert_count":0,"rows_written":524978,"thread_start_us":31,"threads_started":1,"update_count":2397}
I0108 18:46:33.258627 25038 maintenance_manager.cc:326] P 53135810f2d84759ac110009de750c3d: Scheduling LogGCOp(dbe8c3d61048482fb282021487b845a6): free 41944298 bytes of WAL
I0108 18:46:33.258713 24932 log_reader.cc:379] T dbe8c3d61048482fb282021487b845a6: removed 5 log segments from log reader
I0108 18:46:33.258769 24932 log.cc:1062] T dbe8c3d61048482fb282021487b845a6 P 53135810f2d84759ac110009de750c3d: Deleting log segment in path: /data/somelongdirectorytoavoidrpathissues/src/kudutest/linked_list-test.LinkedListTest.TestLoadAndVerify.1578537560432831-24709/linked-list-cluster/ts-1/wal/wals/dbe8c3d61048482fb282021487b845a6/wal-000000012 (ops 136528-148857)
I0108 18:46:33.258857 24932 log.cc:1062] T dbe8c3d61048482fb282021487b845a6 P 53135810f2d84759ac110009de750c3d: Deleting log segment in path: /data/somelongdirectorytoavoidrpathissues/src/kudutest/linked_list-test.LinkedListTest.TestLoadAndVerify.1578537560432831-24709/linked-list-cluster/ts-1/wal/wals/dbe8c3d61048482fb282021487b845a6/wal-000000013 (ops 148858-161269)
I0108 18:46:33.258940 24932 log.cc:1062] T dbe8c3d61048482fb282021487b845a6 P 53135810f2d84759ac110009de750c3d: Deleting log segment in path: /data/somelongdirectorytoavoidrpathissues/src/kudutest/linked_list-test.LinkedListTest.TestLoadAndVerify.1578537560432831-24709/linked-list-cluster/ts-1/wal/wals/dbe8c3d61048482fb282021487b845a6/wal-000000014 (ops 161270-173669)
I0108 18:46:33.259018 24932 log.cc:1062] T dbe8c3d61048482fb282021487b845a6 P 53135810f2d84759ac110009de750c3d: Deleting log segment in path: /data/somelongdirectorytoavoidrpathissues/src/kudutest/linked_list-test.LinkedListTest.TestLoadAndVerify.1578537560432831-24709/linked-list-cluster/ts-1/wal/wals/dbe8c3d61048482fb282021487b845a6/wal-000000015 (ops 173670-186064)
I0108 18:46:33.259105 24932 log.cc:1062] T dbe8c3d61048482fb282021487b845a6 P 53135810f2d84759ac110009de750c3d: Deleting log segment in path: /data/somelongdirectorytoavoidrpathissues/src/kudutest/linked_list-test.LinkedListTest.TestLoadAndVerify.1578537560432831-24709/linked-list-cluster/ts-1/wal/wals/dbe8c3d61048482fb282021487b845a6/wal-000000016 (ops 186065-198461)
I0108 18:46:33.272785 24932 maintenance_manager.cc:527] P 53135810f2d84759ac110009de750c3d: LogGCOp(dbe8c3d61048482fb282021487b845a6) complete. Timing: real 0.014s user 0.000s sys 0.013s Metrics: {}
I0108 18:46:33.272965 25038 maintenance_manager.cc:326] P 53135810f2d84759ac110009de750c3d: Scheduling CompactRowSetsOp(dbe8c3d61048482fb282021487b845a6): perf score=1.000697
I0108 18:46:34.453197 24807 maintenance_manager.cc:527] P c6ad452ff3b64d949298a50527e1fbb0: FlushMRSOp(fdf8e522824640c3ab9385967c93743a) complete. Timing: real 3.334s user 0.798s sys 0.059s Metrics: {"bytes_written":9270745,"cfile_init":1,"delete_count":0,"dirs.queue_time_us":2703,"dirs.run_cpu_time_us":96,"dirs.run_wall_time_us":53329,"drs_written":1,"lbm_read_time_us":9,"lbm_reads_lt_1ms":4,"lbm_write_time_us":899626,"lbm_writes_1-10_ms":42,"lbm_writes_10-100_ms":22,"lbm_writes_gt_100_ms":1,"lbm_writes_lt_1ms":882,"reinsert_count":0,"rows_written":524559,"thread_start_us":34,"threads_started":1,"update_count":60}
I0108 18:46:34.453404 24913 maintenance_manager.cc:326] P c6ad452ff3b64d949298a50527e1fbb0: Scheduling LogGCOp(fdf8e522824640c3ab9385967c93743a): free 42054283 bytes of WAL
I0108 18:46:34.453486 24807 log_reader.cc:379] T fdf8e522824640c3ab9385967c93743a: removed 5 log segments from log reader
I0108 18:46:34.453534 24807 log.cc:1062] T fdf8e522824640c3ab9385967c93743a P c6ad452ff3b64d949298a50527e1fbb0: Deleting log segment in path: /data/somelongdirectorytoavoidrpathissues/src/kudutest/linked_list-test.LinkedListTest.TestLoadAndVerify.1578537560432831-24709/linked-list-cluster/ts-0/wal/wals/fdf8e522824640c3ab9385967c93743a/wal-000000012 (ops 136829-149309)
I0108 18:46:34.453603 24807 log.cc:1062] T fdf8e522824640c3ab9385967c93743a P c6ad452ff3b64d949298a50527e1fbb0: Deleting log segment in path: /data/somelongdirectorytoavoidrpathissues/src/kudutest/linked_list-test.LinkedListTest.TestLoadAndVerify.1578537560432831-24709/linked-list-cluster/ts-0/wal/wals/fdf8e522824640c3ab9385967c93743a/wal-000000013 (ops 149310-161677)
I0108 18:46:34.453660 24807 log.cc:1062] T fdf8e522824640c3ab9385967c93743a P c6ad452ff3b64d949298a50527e1fbb0: Deleting log segment in path: /data/somelongdirectorytoavoidrpathissues/src/kudutest/linked_list-test.LinkedListTest.TestLoadAndVerify.1578537560432831-24709/linked-list-cluster/ts-0/wal/wals/fdf8e522824640c3ab9385967c93743a/wal-000000014 (ops 161678-174104)
I0108 18:46:34.453716 24807 log.cc:1062] T fdf8e522824640c3ab9385967c93743a P c6ad452ff3b64d949298a50527e1fbb0: Deleting log segment in path: /data/somelongdirectorytoavoidrpathissues/src/kudutest/linked_list-test.LinkedListTest.TestLoadAndVerify.1578537560432831-24709/linked-list-cluster/ts-0/wal/wals/fdf8e522824640c3ab9385967c93743a/wal-000000015 (ops 174105-186695)
I0108 18:46:34.453773 24807 log.cc:1062] T fdf8e522824640c3ab9385967c93743a P c6ad452ff3b64d949298a50527e1fbb0: Deleting log segment in path: /data/somelongdirectorytoavoidrpathissues/src/kudutest/linked_list-test.LinkedListTest.TestLoadAndVerify.1578537560432831-24709/linked-list-cluster/ts-0/wal/wals/fdf8e522824640c3ab9385967c93743a/wal-000000016 (ops 186696-199092)
I0108 18:46:34.469118 24807 maintenance_manager.cc:527] P c6ad452ff3b64d949298a50527e1fbb0: LogGCOp(fdf8e522824640c3ab9385967c93743a) complete. Timing: real 0.016s user 0.001s sys 0.012s Metrics: {}
I0108 18:46:34.469337 24913 maintenance_manager.cc:326] P c6ad452ff3b64d949298a50527e1fbb0: Scheduling CompactRowSetsOp(fdf8e522824640c3ab9385967c93743a): perf score=1.000704
I0108 18:46:37.774065 25056 maintenance_manager.cc:527] P 61b86269d42a403f94c0a049429fa247: CompactRowSetsOp(50603d14716f4c4bb514a91e103fbf64) complete. Timing: real 32.866s user 8.521s sys 0.852s Metrics: {"bytes_written":112726568,"cfile_cache_hit":328,"cfile_cache_hit_bytes":45818944,"cfile_cache_miss":14614,"cfile_cache_miss_bytes":403227406,"cfile_init":23,"delta_iterators_relevant":14,"dirs.queue_time_us":17820,"dirs.run_cpu_time_us":422,"dirs.run_wall_time_us":155638,"drs_written":4,"lbm_read_time_us":3638023,"lbm_reads_1-10_ms":239,"lbm_reads_10-100_ms":58,"lbm_reads_gt_100_ms":8,"lbm_reads_lt_1ms":14401,"lbm_write_time_us":1006468,"lbm_writes_1-10_ms":215,"lbm_writes_10-100_ms":4,"lbm_writes_lt_1ms":11011,"num_input_rowsets":5,"rows_written":6333845,"spinlock_wait_cycles":159971968,"thread_start_us":853,"threads_started":12}
I0108 18:46:37.774271 25162 maintenance_manager.cc:326] P 61b86269d42a403f94c0a049429fa247: Scheduling LogGCOp(50603d14716f4c4bb514a91e103fbf64): free 84041644 bytes of WAL
I0108 18:46:37.774598 25056 log_reader.cc:379] T 50603d14716f4c4bb514a91e103fbf64: removed 10 log segments from log reader
I0108 18:46:37.774662 25056 log.cc:1062] T 50603d14716f4c4bb514a91e103fbf64 P 61b86269d42a403f94c0a049429fa247: Deleting log segment in path: /data/somelongdirectorytoavoidrpathissues/src/kudutest/linked_list-test.LinkedListTest.TestLoadAndVerify.1578537560432831-24709/linked-list-cluster/ts-2/wal/wals/50603d14716f4c4bb514a91e103fbf64/wal-000000023 (ops 130555-136449)
I0108 18:46:37.774745 25056 log.cc:1062] T 50603d14716f4c4bb514a91e103fbf64 P 61b86269d42a403f94c0a049429fa247: Deleting log segment in path: /data/somelongdirectorytoavoidrpathissues/src/kudutest/linked_list-test.LinkedListTest.TestLoadAndVerify.1578537560432831-24709/linked-list-cluster/ts-2/wal/wals/50603d14716f4c4bb514a91e103fbf64/wal-000000024 (ops 136450-142318)
I0108 18:46:37.774817 25056 log.cc:1062] T 50603d14716f4c4bb514a91e103fbf64 P 61b86269d42a403f94c0a049429fa247: Deleting log segment in path: /data/somelongdirectorytoavoidrpathissues/src/kudutest/linked_list-test.LinkedListTest.TestLoadAndVerify.1578537560432831-24709/linked-list-cluster/ts-2/wal/wals/50603d14716f4c4bb514a91e103fbf64/wal-000000025 (ops 142319-148284)
I0108 18:46:37.774926 25056 log.cc:1062] T 50603d14716f4c4bb514a91e103fbf64 P 61b86269d42a403f94c0a049429fa247: Deleting log segment in path: /data/somelongdirectorytoavoidrpathissues/src/kudutest/linked_list-test.LinkedListTest.TestLoadAndVerify.1578537560432831-24709/linked-list-cluster/ts-2/wal/wals/50603d14716f4c4bb514a91e103fbf64/wal-000000026 (ops 148285-154114)
I0108 18:46:37.774996 25056 log.cc:1062] T 50603d14716f4c4bb514a91e103fbf64 P 61b86269d42a403f94c0a049429fa247: Deleting log segment in path: /data/somelongdirectorytoavoidrpathissues/src/kudutest/linked_list-test.LinkedListTest.TestLoadAndVerify.1578537560432831-24709/linked-list-cluster/ts-2/wal/wals/50603d14716f4c4bb514a91e103fbf64/wal-000000027 (ops 154115-160066)
I0108 18:46:37.775063 25056 log.cc:1062] T 50603d14716f4c4bb514a91e103fbf64 P 61b86269d42a403f94c0a049429fa247: Deleting log segment in path: /data/somelongdirectorytoavoidrpathissues/src/kudutest/linked_list-test.LinkedListTest.TestLoadAndVerify.1578537560432831-24709/linked-list-cluster/ts-2/wal/wals/50603d14716f4c4bb514a91e103fbf64/wal-000000028 (ops 160067-166023)
I0108 18:46:37.775132 25056 log.cc:1062] T 50603d14716f4c4bb514a91e103fbf64 P 61b86269d42a403f94c0a049429fa247: Deleting log segment in path: /data/somelongdirectorytoavoidrpathissues/src/kudutest/linked_list-test.LinkedListTest.TestLoadAndVerify.1578537560432831-24709/linked-list-cluster/ts-2/wal/wals/50603d14716f4c4bb514a91e103fbf64/wal-000000029 (ops 166024-171920)
I0108 18:46:37.775199 25056 log.cc:1062] T 50603d14716f4c4bb514a91e103fbf64 P 61b86269d42a403f94c0a049429fa247: Deleting log segment in path: /data/somelongdirectorytoavoidrpathissues/src/kudutest/linked_list-test.LinkedListTest.TestLoadAndVerify.1578537560432831-24709/linked-list-cluster/ts-2/wal/wals/50603d14716f4c4bb514a91e103fbf64/wal-000000030 (ops 171921-177873)
I0108 18:46:37.775315 25056 log.cc:1062] T 50603d14716f4c4bb514a91e103fbf64 P 61b86269d42a403f94c0a049429fa247: Deleting log segment in path: /data/somelongdirectorytoavoidrpathissues/src/kudutest/linked_list-test.LinkedListTest.TestLoadAndVerify.1578537560432831-24709/linked-list-cluster/ts-2/wal/wals/50603d14716f4c4bb514a91e103fbf64/wal-000000031 (ops 177874-183791)
I0108 18:46:37.775383 25056 log.cc:1062] T 50603d14716f4c4bb514a91e103fbf64 P 61b86269d42a403f94c0a049429fa247: Deleting log segment in path: /data/somelongdirectorytoavoidrpathissues/src/kudutest/linked_list-test.LinkedListTest.TestLoadAndVerify.1578537560432831-24709/linked-list-cluster/ts-2/wal/wals/50603d14716f4c4bb514a91e103fbf64/wal-000000032 (ops 183792-189682)
I0108 18:46:37.829638 25056 maintenance_manager.cc:527] P 61b86269d42a403f94c0a049429fa247: LogGCOp(50603d14716f4c4bb514a91e103fbf64) complete. Timing: real 0.055s user 0.002s sys 0.023s Metrics: {}
I0108 18:46:37.829908 25162 maintenance_manager.cc:326] P 61b86269d42a403f94c0a049429fa247: Scheduling UndoDeltaBlockGCOp(50603d14716f4c4bb514a91e103fbf64): 131825461 bytes on disk
I0108 18:46:38.084312 25056 maintenance_manager.cc:527] P 61b86269d42a403f94c0a049429fa247: UndoDeltaBlockGCOp(50603d14716f4c4bb514a91e103fbf64) complete. Timing: real 0.254s user 0.000s sys 0.000s Metrics: {"cfile_init":4,"lbm_read_time_us":254068,"lbm_reads_1-10_ms":2,"lbm_reads_10-100_ms":6,"lbm_reads_lt_1ms":8}
I0108 18:46:41.640307 24932 maintenance_manager.cc:527] P 53135810f2d84759ac110009de750c3d: CompactRowSetsOp(dbe8c3d61048482fb282021487b845a6) complete. Timing: real 8.367s user 2.252s sys 0.221s Metrics: {"bytes_written":30427080,"cfile_cache_hit":72,"cfile_cache_hit_bytes":9411761,"cfile_cache_miss":3962,"cfile_cache_miss_bytes":111755627,"cfile_init":9,"delta_iterators_relevant":6,"dirs.queue_time_us":15208,"dirs.run_cpu_time_us":106,"dirs.run_wall_time_us":37244,"drs_written":1,"lbm_read_time_us":987432,"lbm_reads_1-10_ms":67,"lbm_reads_10-100_ms":21,"lbm_reads_gt_100_ms":1,"lbm_reads_lt_1ms":3909,"lbm_write_time_us":270436,"lbm_writes_1-10_ms":51,"lbm_writes_10-100_ms":2,"lbm_writes_lt_1ms":2974,"mutex_wait_us":116,"num_input_rowsets":2,"rows_written":1708024,"spinlock_wait_cycles":9216,"thread_start_us":830,"threads_started":9}
