I0108 18:39:20.979288 25118 tablet_service.cc:1319] Received RequestConsensusVote() RPC: tablet_id: "fdf8e522824640c3ab9385967c93743a" candidate_uuid: "c6ad452ff3b64d949298a50527e1fbb0" candidate_term: 1 candidate_status { last_received { term: 0 index: 0 } } ignore_live_leader: false dest_uuid: "61b86269d42a403f94c0a049429fa247" is_pre_election: true
I0108 18:39:20.979305 25118 raft_consensus.cc:2321] T fdf8e522824640c3ab9385967c93743a P 61b86269d42a403f94c0a049429fa247 [term 1 FOLLOWER]: Leader pre-election vote request: Denying vote to candidate c6ad452ff3b64d949298a50527e1fbb0 in current term 1: Already voted for candidate 53135810f2d84759ac110009de750c3d in this term.
I0108 18:39:20.979319 25192 raft_consensus.cc:2696] T fdf8e522824640c3ab9385967c93743a P 53135810f2d84759ac110009de750c3d [term 1 FOLLOWER]: Leader election won for term 1
I0108 18:39:20.979333 25192 raft_consensus.cc:672] T fdf8e522824640c3ab9385967c93743a P 53135810f2d84759ac110009de750c3d [term 1 LEADER]: Becoming Leader. State: Replica: 53135810f2d84759ac110009de750c3d, State: Running, Role: LEADER
I0108 18:39:20.979387 25192 consensus_queue.cc:206] T fdf8e522824640c3ab9385967c93743a P 53135810f2d84759ac110009de750c3d [LEADER]: Queue going to LEADER mode. State: All replicated index: 0, Majority replicated index: 0, Committed index: 0, Last appended: 0.0, Last appended by leader: 0, Current term: 1, Majority size: 2, State: 0, Mode: LEADER, active raft config: opid_index: -1 OBSOLETE_local: false peers { permanent_uuid: "53135810f2d84759ac110009de750c3d" member_type: VOTER last_known_addr { host: "127.24.33.66" port: 33490 } } peers { permanent_uuid: "c6ad452ff3b64d949298a50527e1fbb0" member_type: VOTER last_known_addr { host: "127.24.33.65" port: 55934 } } peers { permanent_uuid: "61b86269d42a403f94c0a049429fa247" member_type: VOTER last_known_addr { host: "127.24.33.67" port: 35103 } }
I0108 18:39:20.979802 24746 catalog_manager.cc:4143] T fdf8e522824640c3ab9385967c93743a P 53135810f2d84759ac110009de750c3d reported cstate change: term changed from 0 to 1, leader changed from to 53135810f2d84759ac110009de750c3d (127.24.33.66). New cstate: current_term: 1 leader_uuid: "53135810f2d84759ac110009de750c3d" committed_config { opid_index: -1 OBSOLETE_local: false peers { permanent_uuid: "53135810f2d84759ac110009de750c3d" member_type: VOTER last_known_addr { host: "127.24.33.66" port: 33490 } health_report { overall_health: HEALTHY } } peers { permanent_uuid: "c6ad452ff3b64d949298a50527e1fbb0" member_type: VOTER last_known_addr { host: "127.24.33.65" port: 55934 } health_report { overall_health: UNKNOWN } } peers { permanent_uuid: "61b86269d42a403f94c0a049429fa247" member_type: VOTER last_known_addr { host: "127.24.33.67" port: 35103 } health_report { overall_health: UNKNOWN } } }
I0108 18:39:20.980218 24994 tablet_service.cc:1319] Received RequestConsensusVote() RPC: tablet_id: "fdf8e522824640c3ab9385967c93743a" candidate_uuid: "c6ad452ff3b64d949298a50527e1fbb0" candidate_term: 1 candidate_status { last_received { term: 0 index: 0 } } ignore_live_leader: false dest_uuid: "53135810f2d84759ac110009de750c3d" is_pre_election: true
I0108 18:39:20.980329 24800 leader_election.cc:307] T fdf8e522824640c3ab9385967c93743a P c6ad452ff3b64d949298a50527e1fbb0 [CANDIDATE]: Term 1 pre-election: Election decided. Result: candidate lost. Election summary: received 3 responses out of 3 voters: 1 yes votes; 2 no votes. yes voters: c6ad452ff3b64d949298a50527e1fbb0; no voters: 53135810f2d84759ac110009de750c3d, 61b86269d42a403f94c0a049429fa247
I0108 18:39:20.980373 25183 raft_consensus.cc:2644] T fdf8e522824640c3ab9385967c93743a P c6ad452ff3b64d949298a50527e1fbb0 [term 1 FOLLOWER]: Leader pre-election lost for term 1. Reason: could not achieve majority
I0108 18:39:21.011565 24709 external_mini_cluster.cc:721] 3 TS(s) registered with all masters
I0108 18:39:21.011907 24709 ts_itest-base.cc:233] Waiting for 3 tablets on tserver c6ad452ff3b64d949298a50527e1fbb0 to finish bootstrapping
I0108 18:39:21.013811 24709 ts_itest-base.cc:233] Waiting for 3 tablets on tserver 53135810f2d84759ac110009de750c3d to finish bootstrapping
I0108 18:39:21.015507 24709 ts_itest-base.cc:233] Waiting for 3 tablets on tserver 61b86269d42a403f94c0a049429fa247 to finish bootstrapping
I0108 18:39:21.017946 24709 linked_list-test-util.h:512] Running for: 900.000s
I0108 18:39:21.017957 24709 linked_list-test-util.h:513] Sampling every 300000000 us
I0108 18:39:21.018043 24709 linked_list-test-util.h:519] Written 0 rows in chain ------------------------------------------------------------ Histogram for latency of insert operations (microseconds) Note: each insert is a batch of 50 rows. ------------------------------------------------------------ Count: 0 Mean: 0 Percentiles: 0% (min) = 0 25% = 0 50% (med) = 0 75% = 0 95% = 0 99% = 0 99.9% = 0 99.99% = 0 100% (max) = 0
I0108 18:39:21.020081 25199 linked_list-test-util.h:379] Curl thread will poll the following URLs every 1000 ms:
I0108 18:39:21.020097 25199 linked_list-test-util.h:382] http://127.24.33.67:37527/maintenance-manager
I0108 18:39:21.020102 25199 linked_list-test-util.h:382] http://127.24.33.126:54254/threadz
I0108 18:39:21.020105 25199 linked_list-test-util.h:382] http://127.24.33.66:50336/metrics
I0108 18:39:21.020117 25199 linked_list-test-util.h:382] http://127.24.33.126:54254/tablet-servers
I0108 18:39:21.020121 25199 linked_list-test-util.h:382] http://127.24.33.67:37527/scans
I0108 18:39:21.020124 25199 linked_list-test-util.h:382] http://127.24.33.126:54254/mem-trackers
I0108 18:39:21.020126 25199 linked_list-test-util.h:382] http://127.24.33.66:50336/tablets
I0108 18:39:21.020129 25199 linked_list-test-util.h:382] http://127.24.33.67:37527/tablets
I0108 18:39:21.020133 25199 linked_list-test-util.h:382] http://127.24.33.67:37527/stacks
I0108 18:39:21.020135 25199 linked_list-test-util.h:382] http://127.24.33.126:54254/threadz?group=all
I0108 18:39:21.020138 25199 linked_list-test-util.h:382] http://127.24.33.65:35659/mem-trackers
I0108 18:39:21.020141 25199 linked_list-test-util.h:382] http://127.24.33.65:35659/stacks
I0108 18:39:21.020144 25199 linked_list-test-util.h:382] http://127.24.33.65:35659/scans
I0108 18:39:21.020148 25199 linked_list-test-util.h:382] http://127.24.33.67:37527/mem-trackers
I0108 18:39:21.020150 25199 linked_list-test-util.h:382] http://127.24.33.66:50336/transactions?tablet_id=dbe8c3d61048482fb282021487b845a6
I0108 18:39:21.020153 25199 linked_list-test-util.h:382] http://127.24.33.66:50336/scans
I0108 18:39:21.020156 25199 linked_list-test-util.h:382] http://127.24.33.126:54254/tables
I0108 18:39:21.020159 25199 linked_list-test-util.h:382] http://127.24.33.65:35659/maintenance-manager
I0108 18:39:21.020162 25199 linked_list-test-util.h:382] http://127.24.33.66:50336/stacks
I0108 18:39:21.020165 25199 linked_list-test-util.h:382] http://127.24.33.66:50336/mem-trackers
I0108 18:39:21.020169 25199 linked_list-test-util.h:382] http://127.24.33.126:54254/dump-entities
I0108 18:39:21.020172 25199 linked_list-test-util.h:382] http://127.24.33.65:35659/transactions?tablet_id=dbe8c3d61048482fb282021487b845a6
I0108 18:39:21.020175 25199 linked_list-test-util.h:382] http://127.24.33.66:50336/maintenance-manager
I0108 18:39:21.020179 25199 linked_list-test-util.h:382] http://127.24.33.66:50336/threadz
I0108 18:39:21.020181 25199 linked_list-test-util.h:382] http://127.24.33.65:35659/threadz?group=all
I0108 18:39:21.020184 25199 linked_list-test-util.h:382] http://127.24.33.65:35659/tablets
I0108 18:39:21.020189 25199 linked_list-test-util.h:382] http://127.24.33.67:37527/transactions?tablet_id=dbe8c3d61048482fb282021487b845a6
I0108 18:39:21.020191 25199 linked_list-test-util.h:382] http://127.24.33.126:54254/masters
I0108 18:39:21.020195 25199 linked_list-test-util.h:382] http://127.24.33.67:37527/metrics
I0108 18:39:21.020197 25199 linked_list-test-util.h:382] http://127.24.33.126:54254/stacks
I0108 18:39:21.020200 25199 linked_list-test-util.h:382] http://127.24.33.66:50336/threadz?group=all
I0108 18:39:21.020203 25199 linked_list-test-util.h:382] http://127.24.33.67:37527/threadz
I0108 18:39:21.020207 25199 linked_list-test-util.h:382] http://127.24.33.67:37527/threadz?group=all
I0108 18:39:21.020210 25199 linked_list-test-util.h:382] http://127.24.33.65:35659/threadz
I0108 18:39:21.020213 25199 linked_list-test-util.h:382] http://127.24.33.126:54254/metrics
I0108 18:39:21.020216 25199 linked_list-test-util.h:382] http://127.24.33.65:35659/metrics
W0108 18:39:21.021857 25162 tablet.cc:1792] T 50603d14716f4c4bb514a91e103fbf64 P 61b86269d42a403f94c0a049429fa247: Can't schedule compaction. Clean time has not been advanced past its initial value.
I0108 18:39:21.022150 24994 raft_consensus.cc:1195] T dbe8c3d61048482fb282021487b845a6 P 53135810f2d84759ac110009de750c3d [term 1 FOLLOWER]: Refusing update from remote peer 61b86269d42a403f94c0a049429fa247: Log matching property violated. Preceding OpId in replica: term: 0 index: 0. Preceding OpId from leader: term: 1 index: 2. (index mismatch)
I0108 18:39:21.022300 25195 consensus_queue.cc:982] T dbe8c3d61048482fb282021487b845a6 P 61b86269d42a403f94c0a049429fa247 [LEADER]: Connected to new peer: Peer: permanent_uuid: "53135810f2d84759ac110009de750c3d" member_type: VOTER last_known_addr { host: "127.24.33.66" port: 33490 }, Status: LMP_MISMATCH, Last received: 0.0, Next index: 1, Last known committed idx: 0, Time since last communication: 0.000s
I0108 18:39:21.022296 24869 raft_consensus.cc:1195] T dbe8c3d61048482fb282021487b845a6 P c6ad452ff3b64d949298a50527e1fbb0 [term 1 FOLLOWER]: Refusing update from remote peer 61b86269d42a403f94c0a049429fa247: Log matching property violated. Preceding OpId in replica: term: 0 index: 0. Preceding OpId from leader: term: 1 index: 2. (index mismatch)
I0108 18:39:21.022462 25195 consensus_queue.cc:982] T dbe8c3d61048482fb282021487b845a6 P 61b86269d42a403f94c0a049429fa247 [LEADER]: Connected to new peer: Peer: permanent_uuid: "c6ad452ff3b64d949298a50527e1fbb0" member_type: VOTER last_known_addr { host: "127.24.33.65" port: 55934 }, Status: LMP_MISMATCH, Last received: 0.0, Next index: 1, Last known committed idx: 0, Time since last communication: 0.000s
I0108 18:39:21.022775 25118 raft_consensus.cc:1195] T 50603d14716f4c4bb514a91e103fbf64 P 61b86269d42a403f94c0a049429fa247 [term 1 FOLLOWER]: Refusing update from remote peer 53135810f2d84759ac110009de750c3d: Log matching property violated. Preceding OpId in replica: term: 0 index: 0. Preceding OpId from leader: term: 1 index: 2. (index mismatch)
I0108 18:39:21.022927 25185 consensus_queue.cc:982] T 50603d14716f4c4bb514a91e103fbf64 P 53135810f2d84759ac110009de750c3d [LEADER]: Connected to new peer: Peer: permanent_uuid: "61b86269d42a403f94c0a049429fa247" member_type: VOTER last_known_addr { host: "127.24.33.67" port: 35103 }, Status: LMP_MISMATCH, Last received: 0.0, Next index: 1, Last known committed idx: 0, Time since last communication: 0.000s
I0108 18:39:21.023453 24868 raft_consensus.cc:1195] T 50603d14716f4c4bb514a91e103fbf64 P c6ad452ff3b64d949298a50527e1fbb0 [term 1 FOLLOWER]: Refusing update from remote peer 53135810f2d84759ac110009de750c3d: Log matching property violated. Preceding OpId in replica: term: 0 index: 0. Preceding OpId from leader: term: 1 index: 2. (index mismatch)
I0108 18:39:21.023614 25192 consensus_queue.cc:982] T 50603d14716f4c4bb514a91e103fbf64 P 53135810f2d84759ac110009de750c3d [LEADER]: Connected to new peer: Peer: permanent_uuid: "c6ad452ff3b64d949298a50527e1fbb0" member_type: VOTER last_known_addr { host: "127.24.33.65" port: 55934 }, Status: LMP_MISMATCH, Last received: 0.0, Next index: 1, Last known committed idx: 0, Time since last communication: 0.000s
I0108 18:39:21.023680 25117 raft_consensus.cc:1195] T fdf8e522824640c3ab9385967c93743a P 61b86269d42a403f94c0a049429fa247 [term 1 FOLLOWER]: Refusing update from remote peer 53135810f2d84759ac110009de750c3d: Log matching property violated. Preceding OpId in replica: term: 0 index: 0. Preceding OpId from leader: term: 1 index: 2. (index mismatch)
I0108 18:39:21.023779 25205 mvcc.cc:203] Tried to move safe_time back from 6465689849945518080 to 6465689849601646592. Current Snapshot: MvccSnapshot[committed={T|T < 6465689849945518080}]
I0108 18:39:21.023897 25192 consensus_queue.cc:982] T fdf8e522824640c3ab9385967c93743a P 53135810f2d84759ac110009de750c3d [LEADER]: Connected to new peer: Peer: permanent_uuid: "61b86269d42a403f94c0a049429fa247" member_type: VOTER last_known_addr { host: "127.24.33.67" port: 35103 }, Status: LMP_MISMATCH, Last received: 0.0, Next index: 1, Last known committed idx: 0, Time since last communication: 0.000s
I0108 18:39:21.024339 24868 raft_consensus.cc:1195] T fdf8e522824640c3ab9385967c93743a P c6ad452ff3b64d949298a50527e1fbb0 [term 1 FOLLOWER]: Refusing update from remote peer 53135810f2d84759ac110009de750c3d: Log matching property violated. Preceding OpId in replica: term: 0 index: 0. Preceding OpId from leader: term: 1 index: 2. (index mismatch)
I0108 18:39:21.024513 25216 mvcc.cc:203] Tried to move safe_time back from 6465689849945518080 to 6465689849601646592. Current Snapshot: MvccSnapshot[committed={T|T < 6465689849945518080}]
I0108 18:39:21.024543 25192 consensus_queue.cc:982] T fdf8e522824640c3ab9385967c93743a P 53135810f2d84759ac110009de750c3d [LEADER]: Connected to new peer: Peer: permanent_uuid: "c6ad452ff3b64d949298a50527e1fbb0" member_type: VOTER last_known_addr { host: "127.24.33.65" port: 55934 }, Status: LMP_MISMATCH, Last received: 0.0, Next index: 1, Last known committed idx: 0, Time since last communication: 0.000s
I0108 18:39:21.024703 25204 mvcc.cc:203] Tried to move safe_time back from 6465689849948143616 to 6465689849321627648. Current Snapshot: MvccSnapshot[committed={T|T < 6465689849948143616}] ------------------------------------------------------------ Histogram for latency of insert operations (microseconds) Note: each insert is a batch of 50 rows. ------------------------------------------------------------ Count: 10000 Mean: 1644.83
I0108 18:39:39.041826 24709 linked_list-test-util.h:519] Written 500000 rows in chain Percentiles: 0% (min) = 804 25% = 1313 50% (med) = 1455 75% = 1639 95% = 2023 99% = 6116 99.9% = 34912 99.99% = 46944 100% (max) = 52406
I0108 18:39:57.900951 24709 linked_list-test-util.h:519] Written 1000000 rows in chain ------------------------------------------------------------ Histogram for latency of insert operations (microseconds) Note: each insert is a batch of 50 rows. ------------------------------------------------------------ Count: 20000 Mean: 1683.72 Percentiles: 0% (min) = 804 25% = 1335 50% (med) = 1482 75% = 1673 95% = 2104 99% = 6128 99.9% = 38016 99.99% = 53376 100% (max) = 55895 ------------------------------------------------------------ Histogram for latency of insert operations (microseconds) Note: each insert is a batch of 50 rows. ------------------------------------------------------------ Count: 30000 Mean: 1701.48 Percentiles: 0% (min) = 804 25% = 1351 50% (med) = 1506 75% = 1702 95% = 2130 99% = 5920 99.9% = 35872 99.99% = 53376 100% (max) = 55895
I0108 18:40:16.957940 24709 linked_list-test-util.h:519] Written 1500000 rows in chain ------------------------------------------------------------ Histogram for latency of insert operations (microseconds) Note: each insert is a batch of 50 rows. ------------------------------------------------------------ Count: 40000 Mean: 1713.19 Percentiles: 0% (min) = 804 25% = 1362 50% (med) = 1519 75% = 1717 95% = 2144 99% = 5908 99.9% = 36704 99.99% = 53376 100% (max) = 55895
I0108 18:40:36.085888 24709 linked_list-test-util.h:519] Written 2000000 rows in chain ------------------------------------------------------------ Histogram for latency of insert operations (microseconds) Note: each insert is a batch of 50 rows. ------------------------------------------------------------ Count: 50000 Mean: 1723.84 Percentiles: 0% (min) = 804 25% = 1370 50% (med) = 1528 75% = 1731 95% = 2166 99% = 5864 99.9% = 36256 99.99% = 53440 100% (max) = 55895
I0108 18:40:55.268193 24709 linked_list-test-util.h:519] Written 2500000 rows in chain ------------------------------------------------------------ Histogram for latency of insert operations (microseconds) Note: each insert is a batch of 50 rows. ------------------------------------------------------------ Count: 60000 Mean: 1732.58 Percentiles: 0% (min) = 804 25% = 1374 50% (med) = 1532 75% = 1737 95% = 2182 99% = 5940 99.9% = 37024 99.99% = 53472 100% (max) = 61458
I0108 18:41:14.631893 24709 linked_list-test-util.h:519] Written 3000000 rows in chain
I0108 18:41:20.634428 24736 maintenance_manager.cc:326] P 86570b464d814d0eb2725157358e3a2f: Scheduling FlushMRSOp(00000000000000000000000000000000): perf score=0.033360
I0108 18:41:20.654963 24735 maintenance_manager.cc:527] P 86570b464d814d0eb2725157358e3a2f: FlushMRSOp(00000000000000000000000000000000) complete. Timing: real 0.020s user 0.001s sys 0.003s Metrics: {"bytes_written":7592,"cfile_init":1,"dirs.queue_time_us":5282,"dirs.run_cpu_time_us":126,"dirs.run_wall_time_us":494,"drs_written":1,"lbm_read_time_us":9,"lbm_reads_lt_1ms":4,"lbm_write_time_us":166,"lbm_writes_lt_1ms":27,"rows_written":6,"thread_start_us":54,"threads_started":2,"wal-append.queue_time_us":8793}
I0108 18:41:20.655174 24736 maintenance_manager.cc:326] P 86570b464d814d0eb2725157358e3a2f: Scheduling UndoDeltaBlockGCOp(00000000000000000000000000000000): 591 bytes on disk
I0108 18:41:20.655287 24735 maintenance_manager.cc:527] P 86570b464d814d0eb2725157358e3a2f: UndoDeltaBlockGCOp(00000000000000000000000000000000) complete. Timing: real 0.000s user 0.000s sys 0.000s Metrics: {"cfile_init":1,"lbm_read_time_us":10,"lbm_reads_lt_1ms":4}
I0108 18:41:20.814651 25038 maintenance_manager.cc:326] P 53135810f2d84759ac110009de750c3d: Scheduling FlushMRSOp(50603d14716f4c4bb514a91e103fbf64): perf score=0.033337
I0108 18:41:20.876212 25162 maintenance_manager.cc:326] P 61b86269d42a403f94c0a049429fa247: Scheduling FlushMRSOp(dbe8c3d61048482fb282021487b845a6): perf score=0.033354
I0108 18:41:21.013038 24913 maintenance_manager.cc:326] P c6ad452ff3b64d949298a50527e1fbb0: Scheduling FlushMRSOp(50603d14716f4c4bb514a91e103fbf64): perf score=0.033392
I0108 18:41:24.196902 25056 maintenance_manager.cc:527] P 61b86269d42a403f94c0a049429fa247: FlushMRSOp(dbe8c3d61048482fb282021487b845a6) complete. Timing: real 3.321s user 0.870s sys 0.042s Metrics: {"bytes_written":9339438,"cfile_init":1,"compiler_manager_pool.queue_time_us":7190,"compiler_manager_pool.run_cpu_time_us":172762,"compiler_manager_pool.run_wall_time_us":496403,"delete_count":0,"dirs.queue_time_us":6922,"dirs.run_cpu_time_us":116,"dirs.run_wall_time_us":37540,"drs_written":1,"lbm_read_time_us":10,"lbm_reads_lt_1ms":4,"lbm_write_time_us":106024,"lbm_writes_1-10_ms":23,"lbm_writes_lt_1ms":928,"reinsert_count":0,"rows_written":526961,"thread_start_us":71,"threads_started":2,"update_count":1454}
I0108 18:41:24.197080 25162 maintenance_manager.cc:326] P 61b86269d42a403f94c0a049429fa247: Scheduling LogGCOp(dbe8c3d61048482fb282021487b845a6): free 33562270 bytes of WAL
I0108 18:41:24.197155 25056 log_reader.cc:379] T dbe8c3d61048482fb282021487b845a6: removed 4 log segments from log reader
I0108 18:41:24.197194 25056 log.cc:1062] T dbe8c3d61048482fb282021487b845a6 P 61b86269d42a403f94c0a049429fa247: Deleting log segment in path: /data/somelongdirectorytoavoidrpathissues/src/kudutest/linked_list-test.LinkedListTest.TestLoadAndVerify.1578537560432831-24709/linked-list-cluster/ts-2/wal/wals/dbe8c3d61048482fb282021487b845a6/wal-000000001 (ops 1-12488)
I0108 18:41:24.197280 25056 log.cc:1062] T dbe8c3d61048482fb282021487b845a6 P 61b86269d42a403f94c0a049429fa247: Deleting log segment in path: /data/somelongdirectorytoavoidrpathissues/src/kudutest/linked_list-test.LinkedListTest.TestLoadAndVerify.1578537560432831-24709/linked-list-cluster/ts-2/wal/wals/dbe8c3d61048482fb282021487b845a6/wal-000000002 (ops 12489-24882)
I0108 18:41:24.197345 25056 log.cc:1062] T dbe8c3d61048482fb282021487b845a6 P 61b86269d42a403f94c0a049429fa247: Deleting log segment in path: /data/somelongdirectorytoavoidrpathissues/src/kudutest/linked_list-test.LinkedListTest.TestLoadAndVerify.1578537560432831-24709/linked-list-cluster/ts-2/wal/wals/dbe8c3d61048482fb282021487b845a6/wal-000000003 (ops 24883-37265)
I0108 18:41:24.197402 25056 log.cc:1062] T dbe8c3d61048482fb282021487b845a6 P 61b86269d42a403f94c0a049429fa247: Deleting log segment in path: /data/somelongdirectorytoavoidrpathissues/src/kudutest/linked_list-test.LinkedListTest.TestLoadAndVerify.1578537560432831-24709/linked-list-cluster/ts-2/wal/wals/dbe8c3d61048482fb282021487b845a6/wal-000000004 (ops 37266-49642)
I0108 18:41:24.246662 25056 maintenance_manager.cc:527] P 61b86269d42a403f94c0a049429fa247: LogGCOp(dbe8c3d61048482fb282021487b845a6) complete. Timing: real 0.049s user 0.003s sys 0.008s Metrics: {}
I0108 18:41:24.246811 25162 maintenance_manager.cc:326] P 61b86269d42a403f94c0a049429fa247: Scheduling UndoDeltaBlockGCOp(dbe8c3d61048482fb282021487b845a6): 10455615 bytes on disk
I0108 18:41:24.249819 25056 maintenance_manager.cc:527] P 61b86269d42a403f94c0a049429fa247: UndoDeltaBlockGCOp(dbe8c3d61048482fb282021487b845a6) complete. Timing: real 0.001s user 0.000s sys 0.000s Metrics: {"cfile_init":1,"lbm_read_time_us":9,"lbm_reads_lt_1ms":4}
I0108 18:41:24.250862 25162 maintenance_manager.cc:326] P 61b86269d42a403f94c0a049429fa247: Scheduling FlushMRSOp(fdf8e522824640c3ab9385967c93743a): perf score=0.034291
I0108 18:41:27.533125 25056 maintenance_manager.cc:527] P 61b86269d42a403f94c0a049429fa247: FlushMRSOp(fdf8e522824640c3ab9385967c93743a) complete. Timing: real 3.282s user 0.831s sys 0.086s Metrics: {"bytes_written":9577873,"cfile_init":1,"delete_count":0,"dirs.queue_time_us":8530,"dirs.run_cpu_time_us":115,"dirs.run_wall_time_us":26606,"drs_written":1,"lbm_read_time_us":7,"lbm_reads_lt_1ms":4,"lbm_write_time_us":96457,"lbm_writes_1-10_ms":25,"lbm_writes_lt_1ms":948,"reinsert_count":0,"rows_written":540176,"thread_start_us":31,"threads_started":1,"update_count":2541}
I0108 18:41:27.533327 25162 maintenance_manager.cc:326] P 61b86269d42a403f94c0a049429fa247: Scheduling LogGCOp(fdf8e522824640c3ab9385967c93743a): free 41949352 bytes of WAL
I0108 18:41:27.533404 25056 log_reader.cc:379] T fdf8e522824640c3ab9385967c93743a: removed 5 log segments from log reader
I0108 18:41:27.533457 25056 log.cc:1062] T fdf8e522824640c3ab9385967c93743a P 61b86269d42a403f94c0a049429fa247: Deleting log segment in path: /data/somelongdirectorytoavoidrpathissues/src/kudutest/linked_list-test.LinkedListTest.TestLoadAndVerify.1578537560432831-24709/linked-list-cluster/ts-2/wal/wals/fdf8e522824640c3ab9385967c93743a/wal-000000001 (ops 1-12531)
I0108 18:41:27.533571 25056 log.cc:1062] T fdf8e522824640c3ab9385967c93743a P 61b86269d42a403f94c0a049429fa247: Deleting log segment in path: /data/somelongdirectorytoavoidrpathissues/src/kudutest/linked_list-test.LinkedListTest.TestLoadAndVerify.1578537560432831-24709/linked-list-cluster/ts-2/wal/wals/fdf8e522824640c3ab9385967c93743a/wal-000000002 (ops 12532-24948)
I0108 18:41:27.537031 25056 log.cc:1062] T fdf8e522824640c3ab9385967c93743a P 61b86269d42a403f94c0a049429fa247: Deleting log segment in path: /data/somelongdirectorytoavoidrpathissues/src/kudutest/linked_list-test.LinkedListTest.TestLoadAndVerify.1578537560432831-24709/linked-list-cluster/ts-2/wal/wals/fdf8e522824640c3ab9385967c93743a/wal-000000003 (ops 24949-37367)
I0108 18:41:27.537541 25056 log.cc:1062] T fdf8e522824640c3ab9385967c93743a P 61b86269d42a403f94c0a049429fa247: Deleting log segment in path: /data/somelongdirectorytoavoidrpathissues/src/kudutest/linked_list-test.LinkedListTest.TestLoadAndVerify.1578537560432831-24709/linked-list-cluster/ts-2/wal/wals/fdf8e522824640c3ab9385967c93743a/wal-000000004 (ops 37368-49813)
I0108 18:41:27.537621 25056 log.cc:1062] T fdf8e522824640c3ab9385967c93743a P 61b86269d42a403f94c0a049429fa247: Deleting log segment in path: /data/somelongdirectorytoavoidrpathissues/src/kudutest/linked_list-test.LinkedListTest.TestLoadAndVerify.1578537560432831-24709/linked-list-cluster/ts-2/wal/wals/fdf8e522824640c3ab9385967c93743a/wal-000000005 (ops 49814-62266)
I0108 18:41:27.659098 25056 maintenance_manager.cc:527] P 61b86269d42a403f94c0a049429fa247: LogGCOp(fdf8e522824640c3ab9385967c93743a) complete. Timing: real 0.126s user 0.000s sys 0.012s Metrics: {}
I0108 18:41:27.659315 25162 maintenance_manager.cc:326] P 61b86269d42a403f94c0a049429fa247: Scheduling FlushMRSOp(50603d14716f4c4bb514a91e103fbf64): perf score=0.035238
I0108 18:41:34.654914 24932 maintenance_manager.cc:527] P 53135810f2d84759ac110009de750c3d: FlushMRSOp(50603d14716f4c4bb514a91e103fbf64) complete. Timing: real 13.840s user 3.591s sys 0.276s Metrics: {"bytes_written":37302249,"cfile_init":2,"compiler_manager_pool.queue_time_us":221,"compiler_manager_pool.run_cpu_time_us":171346,"compiler_manager_pool.run_wall_time_us":577214,"delete_count":0,"dirs.queue_time_us":9288,"dirs.run_cpu_time_us":259,"dirs.run_wall_time_us":109271,"drs_written":2,"lbm_read_time_us":37,"lbm_reads_lt_1ms":8,"lbm_write_time_us":371971,"lbm_writes_1-10_ms":73,"lbm_writes_10-100_ms":2,"lbm_writes_lt_1ms":3681,"reinsert_count":0,"rows_written":2106129,"thread_start_us":117,"threads_started":3,"update_count":4813}
I0108 18:41:34.655112 25038 maintenance_manager.cc:326] P 53135810f2d84759ac110009de750c3d: Scheduling LogGCOp(50603d14716f4c4bb514a91e103fbf64): free 83675789 bytes of WAL
I0108 18:41:34.655217 24932 log_reader.cc:379] T 50603d14716f4c4bb514a91e103fbf64: removed 10 log segments from log reader
I0108 18:41:34.655285 24932 log.cc:1062] T 50603d14716f4c4bb514a91e103fbf64 P 53135810f2d84759ac110009de750c3d: Deleting log segment in path: /data/somelongdirectorytoavoidrpathissues/src/kudutest/linked_list-test.LinkedListTest.TestLoadAndVerify.1578537560432831-24709/linked-list-cluster/ts-1/wal/wals/50603d14716f4c4bb514a91e103fbf64/wal-000000001 (ops 1-5981)
I0108 18:41:34.655398 24932 log.cc:1062] T 50603d14716f4c4bb514a91e103fbf64 P 53135810f2d84759ac110009de750c3d: Deleting log segment in path: /data/somelongdirectorytoavoidrpathissues/src/kudutest/linked_list-test.LinkedListTest.TestLoadAndVerify.1578537560432831-24709/linked-list-cluster/ts-1/wal/wals/50603d14716f4c4bb514a91e103fbf64/wal-000000002 (ops 5982-11810)
I0108 18:41:34.655486 24932 log.cc:1062] T 50603d14716f4c4bb514a91e103fbf64 P 53135810f2d84759ac110009de750c3d: Deleting log segment in path: /data/somelongdirectorytoavoidrpathissues/src/kudutest/linked_list-test.LinkedListTest.TestLoadAndVerify.1578537560432831-24709/linked-list-cluster/ts-1/wal/wals/50603d14716f4c4bb514a91e103fbf64/wal-000000003 (ops 11811-17726)
I0108 18:41:34.655767 24932 log.cc:1062] T 50603d14716f4c4bb514a91e103fbf64 P 53135810f2d84759ac110009de750c3d: Deleting log segment in path: /data/somelongdirectorytoavoidrpathissues/src/kudutest/linked_list-test.LinkedListTest.TestLoadAndVerify.1578537560432831-24709/linked-list-cluster/ts-1/wal/wals/50603d14716f4c4bb514a91e103fbf64/wal-000000004 (ops 17727-23629)
I0108 18:41:34.655881 24932 log.cc:1062] T 50603d14716f4c4bb514a91e103fbf64 P 53135810f2d84759ac110009de750c3d: Deleting log segment in path: /data/somelongdirectorytoavoidrpathissues/src/kudutest/linked_list-test.LinkedListTest.TestLoadAndVerify.1578537560432831-24709/linked-list-cluster/ts-1/wal/wals/50603d14716f4c4bb514a91e103fbf64/wal-000000005 (ops 23630-29474)
I0108 18:41:34.655944 24932 log.cc:1062] T 50603d14716f4c4bb514a91e103fbf64 P 53135810f2d84759ac110009de750c3d: Deleting log segment in path: /data/somelongdirectorytoavoidrpathissues/src/kudutest/linked_list-test.LinkedListTest.TestLoadAndVerify.1578537560432831-24709/linked-list-cluster/ts-1/wal/wals/50603d14716f4c4bb514a91e103fbf64/wal-000000006 (ops 29475-35311)
I0108 18:41:34.656535 24932 log.cc:1062] T 50603d14716f4c4bb514a91e103fbf64 P 53135810f2d84759ac110009de750c3d: Deleting log segment in path: /data/somelongdirectorytoavoidrpathissues/src/kudutest/linked_list-test.LinkedListTest.TestLoadAndVerify.1578537560432831-24709/linked-list-cluster/ts-1/wal/wals/50603d14716f4c4bb514a91e103fbf64/wal-000000007 (ops 35312-41162)
I0108 18:41:34.656635 24932 log.cc:1062] T 50603d14716f4c4bb514a91e103fbf64 P 53135810f2d84759ac110009de750c3d: Deleting log segment in path: /data/somelongdirectorytoavoidrpathissues/src/kudutest/linked_list-test.LinkedListTest.TestLoadAndVerify.1578537560432831-24709/linked-list-cluster/ts-1/wal/wals/50603d14716f4c4bb514a91e103fbf64/wal-000000008 (ops 41163-47089)
I0108 18:41:34.658565 24932 log.cc:1062] T 50603d14716f4c4bb514a91e103fbf64 P 53135810f2d84759ac110009de750c3d: Deleting log segment in path: /data/somelongdirectorytoavoidrpathissues/src/kudutest/linked_list-test.LinkedListTest.TestLoadAndVerify.1578537560432831-24709/linked-list-cluster/ts-1/wal/wals/50603d14716f4c4bb514a91e103fbf64/wal-000000009 (ops 47090-53025)
I0108 18:41:34.659580 24932 log.cc:1062] T 50603d14716f4c4bb514a91e103fbf64 P 53135810f2d84759ac110009de750c3d: Deleting log segment in path: /data/somelongdirectorytoavoidrpathissues/src/kudutest/linked_list-test.LinkedListTest.TestLoadAndVerify.1578537560432831-24709/linked-list-cluster/ts-1/wal/wals/50603d14716f4c4bb514a91e103fbf64/wal-000000010 (ops 53026-58941)
I0108 18:41:34.758683 24932 maintenance_manager.cc:527] P 53135810f2d84759ac110009de750c3d: LogGCOp(50603d14716f4c4bb514a91e103fbf64) complete. Timing: real 0.103s user 0.004s sys 0.019s Metrics: {}
I0108 18:41:34.758831 25038 maintenance_manager.cc:326] P 53135810f2d84759ac110009de750c3d: Scheduling UndoDeltaBlockGCOp(50603d14716f4c4bb514a91e103fbf64): 41883289 bytes on disk
I0108 18:41:34.758997 24932 maintenance_manager.cc:527] P 53135810f2d84759ac110009de750c3d: UndoDeltaBlockGCOp(50603d14716f4c4bb514a91e103fbf64) complete. Timing: real 0.000s user 0.000s sys 0.000s Metrics: {"cfile_init":2,"lbm_read_time_us":23,"lbm_reads_lt_1ms":8}
I0108 18:41:34.760285 25038 maintenance_manager.cc:326] P 53135810f2d84759ac110009de750c3d: Scheduling FlushMRSOp(dbe8c3d61048482fb282021487b845a6): perf score=0.037210
W0108 18:41:35.106406 24807 tablet_replica.cc:929] Time spent Committing in-flights took a long time.: real 0.244s user 0.000s sys 0.000s
I0108 18:41:35.107417 24807 maintenance_manager.cc:527] P c6ad452ff3b64d949298a50527e1fbb0: FlushMRSOp(50603d14716f4c4bb514a91e103fbf64) complete. Timing: real 14.094s user 3.570s sys 0.234s Metrics: {"bytes_written":37381569,"cfile_init":2,"compiler_manager_pool.queue_time_us":9680,"compiler_manager_pool.run_cpu_time_us":166425,"compiler_manager_pool.run_wall_time_us":552417,"delete_count":0,"dirs.queue_time_us":5599,"dirs.run_cpu_time_us":235,"dirs.run_wall_time_us":212203,"drs_written":2,"lbm_read_time_us":17,"lbm_reads_lt_1ms":8,"lbm_write_time_us":502682,"lbm_writes_1-10_ms":85,"lbm_writes_gt_100_ms":1,"lbm_writes_lt_1ms":3673,"reinsert_count":0,"rows_written":2108978,"spinlock_wait_cycles":1280,"thread_start_us":98,"threads_started":3,"update_count":7662}
I0108 18:41:35.107632 24913 maintenance_manager.cc:326] P c6ad452ff3b64d949298a50527e1fbb0: Scheduling FlushMRSOp(fdf8e522824640c3ab9385967c93743a): perf score=0.037307 ------------------------------------------------------------ Histogram for latency of insert operations (microseconds) Note: each insert is a batch of 50 rows. ------------------------------------------------------------ Count: 70000 Mean: 1766.07 Percentiles: 0% (min) = 804 25% = 1383 50% (med) = 1544 75% = 1756 95% = 2292 99% = 6540 99.9% = 38816 99.99% = 61376 100% (max) = 72287
I0108 18:41:35.618144 24709 linked_list-test-util.h:519] Written 3500000 rows in chain
I0108 18:41:38.476220 24932 maintenance_manager.cc:527] P 53135810f2d84759ac110009de750c3d: FlushMRSOp(dbe8c3d61048482fb282021487b845a6) complete. Timing: real 3.716s user 0.890s sys 0.095s Metrics: {"bytes_written":10237659,"cfile_init":1,"delete_count":0,"dirs.queue_time_us":12049,"dirs.run_cpu_time_us":110,"dirs.run_wall_time_us":32820,"drs_written":1,"lbm_read_time_us":9,"lbm_reads_lt_1ms":4,"lbm_write_time_us":124420,"lbm_writes_1-10_ms":32,"lbm_writes_lt_1ms":1010,"reinsert_count":0,"rows_written":579540,"thread_start_us":32,"threads_started":1,"update_count":194}
I0108 18:41:38.476428 25038 maintenance_manager.cc:326] P 53135810f2d84759ac110009de750c3d: Scheduling LogGCOp(dbe8c3d61048482fb282021487b845a6): free 41953914 bytes of WAL
I0108 18:41:38.476503 24932 log_reader.cc:379] T dbe8c3d61048482fb282021487b845a6: removed 5 log segments from log reader
I0108 18:41:38.476550 24932 log.cc:1062] T dbe8c3d61048482fb282021487b845a6 P 53135810f2d84759ac110009de750c3d: Deleting log segment in path: /data/somelongdirectorytoavoidrpathissues/src/kudutest/linked_list-test.LinkedListTest.TestLoadAndVerify.1578537560432831-24709/linked-list-cluster/ts-1/wal/wals/dbe8c3d61048482fb282021487b845a6/wal-000000001 (ops 1-12499)
I0108 18:41:38.476629 24932 log.cc:1062] T dbe8c3d61048482fb282021487b845a6 P 53135810f2d84759ac110009de750c3d: Deleting log segment in path: /data/somelongdirectorytoavoidrpathissues/src/kudutest/linked_list-test.LinkedListTest.TestLoadAndVerify.1578537560432831-24709/linked-list-cluster/ts-1/wal/wals/dbe8c3d61048482fb282021487b845a6/wal-000000002 (ops 12500-24903)
I0108 18:41:38.476706 24932 log.cc:1062] T dbe8c3d61048482fb282021487b845a6 P 53135810f2d84759ac110009de750c3d: Deleting log segment in path: /data/somelongdirectorytoavoidrpathissues/src/kudutest/linked_list-test.LinkedListTest.TestLoadAndVerify.1578537560432831-24709/linked-list-cluster/ts-1/wal/wals/dbe8c3d61048482fb282021487b845a6/wal-000000003 (ops 24904-37294)
I0108 18:41:38.476766 24932 log.cc:1062] T dbe8c3d61048482fb282021487b845a6 P 53135810f2d84759ac110009de750c3d: Deleting log segment in path: /data/somelongdirectorytoavoidrpathissues/src/kudutest/linked_list-test.LinkedListTest.TestLoadAndVerify.1578537560432831-24709/linked-list-cluster/ts-1/wal/wals/dbe8c3d61048482fb282021487b845a6/wal-000000004 (ops 37295-49682)
I0108 18:41:38.476830 24932 log.cc:1062] T dbe8c3d61048482fb282021487b845a6 P 53135810f2d84759ac110009de750c3d: Deleting log segment in path: /data/somelongdirectorytoavoidrpathissues/src/kudutest/linked_list-test.LinkedListTest.TestLoadAndVerify.1578537560432831-24709/linked-list-cluster/ts-1/wal/wals/dbe8c3d61048482fb282021487b845a6/wal-000000005 (ops 49683-62088)
I0108 18:41:38.505796 24932 maintenance_manager.cc:527] P 53135810f2d84759ac110009de750c3d: LogGCOp(dbe8c3d61048482fb282021487b845a6) complete. Timing: real 0.029s user 0.000s sys 0.012s Metrics: {}
I0108 18:41:38.506688 25038 maintenance_manager.cc:326] P 53135810f2d84759ac110009de750c3d: Scheduling UndoDeltaBlockGCOp(dbe8c3d61048482fb282021487b845a6): 11547296 bytes on disk
I0108 18:41:38.506817 24932 maintenance_manager.cc:527] P 53135810f2d84759ac110009de750c3d: UndoDeltaBlockGCOp(dbe8c3d61048482fb282021487b845a6) complete. Timing: real 0.000s user 0.000s sys 0.000s Metrics: {"cfile_init":1,"lbm_read_time_us":9,"lbm_reads_lt_1ms":4}
I0108 18:41:38.506906 25038 maintenance_manager.cc:326] P 53135810f2d84759ac110009de750c3d: Scheduling FlushMRSOp(fdf8e522824640c3ab9385967c93743a): perf score=0.038251
I0108 18:41:38.771695 24807 maintenance_manager.cc:527] P c6ad452ff3b64d949298a50527e1fbb0: FlushMRSOp(fdf8e522824640c3ab9385967c93743a) complete. Timing: real 3.664s user 0.875s sys 0.097s Metrics: {"bytes_written":10291378,"cfile_init":1,"delete_count":0,"dirs.queue_time_us":24370,"dirs.run_cpu_time_us":84,"dirs.run_wall_time_us":18454,"drs_written":1,"lbm_read_time_us":7,"lbm_reads_lt_1ms":4,"lbm_write_time_us":122105,"lbm_writes_1-10_ms":32,"lbm_writes_lt_1ms":1013,"reinsert_count":0,"rows_written":581486,"thread_start_us":31,"threads_started":1,"update_count":1583}
I0108 18:41:38.771878 24913 maintenance_manager.cc:326] P c6ad452ff3b64d949298a50527e1fbb0: Scheduling LogGCOp(50603d14716f4c4bb514a91e103fbf64): free 84076765 bytes of WAL
I0108 18:41:38.771958 24807 log_reader.cc:379] T 50603d14716f4c4bb514a91e103fbf64: removed 10 log segments from log reader
I0108 18:41:38.772044 24807 log.cc:1062] T 50603d14716f4c4bb514a91e103fbf64 P c6ad452ff3b64d949298a50527e1fbb0: Deleting log segment in path: /data/somelongdirectorytoavoidrpathissues/src/kudutest/linked_list-test.LinkedListTest.TestLoadAndVerify.1578537560432831-24709/linked-list-cluster/ts-0/wal/wals/50603d14716f4c4bb514a91e103fbf64/wal-000000001 (ops 1-5995)
I0108 18:41:38.772126 24807 log.cc:1062] T 50603d14716f4c4bb514a91e103fbf64 P c6ad452ff3b64d949298a50527e1fbb0: Deleting log segment in path: /data/somelongdirectorytoavoidrpathissues/src/kudutest/linked_list-test.LinkedListTest.TestLoadAndVerify.1578537560432831-24709/linked-list-cluster/ts-0/wal/wals/50603d14716f4c4bb514a91e103fbf64/wal-000000002 (ops 5996-11858)
I0108 18:41:38.772234 24807 log.cc:1062] T 50603d14716f4c4bb514a91e103fbf64 P c6ad452ff3b64d949298a50527e1fbb0: Deleting log segment in path: /data/somelongdirectorytoavoidrpathissues/src/kudutest/linked_list-test.LinkedListTest.TestLoadAndVerify.1578537560432831-24709/linked-list-cluster/ts-0/wal/wals/50603d14716f4c4bb514a91e103fbf64/wal-000000003 (ops 11859-17800)
I0108 18:41:38.772297 24807 log.cc:1062] T 50603d14716f4c4bb514a91e103fbf64 P c6ad452ff3b64d949298a50527e1fbb0: Deleting log segment in path: /data/somelongdirectorytoavoidrpathissues/src/kudutest/linked_list-test.LinkedListTest.TestLoadAndVerify.1578537560432831-24709/linked-list-cluster/ts-0/wal/wals/50603d14716f4c4bb514a91e103fbf64/wal-000000004 (ops 17801-23682)
I0108 18:41:38.772437 24807 log.cc:1062] T 50603d14716f4c4bb514a91e103fbf64 P c6ad452ff3b64d949298a50527e1fbb0: Deleting log segment in path: /data/somelongdirectorytoavoidrpathissues/src/kudutest/linked_list-test.LinkedListTest.TestLoadAndVerify.1578537560432831-24709/linked-list-cluster/ts-0/wal/wals/50603d14716f4c4bb514a91e103fbf64/wal-000000005 (ops 23683-29617)
I0108 18:41:38.772497 24807 log.cc:1062] T 50603d14716f4c4bb514a91e103fbf64 P c6ad452ff3b64d949298a50527e1fbb0: Deleting log segment in path: /data/somelongdirectorytoavoidrpathissues/src/kudutest/linked_list-test.LinkedListTest.TestLoadAndVerify.1578537560432831-24709/linked-list-cluster/ts-0/wal/wals/50603d14716f4c4bb514a91e103fbf64/wal-000000006 (ops 29618-35554)
I0108 18:41:38.772549 24807 log.cc:1062] T 50603d14716f4c4bb514a91e103fbf64 P c6ad452ff3b64d949298a50527e1fbb0: Deleting log segment in path: /data/somelongdirectorytoavoidrpathissues/src/kudutest/linked_list-test.LinkedListTest.TestLoadAndVerify.1578537560432831-24709/linked-list-cluster/ts-0/wal/wals/50603d14716f4c4bb514a91e103fbf64/wal-000000007 (ops 35555-41465)
I0108 18:41:38.772636 24807 log.cc:1062] T 50603d14716f4c4bb514a91e103fbf64 P c6ad452ff3b64d949298a50527e1fbb0: Deleting log segment in path: /data/somelongdirectorytoavoidrpathissues/src/kudutest/linked_list-test.LinkedListTest.TestLoadAndVerify.1578537560432831-24709/linked-list-cluster/ts-0/wal/wals/50603d14716f4c4bb514a91e103fbf64/wal-000000008 (ops 41466-47389)
I0108 18:41:38.772689 24807 log.cc:1062] T 50603d14716f4c4bb514a91e103fbf64 P c6ad452ff3b64d949298a50527e1fbb0: Deleting log segment in path: /data/somelongdirectorytoavoidrpathissues/src/kudutest/linked_list-test.LinkedListTest.TestLoadAndVerify.1578537560432831-24709/linked-list-cluster/ts-0/wal/wals/50603d14716f4c4bb514a91e103fbf64/wal-000000009 (ops 47390-53328)
I0108 18:41:38.772737 24807 log.cc:1062] T 50603d14716f4c4bb514a91e103fbf64 P c6ad452ff3b64d949298a50527e1fbb0: Deleting log segment in path: /data/somelongdirectorytoavoidrpathissues/src/kudutest/linked_list-test.LinkedListTest.TestLoadAndVerify.1578537560432831-24709/linked-list-cluster/ts-0/wal/wals/50603d14716f4c4bb514a91e103fbf64/wal-000000010 (ops 53329-59253)
I0108 18:41:38.880789 24807 maintenance_manager.cc:527] P c6ad452ff3b64d949298a50527e1fbb0: LogGCOp(50603d14716f4c4bb514a91e103fbf64) complete. Timing: real 0.109s user 0.000s sys 0.024s Metrics: {}
I0108 18:41:38.880959 24913 maintenance_manager.cc:326] P c6ad452ff3b64d949298a50527e1fbb0: Scheduling LogGCOp(fdf8e522824640c3ab9385967c93743a): free 41954947 bytes of WAL
I0108 18:41:38.881033 24807 log_reader.cc:379] T fdf8e522824640c3ab9385967c93743a: removed 5 log segments from log reader
I0108 18:41:38.883091 24807 log.cc:1062] T fdf8e522824640c3ab9385967c93743a P c6ad452ff3b64d949298a50527e1fbb0: Deleting log segment in path: /data/somelongdirectorytoavoidrpathissues/src/kudutest/linked_list-test.LinkedListTest.TestLoadAndVerify.1578537560432831-24709/linked-list-cluster/ts-0/wal/wals/fdf8e522824640c3ab9385967c93743a/wal-000000001 (ops 1-12507)
I0108 18:41:38.883180 24807 log.cc:1062] T fdf8e522824640c3ab9385967c93743a P c6ad452ff3b64d949298a50527e1fbb0: Deleting log segment in path: /data/somelongdirectorytoavoidrpathissues/src/kudutest/linked_list-test.LinkedListTest.TestLoadAndVerify.1578537560432831-24709/linked-list-cluster/ts-0/wal/wals/fdf8e522824640c3ab9385967c93743a/wal-000000002 (ops 12508-24902)
I0108 18:41:38.885187 24807 log.cc:1062] T fdf8e522824640c3ab9385967c93743a P c6ad452ff3b64d949298a50527e1fbb0: Deleting log segment in path: /data/somelongdirectorytoavoidrpathissues/src/kudutest/linked_list-test.LinkedListTest.TestLoadAndVerify.1578537560432831-24709/linked-list-cluster/ts-0/wal/wals/fdf8e522824640c3ab9385967c93743a/wal-000000003 (ops 24903-37312)
I0108 18:41:38.886044 24807 log.cc:1062] T fdf8e522824640c3ab9385967c93743a P c6ad452ff3b64d949298a50527e1fbb0: Deleting log segment in path: /data/somelongdirectorytoavoidrpathissues/src/kudutest/linked_list-test.LinkedListTest.TestLoadAndVerify.1578537560432831-24709/linked-list-cluster/ts-0/wal/wals/fdf8e522824640c3ab9385967c93743a/wal-000000004 (ops 37313-49739)
I0108 18:41:38.886199 24807 log.cc:1062] T fdf8e522824640c3ab9385967c93743a P c6ad452ff3b64d949298a50527e1fbb0: Deleting log segment in path: /data/somelongdirectorytoavoidrpathissues/src/kudutest/linked_list-test.LinkedListTest.TestLoadAndVerify.1578537560432831-24709/linked-list-cluster/ts-0/wal/wals/fdf8e522824640c3ab9385967c93743a/wal-000000005 (ops 49740-62173)
I0108 18:41:38.926864 24807 maintenance_manager.cc:527] P c6ad452ff3b64d949298a50527e1fbb0: LogGCOp(fdf8e522824640c3ab9385967c93743a) complete. Timing: real 0.046s user 0.000s sys 0.014s Metrics: {}
I0108 18:41:38.927031 24913 maintenance_manager.cc:326] P c6ad452ff3b64d949298a50527e1fbb0: Scheduling FlushMRSOp(dbe8c3d61048482fb282021487b845a6): perf score=0.038368
I0108 18:41:41.587884 25056 maintenance_manager.cc:527] P 61b86269d42a403f94c0a049429fa247: FlushMRSOp(50603d14716f4c4bb514a91e103fbf64) complete. Timing: real 13.928s user 3.705s sys 0.271s Metrics: {"bytes_written":39221478,"cfile_init":2,"delete_count":0,"dirs.queue_time_us":10428,"dirs.run_cpu_time_us":182,"dirs.run_wall_time_us":70042,"drs_written":2,"lbm_read_time_us":25,"lbm_reads_lt_1ms":8,"lbm_write_time_us":403298,"lbm_writes_1-10_ms":96,"lbm_writes_10-100_ms":1,"lbm_writes_lt_1ms":3838,"reinsert_count":0,"rows_written":2210215,"thread_start_us":64,"threads_started":2,"update_count":14418}
I0108 18:41:41.589747 25162 maintenance_manager.cc:326] P 61b86269d42a403f94c0a049429fa247: Scheduling LogGCOp(50603d14716f4c4bb514a91e103fbf64): free 92425334 bytes of WAL
I0108 18:41:41.589826 25056 log_reader.cc:379] T 50603d14716f4c4bb514a91e103fbf64: removed 11 log segments from log reader
I0108 18:41:41.589881 25056 log.cc:1062] T 50603d14716f4c4bb514a91e103fbf64 P 61b86269d42a403f94c0a049429fa247: Deleting log segment in path: /data/somelongdirectorytoavoidrpathissues/src/kudutest/linked_list-test.LinkedListTest.TestLoadAndVerify.1578537560432831-24709/linked-list-cluster/ts-2/wal/wals/50603d14716f4c4bb514a91e103fbf64/wal-000000001 (ops 1-6005)
I0108 18:41:41.589995 25056 log.cc:1062] T 50603d14716f4c4bb514a91e103fbf64 P 61b86269d42a403f94c0a049429fa247: Deleting log segment in path: /data/somelongdirectorytoavoidrpathissues/src/kudutest/linked_list-test.LinkedListTest.TestLoadAndVerify.1578537560432831-24709/linked-list-cluster/ts-2/wal/wals/50603d14716f4c4bb514a91e103fbf64/wal-000000002 (ops 6006-11881)
I0108 18:41:41.592005 25056 log.cc:1062] T 50603d14716f4c4bb514a91e103fbf64 P 61b86269d42a403f94c0a049429fa247: Deleting log segment in path: /data/somelongdirectorytoavoidrpathissues/src/kudutest/linked_list-test.LinkedListTest.TestLoadAndVerify.1578537560432831-24709/linked-list-cluster/ts-2/wal/wals/50603d14716f4c4bb514a91e103fbf64/wal-000000003 (ops 11882-17819)
I0108 18:41:41.592157 25056 log.cc:1062] T 50603d14716f4c4bb514a91e103fbf64 P 61b86269d42a403f94c0a049429fa247: Deleting log segment in path: /data/somelongdirectorytoavoidrpathissues/src/kudutest/linked_list-test.LinkedListTest.TestLoadAndVerify.1578537560432831-24709/linked-list-cluster/ts-2/wal/wals/50603d14716f4c4bb514a91e103fbf64/wal-000000004 (ops 17820-23683)
I0108 18:41:41.592269 25056 log.cc:1062] T 50603d14716f4c4bb514a91e103fbf64 P 61b86269d42a403f94c0a049429fa247: Deleting log segment in path: /data/somelongdirectorytoavoidrpathissues/src/kudutest/linked_list-test.LinkedListTest.TestLoadAndVerify.1578537560432831-24709/linked-list-cluster/ts-2/wal/wals/50603d14716f4c4bb514a91e103fbf64/wal-000000005 (ops 23684-29616)
I0108 18:41:41.592360 25056 log.cc:1062] T 50603d14716f4c4bb514a91e103fbf64 P 61b86269d42a403f94c0a049429fa247: Deleting log segment in path: /data/somelongdirectorytoavoidrpathissues/src/kudutest/linked_list-test.LinkedListTest.TestLoadAndVerify.1578537560432831-24709/linked-list-cluster/ts-2/wal/wals/50603d14716f4c4bb514a91e103fbf64/wal-000000006 (ops 29617-35555)
I0108 18:41:41.592435 25056 log.cc:1062] T 50603d14716f4c4bb514a91e103fbf64 P 61b86269d42a403f94c0a049429fa247: Deleting log segment in path: /data/somelongdirectorytoavoidrpathissues/src/kudutest/linked_list-test.LinkedListTest.TestLoadAndVerify.1578537560432831-24709/linked-list-cluster/ts-2/wal/wals/50603d14716f4c4bb514a91e103fbf64/wal-000000007 (ops 35556-41481)
I0108 18:41:41.592572 25056 log.cc:1062] T 50603d14716f4c4bb514a91e103fbf64 P 61b86269d42a403f94c0a049429fa247: Deleting log segment in path: /data/somelongdirectorytoavoidrpathissues/src/kudutest/linked_list-test.LinkedListTest.TestLoadAndVerify.1578537560432831-24709/linked-list-cluster/ts-2/wal/wals/50603d14716f4c4bb514a91e103fbf64/wal-000000008 (ops 41482-47397)
I0108 18:41:41.592881 25056 log.cc:1062] T 50603d14716f4c4bb514a91e103fbf64 P 61b86269d42a403f94c0a049429fa247: Deleting log segment in path: /data/somelongdirectorytoavoidrpathissues/src/kudutest/linked_list-test.LinkedListTest.TestLoadAndVerify.1578537560432831-24709/linked-list-cluster/ts-2/wal/wals/50603d14716f4c4bb514a91e103fbf64/wal-000000009 (ops 47398-53352)
I0108 18:41:41.592955 25056 log.cc:1062] T 50603d14716f4c4bb514a91e103fbf64 P 61b86269d42a403f94c0a049429fa247: Deleting log segment in path: /data/somelongdirectorytoavoidrpathissues/src/kudutest/linked_list-test.LinkedListTest.TestLoadAndVerify.1578537560432831-24709/linked-list-cluster/ts-2/wal/wals/50603d14716f4c4bb514a91e103fbf64/wal-000000010 (ops 53353-59291)
I0108 18:41:41.593014 25056 log.cc:1062] T 50603d14716f4c4bb514a91e103fbf64 P 61b86269d42a403f94c0a049429fa247: Deleting log segment in path: /data/somelongdirectorytoavoidrpathissues/src/kudutest/linked_list-test.LinkedListTest.TestLoadAndVerify.1578537560432831-24709/linked-list-cluster/ts-2/wal/wals/50603d14716f4c4bb514a91e103fbf64/wal-000000011 (ops 59292-65171)
I0108 18:41:41.645941 25056 maintenance_manager.cc:527] P 61b86269d42a403f94c0a049429fa247: LogGCOp(50603d14716f4c4bb514a91e103fbf64) complete. Timing: real 0.056s user 0.001s sys 0.025s Metrics: {}
I0108 18:41:41.664332 25162 maintenance_manager.cc:326] P 61b86269d42a403f94c0a049429fa247: Scheduling UndoDeltaBlockGCOp(50603d14716f4c4bb514a91e103fbf64): 43959367 bytes on disk
I0108 18:41:41.664548 25056 maintenance_manager.cc:527] P 61b86269d42a403f94c0a049429fa247: UndoDeltaBlockGCOp(50603d14716f4c4bb514a91e103fbf64) complete. Timing: real 0.000s user 0.000s sys 0.000s Metrics: {"cfile_init":2,"lbm_read_time_us":34,"lbm_reads_lt_1ms":8}
I0108 18:41:41.664644 25162 maintenance_manager.cc:326] P 61b86269d42a403f94c0a049429fa247: Scheduling UndoDeltaBlockGCOp(fdf8e522824640c3ab9385967c93743a): 10722558 bytes on disk
I0108 18:41:41.664785 25056 maintenance_manager.cc:527] P 61b86269d42a403f94c0a049429fa247: UndoDeltaBlockGCOp(fdf8e522824640c3ab9385967c93743a) complete. Timing: real 0.000s user 0.000s sys 0.000s Metrics: {"cfile_init":1,"lbm_read_time_us":9,"lbm_reads_lt_1ms":4}
I0108 18:41:41.735893 24932 maintenance_manager.cc:527] P 53135810f2d84759ac110009de750c3d: FlushMRSOp(fdf8e522824640c3ab9385967c93743a) complete. Timing: real 3.229s user 0.925s sys 0.048s Metrics: {"bytes_written":10543445,"cfile_init":1,"delete_count":0,"dirs.queue_time_us":8071,"dirs.run_cpu_time_us":170,"dirs.run_wall_time_us":38456,"drs_written":1,"lbm_read_time_us":8,"lbm_reads_lt_1ms":4,"lbm_write_time_us":150234,"lbm_writes_1-10_ms":27,"lbm_writes_10-100_ms":3,"lbm_writes_lt_1ms":1041,"reinsert_count":0,"rows_written":595359,"thread_start_us":37,"threads_started":1,"update_count":2622}
I0108 18:41:41.736069 25038 maintenance_manager.cc:326] P 53135810f2d84759ac110009de750c3d: Scheduling LogGCOp(fdf8e522824640c3ab9385967c93743a): free 41952115 bytes of WAL
I0108 18:41:41.736143 24932 log_reader.cc:379] T fdf8e522824640c3ab9385967c93743a: removed 5 log segments from log reader
I0108 18:41:41.736191 24932 log.cc:1062] T fdf8e522824640c3ab9385967c93743a P 53135810f2d84759ac110009de750c3d: Deleting log segment in path: /data/somelongdirectorytoavoidrpathissues/src/kudutest/linked_list-test.LinkedListTest.TestLoadAndVerify.1578537560432831-24709/linked-list-cluster/ts-1/wal/wals/fdf8e522824640c3ab9385967c93743a/wal-000000001 (ops 1-12481)
