I0108 18:39:20.792954 25180 tablet_bootstrap.cc:439] T 50603d14716f4c4bb514a91e103fbf64 P c6ad452ff3b64d949298a50527e1fbb0: Bootstrap starting.
I0108 18:39:20.792979 24848 tablet_service.cc:1046] Processing CreateTablet for tablet fdf8e522824640c3ab9385967c93743a (table=TestTable [id=1354201f0f5d47fea15e1a86fd423353]), partition=RANGE (rand_key) PARTITION 3074457345618258602 <= VALUES < 6148914691236517204
I0108 18:39:20.793015 24848 data_dirs.cc:394] Could only allocate 1 dirs of requested 3 for tablet fdf8e522824640c3ab9385967c93743a. 1 dirs total, 0 dirs full, 0 dirs failed
I0108 18:39:20.793179 25180 tablet_bootstrap.cc:590] T 50603d14716f4c4bb514a91e103fbf64 P c6ad452ff3b64d949298a50527e1fbb0: No blocks or log segments found. Creating new log.
I0108 18:39:20.793309 25180 log.cc:815] T 50603d14716f4c4bb514a91e103fbf64 P c6ad452ff3b64d949298a50527e1fbb0: Log is configured to *not* fsync() on all Append() calls
I0108 18:39:20.793557 24847 tablet_service.cc:1046] Processing CreateTablet for tablet dbe8c3d61048482fb282021487b845a6 (table=TestTable [id=1354201f0f5d47fea15e1a86fd423353]), partition=RANGE (rand_key) PARTITION VALUES >= 6148914691236517204
I0108 18:39:20.793606 24847 data_dirs.cc:394] Could only allocate 1 dirs of requested 3 for tablet dbe8c3d61048482fb282021487b845a6. 1 dirs total, 0 dirs full, 0 dirs failed
I0108 18:39:20.798560 25176 tablet_bootstrap.cc:439] T dbe8c3d61048482fb282021487b845a6 P 61b86269d42a403f94c0a049429fa247: No bootstrap required, opened a new log
I0108 18:39:20.798593 25176 ts_tablet_manager.cc:1105] T dbe8c3d61048482fb282021487b845a6 P 61b86269d42a403f94c0a049429fa247: Time spent bootstrapping tablet: real 0.007s user 0.000s sys 0.000s
I0108 18:39:20.798857 25180 tablet_bootstrap.cc:439] T 50603d14716f4c4bb514a91e103fbf64 P c6ad452ff3b64d949298a50527e1fbb0: No bootstrap required, opened a new log
I0108 18:39:20.798879 25180 ts_tablet_manager.cc:1105] T 50603d14716f4c4bb514a91e103fbf64 P c6ad452ff3b64d949298a50527e1fbb0: Time spent bootstrapping tablet: real 0.006s user 0.000s sys 0.000s
I0108 18:39:20.799037 25177 tablet_bootstrap.cc:439] T 50603d14716f4c4bb514a91e103fbf64 P 53135810f2d84759ac110009de750c3d: No bootstrap required, opened a new log
I0108 18:39:20.799064 25177 ts_tablet_manager.cc:1105] T 50603d14716f4c4bb514a91e103fbf64 P 53135810f2d84759ac110009de750c3d: Time spent bootstrapping tablet: real 0.007s user 0.000s sys 0.000s
I0108 18:39:20.799991 25180 raft_consensus.cc:341] T 50603d14716f4c4bb514a91e103fbf64 P c6ad452ff3b64d949298a50527e1fbb0 [term 0 FOLLOWER]: Replica starting. Triggering 0 pending transactions. Active config: opid_index: -1 OBSOLETE_local: false peers { permanent_uuid: "53135810f2d84759ac110009de750c3d" member_type: VOTER last_known_addr { host: "127.24.33.66" port: 33490 } } peers { permanent_uuid: "61b86269d42a403f94c0a049429fa247" member_type: VOTER last_known_addr { host: "127.24.33.67" port: 35103 } } peers { permanent_uuid: "c6ad452ff3b64d949298a50527e1fbb0" member_type: VOTER last_known_addr { host: "127.24.33.65" port: 55934 } }
I0108 18:39:20.800006 25180 raft_consensus.cc:367] T 50603d14716f4c4bb514a91e103fbf64 P c6ad452ff3b64d949298a50527e1fbb0 [term 0 FOLLOWER]: Consensus starting up: Expiring failure detector timer to make a prompt election more likely
I0108 18:39:20.800002 25176 raft_consensus.cc:341] T dbe8c3d61048482fb282021487b845a6 P 61b86269d42a403f94c0a049429fa247 [term 0 FOLLOWER]: Replica starting. Triggering 0 pending transactions. Active config: opid_index: -1 OBSOLETE_local: false peers { permanent_uuid: "c6ad452ff3b64d949298a50527e1fbb0" member_type: VOTER last_known_addr { host: "127.24.33.65" port: 55934 } } peers { permanent_uuid: "53135810f2d84759ac110009de750c3d" member_type: VOTER last_known_addr { host: "127.24.33.66" port: 33490 } } peers { permanent_uuid: "61b86269d42a403f94c0a049429fa247" member_type: VOTER last_known_addr { host: "127.24.33.67" port: 35103 } }
I0108 18:39:20.800012 25180 raft_consensus.cc:712] T 50603d14716f4c4bb514a91e103fbf64 P c6ad452ff3b64d949298a50527e1fbb0 [term 0 FOLLOWER]: Becoming Follower/Learner. State: Replica: c6ad452ff3b64d949298a50527e1fbb0, State: Initialized, Role: FOLLOWER
I0108 18:39:20.800025 25176 raft_consensus.cc:367] T dbe8c3d61048482fb282021487b845a6 P 61b86269d42a403f94c0a049429fa247 [term 0 FOLLOWER]: Consensus starting up: Expiring failure detector timer to make a prompt election more likely
I0108 18:39:20.800035 25176 raft_consensus.cc:712] T dbe8c3d61048482fb282021487b845a6 P 61b86269d42a403f94c0a049429fa247 [term 0 FOLLOWER]: Becoming Follower/Learner. State: Replica: 61b86269d42a403f94c0a049429fa247, State: Initialized, Role: FOLLOWER
I0108 18:39:20.800079 25180 consensus_queue.cc:229] T 50603d14716f4c4bb514a91e103fbf64 P c6ad452ff3b64d949298a50527e1fbb0 [NON_LEADER]: Queue going to NON_LEADER mode. State: All replicated index: 0, Majority replicated index: 0, Committed index: 0, Last appended: 0.0, Last appended by leader: 0, Current term: 0, Majority size: -1, State: 0, Mode: NON_LEADER, active raft config: opid_index: -1 OBSOLETE_local: false peers { permanent_uuid: "53135810f2d84759ac110009de750c3d" member_type: VOTER last_known_addr { host: "127.24.33.66" port: 33490 } } peers { permanent_uuid: "61b86269d42a403f94c0a049429fa247" member_type: VOTER last_known_addr { host: "127.24.33.67" port: 35103 } } peers { permanent_uuid: "c6ad452ff3b64d949298a50527e1fbb0" member_type: VOTER last_known_addr { host: "127.24.33.65" port: 55934 } }
I0108 18:39:20.800094 25176 consensus_queue.cc:229] T dbe8c3d61048482fb282021487b845a6 P 61b86269d42a403f94c0a049429fa247 [NON_LEADER]: Queue going to NON_LEADER mode. State: All replicated index: 0, Majority replicated index: 0, Committed index: 0, Last appended: 0.0, Last appended by leader: 0, Current term: 0, Majority size: -1, State: 0, Mode: NON_LEADER, active raft config: opid_index: -1 OBSOLETE_local: false peers { permanent_uuid: "c6ad452ff3b64d949298a50527e1fbb0" member_type: VOTER last_known_addr { host: "127.24.33.65" port: 55934 } } peers { permanent_uuid: "53135810f2d84759ac110009de750c3d" member_type: VOTER last_known_addr { host: "127.24.33.66" port: 33490 } } peers { permanent_uuid: "61b86269d42a403f94c0a049429fa247" member_type: VOTER last_known_addr { host: "127.24.33.67" port: 35103 } }
I0108 18:39:20.800180 24912 heartbeater.cc:447] Master 127.24.33.126:55767 was elected leader, sending a full tablet report...
I0108 18:39:20.800186 25180 ts_tablet_manager.cc:1133] T 50603d14716f4c4bb514a91e103fbf64 P c6ad452ff3b64d949298a50527e1fbb0: Time spent starting tablet: real 0.001s user 0.000s sys 0.001s
I0108 18:39:20.800190 25176 ts_tablet_manager.cc:1133] T dbe8c3d61048482fb282021487b845a6 P 61b86269d42a403f94c0a049429fa247: Time spent starting tablet: real 0.002s user 0.002s sys 0.000s
I0108 18:39:20.800205 25180 tablet_bootstrap.cc:439] T fdf8e522824640c3ab9385967c93743a P c6ad452ff3b64d949298a50527e1fbb0: Bootstrap starting.
I0108 18:39:20.800212 25176 tablet_bootstrap.cc:439] T fdf8e522824640c3ab9385967c93743a P 61b86269d42a403f94c0a049429fa247: Bootstrap starting.
I0108 18:39:20.800472 25176 tablet_bootstrap.cc:590] T fdf8e522824640c3ab9385967c93743a P 61b86269d42a403f94c0a049429fa247: No blocks or log segments found. Creating new log.
I0108 18:39:20.800529 25177 raft_consensus.cc:341] T 50603d14716f4c4bb514a91e103fbf64 P 53135810f2d84759ac110009de750c3d [term 0 FOLLOWER]: Replica starting. Triggering 0 pending transactions. Active config: opid_index: -1 OBSOLETE_local: false peers { permanent_uuid: "53135810f2d84759ac110009de750c3d" member_type: VOTER last_known_addr { host: "127.24.33.66" port: 33490 } } peers { permanent_uuid: "61b86269d42a403f94c0a049429fa247" member_type: VOTER last_known_addr { host: "127.24.33.67" port: 35103 } } peers { permanent_uuid: "c6ad452ff3b64d949298a50527e1fbb0" member_type: VOTER last_known_addr { host: "127.24.33.65" port: 55934 } }
I0108 18:39:20.800532 25180 tablet_bootstrap.cc:590] T fdf8e522824640c3ab9385967c93743a P c6ad452ff3b64d949298a50527e1fbb0: No blocks or log segments found. Creating new log.
I0108 18:39:20.800541 25177 raft_consensus.cc:367] T 50603d14716f4c4bb514a91e103fbf64 P 53135810f2d84759ac110009de750c3d [term 0 FOLLOWER]: Consensus starting up: Expiring failure detector timer to make a prompt election more likely
I0108 18:39:20.800556 25177 raft_consensus.cc:712] T 50603d14716f4c4bb514a91e103fbf64 P 53135810f2d84759ac110009de750c3d [term 0 FOLLOWER]: Becoming Follower/Learner. State: Replica: 53135810f2d84759ac110009de750c3d, State: Initialized, Role: FOLLOWER
I0108 18:39:20.800609 25177 consensus_queue.cc:229] T 50603d14716f4c4bb514a91e103fbf64 P 53135810f2d84759ac110009de750c3d [NON_LEADER]: Queue going to NON_LEADER mode. State: All replicated index: 0, Majority replicated index: 0, Committed index: 0, Last appended: 0.0, Last appended by leader: 0, Current term: 0, Majority size: -1, State: 0, Mode: NON_LEADER, active raft config: opid_index: -1 OBSOLETE_local: false peers { permanent_uuid: "53135810f2d84759ac110009de750c3d" member_type: VOTER last_known_addr { host: "127.24.33.66" port: 33490 } } peers { permanent_uuid: "61b86269d42a403f94c0a049429fa247" member_type: VOTER last_known_addr { host: "127.24.33.67" port: 35103 } } peers { permanent_uuid: "c6ad452ff3b64d949298a50527e1fbb0" member_type: VOTER last_known_addr { host: "127.24.33.65" port: 55934 } }
I0108 18:39:20.800660 25161 heartbeater.cc:447] Master 127.24.33.126:55767 was elected leader, sending a full tablet report...
I0108 18:39:20.800689 25177 ts_tablet_manager.cc:1133] T 50603d14716f4c4bb514a91e103fbf64 P 53135810f2d84759ac110009de750c3d: Time spent starting tablet: real 0.002s user 0.002s sys 0.000s
I0108 18:39:20.800710 25177 tablet_bootstrap.cc:439] T dbe8c3d61048482fb282021487b845a6 P 53135810f2d84759ac110009de750c3d: Bootstrap starting.
I0108 18:39:20.800827 25037 heartbeater.cc:447] Master 127.24.33.126:55767 was elected leader, sending a full tablet report...
I0108 18:39:20.801002 25177 tablet_bootstrap.cc:590] T dbe8c3d61048482fb282021487b845a6 P 53135810f2d84759ac110009de750c3d: No blocks or log segments found. Creating new log.
I0108 18:39:20.801299 25176 tablet_bootstrap.cc:439] T fdf8e522824640c3ab9385967c93743a P 61b86269d42a403f94c0a049429fa247: No bootstrap required, opened a new log
I0108 18:39:20.801323 25176 ts_tablet_manager.cc:1105] T fdf8e522824640c3ab9385967c93743a P 61b86269d42a403f94c0a049429fa247: Time spent bootstrapping tablet: real 0.001s user 0.000s sys 0.000s
I0108 18:39:20.801389 25180 tablet_bootstrap.cc:439] T fdf8e522824640c3ab9385967c93743a P c6ad452ff3b64d949298a50527e1fbb0: No bootstrap required, opened a new log
I0108 18:39:20.801411 25176 raft_consensus.cc:341] T fdf8e522824640c3ab9385967c93743a P 61b86269d42a403f94c0a049429fa247 [term 0 FOLLOWER]: Replica starting. Triggering 0 pending transactions. Active config: opid_index: -1 OBSOLETE_local: false peers { permanent_uuid: "53135810f2d84759ac110009de750c3d" member_type: VOTER last_known_addr { host: "127.24.33.66" port: 33490 } } peers { permanent_uuid: "c6ad452ff3b64d949298a50527e1fbb0" member_type: VOTER last_known_addr { host: "127.24.33.65" port: 55934 } } peers { permanent_uuid: "61b86269d42a403f94c0a049429fa247" member_type: VOTER last_known_addr { host: "127.24.33.67" port: 35103 } }
I0108 18:39:20.801419 25176 raft_consensus.cc:367] T fdf8e522824640c3ab9385967c93743a P 61b86269d42a403f94c0a049429fa247 [term 0 FOLLOWER]: Consensus starting up: Expiring failure detector timer to make a prompt election more likely
I0108 18:39:20.801422 25176 raft_consensus.cc:712] T fdf8e522824640c3ab9385967c93743a P 61b86269d42a403f94c0a049429fa247 [term 0 FOLLOWER]: Becoming Follower/Learner. State: Replica: 61b86269d42a403f94c0a049429fa247, State: Initialized, Role: FOLLOWER
I0108 18:39:20.801421 25180 ts_tablet_manager.cc:1105] T fdf8e522824640c3ab9385967c93743a P c6ad452ff3b64d949298a50527e1fbb0: Time spent bootstrapping tablet: real 0.001s user 0.001s sys 0.000s
I0108 18:39:20.801463 25176 consensus_queue.cc:229] T fdf8e522824640c3ab9385967c93743a P 61b86269d42a403f94c0a049429fa247 [NON_LEADER]: Queue going to NON_LEADER mode. State: All replicated index: 0, Majority replicated index: 0, Committed index: 0, Last appended: 0.0, Last appended by leader: 0, Current term: 0, Majority size: -1, State: 0, Mode: NON_LEADER, active raft config: opid_index: -1 OBSOLETE_local: false peers { permanent_uuid: "53135810f2d84759ac110009de750c3d" member_type: VOTER last_known_addr { host: "127.24.33.66" port: 33490 } } peers { permanent_uuid: "c6ad452ff3b64d949298a50527e1fbb0" member_type: VOTER last_known_addr { host: "127.24.33.65" port: 55934 } } peers { permanent_uuid: "61b86269d42a403f94c0a049429fa247" member_type: VOTER last_known_addr { host: "127.24.33.67" port: 35103 } }
I0108 18:39:20.801501 25176 ts_tablet_manager.cc:1133] T fdf8e522824640c3ab9385967c93743a P 61b86269d42a403f94c0a049429fa247: Time spent starting tablet: real 0.000s user 0.000s sys 0.000s
I0108 18:39:20.801524 25176 tablet_bootstrap.cc:439] T 50603d14716f4c4bb514a91e103fbf64 P 61b86269d42a403f94c0a049429fa247: Bootstrap starting.
I0108 18:39:20.801539 25180 raft_consensus.cc:341] T fdf8e522824640c3ab9385967c93743a P c6ad452ff3b64d949298a50527e1fbb0 [term 0 FOLLOWER]: Replica starting. Triggering 0 pending transactions. Active config: opid_index: -1 OBSOLETE_local: false peers { permanent_uuid: "53135810f2d84759ac110009de750c3d" member_type: VOTER last_known_addr { host: "127.24.33.66" port: 33490 } } peers { permanent_uuid: "c6ad452ff3b64d949298a50527e1fbb0" member_type: VOTER last_known_addr { host: "127.24.33.65" port: 55934 } } peers { permanent_uuid: "61b86269d42a403f94c0a049429fa247" member_type: VOTER last_known_addr { host: "127.24.33.67" port: 35103 } }
I0108 18:39:20.801550 25180 raft_consensus.cc:367] T fdf8e522824640c3ab9385967c93743a P c6ad452ff3b64d949298a50527e1fbb0 [term 0 FOLLOWER]: Consensus starting up: Expiring failure detector timer to make a prompt election more likely
I0108 18:39:20.801558 25180 raft_consensus.cc:712] T fdf8e522824640c3ab9385967c93743a P c6ad452ff3b64d949298a50527e1fbb0 [term 0 FOLLOWER]: Becoming Follower/Learner. State: Replica: c6ad452ff3b64d949298a50527e1fbb0, State: Initialized, Role: FOLLOWER
I0108 18:39:20.801630 25180 consensus_queue.cc:229] T fdf8e522824640c3ab9385967c93743a P c6ad452ff3b64d949298a50527e1fbb0 [NON_LEADER]: Queue going to NON_LEADER mode. State: All replicated index: 0, Majority replicated index: 0, Committed index: 0, Last appended: 0.0, Last appended by leader: 0, Current term: 0, Majority size: -1, State: 0, Mode: NON_LEADER, active raft config: opid_index: -1 OBSOLETE_local: false peers { permanent_uuid: "53135810f2d84759ac110009de750c3d" member_type: VOTER last_known_addr { host: "127.24.33.66" port: 33490 } } peers { permanent_uuid: "c6ad452ff3b64d949298a50527e1fbb0" member_type: VOTER last_known_addr { host: "127.24.33.65" port: 55934 } } peers { permanent_uuid: "61b86269d42a403f94c0a049429fa247" member_type: VOTER last_known_addr { host: "127.24.33.67" port: 35103 } }
I0108 18:39:20.801672 25180 ts_tablet_manager.cc:1133] T fdf8e522824640c3ab9385967c93743a P c6ad452ff3b64d949298a50527e1fbb0: Time spent starting tablet: real 0.000s user 0.000s sys 0.000s
I0108 18:39:20.801692 25180 tablet_bootstrap.cc:439] T dbe8c3d61048482fb282021487b845a6 P c6ad452ff3b64d949298a50527e1fbb0: Bootstrap starting.
I0108 18:39:20.801693 25176 tablet_bootstrap.cc:590] T 50603d14716f4c4bb514a91e103fbf64 P 61b86269d42a403f94c0a049429fa247: No blocks or log segments found. Creating new log.
I0108 18:39:20.801970 25180 tablet_bootstrap.cc:590] T dbe8c3d61048482fb282021487b845a6 P c6ad452ff3b64d949298a50527e1fbb0: No blocks or log segments found. Creating new log.
I0108 18:39:20.802248 25177 tablet_bootstrap.cc:439] T dbe8c3d61048482fb282021487b845a6 P 53135810f2d84759ac110009de750c3d: No bootstrap required, opened a new log
I0108 18:39:20.802281 25177 ts_tablet_manager.cc:1105] T dbe8c3d61048482fb282021487b845a6 P 53135810f2d84759ac110009de750c3d: Time spent bootstrapping tablet: real 0.002s user 0.000s sys 0.000s
I0108 18:39:20.802376 25177 raft_consensus.cc:341] T dbe8c3d61048482fb282021487b845a6 P 53135810f2d84759ac110009de750c3d [term 0 FOLLOWER]: Replica starting. Triggering 0 pending transactions. Active config: opid_index: -1 OBSOLETE_local: false peers { permanent_uuid: "c6ad452ff3b64d949298a50527e1fbb0" member_type: VOTER last_known_addr { host: "127.24.33.65" port: 55934 } } peers { permanent_uuid: "53135810f2d84759ac110009de750c3d" member_type: VOTER last_known_addr { host: "127.24.33.66" port: 33490 } } peers { permanent_uuid: "61b86269d42a403f94c0a049429fa247" member_type: VOTER last_known_addr { host: "127.24.33.67" port: 35103 } }
I0108 18:39:20.802392 25177 raft_consensus.cc:367] T dbe8c3d61048482fb282021487b845a6 P 53135810f2d84759ac110009de750c3d [term 0 FOLLOWER]: Consensus starting up: Expiring failure detector timer to make a prompt election more likely
I0108 18:39:20.802398 25177 raft_consensus.cc:712] T dbe8c3d61048482fb282021487b845a6 P 53135810f2d84759ac110009de750c3d [term 0 FOLLOWER]: Becoming Follower/Learner. State: Replica: 53135810f2d84759ac110009de750c3d, State: Initialized, Role: FOLLOWER
I0108 18:39:20.802435 25177 consensus_queue.cc:229] T dbe8c3d61048482fb282021487b845a6 P 53135810f2d84759ac110009de750c3d [NON_LEADER]: Queue going to NON_LEADER mode. State: All replicated index: 0, Majority replicated index: 0, Committed index: 0, Last appended: 0.0, Last appended by leader: 0, Current term: 0, Majority size: -1, State: 0, Mode: NON_LEADER, active raft config: opid_index: -1 OBSOLETE_local: false peers { permanent_uuid: "c6ad452ff3b64d949298a50527e1fbb0" member_type: VOTER last_known_addr { host: "127.24.33.65" port: 55934 } } peers { permanent_uuid: "53135810f2d84759ac110009de750c3d" member_type: VOTER last_known_addr { host: "127.24.33.66" port: 33490 } } peers { permanent_uuid: "61b86269d42a403f94c0a049429fa247" member_type: VOTER last_known_addr { host: "127.24.33.67" port: 35103 } }
I0108 18:39:20.802495 25177 ts_tablet_manager.cc:1133] T dbe8c3d61048482fb282021487b845a6 P 53135810f2d84759ac110009de750c3d: Time spent starting tablet: real 0.000s user 0.000s sys 0.000s
I0108 18:39:20.802525 25177 tablet_bootstrap.cc:439] T fdf8e522824640c3ab9385967c93743a P 53135810f2d84759ac110009de750c3d: Bootstrap starting.
I0108 18:39:20.802708 25177 tablet_bootstrap.cc:590] T fdf8e522824640c3ab9385967c93743a P 53135810f2d84759ac110009de750c3d: No blocks or log segments found. Creating new log.
I0108 18:39:20.803032 25176 tablet_bootstrap.cc:439] T 50603d14716f4c4bb514a91e103fbf64 P 61b86269d42a403f94c0a049429fa247: No bootstrap required, opened a new log
I0108 18:39:20.803061 25176 ts_tablet_manager.cc:1105] T 50603d14716f4c4bb514a91e103fbf64 P 61b86269d42a403f94c0a049429fa247: Time spent bootstrapping tablet: real 0.002s user 0.001s sys 0.000s
I0108 18:39:20.803123 25180 tablet_bootstrap.cc:439] T dbe8c3d61048482fb282021487b845a6 P c6ad452ff3b64d949298a50527e1fbb0: No bootstrap required, opened a new log
I0108 18:39:20.803138 25176 raft_consensus.cc:341] T 50603d14716f4c4bb514a91e103fbf64 P 61b86269d42a403f94c0a049429fa247 [term 0 FOLLOWER]: Replica starting. Triggering 0 pending transactions. Active config: opid_index: -1 OBSOLETE_local: false peers { permanent_uuid: "53135810f2d84759ac110009de750c3d" member_type: VOTER last_known_addr { host: "127.24.33.66" port: 33490 } } peers { permanent_uuid: "61b86269d42a403f94c0a049429fa247" member_type: VOTER last_known_addr { host: "127.24.33.67" port: 35103 } } peers { permanent_uuid: "c6ad452ff3b64d949298a50527e1fbb0" member_type: VOTER last_known_addr { host: "127.24.33.65" port: 55934 } }
I0108 18:39:20.803143 25176 raft_consensus.cc:367] T 50603d14716f4c4bb514a91e103fbf64 P 61b86269d42a403f94c0a049429fa247 [term 0 FOLLOWER]: Consensus starting up: Expiring failure detector timer to make a prompt election more likely
I0108 18:39:20.803148 25176 raft_consensus.cc:712] T 50603d14716f4c4bb514a91e103fbf64 P 61b86269d42a403f94c0a049429fa247 [term 0 FOLLOWER]: Becoming Follower/Learner. State: Replica: 61b86269d42a403f94c0a049429fa247, State: Initialized, Role: FOLLOWER
I0108 18:39:20.803148 25180 ts_tablet_manager.cc:1105] T dbe8c3d61048482fb282021487b845a6 P c6ad452ff3b64d949298a50527e1fbb0: Time spent bootstrapping tablet: real 0.001s user 0.000s sys 0.001s
I0108 18:39:20.803196 25176 consensus_queue.cc:229] T 50603d14716f4c4bb514a91e103fbf64 P 61b86269d42a403f94c0a049429fa247 [NON_LEADER]: Queue going to NON_LEADER mode. State: All replicated index: 0, Majority replicated index: 0, Committed index: 0, Last appended: 0.0, Last appended by leader: 0, Current term: 0, Majority size: -1, State: 0, Mode: NON_LEADER, active raft config: opid_index: -1 OBSOLETE_local: false peers { permanent_uuid: "53135810f2d84759ac110009de750c3d" member_type: VOTER last_known_addr { host: "127.24.33.66" port: 33490 } } peers { permanent_uuid: "61b86269d42a403f94c0a049429fa247" member_type: VOTER last_known_addr { host: "127.24.33.67" port: 35103 } } peers { permanent_uuid: "c6ad452ff3b64d949298a50527e1fbb0" member_type: VOTER last_known_addr { host: "127.24.33.65" port: 55934 } }
I0108 18:39:20.803246 25180 raft_consensus.cc:341] T dbe8c3d61048482fb282021487b845a6 P c6ad452ff3b64d949298a50527e1fbb0 [term 0 FOLLOWER]: Replica starting. Triggering 0 pending transactions. Active config: opid_index: -1 OBSOLETE_local: false peers { permanent_uuid: "c6ad452ff3b64d949298a50527e1fbb0" member_type: VOTER last_known_addr { host: "127.24.33.65" port: 55934 } } peers { permanent_uuid: "53135810f2d84759ac110009de750c3d" member_type: VOTER last_known_addr { host: "127.24.33.66" port: 33490 } } peers { permanent_uuid: "61b86269d42a403f94c0a049429fa247" member_type: VOTER last_known_addr { host: "127.24.33.67" port: 35103 } }
I0108 18:39:20.803247 25176 ts_tablet_manager.cc:1133] T 50603d14716f4c4bb514a91e103fbf64 P 61b86269d42a403f94c0a049429fa247: Time spent starting tablet: real 0.000s user 0.000s sys 0.000s
I0108 18:39:20.803287 25180 raft_consensus.cc:367] T dbe8c3d61048482fb282021487b845a6 P c6ad452ff3b64d949298a50527e1fbb0 [term 0 FOLLOWER]: Consensus starting up: Expiring failure detector timer to make a prompt election more likely
I0108 18:39:20.803295 25180 raft_consensus.cc:712] T dbe8c3d61048482fb282021487b845a6 P c6ad452ff3b64d949298a50527e1fbb0 [term 0 FOLLOWER]: Becoming Follower/Learner. State: Replica: c6ad452ff3b64d949298a50527e1fbb0, State: Initialized, Role: FOLLOWER
I0108 18:39:20.803314 25177 tablet_bootstrap.cc:439] T fdf8e522824640c3ab9385967c93743a P 53135810f2d84759ac110009de750c3d: No bootstrap required, opened a new log
I0108 18:39:20.803330 25177 ts_tablet_manager.cc:1105] T fdf8e522824640c3ab9385967c93743a P 53135810f2d84759ac110009de750c3d: Time spent bootstrapping tablet: real 0.001s user 0.001s sys 0.000s
I0108 18:39:20.803334 25180 consensus_queue.cc:229] T dbe8c3d61048482fb282021487b845a6 P c6ad452ff3b64d949298a50527e1fbb0 [NON_LEADER]: Queue going to NON_LEADER mode. State: All replicated index: 0, Majority replicated index: 0, Committed index: 0, Last appended: 0.0, Last appended by leader: 0, Current term: 0, Majority size: -1, State: 0, Mode: NON_LEADER, active raft config: opid_index: -1 OBSOLETE_local: false peers { permanent_uuid: "c6ad452ff3b64d949298a50527e1fbb0" member_type: VOTER last_known_addr { host: "127.24.33.65" port: 55934 } } peers { permanent_uuid: "53135810f2d84759ac110009de750c3d" member_type: VOTER last_known_addr { host: "127.24.33.66" port: 33490 } } peers { permanent_uuid: "61b86269d42a403f94c0a049429fa247" member_type: VOTER last_known_addr { host: "127.24.33.67" port: 35103 } }
I0108 18:39:20.803455 25177 raft_consensus.cc:341] T fdf8e522824640c3ab9385967c93743a P 53135810f2d84759ac110009de750c3d [term 0 FOLLOWER]: Replica starting. Triggering 0 pending transactions. Active config: opid_index: -1 OBSOLETE_local: false peers { permanent_uuid: "53135810f2d84759ac110009de750c3d" member_type: VOTER last_known_addr { host: "127.24.33.66" port: 33490 } } peers { permanent_uuid: "c6ad452ff3b64d949298a50527e1fbb0" member_type: VOTER last_known_addr { host: "127.24.33.65" port: 55934 } } peers { permanent_uuid: "61b86269d42a403f94c0a049429fa247" member_type: VOTER last_known_addr { host: "127.24.33.67" port: 35103 } }
I0108 18:39:20.803468 25177 raft_consensus.cc:367] T fdf8e522824640c3ab9385967c93743a P 53135810f2d84759ac110009de750c3d [term 0 FOLLOWER]: Consensus starting up: Expiring failure detector timer to make a prompt election more likely
I0108 18:39:20.803475 25177 raft_consensus.cc:712] T fdf8e522824640c3ab9385967c93743a P 53135810f2d84759ac110009de750c3d [term 0 FOLLOWER]: Becoming Follower/Learner. State: Replica: 53135810f2d84759ac110009de750c3d, State: Initialized, Role: FOLLOWER
I0108 18:39:20.803519 25177 consensus_queue.cc:229] T fdf8e522824640c3ab9385967c93743a P 53135810f2d84759ac110009de750c3d [NON_LEADER]: Queue going to NON_LEADER mode. State: All replicated index: 0, Majority replicated index: 0, Committed index: 0, Last appended: 0.0, Last appended by leader: 0, Current term: 0, Majority size: -1, State: 0, Mode: NON_LEADER, active raft config: opid_index: -1 OBSOLETE_local: false peers { permanent_uuid: "53135810f2d84759ac110009de750c3d" member_type: VOTER last_known_addr { host: "127.24.33.66" port: 33490 } } peers { permanent_uuid: "c6ad452ff3b64d949298a50527e1fbb0" member_type: VOTER last_known_addr { host: "127.24.33.65" port: 55934 } } peers { permanent_uuid: "61b86269d42a403f94c0a049429fa247" member_type: VOTER last_known_addr { host: "127.24.33.67" port: 35103 } }
I0108 18:39:20.803588 25180 ts_tablet_manager.cc:1133] T dbe8c3d61048482fb282021487b845a6 P c6ad452ff3b64d949298a50527e1fbb0: Time spent starting tablet: real 0.000s user 0.000s sys 0.000s
I0108 18:39:20.803591 25177 ts_tablet_manager.cc:1133] T fdf8e522824640c3ab9385967c93743a P 53135810f2d84759ac110009de750c3d: Time spent starting tablet: real 0.000s user 0.000s sys 0.000s
I0108 18:39:20.865278 25185 raft_consensus.cc:477] T 50603d14716f4c4bb514a91e103fbf64 P 53135810f2d84759ac110009de750c3d [term 0 FOLLOWER]: Starting pre-election (no leader contacted us within the election timeout)
I0108 18:39:20.865355 25185 raft_consensus.cc:499] T 50603d14716f4c4bb514a91e103fbf64 P 53135810f2d84759ac110009de750c3d [term 0 FOLLOWER]: Starting pre-election with config: opid_index: -1 OBSOLETE_local: false peers { permanent_uuid: "53135810f2d84759ac110009de750c3d" member_type: VOTER last_known_addr { host: "127.24.33.66" port: 33490 } } peers { permanent_uuid: "61b86269d42a403f94c0a049429fa247" member_type: VOTER last_known_addr { host: "127.24.33.67" port: 35103 } } peers { permanent_uuid: "c6ad452ff3b64d949298a50527e1fbb0" member_type: VOTER last_known_addr { host: "127.24.33.65" port: 55934 } }
I0108 18:39:20.865480 25185 leader_election.cc:293] T 50603d14716f4c4bb514a91e103fbf64 P 53135810f2d84759ac110009de750c3d [CANDIDATE]: Term 1 pre-election: Requested pre-vote from peers 61b86269d42a403f94c0a049429fa247 (127.24.33.67:35103), c6ad452ff3b64d949298a50527e1fbb0 (127.24.33.65:55934)
I0108 18:39:20.867458 25118 tablet_service.cc:1319] Received RequestConsensusVote() RPC: tablet_id: "50603d14716f4c4bb514a91e103fbf64" candidate_uuid: "53135810f2d84759ac110009de750c3d" candidate_term: 1 candidate_status { last_received { term: 0 index: 0 } } ignore_live_leader: false dest_uuid: "61b86269d42a403f94c0a049429fa247" is_pre_election: true
I0108 18:39:20.867497 25118 raft_consensus.cc:2396] T 50603d14716f4c4bb514a91e103fbf64 P 61b86269d42a403f94c0a049429fa247 [term 0 FOLLOWER]: Leader pre-election vote request: Granting yes vote for candidate 53135810f2d84759ac110009de750c3d in term 0.
I0108 18:39:20.867573 24869 tablet_service.cc:1319] Received RequestConsensusVote() RPC: tablet_id: "50603d14716f4c4bb514a91e103fbf64" candidate_uuid: "53135810f2d84759ac110009de750c3d" candidate_term: 1 candidate_status { last_received { term: 0 index: 0 } } ignore_live_leader: false dest_uuid: "c6ad452ff3b64d949298a50527e1fbb0" is_pre_election: true
I0108 18:39:20.867600 24924 leader_election.cc:307] T 50603d14716f4c4bb514a91e103fbf64 P 53135810f2d84759ac110009de750c3d [CANDIDATE]: Term 1 pre-election: Election decided. Result: candidate won. Election summary: received 2 responses out of 3 voters: 2 yes votes; 0 no votes. yes voters: 53135810f2d84759ac110009de750c3d, 61b86269d42a403f94c0a049429fa247; no voters:
I0108 18:39:20.867612 24869 raft_consensus.cc:2396] T 50603d14716f4c4bb514a91e103fbf64 P c6ad452ff3b64d949298a50527e1fbb0 [term 0 FOLLOWER]: Leader pre-election vote request: Granting yes vote for candidate 53135810f2d84759ac110009de750c3d in term 0.
I0108 18:39:20.867650 25185 raft_consensus.cc:2696] T 50603d14716f4c4bb514a91e103fbf64 P 53135810f2d84759ac110009de750c3d [term 0 FOLLOWER]: Leader pre-election won for term 1
I0108 18:39:20.867669 25185 raft_consensus.cc:477] T 50603d14716f4c4bb514a91e103fbf64 P 53135810f2d84759ac110009de750c3d [term 0 FOLLOWER]: Starting leader election (no leader contacted us within the election timeout)
I0108 18:39:20.867676 25185 raft_consensus.cc:2949] T 50603d14716f4c4bb514a91e103fbf64 P 53135810f2d84759ac110009de750c3d [term 0 FOLLOWER]: Advancing to term 1
I0108 18:39:20.868165 25185 raft_consensus.cc:499] T 50603d14716f4c4bb514a91e103fbf64 P 53135810f2d84759ac110009de750c3d [term 1 FOLLOWER]: Starting leader election with config: opid_index: -1 OBSOLETE_local: false peers { permanent_uuid: "53135810f2d84759ac110009de750c3d" member_type: VOTER last_known_addr { host: "127.24.33.66" port: 33490 } } peers { permanent_uuid: "61b86269d42a403f94c0a049429fa247" member_type: VOTER last_known_addr { host: "127.24.33.67" port: 35103 } } peers { permanent_uuid: "c6ad452ff3b64d949298a50527e1fbb0" member_type: VOTER last_known_addr { host: "127.24.33.65" port: 55934 } }
I0108 18:39:20.868206 25185 leader_election.cc:293] T 50603d14716f4c4bb514a91e103fbf64 P 53135810f2d84759ac110009de750c3d [CANDIDATE]: Term 1 election: Requested vote from peers 61b86269d42a403f94c0a049429fa247 (127.24.33.67:35103), c6ad452ff3b64d949298a50527e1fbb0 (127.24.33.65:55934)
I0108 18:39:20.868309 25118 tablet_service.cc:1319] Received RequestConsensusVote() RPC: tablet_id: "50603d14716f4c4bb514a91e103fbf64" candidate_uuid: "53135810f2d84759ac110009de750c3d" candidate_term: 1 candidate_status { last_received { term: 0 index: 0 } } ignore_live_leader: false dest_uuid: "61b86269d42a403f94c0a049429fa247"
I0108 18:39:20.868328 25118 raft_consensus.cc:2949] T 50603d14716f4c4bb514a91e103fbf64 P 61b86269d42a403f94c0a049429fa247 [term 0 FOLLOWER]: Advancing to term 1
I0108 18:39:20.868335 24869 tablet_service.cc:1319] Received RequestConsensusVote() RPC: tablet_id: "50603d14716f4c4bb514a91e103fbf64" candidate_uuid: "53135810f2d84759ac110009de750c3d" candidate_term: 1 candidate_status { last_received { term: 0 index: 0 } } ignore_live_leader: false dest_uuid: "c6ad452ff3b64d949298a50527e1fbb0"
I0108 18:39:20.868350 24869 raft_consensus.cc:2949] T 50603d14716f4c4bb514a91e103fbf64 P c6ad452ff3b64d949298a50527e1fbb0 [term 0 FOLLOWER]: Advancing to term 1
I0108 18:39:20.869223 25118 raft_consensus.cc:2396] T 50603d14716f4c4bb514a91e103fbf64 P 61b86269d42a403f94c0a049429fa247 [term 1 FOLLOWER]: Leader election vote request: Granting yes vote for candidate 53135810f2d84759ac110009de750c3d in term 1.
I0108 18:39:20.869303 24924 leader_election.cc:307] T 50603d14716f4c4bb514a91e103fbf64 P 53135810f2d84759ac110009de750c3d [CANDIDATE]: Term 1 election: Election decided. Result: candidate won. Election summary: received 2 responses out of 3 voters: 2 yes votes; 0 no votes. yes voters: 53135810f2d84759ac110009de750c3d, 61b86269d42a403f94c0a049429fa247; no voters:
I0108 18:39:20.869308 24869 raft_consensus.cc:2396] T 50603d14716f4c4bb514a91e103fbf64 P c6ad452ff3b64d949298a50527e1fbb0 [term 1 FOLLOWER]: Leader election vote request: Granting yes vote for candidate 53135810f2d84759ac110009de750c3d in term 1.
I0108 18:39:20.869359 25185 raft_consensus.cc:2696] T 50603d14716f4c4bb514a91e103fbf64 P 53135810f2d84759ac110009de750c3d [term 1 FOLLOWER]: Leader election won for term 1
I0108 18:39:20.869442 25185 raft_consensus.cc:672] T 50603d14716f4c4bb514a91e103fbf64 P 53135810f2d84759ac110009de750c3d [term 1 LEADER]: Becoming Leader. State: Replica: 53135810f2d84759ac110009de750c3d, State: Running, Role: LEADER
I0108 18:39:20.869494 25185 consensus_queue.cc:206] T 50603d14716f4c4bb514a91e103fbf64 P 53135810f2d84759ac110009de750c3d [LEADER]: Queue going to LEADER mode. State: All replicated index: 0, Majority replicated index: 0, Committed index: 0, Last appended: 0.0, Last appended by leader: 0, Current term: 1, Majority size: 2, State: 0, Mode: LEADER, active raft config: opid_index: -1 OBSOLETE_local: false peers { permanent_uuid: "53135810f2d84759ac110009de750c3d" member_type: VOTER last_known_addr { host: "127.24.33.66" port: 33490 } } peers { permanent_uuid: "61b86269d42a403f94c0a049429fa247" member_type: VOTER last_known_addr { host: "127.24.33.67" port: 35103 } } peers { permanent_uuid: "c6ad452ff3b64d949298a50527e1fbb0" member_type: VOTER last_known_addr { host: "127.24.33.65" port: 55934 } }
I0108 18:39:20.869885 24746 catalog_manager.cc:4143] T 50603d14716f4c4bb514a91e103fbf64 P 53135810f2d84759ac110009de750c3d reported cstate change: term changed from 0 to 1, leader changed from to 53135810f2d84759ac110009de750c3d (127.24.33.66). New cstate: current_term: 1 leader_uuid: "53135810f2d84759ac110009de750c3d" committed_config { opid_index: -1 OBSOLETE_local: false peers { permanent_uuid: "53135810f2d84759ac110009de750c3d" member_type: VOTER last_known_addr { host: "127.24.33.66" port: 33490 } health_report { overall_health: HEALTHY } } peers { permanent_uuid: "61b86269d42a403f94c0a049429fa247" member_type: VOTER last_known_addr { host: "127.24.33.67" port: 35103 } health_report { overall_health: UNKNOWN } } peers { permanent_uuid: "c6ad452ff3b64d949298a50527e1fbb0" member_type: VOTER last_known_addr { host: "127.24.33.65" port: 55934 } health_report { overall_health: UNKNOWN } } }
W0108 18:39:20.922679 24913 tablet.cc:1792] T 50603d14716f4c4bb514a91e103fbf64 P c6ad452ff3b64d949298a50527e1fbb0: Can't schedule compaction. Clean time has not been advanced past its initial value.
I0108 18:39:20.933063 25182 raft_consensus.cc:477] T dbe8c3d61048482fb282021487b845a6 P 61b86269d42a403f94c0a049429fa247 [term 0 FOLLOWER]: Starting pre-election (no leader contacted us within the election timeout)
I0108 18:39:20.933135 25182 raft_consensus.cc:499] T dbe8c3d61048482fb282021487b845a6 P 61b86269d42a403f94c0a049429fa247 [term 0 FOLLOWER]: Starting pre-election with config: opid_index: -1 OBSOLETE_local: false peers { permanent_uuid: "c6ad452ff3b64d949298a50527e1fbb0" member_type: VOTER last_known_addr { host: "127.24.33.65" port: 55934 } } peers { permanent_uuid: "53135810f2d84759ac110009de750c3d" member_type: VOTER last_known_addr { host: "127.24.33.66" port: 33490 } } peers { permanent_uuid: "61b86269d42a403f94c0a049429fa247" member_type: VOTER last_known_addr { host: "127.24.33.67" port: 35103 } }
I0108 18:39:20.933280 25182 leader_election.cc:293] T dbe8c3d61048482fb282021487b845a6 P 61b86269d42a403f94c0a049429fa247 [CANDIDATE]: Term 1 pre-election: Requested pre-vote from peers c6ad452ff3b64d949298a50527e1fbb0 (127.24.33.65:55934), 53135810f2d84759ac110009de750c3d (127.24.33.66:33490)
I0108 18:39:20.935468 24869 tablet_service.cc:1319] Received RequestConsensusVote() RPC: tablet_id: "dbe8c3d61048482fb282021487b845a6" candidate_uuid: "61b86269d42a403f94c0a049429fa247" candidate_term: 1 candidate_status { last_received { term: 0 index: 0 } } ignore_live_leader: false dest_uuid: "c6ad452ff3b64d949298a50527e1fbb0" is_pre_election: true
I0108 18:39:20.935473 24994 tablet_service.cc:1319] Received RequestConsensusVote() RPC: tablet_id: "dbe8c3d61048482fb282021487b845a6" candidate_uuid: "61b86269d42a403f94c0a049429fa247" candidate_term: 1 candidate_status { last_received { term: 0 index: 0 } } ignore_live_leader: false dest_uuid: "53135810f2d84759ac110009de750c3d" is_pre_election: true
I0108 18:39:20.935500 24869 raft_consensus.cc:2396] T dbe8c3d61048482fb282021487b845a6 P c6ad452ff3b64d949298a50527e1fbb0 [term 0 FOLLOWER]: Leader pre-election vote request: Granting yes vote for candidate 61b86269d42a403f94c0a049429fa247 in term 0.
I0108 18:39:20.935501 24994 raft_consensus.cc:2396] T dbe8c3d61048482fb282021487b845a6 P 53135810f2d84759ac110009de750c3d [term 0 FOLLOWER]: Leader pre-election vote request: Granting yes vote for candidate 61b86269d42a403f94c0a049429fa247 in term 0.
I0108 18:39:20.935606 25050 leader_election.cc:307] T dbe8c3d61048482fb282021487b845a6 P 61b86269d42a403f94c0a049429fa247 [CANDIDATE]: Term 1 pre-election: Election decided. Result: candidate won. Election summary: received 2 responses out of 3 voters: 2 yes votes; 0 no votes. yes voters: 53135810f2d84759ac110009de750c3d, 61b86269d42a403f94c0a049429fa247; no voters:
I0108 18:39:20.935652 25182 raft_consensus.cc:2696] T dbe8c3d61048482fb282021487b845a6 P 61b86269d42a403f94c0a049429fa247 [term 0 FOLLOWER]: Leader pre-election won for term 1
I0108 18:39:20.935669 25182 raft_consensus.cc:477] T dbe8c3d61048482fb282021487b845a6 P 61b86269d42a403f94c0a049429fa247 [term 0 FOLLOWER]: Starting leader election (no leader contacted us within the election timeout)
I0108 18:39:20.935678 25182 raft_consensus.cc:2949] T dbe8c3d61048482fb282021487b845a6 P 61b86269d42a403f94c0a049429fa247 [term 0 FOLLOWER]: Advancing to term 1
I0108 18:39:20.936727 25182 raft_consensus.cc:499] T dbe8c3d61048482fb282021487b845a6 P 61b86269d42a403f94c0a049429fa247 [term 1 FOLLOWER]: Starting leader election with config: opid_index: -1 OBSOLETE_local: false peers { permanent_uuid: "c6ad452ff3b64d949298a50527e1fbb0" member_type: VOTER last_known_addr { host: "127.24.33.65" port: 55934 } } peers { permanent_uuid: "53135810f2d84759ac110009de750c3d" member_type: VOTER last_known_addr { host: "127.24.33.66" port: 33490 } } peers { permanent_uuid: "61b86269d42a403f94c0a049429fa247" member_type: VOTER last_known_addr { host: "127.24.33.67" port: 35103 } }
I0108 18:39:20.936771 25182 leader_election.cc:293] T dbe8c3d61048482fb282021487b845a6 P 61b86269d42a403f94c0a049429fa247 [CANDIDATE]: Term 1 election: Requested vote from peers c6ad452ff3b64d949298a50527e1fbb0 (127.24.33.65:55934), 53135810f2d84759ac110009de750c3d (127.24.33.66:33490)
I0108 18:39:20.936873 24994 tablet_service.cc:1319] Received RequestConsensusVote() RPC: tablet_id: "dbe8c3d61048482fb282021487b845a6" candidate_uuid: "61b86269d42a403f94c0a049429fa247" candidate_term: 1 candidate_status { last_received { term: 0 index: 0 } } ignore_live_leader: false dest_uuid: "53135810f2d84759ac110009de750c3d"
I0108 18:39:20.936888 24994 raft_consensus.cc:2949] T dbe8c3d61048482fb282021487b845a6 P 53135810f2d84759ac110009de750c3d [term 0 FOLLOWER]: Advancing to term 1
I0108 18:39:20.936904 24869 tablet_service.cc:1319] Received RequestConsensusVote() RPC: tablet_id: "dbe8c3d61048482fb282021487b845a6" candidate_uuid: "61b86269d42a403f94c0a049429fa247" candidate_term: 1 candidate_status { last_received { term: 0 index: 0 } } ignore_live_leader: false dest_uuid: "c6ad452ff3b64d949298a50527e1fbb0"
I0108 18:39:20.936916 24869 raft_consensus.cc:2949] T dbe8c3d61048482fb282021487b845a6 P c6ad452ff3b64d949298a50527e1fbb0 [term 0 FOLLOWER]: Advancing to term 1
I0108 18:39:20.937587 24994 raft_consensus.cc:2396] T dbe8c3d61048482fb282021487b845a6 P 53135810f2d84759ac110009de750c3d [term 1 FOLLOWER]: Leader election vote request: Granting yes vote for candidate 61b86269d42a403f94c0a049429fa247 in term 1.
I0108 18:39:20.937608 24869 raft_consensus.cc:2396] T dbe8c3d61048482fb282021487b845a6 P c6ad452ff3b64d949298a50527e1fbb0 [term 1 FOLLOWER]: Leader election vote request: Granting yes vote for candidate 61b86269d42a403f94c0a049429fa247 in term 1.
I0108 18:39:20.937675 25050 leader_election.cc:307] T dbe8c3d61048482fb282021487b845a6 P 61b86269d42a403f94c0a049429fa247 [CANDIDATE]: Term 1 election: Election decided. Result: candidate won. Election summary: received 2 responses out of 3 voters: 2 yes votes; 0 no votes. yes voters: 53135810f2d84759ac110009de750c3d, 61b86269d42a403f94c0a049429fa247; no voters:
I0108 18:39:20.937722 25182 raft_consensus.cc:2696] T dbe8c3d61048482fb282021487b845a6 P 61b86269d42a403f94c0a049429fa247 [term 1 FOLLOWER]: Leader election won for term 1
I0108 18:39:20.937808 25182 raft_consensus.cc:672] T dbe8c3d61048482fb282021487b845a6 P 61b86269d42a403f94c0a049429fa247 [term 1 LEADER]: Becoming Leader. State: Replica: 61b86269d42a403f94c0a049429fa247, State: Running, Role: LEADER
I0108 18:39:20.937863 25182 consensus_queue.cc:206] T dbe8c3d61048482fb282021487b845a6 P 61b86269d42a403f94c0a049429fa247 [LEADER]: Queue going to LEADER mode. State: All replicated index: 0, Majority replicated index: 0, Committed index: 0, Last appended: 0.0, Last appended by leader: 0, Current term: 1, Majority size: 2, State: 0, Mode: LEADER, active raft config: opid_index: -1 OBSOLETE_local: false peers { permanent_uuid: "c6ad452ff3b64d949298a50527e1fbb0" member_type: VOTER last_known_addr { host: "127.24.33.65" port: 55934 } } peers { permanent_uuid: "53135810f2d84759ac110009de750c3d" member_type: VOTER last_known_addr { host: "127.24.33.66" port: 33490 } } peers { permanent_uuid: "61b86269d42a403f94c0a049429fa247" member_type: VOTER last_known_addr { host: "127.24.33.67" port: 35103 } }
I0108 18:39:20.938295 24746 catalog_manager.cc:4143] T dbe8c3d61048482fb282021487b845a6 P 61b86269d42a403f94c0a049429fa247 reported cstate change: term changed from 0 to 1, leader changed from to 61b86269d42a403f94c0a049429fa247 (127.24.33.67). New cstate: current_term: 1 leader_uuid: "61b86269d42a403f94c0a049429fa247" committed_config { opid_index: -1 OBSOLETE_local: false peers { permanent_uuid: "c6ad452ff3b64d949298a50527e1fbb0" member_type: VOTER last_known_addr { host: "127.24.33.65" port: 55934 } health_report { overall_health: UNKNOWN } } peers { permanent_uuid: "53135810f2d84759ac110009de750c3d" member_type: VOTER last_known_addr { host: "127.24.33.66" port: 33490 } health_report { overall_health: UNKNOWN } } peers { permanent_uuid: "61b86269d42a403f94c0a049429fa247" member_type: VOTER last_known_addr { host: "127.24.33.67" port: 35103 } health_report { overall_health: HEALTHY } } }
W0108 18:39:20.968295 25038 tablet.cc:1792] T 50603d14716f4c4bb514a91e103fbf64 P 53135810f2d84759ac110009de750c3d: Can't schedule compaction. Clean time has not been advanced past its initial value.
I0108 18:39:20.976402 25183 raft_consensus.cc:477] T fdf8e522824640c3ab9385967c93743a P c6ad452ff3b64d949298a50527e1fbb0 [term 0 FOLLOWER]: Starting pre-election (no leader contacted us within the election timeout)
I0108 18:39:20.976485 25183 raft_consensus.cc:499] T fdf8e522824640c3ab9385967c93743a P c6ad452ff3b64d949298a50527e1fbb0 [term 0 FOLLOWER]: Starting pre-election with config: opid_index: -1 OBSOLETE_local: false peers { permanent_uuid: "53135810f2d84759ac110009de750c3d" member_type: VOTER last_known_addr { host: "127.24.33.66" port: 33490 } } peers { permanent_uuid: "c6ad452ff3b64d949298a50527e1fbb0" member_type: VOTER last_known_addr { host: "127.24.33.65" port: 55934 } } peers { permanent_uuid: "61b86269d42a403f94c0a049429fa247" member_type: VOTER last_known_addr { host: "127.24.33.67" port: 35103 } }
I0108 18:39:20.976635 25183 leader_election.cc:293] T fdf8e522824640c3ab9385967c93743a P c6ad452ff3b64d949298a50527e1fbb0 [CANDIDATE]: Term 1 pre-election: Requested pre-vote from peers 53135810f2d84759ac110009de750c3d (127.24.33.66:33490), 61b86269d42a403f94c0a049429fa247 (127.24.33.67:35103)
I0108 18:39:20.976869 25185 raft_consensus.cc:477] T fdf8e522824640c3ab9385967c93743a P 53135810f2d84759ac110009de750c3d [term 0 FOLLOWER]: Starting pre-election (no leader contacted us within the election timeout)
I0108 18:39:20.976930 25185 raft_consensus.cc:499] T fdf8e522824640c3ab9385967c93743a P 53135810f2d84759ac110009de750c3d [term 0 FOLLOWER]: Starting pre-election with config: opid_index: -1 OBSOLETE_local: false peers { permanent_uuid: "53135810f2d84759ac110009de750c3d" member_type: VOTER last_known_addr { host: "127.24.33.66" port: 33490 } } peers { permanent_uuid: "c6ad452ff3b64d949298a50527e1fbb0" member_type: VOTER last_known_addr { host: "127.24.33.65" port: 55934 } } peers { permanent_uuid: "61b86269d42a403f94c0a049429fa247" member_type: VOTER last_known_addr { host: "127.24.33.67" port: 35103 } }
I0108 18:39:20.977102 24869 tablet_service.cc:1319] Received RequestConsensusVote() RPC: tablet_id: "fdf8e522824640c3ab9385967c93743a" candidate_uuid: "53135810f2d84759ac110009de750c3d" candidate_term: 1 candidate_status { last_received { term: 0 index: 0 } } ignore_live_leader: false dest_uuid: "c6ad452ff3b64d949298a50527e1fbb0" is_pre_election: true
I0108 18:39:20.977118 25118 tablet_service.cc:1319] Received RequestConsensusVote() RPC: tablet_id: "fdf8e522824640c3ab9385967c93743a" candidate_uuid: "53135810f2d84759ac110009de750c3d" candidate_term: 1 candidate_status { last_received { term: 0 index: 0 } } ignore_live_leader: false dest_uuid: "61b86269d42a403f94c0a049429fa247" is_pre_election: true
I0108 18:39:20.977128 24869 raft_consensus.cc:2396] T fdf8e522824640c3ab9385967c93743a P c6ad452ff3b64d949298a50527e1fbb0 [term 0 FOLLOWER]: Leader pre-election vote request: Granting yes vote for candidate 53135810f2d84759ac110009de750c3d in term 0.
I0108 18:39:20.977140 25118 raft_consensus.cc:2396] T fdf8e522824640c3ab9385967c93743a P 61b86269d42a403f94c0a049429fa247 [term 0 FOLLOWER]: Leader pre-election vote request: Granting yes vote for candidate 53135810f2d84759ac110009de750c3d in term 0.
I0108 18:39:20.977214 24924 leader_election.cc:307] T fdf8e522824640c3ab9385967c93743a P 53135810f2d84759ac110009de750c3d [CANDIDATE]: Term 1 pre-election: Election decided. Result: candidate won. Election summary: received 2 responses out of 3 voters: 2 yes votes; 0 no votes. yes voters: 53135810f2d84759ac110009de750c3d, 61b86269d42a403f94c0a049429fa247; no voters:
I0108 18:39:20.977293 25192 raft_consensus.cc:2696] T fdf8e522824640c3ab9385967c93743a P 53135810f2d84759ac110009de750c3d [term 0 FOLLOWER]: Leader pre-election won for term 1
I0108 18:39:20.977305 25192 raft_consensus.cc:477] T fdf8e522824640c3ab9385967c93743a P 53135810f2d84759ac110009de750c3d [term 0 FOLLOWER]: Starting leader election (no leader contacted us within the election timeout)
I0108 18:39:20.977313 25192 raft_consensus.cc:2949] T fdf8e522824640c3ab9385967c93743a P 53135810f2d84759ac110009de750c3d [term 0 FOLLOWER]: Advancing to term 1
I0108 18:39:20.977347 25185 leader_election.cc:293] T fdf8e522824640c3ab9385967c93743a P 53135810f2d84759ac110009de750c3d [CANDIDATE]: Term 1 pre-election: Requested pre-vote from peers c6ad452ff3b64d949298a50527e1fbb0 (127.24.33.65:55934), 61b86269d42a403f94c0a049429fa247 (127.24.33.67:35103)
I0108 18:39:20.978147 25192 raft_consensus.cc:499] T fdf8e522824640c3ab9385967c93743a P 53135810f2d84759ac110009de750c3d [term 1 FOLLOWER]: Starting leader election with config: opid_index: -1 OBSOLETE_local: false peers { permanent_uuid: "53135810f2d84759ac110009de750c3d" member_type: VOTER last_known_addr { host: "127.24.33.66" port: 33490 } } peers { permanent_uuid: "c6ad452ff3b64d949298a50527e1fbb0" member_type: VOTER last_known_addr { host: "127.24.33.65" port: 55934 } } peers { permanent_uuid: "61b86269d42a403f94c0a049429fa247" member_type: VOTER last_known_addr { host: "127.24.33.67" port: 35103 } }
I0108 18:39:20.978190 25192 leader_election.cc:293] T fdf8e522824640c3ab9385967c93743a P 53135810f2d84759ac110009de750c3d [CANDIDATE]: Term 1 election: Requested vote from peers c6ad452ff3b64d949298a50527e1fbb0 (127.24.33.65:55934), 61b86269d42a403f94c0a049429fa247 (127.24.33.67:35103)
I0108 18:39:20.978389 25118 tablet_service.cc:1319] Received RequestConsensusVote() RPC: tablet_id: "fdf8e522824640c3ab9385967c93743a" candidate_uuid: "53135810f2d84759ac110009de750c3d" candidate_term: 1 candidate_status { last_received { term: 0 index: 0 } } ignore_live_leader: false dest_uuid: "61b86269d42a403f94c0a049429fa247"
I0108 18:39:20.978391 24869 tablet_service.cc:1319] Received RequestConsensusVote() RPC: tablet_id: "fdf8e522824640c3ab9385967c93743a" candidate_uuid: "53135810f2d84759ac110009de750c3d" candidate_term: 1 candidate_status { last_received { term: 0 index: 0 } } ignore_live_leader: false dest_uuid: "c6ad452ff3b64d949298a50527e1fbb0"
I0108 18:39:20.978404 25118 raft_consensus.cc:2949] T fdf8e522824640c3ab9385967c93743a P 61b86269d42a403f94c0a049429fa247 [term 0 FOLLOWER]: Advancing to term 1
I0108 18:39:20.978404 24869 raft_consensus.cc:2949] T fdf8e522824640c3ab9385967c93743a P c6ad452ff3b64d949298a50527e1fbb0 [term 0 FOLLOWER]: Advancing to term 1
I0108 18:39:20.979110 25118 raft_consensus.cc:2396] T fdf8e522824640c3ab9385967c93743a P 61b86269d42a403f94c0a049429fa247 [term 1 FOLLOWER]: Leader election vote request: Granting yes vote for candidate 53135810f2d84759ac110009de750c3d in term 1.
I0108 18:39:20.979133 24869 raft_consensus.cc:2396] T fdf8e522824640c3ab9385967c93743a P c6ad452ff3b64d949298a50527e1fbb0 [term 1 FOLLOWER]: Leader election vote request: Granting yes vote for candidate 53135810f2d84759ac110009de750c3d in term 1.
I0108 18:39:20.979255 24925 leader_election.cc:307] T fdf8e522824640c3ab9385967c93743a P 53135810f2d84759ac110009de750c3d [CANDIDATE]: Term 1 election: Election decided. Result: candidate won. Election summary: received 2 responses out of 3 voters: 2 yes votes; 0 no votes. yes voters: 53135810f2d84759ac110009de750c3d, c6ad452ff3b64d949298a50527e1fbb0; no voters:
