I0108 18:41:41.736310 24932 log.cc:1062] T fdf8e522824640c3ab9385967c93743a P 53135810f2d84759ac110009de750c3d: Deleting log segment in path: /data/somelongdirectorytoavoidrpathissues/src/kudutest/linked_list-test.LinkedListTest.TestLoadAndVerify.1578537560432831-24709/linked-list-cluster/ts-1/wal/wals/fdf8e522824640c3ab9385967c93743a/wal-000000002 (ops 12482-24850)
I0108 18:41:41.736387 24932 log.cc:1062] T fdf8e522824640c3ab9385967c93743a P 53135810f2d84759ac110009de750c3d: Deleting log segment in path: /data/somelongdirectorytoavoidrpathissues/src/kudutest/linked_list-test.LinkedListTest.TestLoadAndVerify.1578537560432831-24709/linked-list-cluster/ts-1/wal/wals/fdf8e522824640c3ab9385967c93743a/wal-000000003 (ops 24851-37221)
I0108 18:41:41.736465 24932 log.cc:1062] T fdf8e522824640c3ab9385967c93743a P 53135810f2d84759ac110009de750c3d: Deleting log segment in path: /data/somelongdirectorytoavoidrpathissues/src/kudutest/linked_list-test.LinkedListTest.TestLoadAndVerify.1578537560432831-24709/linked-list-cluster/ts-1/wal/wals/fdf8e522824640c3ab9385967c93743a/wal-000000004 (ops 37222-49622)
I0108 18:41:41.736531 24932 log.cc:1062] T fdf8e522824640c3ab9385967c93743a P 53135810f2d84759ac110009de750c3d: Deleting log segment in path: /data/somelongdirectorytoavoidrpathissues/src/kudutest/linked_list-test.LinkedListTest.TestLoadAndVerify.1578537560432831-24709/linked-list-cluster/ts-1/wal/wals/fdf8e522824640c3ab9385967c93743a/wal-000000005 (ops 49623-62020)
I0108 18:41:41.759968 24932 maintenance_manager.cc:527] P 53135810f2d84759ac110009de750c3d: LogGCOp(fdf8e522824640c3ab9385967c93743a) complete. Timing: real 0.024s user 0.000s sys 0.012s Metrics: {}
I0108 18:41:41.762163 25038 maintenance_manager.cc:326] P 53135810f2d84759ac110009de750c3d: Scheduling UndoDeltaBlockGCOp(fdf8e522824640c3ab9385967c93743a): 11855141 bytes on disk
I0108 18:41:41.762321 24932 maintenance_manager.cc:527] P 53135810f2d84759ac110009de750c3d: UndoDeltaBlockGCOp(fdf8e522824640c3ab9385967c93743a) complete. Timing: real 0.000s user 0.000s sys 0.000s Metrics: {"cfile_init":1,"lbm_read_time_us":11,"lbm_reads_lt_1ms":4}
I0108 18:41:42.144623 24807 maintenance_manager.cc:527] P c6ad452ff3b64d949298a50527e1fbb0: FlushMRSOp(dbe8c3d61048482fb282021487b845a6) complete. Timing: real 3.217s user 0.909s sys 0.069s Metrics: {"bytes_written":10526820,"cfile_init":1,"delete_count":0,"dirs.queue_time_us":3254,"dirs.run_cpu_time_us":132,"dirs.run_wall_time_us":35101,"drs_written":1,"lbm_read_time_us":8,"lbm_reads_lt_1ms":4,"lbm_write_time_us":110754,"lbm_writes_1-10_ms":29,"lbm_writes_lt_1ms":1043,"reinsert_count":0,"rows_written":595923,"thread_start_us":31,"threads_started":1,"update_count":364}
I0108 18:41:42.144798 24913 maintenance_manager.cc:326] P c6ad452ff3b64d949298a50527e1fbb0: Scheduling LogGCOp(dbe8c3d61048482fb282021487b845a6): free 41954508 bytes of WAL
I0108 18:41:42.144857 24807 log_reader.cc:379] T dbe8c3d61048482fb282021487b845a6: removed 5 log segments from log reader
I0108 18:41:42.144876 24807 log.cc:1062] T dbe8c3d61048482fb282021487b845a6 P c6ad452ff3b64d949298a50527e1fbb0: Deleting log segment in path: /data/somelongdirectorytoavoidrpathissues/src/kudutest/linked_list-test.LinkedListTest.TestLoadAndVerify.1578537560432831-24709/linked-list-cluster/ts-0/wal/wals/dbe8c3d61048482fb282021487b845a6/wal-000000001 (ops 1-12499)
I0108 18:41:42.144913 24807 log.cc:1062] T dbe8c3d61048482fb282021487b845a6 P c6ad452ff3b64d949298a50527e1fbb0: Deleting log segment in path: /data/somelongdirectorytoavoidrpathissues/src/kudutest/linked_list-test.LinkedListTest.TestLoadAndVerify.1578537560432831-24709/linked-list-cluster/ts-0/wal/wals/dbe8c3d61048482fb282021487b845a6/wal-000000002 (ops 12500-24904)
I0108 18:41:42.144981 24807 log.cc:1062] T dbe8c3d61048482fb282021487b845a6 P c6ad452ff3b64d949298a50527e1fbb0: Deleting log segment in path: /data/somelongdirectorytoavoidrpathissues/src/kudutest/linked_list-test.LinkedListTest.TestLoadAndVerify.1578537560432831-24709/linked-list-cluster/ts-0/wal/wals/dbe8c3d61048482fb282021487b845a6/wal-000000003 (ops 24905-37313)
I0108 18:41:42.146306 24807 log.cc:1062] T dbe8c3d61048482fb282021487b845a6 P c6ad452ff3b64d949298a50527e1fbb0: Deleting log segment in path: /data/somelongdirectorytoavoidrpathissues/src/kudutest/linked_list-test.LinkedListTest.TestLoadAndVerify.1578537560432831-24709/linked-list-cluster/ts-0/wal/wals/dbe8c3d61048482fb282021487b845a6/wal-000000004 (ops 37314-49700)
I0108 18:41:42.146550 24807 log.cc:1062] T dbe8c3d61048482fb282021487b845a6 P c6ad452ff3b64d949298a50527e1fbb0: Deleting log segment in path: /data/somelongdirectorytoavoidrpathissues/src/kudutest/linked_list-test.LinkedListTest.TestLoadAndVerify.1578537560432831-24709/linked-list-cluster/ts-0/wal/wals/dbe8c3d61048482fb282021487b845a6/wal-000000005 (ops 49701-62118)
I0108 18:41:42.170976 24807 maintenance_manager.cc:527] P c6ad452ff3b64d949298a50527e1fbb0: LogGCOp(dbe8c3d61048482fb282021487b845a6) complete. Timing: real 0.026s user 0.002s sys 0.011s Metrics: {}
I0108 18:41:42.171061 24913 maintenance_manager.cc:326] P c6ad452ff3b64d949298a50527e1fbb0: Scheduling UndoDeltaBlockGCOp(50603d14716f4c4bb514a91e103fbf64): 41918647 bytes on disk
I0108 18:41:42.171459 24807 maintenance_manager.cc:527] P c6ad452ff3b64d949298a50527e1fbb0: UndoDeltaBlockGCOp(50603d14716f4c4bb514a91e103fbf64) complete. Timing: real 0.000s user 0.000s sys 0.000s Metrics: {"cfile_init":2,"lbm_read_time_us":203,"lbm_reads_lt_1ms":8}
I0108 18:41:42.171572 24913 maintenance_manager.cc:326] P c6ad452ff3b64d949298a50527e1fbb0: Scheduling UndoDeltaBlockGCOp(dbe8c3d61048482fb282021487b845a6): 11875883 bytes on disk
I0108 18:41:42.172170 24807 maintenance_manager.cc:527] P c6ad452ff3b64d949298a50527e1fbb0: UndoDeltaBlockGCOp(dbe8c3d61048482fb282021487b845a6) complete. Timing: real 0.000s user 0.000s sys 0.000s Metrics: {"cfile_init":1,"lbm_read_time_us":8,"lbm_reads_lt_1ms":4}
I0108 18:41:42.173357 24913 maintenance_manager.cc:326] P c6ad452ff3b64d949298a50527e1fbb0: Scheduling UndoDeltaBlockGCOp(fdf8e522824640c3ab9385967c93743a): 11584489 bytes on disk
I0108 18:41:42.173480 24807 maintenance_manager.cc:527] P c6ad452ff3b64d949298a50527e1fbb0: UndoDeltaBlockGCOp(fdf8e522824640c3ab9385967c93743a) complete. Timing: real 0.000s user 0.000s sys 0.000s Metrics: {"cfile_init":1,"lbm_read_time_us":15,"lbm_reads_lt_1ms":4} ------------------------------------------------------------ Histogram for latency of insert operations (microseconds) Note: each insert is a batch of 50 rows. ------------------------------------------------------------ Count: 80000 Mean: 1786.29 Percentiles: 0% (min) = 804 25% = 1391 50% (med) = 1555 75% = 1772 95% = 2350 99% = 6736 99.9% = 40416 99.99% = 61440 100% (max) = 72287
I0108 18:41:56.297196 24709 linked_list-test-util.h:519] Written 4000000 rows in chain ------------------------------------------------------------ Histogram for latency of insert operations (microseconds) Note: each insert is a batch of 50 rows. ------------------------------------------------------------ Count: 90000 Mean: 1795.43 Percentiles: 0% (min) = 804 25% = 1398 50% (med) = 1564 75% = 1782 95% = 2352 99% = 6648 99.9% = 41344 99.99% = 61856 100% (max) = 72287
I0108 18:42:16.565479 24709 linked_list-test-util.h:519] Written 4500000 rows in chain ------------------------------------------------------------ Histogram for latency of insert operations (microseconds) Note: each insert is a batch of 50 rows. ------------------------------------------------------------ Count: 100000 Mean: 1804.02 Percentiles: 0% (min) = 804 25% = 1407 50% (med) = 1575 75% = 1796 95% = 2356 99% = 6624 99.9% = 41312 99.99% = 61440 100% (max) = 72287
I0108 18:42:37.040455 24709 linked_list-test-util.h:519] Written 5000000 rows in chain ------------------------------------------------------------ Histogram for latency of insert operations (microseconds) Note: each insert is a batch of 50 rows. ------------------------------------------------------------ Count: 110000 Mean: 1812.26 Percentiles: 0% (min) = 804 25% = 1415 50% (med) = 1586 75% = 1809 95% = 2364 99% = 6572 99.9% = 40672 99.99% = 61376 100% (max) = 72287
I0108 18:42:57.601047 24709 linked_list-test-util.h:519] Written 5500000 rows in chain ------------------------------------------------------------ Histogram for latency of insert operations (microseconds) Note: each insert is a batch of 50 rows. ------------------------------------------------------------ Count: 120000 Mean: 1819.6 Percentiles: 0% (min) = 804 25% = 1421 50% (med) = 1592 75% = 1817 95% = 2370 99% = 6648 99.9% = 40736 99.99% = 60256 100% (max) = 72287
I0108 18:43:18.122738 24709 linked_list-test-util.h:519] Written 6000000 rows in chain
I0108 18:43:24.265100 25162 maintenance_manager.cc:326] P 61b86269d42a403f94c0a049429fa247: Scheduling FlushMRSOp(dbe8c3d61048482fb282021487b845a6): perf score=0.033352
I0108 18:43:25.790488 25056 maintenance_manager.cc:527] P 61b86269d42a403f94c0a049429fa247: FlushMRSOp(dbe8c3d61048482fb282021487b845a6) complete. Timing: real 1.525s user 0.691s sys 0.056s Metrics: {"bytes_written":8767088,"cfile_init":1,"delete_count":0,"dirs.queue_time_us":9858,"dirs.run_cpu_time_us":96,"dirs.run_wall_time_us":24754,"drs_written":1,"lbm_read_time_us":7,"lbm_reads_lt_1ms":4,"lbm_write_time_us":42223,"lbm_writes_1-10_ms":2,"lbm_writes_lt_1ms":898,"reinsert_count":0,"rows_written":498331,"thread_start_us":581,"threads_started":1,"update_count":634}
I0108 18:43:25.790676 25162 maintenance_manager.cc:326] P 61b86269d42a403f94c0a049429fa247: Scheduling LogGCOp(dbe8c3d61048482fb282021487b845a6): free 41926789 bytes of WAL
I0108 18:43:25.790851 25056 log_reader.cc:379] T dbe8c3d61048482fb282021487b845a6: removed 5 log segments from log reader
I0108 18:43:25.790901 25056 log.cc:1062] T dbe8c3d61048482fb282021487b845a6 P 61b86269d42a403f94c0a049429fa247: Deleting log segment in path: /data/somelongdirectorytoavoidrpathissues/src/kudutest/linked_list-test.LinkedListTest.TestLoadAndVerify.1578537560432831-24709/linked-list-cluster/ts-2/wal/wals/dbe8c3d61048482fb282021487b845a6/wal-000000005 (ops 49643-62037)
I0108 18:43:25.790980 25056 log.cc:1062] T dbe8c3d61048482fb282021487b845a6 P 61b86269d42a403f94c0a049429fa247: Deleting log segment in path: /data/somelongdirectorytoavoidrpathissues/src/kudutest/linked_list-test.LinkedListTest.TestLoadAndVerify.1578537560432831-24709/linked-list-cluster/ts-2/wal/wals/dbe8c3d61048482fb282021487b845a6/wal-000000006 (ops 62038-74365)
I0108 18:43:25.791050 25056 log.cc:1062] T dbe8c3d61048482fb282021487b845a6 P 61b86269d42a403f94c0a049429fa247: Deleting log segment in path: /data/somelongdirectorytoavoidrpathissues/src/kudutest/linked_list-test.LinkedListTest.TestLoadAndVerify.1578537560432831-24709/linked-list-cluster/ts-2/wal/wals/dbe8c3d61048482fb282021487b845a6/wal-000000007 (ops 74366-86758)
I0108 18:43:25.791116 25056 log.cc:1062] T dbe8c3d61048482fb282021487b845a6 P 61b86269d42a403f94c0a049429fa247: Deleting log segment in path: /data/somelongdirectorytoavoidrpathissues/src/kudutest/linked_list-test.LinkedListTest.TestLoadAndVerify.1578537560432831-24709/linked-list-cluster/ts-2/wal/wals/dbe8c3d61048482fb282021487b845a6/wal-000000008 (ops 86759-99166)
I0108 18:43:25.791182 25056 log.cc:1062] T dbe8c3d61048482fb282021487b845a6 P 61b86269d42a403f94c0a049429fa247: Deleting log segment in path: /data/somelongdirectorytoavoidrpathissues/src/kudutest/linked_list-test.LinkedListTest.TestLoadAndVerify.1578537560432831-24709/linked-list-cluster/ts-2/wal/wals/dbe8c3d61048482fb282021487b845a6/wal-000000009 (ops 99167-111515)
I0108 18:43:25.810348 25056 maintenance_manager.cc:527] P 61b86269d42a403f94c0a049429fa247: LogGCOp(dbe8c3d61048482fb282021487b845a6) complete. Timing: real 0.019s user 0.000s sys 0.012s Metrics: {}
I0108 18:43:25.810497 25162 maintenance_manager.cc:326] P 61b86269d42a403f94c0a049429fa247: Scheduling CompactRowSetsOp(dbe8c3d61048482fb282021487b845a6): perf score=1.004682
I0108 18:43:28.934468 25056 maintenance_manager.cc:527] P 61b86269d42a403f94c0a049429fa247: CompactRowSetsOp(dbe8c3d61048482fb282021487b845a6) complete. Timing: real 3.124s user 1.305s sys 0.114s Metrics: {"bytes_written":17979889,"cfile_cache_hit":48,"cfile_cache_hit_bytes":5770497,"cfile_cache_miss":2384,"cfile_cache_miss_bytes":66202999,"cfile_init":10,"delta_iterators_relevant":8,"dirs.queue_time_us":19085,"dirs.run_cpu_time_us":101,"dirs.run_wall_time_us":23691,"drs_written":1,"lbm_read_time_us":58722,"lbm_reads_1-10_ms":8,"lbm_reads_lt_1ms":2416,"lbm_write_time_us":107558,"lbm_writes_1-10_ms":13,"lbm_writes_lt_1ms":1810,"num_input_rowsets":2,"rows_written":1025292,"spinlock_wait_cycles":2432,"thread_start_us":525,"threads_started":9}
I0108 18:43:28.934751 25162 maintenance_manager.cc:326] P 61b86269d42a403f94c0a049429fa247: Scheduling FlushMRSOp(fdf8e522824640c3ab9385967c93743a): perf score=0.033723
I0108 18:43:30.431823 25056 maintenance_manager.cc:527] P 61b86269d42a403f94c0a049429fa247: FlushMRSOp(fdf8e522824640c3ab9385967c93743a) complete. Timing: real 1.497s user 0.673s sys 0.051s Metrics: {"bytes_written":8845175,"cfile_init":1,"delete_count":0,"dirs.queue_time_us":1096,"dirs.run_cpu_time_us":49,"dirs.run_wall_time_us":49,"drs_written":1,"lbm_read_time_us":10,"lbm_reads_lt_1ms":4,"lbm_write_time_us":117361,"lbm_writes_1-10_ms":6,"lbm_writes_10-100_ms":2,"lbm_writes_lt_1ms":897,"reinsert_count":0,"rows_written":501284,"thread_start_us":31,"threads_started":1,"update_count":3022}
I0108 18:43:30.432006 25162 maintenance_manager.cc:326] P 61b86269d42a403f94c0a049429fa247: Scheduling LogGCOp(fdf8e522824640c3ab9385967c93743a): free 33559483 bytes of WAL
I0108 18:43:30.432180 25056 log_reader.cc:379] T fdf8e522824640c3ab9385967c93743a: removed 4 log segments from log reader
I0108 18:43:30.432231 25056 log.cc:1062] T fdf8e522824640c3ab9385967c93743a P 61b86269d42a403f94c0a049429fa247: Deleting log segment in path: /data/somelongdirectorytoavoidrpathissues/src/kudutest/linked_list-test.LinkedListTest.TestLoadAndVerify.1578537560432831-24709/linked-list-cluster/ts-2/wal/wals/fdf8e522824640c3ab9385967c93743a/wal-000000006 (ops 62267-74646)
I0108 18:43:30.432333 25056 log.cc:1062] T fdf8e522824640c3ab9385967c93743a P 61b86269d42a403f94c0a049429fa247: Deleting log segment in path: /data/somelongdirectorytoavoidrpathissues/src/kudutest/linked_list-test.LinkedListTest.TestLoadAndVerify.1578537560432831-24709/linked-list-cluster/ts-2/wal/wals/fdf8e522824640c3ab9385967c93743a/wal-000000007 (ops 74647-87111)
I0108 18:43:30.432401 25056 log.cc:1062] T fdf8e522824640c3ab9385967c93743a P 61b86269d42a403f94c0a049429fa247: Deleting log segment in path: /data/somelongdirectorytoavoidrpathissues/src/kudutest/linked_list-test.LinkedListTest.TestLoadAndVerify.1578537560432831-24709/linked-list-cluster/ts-2/wal/wals/fdf8e522824640c3ab9385967c93743a/wal-000000008 (ops 87112-99527)
I0108 18:43:30.432615 25056 log.cc:1062] T fdf8e522824640c3ab9385967c93743a P 61b86269d42a403f94c0a049429fa247: Deleting log segment in path: /data/somelongdirectorytoavoidrpathissues/src/kudutest/linked_list-test.LinkedListTest.TestLoadAndVerify.1578537560432831-24709/linked-list-cluster/ts-2/wal/wals/fdf8e522824640c3ab9385967c93743a/wal-000000009 (ops 99528-111931)
I0108 18:43:30.444550 25056 maintenance_manager.cc:527] P 61b86269d42a403f94c0a049429fa247: LogGCOp(fdf8e522824640c3ab9385967c93743a) complete. Timing: real 0.012s user 0.000s sys 0.011s Metrics: {}
I0108 18:43:30.444720 25162 maintenance_manager.cc:326] P 61b86269d42a403f94c0a049429fa247: Scheduling UndoDeltaBlockGCOp(dbe8c3d61048482fb282021487b845a6): 20851233 bytes on disk
I0108 18:43:30.454367 25056 maintenance_manager.cc:527] P 61b86269d42a403f94c0a049429fa247: UndoDeltaBlockGCOp(dbe8c3d61048482fb282021487b845a6) complete. Timing: real 0.010s user 0.000s sys 0.000s Metrics: {"cfile_init":1,"lbm_read_time_us":9494,"lbm_reads_1-10_ms":2,"lbm_reads_lt_1ms":2}
I0108 18:43:30.455243 25162 maintenance_manager.cc:326] P 61b86269d42a403f94c0a049429fa247: Scheduling CompactRowSetsOp(fdf8e522824640c3ab9385967c93743a): perf score=1.004510
I0108 18:43:33.644878 25056 maintenance_manager.cc:527] P 61b86269d42a403f94c0a049429fa247: CompactRowSetsOp(fdf8e522824640c3ab9385967c93743a) complete. Timing: real 3.190s user 1.298s sys 0.138s Metrics: {"bytes_written":18260666,"cfile_cache_hit":44,"cfile_cache_hit_bytes":5122430,"cfile_cache_miss":2424,"cfile_cache_miss_bytes":68060042,"cfile_init":10,"delta_iterators_relevant":8,"dirs.queue_time_us":92,"dirs.run_cpu_time_us":141,"dirs.run_wall_time_us":45846,"drs_written":1,"lbm_read_time_us":248139,"lbm_reads_1-10_ms":17,"lbm_reads_10-100_ms":5,"lbm_reads_lt_1ms":2442,"lbm_write_time_us":118574,"lbm_writes_1-10_ms":4,"lbm_writes_10-100_ms":2,"lbm_writes_lt_1ms":1845,"num_input_rowsets":2,"rows_written":1041460,"spinlock_wait_cycles":2048,"thread_start_us":433,"threads_started":9}
I0108 18:43:33.645042 25162 maintenance_manager.cc:326] P 61b86269d42a403f94c0a049429fa247: Scheduling UndoDeltaBlockGCOp(fdf8e522824640c3ab9385967c93743a): 21213044 bytes on disk
I0108 18:43:33.645159 25056 maintenance_manager.cc:527] P 61b86269d42a403f94c0a049429fa247: UndoDeltaBlockGCOp(fdf8e522824640c3ab9385967c93743a) complete. Timing: real 0.000s user 0.000s sys 0.000s Metrics: {"cfile_init":1,"lbm_read_time_us":9,"lbm_reads_lt_1ms":4}
I0108 18:43:34.861971 25038 maintenance_manager.cc:326] P 53135810f2d84759ac110009de750c3d: Scheduling FlushMRSOp(50603d14716f4c4bb514a91e103fbf64): perf score=0.033391
I0108 18:43:35.276969 24913 maintenance_manager.cc:326] P c6ad452ff3b64d949298a50527e1fbb0: Scheduling FlushMRSOp(50603d14716f4c4bb514a91e103fbf64): perf score=0.033380 ------------------------------------------------------------ Histogram for latency of insert operations (microseconds) Note: each insert is a batch of 50 rows. ------------------------------------------------------------ Count: 130000 Mean: 1840.11 Percentiles: 0% (min) = 804 25% = 1428 50% (med) = 1603 75% = 1834 95% = 2412 99% = 6812 99.9% = 41696 99.99% = 61408 100% (max) = 86845
I0108 18:43:40.564376 24709 linked_list-test-util.h:519] Written 6500000 rows in chain
I0108 18:43:41.651836 25162 maintenance_manager.cc:326] P 61b86269d42a403f94c0a049429fa247: Scheduling FlushMRSOp(50603d14716f4c4bb514a91e103fbf64): perf score=0.033351
I0108 18:43:45.816023 24932 maintenance_manager.cc:527] P 53135810f2d84759ac110009de750c3d: FlushMRSOp(50603d14716f4c4bb514a91e103fbf64) complete. Timing: real 10.954s user 3.441s sys 0.269s Metrics: {"bytes_written":37743777,"cfile_init":2,"delete_count":0,"dirs.queue_time_us":9834,"dirs.run_cpu_time_us":208,"dirs.run_wall_time_us":92651,"drs_written":2,"lbm_read_time_us":15,"lbm_reads_lt_1ms":8,"lbm_write_time_us":439500,"lbm_writes_1-10_ms":70,"lbm_writes_10-100_ms":5,"lbm_writes_lt_1ms":3744,"reinsert_count":0,"rows_written":2143121,"thread_start_us":63,"threads_started":2,"update_count":10941}
I0108 18:43:45.816495 25038 maintenance_manager.cc:326] P 53135810f2d84759ac110009de750c3d: Scheduling UndoDeltaBlockGCOp(50603d14716f4c4bb514a91e103fbf64): 42727859 bytes on disk
I0108 18:43:45.816749 24932 maintenance_manager.cc:527] P 53135810f2d84759ac110009de750c3d: UndoDeltaBlockGCOp(50603d14716f4c4bb514a91e103fbf64) complete. Timing: real 0.000s user 0.000s sys 0.000s Metrics: {"cfile_init":2,"lbm_read_time_us":18,"lbm_reads_lt_1ms":8}
I0108 18:43:45.816865 25038 maintenance_manager.cc:326] P 53135810f2d84759ac110009de750c3d: Scheduling CompactRowSetsOp(50603d14716f4c4bb514a91e103fbf64): perf score=1.010813
W0108 18:43:46.896391 24807 tablet_replica.cc:929] Time spent Committing in-flights took a long time.: real 0.354s user 0.001s sys 0.000s
I0108 18:43:46.909145 24807 maintenance_manager.cc:527] P c6ad452ff3b64d949298a50527e1fbb0: FlushMRSOp(50603d14716f4c4bb514a91e103fbf64) complete. Timing: real 11.632s user 3.440s sys 0.244s Metrics: {"bytes_written":37820330,"cfile_init":2,"delete_count":0,"dirs.queue_time_us":13344,"dirs.run_cpu_time_us":196,"dirs.run_wall_time_us":85278,"drs_written":2,"lbm_read_time_us":14,"lbm_reads_lt_1ms":8,"lbm_write_time_us":285134,"lbm_writes_1-10_ms":61,"lbm_writes_lt_1ms":3761,"reinsert_count":0,"rows_written":2144849,"thread_start_us":63,"threads_started":2,"update_count":15518}
I0108 18:43:46.909351 24913 maintenance_manager.cc:326] P c6ad452ff3b64d949298a50527e1fbb0: Scheduling CompactRowSetsOp(50603d14716f4c4bb514a91e103fbf64): perf score=1.010767
I0108 18:43:54.276018 25056 maintenance_manager.cc:527] P 61b86269d42a403f94c0a049429fa247: FlushMRSOp(50603d14716f4c4bb514a91e103fbf64) complete. Timing: real 12.624s user 3.506s sys 0.292s Metrics: {"bytes_written":37598214,"cfile_init":2,"delete_count":0,"dirs.queue_time_us":16910,"dirs.run_cpu_time_us":208,"dirs.run_wall_time_us":79237,"drs_written":2,"lbm_read_time_us":15,"lbm_reads_lt_1ms":8,"lbm_write_time_us":379527,"lbm_writes_1-10_ms":71,"lbm_writes_10-100_ms":3,"lbm_writes_lt_1ms":3740,"reinsert_count":0,"rows_written":2139018,"spinlock_wait_cycles":250624,"thread_start_us":107,"threads_started":2,"update_count":4052}
I0108 18:43:54.277835 25162 maintenance_manager.cc:326] P 61b86269d42a403f94c0a049429fa247: Scheduling LogGCOp(50603d14716f4c4bb514a91e103fbf64): free 92747251 bytes of WAL
I0108 18:43:54.278051 25056 log_reader.cc:379] T 50603d14716f4c4bb514a91e103fbf64: removed 11 log segments from log reader
I0108 18:43:54.278115 25056 log.cc:1062] T 50603d14716f4c4bb514a91e103fbf64 P 61b86269d42a403f94c0a049429fa247: Deleting log segment in path: /data/somelongdirectorytoavoidrpathissues/src/kudutest/linked_list-test.LinkedListTest.TestLoadAndVerify.1578537560432831-24709/linked-list-cluster/ts-2/wal/wals/50603d14716f4c4bb514a91e103fbf64/wal-000000012 (ops 65172-71156)
I0108 18:43:54.278211 25056 log.cc:1062] T 50603d14716f4c4bb514a91e103fbf64 P 61b86269d42a403f94c0a049429fa247: Deleting log segment in path: /data/somelongdirectorytoavoidrpathissues/src/kudutest/linked_list-test.LinkedListTest.TestLoadAndVerify.1578537560432831-24709/linked-list-cluster/ts-2/wal/wals/50603d14716f4c4bb514a91e103fbf64/wal-000000013 (ops 71157-77040)
I0108 18:43:54.278714 25056 log.cc:1062] T 50603d14716f4c4bb514a91e103fbf64 P 61b86269d42a403f94c0a049429fa247: Deleting log segment in path: /data/somelongdirectorytoavoidrpathissues/src/kudutest/linked_list-test.LinkedListTest.TestLoadAndVerify.1578537560432831-24709/linked-list-cluster/ts-2/wal/wals/50603d14716f4c4bb514a91e103fbf64/wal-000000014 (ops 77041-83053)
I0108 18:43:54.278789 25056 log.cc:1062] T 50603d14716f4c4bb514a91e103fbf64 P 61b86269d42a403f94c0a049429fa247: Deleting log segment in path: /data/somelongdirectorytoavoidrpathissues/src/kudutest/linked_list-test.LinkedListTest.TestLoadAndVerify.1578537560432831-24709/linked-list-cluster/ts-2/wal/wals/50603d14716f4c4bb514a91e103fbf64/wal-000000015 (ops 83054-89057)
I0108 18:43:54.278867 25056 log.cc:1062] T 50603d14716f4c4bb514a91e103fbf64 P 61b86269d42a403f94c0a049429fa247: Deleting log segment in path: /data/somelongdirectorytoavoidrpathissues/src/kudutest/linked_list-test.LinkedListTest.TestLoadAndVerify.1578537560432831-24709/linked-list-cluster/ts-2/wal/wals/50603d14716f4c4bb514a91e103fbf64/wal-000000016 (ops 89058-95013)
I0108 18:43:54.279119 25056 log.cc:1062] T 50603d14716f4c4bb514a91e103fbf64 P 61b86269d42a403f94c0a049429fa247: Deleting log segment in path: /data/somelongdirectorytoavoidrpathissues/src/kudutest/linked_list-test.LinkedListTest.TestLoadAndVerify.1578537560432831-24709/linked-list-cluster/ts-2/wal/wals/50603d14716f4c4bb514a91e103fbf64/wal-000000017 (ops 95014-100948)
I0108 18:43:54.279249 25056 log.cc:1062] T 50603d14716f4c4bb514a91e103fbf64 P 61b86269d42a403f94c0a049429fa247: Deleting log segment in path: /data/somelongdirectorytoavoidrpathissues/src/kudutest/linked_list-test.LinkedListTest.TestLoadAndVerify.1578537560432831-24709/linked-list-cluster/ts-2/wal/wals/50603d14716f4c4bb514a91e103fbf64/wal-000000018 (ops 100949-106852)
I0108 18:43:54.279364 25056 log.cc:1062] T 50603d14716f4c4bb514a91e103fbf64 P 61b86269d42a403f94c0a049429fa247: Deleting log segment in path: /data/somelongdirectorytoavoidrpathissues/src/kudutest/linked_list-test.LinkedListTest.TestLoadAndVerify.1578537560432831-24709/linked-list-cluster/ts-2/wal/wals/50603d14716f4c4bb514a91e103fbf64/wal-000000019 (ops 106853-112770)
I0108 18:43:54.279431 25056 log.cc:1062] T 50603d14716f4c4bb514a91e103fbf64 P 61b86269d42a403f94c0a049429fa247: Deleting log segment in path: /data/somelongdirectorytoavoidrpathissues/src/kudutest/linked_list-test.LinkedListTest.TestLoadAndVerify.1578537560432831-24709/linked-list-cluster/ts-2/wal/wals/50603d14716f4c4bb514a91e103fbf64/wal-000000020 (ops 112771-118700)
I0108 18:43:54.279525 25056 log.cc:1062] T 50603d14716f4c4bb514a91e103fbf64 P 61b86269d42a403f94c0a049429fa247: Deleting log segment in path: /data/somelongdirectorytoavoidrpathissues/src/kudutest/linked_list-test.LinkedListTest.TestLoadAndVerify.1578537560432831-24709/linked-list-cluster/ts-2/wal/wals/50603d14716f4c4bb514a91e103fbf64/wal-000000021 (ops 118701-124602)
I0108 18:43:54.279631 25056 log.cc:1062] T 50603d14716f4c4bb514a91e103fbf64 P 61b86269d42a403f94c0a049429fa247: Deleting log segment in path: /data/somelongdirectorytoavoidrpathissues/src/kudutest/linked_list-test.LinkedListTest.TestLoadAndVerify.1578537560432831-24709/linked-list-cluster/ts-2/wal/wals/50603d14716f4c4bb514a91e103fbf64/wal-000000022 (ops 124603-130554)
I0108 18:43:54.378360 25056 maintenance_manager.cc:527] P 61b86269d42a403f94c0a049429fa247: LogGCOp(50603d14716f4c4bb514a91e103fbf64) complete. Timing: real 0.099s user 0.000s sys 0.026s Metrics: {}
I0108 18:43:54.378520 25162 maintenance_manager.cc:326] P 61b86269d42a403f94c0a049429fa247: Scheduling CompactRowSetsOp(50603d14716f4c4bb514a91e103fbf64): perf score=1.009803 ------------------------------------------------------------ Histogram for latency of insert operations (microseconds) Note: each insert is a batch of 50 rows. ------------------------------------------------------------ Count: 140000 Mean: 1867 Percentiles: 0% (min) = 804 25% = 1435 50% (med) = 1615 75% = 1855 95% = 2504 99% = 7084 99.9% = 42080 99.99% = 61856 100% (max) = 86845
I0108 18:44:03.979497 24709 linked_list-test-util.h:519] Written 7000000 rows in chain
I0108 18:44:08.535763 24932 maintenance_manager.cc:527] P 53135810f2d84759ac110009de750c3d: CompactRowSetsOp(50603d14716f4c4bb514a91e103fbf64) complete. Timing: real 22.719s user 5.774s sys 0.569s Metrics: {"bytes_written":74466556,"cfile_cache_hit":204,"cfile_cache_hit_bytes":27928651,"cfile_cache_miss":9836,"cfile_cache_miss_bytes":270886217,"cfile_init":19,"delta_iterators_relevant":16,"dirs.queue_time_us":35835,"dirs.run_cpu_time_us":326,"dirs.run_wall_time_us":449497,"drs_written":3,"lbm_read_time_us":709049,"lbm_reads_1-10_ms":100,"lbm_reads_10-100_ms":5,"lbm_reads_gt_100_ms":1,"lbm_reads_lt_1ms":9806,"lbm_write_time_us":914489,"lbm_writes_1-10_ms":176,"lbm_writes_10-100_ms":3,"lbm_writes_gt_100_ms":1,"lbm_writes_lt_1ms":7359,"num_input_rowsets":4,"rows_written":4249250,"spinlock_wait_cycles":91465472,"thread_start_us":431,"threads_started":11}
I0108 18:44:08.535955 25038 maintenance_manager.cc:326] P 53135810f2d84759ac110009de750c3d: Scheduling LogGCOp(50603d14716f4c4bb514a91e103fbf64): free 92481225 bytes of WAL
I0108 18:44:08.536031 24932 log_reader.cc:379] T 50603d14716f4c4bb514a91e103fbf64: removed 11 log segments from log reader
I0108 18:44:08.536078 24932 log.cc:1062] T 50603d14716f4c4bb514a91e103fbf64 P 53135810f2d84759ac110009de750c3d: Deleting log segment in path: /data/somelongdirectorytoavoidrpathissues/src/kudutest/linked_list-test.LinkedListTest.TestLoadAndVerify.1578537560432831-24709/linked-list-cluster/ts-1/wal/wals/50603d14716f4c4bb514a91e103fbf64/wal-000000011 (ops 58942-64786)
I0108 18:44:08.536152 24932 log.cc:1062] T 50603d14716f4c4bb514a91e103fbf64 P 53135810f2d84759ac110009de750c3d: Deleting log segment in path: /data/somelongdirectorytoavoidrpathissues/src/kudutest/linked_list-test.LinkedListTest.TestLoadAndVerify.1578537560432831-24709/linked-list-cluster/ts-1/wal/wals/50603d14716f4c4bb514a91e103fbf64/wal-000000012 (ops 64787-70681)
I0108 18:44:08.536224 24932 log.cc:1062] T 50603d14716f4c4bb514a91e103fbf64 P 53135810f2d84759ac110009de750c3d: Deleting log segment in path: /data/somelongdirectorytoavoidrpathissues/src/kudutest/linked_list-test.LinkedListTest.TestLoadAndVerify.1578537560432831-24709/linked-list-cluster/ts-1/wal/wals/50603d14716f4c4bb514a91e103fbf64/wal-000000013 (ops 70682-76599)
I0108 18:44:08.536319 24932 log.cc:1062] T 50603d14716f4c4bb514a91e103fbf64 P 53135810f2d84759ac110009de750c3d: Deleting log segment in path: /data/somelongdirectorytoavoidrpathissues/src/kudutest/linked_list-test.LinkedListTest.TestLoadAndVerify.1578537560432831-24709/linked-list-cluster/ts-1/wal/wals/50603d14716f4c4bb514a91e103fbf64/wal-000000014 (ops 76600-82551)
I0108 18:44:08.536392 24932 log.cc:1062] T 50603d14716f4c4bb514a91e103fbf64 P 53135810f2d84759ac110009de750c3d: Deleting log segment in path: /data/somelongdirectorytoavoidrpathissues/src/kudutest/linked_list-test.LinkedListTest.TestLoadAndVerify.1578537560432831-24709/linked-list-cluster/ts-1/wal/wals/50603d14716f4c4bb514a91e103fbf64/wal-000000015 (ops 82552-88549)
I0108 18:44:08.536460 24932 log.cc:1062] T 50603d14716f4c4bb514a91e103fbf64 P 53135810f2d84759ac110009de750c3d: Deleting log segment in path: /data/somelongdirectorytoavoidrpathissues/src/kudutest/linked_list-test.LinkedListTest.TestLoadAndVerify.1578537560432831-24709/linked-list-cluster/ts-1/wal/wals/50603d14716f4c4bb514a91e103fbf64/wal-000000016 (ops 88550-94440)
I0108 18:44:08.536528 24932 log.cc:1062] T 50603d14716f4c4bb514a91e103fbf64 P 53135810f2d84759ac110009de750c3d: Deleting log segment in path: /data/somelongdirectorytoavoidrpathissues/src/kudutest/linked_list-test.LinkedListTest.TestLoadAndVerify.1578537560432831-24709/linked-list-cluster/ts-1/wal/wals/50603d14716f4c4bb514a91e103fbf64/wal-000000017 (ops 94441-100328)
I0108 18:44:08.536595 24932 log.cc:1062] T 50603d14716f4c4bb514a91e103fbf64 P 53135810f2d84759ac110009de750c3d: Deleting log segment in path: /data/somelongdirectorytoavoidrpathissues/src/kudutest/linked_list-test.LinkedListTest.TestLoadAndVerify.1578537560432831-24709/linked-list-cluster/ts-1/wal/wals/50603d14716f4c4bb514a91e103fbf64/wal-000000018 (ops 100329-106232)
I0108 18:44:08.536665 24932 log.cc:1062] T 50603d14716f4c4bb514a91e103fbf64 P 53135810f2d84759ac110009de750c3d: Deleting log segment in path: /data/somelongdirectorytoavoidrpathissues/src/kudutest/linked_list-test.LinkedListTest.TestLoadAndVerify.1578537560432831-24709/linked-list-cluster/ts-1/wal/wals/50603d14716f4c4bb514a91e103fbf64/wal-000000019 (ops 106233-112151)
I0108 18:44:08.536752 24932 log.cc:1062] T 50603d14716f4c4bb514a91e103fbf64 P 53135810f2d84759ac110009de750c3d: Deleting log segment in path: /data/somelongdirectorytoavoidrpathissues/src/kudutest/linked_list-test.LinkedListTest.TestLoadAndVerify.1578537560432831-24709/linked-list-cluster/ts-1/wal/wals/50603d14716f4c4bb514a91e103fbf64/wal-000000020 (ops 112152-118034)
I0108 18:44:08.536814 24932 log.cc:1062] T 50603d14716f4c4bb514a91e103fbf64 P 53135810f2d84759ac110009de750c3d: Deleting log segment in path: /data/somelongdirectorytoavoidrpathissues/src/kudutest/linked_list-test.LinkedListTest.TestLoadAndVerify.1578537560432831-24709/linked-list-cluster/ts-1/wal/wals/50603d14716f4c4bb514a91e103fbf64/wal-000000021 (ops 118035-123954)
I0108 18:44:08.603915 24932 maintenance_manager.cc:527] P 53135810f2d84759ac110009de750c3d: LogGCOp(50603d14716f4c4bb514a91e103fbf64) complete. Timing: real 0.068s user 0.001s sys 0.026s Metrics: {}
I0108 18:44:08.619408 25038 maintenance_manager.cc:326] P 53135810f2d84759ac110009de750c3d: Scheduling FlushMRSOp(dbe8c3d61048482fb282021487b845a6): perf score=0.041706
I0108 18:44:08.905537 24807 maintenance_manager.cc:527] P c6ad452ff3b64d949298a50527e1fbb0: CompactRowSetsOp(50603d14716f4c4bb514a91e103fbf64) complete. Timing: real 21.996s user 5.773s sys 0.542s Metrics: {"bytes_written":74546439,"cfile_cache_hit":205,"cfile_cache_hit_bytes":28117611,"cfile_cache_miss":9843,"cfile_cache_miss_bytes":271050831,"cfile_init":21,"delta_iterators_relevant":16,"dirs.queue_time_us":27785,"dirs.run_cpu_time_us":320,"dirs.run_wall_time_us":140417,"drs_written":3,"lbm_read_time_us":393292,"lbm_reads_1-10_ms":94,"lbm_reads_10-100_ms":2,"lbm_reads_lt_1ms":9831,"lbm_write_time_us":838355,"lbm_writes_1-10_ms":186,"lbm_writes_10-100_ms":9,"lbm_writes_lt_1ms":7352,"num_input_rowsets":4,"rows_written":4253827,"spinlock_wait_cycles":2674688,"thread_start_us":108,"threads_started":3}
I0108 18:44:08.905671 24913 maintenance_manager.cc:326] P c6ad452ff3b64d949298a50527e1fbb0: Scheduling LogGCOp(50603d14716f4c4bb514a91e103fbf64): free 92367268 bytes of WAL
I0108 18:44:08.905732 24807 log_reader.cc:379] T 50603d14716f4c4bb514a91e103fbf64: removed 11 log segments from log reader
I0108 18:44:08.905750 24807 log.cc:1062] T 50603d14716f4c4bb514a91e103fbf64 P c6ad452ff3b64d949298a50527e1fbb0: Deleting log segment in path: /data/somelongdirectorytoavoidrpathissues/src/kudutest/linked_list-test.LinkedListTest.TestLoadAndVerify.1578537560432831-24709/linked-list-cluster/ts-0/wal/wals/50603d14716f4c4bb514a91e103fbf64/wal-000000011 (ops 59254-65138)
I0108 18:44:08.905791 24807 log.cc:1062] T 50603d14716f4c4bb514a91e103fbf64 P c6ad452ff3b64d949298a50527e1fbb0: Deleting log segment in path: /data/somelongdirectorytoavoidrpathissues/src/kudutest/linked_list-test.LinkedListTest.TestLoadAndVerify.1578537560432831-24709/linked-list-cluster/ts-0/wal/wals/50603d14716f4c4bb514a91e103fbf64/wal-000000012 (ops 65139-71136)
I0108 18:44:08.905830 24807 log.cc:1062] T 50603d14716f4c4bb514a91e103fbf64 P c6ad452ff3b64d949298a50527e1fbb0: Deleting log segment in path: /data/somelongdirectorytoavoidrpathissues/src/kudutest/linked_list-test.LinkedListTest.TestLoadAndVerify.1578537560432831-24709/linked-list-cluster/ts-0/wal/wals/50603d14716f4c4bb514a91e103fbf64/wal-000000013 (ops 71137-77033)
I0108 18:44:08.905870 24807 log.cc:1062] T 50603d14716f4c4bb514a91e103fbf64 P c6ad452ff3b64d949298a50527e1fbb0: Deleting log segment in path: /data/somelongdirectorytoavoidrpathissues/src/kudutest/linked_list-test.LinkedListTest.TestLoadAndVerify.1578537560432831-24709/linked-list-cluster/ts-0/wal/wals/50603d14716f4c4bb514a91e103fbf64/wal-000000014 (ops 77034-83043)
I0108 18:44:08.905910 24807 log.cc:1062] T 50603d14716f4c4bb514a91e103fbf64 P c6ad452ff3b64d949298a50527e1fbb0: Deleting log segment in path: /data/somelongdirectorytoavoidrpathissues/src/kudutest/linked_list-test.LinkedListTest.TestLoadAndVerify.1578537560432831-24709/linked-list-cluster/ts-0/wal/wals/50603d14716f4c4bb514a91e103fbf64/wal-000000015 (ops 83044-88917)
I0108 18:44:08.905972 24807 log.cc:1062] T 50603d14716f4c4bb514a91e103fbf64 P c6ad452ff3b64d949298a50527e1fbb0: Deleting log segment in path: /data/somelongdirectorytoavoidrpathissues/src/kudutest/linked_list-test.LinkedListTest.TestLoadAndVerify.1578537560432831-24709/linked-list-cluster/ts-0/wal/wals/50603d14716f4c4bb514a91e103fbf64/wal-000000016 (ops 88918-94805)
I0108 18:44:08.906028 24807 log.cc:1062] T 50603d14716f4c4bb514a91e103fbf64 P c6ad452ff3b64d949298a50527e1fbb0: Deleting log segment in path: /data/somelongdirectorytoavoidrpathissues/src/kudutest/linked_list-test.LinkedListTest.TestLoadAndVerify.1578537560432831-24709/linked-list-cluster/ts-0/wal/wals/50603d14716f4c4bb514a91e103fbf64/wal-000000017 (ops 94806-100697)
I0108 18:44:08.906078 24807 log.cc:1062] T 50603d14716f4c4bb514a91e103fbf64 P c6ad452ff3b64d949298a50527e1fbb0: Deleting log segment in path: /data/somelongdirectorytoavoidrpathissues/src/kudutest/linked_list-test.LinkedListTest.TestLoadAndVerify.1578537560432831-24709/linked-list-cluster/ts-0/wal/wals/50603d14716f4c4bb514a91e103fbf64/wal-000000018 (ops 100698-106606)
I0108 18:44:08.906121 24807 log.cc:1062] T 50603d14716f4c4bb514a91e103fbf64 P c6ad452ff3b64d949298a50527e1fbb0: Deleting log segment in path: /data/somelongdirectorytoavoidrpathissues/src/kudutest/linked_list-test.LinkedListTest.TestLoadAndVerify.1578537560432831-24709/linked-list-cluster/ts-0/wal/wals/50603d14716f4c4bb514a91e103fbf64/wal-000000019 (ops 106607-112524)
I0108 18:44:08.906198 24807 log.cc:1062] T 50603d14716f4c4bb514a91e103fbf64 P c6ad452ff3b64d949298a50527e1fbb0: Deleting log segment in path: /data/somelongdirectorytoavoidrpathissues/src/kudutest/linked_list-test.LinkedListTest.TestLoadAndVerify.1578537560432831-24709/linked-list-cluster/ts-0/wal/wals/50603d14716f4c4bb514a91e103fbf64/wal-000000020 (ops 112525-118331)
I0108 18:44:08.906256 24807 log.cc:1062] T 50603d14716f4c4bb514a91e103fbf64 P c6ad452ff3b64d949298a50527e1fbb0: Deleting log segment in path: /data/somelongdirectorytoavoidrpathissues/src/kudutest/linked_list-test.LinkedListTest.TestLoadAndVerify.1578537560432831-24709/linked-list-cluster/ts-0/wal/wals/50603d14716f4c4bb514a91e103fbf64/wal-000000021 (ops 118332-124277)
I0108 18:44:08.947823 24807 maintenance_manager.cc:527] P c6ad452ff3b64d949298a50527e1fbb0: LogGCOp(50603d14716f4c4bb514a91e103fbf64) complete. Timing: real 0.042s user 0.002s sys 0.026s Metrics: {}
I0108 18:44:08.947975 24913 maintenance_manager.cc:326] P c6ad452ff3b64d949298a50527e1fbb0: Scheduling UndoDeltaBlockGCOp(50603d14716f4c4bb514a91e103fbf64): 86858591 bytes on disk
I0108 18:44:09.011883 24807 maintenance_manager.cc:527] P c6ad452ff3b64d949298a50527e1fbb0: UndoDeltaBlockGCOp(50603d14716f4c4bb514a91e103fbf64) complete. Timing: real 0.064s user 0.000s sys 0.000s Metrics: {"cfile_init":3,"lbm_read_time_us":63651,"lbm_reads_1-10_ms":3,"lbm_reads_10-100_ms":2,"lbm_reads_lt_1ms":7}
I0108 18:44:09.012038 24913 maintenance_manager.cc:326] P c6ad452ff3b64d949298a50527e1fbb0: Scheduling FlushMRSOp(fdf8e522824640c3ab9385967c93743a): perf score=0.041733
I0108 18:44:11.548959 24932 maintenance_manager.cc:527] P 53135810f2d84759ac110009de750c3d: FlushMRSOp(dbe8c3d61048482fb282021487b845a6) complete. Timing: real 2.929s user 0.903s sys 0.079s Metrics: {"bytes_written":10607149,"cfile_init":1,"delete_count":0,"dirs.queue_time_us":4744,"dirs.run_cpu_time_us":123,"dirs.run_wall_time_us":82836,"drs_written":1,"lbm_read_time_us":8,"lbm_reads_lt_1ms":4,"lbm_write_time_us":351702,"lbm_writes_1-10_ms":22,"lbm_writes_10-100_ms":15,"lbm_writes_lt_1ms":1047,"reinsert_count":0,"rows_written":603506,"thread_start_us":30,"threads_started":1,"update_count":2649}
I0108 18:44:11.549154 25038 maintenance_manager.cc:326] P 53135810f2d84759ac110009de750c3d: Scheduling LogGCOp(dbe8c3d61048482fb282021487b845a6): free 50420109 bytes of WAL
I0108 18:44:11.549773 24932 log_reader.cc:379] T dbe8c3d61048482fb282021487b845a6: removed 6 log segments from log reader
I0108 18:44:11.549794 24932 log.cc:1062] T dbe8c3d61048482fb282021487b845a6 P 53135810f2d84759ac110009de750c3d: Deleting log segment in path: /data/somelongdirectorytoavoidrpathissues/src/kudutest/linked_list-test.LinkedListTest.TestLoadAndVerify.1578537560432831-24709/linked-list-cluster/ts-1/wal/wals/dbe8c3d61048482fb282021487b845a6/wal-000000006 (ops 62089-74461)
I0108 18:44:11.549944 24932 log.cc:1062] T dbe8c3d61048482fb282021487b845a6 P 53135810f2d84759ac110009de750c3d: Deleting log segment in path: /data/somelongdirectorytoavoidrpathissues/src/kudutest/linked_list-test.LinkedListTest.TestLoadAndVerify.1578537560432831-24709/linked-list-cluster/ts-1/wal/wals/dbe8c3d61048482fb282021487b845a6/wal-000000007 (ops 74462-86859)
I0108 18:44:11.550014 24932 log.cc:1062] T dbe8c3d61048482fb282021487b845a6 P 53135810f2d84759ac110009de750c3d: Deleting log segment in path: /data/somelongdirectorytoavoidrpathissues/src/kudutest/linked_list-test.LinkedListTest.TestLoadAndVerify.1578537560432831-24709/linked-list-cluster/ts-1/wal/wals/dbe8c3d61048482fb282021487b845a6/wal-000000008 (ops 86860-99274)
I0108 18:44:11.550073 24932 log.cc:1062] T dbe8c3d61048482fb282021487b845a6 P 53135810f2d84759ac110009de750c3d: Deleting log segment in path: /data/somelongdirectorytoavoidrpathissues/src/kudutest/linked_list-test.LinkedListTest.TestLoadAndVerify.1578537560432831-24709/linked-list-cluster/ts-1/wal/wals/dbe8c3d61048482fb282021487b845a6/wal-000000009 (ops 99275-111692)
I0108 18:44:11.550134 24932 log.cc:1062] T dbe8c3d61048482fb282021487b845a6 P 53135810f2d84759ac110009de750c3d: Deleting log segment in path: /data/somelongdirectorytoavoidrpathissues/src/kudutest/linked_list-test.LinkedListTest.TestLoadAndVerify.1578537560432831-24709/linked-list-cluster/ts-1/wal/wals/dbe8c3d61048482fb282021487b845a6/wal-000000010 (ops 111693-124136)
I0108 18:44:11.550200 24932 log.cc:1062] T dbe8c3d61048482fb282021487b845a6 P 53135810f2d84759ac110009de750c3d: Deleting log segment in path: /data/somelongdirectorytoavoidrpathissues/src/kudutest/linked_list-test.LinkedListTest.TestLoadAndVerify.1578537560432831-24709/linked-list-cluster/ts-1/wal/wals/dbe8c3d61048482fb282021487b845a6/wal-000000011 (ops 124137-136527)
I0108 18:44:11.640560 24932 maintenance_manager.cc:527] P 53135810f2d84759ac110009de750c3d: LogGCOp(dbe8c3d61048482fb282021487b845a6) complete. Timing: real 0.091s user 0.000s sys 0.020s Metrics: {}
I0108 18:44:11.640797 25038 maintenance_manager.cc:326] P 53135810f2d84759ac110009de750c3d: Scheduling CompactRowSetsOp(dbe8c3d61048482fb282021487b845a6): perf score=1.003079
I0108 18:44:12.033692 24807 maintenance_manager.cc:527] P c6ad452ff3b64d949298a50527e1fbb0: FlushMRSOp(fdf8e522824640c3ab9385967c93743a) complete. Timing: real 3.022s user 0.936s sys 0.058s Metrics: {"bytes_written":10531135,"cfile_init":1,"delete_count":0,"dirs.queue_time_us":14866,"dirs.run_cpu_time_us":90,"dirs.run_wall_time_us":30144,"drs_written":1,"lbm_read_time_us":7,"lbm_reads_lt_1ms":4,"lbm_write_time_us":301287,"lbm_writes_1-10_ms":38,"lbm_writes_10-100_ms":6,"lbm_writes_lt_1ms":1037,"reinsert_count":0,"rows_written":600660,"thread_start_us":31,"threads_started":1,"update_count":37}
I0108 18:44:12.034999 24913 maintenance_manager.cc:326] P c6ad452ff3b64d949298a50527e1fbb0: Scheduling LogGCOp(fdf8e522824640c3ab9385967c93743a): free 50461935 bytes of WAL
I0108 18:44:12.035334 24807 log_reader.cc:379] T fdf8e522824640c3ab9385967c93743a: removed 6 log segments from log reader
I0108 18:44:12.035352 24807 log.cc:1062] T fdf8e522824640c3ab9385967c93743a P c6ad452ff3b64d949298a50527e1fbb0: Deleting log segment in path: /data/somelongdirectorytoavoidrpathissues/src/kudutest/linked_list-test.LinkedListTest.TestLoadAndVerify.1578537560432831-24709/linked-list-cluster/ts-0/wal/wals/fdf8e522824640c3ab9385967c93743a/wal-000000006 (ops 62174-74579)
I0108 18:44:12.035432 24807 log.cc:1062] T fdf8e522824640c3ab9385967c93743a P c6ad452ff3b64d949298a50527e1fbb0: Deleting log segment in path: /data/somelongdirectorytoavoidrpathissues/src/kudutest/linked_list-test.LinkedListTest.TestLoadAndVerify.1578537560432831-24709/linked-list-cluster/ts-0/wal/wals/fdf8e522824640c3ab9385967c93743a/wal-000000007 (ops 74580-87021)
I0108 18:44:12.035465 24807 log.cc:1062] T fdf8e522824640c3ab9385967c93743a P c6ad452ff3b64d949298a50527e1fbb0: Deleting log segment in path: /data/somelongdirectorytoavoidrpathissues/src/kudutest/linked_list-test.LinkedListTest.TestLoadAndVerify.1578537560432831-24709/linked-list-cluster/ts-0/wal/wals/fdf8e522824640c3ab9385967c93743a/wal-000000008 (ops 87022-99415)
I0108 18:44:12.035531 24807 log.cc:1062] T fdf8e522824640c3ab9385967c93743a P c6ad452ff3b64d949298a50527e1fbb0: Deleting log segment in path: /data/somelongdirectorytoavoidrpathissues/src/kudutest/linked_list-test.LinkedListTest.TestLoadAndVerify.1578537560432831-24709/linked-list-cluster/ts-0/wal/wals/fdf8e522824640c3ab9385967c93743a/wal-000000009 (ops 99416-111787)
I0108 18:44:12.035565 24807 log.cc:1062] T fdf8e522824640c3ab9385967c93743a P c6ad452ff3b64d949298a50527e1fbb0: Deleting log segment in path: /data/somelongdirectorytoavoidrpathissues/src/kudutest/linked_list-test.LinkedListTest.TestLoadAndVerify.1578537560432831-24709/linked-list-cluster/ts-0/wal/wals/fdf8e522824640c3ab9385967c93743a/wal-000000010 (ops 111788-124259)
I0108 18:44:12.035588 24807 log.cc:1062] T fdf8e522824640c3ab9385967c93743a P c6ad452ff3b64d949298a50527e1fbb0: Deleting log segment in path: /data/somelongdirectorytoavoidrpathissues/src/kudutest/linked_list-test.LinkedListTest.TestLoadAndVerify.1578537560432831-24709/linked-list-cluster/ts-0/wal/wals/fdf8e522824640c3ab9385967c93743a/wal-000000011 (ops 124260-136828)
I0108 18:44:12.100136 24807 maintenance_manager.cc:527] P c6ad452ff3b64d949298a50527e1fbb0: LogGCOp(fdf8e522824640c3ab9385967c93743a) complete. Timing: real 0.065s user 0.001s sys 0.015s Metrics: {}
I0108 18:44:12.100317 24913 maintenance_manager.cc:326] P c6ad452ff3b64d949298a50527e1fbb0: Scheduling UndoDeltaBlockGCOp(fdf8e522824640c3ab9385967c93743a): 12017016 bytes on disk
I0108 18:44:12.103410 24807 maintenance_manager.cc:527] P c6ad452ff3b64d949298a50527e1fbb0: UndoDeltaBlockGCOp(fdf8e522824640c3ab9385967c93743a) complete. Timing: real 0.000s user 0.000s sys 0.000s Metrics: {"cfile_init":1,"lbm_read_time_us":11,"lbm_reads_lt_1ms":4}
I0108 18:44:12.103518 24913 maintenance_manager.cc:326] P c6ad452ff3b64d949298a50527e1fbb0: Scheduling CompactRowSetsOp(fdf8e522824640c3ab9385967c93743a): perf score=1.003083
I0108 18:44:16.643429 25056 maintenance_manager.cc:527] P 61b86269d42a403f94c0a049429fa247: CompactRowSetsOp(50603d14716f4c4bb514a91e103fbf64) complete. Timing: real 22.262s user 5.795s sys 0.577s Metrics: {"bytes_written":76195371,"cfile_cache_hit":227,"cfile_cache_hit_bytes":31605796,"cfile_cache_miss":10043,"cfile_cache_miss_bytes":274261872,"cfile_init":21,"delta_iterators_relevant":16,"dirs.queue_time_us":15624,"dirs.run_cpu_time_us":304,"dirs.run_wall_time_us":125656,"drs_written":3,"lbm_read_time_us":1598422,"lbm_reads_1-10_ms":138,"lbm_reads_10-100_ms":20,"lbm_reads_gt_100_ms":2,"lbm_reads_lt_1ms":9967,"lbm_write_time_us":760517,"lbm_writes_1-10_ms":174,"lbm_writes_10-100_ms":5,"lbm_writes_lt_1ms":7537,"num_input_rowsets":4,"rows_written":4349233,"spinlock_wait_cycles":52768768,"thread_start_us":1056,"threads_started":11}
I0108 18:44:16.643535 25162 maintenance_manager.cc:326] P 61b86269d42a403f94c0a049429fa247: Scheduling UndoDeltaBlockGCOp(50603d14716f4c4bb514a91e103fbf64): 88872418 bytes on disk
I0108 18:44:16.643808 25056 maintenance_manager.cc:527] P 61b86269d42a403f94c0a049429fa247: UndoDeltaBlockGCOp(50603d14716f4c4bb514a91e103fbf64) complete. Timing: real 0.000s user 0.000s sys 0.000s Metrics: {"cfile_init":3,"lbm_read_time_us":17,"lbm_reads_lt_1ms":12}
I0108 18:44:16.889104 24932 maintenance_manager.cc:527] P 53135810f2d84759ac110009de750c3d: CompactRowSetsOp(dbe8c3d61048482fb282021487b845a6) complete. Timing: real 5.248s user 1.610s sys 0.177s Metrics: {"bytes_written":20703081,"cfile_cache_hit":48,"cfile_cache_hit_bytes":5643579,"cfile_cache_miss":2752,"cfile_cache_miss_bytes":77535043,"cfile_init":10,"delta_iterators_relevant":8,"dirs.queue_time_us":7194,"dirs.run_cpu_time_us":124,"dirs.run_wall_time_us":37491,"drs_written":1,"lbm_read_time_us":359521,"lbm_reads_1-10_ms":37,"lbm_reads_10-100_ms":10,"lbm_reads_lt_1ms":2745,"lbm_write_time_us":159769,"lbm_writes_1-10_ms":30,"lbm_writes_10-100_ms":1,"lbm_writes_lt_1ms":2070,"num_input_rowsets":2,"rows_written":1183046,"spinlock_wait_cycles":2617600,"thread_start_us":1574,"threads_started":9}
I0108 18:44:16.889308 25038 maintenance_manager.cc:326] P 53135810f2d84759ac110009de750c3d: Scheduling FlushMRSOp(fdf8e522824640c3ab9385967c93743a): perf score=0.043098
I0108 18:44:17.024704 24807 maintenance_manager.cc:527] P c6ad452ff3b64d949298a50527e1fbb0: CompactRowSetsOp(fdf8e522824640c3ab9385967c93743a) complete. Timing: real 4.917s user 1.543s sys 0.151s Metrics: {"bytes_written":20689541,"cfile_cache_hit":48,"cfile_cache_hit_bytes":5662610,"cfile_cache_miss":2750,"cfile_cache_miss_bytes":77472932,"cfile_init":9,"delta_iterators_relevant":8,"dirs.queue_time_us":4641,"dirs.run_cpu_time_us":116,"dirs.run_wall_time_us":64401,"drs_written":1,"lbm_read_time_us":507464,"lbm_reads_1-10_ms":27,"lbm_reads_10-100_ms":12,"lbm_reads_lt_1ms":2747,"lbm_write_time_us":163740,"lbm_writes_1-10_ms":26,"lbm_writes_10-100_ms":2,"lbm_writes_lt_1ms":2072,"num_input_rowsets":2,"rows_written":1182146,"spinlock_wait_cycles":2432,"thread_start_us":535,"threads_started":8}
I0108 18:44:17.027323 24913 maintenance_manager.cc:326] P c6ad452ff3b64d949298a50527e1fbb0: Scheduling FlushMRSOp(dbe8c3d61048482fb282021487b845a6): perf score=0.043023
I0108 18:44:19.508893 24932 maintenance_manager.cc:527] P 53135810f2d84759ac110009de750c3d: FlushMRSOp(fdf8e522824640c3ab9385967c93743a) complete. Timing: real 2.619s user 0.861s sys 0.062s Metrics: {"bytes_written":10760437,"cfile_init":1,"delete_count":0,"dirs.queue_time_us":222,"dirs.run_cpu_time_us":95,"dirs.run_wall_time_us":167363,"drs_written":1,"lbm_read_time_us":8,"lbm_reads_lt_1ms":4,"lbm_write_time_us":259520,"lbm_writes_1-10_ms":7,"lbm_writes_10-100_ms":6,"lbm_writes_lt_1ms":1087,"reinsert_count":0,"rows_written":612277,"thread_start_us":31,"threads_started":1,"update_count":2447}
I0108 18:44:19.509251 25038 maintenance_manager.cc:326] P 53135810f2d84759ac110009de750c3d: Scheduling LogGCOp(fdf8e522824640c3ab9385967c93743a): free 50347642 bytes of WAL
I0108 18:44:19.509348 24932 log_reader.cc:379] T fdf8e522824640c3ab9385967c93743a: removed 6 log segments from log reader
I0108 18:44:19.509402 24932 log.cc:1062] T fdf8e522824640c3ab9385967c93743a P 53135810f2d84759ac110009de750c3d: Deleting log segment in path: /data/somelongdirectorytoavoidrpathissues/src/kudutest/linked_list-test.LinkedListTest.TestLoadAndVerify.1578537560432831-24709/linked-list-cluster/ts-1/wal/wals/fdf8e522824640c3ab9385967c93743a/wal-000000006 (ops 62021-74422)
