I0108 18:54:52.961385 25056 log.cc:1062] T 50603d14716f4c4bb514a91e103fbf64 P 61b86269d42a403f94c0a049429fa247: Deleting log segment in path: /data/somelongdirectorytoavoidrpathissues/src/kudutest/linked_list-test.LinkedListTest.TestLoadAndVerify.1578537560432831-24709/linked-list-cluster/ts-2/wal/wals/50603d14716f4c4bb514a91e103fbf64/wal-000000063 (ops 367736-373641)
I0108 18:54:52.961444 25056 log.cc:1062] T 50603d14716f4c4bb514a91e103fbf64 P 61b86269d42a403f94c0a049429fa247: Deleting log segment in path: /data/somelongdirectorytoavoidrpathissues/src/kudutest/linked_list-test.LinkedListTest.TestLoadAndVerify.1578537560432831-24709/linked-list-cluster/ts-2/wal/wals/50603d14716f4c4bb514a91e103fbf64/wal-000000064 (ops 373642-379602)
I0108 18:54:52.961498 25056 log.cc:1062] T 50603d14716f4c4bb514a91e103fbf64 P 61b86269d42a403f94c0a049429fa247: Deleting log segment in path: /data/somelongdirectorytoavoidrpathissues/src/kudutest/linked_list-test.LinkedListTest.TestLoadAndVerify.1578537560432831-24709/linked-list-cluster/ts-2/wal/wals/50603d14716f4c4bb514a91e103fbf64/wal-000000065 (ops 379603-385496)
I0108 18:54:52.961553 25056 log.cc:1062] T 50603d14716f4c4bb514a91e103fbf64 P 61b86269d42a403f94c0a049429fa247: Deleting log segment in path: /data/somelongdirectorytoavoidrpathissues/src/kudutest/linked_list-test.LinkedListTest.TestLoadAndVerify.1578537560432831-24709/linked-list-cluster/ts-2/wal/wals/50603d14716f4c4bb514a91e103fbf64/wal-000000066 (ops 385497-391485)
I0108 18:54:52.979419 25056 maintenance_manager.cc:527] P 61b86269d42a403f94c0a049429fa247: LogGCOp(50603d14716f4c4bb514a91e103fbf64) complete. Timing: real 0.018s user 0.000s sys 0.019s Metrics: {}
I0108 18:54:52.979575 25162 maintenance_manager.cc:326] P 61b86269d42a403f94c0a049429fa247: Scheduling CompactRowSetsOp(50603d14716f4c4bb514a91e103fbf64): perf score=0.656984
I0108 18:54:53.205122 24932 maintenance_manager.cc:527] P 53135810f2d84759ac110009de750c3d: CompactRowSetsOp(50603d14716f4c4bb514a91e103fbf64) complete. Timing: real 26.992s user 7.817s sys 0.497s Metrics: {"bytes_written":130183205,"cfile_cache_hit":11354,"cfile_cache_hit_bytes":321991713,"cfile_cache_miss":5930,"cfile_cache_miss_bytes":212798115,"cfile_init":16,"delta_iterators_relevant":12,"dirs.queue_time_us":295,"dirs.run_cpu_time_us":474,"dirs.run_wall_time_us":255771,"drs_written":4,"lbm_read_time_us":6362352,"lbm_reads_1-10_ms":73,"lbm_reads_10-100_ms":141,"lbm_reads_gt_100_ms":6,"lbm_reads_lt_1ms":5774,"lbm_write_time_us":10204152,"lbm_writes_1-10_ms":99,"lbm_writes_10-100_ms":230,"lbm_writes_gt_100_ms":12,"lbm_writes_lt_1ms":12643,"num_input_rowsets":5,"rows_written":7330968,"spinlock_wait_cycles":35584,"thread_start_us":183,"threads_started":5,"wal-append.queue_time_us":54}
I0108 18:54:53.205279 25038 maintenance_manager.cc:326] P 53135810f2d84759ac110009de750c3d: Scheduling CompactRowSetsOp(50603d14716f4c4bb514a91e103fbf64): perf score=0.421582
I0108 18:54:53.807682 24807 maintenance_manager.cc:527] P c6ad452ff3b64d949298a50527e1fbb0: CompactRowSetsOp(50603d14716f4c4bb514a91e103fbf64) complete. Timing: real 29.142s user 7.761s sys 0.595s Metrics: {"bytes_written":130196950,"cfile_cache_hit":108,"cfile_cache_hit_bytes":10536314,"cfile_cache_miss":17194,"cfile_cache_miss_bytes":524327540,"cfile_init":23,"delta_iterators_relevant":12,"dirs.queue_time_us":16540,"dirs.run_cpu_time_us":486,"dirs.run_wall_time_us":169378,"drs_written":4,"lbm_read_time_us":18458337,"lbm_reads_1-10_ms":205,"lbm_reads_10-100_ms":423,"lbm_reads_gt_100_ms":21,"lbm_reads_lt_1ms":16637,"lbm_write_time_us":323983,"lbm_writes_1-10_ms":2,"lbm_writes_10-100_ms":1,"lbm_writes_lt_1ms":12981,"num_input_rowsets":6,"rows_written":7330993,"thread_start_us":559,"threads_started":13,"wal-append.queue_time_us":64}
I0108 18:54:53.807919 24913 maintenance_manager.cc:326] P c6ad452ff3b64d949298a50527e1fbb0: Scheduling CompactRowSetsOp(50603d14716f4c4bb514a91e103fbf64): perf score=0.544795
I0108 18:55:31.662935 24807 maintenance_manager.cc:527] P c6ad452ff3b64d949298a50527e1fbb0: CompactRowSetsOp(50603d14716f4c4bb514a91e103fbf64) complete. Timing: real 37.855s user 7.691s sys 0.645s Metrics: {"bytes_written":130233412,"cfile_cache_hit":94,"cfile_cache_hit_bytes":9938006,"cfile_cache_miss":17176,"cfile_cache_miss_bytes":527742334,"cfile_init":17,"delta_iterators_relevant":8,"dirs.queue_time_us":288,"dirs.run_cpu_time_us":490,"dirs.run_wall_time_us":355554,"drs_written":4,"lbm_read_time_us":21461921,"lbm_reads_1-10_ms":225,"lbm_reads_10-100_ms":478,"lbm_reads_gt_100_ms":26,"lbm_reads_lt_1ms":16515,"lbm_write_time_us":6306127,"lbm_writes_1-10_ms":77,"lbm_writes_10-100_ms":160,"lbm_writes_gt_100_ms":4,"lbm_writes_lt_1ms":12740,"num_input_rowsets":4,"rows_written":7330983,"spinlock_wait_cycles":2176,"thread_start_us":656,"threads_started":13,"wal-append.queue_time_us":51}
I0108 18:55:31.663074 24913 maintenance_manager.cc:326] P c6ad452ff3b64d949298a50527e1fbb0: Scheduling UndoDeltaBlockGCOp(50603d14716f4c4bb514a91e103fbf64): 282486831 bytes on disk
I0108 18:55:31.663569 24709 linked_list-test-util.h:876] Done collecting results (7332500 rows in 69891.3ms)
I0108 18:55:31.879499 24807 maintenance_manager.cc:527] P c6ad452ff3b64d949298a50527e1fbb0: UndoDeltaBlockGCOp(50603d14716f4c4bb514a91e103fbf64) complete. Timing: real 0.216s user 0.001s sys 0.000s Metrics: {"cfile_init":7,"lbm_read_time_us":216066,"lbm_reads_1-10_ms":6,"lbm_reads_10-100_ms":4,"lbm_reads_gt_100_ms":1,"lbm_reads_lt_1ms":17}
I0108 18:55:31.899124 24932 maintenance_manager.cc:527] P 53135810f2d84759ac110009de750c3d: CompactRowSetsOp(50603d14716f4c4bb514a91e103fbf64) complete. Timing: real 38.694s user 7.452s sys 0.527s Metrics: {"bytes_written":130209329,"cfile_cache_hit":5511,"cfile_cache_hit_bytes":156434972,"cfile_cache_miss":11753,"cfile_cache_miss_bytes":381963536,"cfile_init":14,"delta_iterators_relevant":8,"dirs.queue_time_us":307,"dirs.run_cpu_time_us":494,"dirs.run_wall_time_us":353794,"drs_written":4,"lbm_read_time_us":21679162,"lbm_reads_1-10_ms":251,"lbm_reads_10-100_ms":428,"lbm_reads_gt_100_ms":31,"lbm_reads_lt_1ms":11099,"lbm_write_time_us":6670544,"lbm_writes_1-10_ms":76,"lbm_writes_10-100_ms":137,"lbm_writes_gt_100_ms":9,"lbm_writes_lt_1ms":12762,"num_input_rowsets":4,"rows_written":7330795,"spinlock_wait_cycles":3968,"thread_start_us":530,"threads_started":13,"wal-append.queue_time_us":73}
I0108 18:55:31.899365 25038 maintenance_manager.cc:326] P 53135810f2d84759ac110009de750c3d: Scheduling UndoDeltaBlockGCOp(50603d14716f4c4bb514a91e103fbf64): 240843387 bytes on disk
I0108 18:55:32.041118 24932 maintenance_manager.cc:527] P 53135810f2d84759ac110009de750c3d: UndoDeltaBlockGCOp(50603d14716f4c4bb514a91e103fbf64) complete. Timing: real 0.142s user 0.001s sys 0.000s Metrics: {"cfile_init":6,"lbm_read_time_us":141360,"lbm_reads_1-10_ms":7,"lbm_reads_10-100_ms":6,"lbm_reads_lt_1ms":11}
I0108 18:55:32.041352 25038 maintenance_manager.cc:326] P 53135810f2d84759ac110009de750c3d: Scheduling CompactRowSetsOp(50603d14716f4c4bb514a91e103fbf64): perf score=0.220818
I0108 18:55:32.732933 24709 linked_list-test-util.h:667] Snapshot: P: 1578537861018563 usec, L: 1 verified. Result: OK
I0108 18:55:32.735658 24709 linked_list-test-util.h:620] Verifying Snapshot: P: 1578538161018821 usec, L: 1 Expected Rows: 13799750
I0108 18:55:32.869987 24709 linked_list-test-util.h:639] Calling callback on tserver 53135810f2d84759ac110009de750c3d
I0108 18:55:34.786262 25056 maintenance_manager.cc:527] P 61b86269d42a403f94c0a049429fa247: CompactRowSetsOp(50603d14716f4c4bb514a91e103fbf64) complete. Timing: real 41.807s user 9.432s sys 0.736s Metrics: {"bytes_written":159099738,"cfile_cache_hit":70,"cfile_cache_hit_bytes":4651238,"cfile_cache_miss":21054,"cfile_cache_miss_bytes":650557596,"cfile_init":24,"delta_iterators_relevant":12,"dirs.queue_time_us":426,"dirs.run_cpu_time_us":610,"dirs.run_wall_time_us":276520,"drs_written":5,"lbm_read_time_us":28293156,"lbm_reads_1-10_ms":262,"lbm_reads_10-100_ms":555,"lbm_reads_gt_100_ms":44,"lbm_reads_lt_1ms":20289,"lbm_write_time_us":398322,"lbm_writes_1-10_ms":5,"lbm_writes_10-100_ms":1,"lbm_writes_lt_1ms":15858,"num_input_rowsets":6,"rows_written":8955861,"thread_start_us":602,"threads_started":14,"wal-append.queue_time_us":77}
I0108 18:55:34.786523 25162 maintenance_manager.cc:326] P 61b86269d42a403f94c0a049429fa247: Scheduling UndoDeltaBlockGCOp(50603d14716f4c4bb514a91e103fbf64): 193270442 bytes on disk
I0108 18:55:34.985673 25056 maintenance_manager.cc:527] P 61b86269d42a403f94c0a049429fa247: UndoDeltaBlockGCOp(50603d14716f4c4bb514a91e103fbf64) complete. Timing: real 0.199s user 0.000s sys 0.000s Metrics: {"cfile_init":5,"lbm_read_time_us":198823,"lbm_reads_1-10_ms":4,"lbm_reads_10-100_ms":6,"lbm_reads_lt_1ms":10}
I0108 18:55:34.985767 25162 maintenance_manager.cc:326] P 61b86269d42a403f94c0a049429fa247: Scheduling CompactRowSetsOp(50603d14716f4c4bb514a91e103fbf64): perf score=0.403598
I0108 18:55:40.480232 24932 maintenance_manager.cc:527] P 53135810f2d84759ac110009de750c3d: CompactRowSetsOp(50603d14716f4c4bb514a91e103fbf64) complete. Timing: real 8.439s user 3.707s sys 0.281s Metrics: {"bytes_written":62698960,"cfile_cache_hit":4366,"cfile_cache_hit_bytes":124397503,"cfile_cache_miss":3948,"cfile_cache_miss_bytes":135204915,"cfile_init":6,"delta_iterators_relevant":4,"dirs.queue_time_us":162,"dirs.run_cpu_time_us":151,"dirs.run_wall_time_us":48954,"drs_written":2,"lbm_read_time_us":2111663,"lbm_reads_1-10_ms":43,"lbm_reads_10-100_ms":67,"lbm_reads_gt_100_ms":1,"lbm_reads_lt_1ms":3861,"lbm_write_time_us":1678794,"lbm_writes_1-10_ms":40,"lbm_writes_10-100_ms":59,"lbm_writes_lt_1ms":6153,"num_input_rowsets":2,"rows_written":3529662,"spinlock_wait_cycles":2176,"thread_start_us":113,"threads_started":3,"wal-append.queue_time_us":61}
I0108 18:55:40.480401 25038 maintenance_manager.cc:326] P 53135810f2d84759ac110009de750c3d: Scheduling UndoDeltaBlockGCOp(50603d14716f4c4bb514a91e103fbf64): 76504204 bytes on disk
I0108 18:55:40.480527 24932 maintenance_manager.cc:527] P 53135810f2d84759ac110009de750c3d: UndoDeltaBlockGCOp(50603d14716f4c4bb514a91e103fbf64) complete. Timing: real 0.000s user 0.000s sys 0.000s Metrics: {"cfile_init":2,"lbm_read_time_us":19,"lbm_reads_lt_1ms":8}
I0108 18:55:44.639945 24913 maintenance_manager.cc:326] P c6ad452ff3b64d949298a50527e1fbb0: Scheduling FlushMRSOp(fdf8e522824640c3ab9385967c93743a): perf score=0.033369
I0108 18:55:44.802389 24807 maintenance_manager.cc:527] P c6ad452ff3b64d949298a50527e1fbb0: FlushMRSOp(fdf8e522824640c3ab9385967c93743a) complete. Timing: real 0.162s user 0.150s sys 0.010s Metrics: {"bytes_written":1899825,"cfile_init":1,"dirs.queue_time_us":10962,"drs_written":1,"lbm_read_time_us":7,"lbm_reads_lt_1ms":4,"lbm_write_time_us":5181,"lbm_writes_lt_1ms":207,"rows_written":106265,"thread_start_us":67,"threads_started":2,"wal-append.queue_time_us":55}
I0108 18:55:44.802568 24913 maintenance_manager.cc:326] P c6ad452ff3b64d949298a50527e1fbb0: Scheduling LogGCOp(fdf8e522824640c3ab9385967c93743a): free 8392049 bytes of WAL
I0108 18:55:44.802645 24807 log_reader.cc:379] T fdf8e522824640c3ab9385967c93743a: removed 1 log segments from log reader
I0108 18:55:44.802688 24807 log.cc:1062] T fdf8e522824640c3ab9385967c93743a P c6ad452ff3b64d949298a50527e1fbb0: Deleting log segment in path: /data/somelongdirectorytoavoidrpathissues/src/kudutest/linked_list-test.LinkedListTest.TestLoadAndVerify.1578537560432831-24709/linked-list-cluster/ts-0/wal/wals/fdf8e522824640c3ab9385967c93743a/wal-000000030 (ops 360723-373162)
I0108 18:55:44.805578 24807 maintenance_manager.cc:527] P c6ad452ff3b64d949298a50527e1fbb0: LogGCOp(fdf8e522824640c3ab9385967c93743a) complete. Timing: real 0.003s user 0.000s sys 0.003s Metrics: {}
I0108 18:55:44.805702 24913 maintenance_manager.cc:326] P c6ad452ff3b64d949298a50527e1fbb0: Scheduling CompactRowSetsOp(fdf8e522824640c3ab9385967c93743a): perf score=1.004925
I0108 18:55:44.984139 25038 maintenance_manager.cc:326] P 53135810f2d84759ac110009de750c3d: Scheduling FlushMRSOp(dbe8c3d61048482fb282021487b845a6): perf score=0.033361
I0108 18:55:45.170064 24932 maintenance_manager.cc:527] P 53135810f2d84759ac110009de750c3d: FlushMRSOp(dbe8c3d61048482fb282021487b845a6) complete. Timing: real 0.186s user 0.111s sys 0.008s Metrics: {"bytes_written":1900451,"cfile_init":1,"dirs.queue_time_us":131,"drs_written":1,"lbm_read_time_us":8,"lbm_reads_lt_1ms":4,"lbm_write_time_us":25668,"lbm_writes_1-10_ms":4,"lbm_writes_lt_1ms":203,"rows_written":106226,"thread_start_us":100,"threads_started":2,"wal-append.queue_time_us":71}
I0108 18:55:45.170229 25038 maintenance_manager.cc:326] P 53135810f2d84759ac110009de750c3d: Scheduling LogGCOp(dbe8c3d61048482fb282021487b845a6): free 8390036 bytes of WAL
I0108 18:55:45.170294 24932 log_reader.cc:379] T dbe8c3d61048482fb282021487b845a6: removed 1 log segments from log reader
I0108 18:55:45.170342 24932 log.cc:1062] T dbe8c3d61048482fb282021487b845a6 P 53135810f2d84759ac110009de750c3d: Deleting log segment in path: /data/somelongdirectorytoavoidrpathissues/src/kudutest/linked_list-test.LinkedListTest.TestLoadAndVerify.1578537560432831-24709/linked-list-cluster/ts-1/wal/wals/dbe8c3d61048482fb282021487b845a6/wal-000000030 (ops 359697-372096)
I0108 18:55:45.172317 24932 maintenance_manager.cc:527] P 53135810f2d84759ac110009de750c3d: LogGCOp(dbe8c3d61048482fb282021487b845a6) complete. Timing: real 0.002s user 0.000s sys 0.002s Metrics: {}
I0108 18:55:45.172399 25038 maintenance_manager.cc:326] P 53135810f2d84759ac110009de750c3d: Scheduling CompactRowSetsOp(dbe8c3d61048482fb282021487b845a6): perf score=1.004867
I0108 18:55:50.158576 24807 maintenance_manager.cc:527] P c6ad452ff3b64d949298a50527e1fbb0: CompactRowSetsOp(fdf8e522824640c3ab9385967c93743a) complete. Timing: real 5.353s user 3.104s sys 0.163s Metrics: {"bytes_written":57885594,"cfile_cache_hit":7237,"cfile_cache_hit_bytes":206599855,"cfile_cache_miss":451,"cfile_cache_miss_bytes":33203273,"cfile_init":8,"delta_iterators_relevant":6,"dirs.queue_time_us":426,"dirs.run_cpu_time_us":233,"dirs.run_wall_time_us":217898,"drs_written":2,"lbm_read_time_us":641223,"lbm_reads_1-10_ms":9,"lbm_reads_10-100_ms":17,"lbm_reads_lt_1ms":457,"lbm_write_time_us":145836,"lbm_writes_1-10_ms":1,"lbm_writes_10-100_ms":1,"lbm_writes_lt_1ms":5773,"num_input_rowsets":3,"rows_written":3258134,"thread_start_us":698,"threads_started":11,"wal-append.queue_time_us":75}
I0108 18:55:50.158777 24913 maintenance_manager.cc:326] P c6ad452ff3b64d949298a50527e1fbb0: Scheduling UndoDeltaBlockGCOp(fdf8e522824640c3ab9385967c93743a): 70494002 bytes on disk
I0108 18:55:50.158913 24807 maintenance_manager.cc:527] P c6ad452ff3b64d949298a50527e1fbb0: UndoDeltaBlockGCOp(fdf8e522824640c3ab9385967c93743a) complete. Timing: real 0.000s user 0.000s sys 0.000s Metrics: {"cfile_init":2,"lbm_read_time_us":14,"lbm_reads_lt_1ms":8}
I0108 18:55:52.281006 25056 maintenance_manager.cc:527] P 61b86269d42a403f94c0a049429fa247: CompactRowSetsOp(50603d14716f4c4bb514a91e103fbf64) complete. Timing: real 17.295s user 6.133s sys 0.480s Metrics: {"bytes_written":96464063,"cfile_cache_hit":68,"cfile_cache_hit_bytes":6166505,"cfile_cache_miss":12730,"cfile_cache_miss_bytes":392588861,"cfile_init":15,"delta_iterators_relevant":8,"dirs.queue_time_us":883,"dirs.run_cpu_time_us":330,"dirs.run_wall_time_us":127752,"drs_written":3,"lbm_read_time_us":9288182,"lbm_reads_1-10_ms":157,"lbm_reads_10-100_ms":258,"lbm_reads_gt_100_ms":8,"lbm_reads_lt_1ms":12367,"lbm_write_time_us":238961,"lbm_writes_1-10_ms":1,"lbm_writes_lt_1ms":9617,"num_input_rowsets":4,"rows_written":5430368,"thread_start_us":628,"threads_started":12,"wal-append.queue_time_us":56}
I0108 18:55:52.281213 25162 maintenance_manager.cc:326] P 61b86269d42a403f94c0a049429fa247: Scheduling UndoDeltaBlockGCOp(50603d14716f4c4bb514a91e103fbf64): 117703380 bytes on disk
I0108 18:55:52.620559 25056 maintenance_manager.cc:527] P 61b86269d42a403f94c0a049429fa247: UndoDeltaBlockGCOp(50603d14716f4c4bb514a91e103fbf64) complete. Timing: real 0.339s user 0.000s sys 0.000s Metrics: {"cfile_init":3,"lbm_read_time_us":339088,"lbm_reads_1-10_ms":1,"lbm_reads_10-100_ms":2,"lbm_reads_gt_100_ms":1,"lbm_reads_lt_1ms":8}
I0108 18:55:55.369349 24932 maintenance_manager.cc:527] P 53135810f2d84759ac110009de750c3d: CompactRowSetsOp(dbe8c3d61048482fb282021487b845a6) complete. Timing: real 10.197s user 3.518s sys 0.312s Metrics: {"bytes_written":57884267,"cfile_cache_hit":19,"cfile_cache_hit_bytes":79484,"cfile_cache_miss":7669,"cfile_cache_miss_bytes":239680422,"cfile_init":12,"delta_iterators_relevant":6,"dirs.queue_time_us":176,"dirs.run_cpu_time_us":370,"dirs.run_wall_time_us":78713,"drs_written":2,"lbm_read_time_us":4199697,"lbm_reads_1-10_ms":79,"lbm_reads_10-100_ms":117,"lbm_reads_gt_100_ms":4,"lbm_reads_lt_1ms":7517,"lbm_write_time_us":1367895,"lbm_writes_1-10_ms":26,"lbm_writes_10-100_ms":27,"lbm_writes_gt_100_ms":2,"lbm_writes_lt_1ms":5720,"num_input_rowsets":3,"rows_written":3257656,"spinlock_wait_cycles":768,"thread_start_us":533,"threads_started":11,"wal-append.queue_time_us":70}
I0108 18:55:55.369550 25038 maintenance_manager.cc:326] P 53135810f2d84759ac110009de750c3d: Scheduling UndoDeltaBlockGCOp(dbe8c3d61048482fb282021487b845a6): 70471258 bytes on disk
I0108 18:55:55.369695 24932 maintenance_manager.cc:527] P 53135810f2d84759ac110009de750c3d: UndoDeltaBlockGCOp(dbe8c3d61048482fb282021487b845a6) complete. Timing: real 0.000s user 0.000s sys 0.000s Metrics: {"cfile_init":2,"lbm_read_time_us":16,"lbm_reads_lt_1ms":8}
I0108 18:56:03.625953 25038 maintenance_manager.cc:326] P 53135810f2d84759ac110009de750c3d: Scheduling FlushMRSOp(fdf8e522824640c3ab9385967c93743a): perf score=0.033363
I0108 18:56:03.703532 24932 maintenance_manager.cc:527] P 53135810f2d84759ac110009de750c3d: FlushMRSOp(fdf8e522824640c3ab9385967c93743a) complete. Timing: real 0.077s user 0.068s sys 0.005s Metrics: {"bytes_written":1087733,"cfile_init":1,"dirs.queue_time_us":63,"dirs.run_cpu_time_us":83,"dirs.run_wall_time_us":14409,"drs_written":1,"lbm_read_time_us":4,"lbm_reads_lt_1ms":4,"lbm_write_time_us":2868,"lbm_writes_lt_1ms":125,"rows_written":60466,"thread_start_us":71,"threads_started":2,"wal-append.queue_time_us":52}
I0108 18:56:03.703691 25038 maintenance_manager.cc:326] P 53135810f2d84759ac110009de750c3d: Scheduling UndoDeltaBlockGCOp(fdf8e522824640c3ab9385967c93743a): 1159490 bytes on disk
I0108 18:56:03.703814 24932 maintenance_manager.cc:527] P 53135810f2d84759ac110009de750c3d: UndoDeltaBlockGCOp(fdf8e522824640c3ab9385967c93743a) complete. Timing: real 0.000s user 0.000s sys 0.000s Metrics: {"cfile_init":1,"lbm_read_time_us":8,"lbm_reads_lt_1ms":4}
I0108 18:56:03.703866 25038 maintenance_manager.cc:326] P 53135810f2d84759ac110009de750c3d: Scheduling CompactRowSetsOp(fdf8e522824640c3ab9385967c93743a): perf score=1.005387
I0108 18:56:06.921921 24913 maintenance_manager.cc:326] P c6ad452ff3b64d949298a50527e1fbb0: Scheduling FlushMRSOp(dbe8c3d61048482fb282021487b845a6): perf score=0.033337
I0108 18:56:07.008805 24807 maintenance_manager.cc:527] P c6ad452ff3b64d949298a50527e1fbb0: FlushMRSOp(dbe8c3d61048482fb282021487b845a6) complete. Timing: real 0.087s user 0.051s sys 0.001s Metrics: {"bytes_written":996247,"cfile_init":1,"dirs.queue_time_us":83,"drs_written":1,"lbm_read_time_us":31,"lbm_reads_lt_1ms":4,"lbm_write_time_us":1860,"lbm_writes_lt_1ms":117,"rows_written":55305,"thread_start_us":73,"threads_started":2,"wal-append.queue_time_us":56}
I0108 18:56:07.008975 24913 maintenance_manager.cc:326] P c6ad452ff3b64d949298a50527e1fbb0: Scheduling CompactRowSetsOp(dbe8c3d61048482fb282021487b845a6): perf score=1.005371
I0108 18:56:12.539384 24807 maintenance_manager.cc:527] P c6ad452ff3b64d949298a50527e1fbb0: CompactRowSetsOp(dbe8c3d61048482fb282021487b845a6) complete. Timing: real 5.530s user 3.219s sys 0.193s Metrics: {"bytes_written":57884343,"cfile_cache_hit":7351,"cfile_cache_hit_bytes":210016753,"cfile_cache_miss":333,"cfile_cache_miss_bytes":30029479,"cfile_init":8,"delta_iterators_relevant":6,"dirs.queue_time_us":523,"dirs.run_cpu_time_us":243,"dirs.run_wall_time_us":130339,"drs_written":2,"lbm_read_time_us":287913,"lbm_reads_1-10_ms":7,"lbm_reads_10-100_ms":7,"lbm_reads_lt_1ms":351,"lbm_write_time_us":1163801,"lbm_writes_1-10_ms":10,"lbm_writes_10-100_ms":24,"lbm_writes_gt_100_ms":3,"lbm_writes_lt_1ms":5738,"num_input_rowsets":3,"rows_written":3257656,"spinlock_wait_cycles":384,"thread_start_us":642,"threads_started":11,"wal-append.queue_time_us":79}
I0108 18:56:12.542366 24913 maintenance_manager.cc:326] P c6ad452ff3b64d949298a50527e1fbb0: Scheduling UndoDeltaBlockGCOp(dbe8c3d61048482fb282021487b845a6): 70472659 bytes on disk
I0108 18:56:12.601291 24807 maintenance_manager.cc:527] P c6ad452ff3b64d949298a50527e1fbb0: UndoDeltaBlockGCOp(dbe8c3d61048482fb282021487b845a6) complete. Timing: real 0.059s user 0.000s sys 0.001s Metrics: {"cfile_init":2,"lbm_read_time_us":58792,"lbm_reads_10-100_ms":1,"lbm_reads_lt_1ms":7}
I0108 18:56:16.364003 24932 maintenance_manager.cc:527] P 53135810f2d84759ac110009de750c3d: CompactRowSetsOp(fdf8e522824640c3ab9385967c93743a) complete. Timing: real 12.660s user 3.583s sys 0.324s Metrics: {"bytes_written":57887092,"cfile_cache_hit":19,"cfile_cache_hit_bytes":79657,"cfile_cache_miss":7665,"cfile_cache_miss_bytes":239983421,"cfile_init":11,"delta_iterators_relevant":6,"dirs.queue_time_us":540,"dirs.run_cpu_time_us":286,"dirs.run_wall_time_us":110795,"drs_written":2,"lbm_read_time_us":7522966,"lbm_reads_1-10_ms":133,"lbm_reads_10-100_ms":259,"lbm_reads_gt_100_ms":4,"lbm_reads_lt_1ms":7313,"lbm_write_time_us":659804,"lbm_writes_1-10_ms":16,"lbm_writes_10-100_ms":18,"lbm_writes_lt_1ms":5741,"num_input_rowsets":3,"rows_written":3258134,"spinlock_wait_cycles":3328,"thread_start_us":502,"threads_started":11,"wal-append.queue_time_us":64}
I0108 18:56:16.364185 25038 maintenance_manager.cc:326] P 53135810f2d84759ac110009de750c3d: Scheduling UndoDeltaBlockGCOp(fdf8e522824640c3ab9385967c93743a): 70493419 bytes on disk
I0108 18:56:16.425895 24932 maintenance_manager.cc:527] P 53135810f2d84759ac110009de750c3d: UndoDeltaBlockGCOp(fdf8e522824640c3ab9385967c93743a) complete. Timing: real 0.062s user 0.000s sys 0.000s Metrics: {"cfile_init":2,"lbm_read_time_us":61505,"lbm_reads_1-10_ms":2,"lbm_reads_10-100_ms":2,"lbm_reads_lt_1ms":4}
I0108 18:56:24.167577 24709 linked_list-test-util.h:876] Done collecting results (13799750 rows in 51297.6ms)
I0108 18:56:25.873203 24709 linked_list-test-util.h:667] Snapshot: P: 1578538161018821 usec, L: 1 verified. Result: OK
I0108 18:56:25.873750 24709 linked_list-test-util.h:620] Verifying Snapshot: P: 1578538461013192 usec, L: 1 Expected Rows: 19548500
I0108 18:56:25.920274 24709 linked_list-test-util.h:639] Calling callback on tserver 53135810f2d84759ac110009de750c3d
I0108 18:56:26.183421 25038 maintenance_manager.cc:326] P 53135810f2d84759ac110009de750c3d: Scheduling FlushMRSOp(50603d14716f4c4bb514a91e103fbf64): perf score=0.033350
I0108 18:56:26.185621 24932 maintenance_manager.cc:527] P 53135810f2d84759ac110009de750c3d: FlushMRSOp(50603d14716f4c4bb514a91e103fbf64) complete. Timing: real 0.002s user 0.001s sys 0.000s Metrics: {"bytes_written":6384,"cfile_init":1,"dirs.queue_time_us":73,"dirs.run_cpu_time_us":81,"dirs.run_wall_time_us":1004,"drs_written":1,"lbm_read_time_us":7,"lbm_reads_lt_1ms":4,"lbm_write_time_us":102,"lbm_writes_lt_1ms":26,"rows_written":102,"thread_start_us":55,"threads_started":2,"wal-append.queue_time_us":37}
I0108 18:56:26.185714 25038 maintenance_manager.cc:326] P 53135810f2d84759ac110009de750c3d: Scheduling CompactRowSetsOp(50603d14716f4c4bb514a91e103fbf64): perf score=0.589391
I0108 18:56:37.237455 24932 maintenance_manager.cc:527] P 53135810f2d84759ac110009de750c3d: CompactRowSetsOp(50603d14716f4c4bb514a91e103fbf64) complete. Timing: real 11.052s user 6.721s sys 0.531s Metrics: {"bytes_written":135074716,"cfile_cache_hit":4758,"cfile_cache_hit_bytes":165543390,"cfile_cache_miss":13174,"cfile_cache_miss_bytes":397509916,"cfile_init":13,"delta_iterators_relevant":10,"dirs.queue_time_us":4520,"dirs.run_cpu_time_us":566,"dirs.run_wall_time_us":177357,"drs_written":5,"lbm_read_time_us":1829839,"lbm_reads_1-10_ms":138,"lbm_reads_10-100_ms":57,"lbm_reads_lt_1ms":13031,"lbm_write_time_us":466587,"lbm_writes_1-10_ms":3,"lbm_writes_10-100_ms":6,"lbm_writes_lt_1ms":13481,"num_input_rowsets":5,"rows_written":7602427,"spinlock_wait_cycles":384,"thread_start_us":167,"threads_started":5,"wal-append.queue_time_us":74}
I0108 18:56:37.237574 25038 maintenance_manager.cc:326] P 53135810f2d84759ac110009de750c3d: Scheduling UndoDeltaBlockGCOp(50603d14716f4c4bb514a91e103fbf64): 164786479 bytes on disk
I0108 18:56:37.237730 24932 maintenance_manager.cc:527] P 53135810f2d84759ac110009de750c3d: UndoDeltaBlockGCOp(50603d14716f4c4bb514a91e103fbf64) complete. Timing: real 0.000s user 0.000s sys 0.000s Metrics: {"cfile_init":5,"lbm_read_time_us":27,"lbm_reads_lt_1ms":20}
I0108 18:56:37.237800 25038 maintenance_manager.cc:326] P 53135810f2d84759ac110009de750c3d: Scheduling CompactRowSetsOp(50603d14716f4c4bb514a91e103fbf64): perf score=0.270483
I0108 18:56:42.290122 24932 maintenance_manager.cc:527] P 53135810f2d84759ac110009de750c3d: CompactRowSetsOp(50603d14716f4c4bb514a91e103fbf64) complete. Timing: real 5.052s user 3.057s sys 0.249s Metrics: {"bytes_written":62698876,"cfile_cache_hit":19,"cfile_cache_hit_bytes":86381,"cfile_cache_miss":8315,"cfile_cache_miss_bytes":261306029,"cfile_init":11,"delta_iterators_relevant":6,"dirs.queue_time_us":146,"dirs.run_cpu_time_us":269,"dirs.run_wall_time_us":81901,"drs_written":2,"lbm_read_time_us":1064608,"lbm_reads_1-10_ms":68,"lbm_reads_10-100_ms":38,"lbm_reads_lt_1ms":8253,"lbm_write_time_us":126638,"lbm_writes_10-100_ms":1,"lbm_writes_lt_1ms":6251,"num_input_rowsets":3,"rows_written":3529745,"thread_start_us":104,"threads_started":3,"wal-append.queue_time_us":70}
I0108 18:56:42.290278 25038 maintenance_manager.cc:326] P 53135810f2d84759ac110009de750c3d: Scheduling UndoDeltaBlockGCOp(50603d14716f4c4bb514a91e103fbf64): 76505085 bytes on disk
I0108 18:56:42.290410 24932 maintenance_manager.cc:527] P 53135810f2d84759ac110009de750c3d: UndoDeltaBlockGCOp(50603d14716f4c4bb514a91e103fbf64) complete. Timing: real 0.000s user 0.000s sys 0.000s Metrics: {"cfile_init":2,"lbm_read_time_us":12,"lbm_reads_lt_1ms":8}
I0108 18:56:42.290496 25038 maintenance_manager.cc:326] P 53135810f2d84759ac110009de750c3d: Scheduling CompactRowSetsOp(50603d14716f4c4bb514a91e103fbf64): perf score=0.214116
I0108 18:56:48.687213 24932 maintenance_manager.cc:527] P 53135810f2d84759ac110009de750c3d: CompactRowSetsOp(50603d14716f4c4bb514a91e103fbf64) complete. Timing: real 6.397s user 3.667s sys 0.270s Metrics: {"bytes_written":67547191,"cfile_cache_hit":255,"cfile_cache_hit_bytes":42549297,"cfile_cache_miss":8701,"cfile_cache_miss_bytes":238983703,"cfile_init":7,"delta_iterators_relevant":4,"dirs.queue_time_us":456,"dirs.run_cpu_time_us":254,"dirs.run_wall_time_us":156360,"drs_written":3,"lbm_read_time_us":1374454,"lbm_reads_1-10_ms":52,"lbm_reads_10-100_ms":46,"lbm_reads_gt_100_ms":1,"lbm_reads_lt_1ms":8630,"lbm_write_time_us":603701,"lbm_writes_1-10_ms":8,"lbm_writes_10-100_ms":8,"lbm_writes_gt_100_ms":1,"lbm_writes_lt_1ms":6741,"num_input_rowsets":2,"rows_written":3801251,"thread_start_us":584,"threads_started":11,"wal-append.queue_time_us":66}
I0108 18:56:48.687444 25038 maintenance_manager.cc:326] P 53135810f2d84759ac110009de750c3d: Scheduling UndoDeltaBlockGCOp(50603d14716f4c4bb514a91e103fbf64): 82390849 bytes on disk
I0108 18:56:48.721354 24932 maintenance_manager.cc:527] P 53135810f2d84759ac110009de750c3d: UndoDeltaBlockGCOp(50603d14716f4c4bb514a91e103fbf64) complete. Timing: real 0.034s user 0.001s sys 0.000s Metrics: {"cfile_init":3,"lbm_read_time_us":33714,"lbm_reads_1-10_ms":2,"lbm_reads_10-100_ms":1,"lbm_reads_lt_1ms":9}
I0108 18:57:04.538600 24709 linked_list-test-util.h:876] Done collecting results (19548500 rows in 38618.3ms)
I0108 18:57:06.988999 24709 linked_list-test-util.h:667] Snapshot: P: 1578538461013192 usec, L: 1 verified. Result: OK
I0108 18:57:06.989514 24709 linked_list-test-util.h:620] Verifying Snapshot: NOW Expected Rows: 19548500
I0108 18:57:41.455158 24709 linked_list-test-util.h:876] Done collecting results (19548500 rows in 34223.3ms)
I0108 18:57:43.905270 24709 linked_list-test-util.h:667] Snapshot: NOW verified. Result: OK
I0108 18:57:43.905519 24709 linked_list-test-util.h:801] Successfully verified 19548500 rows
I0108 18:57:43.910461 24709 linked_list-test.cc:194] Successfully verified 19548500 rows before killing any servers.
I0108 18:57:43.911960 24709 external_mini_cluster.cc:721] 3 TS(s) registered with all masters
I0108 18:57:43.912212 24709 ts_itest-base.cc:233] Waiting for 3 tablets on tserver c6ad452ff3b64d949298a50527e1fbb0 to finish bootstrapping
I0108 18:57:43.913620 24709 ts_itest-base.cc:233] Waiting for 3 tablets on tserver 53135810f2d84759ac110009de750c3d to finish bootstrapping
I0108 18:57:43.915143 24709 ts_itest-base.cc:233] Waiting for 3 tablets on tserver 61b86269d42a403f94c0a049429fa247 to finish bootstrapping
I0108 18:57:43.916654 24709 linked_list-test.cc:199] Will restart the tablet server during verification scan.
I0108 18:57:43.917011 24709 linked_list-test-util.h:620] Verifying Snapshot: P: 1578537861018563 usec, L: 1 Expected Rows: 7332500
I0108 18:57:43.983896 24709 linked_list-test-util.h:639] Calling callback on tserver 53135810f2d84759ac110009de750c3d
I0108 18:57:43.983966 24709 external_mini_cluster.cc:1241] Killing /data/somelongdirectorytoavoidrpathissues/src/kudu/build/release/bin/kudu-tserver with pid 24916
I0108 18:57:44.036831 24709 external_mini_cluster.cc:1043] Running /data/somelongdirectorytoavoidrpathissues/src/kudu/build/release/bin/kudu-tserver /data/somelongdirectorytoavoidrpathissues/src/kudu/build/release/bin/kudu-tserver --fs_wal_dir=/data/somelongdirectorytoavoidrpathissues/src/kudutest/linked_list-test.LinkedListTest.TestLoadAndVerify.1578537560432831-24709/linked-list-cluster/ts-1/wal --fs_data_dirs=/data/somelongdirectorytoavoidrpathissues/src/kudutest/linked_list-test.LinkedListTest.TestLoadAndVerify.1578537560432831-24709/linked-list-cluster/ts-1/data --block_manager=log --rpc_bind_addresses=127.24.33.66:33490 --local_ip_for_outbound_sockets=127.24.33.66 --webserver_port=50336 --webserver_interface=127.24.33.66 --tserver_master_addrs=127.24.33.126:55767 --never_fsync --ipki_server_key_size=1024 --enable_minidumps=false --redact=none --metrics_log_interval_ms=1000 --logtostderr --logbuflevel=-1 --log_dir=/data/somelongdirectorytoavoidrpathissues/src/kudutest/linked_list-test.LinkedListTest.TestLoadAndVerify.1578537560432831-24709/linked-list-cluster/ts-1/logs --server_dump_info_path=/data/somelongdirectorytoavoidrpathissues/src/kudutest/linked_list-test.LinkedListTest.TestLoadAndVerify.1578537560432831-24709/linked-list-cluster/ts-1/data/info.pb --server_dump_info_format=pb --rpc_server_allow_ephemeral_ports --unlock_experimental_flags --unlock_unsafe_flags --builtin_ntp_servers=127.24.33.84:49727 --builtin_ntp_poll_interval_ms=100 --ntp_initial_sync_wait_secs=10 --time_source=builtin --skip_remove_old_recovery_dir --tablet_history_max_age_sec=86400 with env {} WARNING: Logging before InitGoogleLogging() is written to STDERR
W0108 18:57:44.048756 30468 flags.cc:404] Enabled unsafe flag: --rpc_server_allow_ephemeral_ports=true
W0108 18:57:44.048866 30468 flags.cc:404] Enabled unsafe flag: --never_fsync=true
W0108 18:57:44.049676 30468 flags.cc:404] Enabled experimental flag: --ipki_server_key_size=1024
W0108 18:57:44.049707 30468 flags.cc:404] Enabled experimental flag: --local_ip_for_outbound_sockets=127.24.33.66
I0108 18:57:44.050763 30468 tablet_server_main.cc:76] Tablet server non-default flags: --builtin_ntp_poll_interval_ms=100 --builtin_ntp_servers=127.24.33.84:49727 --ntp_initial_sync_wait_secs=10 --time_source=builtin --skip_remove_old_recovery_dir=true --fs_data_dirs=/data/somelongdirectorytoavoidrpathissues/src/kudutest/linked_list-test.LinkedListTest.TestLoadAndVerify.1578537560432831-24709/linked-list-cluster/ts-1/data --fs_wal_dir=/data/somelongdirectorytoavoidrpathissues/src/kudutest/linked_list-test.LinkedListTest.TestLoadAndVerify.1578537560432831-24709/linked-list-cluster/ts-1/wal --ipki_server_key_size=1024 --rpc_bind_addresses=127.24.33.66:33490 --rpc_server_allow_ephemeral_ports=true --metrics_log_interval_ms=1000 --server_dump_info_format=pb --server_dump_info_path=/data/somelongdirectorytoavoidrpathissues/src/kudutest/linked_list-test.LinkedListTest.TestLoadAndVerify.1578537560432831-24709/linked-list-cluster/ts-1/data/info.pb --webserver_interface=127.24.33.66 --webserver_port=50336 --tablet_history_max_age_sec=86400 --tserver_master_addrs=127.24.33.126:55767 --never_fsync=true --heap_profile_path=/tmp/kudu-tserver.30468 --redact=none --unlock_experimental_flags=true --unlock_unsafe_flags=true --enable_minidumps=false --local_ip_for_outbound_sockets=127.24.33.66 --log_dir=/data/somelongdirectorytoavoidrpathissues/src/kudutest/linked_list-test.LinkedListTest.TestLoadAndVerify.1578537560432831-24709/linked-list-cluster/ts-1/logs --logbuflevel=-1 --logtostderr=true Tablet server version: kudu 1.12.0-SNAPSHOT revision 4dca6b02a5e7b2e589646e79bc6e509f27c13c3d build type RELEASE built by jenkins at 08 Jan 2020 18:26:25 PST on quasar-luegrb-1.vpc.cloudera.com
I0108 18:57:44.052893 30468 hybrid_clock.cc:168] waiting up to --ntp_initial_sync_wait_secs=10 seconds for the clock to synchronize
I0108 18:57:44.054069 30468 hybrid_clock.cc:186] HybridClock initialized: now 1578538664054058 us; error 16 us; skew 500 ppm
I0108 18:57:44.054153 30468 fs_manager.cc:263] Metadata directory not provided
I0108 18:57:44.054180 30468 fs_manager.cc:269] Using write-ahead log directory (fs_wal_dir) as metadata directory
I0108 18:57:44.056394 30468 fs_manager.cc:414] Time spent opening directory manager: real 0.002s user 0.002s sys 0.000s
I0108 18:57:44.056546 30468 env_posix.cc:1682] Not raising this process' open files per process limit of 32768; it is already as high as it can go
I0108 18:57:44.056610 30468 file_cache.cc:465] Constructed file cache lbm with capacity 13106
I0108 18:57:44.058737 30468 fs_manager.cc:434] Time spent opening block manager: real 0.001s user 0.000s sys 0.000s
I0108 18:57:44.058918 30468 fs_manager.cc:451] Opened local filesystem: /data/somelongdirectorytoavoidrpathissues/src/kudutest/linked_list-test.LinkedListTest.TestLoadAndVerify.1578537560432831-24709/linked-list-cluster/ts-1/data,/data/somelongdirectorytoavoidrpathissues/src/kudutest/linked_list-test.LinkedListTest.TestLoadAndVerify.1578537560432831-24709/linked-list-cluster/ts-1/wal uuid: "53135810f2d84759ac110009de750c3d" format_stamp: "Formatted at 2020-01-09 02:39:20 on quasar-luegrb-1.vpc.cloudera.com"
I0108 18:57:44.058955 30468 fs_report.cc:352] FS layout report -------------------- wal directory: /data/somelongdirectorytoavoidrpathissues/src/kudutest/linked_list-test.LinkedListTest.TestLoadAndVerify.1578537560432831-24709/linked-list-cluster/ts-1/wal metadata directory: /data/somelongdirectorytoavoidrpathissues/src/kudutest/linked_list-test.LinkedListTest.TestLoadAndVerify.1578537560432831-24709/linked-list-cluster/ts-1/wal 1 data directories: /data/somelongdirectorytoavoidrpathissues/src/kudutest/linked_list-test.LinkedListTest.TestLoadAndVerify.1578537560432831-24709/linked-list-cluster/ts-1/data/data Total live blocks: 72 Total live bytes: 770762741 Total live bytes (after alignment): 770945024 Total number of LBM containers: 7 (0 full) Did not check for missing blocks Did not check for orphaned blocks Total full LBM containers with extra space: 0 (0 repaired) Total full LBM container extra space in bytes: 0 (0 repaired) Total incomplete LBM containers: 0 (0 repaired) Total LBM partial records: 0 (0 repaired)
I0108 18:57:44.096596 30468 env_posix.cc:1677] Raising this process' running threads per effective uid limit from 32768 to 65536
I0108 18:57:44.096834 30468 ts_tablet_manager.cc:383] Loading tablet metadata (0/3 complete)
I0108 18:57:44.097658 30468 ts_tablet_manager.cc:395] Loaded tablet metadata (3 total tablets, 3 live tablets)
I0108 18:57:44.097676 30468 ts_tablet_manager.cc:401] Registering tablets (0/3 complete)
I0108 18:57:44.097978 30490 tablet_bootstrap.cc:439] T 50603d14716f4c4bb514a91e103fbf64 P 53135810f2d84759ac110009de750c3d: Bootstrap starting.
I0108 18:57:44.098269 30468 ts_tablet_manager.cc:415] Registered 3 tablets
I0108 18:57:44.102869 30468 rpc_server.cc:211] RPC server started. Bound to: 127.24.33.66:33490
I0108 18:57:44.103204 30468 webserver.cc:382] Webserver started at http://127.24.33.66:50336/ using document root and password file
I0108 18:57:44.103432 30468 server_base.cc:629] Dumped server information to /data/somelongdirectorytoavoidrpathissues/src/kudutest/linked_list-test.LinkedListTest.TestLoadAndVerify.1578537560432831-24709/linked-list-cluster/ts-1/data/info.pb
I0108 18:57:44.106088 30595 heartbeater.cc:322] Connected to a master server at 127.24.33.126:55767
I0108 18:57:44.106106 30595 heartbeater.cc:406] Registering TS with master...
I0108 18:57:44.106138 30595 heartbeater.cc:455] Master 127.24.33.126:55767 requested a full tablet report, sending...
I0108 18:57:44.106335 24743 ts_manager.cc:192] Re-registered known tserver with Master: 53135810f2d84759ac110009de750c3d (127.24.33.66:33490)
I0108 18:57:44.106803 24743 master_service.cc:351] Signed X509 certificate for tserver {username='jenkins'} at 127.24.33.66:41457
I0108 18:57:44.110368 24709 external_mini_cluster.cc:1105] Started /data/somelongdirectorytoavoidrpathissues/src/kudu/build/release/bin/kudu-tserver as pid 30468
I0108 18:57:44.114456 30512 tablet_service.cc:2571] Scan: Not found: Scanner b3a350c9014a45b4a36b599d1823f843 not found (it may have expired): call sequence id=1, remote={username='jenkins'} at 127.24.33.66:58641
W0108 18:57:44.114626 24709 client.cc:1692] Attempting to retry Scanner { table: TestTable, tablet: 50603d14716f4c4bb514a91e103fbf64, projection: ( rand_key INT64 NOT NULL, link_to INT64 NOT NULL, updated BOOL NOT NULL, PRIMARY KEY () ), scan_spec: } elsewhere.
I0108 18:57:44.203580 30490 log.cc:815] T 50603d14716f4c4bb514a91e103fbf64 P 53135810f2d84759ac110009de750c3d: Log is configured to *not* fsync() on all Append() calls
W0108 18:57:44.204071 25050 consensus_peers.cc:473] T dbe8c3d61048482fb282021487b845a6 P 61b86269d42a403f94c0a049429fa247 -> Peer 53135810f2d84759ac110009de750c3d (127.24.33.66:33490): Couldn't send request to peer 53135810f2d84759ac110009de750c3d. Error code: TABLET_NOT_RUNNING (12). Status: Illegal state: Tablet not RUNNING: INITIALIZED. This is attempt 1: this message will repeat every 5th retry.
I0108 18:57:44.343166 30490 tablet_bootstrap.cc:439] T 50603d14716f4c4bb514a91e103fbf64 P 53135810f2d84759ac110009de750c3d: Bootstrap replayed 1/1 log segments. Stats: ops{read=1981 overwritten=0 applied=1981 ignored=1981} inserts{seen=0 ignored=0} mutations{seen=0 ignored=0} orphaned_commits=2. Pending: 0 replicates
I0108 18:57:44.343274 30490 log.cc:1202] T 50603d14716f4c4bb514a91e103fbf64 P 53135810f2d84759ac110009de750c3d: --skip_remove_old_recovery_dir enabled. NOT deleting /data/somelongdirectorytoavoidrpathissues/src/kudutest/linked_list-test.LinkedListTest.TestLoadAndVerify.1578537560432831-24709/linked-list-cluster/ts-1/wal/wals/50603d14716f4c4bb514a91e103fbf64.recovery-1578538664343213
I0108 18:57:44.343286 30490 tablet_bootstrap.cc:439] T 50603d14716f4c4bb514a91e103fbf64 P 53135810f2d84759ac110009de750c3d: Bootstrap complete.
I0108 18:57:44.343328 30490 ts_tablet_manager.cc:1105] T 50603d14716f4c4bb514a91e103fbf64 P 53135810f2d84759ac110009de750c3d: Time spent bootstrapping tablet: real 0.245s user 0.147s sys 0.028s
I0108 18:57:44.343986 30490 raft_consensus.cc:341] T 50603d14716f4c4bb514a91e103fbf64 P 53135810f2d84759ac110009de750c3d [term 1 FOLLOWER]: Replica starting. Triggering 0 pending transactions. Active config: opid_index: -1 OBSOLETE_local: false peers { permanent_uuid: "53135810f2d84759ac110009de750c3d" member_type: VOTER last_known_addr { host: "127.24.33.66" port: 33490 } } peers { permanent_uuid: "61b86269d42a403f94c0a049429fa247" member_type: VOTER last_known_addr { host: "127.24.33.67" port: 35103 } } peers { permanent_uuid: "c6ad452ff3b64d949298a50527e1fbb0" member_type: VOTER last_known_addr { host: "127.24.33.65" port: 55934 } }
I0108 18:57:44.344009 30490 raft_consensus.cc:712] T 50603d14716f4c4bb514a91e103fbf64 P 53135810f2d84759ac110009de750c3d [term 1 FOLLOWER]: Becoming Follower/Learner. State: Replica: 53135810f2d84759ac110009de750c3d, State: Initialized, Role: FOLLOWER
I0108 18:57:44.344077 30490 consensus_queue.cc:229] T 50603d14716f4c4bb514a91e103fbf64 P 53135810f2d84759ac110009de750c3d [NON_LEADER]: Queue going to NON_LEADER mode. State: All replicated index: 0, Majority replicated index: 0, Committed index: 391854, Last appended: 1.391854, Last appended by leader: 391854, Current term: 0, Majority size: -1, State: 0, Mode: NON_LEADER, active raft config: opid_index: -1 OBSOLETE_local: false peers { permanent_uuid: "53135810f2d84759ac110009de750c3d" member_type: VOTER last_known_addr { host: "127.24.33.66" port: 33490 } } peers { permanent_uuid: "61b86269d42a403f94c0a049429fa247" member_type: VOTER last_known_addr { host: "127.24.33.67" port: 35103 } } peers { permanent_uuid: "c6ad452ff3b64d949298a50527e1fbb0" member_type: VOTER last_known_addr { host: "127.24.33.65" port: 55934 } }
I0108 18:57:44.344246 30595 heartbeater.cc:447] Master 127.24.33.126:55767 was elected leader, sending a full tablet report...
I0108 18:57:44.344260 30490 ts_tablet_manager.cc:1133] T 50603d14716f4c4bb514a91e103fbf64 P 53135810f2d84759ac110009de750c3d: Time spent starting tablet: real 0.001s user 0.001s sys 0.000s
I0108 18:57:44.344285 30490 tablet_bootstrap.cc:439] T dbe8c3d61048482fb282021487b845a6 P 53135810f2d84759ac110009de750c3d: Bootstrap starting.
I0108 18:57:44.354169 30596 maintenance_manager.cc:326] P 53135810f2d84759ac110009de750c3d: Scheduling UndoDeltaBlockGCOp(50603d14716f4c4bb514a91e103fbf64): 282484273 bytes on disk
I0108 18:57:44.502677 30489 maintenance_manager.cc:527] P 53135810f2d84759ac110009de750c3d: UndoDeltaBlockGCOp(50603d14716f4c4bb514a91e103fbf64) complete. Timing: real 0.148s user 0.000s sys 0.001s Metrics: {"cfile_init":8,"lbm_read_time_us":148085,"lbm_reads_1-10_ms":5,"lbm_reads_10-100_ms":5,"lbm_reads_lt_1ms":22}
I0108 18:57:44.860828 30490 tablet_bootstrap.cc:439] T dbe8c3d61048482fb282021487b845a6 P 53135810f2d84759ac110009de750c3d: Bootstrap replayed 1/1 log segments. Stats: ops{read=11312 overwritten=0 applied=11312 ignored=11312} inserts{seen=0 ignored=0} mutations{seen=0 ignored=0} orphaned_commits=0. Pending: 0 replicates
I0108 18:57:44.860900 30490 log.cc:1202] T dbe8c3d61048482fb282021487b845a6 P 53135810f2d84759ac110009de750c3d: --skip_remove_old_recovery_dir enabled. NOT deleting /data/somelongdirectorytoavoidrpathissues/src/kudutest/linked_list-test.LinkedListTest.TestLoadAndVerify.1578537560432831-24709/linked-list-cluster/ts-1/wal/wals/dbe8c3d61048482fb282021487b845a6.recovery-1578538664860865
I0108 18:57:44.860906 30490 tablet_bootstrap.cc:439] T dbe8c3d61048482fb282021487b845a6 P 53135810f2d84759ac110009de750c3d: Bootstrap complete.
I0108 18:57:44.860930 30490 ts_tablet_manager.cc:1105] T dbe8c3d61048482fb282021487b845a6 P 53135810f2d84759ac110009de750c3d: Time spent bootstrapping tablet: real 0.517s user 0.338s sys 0.097s
I0108 18:57:44.861016 30490 raft_consensus.cc:341] T dbe8c3d61048482fb282021487b845a6 P 53135810f2d84759ac110009de750c3d [term 1 FOLLOWER]: Replica starting. Triggering 0 pending transactions. Active config: opid_index: -1 OBSOLETE_local: false peers { permanent_uuid: "c6ad452ff3b64d949298a50527e1fbb0" member_type: VOTER last_known_addr { host: "127.24.33.65" port: 55934 } } peers { permanent_uuid: "53135810f2d84759ac110009de750c3d" member_type: VOTER last_known_addr { host: "127.24.33.66" port: 33490 } } peers { permanent_uuid: "61b86269d42a403f94c0a049429fa247" member_type: VOTER last_known_addr { host: "127.24.33.67" port: 35103 } }
I0108 18:57:44.861030 30490 raft_consensus.cc:712] T dbe8c3d61048482fb282021487b845a6 P 53135810f2d84759ac110009de750c3d [term 1 FOLLOWER]: Becoming Follower/Learner. State: Replica: 53135810f2d84759ac110009de750c3d, State: Initialized, Role: FOLLOWER
I0108 18:57:44.861075 30490 consensus_queue.cc:229] T dbe8c3d61048482fb282021487b845a6 P 53135810f2d84759ac110009de750c3d [NON_LEADER]: Queue going to NON_LEADER mode. State: All replicated index: 0, Majority replicated index: 0, Committed index: 383408, Last appended: 1.383408, Last appended by leader: 383408, Current term: 0, Majority size: -1, State: 0, Mode: NON_LEADER, active raft config: opid_index: -1 OBSOLETE_local: false peers { permanent_uuid: "c6ad452ff3b64d949298a50527e1fbb0" member_type: VOTER last_known_addr { host: "127.24.33.65" port: 55934 } } peers { permanent_uuid: "53135810f2d84759ac110009de750c3d" member_type: VOTER last_known_addr { host: "127.24.33.66" port: 33490 } } peers { permanent_uuid: "61b86269d42a403f94c0a049429fa247" member_type: VOTER last_known_addr { host: "127.24.33.67" port: 35103 } }
I0108 18:57:44.861163 30490 ts_tablet_manager.cc:1133] T dbe8c3d61048482fb282021487b845a6 P 53135810f2d84759ac110009de750c3d: Time spent starting tablet: real 0.000s user 0.001s sys 0.000s
I0108 18:57:44.861191 30490 tablet_bootstrap.cc:439] T fdf8e522824640c3ab9385967c93743a P 53135810f2d84759ac110009de750c3d: Bootstrap starting.
I0108 18:57:45.003226 30596 maintenance_manager.cc:326] P 53135810f2d84759ac110009de750c3d: Scheduling UndoDeltaBlockGCOp(dbe8c3d61048482fb282021487b845a6): 70471258 bytes on disk
I0108 18:57:45.040925 30489 maintenance_manager.cc:527] P 53135810f2d84759ac110009de750c3d: UndoDeltaBlockGCOp(dbe8c3d61048482fb282021487b845a6) complete. Timing: real 0.038s user 0.000s sys 0.000s Metrics: {"cfile_init":2,"lbm_read_time_us":37447,"lbm_reads_1-10_ms":2,"lbm_reads_10-100_ms":2,"lbm_reads_lt_1ms":4}
I0108 18:57:45.105332 30606 raft_consensus.cc:477] T fdf8e522824640c3ab9385967c93743a P 61b86269d42a403f94c0a049429fa247 [term 1 FOLLOWER]: Starting pre-election (detected failure of leader 53135810f2d84759ac110009de750c3d)
I0108 18:57:45.105412 30606 raft_consensus.cc:499] T fdf8e522824640c3ab9385967c93743a P 61b86269d42a403f94c0a049429fa247 [term 1 FOLLOWER]: Starting pre-election with config: opid_index: -1 OBSOLETE_local: false peers { permanent_uuid: "53135810f2d84759ac110009de750c3d" member_type: VOTER last_known_addr { host: "127.24.33.66" port: 33490 } } peers { permanent_uuid: "c6ad452ff3b64d949298a50527e1fbb0" member_type: VOTER last_known_addr { host: "127.24.33.65" port: 55934 } } peers { permanent_uuid: "61b86269d42a403f94c0a049429fa247" member_type: VOTER last_known_addr { host: "127.24.33.67" port: 35103 } }
I0108 18:57:45.105540 30606 leader_election.cc:293] T fdf8e522824640c3ab9385967c93743a P 61b86269d42a403f94c0a049429fa247 [CANDIDATE]: Term 2 pre-election: Requested pre-vote from peers 53135810f2d84759ac110009de750c3d (127.24.33.66:33490), c6ad452ff3b64d949298a50527e1fbb0 (127.24.33.65:55934)
I0108 18:57:45.105684 30552 tablet_service.cc:1319] Received RequestConsensusVote() RPC: tablet_id: "fdf8e522824640c3ab9385967c93743a" candidate_uuid: "61b86269d42a403f94c0a049429fa247" candidate_term: 2 candidate_status { last_received { term: 1 index: 383604 } } ignore_live_leader: false dest_uuid: "53135810f2d84759ac110009de750c3d" is_pre_election: true
I0108 18:57:45.105703 24867 tablet_service.cc:1319] Received RequestConsensusVote() RPC: tablet_id: "fdf8e522824640c3ab9385967c93743a" candidate_uuid: "61b86269d42a403f94c0a049429fa247" candidate_term: 2 candidate_status { last_received { term: 1 index: 383604 } } ignore_live_leader: false dest_uuid: "c6ad452ff3b64d949298a50527e1fbb0" is_pre_election: true
W0108 18:57:45.105814 25050 leader_election.cc:346] T fdf8e522824640c3ab9385967c93743a P 61b86269d42a403f94c0a049429fa247 [CANDIDATE]: Term 2 pre-election: Tablet error from VoteRequest() call to peer 53135810f2d84759ac110009de750c3d (127.24.33.66:33490): Illegal state: must be running to vote when last-logged opid is not known
I0108 18:57:45.105908 25049 leader_election.cc:307] T fdf8e522824640c3ab9385967c93743a P 61b86269d42a403f94c0a049429fa247 [CANDIDATE]: Term 2 pre-election: Election decided. Result: candidate lost. Election summary: received 3 responses out of 3 voters: 1 yes votes; 2 no votes. yes voters: 61b86269d42a403f94c0a049429fa247; no voters: 53135810f2d84759ac110009de750c3d, c6ad452ff3b64d949298a50527e1fbb0
I0108 18:57:45.106015 30606 raft_consensus.cc:2644] T fdf8e522824640c3ab9385967c93743a P 61b86269d42a403f94c0a049429fa247 [term 1 FOLLOWER]: Leader pre-election lost for term 2. Reason: could not achieve majority
I0108 18:57:45.163856 30609 raft_consensus.cc:477] T fdf8e522824640c3ab9385967c93743a P c6ad452ff3b64d949298a50527e1fbb0 [term 1 FOLLOWER]: Starting pre-election (detected failure of leader 53135810f2d84759ac110009de750c3d)
I0108 18:57:45.164038 30609 raft_consensus.cc:499] T fdf8e522824640c3ab9385967c93743a P c6ad452ff3b64d949298a50527e1fbb0 [term 1 FOLLOWER]: Starting pre-election with config: opid_index: -1 OBSOLETE_local: false peers { permanent_uuid: "53135810f2d84759ac110009de750c3d" member_type: VOTER last_known_addr { host: "127.24.33.66" port: 33490 } } peers { permanent_uuid: "c6ad452ff3b64d949298a50527e1fbb0" member_type: VOTER last_known_addr { host: "127.24.33.65" port: 55934 } } peers { permanent_uuid: "61b86269d42a403f94c0a049429fa247" member_type: VOTER last_known_addr { host: "127.24.33.67" port: 35103 } }
