I0108 18:57:45.164256 30609 leader_election.cc:293] T fdf8e522824640c3ab9385967c93743a P c6ad452ff3b64d949298a50527e1fbb0 [CANDIDATE]: Term 2 pre-election: Requested pre-vote from peers 53135810f2d84759ac110009de750c3d (127.24.33.66:33490), 61b86269d42a403f94c0a049429fa247 (127.24.33.67:35103)
I0108 18:57:45.167645 25116 tablet_service.cc:1319] Received RequestConsensusVote() RPC: tablet_id: "fdf8e522824640c3ab9385967c93743a" candidate_uuid: "c6ad452ff3b64d949298a50527e1fbb0" candidate_term: 2 candidate_status { last_received { term: 1 index: 383604 } } ignore_live_leader: false dest_uuid: "61b86269d42a403f94c0a049429fa247" is_pre_election: true
I0108 18:57:45.167678 25116 raft_consensus.cc:2396] T fdf8e522824640c3ab9385967c93743a P 61b86269d42a403f94c0a049429fa247 [term 1 FOLLOWER]: Leader pre-election vote request: Granting yes vote for candidate c6ad452ff3b64d949298a50527e1fbb0 in term 1.
I0108 18:57:45.167778 24798 leader_election.cc:307] T fdf8e522824640c3ab9385967c93743a P c6ad452ff3b64d949298a50527e1fbb0 [CANDIDATE]: Term 2 pre-election: Election decided. Result: candidate won. Election summary: received 2 responses out of 3 voters: 2 yes votes; 0 no votes. yes voters: 61b86269d42a403f94c0a049429fa247, c6ad452ff3b64d949298a50527e1fbb0; no voters:
I0108 18:57:45.167824 30609 raft_consensus.cc:2696] T fdf8e522824640c3ab9385967c93743a P c6ad452ff3b64d949298a50527e1fbb0 [term 1 FOLLOWER]: Leader pre-election won for term 2
I0108 18:57:45.167837 30609 raft_consensus.cc:477] T fdf8e522824640c3ab9385967c93743a P c6ad452ff3b64d949298a50527e1fbb0 [term 1 FOLLOWER]: Starting leader election (detected failure of leader 53135810f2d84759ac110009de750c3d)
I0108 18:57:45.167845 30609 raft_consensus.cc:2949] T fdf8e522824640c3ab9385967c93743a P c6ad452ff3b64d949298a50527e1fbb0 [term 1 FOLLOWER]: Advancing to term 2
I0108 18:57:45.167909 30552 tablet_service.cc:1319] Received RequestConsensusVote() RPC: tablet_id: "fdf8e522824640c3ab9385967c93743a" candidate_uuid: "c6ad452ff3b64d949298a50527e1fbb0" candidate_term: 2 candidate_status { last_received { term: 1 index: 383604 } } ignore_live_leader: false dest_uuid: "53135810f2d84759ac110009de750c3d" is_pre_election: true
W0108 18:57:45.168009 24800 leader_election.cc:346] T fdf8e522824640c3ab9385967c93743a P c6ad452ff3b64d949298a50527e1fbb0 [CANDIDATE]: Term 2 pre-election: Tablet error from VoteRequest() call to peer 53135810f2d84759ac110009de750c3d (127.24.33.66:33490): Illegal state: must be running to vote when last-logged opid is not known
I0108 18:57:45.168501 30609 raft_consensus.cc:499] T fdf8e522824640c3ab9385967c93743a P c6ad452ff3b64d949298a50527e1fbb0 [term 2 FOLLOWER]: Starting leader election with config: opid_index: -1 OBSOLETE_local: false peers { permanent_uuid: "53135810f2d84759ac110009de750c3d" member_type: VOTER last_known_addr { host: "127.24.33.66" port: 33490 } } peers { permanent_uuid: "c6ad452ff3b64d949298a50527e1fbb0" member_type: VOTER last_known_addr { host: "127.24.33.65" port: 55934 } } peers { permanent_uuid: "61b86269d42a403f94c0a049429fa247" member_type: VOTER last_known_addr { host: "127.24.33.67" port: 35103 } }
I0108 18:57:45.168551 30609 leader_election.cc:293] T fdf8e522824640c3ab9385967c93743a P c6ad452ff3b64d949298a50527e1fbb0 [CANDIDATE]: Term 2 election: Requested vote from peers 53135810f2d84759ac110009de750c3d (127.24.33.66:33490), 61b86269d42a403f94c0a049429fa247 (127.24.33.67:35103)
I0108 18:57:45.168663 25116 tablet_service.cc:1319] Received RequestConsensusVote() RPC: tablet_id: "fdf8e522824640c3ab9385967c93743a" candidate_uuid: "c6ad452ff3b64d949298a50527e1fbb0" candidate_term: 2 candidate_status { last_received { term: 1 index: 383604 } } ignore_live_leader: false dest_uuid: "61b86269d42a403f94c0a049429fa247"
I0108 18:57:45.168684 25116 raft_consensus.cc:2949] T fdf8e522824640c3ab9385967c93743a P 61b86269d42a403f94c0a049429fa247 [term 1 FOLLOWER]: Advancing to term 2
I0108 18:57:45.168694 30552 tablet_service.cc:1319] Received RequestConsensusVote() RPC: tablet_id: "fdf8e522824640c3ab9385967c93743a" candidate_uuid: "c6ad452ff3b64d949298a50527e1fbb0" candidate_term: 2 candidate_status { last_received { term: 1 index: 383604 } } ignore_live_leader: false dest_uuid: "53135810f2d84759ac110009de750c3d"
W0108 18:57:45.168817 24800 leader_election.cc:346] T fdf8e522824640c3ab9385967c93743a P c6ad452ff3b64d949298a50527e1fbb0 [CANDIDATE]: Term 2 election: Tablet error from VoteRequest() call to peer 53135810f2d84759ac110009de750c3d (127.24.33.66:33490): Illegal state: must be running to vote when last-logged opid is not known
I0108 18:57:45.170418 25116 raft_consensus.cc:2396] T fdf8e522824640c3ab9385967c93743a P 61b86269d42a403f94c0a049429fa247 [term 2 FOLLOWER]: Leader election vote request: Granting yes vote for candidate c6ad452ff3b64d949298a50527e1fbb0 in term 2.
I0108 18:57:45.170503 24798 leader_election.cc:307] T fdf8e522824640c3ab9385967c93743a P c6ad452ff3b64d949298a50527e1fbb0 [CANDIDATE]: Term 2 election: Election decided. Result: candidate won. Election summary: received 3 responses out of 3 voters: 2 yes votes; 1 no votes. yes voters: 61b86269d42a403f94c0a049429fa247, c6ad452ff3b64d949298a50527e1fbb0; no voters: 53135810f2d84759ac110009de750c3d
I0108 18:57:45.170553 30609 raft_consensus.cc:2696] T fdf8e522824640c3ab9385967c93743a P c6ad452ff3b64d949298a50527e1fbb0 [term 2 FOLLOWER]: Leader election won for term 2
I0108 18:57:45.170644 30609 raft_consensus.cc:672] T fdf8e522824640c3ab9385967c93743a P c6ad452ff3b64d949298a50527e1fbb0 [term 2 LEADER]: Becoming Leader. State: Replica: c6ad452ff3b64d949298a50527e1fbb0, State: Running, Role: LEADER
I0108 18:57:45.170714 30609 consensus_queue.cc:206] T fdf8e522824640c3ab9385967c93743a P c6ad452ff3b64d949298a50527e1fbb0 [LEADER]: Queue going to LEADER mode. State: All replicated index: 0, Majority replicated index: 383604, Committed index: 383604, Last appended: 1.383604, Last appended by leader: 383604, Current term: 2, Majority size: 2, State: 0, Mode: LEADER, active raft config: opid_index: -1 OBSOLETE_local: false peers { permanent_uuid: "53135810f2d84759ac110009de750c3d" member_type: VOTER last_known_addr { host: "127.24.33.66" port: 33490 } } peers { permanent_uuid: "c6ad452ff3b64d949298a50527e1fbb0" member_type: VOTER last_known_addr { host: "127.24.33.65" port: 55934 } } peers { permanent_uuid: "61b86269d42a403f94c0a049429fa247" member_type: VOTER last_known_addr { host: "127.24.33.67" port: 35103 } }
I0108 18:57:45.171171 24743 catalog_manager.cc:4143] T fdf8e522824640c3ab9385967c93743a P c6ad452ff3b64d949298a50527e1fbb0 reported cstate change: term changed from 1 to 2, leader changed from 53135810f2d84759ac110009de750c3d (127.24.33.66) to c6ad452ff3b64d949298a50527e1fbb0 (127.24.33.65). New cstate: current_term: 2 leader_uuid: "c6ad452ff3b64d949298a50527e1fbb0" committed_config { opid_index: -1 OBSOLETE_local: false peers { permanent_uuid: "53135810f2d84759ac110009de750c3d" member_type: VOTER last_known_addr { host: "127.24.33.66" port: 33490 } health_report { overall_health: UNKNOWN } } peers { permanent_uuid: "c6ad452ff3b64d949298a50527e1fbb0" member_type: VOTER last_known_addr { host: "127.24.33.65" port: 55934 } health_report { overall_health: HEALTHY } } peers { permanent_uuid: "61b86269d42a403f94c0a049429fa247" member_type: VOTER last_known_addr { host: "127.24.33.67" port: 35103 } health_report { overall_health: UNKNOWN } } }
I0108 18:57:45.264235 30490 tablet_bootstrap.cc:439] T fdf8e522824640c3ab9385967c93743a P 53135810f2d84759ac110009de750c3d: Bootstrap replayed 1/1 log segments. Stats: ops{read=11653 overwritten=0 applied=11653 ignored=11653} inserts{seen=0 ignored=0} mutations{seen=0 ignored=0} orphaned_commits=0. Pending: 0 replicates
I0108 18:57:45.264333 30490 log.cc:1202] T fdf8e522824640c3ab9385967c93743a P 53135810f2d84759ac110009de750c3d: --skip_remove_old_recovery_dir enabled. NOT deleting /data/somelongdirectorytoavoidrpathissues/src/kudutest/linked_list-test.LinkedListTest.TestLoadAndVerify.1578537560432831-24709/linked-list-cluster/ts-1/wal/wals/fdf8e522824640c3ab9385967c93743a.recovery-1578538665264298
I0108 18:57:45.264346 30490 tablet_bootstrap.cc:439] T fdf8e522824640c3ab9385967c93743a P 53135810f2d84759ac110009de750c3d: Bootstrap complete.
I0108 18:57:45.264367 30490 ts_tablet_manager.cc:1105] T fdf8e522824640c3ab9385967c93743a P 53135810f2d84759ac110009de750c3d: Time spent bootstrapping tablet: real 0.403s user 0.298s sys 0.075s
I0108 18:57:45.264444 30490 raft_consensus.cc:341] T fdf8e522824640c3ab9385967c93743a P 53135810f2d84759ac110009de750c3d [term 1 FOLLOWER]: Replica starting. Triggering 0 pending transactions. Active config: opid_index: -1 OBSOLETE_local: false peers { permanent_uuid: "53135810f2d84759ac110009de750c3d" member_type: VOTER last_known_addr { host: "127.24.33.66" port: 33490 } } peers { permanent_uuid: "c6ad452ff3b64d949298a50527e1fbb0" member_type: VOTER last_known_addr { host: "127.24.33.65" port: 55934 } } peers { permanent_uuid: "61b86269d42a403f94c0a049429fa247" member_type: VOTER last_known_addr { host: "127.24.33.67" port: 35103 } }
I0108 18:57:45.264457 30490 raft_consensus.cc:712] T fdf8e522824640c3ab9385967c93743a P 53135810f2d84759ac110009de750c3d [term 1 FOLLOWER]: Becoming Follower/Learner. State: Replica: 53135810f2d84759ac110009de750c3d, State: Initialized, Role: FOLLOWER
I0108 18:57:45.264488 30490 consensus_queue.cc:229] T fdf8e522824640c3ab9385967c93743a P 53135810f2d84759ac110009de750c3d [NON_LEADER]: Queue going to NON_LEADER mode. State: All replicated index: 0, Majority replicated index: 0, Committed index: 383604, Last appended: 1.383604, Last appended by leader: 383604, Current term: 0, Majority size: -1, State: 0, Mode: NON_LEADER, active raft config: opid_index: -1 OBSOLETE_local: false peers { permanent_uuid: "53135810f2d84759ac110009de750c3d" member_type: VOTER last_known_addr { host: "127.24.33.66" port: 33490 } } peers { permanent_uuid: "c6ad452ff3b64d949298a50527e1fbb0" member_type: VOTER last_known_addr { host: "127.24.33.65" port: 55934 } } peers { permanent_uuid: "61b86269d42a403f94c0a049429fa247" member_type: VOTER last_known_addr { host: "127.24.33.67" port: 35103 } }
I0108 18:57:45.264533 30490 ts_tablet_manager.cc:1133] T fdf8e522824640c3ab9385967c93743a P 53135810f2d84759ac110009de750c3d: Time spent starting tablet: real 0.000s user 0.000s sys 0.000s
I0108 18:57:45.291272 30596 maintenance_manager.cc:326] P 53135810f2d84759ac110009de750c3d: Scheduling UndoDeltaBlockGCOp(fdf8e522824640c3ab9385967c93743a): 70493419 bytes on disk
I0108 18:57:45.294557 24736 maintenance_manager.cc:326] P 86570b464d814d0eb2725157358e3a2f: Scheduling FlushDeltaMemStoresOp(00000000000000000000000000000000): perf score=0.306877
I0108 18:57:45.295311 24735 maintenance_manager.cc:527] P 86570b464d814d0eb2725157358e3a2f: FlushDeltaMemStoresOp(00000000000000000000000000000000) complete. Timing: real 0.001s user 0.000s sys 0.000s Metrics: {"bytes_written":441,"delete_count":0,"lbm_write_time_us":29,"lbm_writes_lt_1ms":4,"reinsert_count":0,"update_count":1}
I0108 18:57:45.320799 30489 maintenance_manager.cc:527] P 53135810f2d84759ac110009de750c3d: UndoDeltaBlockGCOp(fdf8e522824640c3ab9385967c93743a) complete. Timing: real 0.029s user 0.000s sys 0.000s Metrics: {"cfile_init":2,"lbm_read_time_us":29274,"lbm_reads_1-10_ms":2,"lbm_reads_10-100_ms":1,"lbm_reads_lt_1ms":5}
I0108 18:57:45.362346 30606 raft_consensus.cc:477] T 50603d14716f4c4bb514a91e103fbf64 P 61b86269d42a403f94c0a049429fa247 [term 1 FOLLOWER]: Starting pre-election (detected failure of leader 53135810f2d84759ac110009de750c3d)
I0108 18:57:45.362424 30606 raft_consensus.cc:499] T 50603d14716f4c4bb514a91e103fbf64 P 61b86269d42a403f94c0a049429fa247 [term 1 FOLLOWER]: Starting pre-election with config: opid_index: -1 OBSOLETE_local: false peers { permanent_uuid: "53135810f2d84759ac110009de750c3d" member_type: VOTER last_known_addr { host: "127.24.33.66" port: 33490 } } peers { permanent_uuid: "61b86269d42a403f94c0a049429fa247" member_type: VOTER last_known_addr { host: "127.24.33.67" port: 35103 } } peers { permanent_uuid: "c6ad452ff3b64d949298a50527e1fbb0" member_type: VOTER last_known_addr { host: "127.24.33.65" port: 55934 } }
I0108 18:57:45.362489 30606 leader_election.cc:293] T 50603d14716f4c4bb514a91e103fbf64 P 61b86269d42a403f94c0a049429fa247 [CANDIDATE]: Term 2 pre-election: Requested pre-vote from peers 53135810f2d84759ac110009de750c3d (127.24.33.66:33490), c6ad452ff3b64d949298a50527e1fbb0 (127.24.33.65:55934)
I0108 18:57:45.362630 30552 tablet_service.cc:1319] Received RequestConsensusVote() RPC: tablet_id: "50603d14716f4c4bb514a91e103fbf64" candidate_uuid: "61b86269d42a403f94c0a049429fa247" candidate_term: 2 candidate_status { last_received { term: 1 index: 391854 } } ignore_live_leader: false dest_uuid: "53135810f2d84759ac110009de750c3d" is_pre_election: true
I0108 18:57:45.362664 30552 raft_consensus.cc:2396] T 50603d14716f4c4bb514a91e103fbf64 P 53135810f2d84759ac110009de750c3d [term 1 FOLLOWER]: Leader pre-election vote request: Granting yes vote for candidate 61b86269d42a403f94c0a049429fa247 in term 1.
I0108 18:57:45.362686 24867 tablet_service.cc:1319] Received RequestConsensusVote() RPC: tablet_id: "50603d14716f4c4bb514a91e103fbf64" candidate_uuid: "61b86269d42a403f94c0a049429fa247" candidate_term: 2 candidate_status { last_received { term: 1 index: 391854 } } ignore_live_leader: false dest_uuid: "c6ad452ff3b64d949298a50527e1fbb0" is_pre_election: true
I0108 18:57:45.362814 25050 leader_election.cc:307] T 50603d14716f4c4bb514a91e103fbf64 P 61b86269d42a403f94c0a049429fa247 [CANDIDATE]: Term 2 pre-election: Election decided. Result: candidate won. Election summary: received 2 responses out of 3 voters: 2 yes votes; 0 no votes. yes voters: 53135810f2d84759ac110009de750c3d, 61b86269d42a403f94c0a049429fa247; no voters:
I0108 18:57:45.362877 30606 raft_consensus.cc:2696] T 50603d14716f4c4bb514a91e103fbf64 P 61b86269d42a403f94c0a049429fa247 [term 1 FOLLOWER]: Leader pre-election won for term 2
I0108 18:57:45.362890 30606 raft_consensus.cc:477] T 50603d14716f4c4bb514a91e103fbf64 P 61b86269d42a403f94c0a049429fa247 [term 1 FOLLOWER]: Starting leader election (detected failure of leader 53135810f2d84759ac110009de750c3d)
I0108 18:57:45.362898 30606 raft_consensus.cc:2949] T 50603d14716f4c4bb514a91e103fbf64 P 61b86269d42a403f94c0a049429fa247 [term 1 FOLLOWER]: Advancing to term 2
I0108 18:57:45.363948 30606 raft_consensus.cc:499] T 50603d14716f4c4bb514a91e103fbf64 P 61b86269d42a403f94c0a049429fa247 [term 2 FOLLOWER]: Starting leader election with config: opid_index: -1 OBSOLETE_local: false peers { permanent_uuid: "53135810f2d84759ac110009de750c3d" member_type: VOTER last_known_addr { host: "127.24.33.66" port: 33490 } } peers { permanent_uuid: "61b86269d42a403f94c0a049429fa247" member_type: VOTER last_known_addr { host: "127.24.33.67" port: 35103 } } peers { permanent_uuid: "c6ad452ff3b64d949298a50527e1fbb0" member_type: VOTER last_known_addr { host: "127.24.33.65" port: 55934 } }
I0108 18:57:45.363999 30606 leader_election.cc:293] T 50603d14716f4c4bb514a91e103fbf64 P 61b86269d42a403f94c0a049429fa247 [CANDIDATE]: Term 2 election: Requested vote from peers 53135810f2d84759ac110009de750c3d (127.24.33.66:33490), c6ad452ff3b64d949298a50527e1fbb0 (127.24.33.65:55934)
I0108 18:57:45.364095 24867 tablet_service.cc:1319] Received RequestConsensusVote() RPC: tablet_id: "50603d14716f4c4bb514a91e103fbf64" candidate_uuid: "61b86269d42a403f94c0a049429fa247" candidate_term: 2 candidate_status { last_received { term: 1 index: 391854 } } ignore_live_leader: false dest_uuid: "c6ad452ff3b64d949298a50527e1fbb0"
I0108 18:57:45.364095 30552 tablet_service.cc:1319] Received RequestConsensusVote() RPC: tablet_id: "50603d14716f4c4bb514a91e103fbf64" candidate_uuid: "61b86269d42a403f94c0a049429fa247" candidate_term: 2 candidate_status { last_received { term: 1 index: 391854 } } ignore_live_leader: false dest_uuid: "53135810f2d84759ac110009de750c3d"
I0108 18:57:45.364111 30552 raft_consensus.cc:2949] T 50603d14716f4c4bb514a91e103fbf64 P 53135810f2d84759ac110009de750c3d [term 1 FOLLOWER]: Advancing to term 2
I0108 18:57:45.365190 30552 raft_consensus.cc:2396] T 50603d14716f4c4bb514a91e103fbf64 P 53135810f2d84759ac110009de750c3d [term 2 FOLLOWER]: Leader election vote request: Granting yes vote for candidate 61b86269d42a403f94c0a049429fa247 in term 2.
I0108 18:57:45.365268 25050 leader_election.cc:307] T 50603d14716f4c4bb514a91e103fbf64 P 61b86269d42a403f94c0a049429fa247 [CANDIDATE]: Term 2 election: Election decided. Result: candidate won. Election summary: received 3 responses out of 3 voters: 2 yes votes; 1 no votes. yes voters: 53135810f2d84759ac110009de750c3d, 61b86269d42a403f94c0a049429fa247; no voters: c6ad452ff3b64d949298a50527e1fbb0
I0108 18:57:45.365337 30606 raft_consensus.cc:2696] T 50603d14716f4c4bb514a91e103fbf64 P 61b86269d42a403f94c0a049429fa247 [term 2 FOLLOWER]: Leader election won for term 2
I0108 18:57:45.365388 30606 raft_consensus.cc:672] T 50603d14716f4c4bb514a91e103fbf64 P 61b86269d42a403f94c0a049429fa247 [term 2 LEADER]: Becoming Leader. State: Replica: 61b86269d42a403f94c0a049429fa247, State: Running, Role: LEADER
I0108 18:57:45.365442 30606 consensus_queue.cc:206] T 50603d14716f4c4bb514a91e103fbf64 P 61b86269d42a403f94c0a049429fa247 [LEADER]: Queue going to LEADER mode. State: All replicated index: 0, Majority replicated index: 391854, Committed index: 391854, Last appended: 1.391854, Last appended by leader: 391854, Current term: 2, Majority size: 2, State: 0, Mode: LEADER, active raft config: opid_index: -1 OBSOLETE_local: false peers { permanent_uuid: "53135810f2d84759ac110009de750c3d" member_type: VOTER last_known_addr { host: "127.24.33.66" port: 33490 } } peers { permanent_uuid: "61b86269d42a403f94c0a049429fa247" member_type: VOTER last_known_addr { host: "127.24.33.67" port: 35103 } } peers { permanent_uuid: "c6ad452ff3b64d949298a50527e1fbb0" member_type: VOTER last_known_addr { host: "127.24.33.65" port: 55934 } }
I0108 18:57:45.365753 24743 catalog_manager.cc:4143] T 50603d14716f4c4bb514a91e103fbf64 P 61b86269d42a403f94c0a049429fa247 reported cstate change: term changed from 1 to 2, leader changed from 53135810f2d84759ac110009de750c3d (127.24.33.66) to 61b86269d42a403f94c0a049429fa247 (127.24.33.67). New cstate: current_term: 2 leader_uuid: "61b86269d42a403f94c0a049429fa247" committed_config { opid_index: -1 OBSOLETE_local: false peers { permanent_uuid: "53135810f2d84759ac110009de750c3d" member_type: VOTER last_known_addr { host: "127.24.33.66" port: 33490 } health_report { overall_health: UNKNOWN } } peers { permanent_uuid: "61b86269d42a403f94c0a049429fa247" member_type: VOTER last_known_addr { host: "127.24.33.67" port: 35103 } health_report { overall_health: HEALTHY } } peers { permanent_uuid: "c6ad452ff3b64d949298a50527e1fbb0" member_type: VOTER last_known_addr { host: "127.24.33.65" port: 55934 } health_report { overall_health: UNKNOWN } } }
I0108 18:57:45.391695 30609 raft_consensus.cc:477] T 50603d14716f4c4bb514a91e103fbf64 P c6ad452ff3b64d949298a50527e1fbb0 [term 1 FOLLOWER]: Starting pre-election (detected failure of leader 53135810f2d84759ac110009de750c3d)
I0108 18:57:45.391757 30609 raft_consensus.cc:499] T 50603d14716f4c4bb514a91e103fbf64 P c6ad452ff3b64d949298a50527e1fbb0 [term 1 FOLLOWER]: Starting pre-election with config: opid_index: -1 OBSOLETE_local: false peers { permanent_uuid: "53135810f2d84759ac110009de750c3d" member_type: VOTER last_known_addr { host: "127.24.33.66" port: 33490 } } peers { permanent_uuid: "61b86269d42a403f94c0a049429fa247" member_type: VOTER last_known_addr { host: "127.24.33.67" port: 35103 } } peers { permanent_uuid: "c6ad452ff3b64d949298a50527e1fbb0" member_type: VOTER last_known_addr { host: "127.24.33.65" port: 55934 } }
I0108 18:57:45.391804 30609 leader_election.cc:293] T 50603d14716f4c4bb514a91e103fbf64 P c6ad452ff3b64d949298a50527e1fbb0 [CANDIDATE]: Term 2 pre-election: Requested pre-vote from peers 53135810f2d84759ac110009de750c3d (127.24.33.66:33490), 61b86269d42a403f94c0a049429fa247 (127.24.33.67:35103)
I0108 18:57:45.391975 25116 tablet_service.cc:1319] Received RequestConsensusVote() RPC: tablet_id: "50603d14716f4c4bb514a91e103fbf64" candidate_uuid: "c6ad452ff3b64d949298a50527e1fbb0" candidate_term: 2 candidate_status { last_received { term: 1 index: 391854 } } ignore_live_leader: false dest_uuid: "61b86269d42a403f94c0a049429fa247" is_pre_election: true
I0108 18:57:45.391988 30552 tablet_service.cc:1319] Received RequestConsensusVote() RPC: tablet_id: "50603d14716f4c4bb514a91e103fbf64" candidate_uuid: "c6ad452ff3b64d949298a50527e1fbb0" candidate_term: 2 candidate_status { last_received { term: 1 index: 391854 } } ignore_live_leader: false dest_uuid: "53135810f2d84759ac110009de750c3d" is_pre_election: true
I0108 18:57:45.392009 30552 raft_consensus.cc:2321] T 50603d14716f4c4bb514a91e103fbf64 P 53135810f2d84759ac110009de750c3d [term 2 FOLLOWER]: Leader pre-election vote request: Denying vote to candidate c6ad452ff3b64d949298a50527e1fbb0 in current term 2: Already voted for candidate 61b86269d42a403f94c0a049429fa247 in this term.
I0108 18:57:45.392132 24800 leader_election.cc:307] T 50603d14716f4c4bb514a91e103fbf64 P c6ad452ff3b64d949298a50527e1fbb0 [CANDIDATE]: Term 2 pre-election: Election decided. Result: candidate lost. Election summary: received 3 responses out of 3 voters: 1 yes votes; 2 no votes. yes voters: c6ad452ff3b64d949298a50527e1fbb0; no voters: 53135810f2d84759ac110009de750c3d, 61b86269d42a403f94c0a049429fa247
I0108 18:57:45.392181 30609 raft_consensus.cc:2949] T 50603d14716f4c4bb514a91e103fbf64 P c6ad452ff3b64d949298a50527e1fbb0 [term 1 FOLLOWER]: Advancing to term 2
I0108 18:57:45.393153 30609 raft_consensus.cc:2644] T 50603d14716f4c4bb514a91e103fbf64 P c6ad452ff3b64d949298a50527e1fbb0 [term 2 FOLLOWER]: Leader pre-election lost for term 2. Reason: could not achieve majority
I0108 18:57:45.547327 25116 raft_consensus.cc:1195] T fdf8e522824640c3ab9385967c93743a P 61b86269d42a403f94c0a049429fa247 [term 2 FOLLOWER]: Refusing update from remote peer c6ad452ff3b64d949298a50527e1fbb0: Log matching property violated. Preceding OpId in replica: term: 1 index: 383604. Preceding OpId from leader: term: 2 index: 383605. (index mismatch)
I0108 18:57:45.547577 30609 consensus_queue.cc:982] T fdf8e522824640c3ab9385967c93743a P c6ad452ff3b64d949298a50527e1fbb0 [LEADER]: Connected to new peer: Peer: permanent_uuid: "61b86269d42a403f94c0a049429fa247" member_type: VOTER last_known_addr { host: "127.24.33.67" port: 35103 }, Status: LMP_MISMATCH, Last received: 0.0, Next index: 383605, Last known committed idx: 383604, Time since last communication: 0.000s
I0108 18:57:45.548456 30552 raft_consensus.cc:2949] T fdf8e522824640c3ab9385967c93743a P 53135810f2d84759ac110009de750c3d [term 1 FOLLOWER]: Advancing to term 2
I0108 18:57:45.549746 30552 raft_consensus.cc:1195] T fdf8e522824640c3ab9385967c93743a P 53135810f2d84759ac110009de750c3d [term 2 FOLLOWER]: Refusing update from remote peer c6ad452ff3b64d949298a50527e1fbb0: Log matching property violated. Preceding OpId in replica: term: 1 index: 383604. Preceding OpId from leader: term: 2 index: 383605. (index mismatch)
I0108 18:57:45.549886 30624 consensus_queue.cc:982] T fdf8e522824640c3ab9385967c93743a P c6ad452ff3b64d949298a50527e1fbb0 [LEADER]: Connected to new peer: Peer: permanent_uuid: "53135810f2d84759ac110009de750c3d" member_type: VOTER last_known_addr { host: "127.24.33.66" port: 33490 }, Status: LMP_MISMATCH, Last received: 0.0, Next index: 383605, Last known committed idx: 383604, Time since last communication: 0.000s
I0108 18:57:45.821790 30552 raft_consensus.cc:1195] T 50603d14716f4c4bb514a91e103fbf64 P 53135810f2d84759ac110009de750c3d [term 2 FOLLOWER]: Refusing update from remote peer 61b86269d42a403f94c0a049429fa247: Log matching property violated. Preceding OpId in replica: term: 1 index: 391854. Preceding OpId from leader: term: 2 index: 391855. (index mismatch)
I0108 18:57:45.822036 30606 consensus_queue.cc:982] T 50603d14716f4c4bb514a91e103fbf64 P 61b86269d42a403f94c0a049429fa247 [LEADER]: Connected to new peer: Peer: permanent_uuid: "53135810f2d84759ac110009de750c3d" member_type: VOTER last_known_addr { host: "127.24.33.66" port: 33490 }, Status: LMP_MISMATCH, Last received: 0.0, Next index: 391855, Last known committed idx: 391854, Time since last communication: 0.000s
I0108 18:57:45.822770 24867 raft_consensus.cc:1195] T 50603d14716f4c4bb514a91e103fbf64 P c6ad452ff3b64d949298a50527e1fbb0 [term 2 FOLLOWER]: Refusing update from remote peer 61b86269d42a403f94c0a049429fa247: Log matching property violated. Preceding OpId in replica: term: 1 index: 391854. Preceding OpId from leader: term: 2 index: 391855. (index mismatch)
I0108 18:57:45.822897 30630 consensus_queue.cc:982] T 50603d14716f4c4bb514a91e103fbf64 P 61b86269d42a403f94c0a049429fa247 [LEADER]: Connected to new peer: Peer: permanent_uuid: "c6ad452ff3b64d949298a50527e1fbb0" member_type: VOTER last_known_addr { host: "127.24.33.65" port: 55934 }, Status: LMP_MISMATCH, Last received: 0.0, Next index: 391855, Last known committed idx: 391854, Time since last communication: 0.000s
I0108 18:58:06.289485 24709 linked_list-test-util.h:876] Done collecting results (7332500 rows in 22305.6ms)
I0108 18:58:07.151170 24709 linked_list-test-util.h:667] Snapshot: P: 1578537861018563 usec, L: 1 verified. Result: OK
I0108 18:58:07.151769 24709 linked_list-test-util.h:620] Verifying Snapshot: P: 1578538161018821 usec, L: 1 Expected Rows: 13799750
I0108 18:58:07.152911 24709 linked_list-test-util.h:639] Calling callback on tserver 61b86269d42a403f94c0a049429fa247
I0108 18:58:44.100304 24709 linked_list-test-util.h:876] Done collecting results (13799750 rows in 36947.4ms)
I0108 18:58:45.820745 24709 linked_list-test-util.h:667] Snapshot: P: 1578538161018821 usec, L: 1 verified. Result: OK
I0108 18:58:45.821255 24709 linked_list-test-util.h:620] Verifying Snapshot: P: 1578538461013192 usec, L: 1 Expected Rows: 19548500
I0108 18:58:45.851281 24709 linked_list-test-util.h:639] Calling callback on tserver c6ad452ff3b64d949298a50527e1fbb0
I0108 18:59:23.151772 24709 linked_list-test-util.h:876] Done collecting results (19548500 rows in 37300.5ms)
I0108 18:59:25.614094 24709 linked_list-test-util.h:667] Snapshot: P: 1578538461013192 usec, L: 1 verified. Result: OK
I0108 18:59:25.614648 24709 linked_list-test-util.h:620] Verifying Snapshot: NOW Expected Rows: 19548500
I0108 18:59:45.380034 24736 maintenance_manager.cc:326] P 86570b464d814d0eb2725157358e3a2f: Scheduling FlushDeltaMemStoresOp(00000000000000000000000000000000): perf score=0.033357
I0108 18:59:45.381129 24735 maintenance_manager.cc:527] P 86570b464d814d0eb2725157358e3a2f: FlushDeltaMemStoresOp(00000000000000000000000000000000) complete. Timing: real 0.001s user 0.000s sys 0.000s Metrics: {"bytes_written":434,"delete_count":0,"lbm_write_time_us":37,"lbm_writes_lt_1ms":4,"reinsert_count":0,"thread_start_us":29,"threads_started":1,"update_count":1,"wal-append.queue_time_us":51}
I0108 18:59:45.381186 24736 maintenance_manager.cc:326] P 86570b464d814d0eb2725157358e3a2f: Scheduling MajorDeltaCompactionOp(00000000000000000000000000000000): perf score=0.283630
I0108 18:59:45.382055 24735 maintenance_manager.cc:527] P 86570b464d814d0eb2725157358e3a2f: MajorDeltaCompactionOp(00000000000000000000000000000000) complete. Timing: real 0.001s user 0.000s sys 0.001s Metrics: {"cfile_cache_hit":5,"cfile_cache_hit_bytes":2957,"cfile_cache_miss":2,"cfile_cache_miss_bytes":333,"cfile_init":2,"delete_count":0,"delta_blocks_compacted":2,"delta_iterators_relevant":2,"dirs.queue_time_us":43,"lbm_read_time_us":18,"lbm_reads_lt_1ms":10,"lbm_write_time_us":46,"lbm_writes_lt_1ms":9,"reinsert_count":0,"spinlock_wait_cycles":384,"thread_start_us":40,"threads_started":2,"update_count":2}
I0108 18:59:45.382128 24736 maintenance_manager.cc:326] P 86570b464d814d0eb2725157358e3a2f: Scheduling MinorDeltaCompactionOp(00000000000000000000000000000000): perf score=0.002000
I0108 18:59:45.382184 24735 maintenance_manager.cc:527] P 86570b464d814d0eb2725157358e3a2f: MinorDeltaCompactionOp(00000000000000000000000000000000) complete. Timing: real 0.000s user 0.000s sys 0.000s Metrics: {}
I0108 19:00:00.372344 24709 linked_list-test-util.h:876] Done collecting results (19548500 rows in 34368.3ms)
I0108 19:00:02.805306 24709 linked_list-test-util.h:667] Snapshot: NOW verified. Result: OK
I0108 19:00:02.805369 24709 linked_list-test-util.h:801] Successfully verified 19548500 rows
I0108 19:00:02.805440 24709 linked_list-test.cc:204] Done with tserver restart test.
I0108 19:00:02.809904 24709 linked_list-test.cc:210] Will kill the tablet server during verification scan.
I0108 19:00:02.810282 24709 linked_list-test-util.h:620] Verifying Snapshot: P: 1578537861018563 usec, L: 1 Expected Rows: 7332500
I0108 19:00:02.811197 24709 linked_list-test-util.h:639] Calling callback on tserver c6ad452ff3b64d949298a50527e1fbb0
I0108 19:00:02.811256 24709 external_mini_cluster.cc:1241] Killing /data/somelongdirectorytoavoidrpathissues/src/kudu/build/release/bin/kudu-tserver with pid 24790
I0108 19:00:02.854693 24709 meta_cache.cc:1038] Marking tablet server c6ad452ff3b64d949298a50527e1fbb0 (127.24.33.65:55934) as failed.
W0108 19:00:02.854751 24709 meta_cache.cc:234] Tablet 50603d14716f4c4bb514a91e103fbf64: Replica c6ad452ff3b64d949298a50527e1fbb0 (127.24.33.65:55934) has failed: Network error: TS failed: Client connection negotiation failed: client connection to 127.24.33.65:55934: connect: Connection refused (error 111)
W0108 19:00:02.854773 24709 client.cc:1692] Attempting to retry Scanner { table: TestTable, tablet: 50603d14716f4c4bb514a91e103fbf64, projection: ( rand_key INT64 NOT NULL, link_to INT64 NOT NULL, updated BOOL NOT NULL, PRIMARY KEY () ), scan_spec: } elsewhere.
W0108 19:00:03.147378 25049 consensus_peers.cc:473] T dbe8c3d61048482fb282021487b845a6 P 61b86269d42a403f94c0a049429fa247 -> Peer c6ad452ff3b64d949298a50527e1fbb0 (127.24.33.65:55934): Couldn't send request to peer c6ad452ff3b64d949298a50527e1fbb0. Status: Network error: Client connection negotiation failed: client connection to 127.24.33.65:55934: connect: Connection refused (error 111). This is attempt 1: this message will repeat every 5th retry.
W0108 19:00:03.343072 25049 consensus_peers.cc:473] T 50603d14716f4c4bb514a91e103fbf64 P 61b86269d42a403f94c0a049429fa247 -> Peer c6ad452ff3b64d949298a50527e1fbb0 (127.24.33.65:55934): Couldn't send request to peer c6ad452ff3b64d949298a50527e1fbb0. Status: Network error: Client connection negotiation failed: client connection to 127.24.33.65:55934: connect: Connection refused (error 111). This is attempt 1: this message will repeat every 5th retry.
I0108 19:00:03.849344 30804 raft_consensus.cc:477] T fdf8e522824640c3ab9385967c93743a P 61b86269d42a403f94c0a049429fa247 [term 2 FOLLOWER]: Starting pre-election (detected failure of leader c6ad452ff3b64d949298a50527e1fbb0)
I0108 19:00:03.849413 30804 raft_consensus.cc:499] T fdf8e522824640c3ab9385967c93743a P 61b86269d42a403f94c0a049429fa247 [term 2 FOLLOWER]: Starting pre-election with config: opid_index: -1 OBSOLETE_local: false peers { permanent_uuid: "53135810f2d84759ac110009de750c3d" member_type: VOTER last_known_addr { host: "127.24.33.66" port: 33490 } } peers { permanent_uuid: "c6ad452ff3b64d949298a50527e1fbb0" member_type: VOTER last_known_addr { host: "127.24.33.65" port: 55934 } } peers { permanent_uuid: "61b86269d42a403f94c0a049429fa247" member_type: VOTER last_known_addr { host: "127.24.33.67" port: 35103 } }
I0108 19:00:03.849515 30804 leader_election.cc:293] T fdf8e522824640c3ab9385967c93743a P 61b86269d42a403f94c0a049429fa247 [CANDIDATE]: Term 3 pre-election: Requested pre-vote from peers 53135810f2d84759ac110009de750c3d (127.24.33.66:33490), c6ad452ff3b64d949298a50527e1fbb0 (127.24.33.65:55934)
I0108 19:00:03.849655 30551 tablet_service.cc:1319] Received RequestConsensusVote() RPC: tablet_id: "fdf8e522824640c3ab9385967c93743a" candidate_uuid: "61b86269d42a403f94c0a049429fa247" candidate_term: 3 candidate_status { last_received { term: 2 index: 383605 } } ignore_live_leader: false dest_uuid: "53135810f2d84759ac110009de750c3d" is_pre_election: true
W0108 19:00:03.849697 25049 leader_election.cc:339] T fdf8e522824640c3ab9385967c93743a P 61b86269d42a403f94c0a049429fa247 [CANDIDATE]: Term 3 pre-election: RPC error from VoteRequest() call to peer c6ad452ff3b64d949298a50527e1fbb0 (127.24.33.65:55934): Network error: Client connection negotiation failed: client connection to 127.24.33.65:55934: connect: Connection refused (error 111)
I0108 19:00:03.849797 25050 leader_election.cc:307] T fdf8e522824640c3ab9385967c93743a P 61b86269d42a403f94c0a049429fa247 [CANDIDATE]: Term 3 pre-election: Election decided. Result: candidate lost. Election summary: received 3 responses out of 3 voters: 1 yes votes; 2 no votes. yes voters: 61b86269d42a403f94c0a049429fa247; no voters: 53135810f2d84759ac110009de750c3d, c6ad452ff3b64d949298a50527e1fbb0
I0108 19:00:03.849859 30804 raft_consensus.cc:2644] T fdf8e522824640c3ab9385967c93743a P 61b86269d42a403f94c0a049429fa247 [term 2 FOLLOWER]: Leader pre-election lost for term 3. Reason: could not achieve majority
I0108 19:00:04.215574 30805 raft_consensus.cc:477] T fdf8e522824640c3ab9385967c93743a P 53135810f2d84759ac110009de750c3d [term 2 FOLLOWER]: Starting pre-election (detected failure of leader c6ad452ff3b64d949298a50527e1fbb0)
I0108 19:00:04.215656 30805 raft_consensus.cc:499] T fdf8e522824640c3ab9385967c93743a P 53135810f2d84759ac110009de750c3d [term 2 FOLLOWER]: Starting pre-election with config: opid_index: -1 OBSOLETE_local: false peers { permanent_uuid: "53135810f2d84759ac110009de750c3d" member_type: VOTER last_known_addr { host: "127.24.33.66" port: 33490 } } peers { permanent_uuid: "c6ad452ff3b64d949298a50527e1fbb0" member_type: VOTER last_known_addr { host: "127.24.33.65" port: 55934 } } peers { permanent_uuid: "61b86269d42a403f94c0a049429fa247" member_type: VOTER last_known_addr { host: "127.24.33.67" port: 35103 } }
I0108 19:00:04.215778 30805 leader_election.cc:293] T fdf8e522824640c3ab9385967c93743a P 53135810f2d84759ac110009de750c3d [CANDIDATE]: Term 3 pre-election: Requested pre-vote from peers c6ad452ff3b64d949298a50527e1fbb0 (127.24.33.65:55934), 61b86269d42a403f94c0a049429fa247 (127.24.33.67:35103)
W0108 19:00:04.216012 30482 leader_election.cc:339] T fdf8e522824640c3ab9385967c93743a P 53135810f2d84759ac110009de750c3d [CANDIDATE]: Term 3 pre-election: RPC error from VoteRequest() call to peer c6ad452ff3b64d949298a50527e1fbb0 (127.24.33.65:55934): Network error: Client connection negotiation failed: client connection to 127.24.33.65:55934: connect: Connection refused (error 111)
I0108 19:00:04.217977 25116 tablet_service.cc:1319] Received RequestConsensusVote() RPC: tablet_id: "fdf8e522824640c3ab9385967c93743a" candidate_uuid: "53135810f2d84759ac110009de750c3d" candidate_term: 3 candidate_status { last_received { term: 2 index: 383605 } } ignore_live_leader: false dest_uuid: "61b86269d42a403f94c0a049429fa247" is_pre_election: true
I0108 19:00:04.218003 25116 raft_consensus.cc:2396] T fdf8e522824640c3ab9385967c93743a P 61b86269d42a403f94c0a049429fa247 [term 2 FOLLOWER]: Leader pre-election vote request: Granting yes vote for candidate 53135810f2d84759ac110009de750c3d in term 2.
I0108 19:00:04.218082 30481 leader_election.cc:307] T fdf8e522824640c3ab9385967c93743a P 53135810f2d84759ac110009de750c3d [CANDIDATE]: Term 3 pre-election: Election decided. Result: candidate won. Election summary: received 3 responses out of 3 voters: 2 yes votes; 1 no votes. yes voters: 53135810f2d84759ac110009de750c3d, 61b86269d42a403f94c0a049429fa247; no voters: c6ad452ff3b64d949298a50527e1fbb0
I0108 19:00:04.218135 30805 raft_consensus.cc:2696] T fdf8e522824640c3ab9385967c93743a P 53135810f2d84759ac110009de750c3d [term 2 FOLLOWER]: Leader pre-election won for term 3
I0108 19:00:04.218150 30805 raft_consensus.cc:477] T fdf8e522824640c3ab9385967c93743a P 53135810f2d84759ac110009de750c3d [term 2 FOLLOWER]: Starting leader election (detected failure of leader c6ad452ff3b64d949298a50527e1fbb0)
I0108 19:00:04.218158 30805 raft_consensus.cc:2949] T fdf8e522824640c3ab9385967c93743a P 53135810f2d84759ac110009de750c3d [term 2 FOLLOWER]: Advancing to term 3
I0108 19:00:04.218721 30805 raft_consensus.cc:499] T fdf8e522824640c3ab9385967c93743a P 53135810f2d84759ac110009de750c3d [term 3 FOLLOWER]: Starting leader election with config: opid_index: -1 OBSOLETE_local: false peers { permanent_uuid: "53135810f2d84759ac110009de750c3d" member_type: VOTER last_known_addr { host: "127.24.33.66" port: 33490 } } peers { permanent_uuid: "c6ad452ff3b64d949298a50527e1fbb0" member_type: VOTER last_known_addr { host: "127.24.33.65" port: 55934 } } peers { permanent_uuid: "61b86269d42a403f94c0a049429fa247" member_type: VOTER last_known_addr { host: "127.24.33.67" port: 35103 } }
I0108 19:00:04.218765 30805 leader_election.cc:293] T fdf8e522824640c3ab9385967c93743a P 53135810f2d84759ac110009de750c3d [CANDIDATE]: Term 3 election: Requested vote from peers c6ad452ff3b64d949298a50527e1fbb0 (127.24.33.65:55934), 61b86269d42a403f94c0a049429fa247 (127.24.33.67:35103)
I0108 19:00:04.218863 25116 tablet_service.cc:1319] Received RequestConsensusVote() RPC: tablet_id: "fdf8e522824640c3ab9385967c93743a" candidate_uuid: "53135810f2d84759ac110009de750c3d" candidate_term: 3 candidate_status { last_received { term: 2 index: 383605 } } ignore_live_leader: false dest_uuid: "61b86269d42a403f94c0a049429fa247"
I0108 19:00:04.218878 25116 raft_consensus.cc:2949] T fdf8e522824640c3ab9385967c93743a P 61b86269d42a403f94c0a049429fa247 [term 2 FOLLOWER]: Advancing to term 3
W0108 19:00:04.218889 30482 leader_election.cc:339] T fdf8e522824640c3ab9385967c93743a P 53135810f2d84759ac110009de750c3d [CANDIDATE]: Term 3 election: RPC error from VoteRequest() call to peer c6ad452ff3b64d949298a50527e1fbb0 (127.24.33.65:55934): Network error: Client connection negotiation failed: client connection to 127.24.33.65:55934: connect: Connection refused (error 111)
I0108 19:00:04.221024 25116 raft_consensus.cc:2396] T fdf8e522824640c3ab9385967c93743a P 61b86269d42a403f94c0a049429fa247 [term 3 FOLLOWER]: Leader election vote request: Granting yes vote for candidate 53135810f2d84759ac110009de750c3d in term 3.
I0108 19:00:04.221101 30481 leader_election.cc:307] T fdf8e522824640c3ab9385967c93743a P 53135810f2d84759ac110009de750c3d [CANDIDATE]: Term 3 election: Election decided. Result: candidate won. Election summary: received 3 responses out of 3 voters: 2 yes votes; 1 no votes. yes voters: 53135810f2d84759ac110009de750c3d, 61b86269d42a403f94c0a049429fa247; no voters: c6ad452ff3b64d949298a50527e1fbb0
I0108 19:00:04.221148 30805 raft_consensus.cc:2696] T fdf8e522824640c3ab9385967c93743a P 53135810f2d84759ac110009de750c3d [term 3 FOLLOWER]: Leader election won for term 3
I0108 19:00:04.221216 30805 raft_consensus.cc:672] T fdf8e522824640c3ab9385967c93743a P 53135810f2d84759ac110009de750c3d [term 3 LEADER]: Becoming Leader. State: Replica: 53135810f2d84759ac110009de750c3d, State: Running, Role: LEADER
I0108 19:00:04.221274 30805 consensus_queue.cc:206] T fdf8e522824640c3ab9385967c93743a P 53135810f2d84759ac110009de750c3d [LEADER]: Queue going to LEADER mode. State: All replicated index: 0, Majority replicated index: 383605, Committed index: 383605, Last appended: 2.383605, Last appended by leader: 383605, Current term: 3, Majority size: 2, State: 0, Mode: LEADER, active raft config: opid_index: -1 OBSOLETE_local: false peers { permanent_uuid: "53135810f2d84759ac110009de750c3d" member_type: VOTER last_known_addr { host: "127.24.33.66" port: 33490 } } peers { permanent_uuid: "c6ad452ff3b64d949298a50527e1fbb0" member_type: VOTER last_known_addr { host: "127.24.33.65" port: 55934 } } peers { permanent_uuid: "61b86269d42a403f94c0a049429fa247" member_type: VOTER last_known_addr { host: "127.24.33.67" port: 35103 } }
I0108 19:00:04.221675 24746 catalog_manager.cc:4143] T fdf8e522824640c3ab9385967c93743a P 53135810f2d84759ac110009de750c3d reported cstate change: term changed from 2 to 3, leader changed from c6ad452ff3b64d949298a50527e1fbb0 (127.24.33.65) to 53135810f2d84759ac110009de750c3d (127.24.33.66). New cstate: current_term: 3 leader_uuid: "53135810f2d84759ac110009de750c3d" committed_config { opid_index: -1 OBSOLETE_local: false peers { permanent_uuid: "53135810f2d84759ac110009de750c3d" member_type: VOTER last_known_addr { host: "127.24.33.66" port: 33490 } health_report { overall_health: HEALTHY } } peers { permanent_uuid: "c6ad452ff3b64d949298a50527e1fbb0" member_type: VOTER last_known_addr { host: "127.24.33.65" port: 55934 } health_report { overall_health: UNKNOWN } } peers { permanent_uuid: "61b86269d42a403f94c0a049429fa247" member_type: VOTER last_known_addr { host: "127.24.33.67" port: 35103 } health_report { overall_health: UNKNOWN } } }
I0108 19:00:04.668687 25116 raft_consensus.cc:1195] T fdf8e522824640c3ab9385967c93743a P 61b86269d42a403f94c0a049429fa247 [term 3 FOLLOWER]: Refusing update from remote peer 53135810f2d84759ac110009de750c3d: Log matching property violated. Preceding OpId in replica: term: 2 index: 383605. Preceding OpId from leader: term: 3 index: 383606. (index mismatch)
I0108 19:00:04.668937 30805 consensus_queue.cc:982] T fdf8e522824640c3ab9385967c93743a P 53135810f2d84759ac110009de750c3d [LEADER]: Connected to new peer: Peer: permanent_uuid: "61b86269d42a403f94c0a049429fa247" member_type: VOTER last_known_addr { host: "127.24.33.67" port: 35103 }, Status: LMP_MISMATCH, Last received: 0.0, Next index: 383606, Last known committed idx: 383605, Time since last communication: 0.000s
W0108 19:00:04.669813 30482 consensus_peers.cc:473] T fdf8e522824640c3ab9385967c93743a P 53135810f2d84759ac110009de750c3d -> Peer c6ad452ff3b64d949298a50527e1fbb0 (127.24.33.65:55934): Couldn't send request to peer c6ad452ff3b64d949298a50527e1fbb0. Status: Network error: Client connection negotiation failed: client connection to 127.24.33.65:55934: connect: Connection refused (error 111). This is attempt 1: this message will repeat every 5th retry.
W0108 19:00:05.510795 25049 consensus_peers.cc:473] T dbe8c3d61048482fb282021487b845a6 P 61b86269d42a403f94c0a049429fa247 -> Peer c6ad452ff3b64d949298a50527e1fbb0 (127.24.33.65:55934): Couldn't send request to peer c6ad452ff3b64d949298a50527e1fbb0. Status: Network error: Client connection negotiation failed: client connection to 127.24.33.65:55934: connect: Connection refused (error 111). This is attempt 6: this message will repeat every 5th retry.
W0108 19:00:05.956418 25049 consensus_peers.cc:473] T 50603d14716f4c4bb514a91e103fbf64 P 61b86269d42a403f94c0a049429fa247 -> Peer c6ad452ff3b64d949298a50527e1fbb0 (127.24.33.65:55934): Couldn't send request to peer c6ad452ff3b64d949298a50527e1fbb0. Status: Network error: Client connection negotiation failed: client connection to 127.24.33.65:55934: connect: Connection refused (error 111). This is attempt 6: this message will repeat every 5th retry.
W0108 19:00:07.220021 30482 consensus_peers.cc:473] T fdf8e522824640c3ab9385967c93743a P 53135810f2d84759ac110009de750c3d -> Peer c6ad452ff3b64d949298a50527e1fbb0 (127.24.33.65:55934): Couldn't send request to peer c6ad452ff3b64d949298a50527e1fbb0. Status: Network error: Client connection negotiation failed: client connection to 127.24.33.65:55934: connect: Connection refused (error 111). This is attempt 6: this message will repeat every 5th retry.
W0108 19:00:07.777657 25049 consensus_peers.cc:473] T dbe8c3d61048482fb282021487b845a6 P 61b86269d42a403f94c0a049429fa247 -> Peer c6ad452ff3b64d949298a50527e1fbb0 (127.24.33.65:55934): Couldn't send request to peer c6ad452ff3b64d949298a50527e1fbb0. Status: Network error: Client connection negotiation failed: client connection to 127.24.33.65:55934: connect: Connection refused (error 111). This is attempt 11: this message will repeat every 5th retry.
W0108 19:00:08.307332 25049 consensus_peers.cc:473] T 50603d14716f4c4bb514a91e103fbf64 P 61b86269d42a403f94c0a049429fa247 -> Peer c6ad452ff3b64d949298a50527e1fbb0 (127.24.33.65:55934): Couldn't send request to peer c6ad452ff3b64d949298a50527e1fbb0. Status: Network error: Client connection negotiation failed: client connection to 127.24.33.65:55934: connect: Connection refused (error 111). This is attempt 11: this message will repeat every 5th retry.
W0108 19:00:09.952090 30482 consensus_peers.cc:473] T fdf8e522824640c3ab9385967c93743a P 53135810f2d84759ac110009de750c3d -> Peer c6ad452ff3b64d949298a50527e1fbb0 (127.24.33.65:55934): Couldn't send request to peer c6ad452ff3b64d949298a50527e1fbb0. Status: Network error: Client connection negotiation failed: client connection to 127.24.33.65:55934: connect: Connection refused (error 111). This is attempt 11: this message will repeat every 5th retry.
W0108 19:00:09.989089 25049 consensus_peers.cc:473] T dbe8c3d61048482fb282021487b845a6 P 61b86269d42a403f94c0a049429fa247 -> Peer c6ad452ff3b64d949298a50527e1fbb0 (127.24.33.65:55934): Couldn't send request to peer c6ad452ff3b64d949298a50527e1fbb0. Status: Network error: Client connection negotiation failed: client connection to 127.24.33.65:55934: connect: Connection refused (error 111). This is attempt 16: this message will repeat every 5th retry.
W0108 19:00:10.827406 25049 consensus_peers.cc:473] T 50603d14716f4c4bb514a91e103fbf64 P 61b86269d42a403f94c0a049429fa247 -> Peer c6ad452ff3b64d949298a50527e1fbb0 (127.24.33.65:55934): Couldn't send request to peer c6ad452ff3b64d949298a50527e1fbb0. Status: Network error: Client connection negotiation failed: client connection to 127.24.33.65:55934: connect: Connection refused (error 111). This is attempt 16: this message will repeat every 5th retry.
W0108 19:00:12.311389 30482 consensus_peers.cc:473] T fdf8e522824640c3ab9385967c93743a P 53135810f2d84759ac110009de750c3d -> Peer c6ad452ff3b64d949298a50527e1fbb0 (127.24.33.65:55934): Couldn't send request to peer c6ad452ff3b64d949298a50527e1fbb0. Status: Network error: Client connection negotiation failed: client connection to 127.24.33.65:55934: connect: Connection refused (error 111). This is attempt 16: this message will repeat every 5th retry.
W0108 19:00:12.663727 25049 consensus_peers.cc:473] T dbe8c3d61048482fb282021487b845a6 P 61b86269d42a403f94c0a049429fa247 -> Peer c6ad452ff3b64d949298a50527e1fbb0 (127.24.33.65:55934): Couldn't send request to peer c6ad452ff3b64d949298a50527e1fbb0. Status: Network error: Client connection negotiation failed: client connection to 127.24.33.65:55934: connect: Connection refused (error 111). This is attempt 21: this message will repeat every 5th retry.
W0108 19:00:13.291499 25049 consensus_peers.cc:473] T 50603d14716f4c4bb514a91e103fbf64 P 61b86269d42a403f94c0a049429fa247 -> Peer c6ad452ff3b64d949298a50527e1fbb0 (127.24.33.65:55934): Couldn't send request to peer c6ad452ff3b64d949298a50527e1fbb0. Status: Network error: Client connection negotiation failed: client connection to 127.24.33.65:55934: connect: Connection refused (error 111). This is attempt 21: this message will repeat every 5th retry.
W0108 19:00:14.583073 30482 consensus_peers.cc:473] T fdf8e522824640c3ab9385967c93743a P 53135810f2d84759ac110009de750c3d -> Peer c6ad452ff3b64d949298a50527e1fbb0 (127.24.33.65:55934): Couldn't send request to peer c6ad452ff3b64d949298a50527e1fbb0. Status: Network error: Client connection negotiation failed: client connection to 127.24.33.65:55934: connect: Connection refused (error 111). This is attempt 21: this message will repeat every 5th retry.
W0108 19:00:15.317459 25049 consensus_peers.cc:473] T dbe8c3d61048482fb282021487b845a6 P 61b86269d42a403f94c0a049429fa247 -> Peer c6ad452ff3b64d949298a50527e1fbb0 (127.24.33.65:55934): Couldn't send request to peer c6ad452ff3b64d949298a50527e1fbb0. Status: Network error: Client connection negotiation failed: client connection to 127.24.33.65:55934: connect: Connection refused (error 111). This is attempt 26: this message will repeat every 5th retry.
W0108 19:00:15.663702 25049 consensus_peers.cc:473] T 50603d14716f4c4bb514a91e103fbf64 P 61b86269d42a403f94c0a049429fa247 -> Peer c6ad452ff3b64d949298a50527e1fbb0 (127.24.33.65:55934): Couldn't send request to peer c6ad452ff3b64d949298a50527e1fbb0. Status: Network error: Client connection negotiation failed: client connection to 127.24.33.65:55934: connect: Connection refused (error 111). This is attempt 26: this message will repeat every 5th retry.
W0108 19:00:17.145876 30482 consensus_peers.cc:473] T fdf8e522824640c3ab9385967c93743a P 53135810f2d84759ac110009de750c3d -> Peer c6ad452ff3b64d949298a50527e1fbb0 (127.24.33.65:55934): Couldn't send request to peer c6ad452ff3b64d949298a50527e1fbb0. Status: Network error: Client connection negotiation failed: client connection to 127.24.33.65:55934: connect: Connection refused (error 111). This is attempt 26: this message will repeat every 5th retry.
W0108 19:00:17.957842 25049 consensus_peers.cc:473] T dbe8c3d61048482fb282021487b845a6 P 61b86269d42a403f94c0a049429fa247 -> Peer c6ad452ff3b64d949298a50527e1fbb0 (127.24.33.65:55934): Couldn't send request to peer c6ad452ff3b64d949298a50527e1fbb0. Status: Network error: Client connection negotiation failed: client connection to 127.24.33.65:55934: connect: Connection refused (error 111). This is attempt 31: this message will repeat every 5th retry.
W0108 19:00:18.279011 25049 consensus_peers.cc:473] T 50603d14716f4c4bb514a91e103fbf64 P 61b86269d42a403f94c0a049429fa247 -> Peer c6ad452ff3b64d949298a50527e1fbb0 (127.24.33.65:55934): Couldn't send request to peer c6ad452ff3b64d949298a50527e1fbb0. Status: Network error: Client connection negotiation failed: client connection to 127.24.33.65:55934: connect: Connection refused (error 111). This is attempt 31: this message will repeat every 5th retry.
