I0108 18:53:18.753314 25162 maintenance_manager.cc:326] P 61b86269d42a403f94c0a049429fa247: Scheduling CompactRowSetsOp(50603d14716f4c4bb514a91e103fbf64): perf score=0.351488 ------------------------------------------------------------ Histogram for latency of insert operations (microseconds) Note: each insert is a batch of 50 rows. ------------------------------------------------------------ Count: 370000 Mean: 2124.76 Percentiles: 0% (min) = 804 25% = 1511 50% (med) = 1721 75% = 2028 95% = 2942 99% = 8936 99.9% = 52128 99.99% = 156672 100% (max) = 2453906 *NOTE: some values were greater than highest trackable value
I0108 18:53:21.067364 24709 linked_list-test-util.h:519] Written 18500000 rows in chain
I0108 18:53:41.535008 24932 maintenance_manager.cc:527] P 53135810f2d84759ac110009de750c3d: CompactRowSetsOp(50603d14716f4c4bb514a91e103fbf64) complete. Timing: real 42.691s user 9.980s sys 1.018s Metrics: {"bytes_written":134496055,"cfile_cache_hit":164,"cfile_cache_hit_bytes":20679018,"cfile_cache_miss":17742,"cfile_cache_miss_bytes":535556676,"cfile_init":18,"delta_iterators_relevant":8,"dirs.queue_time_us":26154,"dirs.run_cpu_time_us":478,"dirs.run_wall_time_us":124958,"drs_written":4,"lbm_read_time_us":9636817,"lbm_reads_1-10_ms":330,"lbm_reads_10-100_ms":198,"lbm_reads_gt_100_ms":8,"lbm_reads_lt_1ms":17278,"lbm_write_time_us":2554298,"lbm_writes_1-10_ms":247,"lbm_writes_10-100_ms":33,"lbm_writes_gt_100_ms":1,"lbm_writes_lt_1ms":13180,"num_input_rowsets":4,"rows_written":7602283,"spinlock_wait_cycles":348353152,"thread_start_us":381,"threads_started":12}
I0108 18:53:41.535204 25038 maintenance_manager.cc:326] P 53135810f2d84759ac110009de750c3d: Scheduling UndoDeltaBlockGCOp(50603d14716f4c4bb514a91e103fbf64): 246886739 bytes on disk
I0108 18:53:41.735687 24932 maintenance_manager.cc:527] P 53135810f2d84759ac110009de750c3d: UndoDeltaBlockGCOp(50603d14716f4c4bb514a91e103fbf64) complete. Timing: real 0.200s user 0.001s sys 0.000s Metrics: {"cfile_init":7,"lbm_read_time_us":200152,"lbm_reads_1-10_ms":2,"lbm_reads_10-100_ms":5,"lbm_reads_lt_1ms":21}
I0108 18:53:41.735824 25038 maintenance_manager.cc:326] P 53135810f2d84759ac110009de750c3d: Scheduling FlushMRSOp(dbe8c3d61048482fb282021487b845a6): perf score=0.035661
I0108 18:53:42.093255 24807 maintenance_manager.cc:527] P c6ad452ff3b64d949298a50527e1fbb0: CompactRowSetsOp(50603d14716f4c4bb514a91e103fbf64) complete. Timing: real 42.646s user 9.767s sys 0.996s Metrics: {"bytes_written":134500325,"cfile_cache_hit":188,"cfile_cache_hit_bytes":24260909,"cfile_cache_miss":17724,"cfile_cache_miss_bytes":532082373,"cfile_init":17,"delta_iterators_relevant":8,"dirs.queue_time_us":20868,"dirs.run_cpu_time_us":591,"dirs.run_wall_time_us":332498,"drs_written":5,"lbm_read_time_us":9805722,"lbm_reads_1-10_ms":303,"lbm_reads_10-100_ms":213,"lbm_reads_gt_100_ms":11,"lbm_reads_lt_1ms":17265,"lbm_write_time_us":2919976,"lbm_writes_1-10_ms":236,"lbm_writes_10-100_ms":43,"lbm_writes_gt_100_ms":3,"lbm_writes_lt_1ms":13208,"num_input_rowsets":4,"rows_written":7602334,"spinlock_wait_cycles":151526528,"thread_start_us":656,"threads_started":13}
I0108 18:53:42.093430 24913 maintenance_manager.cc:326] P c6ad452ff3b64d949298a50527e1fbb0: Scheduling UndoDeltaBlockGCOp(50603d14716f4c4bb514a91e103fbf64): 163695840 bytes on disk
I0108 18:53:42.093559 24807 maintenance_manager.cc:527] P c6ad452ff3b64d949298a50527e1fbb0: UndoDeltaBlockGCOp(50603d14716f4c4bb514a91e103fbf64) complete. Timing: real 0.000s user 0.000s sys 0.000s Metrics: {"cfile_init":5,"lbm_read_time_us":32,"lbm_reads_lt_1ms":20}
I0108 18:53:42.093601 24913 maintenance_manager.cc:326] P c6ad452ff3b64d949298a50527e1fbb0: Scheduling FlushMRSOp(fdf8e522824640c3ab9385967c93743a): perf score=0.038807
I0108 18:53:44.510897 24807 maintenance_manager.cc:527] P c6ad452ff3b64d949298a50527e1fbb0: FlushMRSOp(fdf8e522824640c3ab9385967c93743a) complete. Timing: real 2.417s user 0.479s sys 0.021s Metrics: {"bytes_written":7987206,"cfile_init":1,"delete_count":0,"dirs.queue_time_us":75,"dirs.run_cpu_time_us":215,"dirs.run_wall_time_us":421569,"drs_written":1,"lbm_read_time_us":7,"lbm_reads_lt_1ms":4,"lbm_write_time_us":1861487,"lbm_writes_1-10_ms":5,"lbm_writes_10-100_ms":47,"lbm_writes_gt_100_ms":1,"lbm_writes_lt_1ms":768,"reinsert_count":0,"rows_written":453905,"thread_start_us":35,"threads_started":1,"update_count":9}
I0108 18:53:44.511047 24913 maintenance_manager.cc:326] P c6ad452ff3b64d949298a50527e1fbb0: Scheduling LogGCOp(fdf8e522824640c3ab9385967c93743a): free 33584741 bytes of WAL
I0108 18:53:44.511139 24807 log_reader.cc:379] T fdf8e522824640c3ab9385967c93743a: removed 4 log segments from log reader
I0108 18:53:44.511152 24807 log.cc:1062] T fdf8e522824640c3ab9385967c93743a P c6ad452ff3b64d949298a50527e1fbb0: Deleting log segment in path: /data/somelongdirectorytoavoidrpathissues/src/kudutest/linked_list-test.LinkedListTest.TestLoadAndVerify.1578537560432831-24709/linked-list-cluster/ts-0/wal/wals/fdf8e522824640c3ab9385967c93743a/wal-000000026 (ops 310924-323397)
I0108 18:53:44.511186 24807 log.cc:1062] T fdf8e522824640c3ab9385967c93743a P c6ad452ff3b64d949298a50527e1fbb0: Deleting log segment in path: /data/somelongdirectorytoavoidrpathissues/src/kudutest/linked_list-test.LinkedListTest.TestLoadAndVerify.1578537560432831-24709/linked-list-cluster/ts-0/wal/wals/fdf8e522824640c3ab9385967c93743a/wal-000000027 (ops 323398-335805)
I0108 18:53:44.511204 24807 log.cc:1062] T fdf8e522824640c3ab9385967c93743a P c6ad452ff3b64d949298a50527e1fbb0: Deleting log segment in path: /data/somelongdirectorytoavoidrpathissues/src/kudutest/linked_list-test.LinkedListTest.TestLoadAndVerify.1578537560432831-24709/linked-list-cluster/ts-0/wal/wals/fdf8e522824640c3ab9385967c93743a/wal-000000028 (ops 335806-348259)
I0108 18:53:44.511245 24807 log.cc:1062] T fdf8e522824640c3ab9385967c93743a P c6ad452ff3b64d949298a50527e1fbb0: Deleting log segment in path: /data/somelongdirectorytoavoidrpathissues/src/kudutest/linked_list-test.LinkedListTest.TestLoadAndVerify.1578537560432831-24709/linked-list-cluster/ts-0/wal/wals/fdf8e522824640c3ab9385967c93743a/wal-000000029 (ops 348260-360722)
I0108 18:53:44.522385 24807 maintenance_manager.cc:527] P c6ad452ff3b64d949298a50527e1fbb0: LogGCOp(fdf8e522824640c3ab9385967c93743a) complete. Timing: real 0.011s user 0.000s sys 0.011s Metrics: {}
I0108 18:53:44.522586 24913 maintenance_manager.cc:326] P c6ad452ff3b64d949298a50527e1fbb0: Scheduling UndoDeltaBlockGCOp(fdf8e522824640c3ab9385967c93743a): 9065448 bytes on disk
I0108 18:53:44.529842 24807 maintenance_manager.cc:527] P c6ad452ff3b64d949298a50527e1fbb0: UndoDeltaBlockGCOp(fdf8e522824640c3ab9385967c93743a) complete. Timing: real 0.007s user 0.000s sys 0.000s Metrics: {"cfile_init":1,"lbm_read_time_us":6966,"lbm_reads_1-10_ms":1,"lbm_reads_lt_1ms":3}
I0108 18:53:44.529990 24913 maintenance_manager.cc:326] P c6ad452ff3b64d949298a50527e1fbb0: Scheduling CompactRowSetsOp(fdf8e522824640c3ab9385967c93743a): perf score=1.002060
I0108 18:53:44.884500 24932 maintenance_manager.cc:527] P 53135810f2d84759ac110009de750c3d: FlushMRSOp(dbe8c3d61048482fb282021487b845a6) complete. Timing: real 3.149s user 0.488s sys 0.022s Metrics: {"bytes_written":7376852,"cfile_init":1,"delete_count":0,"dirs.queue_time_us":81,"dirs.run_cpu_time_us":126,"dirs.run_wall_time_us":63424,"drs_written":1,"lbm_read_time_us":9,"lbm_reads_lt_1ms":4,"lbm_write_time_us":2544236,"lbm_writes_1-10_ms":10,"lbm_writes_10-100_ms":70,"lbm_writes_lt_1ms":677,"reinsert_count":0,"rows_written":417465,"thread_start_us":41,"threads_started":1,"update_count":1874}
I0108 18:53:44.884619 25038 maintenance_manager.cc:326] P 53135810f2d84759ac110009de750c3d: Scheduling LogGCOp(dbe8c3d61048482fb282021487b845a6): free 33565389 bytes of WAL
I0108 18:53:44.884672 24932 log_reader.cc:379] T dbe8c3d61048482fb282021487b845a6: removed 4 log segments from log reader
I0108 18:53:44.884685 24932 log.cc:1062] T dbe8c3d61048482fb282021487b845a6 P 53135810f2d84759ac110009de750c3d: Deleting log segment in path: /data/somelongdirectorytoavoidrpathissues/src/kudutest/linked_list-test.LinkedListTest.TestLoadAndVerify.1578537560432831-24709/linked-list-cluster/ts-1/wal/wals/dbe8c3d61048482fb282021487b845a6/wal-000000026 (ops 310069-322461)
I0108 18:53:44.884713 24932 log.cc:1062] T dbe8c3d61048482fb282021487b845a6 P 53135810f2d84759ac110009de750c3d: Deleting log segment in path: /data/somelongdirectorytoavoidrpathissues/src/kudutest/linked_list-test.LinkedListTest.TestLoadAndVerify.1578537560432831-24709/linked-list-cluster/ts-1/wal/wals/dbe8c3d61048482fb282021487b845a6/wal-000000027 (ops 322462-334886)
I0108 18:53:44.884737 24932 log.cc:1062] T dbe8c3d61048482fb282021487b845a6 P 53135810f2d84759ac110009de750c3d: Deleting log segment in path: /data/somelongdirectorytoavoidrpathissues/src/kudutest/linked_list-test.LinkedListTest.TestLoadAndVerify.1578537560432831-24709/linked-list-cluster/ts-1/wal/wals/dbe8c3d61048482fb282021487b845a6/wal-000000028 (ops 334887-347311)
I0108 18:53:44.884755 24932 log.cc:1062] T dbe8c3d61048482fb282021487b845a6 P 53135810f2d84759ac110009de750c3d: Deleting log segment in path: /data/somelongdirectorytoavoidrpathissues/src/kudutest/linked_list-test.LinkedListTest.TestLoadAndVerify.1578537560432831-24709/linked-list-cluster/ts-1/wal/wals/dbe8c3d61048482fb282021487b845a6/wal-000000029 (ops 347312-359696)
I0108 18:53:44.892664 24932 maintenance_manager.cc:527] P 53135810f2d84759ac110009de750c3d: LogGCOp(dbe8c3d61048482fb282021487b845a6) complete. Timing: real 0.008s user 0.000s sys 0.008s Metrics: {}
I0108 18:53:44.892755 25038 maintenance_manager.cc:326] P 53135810f2d84759ac110009de750c3d: Scheduling CompactRowSetsOp(dbe8c3d61048482fb282021487b845a6): perf score=1.002047
I0108 18:53:45.544266 29710 rpcz_store.cc:269] Call kudu.tserver.TabletServerService.Write from 127.24.33.66:58364 (ReqId={client: 20060d3408dd4d3a8f0e19885a75dabd, seq_no=1121020, attempt_no=0}) took 3604ms. Request Metrics: {"child_traces":[["txn",{"apply.queue_time_us":254,"cfile_cache_hit":1591,"cfile_cache_hit_bytes":6598570,"cfile_cache_miss":2832,"cfile_cache_miss_bytes":11628192,"lbm_read_time_us":3539326,"lbm_reads_1-10_ms":26,"lbm_reads_10-100_ms":103,"lbm_reads_gt_100_ms":2,"lbm_reads_lt_1ms":2701,"num_ops":7183,"prepare.queue_time_us":14,"prepare.run_cpu_time_us":5300,"prepare.run_wall_time_us":5300,"raft.queue_time_us":83,"raft.run_cpu_time_us":66,"raft.run_wall_time_us":66,"replication_time_us":1768,"spinlock_wait_cycles":896}]]} ------------------------------------------------------------ Histogram for latency of insert operations (microseconds) Note: each insert is a batch of 50 rows. ------------------------------------------------------------ Count: 380000 Mean: 2141.88 Percentiles: 0% (min) = 804 25% = 1513 50% (med) = 1724 75% = 2034 95% = 2954 99% = 9000 99.9% = 52864 99.99% = 175488 100% (max) = 2453906 *NOTE: some values were greater than highest trackable value
I0108 18:53:50.244247 24709 linked_list-test-util.h:519] Written 19000000 rows in chain
I0108 18:53:59.802345 25056 maintenance_manager.cc:527] P 61b86269d42a403f94c0a049429fa247: CompactRowSetsOp(50603d14716f4c4bb514a91e103fbf64) complete. Timing: real 41.049s user 9.639s sys 0.975s Metrics: {"bytes_written":134477231,"cfile_cache_hit":190,"cfile_cache_hit_bytes":24332473,"cfile_cache_miss":17722,"cfile_cache_miss_bytes":532146709,"cfile_init":18,"delta_iterators_relevant":8,"dirs.queue_time_us":19804,"dirs.run_cpu_time_us":508,"dirs.run_wall_time_us":203531,"drs_written":4,"lbm_read_time_us":11634642,"lbm_reads_1-10_ms":295,"lbm_reads_10-100_ms":288,"lbm_reads_gt_100_ms":11,"lbm_reads_lt_1ms":17200,"lbm_write_time_us":1622188,"lbm_writes_1-10_ms":192,"lbm_writes_10-100_ms":17,"lbm_writes_gt_100_ms":1,"lbm_writes_lt_1ms":13251,"num_input_rowsets":4,"rows_written":7602346,"spinlock_wait_cycles":310430848,"thread_start_us":795,"threads_started":12}
I0108 18:53:59.802546 25162 maintenance_manager.cc:326] P 61b86269d42a403f94c0a049429fa247: Scheduling CompactRowSetsOp(50603d14716f4c4bb514a91e103fbf64): perf score=0.243187
I0108 18:54:01.031045 24932 maintenance_manager.cc:527] P 53135810f2d84759ac110009de750c3d: CompactRowSetsOp(dbe8c3d61048482fb282021487b845a6) complete. Timing: real 16.138s user 3.912s sys 0.370s Metrics: {"bytes_written":55714401,"cfile_cache_hit":103,"cfile_cache_hit_bytes":12770577,"cfile_cache_miss":7331,"cfile_cache_miss_bytes":217361911,"cfile_init":13,"delta_iterators_relevant":8,"dirs.queue_time_us":7165,"dirs.run_cpu_time_us":251,"dirs.run_wall_time_us":182235,"drs_written":2,"lbm_read_time_us":4857684,"lbm_reads_1-10_ms":78,"lbm_reads_10-100_ms":88,"lbm_reads_gt_100_ms":10,"lbm_reads_lt_1ms":7207,"lbm_write_time_us":672854,"lbm_writes_1-10_ms":90,"lbm_writes_10-100_ms":10,"lbm_writes_lt_1ms":5489,"num_input_rowsets":3,"rows_written":3151430,"spinlock_wait_cycles":97643904,"thread_start_us":743,"threads_started":10}
I0108 18:54:01.031183 25038 maintenance_manager.cc:326] P 53135810f2d84759ac110009de750c3d: Scheduling FlushMRSOp(fdf8e522824640c3ab9385967c93743a): perf score=0.036335
I0108 18:54:03.520565 24932 maintenance_manager.cc:527] P 53135810f2d84759ac110009de750c3d: FlushMRSOp(fdf8e522824640c3ab9385967c93743a) complete. Timing: real 2.489s user 0.562s sys 0.034s Metrics: {"bytes_written":7248935,"cfile_init":1,"delete_count":0,"dirs.queue_time_us":122,"dirs.run_cpu_time_us":200,"dirs.run_wall_time_us":65302,"drs_written":1,"lbm_read_time_us":9,"lbm_reads_lt_1ms":4,"lbm_write_time_us":1263326,"lbm_writes_1-10_ms":23,"lbm_writes_10-100_ms":28,"lbm_writes_gt_100_ms":3,"lbm_writes_lt_1ms":693,"reinsert_count":0,"rows_written":411538,"spinlock_wait_cycles":896,"thread_start_us":82,"threads_started":1,"update_count":51}
I0108 18:54:03.520754 25038 maintenance_manager.cc:326] P 53135810f2d84759ac110009de750c3d: Scheduling LogGCOp(fdf8e522824640c3ab9385967c93743a): free 33594530 bytes of WAL
I0108 18:54:03.520826 24932 log_reader.cc:379] T fdf8e522824640c3ab9385967c93743a: removed 4 log segments from log reader
I0108 18:54:03.520869 24932 log.cc:1062] T fdf8e522824640c3ab9385967c93743a P 53135810f2d84759ac110009de750c3d: Deleting log segment in path: /data/somelongdirectorytoavoidrpathissues/src/kudutest/linked_list-test.LinkedListTest.TestLoadAndVerify.1578537560432831-24709/linked-list-cluster/ts-1/wal/wals/fdf8e522824640c3ab9385967c93743a/wal-000000027 (ops 322284-334703)
I0108 18:54:03.520938 24932 log.cc:1062] T fdf8e522824640c3ab9385967c93743a P 53135810f2d84759ac110009de750c3d: Deleting log segment in path: /data/somelongdirectorytoavoidrpathissues/src/kudutest/linked_list-test.LinkedListTest.TestLoadAndVerify.1578537560432831-24709/linked-list-cluster/ts-1/wal/wals/fdf8e522824640c3ab9385967c93743a/wal-000000028 (ops 334704-347059)
I0108 18:54:03.522163 24932 log.cc:1062] T fdf8e522824640c3ab9385967c93743a P 53135810f2d84759ac110009de750c3d: Deleting log segment in path: /data/somelongdirectorytoavoidrpathissues/src/kudutest/linked_list-test.LinkedListTest.TestLoadAndVerify.1578537560432831-24709/linked-list-cluster/ts-1/wal/wals/fdf8e522824640c3ab9385967c93743a/wal-000000029 (ops 347060-359509)
I0108 18:54:03.522236 24932 log.cc:1062] T fdf8e522824640c3ab9385967c93743a P 53135810f2d84759ac110009de750c3d: Deleting log segment in path: /data/somelongdirectorytoavoidrpathissues/src/kudutest/linked_list-test.LinkedListTest.TestLoadAndVerify.1578537560432831-24709/linked-list-cluster/ts-1/wal/wals/fdf8e522824640c3ab9385967c93743a/wal-000000030 (ops 359510-371951)
I0108 18:54:03.564545 24932 maintenance_manager.cc:527] P 53135810f2d84759ac110009de750c3d: LogGCOp(fdf8e522824640c3ab9385967c93743a) complete. Timing: real 0.044s user 0.000s sys 0.012s Metrics: {}
I0108 18:54:03.564760 25038 maintenance_manager.cc:326] P 53135810f2d84759ac110009de750c3d: Scheduling UndoDeltaBlockGCOp(dbe8c3d61048482fb282021487b845a6): 68060331 bytes on disk
I0108 18:54:03.615391 24932 maintenance_manager.cc:527] P 53135810f2d84759ac110009de750c3d: UndoDeltaBlockGCOp(dbe8c3d61048482fb282021487b845a6) complete. Timing: real 0.051s user 0.000s sys 0.000s Metrics: {"cfile_init":2,"lbm_read_time_us":50444,"lbm_reads_1-10_ms":1,"lbm_reads_10-100_ms":3,"lbm_reads_lt_1ms":4}
I0108 18:54:03.615543 25038 maintenance_manager.cc:326] P 53135810f2d84759ac110009de750c3d: Scheduling CompactRowSetsOp(fdf8e522824640c3ab9385967c93743a): perf score=1.001860
I0108 18:54:04.076205 24807 maintenance_manager.cc:527] P c6ad452ff3b64d949298a50527e1fbb0: CompactRowSetsOp(fdf8e522824640c3ab9385967c93743a) complete. Timing: real 19.544s user 3.971s sys 0.360s Metrics: {"bytes_written":55717037,"cfile_cache_hit":110,"cfile_cache_hit_bytes":13570587,"cfile_cache_miss":7326,"cfile_cache_miss_bytes":216377961,"cfile_init":12,"delta_iterators_relevant":8,"dirs.queue_time_us":362,"dirs.run_cpu_time_us":267,"dirs.run_wall_time_us":96655,"drs_written":2,"lbm_read_time_us":5564227,"lbm_reads_1-10_ms":98,"lbm_reads_10-100_ms":96,"lbm_reads_gt_100_ms":14,"lbm_reads_lt_1ms":7166,"lbm_write_time_us":3159924,"lbm_writes_1-10_ms":82,"lbm_writes_10-100_ms":61,"lbm_writes_gt_100_ms":3,"lbm_writes_lt_1ms":5443,"num_input_rowsets":3,"rows_written":3151869,"spinlock_wait_cycles":106593024,"thread_start_us":4090,"threads_started":10}
I0108 18:54:04.076316 24913 maintenance_manager.cc:326] P c6ad452ff3b64d949298a50527e1fbb0: Scheduling UndoDeltaBlockGCOp(fdf8e522824640c3ab9385967c93743a): 68074874 bytes on disk
I0108 18:54:04.076514 24807 maintenance_manager.cc:527] P c6ad452ff3b64d949298a50527e1fbb0: UndoDeltaBlockGCOp(fdf8e522824640c3ab9385967c93743a) complete. Timing: real 0.000s user 0.000s sys 0.000s Metrics: {"cfile_init":2,"lbm_read_time_us":90,"lbm_reads_lt_1ms":8}
I0108 18:54:04.076611 24913 maintenance_manager.cc:326] P c6ad452ff3b64d949298a50527e1fbb0: Scheduling FlushMRSOp(dbe8c3d61048482fb282021487b845a6): perf score=0.040056
I0108 18:54:06.909418 24807 maintenance_manager.cc:527] P c6ad452ff3b64d949298a50527e1fbb0: FlushMRSOp(dbe8c3d61048482fb282021487b845a6) complete. Timing: real 2.833s user 0.670s sys 0.056s Metrics: {"bytes_written":7952027,"cfile_init":1,"delete_count":0,"dirs.queue_time_us":768,"dirs.run_cpu_time_us":47,"dirs.run_wall_time_us":47,"drs_written":1,"lbm_read_time_us":11,"lbm_reads_lt_1ms":4,"lbm_write_time_us":460230,"lbm_writes_1-10_ms":30,"lbm_writes_10-100_ms":14,"lbm_writes_lt_1ms":771,"reinsert_count":0,"rows_written":451025,"thread_start_us":33,"threads_started":1,"update_count":1347}
I0108 18:54:06.910305 24913 maintenance_manager.cc:326] P c6ad452ff3b64d949298a50527e1fbb0: Scheduling LogGCOp(dbe8c3d61048482fb282021487b845a6): free 33611757 bytes of WAL
I0108 18:54:06.910567 24807 log_reader.cc:379] T dbe8c3d61048482fb282021487b845a6: removed 4 log segments from log reader
I0108 18:54:06.911079 24807 log.cc:1062] T dbe8c3d61048482fb282021487b845a6 P c6ad452ff3b64d949298a50527e1fbb0: Deleting log segment in path: /data/somelongdirectorytoavoidrpathissues/src/kudutest/linked_list-test.LinkedListTest.TestLoadAndVerify.1578537560432831-24709/linked-list-cluster/ts-0/wal/wals/dbe8c3d61048482fb282021487b845a6/wal-000000027 (ops 322843-335227)
I0108 18:54:06.911170 24807 log.cc:1062] T dbe8c3d61048482fb282021487b845a6 P c6ad452ff3b64d949298a50527e1fbb0: Deleting log segment in path: /data/somelongdirectorytoavoidrpathissues/src/kudutest/linked_list-test.LinkedListTest.TestLoadAndVerify.1578537560432831-24709/linked-list-cluster/ts-0/wal/wals/dbe8c3d61048482fb282021487b845a6/wal-000000028 (ops 335228-347672)
I0108 18:54:06.911264 24807 log.cc:1062] T dbe8c3d61048482fb282021487b845a6 P c6ad452ff3b64d949298a50527e1fbb0: Deleting log segment in path: /data/somelongdirectorytoavoidrpathissues/src/kudutest/linked_list-test.LinkedListTest.TestLoadAndVerify.1578537560432831-24709/linked-list-cluster/ts-0/wal/wals/dbe8c3d61048482fb282021487b845a6/wal-000000029 (ops 347673-360071)
I0108 18:54:06.911342 24807 log.cc:1062] T dbe8c3d61048482fb282021487b845a6 P c6ad452ff3b64d949298a50527e1fbb0: Deleting log segment in path: /data/somelongdirectorytoavoidrpathissues/src/kudutest/linked_list-test.LinkedListTest.TestLoadAndVerify.1578537560432831-24709/linked-list-cluster/ts-0/wal/wals/dbe8c3d61048482fb282021487b845a6/wal-000000030 (ops 360072-372568)
I0108 18:54:06.960850 24807 maintenance_manager.cc:527] P c6ad452ff3b64d949298a50527e1fbb0: LogGCOp(dbe8c3d61048482fb282021487b845a6) complete. Timing: real 0.050s user 0.000s sys 0.013s Metrics: {}
I0108 18:54:06.961083 24913 maintenance_manager.cc:326] P c6ad452ff3b64d949298a50527e1fbb0: Scheduling CompactRowSetsOp(dbe8c3d61048482fb282021487b845a6): perf score=1.001523 ------------------------------------------------------------ Histogram for latency of insert operations (microseconds) Note: each insert is a batch of 50 rows. ------------------------------------------------------------ Count: 390000 Mean: 2156.36 Percentiles: 0% (min) = 804 25% = 1515 50% (med) = 1727 75% = 2041 95% = 2970 99% = 9072 99.9% = 53312 99.99% = 191872 100% (max) = 2453906 *NOTE: some values were greater than highest trackable value
I0108 18:54:18.553583 24709 linked_list-test-util.h:519] Written 19500000 rows in chain
I0108 18:54:20.838618 24932 maintenance_manager.cc:527] P 53135810f2d84759ac110009de750c3d: CompactRowSetsOp(fdf8e522824640c3ab9385967c93743a) complete. Timing: real 17.223s user 4.255s sys 0.483s Metrics: {"bytes_written":56518119,"cfile_cache_hit":101,"cfile_cache_hit_bytes":12454653,"cfile_cache_miss":7445,"cfile_cache_miss_bytes":221194681,"cfile_init":13,"delta_iterators_relevant":8,"dirs.queue_time_us":8406,"dirs.run_cpu_time_us":228,"dirs.run_wall_time_us":137630,"drs_written":2,"lbm_read_time_us":2488574,"lbm_reads_1-10_ms":153,"lbm_reads_10-100_ms":43,"lbm_reads_gt_100_ms":3,"lbm_reads_lt_1ms":7298,"lbm_write_time_us":721914,"lbm_writes_1-10_ms":85,"lbm_writes_10-100_ms":9,"lbm_writes_gt_100_ms":1,"lbm_writes_lt_1ms":5574,"num_input_rowsets":3,"rows_written":3197668,"spinlock_wait_cycles":78094976,"thread_start_us":496,"threads_started":10}
I0108 18:54:20.838788 25038 maintenance_manager.cc:326] P 53135810f2d84759ac110009de750c3d: Scheduling FlushMRSOp(50603d14716f4c4bb514a91e103fbf64): perf score=0.033974
I0108 18:54:21.135989 25056 maintenance_manager.cc:527] P 61b86269d42a403f94c0a049429fa247: CompactRowSetsOp(50603d14716f4c4bb514a91e103fbf64) complete. Timing: real 21.333s user 4.751s sys 0.504s Metrics: {"bytes_written":67249588,"cfile_cache_hit":54,"cfile_cache_hit_bytes":6005337,"cfile_cache_miss":8902,"cfile_cache_miss_bytes":273990269,"cfile_init":11,"delta_iterators_relevant":4,"dirs.queue_time_us":1080,"dirs.run_cpu_time_us":384,"dirs.run_wall_time_us":197089,"drs_written":3,"lbm_read_time_us":4505014,"lbm_reads_1-10_ms":183,"lbm_reads_10-100_ms":79,"lbm_reads_gt_100_ms":10,"lbm_reads_lt_1ms":8674,"lbm_write_time_us":1811022,"lbm_writes_1-10_ms":119,"lbm_writes_10-100_ms":38,"lbm_writes_gt_100_ms":1,"lbm_writes_lt_1ms":6600,"mutex_wait_us":1,"num_input_rowsets":2,"rows_written":3801201,"spinlock_wait_cycles":93826432,"thread_start_us":482,"threads_started":10}
I0108 18:54:21.136166 25162 maintenance_manager.cc:326] P 61b86269d42a403f94c0a049429fa247: Scheduling UndoDeltaBlockGCOp(50603d14716f4c4bb514a91e103fbf64): 251697320 bytes on disk
I0108 18:54:21.350000 24709 linked_list-test-util.h:528] Sample at HT timestamp: 6465693536310034432 Inserted count: 19548500
I0108 18:54:21.350028 24709 linked_list-test-util.h:532] Finished inserting list. Added 19548500 in chain
I0108 18:54:21.350033 24709 linked_list-test-util.h:533] Last entries inserted had keys:
I0108 18:54:21.350037 24709 linked_list-test-util.h:535] 0: -9119375304437334016
I0108 18:54:21.350041 24709 linked_list-test-util.h:535] 1: 6454049633963606017
I0108 18:54:21.350044 24709 linked_list-test-util.h:535] 2: 3581011973631705090
I0108 18:54:21.350049 24709 linked_list-test-util.h:535] 3: 707974313299804163
I0108 18:54:21.350052 24709 linked_list-test-util.h:535] 4: 7162164684751831044
I0108 18:54:21.350055 24709 linked_list-test-util.h:535] 5: 4288845549443219461
I0108 18:54:21.350059 24709 linked_list-test-util.h:535] 6: 1415948626599608326
I0108 18:54:21.350061 24709 linked_list-test-util.h:535] 7: -1457089033732292601
I0108 18:54:21.350065 24709 linked_list-test-util.h:535] 8: 4997101337719734280
I0108 18:54:21.350069 24709 linked_list-test-util.h:535] 9: 2123782202411122697
I0108 18:54:21.350071 24709 linked_list-test-util.h:535] 10: -749255457920778230
I0108 18:54:21.350075 24709 linked_list-test-util.h:535] 11: -3622293118252679157
I0108 18:54:21.350078 24709 linked_list-test-util.h:535] 12: 2832037990687637516
I0108 18:54:21.350081 24709 linked_list-test-util.h:535] 13: -41281144620974067
I0108 18:54:21.350085 24709 linked_list-test-util.h:535] 14: -2914318804952874994
I0108 18:54:21.350088 24709 linked_list-test-util.h:535] 15: -5787356465284775921
I0108 18:54:21.350091 24709 linked_list-test-util.h:535] 16: 666833906167250960
I0108 18:54:21.350095 24709 linked_list-test-util.h:535] 17: -2206344491653070831
I0108 18:54:21.350098 24709 linked_list-test-util.h:535] 18: -5079382151984971758
I0108 18:54:21.350101 24709 linked_list-test-util.h:535] 19: -7952419812316872685
I0108 18:54:21.350105 24709 linked_list-test-util.h:535] 20: -1498229440864845804
I0108 18:54:21.350108 24709 linked_list-test-util.h:535] 21: -4371548576173457387
I0108 18:54:21.350111 24709 linked_list-test-util.h:535] 22: -7244586236505358314
I0108 18:54:21.350114 24709 linked_list-test-util.h:535] 23: 8329260914360582167
I0108 18:54:21.350118 24709 linked_list-test-util.h:535] 24: -3663292787896942568
I0108 18:54:21.350121 24709 linked_list-test-util.h:535] 25: -6536611923205554151
I0108 18:54:21.350124 24709 linked_list-test-util.h:535] 26: 9037094490172096538
I0108 18:54:21.350128 24709 linked_list-test-util.h:535] 27: -2955459212085428197
I0108 18:54:21.350131 24709 linked_list-test-util.h:535] 28: -5828496872417329124
I0108 18:54:21.350134 24709 linked_list-test-util.h:535] 29: -8701675270237650915
I0108 18:54:21.350137 24709 linked_list-test-util.h:535] 30: 6872031143139999774
I0108 18:54:21.350142 24709 linked_list-test-util.h:535] 31: -5120522559117524961
I0108 18:54:21.350144 24709 linked_list-test-util.h:535] 32: -7993560219449425888
I0108 18:54:21.350147 24709 linked_list-test-util.h:535] 33: 7580146193928224801
I0108 18:54:21.350152 24709 linked_list-test-util.h:535] 34: 4706827058619613218
I0108 18:54:21.350154 24709 linked_list-test-util.h:535] 35: -7285585906149621725
I0108 18:54:21.350158 24709 linked_list-test-util.h:535] 36: 8288120507228028964
I0108 18:54:21.350167 24709 linked_list-test-util.h:535] 37: 5415082846896128037
I0108 18:54:21.350170 24709 linked_list-test-util.h:535] 38: 2541763711587516454
I0108 18:54:21.350174 24709 linked_list-test-util.h:535] 39: 8995954083039543335
I0108 18:54:21.350178 24709 linked_list-test-util.h:535] 40: 6123057160195932200
I0108 18:54:21.350180 24709 linked_list-test-util.h:535] 41: 3250019499864031273
I0108 18:54:21.350184 24709 linked_list-test-util.h:535] 42: 376700364555419690
I0108 18:54:21.350188 24709 linked_list-test-util.h:535] 43: 6830890736007446571
I0108 18:54:21.350190 24709 linked_list-test-util.h:535] 44: 3957853075675545644
I0108 18:54:21.350194 24709 linked_list-test-util.h:535] 45: 1084815415343644717
I0108 18:54:21.350198 24709 linked_list-test-util.h:535] 46: -1788362982476677074
I0108 18:54:21.350201 24709 linked_list-test-util.h:535] 47: 4665827388975349807
I0108 18:54:21.350204 24709 linked_list-test-util.h:535] 48: 1792789728643448880
I0108 18:54:21.350208 24709 linked_list-test-util.h:535] 49: -1080247931688452047
I0108 18:54:21.484889 25056 maintenance_manager.cc:527] P 61b86269d42a403f94c0a049429fa247: UndoDeltaBlockGCOp(50603d14716f4c4bb514a91e103fbf64) complete. Timing: real 0.349s user 0.001s sys 0.000s Metrics: {"cfile_init":8,"lbm_read_time_us":348239,"lbm_reads_1-10_ms":9,"lbm_reads_10-100_ms":7,"lbm_reads_gt_100_ms":1,"lbm_reads_lt_1ms":15}
I0108 18:54:21.485021 25162 maintenance_manager.cc:326] P 61b86269d42a403f94c0a049429fa247: Scheduling FlushMRSOp(dbe8c3d61048482fb282021487b845a6): perf score=0.046689
I0108 18:54:21.575430 24709 linked_list-test-util.h:620] Verifying Snapshot: P: 1578537861018563 usec, L: 1 Expected Rows: 7332500
I0108 18:54:21.772236 24709 linked_list-test-util.h:639] Calling callback on tserver 53135810f2d84759ac110009de750c3d
I0108 18:54:22.214715 24807 maintenance_manager.cc:527] P c6ad452ff3b64d949298a50527e1fbb0: CompactRowSetsOp(dbe8c3d61048482fb282021487b845a6) complete. Timing: real 15.253s user 4.205s sys 0.397s Metrics: {"bytes_written":56603418,"cfile_cache_hit":118,"cfile_cache_hit_bytes":15037302,"cfile_cache_miss":7430,"cfile_cache_miss_bytes":218805644,"cfile_init":13,"delta_iterators_relevant":8,"dirs.queue_time_us":222,"dirs.run_cpu_time_us":222,"dirs.run_wall_time_us":96078,"drs_written":2,"lbm_read_time_us":2770474,"lbm_reads_1-10_ms":123,"lbm_reads_10-100_ms":39,"lbm_reads_gt_100_ms":6,"lbm_reads_lt_1ms":7314,"lbm_write_time_us":765214,"lbm_writes_1-10_ms":91,"lbm_writes_10-100_ms":4,"lbm_writes_gt_100_ms":1,"lbm_writes_lt_1ms":5581,"num_input_rowsets":3,"rows_written":3202351,"spinlock_wait_cycles":72475904,"thread_start_us":428,"threads_started":10}
I0108 18:54:22.214927 24913 maintenance_manager.cc:326] P c6ad452ff3b64d949298a50527e1fbb0: Scheduling FlushMRSOp(50603d14716f4c4bb514a91e103fbf64): perf score=0.033603
I0108 18:54:22.473049 25056 maintenance_manager.cc:527] P 61b86269d42a403f94c0a049429fa247: FlushMRSOp(dbe8c3d61048482fb282021487b845a6) complete. Timing: real 0.988s user 0.718s sys 0.030s Metrics: {"bytes_written":9274156,"cfile_init":1,"dirs.queue_time_us":86,"dirs.run_cpu_time_us":189,"dirs.run_wall_time_us":73063,"drs_written":1,"lbm_read_time_us":9,"lbm_reads_lt_1ms":4,"lbm_write_time_us":26524,"lbm_writes_lt_1ms":939,"rows_written":523610,"thread_start_us":81,"threads_started":2,"wal-append.queue_time_us":12381}
I0108 18:54:22.473378 25162 maintenance_manager.cc:326] P 61b86269d42a403f94c0a049429fa247: Scheduling LogGCOp(dbe8c3d61048482fb282021487b845a6): free 41969798 bytes of WAL
I0108 18:54:22.473938 25056 log_reader.cc:379] T dbe8c3d61048482fb282021487b845a6: removed 5 log segments from log reader
I0108 18:54:22.473990 25056 log.cc:1062] T dbe8c3d61048482fb282021487b845a6 P 61b86269d42a403f94c0a049429fa247: Deleting log segment in path: /data/somelongdirectorytoavoidrpathissues/src/kudutest/linked_list-test.LinkedListTest.TestLoadAndVerify.1578537560432831-24709/linked-list-cluster/ts-2/wal/wals/dbe8c3d61048482fb282021487b845a6/wal-000000026 (ops 309804-322194)
I0108 18:54:22.474118 25056 log.cc:1062] T dbe8c3d61048482fb282021487b845a6 P 61b86269d42a403f94c0a049429fa247: Deleting log segment in path: /data/somelongdirectorytoavoidrpathissues/src/kudutest/linked_list-test.LinkedListTest.TestLoadAndVerify.1578537560432831-24709/linked-list-cluster/ts-2/wal/wals/dbe8c3d61048482fb282021487b845a6/wal-000000027 (ops 322195-334616)
I0108 18:54:22.474200 25056 log.cc:1062] T dbe8c3d61048482fb282021487b845a6 P 61b86269d42a403f94c0a049429fa247: Deleting log segment in path: /data/somelongdirectorytoavoidrpathissues/src/kudutest/linked_list-test.LinkedListTest.TestLoadAndVerify.1578537560432831-24709/linked-list-cluster/ts-2/wal/wals/dbe8c3d61048482fb282021487b845a6/wal-000000028 (ops 334617-346984)
I0108 18:54:22.474335 25056 log.cc:1062] T dbe8c3d61048482fb282021487b845a6 P 61b86269d42a403f94c0a049429fa247: Deleting log segment in path: /data/somelongdirectorytoavoidrpathissues/src/kudutest/linked_list-test.LinkedListTest.TestLoadAndVerify.1578537560432831-24709/linked-list-cluster/ts-2/wal/wals/dbe8c3d61048482fb282021487b845a6/wal-000000029 (ops 346985-359403)
I0108 18:54:22.474413 25056 log.cc:1062] T dbe8c3d61048482fb282021487b845a6 P 61b86269d42a403f94c0a049429fa247: Deleting log segment in path: /data/somelongdirectorytoavoidrpathissues/src/kudutest/linked_list-test.LinkedListTest.TestLoadAndVerify.1578537560432831-24709/linked-list-cluster/ts-2/wal/wals/dbe8c3d61048482fb282021487b845a6/wal-000000030 (ops 359404-371825)
I0108 18:54:22.501693 25056 maintenance_manager.cc:527] P 61b86269d42a403f94c0a049429fa247: LogGCOp(dbe8c3d61048482fb282021487b845a6) complete. Timing: real 0.028s user 0.001s sys 0.013s Metrics: {}
I0108 18:54:22.501993 25162 maintenance_manager.cc:326] P 61b86269d42a403f94c0a049429fa247: Scheduling CompactRowSetsOp(dbe8c3d61048482fb282021487b845a6): perf score=1.000951
I0108 18:54:24.650279 24807 maintenance_manager.cc:527] P c6ad452ff3b64d949298a50527e1fbb0: FlushMRSOp(50603d14716f4c4bb514a91e103fbf64) complete. Timing: real 2.435s user 1.813s sys 0.087s Metrics: {"bytes_written":26991509,"cfile_init":1,"dirs.queue_time_us":59,"dirs.run_cpu_time_us":117,"dirs.run_wall_time_us":69699,"drs_written":1,"lbm_read_time_us":9,"lbm_reads_lt_1ms":4,"lbm_write_time_us":237259,"lbm_writes_10-100_ms":1,"lbm_writes_gt_100_ms":1,"lbm_writes_lt_1ms":2704,"rows_written":1525929,"thread_start_us":61,"threads_started":2,"wal-append.queue_time_us":53}
I0108 18:54:24.650444 24913 maintenance_manager.cc:326] P c6ad452ff3b64d949298a50527e1fbb0: Scheduling LogGCOp(50603d14716f4c4bb514a91e103fbf64): free 67163569 bytes of WAL
I0108 18:54:24.650511 24807 log_reader.cc:379] T 50603d14716f4c4bb514a91e103fbf64: removed 8 log segments from log reader
I0108 18:54:24.650526 24807 log.cc:1062] T 50603d14716f4c4bb514a91e103fbf64 P c6ad452ff3b64d949298a50527e1fbb0: Deleting log segment in path: /data/somelongdirectorytoavoidrpathissues/src/kudutest/linked_list-test.LinkedListTest.TestLoadAndVerify.1578537560432831-24709/linked-list-cluster/ts-0/wal/wals/50603d14716f4c4bb514a91e103fbf64/wal-000000059 (ops 343809-349697)
I0108 18:54:24.650578 24807 log.cc:1062] T 50603d14716f4c4bb514a91e103fbf64 P c6ad452ff3b64d949298a50527e1fbb0: Deleting log segment in path: /data/somelongdirectorytoavoidrpathissues/src/kudutest/linked_list-test.LinkedListTest.TestLoadAndVerify.1578537560432831-24709/linked-list-cluster/ts-0/wal/wals/50603d14716f4c4bb514a91e103fbf64/wal-000000060 (ops 349698-355648)
I0108 18:54:24.650647 24807 log.cc:1062] T 50603d14716f4c4bb514a91e103fbf64 P c6ad452ff3b64d949298a50527e1fbb0: Deleting log segment in path: /data/somelongdirectorytoavoidrpathissues/src/kudutest/linked_list-test.LinkedListTest.TestLoadAndVerify.1578537560432831-24709/linked-list-cluster/ts-0/wal/wals/50603d14716f4c4bb514a91e103fbf64/wal-000000061 (ops 355649-361522)
I0108 18:54:24.650719 24807 log.cc:1062] T 50603d14716f4c4bb514a91e103fbf64 P c6ad452ff3b64d949298a50527e1fbb0: Deleting log segment in path: /data/somelongdirectorytoavoidrpathissues/src/kudutest/linked_list-test.LinkedListTest.TestLoadAndVerify.1578537560432831-24709/linked-list-cluster/ts-0/wal/wals/50603d14716f4c4bb514a91e103fbf64/wal-000000062 (ops 361523-367363)
I0108 18:54:24.650749 24807 log.cc:1062] T 50603d14716f4c4bb514a91e103fbf64 P c6ad452ff3b64d949298a50527e1fbb0: Deleting log segment in path: /data/somelongdirectorytoavoidrpathissues/src/kudutest/linked_list-test.LinkedListTest.TestLoadAndVerify.1578537560432831-24709/linked-list-cluster/ts-0/wal/wals/50603d14716f4c4bb514a91e103fbf64/wal-000000063 (ops 367364-373372)
I0108 18:54:24.650768 24807 log.cc:1062] T 50603d14716f4c4bb514a91e103fbf64 P c6ad452ff3b64d949298a50527e1fbb0: Deleting log segment in path: /data/somelongdirectorytoavoidrpathissues/src/kudutest/linked_list-test.LinkedListTest.TestLoadAndVerify.1578537560432831-24709/linked-list-cluster/ts-0/wal/wals/50603d14716f4c4bb514a91e103fbf64/wal-000000064 (ops 373373-379244)
I0108 18:54:24.650789 24807 log.cc:1062] T 50603d14716f4c4bb514a91e103fbf64 P c6ad452ff3b64d949298a50527e1fbb0: Deleting log segment in path: /data/somelongdirectorytoavoidrpathissues/src/kudutest/linked_list-test.LinkedListTest.TestLoadAndVerify.1578537560432831-24709/linked-list-cluster/ts-0/wal/wals/50603d14716f4c4bb514a91e103fbf64/wal-000000065 (ops 379245-385183)
I0108 18:54:24.650816 24807 log.cc:1062] T 50603d14716f4c4bb514a91e103fbf64 P c6ad452ff3b64d949298a50527e1fbb0: Deleting log segment in path: /data/somelongdirectorytoavoidrpathissues/src/kudutest/linked_list-test.LinkedListTest.TestLoadAndVerify.1578537560432831-24709/linked-list-cluster/ts-0/wal/wals/50603d14716f4c4bb514a91e103fbf64/wal-000000066 (ops 385184-391052)
I0108 18:54:24.665661 24807 maintenance_manager.cc:527] P c6ad452ff3b64d949298a50527e1fbb0: LogGCOp(50603d14716f4c4bb514a91e103fbf64) complete. Timing: real 0.015s user 0.001s sys 0.014s Metrics: {}
I0108 18:54:24.665786 24913 maintenance_manager.cc:326] P c6ad452ff3b64d949298a50527e1fbb0: Scheduling CompactRowSetsOp(50603d14716f4c4bb514a91e103fbf64): perf score=0.518454
I0108 18:54:26.121915 24932 maintenance_manager.cc:527] P 53135810f2d84759ac110009de750c3d: FlushMRSOp(50603d14716f4c4bb514a91e103fbf64) complete. Timing: real 5.283s user 2.195s sys 0.146s Metrics: {"bytes_written":27775474,"cfile_init":1,"delete_count":0,"dirs.queue_time_us":63,"dirs.run_cpu_time_us":119,"dirs.run_wall_time_us":44352,"drs_written":1,"lbm_read_time_us":5,"lbm_reads_lt_1ms":4,"lbm_write_time_us":1857322,"lbm_writes_1-10_ms":21,"lbm_writes_10-100_ms":29,"lbm_writes_gt_100_ms":6,"lbm_writes_lt_1ms":2719,"reinsert_count":0,"rows_written":1563510,"thread_start_us":63,"threads_started":2,"update_count":11708,"wal-append.queue_time_us":75}
I0108 18:54:26.122081 25038 maintenance_manager.cc:326] P 53135810f2d84759ac110009de750c3d: Scheduling LogGCOp(50603d14716f4c4bb514a91e103fbf64): free 67314036 bytes of WAL
I0108 18:54:26.122159 24932 log_reader.cc:379] T 50603d14716f4c4bb514a91e103fbf64: removed 8 log segments from log reader
I0108 18:54:26.122228 24932 log.cc:1062] T 50603d14716f4c4bb514a91e103fbf64 P 53135810f2d84759ac110009de750c3d: Deleting log segment in path: /data/somelongdirectorytoavoidrpathissues/src/kudutest/linked_list-test.LinkedListTest.TestLoadAndVerify.1578537560432831-24709/linked-list-cluster/ts-1/wal/wals/50603d14716f4c4bb514a91e103fbf64/wal-000000059 (ops 342589-348527)
I0108 18:54:26.122360 24932 log.cc:1062] T 50603d14716f4c4bb514a91e103fbf64 P 53135810f2d84759ac110009de750c3d: Deleting log segment in path: /data/somelongdirectorytoavoidrpathissues/src/kudutest/linked_list-test.LinkedListTest.TestLoadAndVerify.1578537560432831-24709/linked-list-cluster/ts-1/wal/wals/50603d14716f4c4bb514a91e103fbf64/wal-000000060 (ops 348528-354492)
I0108 18:54:26.122431 24932 log.cc:1062] T 50603d14716f4c4bb514a91e103fbf64 P 53135810f2d84759ac110009de750c3d: Deleting log segment in path: /data/somelongdirectorytoavoidrpathissues/src/kudutest/linked_list-test.LinkedListTest.TestLoadAndVerify.1578537560432831-24709/linked-list-cluster/ts-1/wal/wals/50603d14716f4c4bb514a91e103fbf64/wal-000000061 (ops 354493-360307)
I0108 18:54:26.122495 24932 log.cc:1062] T 50603d14716f4c4bb514a91e103fbf64 P 53135810f2d84759ac110009de750c3d: Deleting log segment in path: /data/somelongdirectorytoavoidrpathissues/src/kudutest/linked_list-test.LinkedListTest.TestLoadAndVerify.1578537560432831-24709/linked-list-cluster/ts-1/wal/wals/50603d14716f4c4bb514a91e103fbf64/wal-000000062 (ops 360308-366232)
I0108 18:54:26.122560 24932 log.cc:1062] T 50603d14716f4c4bb514a91e103fbf64 P 53135810f2d84759ac110009de750c3d: Deleting log segment in path: /data/somelongdirectorytoavoidrpathissues/src/kudutest/linked_list-test.LinkedListTest.TestLoadAndVerify.1578537560432831-24709/linked-list-cluster/ts-1/wal/wals/50603d14716f4c4bb514a91e103fbf64/wal-000000063 (ops 366233-372148)
I0108 18:54:26.122623 24932 log.cc:1062] T 50603d14716f4c4bb514a91e103fbf64 P 53135810f2d84759ac110009de750c3d: Deleting log segment in path: /data/somelongdirectorytoavoidrpathissues/src/kudutest/linked_list-test.LinkedListTest.TestLoadAndVerify.1578537560432831-24709/linked-list-cluster/ts-1/wal/wals/50603d14716f4c4bb514a91e103fbf64/wal-000000064 (ops 372149-378001)
I0108 18:54:26.122648 24932 log.cc:1062] T 50603d14716f4c4bb514a91e103fbf64 P 53135810f2d84759ac110009de750c3d: Deleting log segment in path: /data/somelongdirectorytoavoidrpathissues/src/kudutest/linked_list-test.LinkedListTest.TestLoadAndVerify.1578537560432831-24709/linked-list-cluster/ts-1/wal/wals/50603d14716f4c4bb514a91e103fbf64/wal-000000065 (ops 378002-383940)
I0108 18:54:26.122666 24932 log.cc:1062] T 50603d14716f4c4bb514a91e103fbf64 P 53135810f2d84759ac110009de750c3d: Deleting log segment in path: /data/somelongdirectorytoavoidrpathissues/src/kudutest/linked_list-test.LinkedListTest.TestLoadAndVerify.1578537560432831-24709/linked-list-cluster/ts-1/wal/wals/50603d14716f4c4bb514a91e103fbf64/wal-000000066 (ops 383941-389873)
I0108 18:54:26.140664 24932 maintenance_manager.cc:527] P 53135810f2d84759ac110009de750c3d: LogGCOp(50603d14716f4c4bb514a91e103fbf64) complete. Timing: real 0.018s user 0.000s sys 0.018s Metrics: {}
I0108 18:54:26.140789 25038 maintenance_manager.cc:326] P 53135810f2d84759ac110009de750c3d: Scheduling UndoDeltaBlockGCOp(fdf8e522824640c3ab9385967c93743a): 69126046 bytes on disk
I0108 18:54:26.212482 24932 maintenance_manager.cc:527] P 53135810f2d84759ac110009de750c3d: UndoDeltaBlockGCOp(fdf8e522824640c3ab9385967c93743a) complete. Timing: real 0.072s user 0.000s sys 0.000s Metrics: {"cfile_init":2,"lbm_read_time_us":71501,"lbm_reads_1-10_ms":2,"lbm_reads_10-100_ms":2,"lbm_reads_lt_1ms":4}
I0108 18:54:26.212613 25038 maintenance_manager.cc:326] P 53135810f2d84759ac110009de750c3d: Scheduling UndoDeltaBlockGCOp(50603d14716f4c4bb514a91e103fbf64): 31099591 bytes on disk
I0108 18:54:26.212721 24932 maintenance_manager.cc:527] P 53135810f2d84759ac110009de750c3d: UndoDeltaBlockGCOp(50603d14716f4c4bb514a91e103fbf64) complete. Timing: real 0.000s user 0.000s sys 0.000s Metrics: {"cfile_init":1,"lbm_read_time_us":10,"lbm_reads_lt_1ms":4}
I0108 18:54:26.212810 25038 maintenance_manager.cc:326] P 53135810f2d84759ac110009de750c3d: Scheduling CompactRowSetsOp(50603d14716f4c4bb514a91e103fbf64): perf score=0.508226
I0108 18:54:34.805891 25056 maintenance_manager.cc:527] P 61b86269d42a403f94c0a049429fa247: CompactRowSetsOp(dbe8c3d61048482fb282021487b845a6) complete. Timing: real 12.303s user 3.541s sys 0.293s Metrics: {"bytes_written":57886088,"cfile_cache_hit":111,"cfile_cache_hit_bytes":14015385,"cfile_cache_miss":7567,"cfile_cache_miss_bytes":223787515,"cfile_init":12,"delta_iterators_relevant":6,"dirs.queue_time_us":199,"dirs.run_cpu_time_us":245,"dirs.run_wall_time_us":143771,"drs_written":2,"lbm_read_time_us":6960279,"lbm_reads_1-10_ms":92,"lbm_reads_10-100_ms":178,"lbm_reads_gt_100_ms":9,"lbm_reads_lt_1ms":7336,"lbm_write_time_us":176046,"lbm_writes_1-10_ms":2,"lbm_writes_10-100_ms":1,"lbm_writes_lt_1ms":5772,"num_input_rowsets":3,"rows_written":3257656,"thread_start_us":491,"threads_started":11,"wal-append.queue_time_us":85}
I0108 18:54:34.806107 25162 maintenance_manager.cc:326] P 61b86269d42a403f94c0a049429fa247: Scheduling UndoDeltaBlockGCOp(dbe8c3d61048482fb282021487b845a6): 70471595 bytes on disk
I0108 18:54:34.997542 25056 maintenance_manager.cc:527] P 61b86269d42a403f94c0a049429fa247: UndoDeltaBlockGCOp(dbe8c3d61048482fb282021487b845a6) complete. Timing: real 0.191s user 0.001s sys 0.000s Metrics: {"cfile_init":2,"lbm_read_time_us":191213,"lbm_reads_1-10_ms":1,"lbm_reads_10-100_ms":4,"lbm_reads_lt_1ms":3}
I0108 18:54:34.997678 25162 maintenance_manager.cc:326] P 61b86269d42a403f94c0a049429fa247: Scheduling FlushMRSOp(fdf8e522824640c3ab9385967c93743a): perf score=0.046225
I0108 18:54:35.775732 25056 maintenance_manager.cc:527] P 61b86269d42a403f94c0a049429fa247: FlushMRSOp(fdf8e522824640c3ab9385967c93743a) complete. Timing: real 0.778s user 0.568s sys 0.026s Metrics: {"bytes_written":8378523,"cfile_init":1,"dirs.queue_time_us":67,"dirs.run_cpu_time_us":108,"dirs.run_wall_time_us":79875,"drs_written":1,"lbm_read_time_us":6,"lbm_reads_lt_1ms":4,"lbm_write_time_us":19155,"lbm_writes_lt_1ms":850,"rows_written":472138,"thread_start_us":60,"threads_started":2,"wal-append.queue_time_us":57}
I0108 18:54:35.775825 25162 maintenance_manager.cc:326] P 61b86269d42a403f94c0a049429fa247: Scheduling LogGCOp(fdf8e522824640c3ab9385967c93743a): free 33568440 bytes of WAL
I0108 18:54:35.775866 25056 log_reader.cc:379] T fdf8e522824640c3ab9385967c93743a: removed 4 log segments from log reader
I0108 18:54:35.775880 25056 log.cc:1062] T fdf8e522824640c3ab9385967c93743a P 61b86269d42a403f94c0a049429fa247: Deleting log segment in path: /data/somelongdirectorytoavoidrpathissues/src/kudutest/linked_list-test.LinkedListTest.TestLoadAndVerify.1578537560432831-24709/linked-list-cluster/ts-2/wal/wals/fdf8e522824640c3ab9385967c93743a/wal-000000027 (ops 323309-335754)
I0108 18:54:35.775904 25056 log.cc:1062] T fdf8e522824640c3ab9385967c93743a P 61b86269d42a403f94c0a049429fa247: Deleting log segment in path: /data/somelongdirectorytoavoidrpathissues/src/kudutest/linked_list-test.LinkedListTest.TestLoadAndVerify.1578537560432831-24709/linked-list-cluster/ts-2/wal/wals/fdf8e522824640c3ab9385967c93743a/wal-000000028 (ops 335755-348160)
I0108 18:54:35.775918 25056 log.cc:1062] T fdf8e522824640c3ab9385967c93743a P 61b86269d42a403f94c0a049429fa247: Deleting log segment in path: /data/somelongdirectorytoavoidrpathissues/src/kudutest/linked_list-test.LinkedListTest.TestLoadAndVerify.1578537560432831-24709/linked-list-cluster/ts-2/wal/wals/fdf8e522824640c3ab9385967c93743a/wal-000000029 (ops 348161-360557)
I0108 18:54:35.775928 25056 log.cc:1062] T fdf8e522824640c3ab9385967c93743a P 61b86269d42a403f94c0a049429fa247: Deleting log segment in path: /data/somelongdirectorytoavoidrpathissues/src/kudutest/linked_list-test.LinkedListTest.TestLoadAndVerify.1578537560432831-24709/linked-list-cluster/ts-2/wal/wals/fdf8e522824640c3ab9385967c93743a/wal-000000030 (ops 360558-373026)
I0108 18:54:35.783663 25056 maintenance_manager.cc:527] P 61b86269d42a403f94c0a049429fa247: LogGCOp(fdf8e522824640c3ab9385967c93743a) complete. Timing: real 0.008s user 0.000s sys 0.008s Metrics: {}
I0108 18:54:35.783766 25162 maintenance_manager.cc:326] P 61b86269d42a403f94c0a049429fa247: Scheduling UndoDeltaBlockGCOp(fdf8e522824640c3ab9385967c93743a): 9413105 bytes on disk
I0108 18:54:35.783862 25056 maintenance_manager.cc:527] P 61b86269d42a403f94c0a049429fa247: UndoDeltaBlockGCOp(fdf8e522824640c3ab9385967c93743a) complete. Timing: real 0.000s user 0.000s sys 0.000s Metrics: {"cfile_init":1,"lbm_read_time_us":11,"lbm_reads_lt_1ms":4}
I0108 18:54:35.783910 25162 maintenance_manager.cc:326] P 61b86269d42a403f94c0a049429fa247: Scheduling CompactRowSetsOp(fdf8e522824640c3ab9385967c93743a): perf score=1.001227
I0108 18:54:50.448807 25056 maintenance_manager.cc:527] P 61b86269d42a403f94c0a049429fa247: CompactRowSetsOp(fdf8e522824640c3ab9385967c93743a) complete. Timing: real 14.665s user 3.334s sys 0.249s Metrics: {"bytes_written":57886588,"cfile_cache_hit":111,"cfile_cache_hit_bytes":14005983,"cfile_cache_miss":7573,"cfile_cache_miss_bytes":224047709,"cfile_init":11,"delta_iterators_relevant":6,"dirs.queue_time_us":183,"dirs.run_cpu_time_us":206,"dirs.run_wall_time_us":193444,"drs_written":2,"lbm_read_time_us":10347300,"lbm_reads_1-10_ms":86,"lbm_reads_10-100_ms":224,"lbm_reads_gt_100_ms":13,"lbm_reads_lt_1ms":7294,"lbm_write_time_us":120383,"lbm_writes_lt_1ms":5775,"num_input_rowsets":3,"rows_written":3258134,"thread_start_us":487,"threads_started":11,"wal-append.queue_time_us":56}
I0108 18:54:50.449030 25162 maintenance_manager.cc:326] P 61b86269d42a403f94c0a049429fa247: Scheduling UndoDeltaBlockGCOp(fdf8e522824640c3ab9385967c93743a): 70493704 bytes on disk
I0108 18:54:50.449167 25056 maintenance_manager.cc:527] P 61b86269d42a403f94c0a049429fa247: UndoDeltaBlockGCOp(fdf8e522824640c3ab9385967c93743a) complete. Timing: real 0.000s user 0.000s sys 0.000s Metrics: {"cfile_init":2,"lbm_read_time_us":16,"lbm_reads_lt_1ms":8}
I0108 18:54:50.449244 25162 maintenance_manager.cc:326] P 61b86269d42a403f94c0a049429fa247: Scheduling FlushMRSOp(50603d14716f4c4bb514a91e103fbf64): perf score=0.037229
I0108 18:54:52.960762 25056 maintenance_manager.cc:527] P 61b86269d42a403f94c0a049429fa247: FlushMRSOp(50603d14716f4c4bb514a91e103fbf64) complete. Timing: real 2.511s user 1.670s sys 0.088s Metrics: {"bytes_written":23979487,"cfile_init":1,"dirs.queue_time_us":14939,"dirs.run_cpu_time_us":98,"dirs.run_wall_time_us":120989,"drs_written":1,"lbm_read_time_us":7,"lbm_reads_lt_1ms":4,"lbm_write_time_us":113344,"lbm_writes_1-10_ms":3,"lbm_writes_10-100_ms":2,"lbm_writes_lt_1ms":2398,"rows_written":1353447,"thread_start_us":66,"threads_started":2,"wal-append.queue_time_us":74}
I0108 18:54:52.960975 25162 maintenance_manager.cc:326] P 61b86269d42a403f94c0a049429fa247: Scheduling LogGCOp(50603d14716f4c4bb514a91e103fbf64): free 59148008 bytes of WAL
I0108 18:54:52.961055 25056 log_reader.cc:379] T 50603d14716f4c4bb514a91e103fbf64: removed 7 log segments from log reader
I0108 18:54:52.961097 25056 log.cc:1062] T 50603d14716f4c4bb514a91e103fbf64 P 61b86269d42a403f94c0a049429fa247: Deleting log segment in path: /data/somelongdirectorytoavoidrpathissues/src/kudutest/linked_list-test.LinkedListTest.TestLoadAndVerify.1578537560432831-24709/linked-list-cluster/ts-2/wal/wals/50603d14716f4c4bb514a91e103fbf64/wal-000000060 (ops 349773-355722)
I0108 18:54:52.961192 25056 log.cc:1062] T 50603d14716f4c4bb514a91e103fbf64 P 61b86269d42a403f94c0a049429fa247: Deleting log segment in path: /data/somelongdirectorytoavoidrpathissues/src/kudutest/linked_list-test.LinkedListTest.TestLoadAndVerify.1578537560432831-24709/linked-list-cluster/ts-2/wal/wals/50603d14716f4c4bb514a91e103fbf64/wal-000000061 (ops 355723-361788)
I0108 18:54:52.961318 25056 log.cc:1062] T 50603d14716f4c4bb514a91e103fbf64 P 61b86269d42a403f94c0a049429fa247: Deleting log segment in path: /data/somelongdirectorytoavoidrpathissues/src/kudutest/linked_list-test.LinkedListTest.TestLoadAndVerify.1578537560432831-24709/linked-list-cluster/ts-2/wal/wals/50603d14716f4c4bb514a91e103fbf64/wal-000000062 (ops 361789-367735)
