I0108 18:51:22.390501 24807 log.cc:1062] T fdf8e522824640c3ab9385967c93743a P c6ad452ff3b64d949298a50527e1fbb0: Deleting log segment in path: /data/somelongdirectorytoavoidrpathissues/src/kudutest/linked_list-test.LinkedListTest.TestLoadAndVerify.1578537560432831-24709/linked-list-cluster/ts-0/wal/wals/fdf8e522824640c3ab9385967c93743a/wal-000000025 (ops 298494-310923)
I0108 18:51:22.420307 24807 maintenance_manager.cc:527] P c6ad452ff3b64d949298a50527e1fbb0: LogGCOp(fdf8e522824640c3ab9385967c93743a) complete. Timing: real 0.030s user 0.002s sys 0.011s Metrics: {}
I0108 18:51:22.420464 24913 maintenance_manager.cc:326] P c6ad452ff3b64d949298a50527e1fbb0: Scheduling CompactRowSetsOp(fdf8e522824640c3ab9385967c93743a): perf score=1.006841
I0108 18:51:30.360312 24932 maintenance_manager.cc:527] P 53135810f2d84759ac110009de750c3d: CompactRowSetsOp(50603d14716f4c4bb514a91e103fbf64) complete. Timing: real 33.449s user 7.711s sys 0.768s Metrics: {"bytes_written":106517729,"cfile_cache_hit":140,"cfile_cache_hit_bytes":17356566,"cfile_cache_miss":14030,"cfile_cache_miss_bytes":421329522,"cfile_init":16,"delta_iterators_relevant":8,"dirs.queue_time_us":935,"dirs.run_cpu_time_us":433,"dirs.run_wall_time_us":296850,"drs_written":4,"lbm_read_time_us":9937864,"lbm_reads_1-10_ms":235,"lbm_reads_10-100_ms":212,"lbm_reads_gt_100_ms":14,"lbm_reads_lt_1ms":13633,"lbm_write_time_us":991640,"lbm_writes_1-10_ms":130,"lbm_writes_10-100_ms":12,"lbm_writes_lt_1ms":10521,"num_input_rowsets":4,"rows_written":6011884,"spinlock_wait_cycles":261003520,"thread_start_us":1445,"threads_started":12}
I0108 18:51:30.360553 25038 maintenance_manager.cc:326] P 53135810f2d84759ac110009de750c3d: Scheduling UndoDeltaBlockGCOp(50603d14716f4c4bb514a91e103fbf64): 128233361 bytes on disk
I0108 18:51:30.360713 24932 maintenance_manager.cc:527] P 53135810f2d84759ac110009de750c3d: UndoDeltaBlockGCOp(50603d14716f4c4bb514a91e103fbf64) complete. Timing: real 0.000s user 0.000s sys 0.000s Metrics: {"cfile_init":4,"lbm_read_time_us":27,"lbm_reads_lt_1ms":16}
I0108 18:51:30.360803 25038 maintenance_manager.cc:326] P 53135810f2d84759ac110009de750c3d: Scheduling FlushMRSOp(dbe8c3d61048482fb282021487b845a6): perf score=0.045541
I0108 18:51:30.976454 25056 maintenance_manager.cc:527] P 61b86269d42a403f94c0a049429fa247: CompactRowSetsOp(50603d14716f4c4bb514a91e103fbf64) complete. Timing: real 22.745s user 5.539s sys 0.540s Metrics: {"bytes_written":75283353,"cfile_cache_hit":116,"cfile_cache_hit_bytes":14797910,"cfile_cache_miss":9900,"cfile_cache_miss_bytes":294934982,"cfile_init":14,"delta_iterators_relevant":6,"dirs.queue_time_us":5259,"dirs.run_cpu_time_us":401,"dirs.run_wall_time_us":115915,"drs_written":3,"lbm_read_time_us":6503682,"lbm_reads_1-10_ms":172,"lbm_reads_10-100_ms":152,"lbm_reads_gt_100_ms":11,"lbm_reads_lt_1ms":9621,"lbm_write_time_us":1413973,"lbm_writes_1-10_ms":117,"lbm_writes_10-100_ms":33,"lbm_writes_gt_100_ms":1,"lbm_writes_lt_1ms":7389,"num_input_rowsets":3,"rows_written":4249912,"spinlock_wait_cycles":62153216,"thread_start_us":577,"threads_started":11}
I0108 18:51:30.976665 25162 maintenance_manager.cc:326] P 61b86269d42a403f94c0a049429fa247: Scheduling UndoDeltaBlockGCOp(50603d14716f4c4bb514a91e103fbf64): 212487409 bytes on disk
I0108 18:51:31.155951 25056 maintenance_manager.cc:527] P 61b86269d42a403f94c0a049429fa247: UndoDeltaBlockGCOp(50603d14716f4c4bb514a91e103fbf64) complete. Timing: real 0.179s user 0.000s sys 0.000s Metrics: {"cfile_init":6,"lbm_read_time_us":178937,"lbm_reads_1-10_ms":7,"lbm_reads_10-100_ms":5,"lbm_reads_lt_1ms":12}
I0108 18:51:31.156111 25162 maintenance_manager.cc:326] P 61b86269d42a403f94c0a049429fa247: Scheduling FlushMRSOp(dbe8c3d61048482fb282021487b845a6): perf score=0.033432
I0108 18:51:31.965936 28990 rpcz_store.cc:269] Call kudu.tserver.TabletServerService.Write from 127.24.33.66:58364 (ReqId={client: 20060d3408dd4d3a8f0e19885a75dabd, seq_no=972388, attempt_no=0}) took 1490ms. Request Metrics: {"child_traces":[["txn",{"apply.queue_time_us":1518,"cfile_cache_hit":2244,"cfile_cache_hit_bytes":9552674,"cfile_cache_miss":2923,"cfile_cache_miss_bytes":12143162,"lbm_read_time_us":1331595,"lbm_reads_1-10_ms":23,"lbm_reads_10-100_ms":23,"lbm_reads_gt_100_ms":4,"lbm_reads_lt_1ms":2873,"num_ops":12937,"prepare.queue_time_us":86,"prepare.run_cpu_time_us":14158,"prepare.run_wall_time_us":63554,"raft.queue_time_us":79,"raft.run_cpu_time_us":115,"raft.run_wall_time_us":119,"replication_time_us":4732,"spinlock_wait_cycles":87296}]]}
I0108 18:51:33.357719 24932 maintenance_manager.cc:527] P 53135810f2d84759ac110009de750c3d: FlushMRSOp(dbe8c3d61048482fb282021487b845a6) complete. Timing: real 2.997s user 0.736s sys 0.055s Metrics: {"bytes_written":9751282,"cfile_init":1,"delete_count":0,"dirs.queue_time_us":521,"dirs.run_cpu_time_us":62,"dirs.run_wall_time_us":63,"drs_written":1,"lbm_read_time_us":8,"lbm_reads_lt_1ms":4,"lbm_write_time_us":1470504,"lbm_writes_1-10_ms":23,"lbm_writes_10-100_ms":23,"lbm_writes_gt_100_ms":4,"lbm_writes_lt_1ms":939,"reinsert_count":0,"rows_written":549966,"thread_start_us":123,"threads_started":1,"update_count":3190}
I0108 18:51:33.357898 25038 maintenance_manager.cc:326] P 53135810f2d84759ac110009de750c3d: Scheduling LogGCOp(dbe8c3d61048482fb282021487b845a6): free 42002334 bytes of WAL
I0108 18:51:33.357971 24932 log_reader.cc:379] T dbe8c3d61048482fb282021487b845a6: removed 5 log segments from log reader
I0108 18:51:33.358021 24932 log.cc:1062] T dbe8c3d61048482fb282021487b845a6 P 53135810f2d84759ac110009de750c3d: Deleting log segment in path: /data/somelongdirectorytoavoidrpathissues/src/kudutest/linked_list-test.LinkedListTest.TestLoadAndVerify.1578537560432831-24709/linked-list-cluster/ts-1/wal/wals/dbe8c3d61048482fb282021487b845a6/wal-000000021 (ops 248008-260391)
I0108 18:51:33.358114 24932 log.cc:1062] T dbe8c3d61048482fb282021487b845a6 P 53135810f2d84759ac110009de750c3d: Deleting log segment in path: /data/somelongdirectorytoavoidrpathissues/src/kudutest/linked_list-test.LinkedListTest.TestLoadAndVerify.1578537560432831-24709/linked-list-cluster/ts-1/wal/wals/dbe8c3d61048482fb282021487b845a6/wal-000000022 (ops 260392-272849)
I0108 18:51:33.358189 24932 log.cc:1062] T dbe8c3d61048482fb282021487b845a6 P 53135810f2d84759ac110009de750c3d: Deleting log segment in path: /data/somelongdirectorytoavoidrpathissues/src/kudutest/linked_list-test.LinkedListTest.TestLoadAndVerify.1578537560432831-24709/linked-list-cluster/ts-1/wal/wals/dbe8c3d61048482fb282021487b845a6/wal-000000023 (ops 272850-285296)
I0108 18:51:33.358286 24932 log.cc:1062] T dbe8c3d61048482fb282021487b845a6 P 53135810f2d84759ac110009de750c3d: Deleting log segment in path: /data/somelongdirectorytoavoidrpathissues/src/kudutest/linked_list-test.LinkedListTest.TestLoadAndVerify.1578537560432831-24709/linked-list-cluster/ts-1/wal/wals/dbe8c3d61048482fb282021487b845a6/wal-000000024 (ops 285297-297667)
I0108 18:51:33.358440 24932 log.cc:1062] T dbe8c3d61048482fb282021487b845a6 P 53135810f2d84759ac110009de750c3d: Deleting log segment in path: /data/somelongdirectorytoavoidrpathissues/src/kudutest/linked_list-test.LinkedListTest.TestLoadAndVerify.1578537560432831-24709/linked-list-cluster/ts-1/wal/wals/dbe8c3d61048482fb282021487b845a6/wal-000000025 (ops 297668-310068)
I0108 18:51:33.372011 24932 maintenance_manager.cc:527] P 53135810f2d84759ac110009de750c3d: LogGCOp(dbe8c3d61048482fb282021487b845a6) complete. Timing: real 0.014s user 0.000s sys 0.013s Metrics: {}
I0108 18:51:33.372187 25038 maintenance_manager.cc:326] P 53135810f2d84759ac110009de750c3d: Scheduling UndoDeltaBlockGCOp(dbe8c3d61048482fb282021487b845a6): 11017177 bytes on disk
I0108 18:51:33.384793 24932 maintenance_manager.cc:527] P 53135810f2d84759ac110009de750c3d: UndoDeltaBlockGCOp(dbe8c3d61048482fb282021487b845a6) complete. Timing: real 0.012s user 0.000s sys 0.000s Metrics: {"cfile_init":1,"lbm_read_time_us":12417,"lbm_reads_10-100_ms":1,"lbm_reads_lt_1ms":3}
I0108 18:51:33.384878 25038 maintenance_manager.cc:326] P 53135810f2d84759ac110009de750c3d: Scheduling CompactRowSetsOp(dbe8c3d61048482fb282021487b845a6): perf score=1.006472
I0108 18:51:33.402940 25056 maintenance_manager.cc:527] P 61b86269d42a403f94c0a049429fa247: FlushMRSOp(dbe8c3d61048482fb282021487b845a6) complete. Timing: real 2.247s user 0.571s sys 0.043s Metrics: {"bytes_written":7177942,"cfile_init":1,"delete_count":0,"dirs.queue_time_us":4171,"dirs.run_cpu_time_us":107,"dirs.run_wall_time_us":44621,"drs_written":1,"lbm_read_time_us":8,"lbm_reads_lt_1ms":4,"lbm_write_time_us":864171,"lbm_writes_1-10_ms":17,"lbm_writes_10-100_ms":14,"lbm_writes_gt_100_ms":3,"lbm_writes_lt_1ms":701,"reinsert_count":0,"rows_written":404647,"spinlock_wait_cycles":768,"thread_start_us":30,"threads_started":1,"update_count":42}
I0108 18:51:33.403070 25162 maintenance_manager.cc:326] P 61b86269d42a403f94c0a049429fa247: Scheduling LogGCOp(dbe8c3d61048482fb282021487b845a6): free 25181538 bytes of WAL
I0108 18:51:33.403120 25056 log_reader.cc:379] T dbe8c3d61048482fb282021487b845a6: removed 3 log segments from log reader
I0108 18:51:33.403126 25056 log.cc:1062] T dbe8c3d61048482fb282021487b845a6 P 61b86269d42a403f94c0a049429fa247: Deleting log segment in path: /data/somelongdirectorytoavoidrpathissues/src/kudutest/linked_list-test.LinkedListTest.TestLoadAndVerify.1578537560432831-24709/linked-list-cluster/ts-2/wal/wals/dbe8c3d61048482fb282021487b845a6/wal-000000023 (ops 272596-284969)
I0108 18:51:33.403148 25056 log.cc:1062] T dbe8c3d61048482fb282021487b845a6 P 61b86269d42a403f94c0a049429fa247: Deleting log segment in path: /data/somelongdirectorytoavoidrpathissues/src/kudutest/linked_list-test.LinkedListTest.TestLoadAndVerify.1578537560432831-24709/linked-list-cluster/ts-2/wal/wals/dbe8c3d61048482fb282021487b845a6/wal-000000024 (ops 284970-297345)
I0108 18:51:33.403162 25056 log.cc:1062] T dbe8c3d61048482fb282021487b845a6 P 61b86269d42a403f94c0a049429fa247: Deleting log segment in path: /data/somelongdirectorytoavoidrpathissues/src/kudutest/linked_list-test.LinkedListTest.TestLoadAndVerify.1578537560432831-24709/linked-list-cluster/ts-2/wal/wals/dbe8c3d61048482fb282021487b845a6/wal-000000025 (ops 297346-309803)
I0108 18:51:33.409068 25056 maintenance_manager.cc:527] P 61b86269d42a403f94c0a049429fa247: LogGCOp(dbe8c3d61048482fb282021487b845a6) complete. Timing: real 0.006s user 0.000s sys 0.006s Metrics: {}
I0108 18:51:33.409158 25162 maintenance_manager.cc:326] P 61b86269d42a403f94c0a049429fa247: Scheduling UndoDeltaBlockGCOp(dbe8c3d61048482fb282021487b845a6): 8053796 bytes on disk
I0108 18:51:33.409273 25056 maintenance_manager.cc:527] P 61b86269d42a403f94c0a049429fa247: UndoDeltaBlockGCOp(dbe8c3d61048482fb282021487b845a6) complete. Timing: real 0.000s user 0.000s sys 0.000s Metrics: {"cfile_init":1,"lbm_read_time_us":10,"lbm_reads_lt_1ms":4}
I0108 18:51:33.409358 25162 maintenance_manager.cc:326] P 61b86269d42a403f94c0a049429fa247: Scheduling CompactRowSetsOp(dbe8c3d61048482fb282021487b845a6): perf score=1.006434 ------------------------------------------------------------ Histogram for latency of insert operations (microseconds) Note: each insert is a batch of 50 rows. ------------------------------------------------------------ Count: 330000 Mean: 2082.24 Percentiles: 0% (min) = 804 25% = 1502 50% (med) = 1707 75% = 2003 95% = 2884 99% = 8632 99.9% = 50752 99.99% = 124864 100% (max) = 2453906 *NOTE: some values were greater than highest trackable value
I0108 18:51:36.641894 24709 linked_list-test-util.h:519] Written 16500000 rows in chain
I0108 18:51:37.046207 24807 maintenance_manager.cc:527] P c6ad452ff3b64d949298a50527e1fbb0: CompactRowSetsOp(fdf8e522824640c3ab9385967c93743a) complete. Timing: real 14.625s user 3.540s sys 0.339s Metrics: {"bytes_written":47763334,"cfile_cache_hit":115,"cfile_cache_hit_bytes":14633654,"cfile_cache_miss":6251,"cfile_cache_miss_bytes":181026414,"cfile_init":13,"delta_iterators_relevant":8,"dirs.queue_time_us":6360,"dirs.run_cpu_time_us":207,"dirs.run_wall_time_us":162726,"drs_written":2,"lbm_read_time_us":3371910,"lbm_reads_1-10_ms":104,"lbm_reads_10-100_ms":63,"lbm_reads_gt_100_ms":4,"lbm_reads_lt_1ms":6132,"lbm_write_time_us":571656,"lbm_writes_1-10_ms":66,"lbm_writes_10-100_ms":8,"lbm_writes_lt_1ms":4715,"num_input_rowsets":3,"rows_written":2697964,"spinlock_wait_cycles":17132416,"thread_start_us":1308,"threads_started":10}
I0108 18:51:37.046416 24913 maintenance_manager.cc:326] P c6ad452ff3b64d949298a50527e1fbb0: Scheduling FlushMRSOp(dbe8c3d61048482fb282021487b845a6): perf score=0.043703
I0108 18:51:39.873739 24807 maintenance_manager.cc:527] P c6ad452ff3b64d949298a50527e1fbb0: FlushMRSOp(dbe8c3d61048482fb282021487b845a6) complete. Timing: real 2.827s user 0.778s sys 0.058s Metrics: {"bytes_written":9437212,"cfile_init":1,"delete_count":0,"dirs.queue_time_us":987,"dirs.run_cpu_time_us":54,"dirs.run_wall_time_us":224,"drs_written":1,"lbm_read_time_us":8,"lbm_reads_lt_1ms":4,"lbm_write_time_us":395626,"lbm_writes_1-10_ms":30,"lbm_writes_10-100_ms":9,"lbm_writes_lt_1ms":924,"reinsert_count":0,"rows_written":533879,"thread_start_us":31,"threads_started":1,"update_count":47}
I0108 18:51:39.874156 24913 maintenance_manager.cc:326] P c6ad452ff3b64d949298a50527e1fbb0: Scheduling LogGCOp(dbe8c3d61048482fb282021487b845a6): free 41955614 bytes of WAL
I0108 18:51:39.874240 24807 log_reader.cc:379] T dbe8c3d61048482fb282021487b845a6: removed 5 log segments from log reader
I0108 18:51:39.874294 24807 log.cc:1062] T dbe8c3d61048482fb282021487b845a6 P c6ad452ff3b64d949298a50527e1fbb0: Deleting log segment in path: /data/somelongdirectorytoavoidrpathissues/src/kudutest/linked_list-test.LinkedListTest.TestLoadAndVerify.1578537560432831-24709/linked-list-cluster/ts-0/wal/wals/dbe8c3d61048482fb282021487b845a6/wal-000000022 (ops 260726-273181)
I0108 18:51:39.874519 24807 log.cc:1062] T dbe8c3d61048482fb282021487b845a6 P c6ad452ff3b64d949298a50527e1fbb0: Deleting log segment in path: /data/somelongdirectorytoavoidrpathissues/src/kudutest/linked_list-test.LinkedListTest.TestLoadAndVerify.1578537560432831-24709/linked-list-cluster/ts-0/wal/wals/dbe8c3d61048482fb282021487b845a6/wal-000000023 (ops 273182-285578)
I0108 18:51:39.874598 24807 log.cc:1062] T dbe8c3d61048482fb282021487b845a6 P c6ad452ff3b64d949298a50527e1fbb0: Deleting log segment in path: /data/somelongdirectorytoavoidrpathissues/src/kudutest/linked_list-test.LinkedListTest.TestLoadAndVerify.1578537560432831-24709/linked-list-cluster/ts-0/wal/wals/dbe8c3d61048482fb282021487b845a6/wal-000000024 (ops 285579-297963)
I0108 18:51:39.874733 24807 log.cc:1062] T dbe8c3d61048482fb282021487b845a6 P c6ad452ff3b64d949298a50527e1fbb0: Deleting log segment in path: /data/somelongdirectorytoavoidrpathissues/src/kudutest/linked_list-test.LinkedListTest.TestLoadAndVerify.1578537560432831-24709/linked-list-cluster/ts-0/wal/wals/dbe8c3d61048482fb282021487b845a6/wal-000000025 (ops 297964-310373)
I0108 18:51:39.874804 24807 log.cc:1062] T dbe8c3d61048482fb282021487b845a6 P c6ad452ff3b64d949298a50527e1fbb0: Deleting log segment in path: /data/somelongdirectorytoavoidrpathissues/src/kudutest/linked_list-test.LinkedListTest.TestLoadAndVerify.1578537560432831-24709/linked-list-cluster/ts-0/wal/wals/dbe8c3d61048482fb282021487b845a6/wal-000000026 (ops 310374-322842)
I0108 18:51:39.901537 24807 maintenance_manager.cc:527] P c6ad452ff3b64d949298a50527e1fbb0: LogGCOp(dbe8c3d61048482fb282021487b845a6) complete. Timing: real 0.026s user 0.000s sys 0.014s Metrics: {}
I0108 18:51:39.901713 24913 maintenance_manager.cc:326] P c6ad452ff3b64d949298a50527e1fbb0: Scheduling UndoDeltaBlockGCOp(fdf8e522824640c3ab9385967c93743a): 57762295 bytes on disk
I0108 18:51:39.946185 24807 maintenance_manager.cc:527] P c6ad452ff3b64d949298a50527e1fbb0: UndoDeltaBlockGCOp(fdf8e522824640c3ab9385967c93743a) complete. Timing: real 0.044s user 0.000s sys 0.000s Metrics: {"cfile_init":2,"lbm_read_time_us":44183,"lbm_reads_1-10_ms":2,"lbm_reads_10-100_ms":2,"lbm_reads_lt_1ms":4}
I0108 18:51:39.946269 24913 maintenance_manager.cc:326] P c6ad452ff3b64d949298a50527e1fbb0: Scheduling CompactRowSetsOp(dbe8c3d61048482fb282021487b845a6): perf score=1.006291
I0108 18:51:47.238786 25056 maintenance_manager.cc:527] P 61b86269d42a403f94c0a049429fa247: CompactRowSetsOp(dbe8c3d61048482fb282021487b845a6) complete. Timing: real 13.829s user 3.663s sys 0.381s Metrics: {"bytes_written":48398255,"cfile_cache_hit":101,"cfile_cache_hit_bytes":12523674,"cfile_cache_miss":6357,"cfile_cache_miss_bytes":186266994,"cfile_init":12,"delta_iterators_relevant":8,"dirs.queue_time_us":1644,"dirs.run_cpu_time_us":204,"dirs.run_wall_time_us":64626,"drs_written":2,"lbm_read_time_us":2023405,"lbm_reads_1-10_ms":119,"lbm_reads_10-100_ms":38,"lbm_reads_gt_100_ms":2,"lbm_reads_lt_1ms":6246,"lbm_write_time_us":379877,"lbm_writes_1-10_ms":82,"lbm_writes_10-100_ms":1,"lbm_writes_lt_1ms":4769,"num_input_rowsets":3,"rows_written":2734046,"spinlock_wait_cycles":29486208,"thread_start_us":540,"threads_started":10}
I0108 18:51:47.242437 25162 maintenance_manager.cc:326] P 61b86269d42a403f94c0a049429fa247: Scheduling FlushMRSOp(fdf8e522824640c3ab9385967c93743a): perf score=0.034137
I0108 18:51:47.489502 24932 maintenance_manager.cc:527] P 53135810f2d84759ac110009de750c3d: CompactRowSetsOp(dbe8c3d61048482fb282021487b845a6) complete. Timing: real 14.105s user 3.654s sys 0.393s Metrics: {"bytes_written":48396027,"cfile_cache_hit":117,"cfile_cache_hit_bytes":14845699,"cfile_cache_miss":6327,"cfile_cache_miss_bytes":183426505,"cfile_init":12,"delta_iterators_relevant":8,"dirs.queue_time_us":12663,"dirs.run_cpu_time_us":184,"dirs.run_wall_time_us":32309,"drs_written":2,"lbm_read_time_us":2057370,"lbm_reads_1-10_ms":113,"lbm_reads_10-100_ms":39,"lbm_reads_gt_100_ms":3,"lbm_reads_lt_1ms":6220,"lbm_write_time_us":620313,"lbm_writes_1-10_ms":102,"lbm_writes_10-100_ms":6,"lbm_writes_lt_1ms":4744,"num_input_rowsets":3,"rows_written":2733965,"spinlock_wait_cycles":27417344,"thread_start_us":533,"threads_started":10}
I0108 18:51:47.493355 25038 maintenance_manager.cc:326] P 53135810f2d84759ac110009de750c3d: Scheduling UndoDeltaBlockGCOp(dbe8c3d61048482fb282021487b845a6): 58607549 bytes on disk
I0108 18:51:47.494480 24932 maintenance_manager.cc:527] P 53135810f2d84759ac110009de750c3d: UndoDeltaBlockGCOp(dbe8c3d61048482fb282021487b845a6) complete. Timing: real 0.001s user 0.000s sys 0.000s Metrics: {"cfile_init":2,"lbm_read_time_us":966,"lbm_reads_lt_1ms":8}
I0108 18:51:47.494544 25038 maintenance_manager.cc:326] P 53135810f2d84759ac110009de750c3d: Scheduling FlushMRSOp(fdf8e522824640c3ab9385967c93743a): perf score=0.046662
I0108 18:51:48.585986 25056 maintenance_manager.cc:527] P 61b86269d42a403f94c0a049429fa247: FlushMRSOp(fdf8e522824640c3ab9385967c93743a) complete. Timing: real 1.343s user 0.544s sys 0.038s Metrics: {"bytes_written":7247888,"cfile_init":1,"delete_count":0,"dirs.queue_time_us":84,"dirs.run_cpu_time_us":41,"dirs.run_wall_time_us":41,"drs_written":1,"lbm_read_time_us":8,"lbm_reads_lt_1ms":4,"lbm_write_time_us":471254,"lbm_writes_1-10_ms":22,"lbm_writes_10-100_ms":10,"lbm_writes_lt_1ms":711,"reinsert_count":0,"rows_written":409295,"thread_start_us":63,"threads_started":1,"update_count":27}
I0108 18:51:48.586169 25162 maintenance_manager.cc:326] P 61b86269d42a403f94c0a049429fa247: Scheduling LogGCOp(fdf8e522824640c3ab9385967c93743a): free 33608012 bytes of WAL
I0108 18:51:48.586274 25056 log_reader.cc:379] T fdf8e522824640c3ab9385967c93743a: removed 4 log segments from log reader
I0108 18:51:48.586319 25056 log.cc:1062] T fdf8e522824640c3ab9385967c93743a P 61b86269d42a403f94c0a049429fa247: Deleting log segment in path: /data/somelongdirectorytoavoidrpathissues/src/kudutest/linked_list-test.LinkedListTest.TestLoadAndVerify.1578537560432831-24709/linked-list-cluster/ts-2/wal/wals/fdf8e522824640c3ab9385967c93743a/wal-000000023 (ops 273580-285991)
I0108 18:51:48.586414 25056 log.cc:1062] T fdf8e522824640c3ab9385967c93743a P 61b86269d42a403f94c0a049429fa247: Deleting log segment in path: /data/somelongdirectorytoavoidrpathissues/src/kudutest/linked_list-test.LinkedListTest.TestLoadAndVerify.1578537560432831-24709/linked-list-cluster/ts-2/wal/wals/fdf8e522824640c3ab9385967c93743a/wal-000000024 (ops 285992-298379)
I0108 18:51:48.586490 25056 log.cc:1062] T fdf8e522824640c3ab9385967c93743a P 61b86269d42a403f94c0a049429fa247: Deleting log segment in path: /data/somelongdirectorytoavoidrpathissues/src/kudutest/linked_list-test.LinkedListTest.TestLoadAndVerify.1578537560432831-24709/linked-list-cluster/ts-2/wal/wals/fdf8e522824640c3ab9385967c93743a/wal-000000025 (ops 298380-310893)
I0108 18:51:48.586561 25056 log.cc:1062] T fdf8e522824640c3ab9385967c93743a P 61b86269d42a403f94c0a049429fa247: Deleting log segment in path: /data/somelongdirectorytoavoidrpathissues/src/kudutest/linked_list-test.LinkedListTest.TestLoadAndVerify.1578537560432831-24709/linked-list-cluster/ts-2/wal/wals/fdf8e522824640c3ab9385967c93743a/wal-000000026 (ops 310894-323308)
I0108 18:51:48.610669 25056 maintenance_manager.cc:527] P 61b86269d42a403f94c0a049429fa247: LogGCOp(fdf8e522824640c3ab9385967c93743a) complete. Timing: real 0.024s user 0.001s sys 0.010s Metrics: {}
I0108 18:51:48.611193 25162 maintenance_manager.cc:326] P 61b86269d42a403f94c0a049429fa247: Scheduling CompactRowSetsOp(fdf8e522824640c3ab9385967c93743a): perf score=1.005889
I0108 18:51:50.224422 24932 maintenance_manager.cc:527] P 53135810f2d84759ac110009de750c3d: FlushMRSOp(fdf8e522824640c3ab9385967c93743a) complete. Timing: real 2.729s user 0.808s sys 0.050s Metrics: {"bytes_written":10068834,"cfile_init":1,"delete_count":0,"dirs.queue_time_us":106,"dirs.run_cpu_time_us":121,"dirs.run_wall_time_us":51943,"drs_written":1,"lbm_read_time_us":6,"lbm_reads_lt_1ms":4,"lbm_write_time_us":857173,"lbm_writes_1-10_ms":26,"lbm_writes_10-100_ms":21,"lbm_writes_lt_1ms":979,"reinsert_count":0,"rows_written":570116,"thread_start_us":79,"threads_started":1,"update_count":161}
I0108 18:51:50.229370 25038 maintenance_manager.cc:326] P 53135810f2d84759ac110009de750c3d: Scheduling LogGCOp(fdf8e522824640c3ab9385967c93743a): free 41994287 bytes of WAL
I0108 18:51:50.230271 24932 log_reader.cc:379] T fdf8e522824640c3ab9385967c93743a: removed 5 log segments from log reader
I0108 18:51:50.230356 24932 log.cc:1062] T fdf8e522824640c3ab9385967c93743a P 53135810f2d84759ac110009de750c3d: Deleting log segment in path: /data/somelongdirectorytoavoidrpathissues/src/kudutest/linked_list-test.LinkedListTest.TestLoadAndVerify.1578537560432831-24709/linked-list-cluster/ts-1/wal/wals/fdf8e522824640c3ab9385967c93743a/wal-000000022 (ops 260322-272690)
I0108 18:51:50.230439 24932 log.cc:1062] T fdf8e522824640c3ab9385967c93743a P 53135810f2d84759ac110009de750c3d: Deleting log segment in path: /data/somelongdirectorytoavoidrpathissues/src/kudutest/linked_list-test.LinkedListTest.TestLoadAndVerify.1578537560432831-24709/linked-list-cluster/ts-1/wal/wals/fdf8e522824640c3ab9385967c93743a/wal-000000023 (ops 272691-285082)
I0108 18:51:50.230504 24932 log.cc:1062] T fdf8e522824640c3ab9385967c93743a P 53135810f2d84759ac110009de750c3d: Deleting log segment in path: /data/somelongdirectorytoavoidrpathissues/src/kudutest/linked_list-test.LinkedListTest.TestLoadAndVerify.1578537560432831-24709/linked-list-cluster/ts-1/wal/wals/fdf8e522824640c3ab9385967c93743a/wal-000000024 (ops 285083-297509)
I0108 18:51:50.230566 24932 log.cc:1062] T fdf8e522824640c3ab9385967c93743a P 53135810f2d84759ac110009de750c3d: Deleting log segment in path: /data/somelongdirectorytoavoidrpathissues/src/kudutest/linked_list-test.LinkedListTest.TestLoadAndVerify.1578537560432831-24709/linked-list-cluster/ts-1/wal/wals/fdf8e522824640c3ab9385967c93743a/wal-000000025 (ops 297510-309874)
I0108 18:51:50.230623 24932 log.cc:1062] T fdf8e522824640c3ab9385967c93743a P 53135810f2d84759ac110009de750c3d: Deleting log segment in path: /data/somelongdirectorytoavoidrpathissues/src/kudutest/linked_list-test.LinkedListTest.TestLoadAndVerify.1578537560432831-24709/linked-list-cluster/ts-1/wal/wals/fdf8e522824640c3ab9385967c93743a/wal-000000026 (ops 309875-322283)
I0108 18:51:50.268782 24932 maintenance_manager.cc:527] P 53135810f2d84759ac110009de750c3d: LogGCOp(fdf8e522824640c3ab9385967c93743a) complete. Timing: real 0.038s user 0.000s sys 0.014s Metrics: {}
I0108 18:51:50.285790 25038 maintenance_manager.cc:326] P 53135810f2d84759ac110009de750c3d: Scheduling CompactRowSetsOp(fdf8e522824640c3ab9385967c93743a): perf score=1.005929
I0108 18:51:54.045740 24807 maintenance_manager.cc:527] P c6ad452ff3b64d949298a50527e1fbb0: CompactRowSetsOp(dbe8c3d61048482fb282021487b845a6) complete. Timing: real 14.099s user 3.609s sys 0.355s Metrics: {"bytes_written":48701272,"cfile_cache_hit":130,"cfile_cache_hit_bytes":16777893,"cfile_cache_miss":6364,"cfile_cache_miss_bytes":182840605,"cfile_init":13,"delta_iterators_relevant":8,"dirs.queue_time_us":199,"dirs.run_cpu_time_us":228,"dirs.run_wall_time_us":129851,"drs_written":2,"lbm_read_time_us":3117071,"lbm_reads_1-10_ms":108,"lbm_reads_10-100_ms":69,"lbm_reads_gt_100_ms":3,"lbm_reads_lt_1ms":6236,"lbm_write_time_us":416306,"lbm_writes_1-10_ms":72,"lbm_writes_10-100_ms":4,"lbm_writes_lt_1ms":4804,"num_input_rowsets":3,"rows_written":2751326,"spinlock_wait_cycles":11008,"thread_start_us":508,"threads_started":10}
I0108 18:51:54.045836 24913 maintenance_manager.cc:326] P c6ad452ff3b64d949298a50527e1fbb0: Scheduling UndoDeltaBlockGCOp(dbe8c3d61048482fb282021487b845a6): 59002744 bytes on disk
I0108 18:51:54.045930 24807 maintenance_manager.cc:527] P c6ad452ff3b64d949298a50527e1fbb0: UndoDeltaBlockGCOp(dbe8c3d61048482fb282021487b845a6) complete. Timing: real 0.000s user 0.000s sys 0.000s Metrics: {"cfile_init":2,"lbm_read_time_us":17,"lbm_reads_lt_1ms":8} ------------------------------------------------------------ Histogram for latency of insert operations (microseconds) Note: each insert is a batch of 50 rows. ------------------------------------------------------------ Count: 340000 Mean: 2091.7 Percentiles: 0% (min) = 804 25% = 1504 50% (med) = 1710 75% = 2009 95% = 2898 99% = 8736 99.9% = 51360 99.99% = 126464 100% (max) = 2453906 *NOTE: some values were greater than highest trackable value
I0108 18:52:02.061367 24709 linked_list-test-util.h:519] Written 17000000 rows in chain
I0108 18:52:02.803994 25056 maintenance_manager.cc:527] P 61b86269d42a403f94c0a049429fa247: CompactRowSetsOp(fdf8e522824640c3ab9385967c93743a) complete. Timing: real 14.193s user 3.730s sys 0.406s Metrics: {"bytes_written":49307596,"cfile_cache_hit":87,"cfile_cache_hit_bytes":10276722,"cfile_cache_miss":6489,"cfile_cache_miss_bytes":192384088,"cfile_init":13,"delta_iterators_relevant":8,"dirs.queue_time_us":9632,"dirs.run_cpu_time_us":250,"dirs.run_wall_time_us":41670,"drs_written":2,"lbm_read_time_us":2288473,"lbm_reads_1-10_ms":120,"lbm_reads_10-100_ms":39,"lbm_reads_gt_100_ms":3,"lbm_reads_lt_1ms":6379,"lbm_write_time_us":454632,"lbm_writes_1-10_ms":88,"lbm_writes_10-100_ms":3,"lbm_writes_lt_1ms":4853,"num_input_rowsets":3,"rows_written":2785996,"spinlock_wait_cycles":40312704,"thread_start_us":2716,"threads_started":10}
I0108 18:52:02.804177 25162 maintenance_manager.cc:326] P 61b86269d42a403f94c0a049429fa247: Scheduling UndoDeltaBlockGCOp(fdf8e522824640c3ab9385967c93743a): 59787004 bytes on disk
I0108 18:52:02.808821 25056 maintenance_manager.cc:527] P 61b86269d42a403f94c0a049429fa247: UndoDeltaBlockGCOp(fdf8e522824640c3ab9385967c93743a) complete. Timing: real 0.000s user 0.000s sys 0.000s Metrics: {"cfile_init":2,"lbm_read_time_us":15,"lbm_reads_lt_1ms":8}
I0108 18:52:02.808957 25162 maintenance_manager.cc:326] P 61b86269d42a403f94c0a049429fa247: Scheduling UndoDeltaBlockGCOp(dbe8c3d61048482fb282021487b845a6): 58608479 bytes on disk
I0108 18:52:02.909029 25056 maintenance_manager.cc:527] P 61b86269d42a403f94c0a049429fa247: UndoDeltaBlockGCOp(dbe8c3d61048482fb282021487b845a6) complete. Timing: real 0.100s user 0.000s sys 0.000s Metrics: {"cfile_init":2,"lbm_read_time_us":99774,"lbm_reads_10-100_ms":5,"lbm_reads_lt_1ms":3}
I0108 18:52:03.654685 24932 maintenance_manager.cc:527] P 53135810f2d84759ac110009de750c3d: CompactRowSetsOp(fdf8e522824640c3ab9385967c93743a) complete. Timing: real 13.369s user 3.634s sys 0.433s Metrics: {"bytes_written":49310749,"cfile_cache_hit":106,"cfile_cache_hit_bytes":13041411,"cfile_cache_miss":6470,"cfile_cache_miss_bytes":189060883,"cfile_init":13,"delta_iterators_relevant":8,"dirs.queue_time_us":8354,"dirs.run_cpu_time_us":218,"dirs.run_wall_time_us":88008,"drs_written":2,"lbm_read_time_us":2153683,"lbm_reads_1-10_ms":92,"lbm_reads_10-100_ms":38,"lbm_reads_gt_100_ms":3,"lbm_reads_lt_1ms":6389,"lbm_write_time_us":555521,"lbm_writes_1-10_ms":81,"lbm_writes_10-100_ms":3,"lbm_writes_lt_1ms":4860,"num_input_rowsets":3,"rows_written":2786130,"spinlock_wait_cycles":45157888,"thread_start_us":354,"threads_started":10}
I0108 18:52:03.654860 25038 maintenance_manager.cc:326] P 53135810f2d84759ac110009de750c3d: Scheduling UndoDeltaBlockGCOp(fdf8e522824640c3ab9385967c93743a): 59791489 bytes on disk
I0108 18:52:03.663532 24932 maintenance_manager.cc:527] P 53135810f2d84759ac110009de750c3d: UndoDeltaBlockGCOp(fdf8e522824640c3ab9385967c93743a) complete. Timing: real 0.000s user 0.000s sys 0.000s Metrics: {"cfile_init":2,"lbm_read_time_us":144,"lbm_reads_lt_1ms":8}
I0108 18:52:11.419536 25038 maintenance_manager.cc:326] P 53135810f2d84759ac110009de750c3d: Scheduling FlushMRSOp(50603d14716f4c4bb514a91e103fbf64): perf score=0.033359
I0108 18:52:14.073801 24913 maintenance_manager.cc:326] P c6ad452ff3b64d949298a50527e1fbb0: Scheduling FlushMRSOp(50603d14716f4c4bb514a91e103fbf64): perf score=0.033349
I0108 18:52:18.533495 24932 maintenance_manager.cc:527] P 53135810f2d84759ac110009de750c3d: FlushMRSOp(50603d14716f4c4bb514a91e103fbf64) complete. Timing: real 7.114s user 2.553s sys 0.201s Metrics: {"bytes_written":29299998,"cfile_init":1,"delete_count":0,"dirs.queue_time_us":11309,"dirs.run_cpu_time_us":118,"dirs.run_wall_time_us":107675,"drs_written":1,"lbm_read_time_us":7,"lbm_reads_lt_1ms":4,"lbm_write_time_us":213945,"lbm_writes_1-10_ms":35,"lbm_writes_lt_1ms":2903,"reinsert_count":0,"rows_written":1656057,"thread_start_us":32,"threads_started":1,"update_count":13122}
I0108 18:52:18.533668 25038 maintenance_manager.cc:326] P 53135810f2d84759ac110009de750c3d: Scheduling LogGCOp(50603d14716f4c4bb514a91e103fbf64): free 75740047 bytes of WAL
I0108 18:52:18.533746 24932 log_reader.cc:379] T 50603d14716f4c4bb514a91e103fbf64: removed 9 log segments from log reader
I0108 18:52:18.533790 24932 log.cc:1062] T 50603d14716f4c4bb514a91e103fbf64 P 53135810f2d84759ac110009de750c3d: Deleting log segment in path: /data/somelongdirectorytoavoidrpathissues/src/kudutest/linked_list-test.LinkedListTest.TestLoadAndVerify.1578537560432831-24709/linked-list-cluster/ts-1/wal/wals/50603d14716f4c4bb514a91e103fbf64/wal-000000050 (ops 289370-295316)
I0108 18:52:18.533883 24932 log.cc:1062] T 50603d14716f4c4bb514a91e103fbf64 P 53135810f2d84759ac110009de750c3d: Deleting log segment in path: /data/somelongdirectorytoavoidrpathissues/src/kudutest/linked_list-test.LinkedListTest.TestLoadAndVerify.1578537560432831-24709/linked-list-cluster/ts-1/wal/wals/50603d14716f4c4bb514a91e103fbf64/wal-000000051 (ops 295317-301266)
I0108 18:52:18.533918 24932 log.cc:1062] T 50603d14716f4c4bb514a91e103fbf64 P 53135810f2d84759ac110009de750c3d: Deleting log segment in path: /data/somelongdirectorytoavoidrpathissues/src/kudutest/linked_list-test.LinkedListTest.TestLoadAndVerify.1578537560432831-24709/linked-list-cluster/ts-1/wal/wals/50603d14716f4c4bb514a91e103fbf64/wal-000000052 (ops 301267-307182)
I0108 18:52:18.533941 24932 log.cc:1062] T 50603d14716f4c4bb514a91e103fbf64 P 53135810f2d84759ac110009de750c3d: Deleting log segment in path: /data/somelongdirectorytoavoidrpathissues/src/kudutest/linked_list-test.LinkedListTest.TestLoadAndVerify.1578537560432831-24709/linked-list-cluster/ts-1/wal/wals/50603d14716f4c4bb514a91e103fbf64/wal-000000053 (ops 307183-313081)
I0108 18:52:18.533993 24932 log.cc:1062] T 50603d14716f4c4bb514a91e103fbf64 P 53135810f2d84759ac110009de750c3d: Deleting log segment in path: /data/somelongdirectorytoavoidrpathissues/src/kudutest/linked_list-test.LinkedListTest.TestLoadAndVerify.1578537560432831-24709/linked-list-cluster/ts-1/wal/wals/50603d14716f4c4bb514a91e103fbf64/wal-000000054 (ops 313082-319045)
I0108 18:52:18.534168 24932 log.cc:1062] T 50603d14716f4c4bb514a91e103fbf64 P 53135810f2d84759ac110009de750c3d: Deleting log segment in path: /data/somelongdirectorytoavoidrpathissues/src/kudutest/linked_list-test.LinkedListTest.TestLoadAndVerify.1578537560432831-24709/linked-list-cluster/ts-1/wal/wals/50603d14716f4c4bb514a91e103fbf64/wal-000000055 (ops 319046-324918)
I0108 18:52:18.534229 24932 log.cc:1062] T 50603d14716f4c4bb514a91e103fbf64 P 53135810f2d84759ac110009de750c3d: Deleting log segment in path: /data/somelongdirectorytoavoidrpathissues/src/kudutest/linked_list-test.LinkedListTest.TestLoadAndVerify.1578537560432831-24709/linked-list-cluster/ts-1/wal/wals/50603d14716f4c4bb514a91e103fbf64/wal-000000056 (ops 324919-330858)
I0108 18:52:18.534314 24932 log.cc:1062] T 50603d14716f4c4bb514a91e103fbf64 P 53135810f2d84759ac110009de750c3d: Deleting log segment in path: /data/somelongdirectorytoavoidrpathissues/src/kudutest/linked_list-test.LinkedListTest.TestLoadAndVerify.1578537560432831-24709/linked-list-cluster/ts-1/wal/wals/50603d14716f4c4bb514a91e103fbf64/wal-000000057 (ops 330859-336690)
I0108 18:52:18.534379 24932 log.cc:1062] T 50603d14716f4c4bb514a91e103fbf64 P 53135810f2d84759ac110009de750c3d: Deleting log segment in path: /data/somelongdirectorytoavoidrpathissues/src/kudutest/linked_list-test.LinkedListTest.TestLoadAndVerify.1578537560432831-24709/linked-list-cluster/ts-1/wal/wals/50603d14716f4c4bb514a91e103fbf64/wal-000000058 (ops 336691-342588)
I0108 18:52:18.586448 24932 maintenance_manager.cc:527] P 53135810f2d84759ac110009de750c3d: LogGCOp(50603d14716f4c4bb514a91e103fbf64) complete. Timing: real 0.053s user 0.000s sys 0.029s Metrics: {}
I0108 18:52:18.586596 25038 maintenance_manager.cc:326] P 53135810f2d84759ac110009de750c3d: Scheduling CompactRowSetsOp(50603d14716f4c4bb514a91e103fbf64): perf score=0.615434
I0108 18:52:21.245316 24807 maintenance_manager.cc:527] P c6ad452ff3b64d949298a50527e1fbb0: FlushMRSOp(50603d14716f4c4bb514a91e103fbf64) complete. Timing: real 7.171s user 2.524s sys 0.161s Metrics: {"bytes_written":29128602,"cfile_init":1,"delete_count":0,"dirs.queue_time_us":5927,"dirs.run_cpu_time_us":69,"dirs.run_wall_time_us":68,"drs_written":1,"lbm_read_time_us":33,"lbm_reads_lt_1ms":4,"lbm_write_time_us":388038,"lbm_writes_1-10_ms":47,"lbm_writes_gt_100_ms":1,"lbm_writes_lt_1ms":2879,"reinsert_count":0,"rows_written":1649752,"thread_start_us":31,"threads_started":1,"update_count":6813}
I0108 18:52:21.246680 24913 maintenance_manager.cc:326] P c6ad452ff3b64d949298a50527e1fbb0: Scheduling LogGCOp(50603d14716f4c4bb514a91e103fbf64): free 67604921 bytes of WAL
I0108 18:52:21.246907 24807 log_reader.cc:379] T 50603d14716f4c4bb514a91e103fbf64: removed 8 log segments from log reader
I0108 18:52:21.247012 24807 log.cc:1062] T 50603d14716f4c4bb514a91e103fbf64 P c6ad452ff3b64d949298a50527e1fbb0: Deleting log segment in path: /data/somelongdirectorytoavoidrpathissues/src/kudutest/linked_list-test.LinkedListTest.TestLoadAndVerify.1578537560432831-24709/linked-list-cluster/ts-0/wal/wals/50603d14716f4c4bb514a91e103fbf64/wal-000000051 (ops 296145-302288)
I0108 18:52:21.247262 24807 log.cc:1062] T 50603d14716f4c4bb514a91e103fbf64 P c6ad452ff3b64d949298a50527e1fbb0: Deleting log segment in path: /data/somelongdirectorytoavoidrpathissues/src/kudutest/linked_list-test.LinkedListTest.TestLoadAndVerify.1578537560432831-24709/linked-list-cluster/ts-0/wal/wals/50603d14716f4c4bb514a91e103fbf64/wal-000000052 (ops 302289-308284)
I0108 18:52:21.247350 24807 log.cc:1062] T 50603d14716f4c4bb514a91e103fbf64 P c6ad452ff3b64d949298a50527e1fbb0: Deleting log segment in path: /data/somelongdirectorytoavoidrpathissues/src/kudutest/linked_list-test.LinkedListTest.TestLoadAndVerify.1578537560432831-24709/linked-list-cluster/ts-0/wal/wals/50603d14716f4c4bb514a91e103fbf64/wal-000000053 (ops 308285-314205)
I0108 18:52:21.247438 24807 log.cc:1062] T 50603d14716f4c4bb514a91e103fbf64 P c6ad452ff3b64d949298a50527e1fbb0: Deleting log segment in path: /data/somelongdirectorytoavoidrpathissues/src/kudutest/linked_list-test.LinkedListTest.TestLoadAndVerify.1578537560432831-24709/linked-list-cluster/ts-0/wal/wals/50603d14716f4c4bb514a91e103fbf64/wal-000000054 (ops 314206-320126)
I0108 18:52:21.247526 24807 log.cc:1062] T 50603d14716f4c4bb514a91e103fbf64 P c6ad452ff3b64d949298a50527e1fbb0: Deleting log segment in path: /data/somelongdirectorytoavoidrpathissues/src/kudutest/linked_list-test.LinkedListTest.TestLoadAndVerify.1578537560432831-24709/linked-list-cluster/ts-0/wal/wals/50603d14716f4c4bb514a91e103fbf64/wal-000000055 (ops 320127-326012)
I0108 18:52:21.247586 24807 log.cc:1062] T 50603d14716f4c4bb514a91e103fbf64 P c6ad452ff3b64d949298a50527e1fbb0: Deleting log segment in path: /data/somelongdirectorytoavoidrpathissues/src/kudutest/linked_list-test.LinkedListTest.TestLoadAndVerify.1578537560432831-24709/linked-list-cluster/ts-0/wal/wals/50603d14716f4c4bb514a91e103fbf64/wal-000000056 (ops 326013-331991)
I0108 18:52:21.247639 24807 log.cc:1062] T 50603d14716f4c4bb514a91e103fbf64 P c6ad452ff3b64d949298a50527e1fbb0: Deleting log segment in path: /data/somelongdirectorytoavoidrpathissues/src/kudutest/linked_list-test.LinkedListTest.TestLoadAndVerify.1578537560432831-24709/linked-list-cluster/ts-0/wal/wals/50603d14716f4c4bb514a91e103fbf64/wal-000000057 (ops 331992-337944)
I0108 18:52:21.247694 24807 log.cc:1062] T 50603d14716f4c4bb514a91e103fbf64 P c6ad452ff3b64d949298a50527e1fbb0: Deleting log segment in path: /data/somelongdirectorytoavoidrpathissues/src/kudutest/linked_list-test.LinkedListTest.TestLoadAndVerify.1578537560432831-24709/linked-list-cluster/ts-0/wal/wals/50603d14716f4c4bb514a91e103fbf64/wal-000000058 (ops 337945-343808)
I0108 18:52:21.317026 24807 maintenance_manager.cc:527] P c6ad452ff3b64d949298a50527e1fbb0: LogGCOp(50603d14716f4c4bb514a91e103fbf64) complete. Timing: real 0.070s user 0.000s sys 0.024s Metrics: {}
I0108 18:52:21.317181 24913 maintenance_manager.cc:326] P c6ad452ff3b64d949298a50527e1fbb0: Scheduling UndoDeltaBlockGCOp(50603d14716f4c4bb514a91e103fbf64): 32872115 bytes on disk
I0108 18:52:21.317328 24807 maintenance_manager.cc:527] P c6ad452ff3b64d949298a50527e1fbb0: UndoDeltaBlockGCOp(50603d14716f4c4bb514a91e103fbf64) complete. Timing: real 0.000s user 0.000s sys 0.000s Metrics: {"cfile_init":1,"lbm_read_time_us":10,"lbm_reads_lt_1ms":4}
I0108 18:52:21.317425 24913 maintenance_manager.cc:326] P c6ad452ff3b64d949298a50527e1fbb0: Scheduling CompactRowSetsOp(50603d14716f4c4bb514a91e103fbf64): perf score=0.616708 ------------------------------------------------------------ Histogram for latency of insert operations (microseconds) Note: each insert is a batch of 50 rows. ------------------------------------------------------------ Count: 350000 Mean: 2094.23 Percentiles: 0% (min) = 804 25% = 1505 50% (med) = 1711 75% = 2010 95% = 2900 99% = 8768 99.9% = 51200 99.99% = 124864 100% (max) = 2453906 *NOTE: some values were greater than highest trackable value
I0108 18:52:25.263489 24709 linked_list-test-util.h:519] Written 17500000 rows in chain
I0108 18:52:26.180728 25162 maintenance_manager.cc:326] P 61b86269d42a403f94c0a049429fa247: Scheduling FlushMRSOp(50603d14716f4c4bb514a91e103fbf64): perf score=0.033334
W0108 18:52:36.424731 25056 tablet_replica.cc:929] Time spent Committing in-flights took a long time.: real 0.323s user 0.000s sys 0.000s
I0108 18:52:36.425640 25056 maintenance_manager.cc:527] P 61b86269d42a403f94c0a049429fa247: FlushMRSOp(50603d14716f4c4bb514a91e103fbf64) complete. Timing: real 10.245s user 2.750s sys 0.174s Metrics: {"bytes_written":30463950,"cfile_init":1,"delete_count":0,"dirs.queue_time_us":174,"dirs.run_cpu_time_us":103,"dirs.run_wall_time_us":345241,"drs_written":1,"lbm_read_time_us":10,"lbm_reads_lt_1ms":4,"lbm_write_time_us":277251,"lbm_writes_1-10_ms":56,"lbm_writes_10-100_ms":2,"lbm_writes_lt_1ms":3005,"reinsert_count":0,"rows_written":1727664,"thread_start_us":144,"threads_started":1,"update_count":4778}
I0108 18:52:36.425861 25162 maintenance_manager.cc:326] P 61b86269d42a403f94c0a049429fa247: Scheduling UndoDeltaBlockGCOp(50603d14716f4c4bb514a91e103fbf64): 34481563 bytes on disk
I0108 18:52:36.426522 25056 maintenance_manager.cc:527] P 61b86269d42a403f94c0a049429fa247: UndoDeltaBlockGCOp(50603d14716f4c4bb514a91e103fbf64) complete. Timing: real 0.000s user 0.000s sys 0.000s Metrics: {"cfile_init":1,"lbm_read_time_us":11,"lbm_reads_lt_1ms":4}
I0108 18:52:36.426638 25162 maintenance_manager.cc:326] P 61b86269d42a403f94c0a049429fa247: Scheduling CompactRowSetsOp(50603d14716f4c4bb514a91e103fbf64): perf score=0.619394 ------------------------------------------------------------ Histogram for latency of insert operations (microseconds) Note: each insert is a batch of 50 rows. ------------------------------------------------------------ Count: 360000 Mean: 2103.47 Percentiles: 0% (min) = 804 25% = 1508 50% (med) = 1716 75% = 2019 95% = 2918 99% = 8824 99.9% = 51392 99.99% = 128768 100% (max) = 2453906 *NOTE: some values were greater than highest trackable value
I0108 18:52:50.882370 24709 linked_list-test-util.h:519] Written 18000000 rows in chain
W0108 18:52:58.840776 24932 tablet_replica.cc:929] Time spent Committing in-flights took a long time.: real 0.210s user 0.001s sys 0.000s
I0108 18:52:58.843268 24932 maintenance_manager.cc:527] P 53135810f2d84759ac110009de750c3d: CompactRowSetsOp(50603d14716f4c4bb514a91e103fbf64) complete. Timing: real 40.257s user 10.241s sys 1.089s Metrics: {"bytes_written":135614687,"cfile_cache_hit":269,"cfile_cache_hit_bytes":35208224,"cfile_cache_miss":17805,"cfile_cache_miss_bytes":521807048,"cfile_init":22,"delta_iterators_relevant":12,"dirs.queue_time_us":25669,"dirs.run_cpu_time_us":587,"dirs.run_wall_time_us":256105,"drs_written":5,"lbm_read_time_us":4844612,"lbm_reads_1-10_ms":301,"lbm_reads_10-100_ms":84,"lbm_reads_gt_100_ms":9,"lbm_reads_lt_1ms":17499,"lbm_write_time_us":1579356,"lbm_writes_1-10_ms":263,"lbm_writes_10-100_ms":13,"lbm_writes_gt_100_ms":1,"lbm_writes_lt_1ms":13320,"num_input_rowsets":5,"rows_written":7667999,"spinlock_wait_cycles":430772608,"thread_start_us":125,"threads_started":4}
I0108 18:52:58.843417 25038 maintenance_manager.cc:326] P 53135810f2d84759ac110009de750c3d: Scheduling CompactRowSetsOp(50603d14716f4c4bb514a91e103fbf64): perf score=0.523244
I0108 18:52:59.447293 24807 maintenance_manager.cc:527] P c6ad452ff3b64d949298a50527e1fbb0: CompactRowSetsOp(50603d14716f4c4bb514a91e103fbf64) complete. Timing: real 38.130s user 10.134s sys 0.991s Metrics: {"bytes_written":136280446,"cfile_cache_hit":268,"cfile_cache_hit_bytes":35254015,"cfile_cache_miss":17894,"cfile_cache_miss_bytes":524604695,"cfile_init":21,"delta_iterators_relevant":12,"dirs.queue_time_us":14318,"dirs.run_cpu_time_us":507,"dirs.run_wall_time_us":218221,"drs_written":5,"lbm_read_time_us":5230105,"lbm_reads_1-10_ms":335,"lbm_reads_10-100_ms":70,"lbm_reads_gt_100_ms":12,"lbm_reads_lt_1ms":17561,"lbm_write_time_us":1445239,"lbm_writes_1-10_ms":248,"lbm_writes_10-100_ms":12,"lbm_writes_lt_1ms":13406,"num_input_rowsets":5,"rows_written":7705607,"spinlock_wait_cycles":236510080,"thread_start_us":164,"threads_started":4}
I0108 18:52:59.447439 24913 maintenance_manager.cc:326] P c6ad452ff3b64d949298a50527e1fbb0: Scheduling UndoDeltaBlockGCOp(50603d14716f4c4bb514a91e103fbf64): 164919428 bytes on disk
I0108 18:52:59.447574 24807 maintenance_manager.cc:527] P c6ad452ff3b64d949298a50527e1fbb0: UndoDeltaBlockGCOp(50603d14716f4c4bb514a91e103fbf64) complete. Timing: real 0.000s user 0.000s sys 0.000s Metrics: {"cfile_init":5,"lbm_read_time_us":20,"lbm_reads_lt_1ms":20}
I0108 18:52:59.447629 24913 maintenance_manager.cc:326] P c6ad452ff3b64d949298a50527e1fbb0: Scheduling CompactRowSetsOp(50603d14716f4c4bb514a91e103fbf64): perf score=0.521292
I0108 18:53:01.073572 29439 rpcz_store.cc:269] Call kudu.tserver.TabletServerService.Write from 127.24.33.66:58364 (ReqId={client: 20060d3408dd4d3a8f0e19885a75dabd, seq_no=1076302, attempt_no=0}) took 1693ms. Request Metrics: {"child_traces":[["txn",{"apply.queue_time_us":9,"cfile_cache_hit":1657,"cfile_cache_hit_bytes":7150667,"cfile_cache_miss":2148,"cfile_cache_miss_bytes":8960301,"lbm_read_time_us":1652029,"lbm_reads_1-10_ms":59,"lbm_reads_10-100_ms":28,"lbm_reads_gt_100_ms":3,"lbm_reads_lt_1ms":2058,"num_ops":4966,"prepare.queue_time_us":27,"prepare.run_cpu_time_us":4628,"prepare.run_wall_time_us":11869,"raft.queue_time_us":81,"raft.run_cpu_time_us":56,"raft.run_wall_time_us":54,"replication_time_us":1127,"spinlock_wait_cycles":384}]]}
I0108 18:53:18.705662 25056 maintenance_manager.cc:527] P 61b86269d42a403f94c0a049429fa247: CompactRowSetsOp(50603d14716f4c4bb514a91e103fbf64) complete. Timing: real 42.279s user 10.371s sys 1.009s Metrics: {"bytes_written":139307022,"cfile_cache_hit":246,"cfile_cache_hit_bytes":32238752,"cfile_cache_miss":18318,"cfile_cache_miss_bytes":540241676,"cfile_init":21,"delta_iterators_relevant":12,"dirs.queue_time_us":24174,"dirs.run_cpu_time_us":574,"dirs.run_wall_time_us":447589,"drs_written":5,"lbm_read_time_us":8368407,"lbm_reads_1-10_ms":317,"lbm_reads_10-100_ms":133,"lbm_reads_gt_100_ms":19,"lbm_reads_lt_1ms":17933,"lbm_write_time_us":1243690,"lbm_writes_1-10_ms":237,"lbm_writes_10-100_ms":6,"lbm_writes_lt_1ms":13726,"num_input_rowsets":5,"rows_written":7878151,"spinlock_wait_cycles":202401408,"thread_start_us":1473,"threads_started":13}
I0108 18:53:18.705821 25162 maintenance_manager.cc:326] P 61b86269d42a403f94c0a049429fa247: Scheduling LogGCOp(50603d14716f4c4bb514a91e103fbf64): free 76200616 bytes of WAL
I0108 18:53:18.705878 25056 log_reader.cc:379] T 50603d14716f4c4bb514a91e103fbf64: removed 9 log segments from log reader
I0108 18:53:18.705891 25056 log.cc:1062] T 50603d14716f4c4bb514a91e103fbf64 P 61b86269d42a403f94c0a049429fa247: Deleting log segment in path: /data/somelongdirectorytoavoidrpathissues/src/kudutest/linked_list-test.LinkedListTest.TestLoadAndVerify.1578537560432831-24709/linked-list-cluster/ts-2/wal/wals/50603d14716f4c4bb514a91e103fbf64/wal-000000051 (ops 296145-302210)
I0108 18:53:18.705929 25056 log.cc:1062] T 50603d14716f4c4bb514a91e103fbf64 P 61b86269d42a403f94c0a049429fa247: Deleting log segment in path: /data/somelongdirectorytoavoidrpathissues/src/kudutest/linked_list-test.LinkedListTest.TestLoadAndVerify.1578537560432831-24709/linked-list-cluster/ts-2/wal/wals/50603d14716f4c4bb514a91e103fbf64/wal-000000052 (ops 302211-308285)
I0108 18:53:18.705951 25056 log.cc:1062] T 50603d14716f4c4bb514a91e103fbf64 P 61b86269d42a403f94c0a049429fa247: Deleting log segment in path: /data/somelongdirectorytoavoidrpathissues/src/kudutest/linked_list-test.LinkedListTest.TestLoadAndVerify.1578537560432831-24709/linked-list-cluster/ts-2/wal/wals/50603d14716f4c4bb514a91e103fbf64/wal-000000053 (ops 308286-314210)
I0108 18:53:18.705972 25056 log.cc:1062] T 50603d14716f4c4bb514a91e103fbf64 P 61b86269d42a403f94c0a049429fa247: Deleting log segment in path: /data/somelongdirectorytoavoidrpathissues/src/kudutest/linked_list-test.LinkedListTest.TestLoadAndVerify.1578537560432831-24709/linked-list-cluster/ts-2/wal/wals/50603d14716f4c4bb514a91e103fbf64/wal-000000054 (ops 314211-320226)
I0108 18:53:18.705991 25056 log.cc:1062] T 50603d14716f4c4bb514a91e103fbf64 P 61b86269d42a403f94c0a049429fa247: Deleting log segment in path: /data/somelongdirectorytoavoidrpathissues/src/kudutest/linked_list-test.LinkedListTest.TestLoadAndVerify.1578537560432831-24709/linked-list-cluster/ts-2/wal/wals/50603d14716f4c4bb514a91e103fbf64/wal-000000055 (ops 320227-326101)
I0108 18:53:18.706009 25056 log.cc:1062] T 50603d14716f4c4bb514a91e103fbf64 P 61b86269d42a403f94c0a049429fa247: Deleting log segment in path: /data/somelongdirectorytoavoidrpathissues/src/kudutest/linked_list-test.LinkedListTest.TestLoadAndVerify.1578537560432831-24709/linked-list-cluster/ts-2/wal/wals/50603d14716f4c4bb514a91e103fbf64/wal-000000056 (ops 326102-332047)
I0108 18:53:18.706032 25056 log.cc:1062] T 50603d14716f4c4bb514a91e103fbf64 P 61b86269d42a403f94c0a049429fa247: Deleting log segment in path: /data/somelongdirectorytoavoidrpathissues/src/kudutest/linked_list-test.LinkedListTest.TestLoadAndVerify.1578537560432831-24709/linked-list-cluster/ts-2/wal/wals/50603d14716f4c4bb514a91e103fbf64/wal-000000057 (ops 332048-337958)
I0108 18:53:18.706074 25056 log.cc:1062] T 50603d14716f4c4bb514a91e103fbf64 P 61b86269d42a403f94c0a049429fa247: Deleting log segment in path: /data/somelongdirectorytoavoidrpathissues/src/kudutest/linked_list-test.LinkedListTest.TestLoadAndVerify.1578537560432831-24709/linked-list-cluster/ts-2/wal/wals/50603d14716f4c4bb514a91e103fbf64/wal-000000058 (ops 337959-343953)
I0108 18:53:18.706092 25056 log.cc:1062] T 50603d14716f4c4bb514a91e103fbf64 P 61b86269d42a403f94c0a049429fa247: Deleting log segment in path: /data/somelongdirectorytoavoidrpathissues/src/kudutest/linked_list-test.LinkedListTest.TestLoadAndVerify.1578537560432831-24709/linked-list-cluster/ts-2/wal/wals/50603d14716f4c4bb514a91e103fbf64/wal-000000059 (ops 343954-349772)
I0108 18:53:18.753032 25056 maintenance_manager.cc:527] P 61b86269d42a403f94c0a049429fa247: LogGCOp(50603d14716f4c4bb514a91e103fbf64) complete. Timing: real 0.047s user 0.000s sys 0.023s Metrics: {}
