I0108 18:46:41.640477 25038 maintenance_manager.cc:326] P 53135810f2d84759ac110009de750c3d: Scheduling UndoDeltaBlockGCOp(dbe8c3d61048482fb282021487b845a6): 35656221 bytes on disk
I0108 18:46:41.640610 24932 maintenance_manager.cc:527] P 53135810f2d84759ac110009de750c3d: UndoDeltaBlockGCOp(dbe8c3d61048482fb282021487b845a6) complete. Timing: real 0.000s user 0.000s sys 0.000s Metrics: {"cfile_init":1,"lbm_read_time_us":8,"lbm_reads_lt_1ms":4}
I0108 18:46:41.640712 25038 maintenance_manager.cc:326] P 53135810f2d84759ac110009de750c3d: Scheduling FlushMRSOp(fdf8e522824640c3ab9385967c93743a): perf score=0.039481
I0108 18:46:42.533869 24807 maintenance_manager.cc:527] P c6ad452ff3b64d949298a50527e1fbb0: CompactRowSetsOp(fdf8e522824640c3ab9385967c93743a) complete. Timing: real 8.064s user 2.194s sys 0.255s Metrics: {"bytes_written":30405973,"cfile_cache_hit":77,"cfile_cache_hit_bytes":10226360,"cfile_cache_miss":3955,"cfile_cache_miss_bytes":110843880,"cfile_init":9,"delta_iterators_relevant":6,"dirs.queue_time_us":9516,"dirs.run_cpu_time_us":96,"dirs.run_wall_time_us":37112,"drs_written":1,"lbm_read_time_us":1359955,"lbm_reads_1-10_ms":71,"lbm_reads_10-100_ms":20,"lbm_reads_gt_100_ms":2,"lbm_reads_lt_1ms":3898,"lbm_write_time_us":257574,"lbm_writes_1-10_ms":42,"lbm_writes_10-100_ms":2,"lbm_writes_lt_1ms":2981,"num_input_rowsets":2,"rows_written":1706705,"spinlock_wait_cycles":11624576,"thread_start_us":1057,"threads_started":9}
I0108 18:46:42.534031 24913 maintenance_manager.cc:326] P c6ad452ff3b64d949298a50527e1fbb0: Scheduling FlushMRSOp(dbe8c3d61048482fb282021487b845a6): perf score=0.039703
I0108 18:46:43.869033 24932 maintenance_manager.cc:527] P 53135810f2d84759ac110009de750c3d: FlushMRSOp(fdf8e522824640c3ab9385967c93743a) complete. Timing: real 2.228s user 0.776s sys 0.049s Metrics: {"bytes_written":9447810,"cfile_init":1,"delete_count":0,"dirs.queue_time_us":80,"dirs.run_cpu_time_us":132,"dirs.run_wall_time_us":39876,"drs_written":1,"lbm_read_time_us":9,"lbm_reads_lt_1ms":4,"lbm_write_time_us":174082,"lbm_writes_1-10_ms":13,"lbm_writes_10-100_ms":3,"lbm_writes_lt_1ms":945,"reinsert_count":0,"rows_written":533152,"thread_start_us":38,"threads_started":1,"update_count":2487}
I0108 18:46:43.869205 25038 maintenance_manager.cc:326] P 53135810f2d84759ac110009de750c3d: Scheduling LogGCOp(fdf8e522824640c3ab9385967c93743a): free 41972419 bytes of WAL
I0108 18:46:43.869345 24932 log_reader.cc:379] T fdf8e522824640c3ab9385967c93743a: removed 5 log segments from log reader
I0108 18:46:43.869390 24932 log.cc:1062] T fdf8e522824640c3ab9385967c93743a P 53135810f2d84759ac110009de750c3d: Deleting log segment in path: /data/somelongdirectorytoavoidrpathissues/src/kudutest/linked_list-test.LinkedListTest.TestLoadAndVerify.1578537560432831-24709/linked-list-cluster/ts-1/wal/wals/fdf8e522824640c3ab9385967c93743a/wal-000000012 (ops 136363-148802)
I0108 18:46:43.869454 24932 log.cc:1062] T fdf8e522824640c3ab9385967c93743a P 53135810f2d84759ac110009de750c3d: Deleting log segment in path: /data/somelongdirectorytoavoidrpathissues/src/kudutest/linked_list-test.LinkedListTest.TestLoadAndVerify.1578537560432831-24709/linked-list-cluster/ts-1/wal/wals/fdf8e522824640c3ab9385967c93743a/wal-000000013 (ops 148803-161165)
I0108 18:46:43.869556 24932 log.cc:1062] T fdf8e522824640c3ab9385967c93743a P 53135810f2d84759ac110009de750c3d: Deleting log segment in path: /data/somelongdirectorytoavoidrpathissues/src/kudutest/linked_list-test.LinkedListTest.TestLoadAndVerify.1578537560432831-24709/linked-list-cluster/ts-1/wal/wals/fdf8e522824640c3ab9385967c93743a/wal-000000014 (ops 161166-173569)
I0108 18:46:43.869657 24932 log.cc:1062] T fdf8e522824640c3ab9385967c93743a P 53135810f2d84759ac110009de750c3d: Deleting log segment in path: /data/somelongdirectorytoavoidrpathissues/src/kudutest/linked_list-test.LinkedListTest.TestLoadAndVerify.1578537560432831-24709/linked-list-cluster/ts-1/wal/wals/fdf8e522824640c3ab9385967c93743a/wal-000000015 (ops 173570-185973)
I0108 18:46:43.869715 24932 log.cc:1062] T fdf8e522824640c3ab9385967c93743a P 53135810f2d84759ac110009de750c3d: Deleting log segment in path: /data/somelongdirectorytoavoidrpathissues/src/kudutest/linked_list-test.LinkedListTest.TestLoadAndVerify.1578537560432831-24709/linked-list-cluster/ts-1/wal/wals/fdf8e522824640c3ab9385967c93743a/wal-000000016 (ops 185974-198384)
I0108 18:46:43.944525 24932 maintenance_manager.cc:527] P 53135810f2d84759ac110009de750c3d: LogGCOp(fdf8e522824640c3ab9385967c93743a) complete. Timing: real 0.075s user 0.002s sys 0.012s Metrics: {}
I0108 18:46:43.944692 25038 maintenance_manager.cc:326] P 53135810f2d84759ac110009de750c3d: Scheduling CompactRowSetsOp(fdf8e522824640c3ab9385967c93743a): perf score=1.000610 ------------------------------------------------------------ Histogram for latency of insert operations (microseconds) Note: each insert is a batch of 50 rows. ------------------------------------------------------------ Count: 210000 Mean: 1959.73 Percentiles: 0% (min) = 804 25% = 1468 50% (med) = 1658 75% = 1921 95% = 2686 99% = 7800 99.9% = 46528 99.99% = 75520 100% (max) = 191923
I0108 18:46:44.331797 24709 linked_list-test-util.h:519] Written 10500000 rows in chain
I0108 18:46:44.369494 24807 maintenance_manager.cc:527] P c6ad452ff3b64d949298a50527e1fbb0: FlushMRSOp(dbe8c3d61048482fb282021487b845a6) complete. Timing: real 1.835s user 0.712s sys 0.048s Metrics: {"bytes_written":9495202,"cfile_init":1,"delete_count":0,"dirs.queue_time_us":65,"dirs.run_cpu_time_us":94,"dirs.run_wall_time_us":48727,"drs_written":1,"lbm_read_time_us":8,"lbm_reads_lt_1ms":4,"lbm_write_time_us":114425,"lbm_writes_1-10_ms":12,"lbm_writes_10-100_ms":2,"lbm_writes_lt_1ms":952,"reinsert_count":0,"rows_written":536364,"thread_start_us":32,"threads_started":1,"update_count":1621}
I0108 18:46:44.369922 24913 maintenance_manager.cc:326] P c6ad452ff3b64d949298a50527e1fbb0: Scheduling LogGCOp(dbe8c3d61048482fb282021487b845a6): free 41949567 bytes of WAL
I0108 18:46:44.370090 24807 log_reader.cc:379] T dbe8c3d61048482fb282021487b845a6: removed 5 log segments from log reader
I0108 18:46:44.370146 24807 log.cc:1062] T dbe8c3d61048482fb282021487b845a6 P c6ad452ff3b64d949298a50527e1fbb0: Deleting log segment in path: /data/somelongdirectorytoavoidrpathissues/src/kudutest/linked_list-test.LinkedListTest.TestLoadAndVerify.1578537560432831-24709/linked-list-cluster/ts-0/wal/wals/dbe8c3d61048482fb282021487b845a6/wal-000000012 (ops 136546-148913)
I0108 18:46:44.370295 24807 log.cc:1062] T dbe8c3d61048482fb282021487b845a6 P c6ad452ff3b64d949298a50527e1fbb0: Deleting log segment in path: /data/somelongdirectorytoavoidrpathissues/src/kudutest/linked_list-test.LinkedListTest.TestLoadAndVerify.1578537560432831-24709/linked-list-cluster/ts-0/wal/wals/dbe8c3d61048482fb282021487b845a6/wal-000000013 (ops 148914-161330)
I0108 18:46:44.370445 24807 log.cc:1062] T dbe8c3d61048482fb282021487b845a6 P c6ad452ff3b64d949298a50527e1fbb0: Deleting log segment in path: /data/somelongdirectorytoavoidrpathissues/src/kudutest/linked_list-test.LinkedListTest.TestLoadAndVerify.1578537560432831-24709/linked-list-cluster/ts-0/wal/wals/dbe8c3d61048482fb282021487b845a6/wal-000000014 (ops 161331-173738)
I0108 18:46:44.370512 24807 log.cc:1062] T dbe8c3d61048482fb282021487b845a6 P c6ad452ff3b64d949298a50527e1fbb0: Deleting log segment in path: /data/somelongdirectorytoavoidrpathissues/src/kudutest/linked_list-test.LinkedListTest.TestLoadAndVerify.1578537560432831-24709/linked-list-cluster/ts-0/wal/wals/dbe8c3d61048482fb282021487b845a6/wal-000000015 (ops 173739-186140)
I0108 18:46:44.370581 24807 log.cc:1062] T dbe8c3d61048482fb282021487b845a6 P c6ad452ff3b64d949298a50527e1fbb0: Deleting log segment in path: /data/somelongdirectorytoavoidrpathissues/src/kudutest/linked_list-test.LinkedListTest.TestLoadAndVerify.1578537560432831-24709/linked-list-cluster/ts-0/wal/wals/dbe8c3d61048482fb282021487b845a6/wal-000000016 (ops 186141-198482)
I0108 18:46:44.416573 24807 maintenance_manager.cc:527] P c6ad452ff3b64d949298a50527e1fbb0: LogGCOp(dbe8c3d61048482fb282021487b845a6) complete. Timing: real 0.046s user 0.001s sys 0.014s Metrics: {}
I0108 18:46:44.417304 24913 maintenance_manager.cc:326] P c6ad452ff3b64d949298a50527e1fbb0: Scheduling UndoDeltaBlockGCOp(50603d14716f4c4bb514a91e103fbf64): 129460732 bytes on disk
I0108 18:46:44.490360 24807 maintenance_manager.cc:527] P c6ad452ff3b64d949298a50527e1fbb0: UndoDeltaBlockGCOp(50603d14716f4c4bb514a91e103fbf64) complete. Timing: real 0.073s user 0.000s sys 0.000s Metrics: {"cfile_init":4,"lbm_read_time_us":72628,"lbm_reads_1-10_ms":4,"lbm_reads_10-100_ms":4,"lbm_reads_lt_1ms":8}
I0108 18:46:44.490500 24913 maintenance_manager.cc:326] P c6ad452ff3b64d949298a50527e1fbb0: Scheduling CompactRowSetsOp(dbe8c3d61048482fb282021487b845a6): perf score=1.000576
I0108 18:46:50.195937 24932 maintenance_manager.cc:527] P 53135810f2d84759ac110009de750c3d: CompactRowSetsOp(fdf8e522824640c3ab9385967c93743a) complete. Timing: real 6.251s user 2.291s sys 0.242s Metrics: {"bytes_written":30995139,"cfile_cache_hit":74,"cfile_cache_hit_bytes":9664884,"cfile_cache_miss":4032,"cfile_cache_miss_bytes":113912176,"cfile_init":9,"delta_iterators_relevant":6,"dirs.queue_time_us":198,"dirs.run_cpu_time_us":57,"dirs.run_wall_time_us":57,"drs_written":1,"lbm_read_time_us":328474,"lbm_reads_1-10_ms":29,"lbm_reads_10-100_ms":8,"lbm_reads_lt_1ms":4031,"lbm_write_time_us":209117,"lbm_writes_1-10_ms":23,"lbm_writes_lt_1ms":3062,"num_input_rowsets":2,"rows_written":1740788,"spinlock_wait_cycles":48021376,"thread_start_us":673,"threads_started":9}
I0108 18:46:50.196111 25038 maintenance_manager.cc:326] P 53135810f2d84759ac110009de750c3d: Scheduling UndoDeltaBlockGCOp(fdf8e522824640c3ab9385967c93743a): 36402561 bytes on disk
I0108 18:46:50.196233 24932 maintenance_manager.cc:527] P 53135810f2d84759ac110009de750c3d: UndoDeltaBlockGCOp(fdf8e522824640c3ab9385967c93743a) complete. Timing: real 0.000s user 0.000s sys 0.000s Metrics: {"cfile_init":1,"lbm_read_time_us":9,"lbm_reads_lt_1ms":4}
I0108 18:46:50.733031 24807 maintenance_manager.cc:527] P c6ad452ff3b64d949298a50527e1fbb0: CompactRowSetsOp(dbe8c3d61048482fb282021487b845a6) complete. Timing: real 6.242s user 2.217s sys 0.226s Metrics: {"bytes_written":31068981,"cfile_cache_hit":82,"cfile_cache_hit_bytes":10930319,"cfile_cache_miss":4032,"cfile_cache_miss_bytes":112959367,"cfile_init":9,"delta_iterators_relevant":6,"dirs.queue_time_us":3076,"dirs.run_cpu_time_us":58,"dirs.run_wall_time_us":58,"drs_written":1,"lbm_read_time_us":840018,"lbm_reads_1-10_ms":29,"lbm_reads_10-100_ms":16,"lbm_reads_gt_100_ms":2,"lbm_reads_lt_1ms":4021,"lbm_write_time_us":224427,"lbm_writes_1-10_ms":27,"lbm_writes_10-100_ms":2,"lbm_writes_lt_1ms":3063,"num_input_rowsets":2,"rows_written":1745306,"spinlock_wait_cycles":820480,"thread_start_us":2260,"threads_started":9}
I0108 18:46:50.733206 24913 maintenance_manager.cc:326] P c6ad452ff3b64d949298a50527e1fbb0: Scheduling UndoDeltaBlockGCOp(dbe8c3d61048482fb282021487b845a6): 36494538 bytes on disk
I0108 18:46:50.733397 24807 maintenance_manager.cc:527] P c6ad452ff3b64d949298a50527e1fbb0: UndoDeltaBlockGCOp(dbe8c3d61048482fb282021487b845a6) complete. Timing: real 0.000s user 0.000s sys 0.000s Metrics: {"cfile_init":1,"lbm_read_time_us":9,"lbm_reads_lt_1ms":4}
I0108 18:46:50.733630 24913 maintenance_manager.cc:326] P c6ad452ff3b64d949298a50527e1fbb0: Scheduling UndoDeltaBlockGCOp(fdf8e522824640c3ab9385967c93743a): 35631280 bytes on disk
I0108 18:46:50.804163 24807 maintenance_manager.cc:527] P c6ad452ff3b64d949298a50527e1fbb0: UndoDeltaBlockGCOp(fdf8e522824640c3ab9385967c93743a) complete. Timing: real 0.070s user 0.000s sys 0.000s Metrics: {"cfile_init":1,"lbm_read_time_us":70243,"lbm_reads_1-10_ms":1,"lbm_reads_10-100_ms":2,"lbm_reads_lt_1ms":1} ------------------------------------------------------------ Histogram for latency of insert operations (microseconds) Note: each insert is a batch of 50 rows. ------------------------------------------------------------ Count: 220000 Mean: 1964.64 Percentiles: 0% (min) = 804 25% = 1471 50% (med) = 1661 75% = 1925 95% = 2690 99% = 7816 99.9% = 46784 99.99% = 76736 100% (max) = 228066
I0108 18:47:06.370440 24709 linked_list-test-util.h:519] Written 11000000 rows in chain
I0108 18:47:27.380733 25162 maintenance_manager.cc:326] P 61b86269d42a403f94c0a049429fa247: Scheduling FlushMRSOp(dbe8c3d61048482fb282021487b845a6): perf score=0.033339 ------------------------------------------------------------ Histogram for latency of insert operations (microseconds) Note: each insert is a batch of 50 rows. ------------------------------------------------------------ Count: 230000 Mean: 1964.36 Percentiles: 0% (min) = 804 25% = 1473 50% (med) = 1663 75% = 1925 95% = 2678 99% = 7820 99.9% = 46720 99.99% = 75520 100% (max) = 228066
I0108 18:47:27.588438 24709 linked_list-test-util.h:519] Written 11500000 rows in chain
I0108 18:47:28.662453 25056 maintenance_manager.cc:527] P 61b86269d42a403f94c0a049429fa247: FlushMRSOp(dbe8c3d61048482fb282021487b845a6) complete. Timing: real 1.282s user 0.618s sys 0.038s Metrics: {"bytes_written":7686424,"cfile_init":1,"delete_count":0,"dirs.queue_time_us":16416,"dirs.run_cpu_time_us":93,"dirs.run_wall_time_us":31932,"drs_written":1,"lbm_read_time_us":9,"lbm_reads_lt_1ms":4,"lbm_write_time_us":35128,"lbm_writes_1-10_ms":4,"lbm_writes_lt_1ms":791,"reinsert_count":0,"rows_written":438653,"thread_start_us":30,"threads_started":1,"update_count":2048}
I0108 18:47:28.662633 25162 maintenance_manager.cc:326] P 61b86269d42a403f94c0a049429fa247: Scheduling LogGCOp(dbe8c3d61048482fb282021487b845a6): free 33572605 bytes of WAL
I0108 18:47:28.662712 25056 log_reader.cc:379] T dbe8c3d61048482fb282021487b845a6: removed 4 log segments from log reader
I0108 18:47:28.662757 25056 log.cc:1062] T dbe8c3d61048482fb282021487b845a6 P 61b86269d42a403f94c0a049429fa247: Deleting log segment in path: /data/somelongdirectorytoavoidrpathissues/src/kudutest/linked_list-test.LinkedListTest.TestLoadAndVerify.1578537560432831-24709/linked-list-cluster/ts-2/wal/wals/dbe8c3d61048482fb282021487b845a6/wal-000000015 (ops 173455-185849)
I0108 18:47:28.662829 25056 log.cc:1062] T dbe8c3d61048482fb282021487b845a6 P 61b86269d42a403f94c0a049429fa247: Deleting log segment in path: /data/somelongdirectorytoavoidrpathissues/src/kudutest/linked_list-test.LinkedListTest.TestLoadAndVerify.1578537560432831-24709/linked-list-cluster/ts-2/wal/wals/dbe8c3d61048482fb282021487b845a6/wal-000000016 (ops 185850-198243)
I0108 18:47:28.662896 25056 log.cc:1062] T dbe8c3d61048482fb282021487b845a6 P 61b86269d42a403f94c0a049429fa247: Deleting log segment in path: /data/somelongdirectorytoavoidrpathissues/src/kudutest/linked_list-test.LinkedListTest.TestLoadAndVerify.1578537560432831-24709/linked-list-cluster/ts-2/wal/wals/dbe8c3d61048482fb282021487b845a6/wal-000000017 (ops 198244-210617)
I0108 18:47:28.662963 25056 log.cc:1062] T dbe8c3d61048482fb282021487b845a6 P 61b86269d42a403f94c0a049429fa247: Deleting log segment in path: /data/somelongdirectorytoavoidrpathissues/src/kudutest/linked_list-test.LinkedListTest.TestLoadAndVerify.1578537560432831-24709/linked-list-cluster/ts-2/wal/wals/dbe8c3d61048482fb282021487b845a6/wal-000000018 (ops 210618-223004)
I0108 18:47:28.683598 25056 maintenance_manager.cc:527] P 61b86269d42a403f94c0a049429fa247: LogGCOp(dbe8c3d61048482fb282021487b845a6) complete. Timing: real 0.021s user 0.000s sys 0.012s Metrics: {}
I0108 18:47:28.683749 25162 maintenance_manager.cc:326] P 61b86269d42a403f94c0a049429fa247: Scheduling CompactRowSetsOp(dbe8c3d61048482fb282021487b845a6): perf score=1.001601
I0108 18:47:34.849454 25056 maintenance_manager.cc:527] P 61b86269d42a403f94c0a049429fa247: CompactRowSetsOp(dbe8c3d61048482fb282021487b845a6) complete. Timing: real 6.166s user 2.368s sys 0.245s Metrics: {"bytes_written":34083231,"cfile_cache_hit":87,"cfile_cache_hit_bytes":11327526,"cfile_cache_miss":4441,"cfile_cache_miss_bytes":125449392,"cfile_init":10,"delta_iterators_relevant":6,"dirs.queue_time_us":468,"dirs.run_cpu_time_us":227,"dirs.run_wall_time_us":102778,"drs_written":2,"lbm_read_time_us":456135,"lbm_reads_1-10_ms":31,"lbm_reads_10-100_ms":14,"lbm_reads_lt_1ms":4436,"lbm_write_time_us":297362,"lbm_writes_1-10_ms":22,"lbm_writes_10-100_ms":2,"lbm_writes_lt_1ms":3393,"num_input_rowsets":2,"rows_written":1917307,"spinlock_wait_cycles":1379840,"thread_start_us":709,"threads_started":9}
I0108 18:47:34.849619 25162 maintenance_manager.cc:326] P 61b86269d42a403f94c0a049429fa247: Scheduling UndoDeltaBlockGCOp(dbe8c3d61048482fb282021487b845a6): 40271080 bytes on disk
I0108 18:47:34.849746 25056 maintenance_manager.cc:527] P 61b86269d42a403f94c0a049429fa247: UndoDeltaBlockGCOp(dbe8c3d61048482fb282021487b845a6) complete. Timing: real 0.000s user 0.000s sys 0.000s Metrics: {"cfile_init":2,"lbm_read_time_us":15,"lbm_reads_lt_1ms":8}
I0108 18:47:34.849833 25162 maintenance_manager.cc:326] P 61b86269d42a403f94c0a049429fa247: Scheduling FlushMRSOp(fdf8e522824640c3ab9385967c93743a): perf score=0.033666
I0108 18:47:36.480548 25056 maintenance_manager.cc:527] P 61b86269d42a403f94c0a049429fa247: FlushMRSOp(fdf8e522824640c3ab9385967c93743a) complete. Timing: real 1.631s user 0.642s sys 0.051s Metrics: {"bytes_written":7788715,"cfile_init":1,"delete_count":0,"dirs.queue_time_us":5524,"dirs.run_cpu_time_us":109,"dirs.run_wall_time_us":34851,"drs_written":1,"lbm_read_time_us":8,"lbm_reads_lt_1ms":4,"lbm_write_time_us":142294,"lbm_writes_1-10_ms":16,"lbm_writes_10-100_ms":2,"lbm_writes_lt_1ms":784,"reinsert_count":0,"rows_written":443235,"thread_start_us":31,"threads_started":1,"update_count":3267}
I0108 18:47:36.480718 25162 maintenance_manager.cc:326] P 61b86269d42a403f94c0a049429fa247: Scheduling LogGCOp(fdf8e522824640c3ab9385967c93743a): free 33652698 bytes of WAL
I0108 18:47:36.480813 25056 log_reader.cc:379] T fdf8e522824640c3ab9385967c93743a: removed 4 log segments from log reader
I0108 18:47:36.480865 25056 log.cc:1062] T fdf8e522824640c3ab9385967c93743a P 61b86269d42a403f94c0a049429fa247: Deleting log segment in path: /data/somelongdirectorytoavoidrpathissues/src/kudutest/linked_list-test.LinkedListTest.TestLoadAndVerify.1578537560432831-24709/linked-list-cluster/ts-2/wal/wals/fdf8e522824640c3ab9385967c93743a/wal-000000015 (ops 174133-186697)
I0108 18:47:36.480962 25056 log.cc:1062] T fdf8e522824640c3ab9385967c93743a P 61b86269d42a403f94c0a049429fa247: Deleting log segment in path: /data/somelongdirectorytoavoidrpathissues/src/kudutest/linked_list-test.LinkedListTest.TestLoadAndVerify.1578537560432831-24709/linked-list-cluster/ts-2/wal/wals/fdf8e522824640c3ab9385967c93743a/wal-000000016 (ops 186698-199068)
I0108 18:47:36.481055 25056 log.cc:1062] T fdf8e522824640c3ab9385967c93743a P 61b86269d42a403f94c0a049429fa247: Deleting log segment in path: /data/somelongdirectorytoavoidrpathissues/src/kudutest/linked_list-test.LinkedListTest.TestLoadAndVerify.1578537560432831-24709/linked-list-cluster/ts-2/wal/wals/fdf8e522824640c3ab9385967c93743a/wal-000000017 (ops 199069-211514)
I0108 18:47:36.481122 25056 log.cc:1062] T fdf8e522824640c3ab9385967c93743a P 61b86269d42a403f94c0a049429fa247: Deleting log segment in path: /data/somelongdirectorytoavoidrpathissues/src/kudutest/linked_list-test.LinkedListTest.TestLoadAndVerify.1578537560432831-24709/linked-list-cluster/ts-2/wal/wals/fdf8e522824640c3ab9385967c93743a/wal-000000018 (ops 211515-223909)
I0108 18:47:36.499538 25056 maintenance_manager.cc:527] P 61b86269d42a403f94c0a049429fa247: LogGCOp(fdf8e522824640c3ab9385967c93743a) complete. Timing: real 0.019s user 0.001s sys 0.010s Metrics: {}
I0108 18:47:36.499688 25162 maintenance_manager.cc:326] P 61b86269d42a403f94c0a049429fa247: Scheduling UndoDeltaBlockGCOp(fdf8e522824640c3ab9385967c93743a): 8768572 bytes on disk
I0108 18:47:36.499816 25056 maintenance_manager.cc:527] P 61b86269d42a403f94c0a049429fa247: UndoDeltaBlockGCOp(fdf8e522824640c3ab9385967c93743a) complete. Timing: real 0.000s user 0.000s sys 0.000s Metrics: {"cfile_init":1,"lbm_read_time_us":11,"lbm_reads_lt_1ms":4}
I0108 18:47:36.499912 25162 maintenance_manager.cc:326] P 61b86269d42a403f94c0a049429fa247: Scheduling CompactRowSetsOp(fdf8e522824640c3ab9385967c93743a): perf score=1.001558
I0108 18:47:42.810473 25056 maintenance_manager.cc:527] P 61b86269d42a403f94c0a049429fa247: CompactRowSetsOp(fdf8e522824640c3ab9385967c93743a) complete. Timing: real 6.310s user 2.438s sys 0.248s Metrics: {"bytes_written":34523619,"cfile_cache_hit":86,"cfile_cache_hit_bytes":11137196,"cfile_cache_miss":4496,"cfile_cache_miss_bytes":127649976,"cfile_init":9,"delta_iterators_relevant":6,"dirs.queue_time_us":1056,"dirs.run_cpu_time_us":233,"dirs.run_wall_time_us":51901,"drs_written":2,"lbm_read_time_us":472038,"lbm_reads_1-10_ms":53,"lbm_reads_10-100_ms":8,"lbm_reads_lt_1ms":4471,"lbm_write_time_us":245119,"lbm_writes_1-10_ms":33,"lbm_writes_10-100_ms":1,"lbm_writes_lt_1ms":3427,"num_input_rowsets":2,"rows_written":1942404,"spinlock_wait_cycles":351104,"thread_start_us":495,"threads_started":9}
I0108 18:47:42.810662 25162 maintenance_manager.cc:326] P 61b86269d42a403f94c0a049429fa247: Scheduling UndoDeltaBlockGCOp(fdf8e522824640c3ab9385967c93743a): 40815050 bytes on disk
I0108 18:47:42.953271 25056 maintenance_manager.cc:527] P 61b86269d42a403f94c0a049429fa247: UndoDeltaBlockGCOp(fdf8e522824640c3ab9385967c93743a) complete. Timing: real 0.142s user 0.000s sys 0.000s Metrics: {"cfile_init":2,"lbm_read_time_us":142395,"lbm_reads_1-10_ms":3,"lbm_reads_gt_100_ms":1,"lbm_reads_lt_1ms":4} ------------------------------------------------------------ Histogram for latency of insert operations (microseconds) Note: each insert is a batch of 50 rows. ------------------------------------------------------------ Count: 240000 Mean: 1969.81 Percentiles: 0% (min) = 804 25% = 1476 50% (med) = 1666 75% = 1930 95% = 2684 99% = 7844 99.9% = 46816 99.99% = 75520 100% (max) = 228066
I0108 18:47:50.073424 24709 linked_list-test-util.h:519] Written 12000000 rows in chain
I0108 18:47:55.509546 25038 maintenance_manager.cc:326] P 53135810f2d84759ac110009de750c3d: Scheduling FlushMRSOp(50603d14716f4c4bb514a91e103fbf64): perf score=0.033393
I0108 18:47:57.367354 24913 maintenance_manager.cc:326] P c6ad452ff3b64d949298a50527e1fbb0: Scheduling FlushMRSOp(50603d14716f4c4bb514a91e103fbf64): perf score=0.033359
I0108 18:48:03.134961 24932 maintenance_manager.cc:527] P 53135810f2d84759ac110009de750c3d: FlushMRSOp(50603d14716f4c4bb514a91e103fbf64) complete. Timing: real 7.625s user 2.897s sys 0.199s Metrics: {"bytes_written":33007958,"cfile_init":1,"delete_count":0,"dirs.queue_time_us":119,"dirs.run_cpu_time_us":130,"dirs.run_wall_time_us":41076,"drs_written":1,"lbm_read_time_us":10,"lbm_reads_lt_1ms":4,"lbm_write_time_us":191937,"lbm_writes_1-10_ms":24,"lbm_writes_10-100_ms":1,"lbm_writes_lt_1ms":3300,"reinsert_count":0,"rows_written":1875777,"thread_start_us":83,"threads_started":1,"update_count":3756}
I0108 18:48:03.135202 25038 maintenance_manager.cc:326] P 53135810f2d84759ac110009de750c3d: Scheduling LogGCOp(50603d14716f4c4bb514a91e103fbf64): free 83912414 bytes of WAL
I0108 18:48:03.135283 24932 log_reader.cc:379] T 50603d14716f4c4bb514a91e103fbf64: removed 10 log segments from log reader
I0108 18:48:03.135350 24932 log.cc:1062] T 50603d14716f4c4bb514a91e103fbf64 P 53135810f2d84759ac110009de750c3d: Deleting log segment in path: /data/somelongdirectorytoavoidrpathissues/src/kudutest/linked_list-test.LinkedListTest.TestLoadAndVerify.1578537560432831-24709/linked-list-cluster/ts-1/wal/wals/50603d14716f4c4bb514a91e103fbf64/wal-000000032 (ops 182890-188711)
I0108 18:48:03.135489 24932 log.cc:1062] T 50603d14716f4c4bb514a91e103fbf64 P 53135810f2d84759ac110009de750c3d: Deleting log segment in path: /data/somelongdirectorytoavoidrpathissues/src/kudutest/linked_list-test.LinkedListTest.TestLoadAndVerify.1578537560432831-24709/linked-list-cluster/ts-1/wal/wals/50603d14716f4c4bb514a91e103fbf64/wal-000000033 (ops 188712-194584)
I0108 18:48:03.135560 24932 log.cc:1062] T 50603d14716f4c4bb514a91e103fbf64 P 53135810f2d84759ac110009de750c3d: Deleting log segment in path: /data/somelongdirectorytoavoidrpathissues/src/kudutest/linked_list-test.LinkedListTest.TestLoadAndVerify.1578537560432831-24709/linked-list-cluster/ts-1/wal/wals/50603d14716f4c4bb514a91e103fbf64/wal-000000034 (ops 194585-200492)
I0108 18:48:03.135625 24932 log.cc:1062] T 50603d14716f4c4bb514a91e103fbf64 P 53135810f2d84759ac110009de750c3d: Deleting log segment in path: /data/somelongdirectorytoavoidrpathissues/src/kudutest/linked_list-test.LinkedListTest.TestLoadAndVerify.1578537560432831-24709/linked-list-cluster/ts-1/wal/wals/50603d14716f4c4bb514a91e103fbf64/wal-000000035 (ops 200493-206387)
I0108 18:48:03.135687 24932 log.cc:1062] T 50603d14716f4c4bb514a91e103fbf64 P 53135810f2d84759ac110009de750c3d: Deleting log segment in path: /data/somelongdirectorytoavoidrpathissues/src/kudutest/linked_list-test.LinkedListTest.TestLoadAndVerify.1578537560432831-24709/linked-list-cluster/ts-1/wal/wals/50603d14716f4c4bb514a91e103fbf64/wal-000000036 (ops 206388-212337)
I0108 18:48:03.135846 24932 log.cc:1062] T 50603d14716f4c4bb514a91e103fbf64 P 53135810f2d84759ac110009de750c3d: Deleting log segment in path: /data/somelongdirectorytoavoidrpathissues/src/kudutest/linked_list-test.LinkedListTest.TestLoadAndVerify.1578537560432831-24709/linked-list-cluster/ts-1/wal/wals/50603d14716f4c4bb514a91e103fbf64/wal-000000037 (ops 212338-218182)
I0108 18:48:03.136023 24932 log.cc:1062] T 50603d14716f4c4bb514a91e103fbf64 P 53135810f2d84759ac110009de750c3d: Deleting log segment in path: /data/somelongdirectorytoavoidrpathissues/src/kudutest/linked_list-test.LinkedListTest.TestLoadAndVerify.1578537560432831-24709/linked-list-cluster/ts-1/wal/wals/50603d14716f4c4bb514a91e103fbf64/wal-000000038 (ops 218183-224110)
I0108 18:48:03.136330 24932 log.cc:1062] T 50603d14716f4c4bb514a91e103fbf64 P 53135810f2d84759ac110009de750c3d: Deleting log segment in path: /data/somelongdirectorytoavoidrpathissues/src/kudutest/linked_list-test.LinkedListTest.TestLoadAndVerify.1578537560432831-24709/linked-list-cluster/ts-1/wal/wals/50603d14716f4c4bb514a91e103fbf64/wal-000000039 (ops 224111-230037)
I0108 18:48:03.136400 24932 log.cc:1062] T 50603d14716f4c4bb514a91e103fbf64 P 53135810f2d84759ac110009de750c3d: Deleting log segment in path: /data/somelongdirectorytoavoidrpathissues/src/kudutest/linked_list-test.LinkedListTest.TestLoadAndVerify.1578537560432831-24709/linked-list-cluster/ts-1/wal/wals/50603d14716f4c4bb514a91e103fbf64/wal-000000040 (ops 230038-235891)
I0108 18:48:03.136466 24932 log.cc:1062] T 50603d14716f4c4bb514a91e103fbf64 P 53135810f2d84759ac110009de750c3d: Deleting log segment in path: /data/somelongdirectorytoavoidrpathissues/src/kudutest/linked_list-test.LinkedListTest.TestLoadAndVerify.1578537560432831-24709/linked-list-cluster/ts-1/wal/wals/50603d14716f4c4bb514a91e103fbf64/wal-000000041 (ops 235892-241867)
I0108 18:48:03.186164 24932 maintenance_manager.cc:527] P 53135810f2d84759ac110009de750c3d: LogGCOp(50603d14716f4c4bb514a91e103fbf64) complete. Timing: real 0.051s user 0.000s sys 0.028s Metrics: {}
I0108 18:48:03.186434 25038 maintenance_manager.cc:326] P 53135810f2d84759ac110009de750c3d: Scheduling UndoDeltaBlockGCOp(50603d14716f4c4bb514a91e103fbf64): 37364306 bytes on disk
I0108 18:48:03.186563 24932 maintenance_manager.cc:527] P 53135810f2d84759ac110009de750c3d: UndoDeltaBlockGCOp(50603d14716f4c4bb514a91e103fbf64) complete. Timing: real 0.000s user 0.000s sys 0.000s Metrics: {"cfile_init":1,"lbm_read_time_us":12,"lbm_reads_lt_1ms":4}
I0108 18:48:03.186688 25038 maintenance_manager.cc:326] P 53135810f2d84759ac110009de750c3d: Scheduling CompactRowSetsOp(50603d14716f4c4bb514a91e103fbf64): perf score=1.000754
I0108 18:48:04.977576 25162 maintenance_manager.cc:326] P 61b86269d42a403f94c0a049429fa247: Scheduling FlushMRSOp(50603d14716f4c4bb514a91e103fbf64): perf score=0.033353
I0108 18:48:06.191067 24807 maintenance_manager.cc:527] P c6ad452ff3b64d949298a50527e1fbb0: FlushMRSOp(50603d14716f4c4bb514a91e103fbf64) complete. Timing: real 8.824s user 2.908s sys 0.174s Metrics: {"bytes_written":33139236,"cfile_init":1,"delete_count":0,"dirs.queue_time_us":302,"dirs.run_cpu_time_us":133,"dirs.run_wall_time_us":28611,"drs_written":1,"lbm_read_time_us":20,"lbm_reads_lt_1ms":4,"lbm_write_time_us":347658,"lbm_writes_1-10_ms":40,"lbm_writes_gt_100_ms":1,"lbm_writes_lt_1ms":3300,"reinsert_count":0,"rows_written":1884852,"spinlock_wait_cycles":23296,"thread_start_us":29,"threads_started":1,"update_count":1262}
I0108 18:48:06.191282 24913 maintenance_manager.cc:326] P c6ad452ff3b64d949298a50527e1fbb0: Scheduling UndoDeltaBlockGCOp(50603d14716f4c4bb514a91e103fbf64): 37566892 bytes on disk
I0108 18:48:06.191413 24807 maintenance_manager.cc:527] P c6ad452ff3b64d949298a50527e1fbb0: UndoDeltaBlockGCOp(50603d14716f4c4bb514a91e103fbf64) complete. Timing: real 0.000s user 0.000s sys 0.000s Metrics: {"cfile_init":1,"lbm_read_time_us":12,"lbm_reads_lt_1ms":4}
I0108 18:48:06.191519 24913 maintenance_manager.cc:326] P c6ad452ff3b64d949298a50527e1fbb0: Scheduling CompactRowSetsOp(50603d14716f4c4bb514a91e103fbf64): perf score=1.000578
I0108 18:48:13.423748 25056 maintenance_manager.cc:527] P 61b86269d42a403f94c0a049429fa247: FlushMRSOp(50603d14716f4c4bb514a91e103fbf64) complete. Timing: real 8.446s user 2.875s sys 0.163s Metrics: {"bytes_written":33196811,"cfile_init":1,"delete_count":0,"dirs.queue_time_us":15514,"dirs.run_cpu_time_us":166,"dirs.run_wall_time_us":61803,"drs_written":1,"lbm_read_time_us":7,"lbm_reads_lt_1ms":4,"lbm_write_time_us":231392,"lbm_writes_1-10_ms":48,"lbm_writes_10-100_ms":1,"lbm_writes_lt_1ms":3289,"reinsert_count":0,"rows_written":1882981,"thread_start_us":105,"threads_started":1,"update_count":9158}
I0108 18:48:13.424554 25162 maintenance_manager.cc:326] P 61b86269d42a403f94c0a049429fa247: Scheduling LogGCOp(50603d14716f4c4bb514a91e103fbf64): free 75800734 bytes of WAL
I0108 18:48:13.424639 25056 log_reader.cc:379] T 50603d14716f4c4bb514a91e103fbf64: removed 9 log segments from log reader
I0108 18:48:13.424690 25056 log.cc:1062] T 50603d14716f4c4bb514a91e103fbf64 P 61b86269d42a403f94c0a049429fa247: Deleting log segment in path: /data/somelongdirectorytoavoidrpathissues/src/kudutest/linked_list-test.LinkedListTest.TestLoadAndVerify.1578537560432831-24709/linked-list-cluster/ts-2/wal/wals/50603d14716f4c4bb514a91e103fbf64/wal-000000033 (ops 189683-195539)
I0108 18:48:13.424768 25056 log.cc:1062] T 50603d14716f4c4bb514a91e103fbf64 P 61b86269d42a403f94c0a049429fa247: Deleting log segment in path: /data/somelongdirectorytoavoidrpathissues/src/kudutest/linked_list-test.LinkedListTest.TestLoadAndVerify.1578537560432831-24709/linked-list-cluster/ts-2/wal/wals/50603d14716f4c4bb514a91e103fbf64/wal-000000034 (ops 195540-201575)
I0108 18:48:13.424968 25056 log.cc:1062] T 50603d14716f4c4bb514a91e103fbf64 P 61b86269d42a403f94c0a049429fa247: Deleting log segment in path: /data/somelongdirectorytoavoidrpathissues/src/kudutest/linked_list-test.LinkedListTest.TestLoadAndVerify.1578537560432831-24709/linked-list-cluster/ts-2/wal/wals/50603d14716f4c4bb514a91e103fbf64/wal-000000035 (ops 201576-207419)
I0108 18:48:13.425043 25056 log.cc:1062] T 50603d14716f4c4bb514a91e103fbf64 P 61b86269d42a403f94c0a049429fa247: Deleting log segment in path: /data/somelongdirectorytoavoidrpathissues/src/kudutest/linked_list-test.LinkedListTest.TestLoadAndVerify.1578537560432831-24709/linked-list-cluster/ts-2/wal/wals/50603d14716f4c4bb514a91e103fbf64/wal-000000036 (ops 207420-213276)
I0108 18:48:13.425115 25056 log.cc:1062] T 50603d14716f4c4bb514a91e103fbf64 P 61b86269d42a403f94c0a049429fa247: Deleting log segment in path: /data/somelongdirectorytoavoidrpathissues/src/kudutest/linked_list-test.LinkedListTest.TestLoadAndVerify.1578537560432831-24709/linked-list-cluster/ts-2/wal/wals/50603d14716f4c4bb514a91e103fbf64/wal-000000037 (ops 213277-219203)
I0108 18:48:13.425319 25056 log.cc:1062] T 50603d14716f4c4bb514a91e103fbf64 P 61b86269d42a403f94c0a049429fa247: Deleting log segment in path: /data/somelongdirectorytoavoidrpathissues/src/kudutest/linked_list-test.LinkedListTest.TestLoadAndVerify.1578537560432831-24709/linked-list-cluster/ts-2/wal/wals/50603d14716f4c4bb514a91e103fbf64/wal-000000038 (ops 219204-225156)
I0108 18:48:13.425411 25056 log.cc:1062] T 50603d14716f4c4bb514a91e103fbf64 P 61b86269d42a403f94c0a049429fa247: Deleting log segment in path: /data/somelongdirectorytoavoidrpathissues/src/kudutest/linked_list-test.LinkedListTest.TestLoadAndVerify.1578537560432831-24709/linked-list-cluster/ts-2/wal/wals/50603d14716f4c4bb514a91e103fbf64/wal-000000039 (ops 225157-231097)
I0108 18:48:13.425477 25056 log.cc:1062] T 50603d14716f4c4bb514a91e103fbf64 P 61b86269d42a403f94c0a049429fa247: Deleting log segment in path: /data/somelongdirectorytoavoidrpathissues/src/kudutest/linked_list-test.LinkedListTest.TestLoadAndVerify.1578537560432831-24709/linked-list-cluster/ts-2/wal/wals/50603d14716f4c4bb514a91e103fbf64/wal-000000040 (ops 231098-237054)
I0108 18:48:13.425541 25056 log.cc:1062] T 50603d14716f4c4bb514a91e103fbf64 P 61b86269d42a403f94c0a049429fa247: Deleting log segment in path: /data/somelongdirectorytoavoidrpathissues/src/kudutest/linked_list-test.LinkedListTest.TestLoadAndVerify.1578537560432831-24709/linked-list-cluster/ts-2/wal/wals/50603d14716f4c4bb514a91e103fbf64/wal-000000041 (ops 237055-242990)
I0108 18:48:13.469210 25056 maintenance_manager.cc:527] P 61b86269d42a403f94c0a049429fa247: LogGCOp(50603d14716f4c4bb514a91e103fbf64) complete. Timing: real 0.045s user 0.000s sys 0.024s Metrics: {}
I0108 18:48:13.469379 25162 maintenance_manager.cc:326] P 61b86269d42a403f94c0a049429fa247: Scheduling UndoDeltaBlockGCOp(50603d14716f4c4bb514a91e103fbf64): 37445911 bytes on disk
I0108 18:48:13.470448 25056 maintenance_manager.cc:527] P 61b86269d42a403f94c0a049429fa247: UndoDeltaBlockGCOp(50603d14716f4c4bb514a91e103fbf64) complete. Timing: real 0.000s user 0.000s sys 0.000s Metrics: {"cfile_init":1,"lbm_read_time_us":11,"lbm_reads_lt_1ms":4}
I0108 18:48:13.470549 25162 maintenance_manager.cc:326] P 61b86269d42a403f94c0a049429fa247: Scheduling CompactRowSetsOp(50603d14716f4c4bb514a91e103fbf64): perf score=0.999454 ------------------------------------------------------------ Histogram for latency of insert operations (microseconds) Note: each insert is a batch of 50 rows. ------------------------------------------------------------ Count: 250000 Mean: 1980.34 Percentiles: 0% (min) = 804 25% = 1479 50% (med) = 1671 75% = 1939 95% = 2712 99% = 7924 99.9% = 47040 99.99% = 77248 100% (max) = 275150
I0108 18:48:13.888988 24709 linked_list-test-util.h:519] Written 12500000 rows in chain ------------------------------------------------------------ Histogram for latency of insert operations (microseconds) Note: each insert is a batch of 50 rows. ------------------------------------------------------------ Count: 260000 Mean: 1996.55 Percentiles: 0% (min) = 804 25% = 1484 50% (med) = 1679 75% = 1956 95% = 2762 99% = 7996 99.9% = 47200 99.99% = 78848 100% (max) = 275150
I0108 18:48:39.140316 24709 linked_list-test-util.h:519] Written 13000000 rows in chain
I0108 18:48:43.853410 24932 maintenance_manager.cc:527] P 53135810f2d84759ac110009de750c3d: CompactRowSetsOp(50603d14716f4c4bb514a91e103fbf64) complete. Timing: real 40.667s user 10.882s sys 1.074s Metrics: {"bytes_written":143612573,"cfile_cache_hit":364,"cfile_cache_hit_bytes":50684057,"cfile_cache_miss":18692,"cfile_cache_miss_bytes":529427917,"cfile_init":21,"delta_iterators_relevant":12,"dirs.queue_time_us":27486,"dirs.run_cpu_time_us":541,"dirs.run_wall_time_us":421799,"drs_written":5,"lbm_read_time_us":5118657,"lbm_reads_1-10_ms":318,"lbm_reads_10-100_ms":74,"lbm_reads_gt_100_ms":10,"lbm_reads_lt_1ms":18374,"lbm_write_time_us":1244142,"lbm_writes_1-10_ms":220,"lbm_writes_10-100_ms":8,"lbm_writes_lt_1ms":14104,"num_input_rowsets":5,"rows_written":8085340,"spinlock_wait_cycles":296912128,"thread_start_us":3619,"threads_started":13}
I0108 18:48:43.853966 25038 maintenance_manager.cc:326] P 53135810f2d84759ac110009de750c3d: Scheduling FlushMRSOp(dbe8c3d61048482fb282021487b845a6): perf score=0.036277
I0108 18:48:45.084416 28042 rpcz_store.cc:269] Call kudu.tserver.TabletServerService.Write from 127.24.33.66:58364 (ReqId={client: 20060d3408dd4d3a8f0e19885a75dabd, seq_no=776354, attempt_no=0}) took 1073ms. Request Metrics: {"child_traces":[["txn",{"apply.queue_time_us":6659,"cfile_cache_hit":848,"cfile_cache_hit_bytes":3524336,"cfile_cache_miss":3533,"cfile_cache_miss_bytes":14795663,"lbm_read_time_us":922366,"lbm_reads_1-10_ms":33,"lbm_reads_10-100_ms":31,"lbm_reads_lt_1ms":3469,"num_ops":11858,"prepare.queue_time_us":11,"prepare.run_cpu_time_us":12492,"prepare.run_wall_time_us":30414,"raft.queue_time_us":90,"raft.run_cpu_time_us":93,"raft.run_wall_time_us":95,"replication_time_us":1682,"spinlock_wait_cycles":3328}]]}
I0108 18:48:45.531427 24807 maintenance_manager.cc:527] P c6ad452ff3b64d949298a50527e1fbb0: CompactRowSetsOp(50603d14716f4c4bb514a91e103fbf64) complete. Timing: real 39.340s user 10.571s sys 1.012s Metrics: {"bytes_written":144069713,"cfile_cache_hit":377,"cfile_cache_hit_bytes":52308025,"cfile_cache_miss":18741,"cfile_cache_miss_bytes":529803655,"cfile_init":21,"delta_iterators_relevant":12,"dirs.queue_time_us":7977,"dirs.run_cpu_time_us":609,"dirs.run_wall_time_us":194386,"drs_written":5,"lbm_read_time_us":5302195,"lbm_reads_1-10_ms":286,"lbm_reads_10-100_ms":71,"lbm_reads_gt_100_ms":10,"lbm_reads_lt_1ms":18458,"lbm_write_time_us":1263725,"lbm_writes_1-10_ms":237,"lbm_writes_10-100_ms":8,"lbm_writes_lt_1ms":14133,"num_input_rowsets":5,"rows_written":8111317,"spinlock_wait_cycles":121716224,"thread_start_us":845,"threads_started":13}
I0108 18:48:45.531637 24913 maintenance_manager.cc:326] P c6ad452ff3b64d949298a50527e1fbb0: Scheduling LogGCOp(50603d14716f4c4bb514a91e103fbf64): free 84171932 bytes of WAL
I0108 18:48:45.531723 24807 log_reader.cc:379] T 50603d14716f4c4bb514a91e103fbf64: removed 10 log segments from log reader
I0108 18:48:45.531735 24807 log.cc:1062] T 50603d14716f4c4bb514a91e103fbf64 P c6ad452ff3b64d949298a50527e1fbb0: Deleting log segment in path: /data/somelongdirectorytoavoidrpathissues/src/kudutest/linked_list-test.LinkedListTest.TestLoadAndVerify.1578537560432831-24709/linked-list-cluster/ts-0/wal/wals/50603d14716f4c4bb514a91e103fbf64/wal-000000032 (ops 183557-189436)
I0108 18:48:45.531772 24807 log.cc:1062] T 50603d14716f4c4bb514a91e103fbf64 P c6ad452ff3b64d949298a50527e1fbb0: Deleting log segment in path: /data/somelongdirectorytoavoidrpathissues/src/kudutest/linked_list-test.LinkedListTest.TestLoadAndVerify.1578537560432831-24709/linked-list-cluster/ts-0/wal/wals/50603d14716f4c4bb514a91e103fbf64/wal-000000033 (ops 189437-195405)
I0108 18:48:45.531801 24807 log.cc:1062] T 50603d14716f4c4bb514a91e103fbf64 P c6ad452ff3b64d949298a50527e1fbb0: Deleting log segment in path: /data/somelongdirectorytoavoidrpathissues/src/kudutest/linked_list-test.LinkedListTest.TestLoadAndVerify.1578537560432831-24709/linked-list-cluster/ts-0/wal/wals/50603d14716f4c4bb514a91e103fbf64/wal-000000034 (ops 195406-201508)
I0108 18:48:45.531826 24807 log.cc:1062] T 50603d14716f4c4bb514a91e103fbf64 P c6ad452ff3b64d949298a50527e1fbb0: Deleting log segment in path: /data/somelongdirectorytoavoidrpathissues/src/kudutest/linked_list-test.LinkedListTest.TestLoadAndVerify.1578537560432831-24709/linked-list-cluster/ts-0/wal/wals/50603d14716f4c4bb514a91e103fbf64/wal-000000035 (ops 201509-207425)
I0108 18:48:45.531847 24807 log.cc:1062] T 50603d14716f4c4bb514a91e103fbf64 P c6ad452ff3b64d949298a50527e1fbb0: Deleting log segment in path: /data/somelongdirectorytoavoidrpathissues/src/kudutest/linked_list-test.LinkedListTest.TestLoadAndVerify.1578537560432831-24709/linked-list-cluster/ts-0/wal/wals/50603d14716f4c4bb514a91e103fbf64/wal-000000036 (ops 207426-213269)
I0108 18:48:45.531868 24807 log.cc:1062] T 50603d14716f4c4bb514a91e103fbf64 P c6ad452ff3b64d949298a50527e1fbb0: Deleting log segment in path: /data/somelongdirectorytoavoidrpathissues/src/kudutest/linked_list-test.LinkedListTest.TestLoadAndVerify.1578537560432831-24709/linked-list-cluster/ts-0/wal/wals/50603d14716f4c4bb514a91e103fbf64/wal-000000037 (ops 213270-219175)
I0108 18:48:45.531890 24807 log.cc:1062] T 50603d14716f4c4bb514a91e103fbf64 P c6ad452ff3b64d949298a50527e1fbb0: Deleting log segment in path: /data/somelongdirectorytoavoidrpathissues/src/kudutest/linked_list-test.LinkedListTest.TestLoadAndVerify.1578537560432831-24709/linked-list-cluster/ts-0/wal/wals/50603d14716f4c4bb514a91e103fbf64/wal-000000038 (ops 219176-225116)
I0108 18:48:45.531913 24807 log.cc:1062] T 50603d14716f4c4bb514a91e103fbf64 P c6ad452ff3b64d949298a50527e1fbb0: Deleting log segment in path: /data/somelongdirectorytoavoidrpathissues/src/kudutest/linked_list-test.LinkedListTest.TestLoadAndVerify.1578537560432831-24709/linked-list-cluster/ts-0/wal/wals/50603d14716f4c4bb514a91e103fbf64/wal-000000039 (ops 225117-231055)
I0108 18:48:45.531956 24807 log.cc:1062] T 50603d14716f4c4bb514a91e103fbf64 P c6ad452ff3b64d949298a50527e1fbb0: Deleting log segment in path: /data/somelongdirectorytoavoidrpathissues/src/kudutest/linked_list-test.LinkedListTest.TestLoadAndVerify.1578537560432831-24709/linked-list-cluster/ts-0/wal/wals/50603d14716f4c4bb514a91e103fbf64/wal-000000040 (ops 231056-236884)
I0108 18:48:45.531977 24807 log.cc:1062] T 50603d14716f4c4bb514a91e103fbf64 P c6ad452ff3b64d949298a50527e1fbb0: Deleting log segment in path: /data/somelongdirectorytoavoidrpathissues/src/kudutest/linked_list-test.LinkedListTest.TestLoadAndVerify.1578537560432831-24709/linked-list-cluster/ts-0/wal/wals/50603d14716f4c4bb514a91e103fbf64/wal-000000041 (ops 236885-242844)
I0108 18:48:45.552439 24807 maintenance_manager.cc:527] P c6ad452ff3b64d949298a50527e1fbb0: LogGCOp(50603d14716f4c4bb514a91e103fbf64) complete. Timing: real 0.021s user 0.000s sys 0.021s Metrics: {}
I0108 18:48:45.552564 24913 maintenance_manager.cc:326] P c6ad452ff3b64d949298a50527e1fbb0: Scheduling UndoDeltaBlockGCOp(50603d14716f4c4bb514a91e103fbf64): 171222975 bytes on disk
I0108 18:48:46.052731 24807 maintenance_manager.cc:527] P c6ad452ff3b64d949298a50527e1fbb0: UndoDeltaBlockGCOp(50603d14716f4c4bb514a91e103fbf64) complete. Timing: real 0.500s user 0.000s sys 0.000s Metrics: {"cfile_init":5,"lbm_read_time_us":499853,"lbm_reads_1-10_ms":4,"lbm_reads_10-100_ms":4,"lbm_reads_gt_100_ms":2,"lbm_reads_lt_1ms":10}
I0108 18:48:46.053002 24913 maintenance_manager.cc:326] P c6ad452ff3b64d949298a50527e1fbb0: Scheduling FlushMRSOp(fdf8e522824640c3ab9385967c93743a): perf score=0.036555
I0108 18:48:46.414417 24932 maintenance_manager.cc:527] P 53135810f2d84759ac110009de750c3d: FlushMRSOp(dbe8c3d61048482fb282021487b845a6) complete. Timing: real 2.560s user 0.698s sys 0.040s Metrics: {"bytes_written":8398088,"cfile_init":1,"delete_count":0,"dirs.queue_time_us":13617,"dirs.run_cpu_time_us":94,"dirs.run_wall_time_us":28087,"drs_written":1,"lbm_read_time_us":8,"lbm_reads_lt_1ms":4,"lbm_write_time_us":1046799,"lbm_writes_1-10_ms":18,"lbm_writes_10-100_ms":30,"lbm_writes_gt_100_ms":2,"lbm_writes_lt_1ms":810,"reinsert_count":0,"rows_written":475975,"thread_start_us":69,"threads_started":1,"update_count":2801}
I0108 18:48:46.414587 25038 maintenance_manager.cc:326] P 53135810f2d84759ac110009de750c3d: Scheduling LogGCOp(dbe8c3d61048482fb282021487b845a6): free 33559145 bytes of WAL
I0108 18:48:46.414660 24932 log_reader.cc:379] T dbe8c3d61048482fb282021487b845a6: removed 4 log segments from log reader
I0108 18:48:46.414758 24932 log.cc:1062] T dbe8c3d61048482fb282021487b845a6 P 53135810f2d84759ac110009de750c3d: Deleting log segment in path: /data/somelongdirectorytoavoidrpathissues/src/kudutest/linked_list-test.LinkedListTest.TestLoadAndVerify.1578537560432831-24709/linked-list-cluster/ts-1/wal/wals/dbe8c3d61048482fb282021487b845a6/wal-000000017 (ops 198462-210831)
I0108 18:48:46.415874 24932 log.cc:1062] T dbe8c3d61048482fb282021487b845a6 P 53135810f2d84759ac110009de750c3d: Deleting log segment in path: /data/somelongdirectorytoavoidrpathissues/src/kudutest/linked_list-test.LinkedListTest.TestLoadAndVerify.1578537560432831-24709/linked-list-cluster/ts-1/wal/wals/dbe8c3d61048482fb282021487b845a6/wal-000000018 (ops 210832-223219)
I0108 18:48:46.415948 24932 log.cc:1062] T dbe8c3d61048482fb282021487b845a6 P 53135810f2d84759ac110009de750c3d: Deleting log segment in path: /data/somelongdirectorytoavoidrpathissues/src/kudutest/linked_list-test.LinkedListTest.TestLoadAndVerify.1578537560432831-24709/linked-list-cluster/ts-1/wal/wals/dbe8c3d61048482fb282021487b845a6/wal-000000019 (ops 223220-235615)
I0108 18:48:46.416144 24932 log.cc:1062] T dbe8c3d61048482fb282021487b845a6 P 53135810f2d84759ac110009de750c3d: Deleting log segment in path: /data/somelongdirectorytoavoidrpathissues/src/kudutest/linked_list-test.LinkedListTest.TestLoadAndVerify.1578537560432831-24709/linked-list-cluster/ts-1/wal/wals/dbe8c3d61048482fb282021487b845a6/wal-000000020 (ops 235616-248007)
I0108 18:48:46.434193 24932 maintenance_manager.cc:527] P 53135810f2d84759ac110009de750c3d: LogGCOp(dbe8c3d61048482fb282021487b845a6) complete. Timing: real 0.020s user 0.003s sys 0.008s Metrics: {}
I0108 18:48:46.434370 25038 maintenance_manager.cc:326] P 53135810f2d84759ac110009de750c3d: Scheduling CompactRowSetsOp(dbe8c3d61048482fb282021487b845a6): perf score=1.001213
I0108 18:48:48.764430 24807 maintenance_manager.cc:527] P c6ad452ff3b64d949298a50527e1fbb0: FlushMRSOp(fdf8e522824640c3ab9385967c93743a) complete. Timing: real 2.711s user 0.712s sys 0.062s Metrics: {"bytes_written":8421841,"cfile_init":1,"delete_count":0,"dirs.queue_time_us":161,"dirs.run_cpu_time_us":88,"dirs.run_wall_time_us":31076,"drs_written":1,"lbm_read_time_us":9,"lbm_reads_lt_1ms":4,"lbm_write_time_us":635639,"lbm_writes_1-10_ms":36,"lbm_writes_10-100_ms":22,"lbm_writes_lt_1ms":805,"reinsert_count":0,"rows_written":478155,"thread_start_us":32,"threads_started":1,"update_count":1553}
I0108 18:48:48.764600 24913 maintenance_manager.cc:326] P c6ad452ff3b64d949298a50527e1fbb0: Scheduling LogGCOp(fdf8e522824640c3ab9385967c93743a): free 33573636 bytes of WAL
I0108 18:48:48.764679 24807 log_reader.cc:379] T fdf8e522824640c3ab9385967c93743a: removed 4 log segments from log reader
I0108 18:48:48.764731 24807 log.cc:1062] T fdf8e522824640c3ab9385967c93743a P c6ad452ff3b64d949298a50527e1fbb0: Deleting log segment in path: /data/somelongdirectorytoavoidrpathissues/src/kudutest/linked_list-test.LinkedListTest.TestLoadAndVerify.1578537560432831-24709/linked-list-cluster/ts-0/wal/wals/fdf8e522824640c3ab9385967c93743a/wal-000000017 (ops 199093-211554)
I0108 18:48:48.764801 24807 log.cc:1062] T fdf8e522824640c3ab9385967c93743a P c6ad452ff3b64d949298a50527e1fbb0: Deleting log segment in path: /data/somelongdirectorytoavoidrpathissues/src/kudutest/linked_list-test.LinkedListTest.TestLoadAndVerify.1578537560432831-24709/linked-list-cluster/ts-0/wal/wals/fdf8e522824640c3ab9385967c93743a/wal-000000018 (ops 211555-223909)
I0108 18:48:48.764894 24807 log.cc:1062] T fdf8e522824640c3ab9385967c93743a P c6ad452ff3b64d949298a50527e1fbb0: Deleting log segment in path: /data/somelongdirectorytoavoidrpathissues/src/kudutest/linked_list-test.LinkedListTest.TestLoadAndVerify.1578537560432831-24709/linked-list-cluster/ts-0/wal/wals/fdf8e522824640c3ab9385967c93743a/wal-000000019 (ops 223910-236372)
I0108 18:48:48.765035 24807 log.cc:1062] T fdf8e522824640c3ab9385967c93743a P c6ad452ff3b64d949298a50527e1fbb0: Deleting log segment in path: /data/somelongdirectorytoavoidrpathissues/src/kudutest/linked_list-test.LinkedListTest.TestLoadAndVerify.1578537560432831-24709/linked-list-cluster/ts-0/wal/wals/fdf8e522824640c3ab9385967c93743a/wal-000000020 (ops 236373-248751)
I0108 18:48:48.814287 24807 maintenance_manager.cc:527] P c6ad452ff3b64d949298a50527e1fbb0: LogGCOp(fdf8e522824640c3ab9385967c93743a) complete. Timing: real 0.050s user 0.000s sys 0.013s Metrics: {}
I0108 18:48:48.815440 24913 maintenance_manager.cc:326] P c6ad452ff3b64d949298a50527e1fbb0: Scheduling UndoDeltaBlockGCOp(fdf8e522824640c3ab9385967c93743a): 9491560 bytes on disk
I0108 18:48:48.815574 24807 maintenance_manager.cc:527] P c6ad452ff3b64d949298a50527e1fbb0: UndoDeltaBlockGCOp(fdf8e522824640c3ab9385967c93743a) complete. Timing: real 0.000s user 0.000s sys 0.000s Metrics: {"cfile_init":1,"lbm_read_time_us":18,"lbm_reads_lt_1ms":4}
I0108 18:48:48.815682 24913 maintenance_manager.cc:326] P c6ad452ff3b64d949298a50527e1fbb0: Scheduling CompactRowSetsOp(fdf8e522824640c3ab9385967c93743a): perf score=1.001195
I0108 18:48:55.334699 25056 maintenance_manager.cc:527] P 61b86269d42a403f94c0a049429fa247: CompactRowSetsOp(50603d14716f4c4bb514a91e103fbf64) complete. Timing: real 41.864s user 10.953s sys 1.025s Metrics: {"bytes_written":145915496,"cfile_cache_hit":369,"cfile_cache_hit_bytes":51629030,"cfile_cache_miss":18997,"cfile_cache_miss_bytes":539131710,"cfile_init":21,"delta_iterators_relevant":12,"dirs.queue_time_us":12668,"dirs.run_cpu_time_us":672,"dirs.run_wall_time_us":519936,"drs_written":5,"lbm_read_time_us":5970778,"lbm_reads_1-10_ms":287,"lbm_reads_10-100_ms":104,"lbm_reads_gt_100_ms":12,"lbm_reads_lt_1ms":18678,"lbm_write_time_us":1465660,"lbm_writes_1-10_ms":236,"lbm_writes_10-100_ms":14,"lbm_writes_lt_1ms":14314,"num_input_rowsets":5,"rows_written":8216826,"spinlock_wait_cycles":260304384,"thread_start_us":536,"threads_started":13}
I0108 18:48:55.334987 25162 maintenance_manager.cc:326] P 61b86269d42a403f94c0a049429fa247: Scheduling UndoDeltaBlockGCOp(50603d14716f4c4bb514a91e103fbf64): 173559944 bytes on disk
