W0108 19:01:45.612072 25049 consensus_peers.cc:473] T 50603d14716f4c4bb514a91e103fbf64 P 61b86269d42a403f94c0a049429fa247 -> Peer c6ad452ff3b64d949298a50527e1fbb0 (127.24.33.65:55934): Couldn't send request to peer c6ad452ff3b64d949298a50527e1fbb0. Status: Network error: Client connection negotiation failed: client connection to 127.24.33.65:55934: connect: Connection refused (error 111). This is attempt 206: this message will repeat every 5th retry.
W0108 19:01:45.719254 25049 consensus_peers.cc:473] T dbe8c3d61048482fb282021487b845a6 P 61b86269d42a403f94c0a049429fa247 -> Peer c6ad452ff3b64d949298a50527e1fbb0 (127.24.33.65:55934): Couldn't send request to peer c6ad452ff3b64d949298a50527e1fbb0. Status: Network error: Client connection negotiation failed: client connection to 127.24.33.65:55934: connect: Connection refused (error 111). This is attempt 211: this message will repeat every 5th retry.
W0108 19:01:47.127871 30482 consensus_peers.cc:473] T fdf8e522824640c3ab9385967c93743a P 53135810f2d84759ac110009de750c3d -> Peer c6ad452ff3b64d949298a50527e1fbb0 (127.24.33.65:55934): Couldn't send request to peer c6ad452ff3b64d949298a50527e1fbb0. Status: Network error: Client connection negotiation failed: client connection to 127.24.33.65:55934: connect: Connection refused (error 111). This is attempt 206: this message will repeat every 5th retry.
W0108 19:01:48.117455 25049 consensus_peers.cc:473] T 50603d14716f4c4bb514a91e103fbf64 P 61b86269d42a403f94c0a049429fa247 -> Peer c6ad452ff3b64d949298a50527e1fbb0 (127.24.33.65:55934): Couldn't send request to peer c6ad452ff3b64d949298a50527e1fbb0. Status: Network error: Client connection negotiation failed: client connection to 127.24.33.65:55934: connect: Connection refused (error 111). This is attempt 211: this message will repeat every 5th retry.
W0108 19:01:48.374341 25049 consensus_peers.cc:473] T dbe8c3d61048482fb282021487b845a6 P 61b86269d42a403f94c0a049429fa247 -> Peer c6ad452ff3b64d949298a50527e1fbb0 (127.24.33.65:55934): Couldn't send request to peer c6ad452ff3b64d949298a50527e1fbb0. Status: Network error: Client connection negotiation failed: client connection to 127.24.33.65:55934: connect: Connection refused (error 111). This is attempt 216: this message will repeat every 5th retry.
W0108 19:01:49.567468 30482 consensus_peers.cc:473] T fdf8e522824640c3ab9385967c93743a P 53135810f2d84759ac110009de750c3d -> Peer c6ad452ff3b64d949298a50527e1fbb0 (127.24.33.65:55934): Couldn't send request to peer c6ad452ff3b64d949298a50527e1fbb0. Status: Network error: Client connection negotiation failed: client connection to 127.24.33.65:55934: connect: Connection refused (error 111). This is attempt 211: this message will repeat every 5th retry.
W0108 19:01:50.581113 25049 consensus_peers.cc:473] T 50603d14716f4c4bb514a91e103fbf64 P 61b86269d42a403f94c0a049429fa247 -> Peer c6ad452ff3b64d949298a50527e1fbb0 (127.24.33.65:55934): Couldn't send request to peer c6ad452ff3b64d949298a50527e1fbb0. Status: Network error: Client connection negotiation failed: client connection to 127.24.33.65:55934: connect: Connection refused (error 111). This is attempt 216: this message will repeat every 5th retry.
W0108 19:01:50.763420 25049 consensus_peers.cc:473] T dbe8c3d61048482fb282021487b845a6 P 61b86269d42a403f94c0a049429fa247 -> Peer c6ad452ff3b64d949298a50527e1fbb0 (127.24.33.65:55934): Couldn't send request to peer c6ad452ff3b64d949298a50527e1fbb0. Status: Network error: Client connection negotiation failed: client connection to 127.24.33.65:55934: connect: Connection refused (error 111). This is attempt 221: this message will repeat every 5th retry.
W0108 19:01:51.959314 30482 consensus_peers.cc:473] T fdf8e522824640c3ab9385967c93743a P 53135810f2d84759ac110009de750c3d -> Peer c6ad452ff3b64d949298a50527e1fbb0 (127.24.33.65:55934): Couldn't send request to peer c6ad452ff3b64d949298a50527e1fbb0. Status: Network error: Client connection negotiation failed: client connection to 127.24.33.65:55934: connect: Connection refused (error 111). This is attempt 216: this message will repeat every 5th retry.
W0108 19:01:53.034970 25049 consensus_peers.cc:473] T 50603d14716f4c4bb514a91e103fbf64 P 61b86269d42a403f94c0a049429fa247 -> Peer c6ad452ff3b64d949298a50527e1fbb0 (127.24.33.65:55934): Couldn't send request to peer c6ad452ff3b64d949298a50527e1fbb0. Status: Network error: Client connection negotiation failed: client connection to 127.24.33.65:55934: connect: Connection refused (error 111). This is attempt 221: this message will repeat every 5th retry.
W0108 19:01:53.358144 25049 consensus_peers.cc:473] T dbe8c3d61048482fb282021487b845a6 P 61b86269d42a403f94c0a049429fa247 -> Peer c6ad452ff3b64d949298a50527e1fbb0 (127.24.33.65:55934): Couldn't send request to peer c6ad452ff3b64d949298a50527e1fbb0. Status: Network error: Client connection negotiation failed: client connection to 127.24.33.65:55934: connect: Connection refused (error 111). This is attempt 226: this message will repeat every 5th retry.
W0108 19:01:54.562652 30482 consensus_peers.cc:473] T fdf8e522824640c3ab9385967c93743a P 53135810f2d84759ac110009de750c3d -> Peer c6ad452ff3b64d949298a50527e1fbb0 (127.24.33.65:55934): Couldn't send request to peer c6ad452ff3b64d949298a50527e1fbb0. Status: Network error: Client connection negotiation failed: client connection to 127.24.33.65:55934: connect: Connection refused (error 111). This is attempt 221: this message will repeat every 5th retry.
W0108 19:01:55.339334 25049 consensus_peers.cc:473] T 50603d14716f4c4bb514a91e103fbf64 P 61b86269d42a403f94c0a049429fa247 -> Peer c6ad452ff3b64d949298a50527e1fbb0 (127.24.33.65:55934): Couldn't send request to peer c6ad452ff3b64d949298a50527e1fbb0. Status: Network error: Client connection negotiation failed: client connection to 127.24.33.65:55934: connect: Connection refused (error 111). This is attempt 226: this message will repeat every 5th retry.
W0108 19:01:55.557989 25049 consensus_peers.cc:473] T dbe8c3d61048482fb282021487b845a6 P 61b86269d42a403f94c0a049429fa247 -> Peer c6ad452ff3b64d949298a50527e1fbb0 (127.24.33.65:55934): Couldn't send request to peer c6ad452ff3b64d949298a50527e1fbb0. Status: Network error: Client connection negotiation failed: client connection to 127.24.33.65:55934: connect: Connection refused (error 111). This is attempt 231: this message will repeat every 5th retry.
W0108 19:01:57.035044 30482 consensus_peers.cc:473] T fdf8e522824640c3ab9385967c93743a P 53135810f2d84759ac110009de750c3d -> Peer c6ad452ff3b64d949298a50527e1fbb0 (127.24.33.65:55934): Couldn't send request to peer c6ad452ff3b64d949298a50527e1fbb0. Status: Network error: Client connection negotiation failed: client connection to 127.24.33.65:55934: connect: Connection refused (error 111). This is attempt 226: this message will repeat every 5th retry.
W0108 19:01:57.942764 25049 consensus_peers.cc:473] T dbe8c3d61048482fb282021487b845a6 P 61b86269d42a403f94c0a049429fa247 -> Peer c6ad452ff3b64d949298a50527e1fbb0 (127.24.33.65:55934): Couldn't send request to peer c6ad452ff3b64d949298a50527e1fbb0. Status: Network error: Client connection negotiation failed: client connection to 127.24.33.65:55934: connect: Connection refused (error 111). This is attempt 236: this message will repeat every 5th retry.
W0108 19:01:57.968931 25049 consensus_peers.cc:473] T 50603d14716f4c4bb514a91e103fbf64 P 61b86269d42a403f94c0a049429fa247 -> Peer c6ad452ff3b64d949298a50527e1fbb0 (127.24.33.65:55934): Couldn't send request to peer c6ad452ff3b64d949298a50527e1fbb0. Status: Network error: Client connection negotiation failed: client connection to 127.24.33.65:55934: connect: Connection refused (error 111). This is attempt 231: this message will repeat every 5th retry.
W0108 19:01:59.485952 30482 consensus_peers.cc:473] T fdf8e522824640c3ab9385967c93743a P 53135810f2d84759ac110009de750c3d -> Peer c6ad452ff3b64d949298a50527e1fbb0 (127.24.33.65:55934): Couldn't send request to peer c6ad452ff3b64d949298a50527e1fbb0. Status: Network error: Client connection negotiation failed: client connection to 127.24.33.65:55934: connect: Connection refused (error 111). This is attempt 231: this message will repeat every 5th retry.
W0108 19:02:00.548833 25049 consensus_peers.cc:473] T dbe8c3d61048482fb282021487b845a6 P 61b86269d42a403f94c0a049429fa247 -> Peer c6ad452ff3b64d949298a50527e1fbb0 (127.24.33.65:55934): Couldn't send request to peer c6ad452ff3b64d949298a50527e1fbb0. Status: Network error: Client connection negotiation failed: client connection to 127.24.33.65:55934: connect: Connection refused (error 111). This is attempt 241: this message will repeat every 5th retry.
W0108 19:02:00.937486 25049 consensus_peers.cc:473] T 50603d14716f4c4bb514a91e103fbf64 P 61b86269d42a403f94c0a049429fa247 -> Peer c6ad452ff3b64d949298a50527e1fbb0 (127.24.33.65:55934): Couldn't send request to peer c6ad452ff3b64d949298a50527e1fbb0. Status: Network error: Client connection negotiation failed: client connection to 127.24.33.65:55934: connect: Connection refused (error 111). This is attempt 236: this message will repeat every 5th retry.
W0108 19:02:01.851198 30482 consensus_peers.cc:473] T fdf8e522824640c3ab9385967c93743a P 53135810f2d84759ac110009de750c3d -> Peer c6ad452ff3b64d949298a50527e1fbb0 (127.24.33.65:55934): Couldn't send request to peer c6ad452ff3b64d949298a50527e1fbb0. Status: Network error: Client connection negotiation failed: client connection to 127.24.33.65:55934: connect: Connection refused (error 111). This is attempt 236: this message will repeat every 5th retry.
W0108 19:02:03.033131 25049 consensus_peers.cc:473] T dbe8c3d61048482fb282021487b845a6 P 61b86269d42a403f94c0a049429fa247 -> Peer c6ad452ff3b64d949298a50527e1fbb0 (127.24.33.65:55934): Couldn't send request to peer c6ad452ff3b64d949298a50527e1fbb0. Status: Network error: Client connection negotiation failed: client connection to 127.24.33.65:55934: connect: Connection refused (error 111). This is attempt 246: this message will repeat every 5th retry.
W0108 19:02:03.644703 25049 consensus_peers.cc:473] T 50603d14716f4c4bb514a91e103fbf64 P 61b86269d42a403f94c0a049429fa247 -> Peer c6ad452ff3b64d949298a50527e1fbb0 (127.24.33.65:55934): Couldn't send request to peer c6ad452ff3b64d949298a50527e1fbb0. Status: Network error: Client connection negotiation failed: client connection to 127.24.33.65:55934: connect: Connection refused (error 111). This is attempt 241: this message will repeat every 5th retry.
W0108 19:02:04.350291 30482 consensus_peers.cc:473] T fdf8e522824640c3ab9385967c93743a P 53135810f2d84759ac110009de750c3d -> Peer c6ad452ff3b64d949298a50527e1fbb0 (127.24.33.65:55934): Couldn't send request to peer c6ad452ff3b64d949298a50527e1fbb0. Status: Network error: Client connection negotiation failed: client connection to 127.24.33.65:55934: connect: Connection refused (error 111). This is attempt 241: this message will repeat every 5th retry.
W0108 19:02:05.385139 25049 consensus_peers.cc:473] T dbe8c3d61048482fb282021487b845a6 P 61b86269d42a403f94c0a049429fa247 -> Peer c6ad452ff3b64d949298a50527e1fbb0 (127.24.33.65:55934): Couldn't send request to peer c6ad452ff3b64d949298a50527e1fbb0. Status: Network error: Client connection negotiation failed: client connection to 127.24.33.65:55934: connect: Connection refused (error 111). This is attempt 251: this message will repeat every 5th retry.
W0108 19:02:06.138155 25049 consensus_peers.cc:473] T 50603d14716f4c4bb514a91e103fbf64 P 61b86269d42a403f94c0a049429fa247 -> Peer c6ad452ff3b64d949298a50527e1fbb0 (127.24.33.65:55934): Couldn't send request to peer c6ad452ff3b64d949298a50527e1fbb0. Status: Network error: Client connection negotiation failed: client connection to 127.24.33.65:55934: connect: Connection refused (error 111). This is attempt 246: this message will repeat every 5th retry.
W0108 19:02:06.570559 30482 consensus_peers.cc:473] T fdf8e522824640c3ab9385967c93743a P 53135810f2d84759ac110009de750c3d -> Peer c6ad452ff3b64d949298a50527e1fbb0 (127.24.33.65:55934): Couldn't send request to peer c6ad452ff3b64d949298a50527e1fbb0. Status: Network error: Client connection negotiation failed: client connection to 127.24.33.65:55934: connect: Connection refused (error 111). This is attempt 246: this message will repeat every 5th retry.
W0108 19:02:07.685488 25049 consensus_peers.cc:473] T dbe8c3d61048482fb282021487b845a6 P 61b86269d42a403f94c0a049429fa247 -> Peer c6ad452ff3b64d949298a50527e1fbb0 (127.24.33.65:55934): Couldn't send request to peer c6ad452ff3b64d949298a50527e1fbb0. Status: Network error: Client connection negotiation failed: client connection to 127.24.33.65:55934: connect: Connection refused (error 111). This is attempt 256: this message will repeat every 5th retry.
W0108 19:02:08.724711 25049 consensus_peers.cc:473] T 50603d14716f4c4bb514a91e103fbf64 P 61b86269d42a403f94c0a049429fa247 -> Peer c6ad452ff3b64d949298a50527e1fbb0 (127.24.33.65:55934): Couldn't send request to peer c6ad452ff3b64d949298a50527e1fbb0. Status: Network error: Client connection negotiation failed: client connection to 127.24.33.65:55934: connect: Connection refused (error 111). This is attempt 251: this message will repeat every 5th retry.
W0108 19:02:08.833091 30482 consensus_peers.cc:473] T fdf8e522824640c3ab9385967c93743a P 53135810f2d84759ac110009de750c3d -> Peer c6ad452ff3b64d949298a50527e1fbb0 (127.24.33.65:55934): Couldn't send request to peer c6ad452ff3b64d949298a50527e1fbb0. Status: Network error: Client connection negotiation failed: client connection to 127.24.33.65:55934: connect: Connection refused (error 111). This is attempt 251: this message will repeat every 5th retry.
W0108 19:02:10.005925 25049 consensus_peers.cc:473] T dbe8c3d61048482fb282021487b845a6 P 61b86269d42a403f94c0a049429fa247 -> Peer c6ad452ff3b64d949298a50527e1fbb0 (127.24.33.65:55934): Couldn't send request to peer c6ad452ff3b64d949298a50527e1fbb0. Status: Network error: Client connection negotiation failed: client connection to 127.24.33.65:55934: connect: Connection refused (error 111). This is attempt 261: this message will repeat every 5th retry.
W0108 19:02:11.460074 30482 consensus_peers.cc:473] T fdf8e522824640c3ab9385967c93743a P 53135810f2d84759ac110009de750c3d -> Peer c6ad452ff3b64d949298a50527e1fbb0 (127.24.33.65:55934): Couldn't send request to peer c6ad452ff3b64d949298a50527e1fbb0. Status: Network error: Client connection negotiation failed: client connection to 127.24.33.65:55934: connect: Connection refused (error 111). This is attempt 256: this message will repeat every 5th retry.
W0108 19:02:11.464588 25049 consensus_peers.cc:473] T 50603d14716f4c4bb514a91e103fbf64 P 61b86269d42a403f94c0a049429fa247 -> Peer c6ad452ff3b64d949298a50527e1fbb0 (127.24.33.65:55934): Couldn't send request to peer c6ad452ff3b64d949298a50527e1fbb0. Status: Network error: Client connection negotiation failed: client connection to 127.24.33.65:55934: connect: Connection refused (error 111). This is attempt 256: this message will repeat every 5th retry.
W0108 19:02:12.380517 25049 consensus_peers.cc:473] T dbe8c3d61048482fb282021487b845a6 P 61b86269d42a403f94c0a049429fa247 -> Peer c6ad452ff3b64d949298a50527e1fbb0 (127.24.33.65:55934): Couldn't send request to peer c6ad452ff3b64d949298a50527e1fbb0. Status: Network error: Client connection negotiation failed: client connection to 127.24.33.65:55934: connect: Connection refused (error 111). This is attempt 266: this message will repeat every 5th retry.
W0108 19:02:13.708166 30482 consensus_peers.cc:473] T fdf8e522824640c3ab9385967c93743a P 53135810f2d84759ac110009de750c3d -> Peer c6ad452ff3b64d949298a50527e1fbb0 (127.24.33.65:55934): Couldn't send request to peer c6ad452ff3b64d949298a50527e1fbb0. Status: Network error: Client connection negotiation failed: client connection to 127.24.33.65:55934: connect: Connection refused (error 111). This is attempt 261: this message will repeat every 5th retry.
W0108 19:02:13.990344 25049 consensus_peers.cc:473] T 50603d14716f4c4bb514a91e103fbf64 P 61b86269d42a403f94c0a049429fa247 -> Peer c6ad452ff3b64d949298a50527e1fbb0 (127.24.33.65:55934): Couldn't send request to peer c6ad452ff3b64d949298a50527e1fbb0. Status: Network error: Client connection negotiation failed: client connection to 127.24.33.65:55934: connect: Connection refused (error 111). This is attempt 261: this message will repeat every 5th retry.
W0108 19:02:14.929442 25049 consensus_peers.cc:473] T dbe8c3d61048482fb282021487b845a6 P 61b86269d42a403f94c0a049429fa247 -> Peer c6ad452ff3b64d949298a50527e1fbb0 (127.24.33.65:55934): Couldn't send request to peer c6ad452ff3b64d949298a50527e1fbb0. Status: Network error: Client connection negotiation failed: client connection to 127.24.33.65:55934: connect: Connection refused (error 111). This is attempt 271: this message will repeat every 5th retry.
I0108 19:02:16.100653 24709 linked_list-test-util.h:876] Done collecting results (19548500 rows in 34667ms)
W0108 19:02:16.269068 30482 consensus_peers.cc:473] T fdf8e522824640c3ab9385967c93743a P 53135810f2d84759ac110009de750c3d -> Peer c6ad452ff3b64d949298a50527e1fbb0 (127.24.33.65:55934): Couldn't send request to peer c6ad452ff3b64d949298a50527e1fbb0. Status: Network error: Client connection negotiation failed: client connection to 127.24.33.65:55934: connect: Connection refused (error 111). This is attempt 266: this message will repeat every 5th retry.
W0108 19:02:16.572721 25049 consensus_peers.cc:473] T 50603d14716f4c4bb514a91e103fbf64 P 61b86269d42a403f94c0a049429fa247 -> Peer c6ad452ff3b64d949298a50527e1fbb0 (127.24.33.65:55934): Couldn't send request to peer c6ad452ff3b64d949298a50527e1fbb0. Status: Network error: Client connection negotiation failed: client connection to 127.24.33.65:55934: connect: Connection refused (error 111). This is attempt 266: this message will repeat every 5th retry.
W0108 19:02:17.524406 25049 consensus_peers.cc:473] T dbe8c3d61048482fb282021487b845a6 P 61b86269d42a403f94c0a049429fa247 -> Peer c6ad452ff3b64d949298a50527e1fbb0 (127.24.33.65:55934): Couldn't send request to peer c6ad452ff3b64d949298a50527e1fbb0. Status: Network error: Client connection negotiation failed: client connection to 127.24.33.65:55934: connect: Connection refused (error 111). This is attempt 276: this message will repeat every 5th retry.
I0108 19:02:18.514427 24709 linked_list-test-util.h:667] Snapshot: NOW verified. Result: OK
I0108 19:02:18.514505 24709 linked_list-test-util.h:801] Successfully verified 19548500 rows
I0108 19:02:18.514526 24709 linked_list-test.cc:215] Done with tserver kill test.
I0108 19:02:18.517760 24709 external_mini_cluster.cc:1241] Killing /data/somelongdirectorytoavoidrpathissues/src/kudu/build/release/bin/kudu-tserver with pid 30468
W0108 19:02:18.554821 25050 connection.cc:655] client connection to 127.24.33.66:33490 recv error: Network error: recv error from 0.0.0.0:0: Transport endpoint is not connected (error 107)
I0108 19:02:18.554834 24709 external_mini_cluster.cc:1241] Killing /data/somelongdirectorytoavoidrpathissues/src/kudu/build/release/bin/kudu-tserver with pid 25040
W0108 19:02:18.554857 25050 consensus_peers.cc:473] T 50603d14716f4c4bb514a91e103fbf64 P 61b86269d42a403f94c0a049429fa247 -> Peer 53135810f2d84759ac110009de750c3d (127.24.33.66:33490): Couldn't send request to peer 53135810f2d84759ac110009de750c3d. Status: Network error: recv error from 0.0.0.0:0: Transport endpoint is not connected (error 107). This is attempt 1: this message will repeat every 5th retry.
I0108 19:02:18.593457 24709 external_mini_cluster.cc:1043] Running /data/somelongdirectorytoavoidrpathissues/src/kudu/build/release/bin/kudu-tserver /data/somelongdirectorytoavoidrpathissues/src/kudu/build/release/bin/kudu-tserver --fs_wal_dir=/data/somelongdirectorytoavoidrpathissues/src/kudutest/linked_list-test.LinkedListTest.TestLoadAndVerify.1578537560432831-24709/linked-list-cluster/ts-0/wal --fs_data_dirs=/data/somelongdirectorytoavoidrpathissues/src/kudutest/linked_list-test.LinkedListTest.TestLoadAndVerify.1578537560432831-24709/linked-list-cluster/ts-0/data --block_manager=log --rpc_bind_addresses=127.24.33.65:55934 --local_ip_for_outbound_sockets=127.24.33.65 --webserver_port=35659 --webserver_interface=127.24.33.65 --tserver_master_addrs=127.24.33.126:55767 --never_fsync --ipki_server_key_size=1024 --enable_minidumps=false --redact=none --metrics_log_interval_ms=1000 --logtostderr --logbuflevel=-1 --log_dir=/data/somelongdirectorytoavoidrpathissues/src/kudutest/linked_list-test.LinkedListTest.TestLoadAndVerify.1578537560432831-24709/linked-list-cluster/ts-0/logs --server_dump_info_path=/data/somelongdirectorytoavoidrpathissues/src/kudutest/linked_list-test.LinkedListTest.TestLoadAndVerify.1578537560432831-24709/linked-list-cluster/ts-0/data/info.pb --server_dump_info_format=pb --rpc_server_allow_ephemeral_ports --unlock_experimental_flags --unlock_unsafe_flags --builtin_ntp_servers=127.24.33.84:49727 --builtin_ntp_poll_interval_ms=100 --ntp_initial_sync_wait_secs=10 --time_source=builtin --skip_remove_old_recovery_dir --tablet_history_max_age_sec=86400 with env {} WARNING: Logging before InitGoogleLogging() is written to STDERR
W0108 19:02:18.605458 31129 flags.cc:404] Enabled unsafe flag: --rpc_server_allow_ephemeral_ports=true
W0108 19:02:18.605562 31129 flags.cc:404] Enabled unsafe flag: --never_fsync=true
W0108 19:02:18.606353 31129 flags.cc:404] Enabled experimental flag: --ipki_server_key_size=1024
W0108 19:02:18.606377 31129 flags.cc:404] Enabled experimental flag: --local_ip_for_outbound_sockets=127.24.33.65
I0108 19:02:18.607363 31129 tablet_server_main.cc:76] Tablet server non-default flags: --builtin_ntp_poll_interval_ms=100 --builtin_ntp_servers=127.24.33.84:49727 --ntp_initial_sync_wait_secs=10 --time_source=builtin --skip_remove_old_recovery_dir=true --fs_data_dirs=/data/somelongdirectorytoavoidrpathissues/src/kudutest/linked_list-test.LinkedListTest.TestLoadAndVerify.1578537560432831-24709/linked-list-cluster/ts-0/data --fs_wal_dir=/data/somelongdirectorytoavoidrpathissues/src/kudutest/linked_list-test.LinkedListTest.TestLoadAndVerify.1578537560432831-24709/linked-list-cluster/ts-0/wal --ipki_server_key_size=1024 --rpc_bind_addresses=127.24.33.65:55934 --rpc_server_allow_ephemeral_ports=true --metrics_log_interval_ms=1000 --server_dump_info_format=pb --server_dump_info_path=/data/somelongdirectorytoavoidrpathissues/src/kudutest/linked_list-test.LinkedListTest.TestLoadAndVerify.1578537560432831-24709/linked-list-cluster/ts-0/data/info.pb --webserver_interface=127.24.33.65 --webserver_port=35659 --tablet_history_max_age_sec=86400 --tserver_master_addrs=127.24.33.126:55767 --never_fsync=true --heap_profile_path=/tmp/kudu-tserver.31129 --redact=none --unlock_experimental_flags=true --unlock_unsafe_flags=true --enable_minidumps=false --local_ip_for_outbound_sockets=127.24.33.65 --log_dir=/data/somelongdirectorytoavoidrpathissues/src/kudutest/linked_list-test.LinkedListTest.TestLoadAndVerify.1578537560432831-24709/linked-list-cluster/ts-0/logs --logbuflevel=-1 --logtostderr=true Tablet server version: kudu 1.12.0-SNAPSHOT revision 4dca6b02a5e7b2e589646e79bc6e509f27c13c3d build type RELEASE built by jenkins at 08 Jan 2020 18:26:25 PST on quasar-luegrb-1.vpc.cloudera.com
I0108 19:02:18.609525 31129 hybrid_clock.cc:168] waiting up to --ntp_initial_sync_wait_secs=10 seconds for the clock to synchronize
I0108 19:02:18.610664 31129 hybrid_clock.cc:186] HybridClock initialized: now 1578538938610651 us; error 21 us; skew 500 ppm
I0108 19:02:18.610734 31129 fs_manager.cc:263] Metadata directory not provided
I0108 19:02:18.610752 31129 fs_manager.cc:269] Using write-ahead log directory (fs_wal_dir) as metadata directory
I0108 19:02:18.612933 31129 fs_manager.cc:414] Time spent opening directory manager: real 0.002s user 0.000s sys 0.002s
I0108 19:02:18.613061 31129 env_posix.cc:1682] Not raising this process' open files per process limit of 32768; it is already as high as it can go
I0108 19:02:18.613108 31129 file_cache.cc:465] Constructed file cache lbm with capacity 13106
I0108 19:02:18.615173 31129 fs_manager.cc:434] Time spent opening block manager: real 0.001s user 0.000s sys 0.001s
I0108 19:02:18.615366 31129 fs_manager.cc:451] Opened local filesystem: /data/somelongdirectorytoavoidrpathissues/src/kudutest/linked_list-test.LinkedListTest.TestLoadAndVerify.1578537560432831-24709/linked-list-cluster/ts-0/data,/data/somelongdirectorytoavoidrpathissues/src/kudutest/linked_list-test.LinkedListTest.TestLoadAndVerify.1578537560432831-24709/linked-list-cluster/ts-0/wal uuid: "c6ad452ff3b64d949298a50527e1fbb0" format_stamp: "Formatted at 2020-01-09 02:39:20 on quasar-luegrb-1.vpc.cloudera.com"
I0108 19:02:18.615397 31129 fs_report.cc:352] FS layout report -------------------- wal directory: /data/somelongdirectorytoavoidrpathissues/src/kudutest/linked_list-test.LinkedListTest.TestLoadAndVerify.1578537560432831-24709/linked-list-cluster/ts-0/wal metadata directory: /data/somelongdirectorytoavoidrpathissues/src/kudutest/linked_list-test.LinkedListTest.TestLoadAndVerify.1578537560432831-24709/linked-list-cluster/ts-0/wal 1 data directories: /data/somelongdirectorytoavoidrpathissues/src/kudutest/linked_list-test.LinkedListTest.TestLoadAndVerify.1578537560432831-24709/linked-list-cluster/ts-0/data/data Total live blocks: 66 Total live bytes: 770766661 Total live bytes (after alignment): 770920448 Total number of LBM containers: 7 (0 full) Did not check for missing blocks Did not check for orphaned blocks Total full LBM containers with extra space: 0 (0 repaired) Total full LBM container extra space in bytes: 0 (0 repaired) Total incomplete LBM containers: 0 (0 repaired) Total LBM partial records: 0 (0 repaired)
I0108 19:02:18.646083 31129 env_posix.cc:1677] Raising this process' running threads per effective uid limit from 32768 to 65536
I0108 19:02:18.646298 31129 ts_tablet_manager.cc:383] Loading tablet metadata (0/3 complete)
I0108 19:02:18.647094 31129 ts_tablet_manager.cc:395] Loaded tablet metadata (3 total tablets, 3 live tablets)
I0108 19:02:18.647110 31129 ts_tablet_manager.cc:401] Registering tablets (0/3 complete)
I0108 19:02:18.647416 31151 tablet_bootstrap.cc:439] T 50603d14716f4c4bb514a91e103fbf64 P c6ad452ff3b64d949298a50527e1fbb0: Bootstrap starting.
I0108 19:02:18.647642 31129 ts_tablet_manager.cc:415] Registered 3 tablets
I0108 19:02:18.652653 31129 rpc_server.cc:211] RPC server started. Bound to: 127.24.33.65:55934
E0108 19:02:18.652782 31129 webserver.cc:443] Webserver: set_ports_option: cannot bind to 127.24.33.65:35659: 98 (Address already in use)
W0108 19:02:18.652804 31129 net_util.cc:463] Trying to use lsof to find any processes listening on 0.0.0.0:35659
I0108 19:02:18.652807 31129 net_util.cc:466] $ export PATH=$PATH:/usr/sbin ; lsof -n -i 'TCP:35659' -sTCP:LISTEN ; for pid in $(lsof -F p -n -i 'TCP:35659' -sTCP:LISTEN | grep p | cut -f 2 -dp) ; do while [ $pid -gt 1 ] ; do ps h -fp $pid ; stat=($(