I0108 18:48:55.335150 25056 maintenance_manager.cc:527] P 61b86269d42a403f94c0a049429fa247: UndoDeltaBlockGCOp(50603d14716f4c4bb514a91e103fbf64) complete. Timing: real 0.000s user 0.000s sys 0.000s Metrics: {"cfile_init":5,"lbm_read_time_us":29,"lbm_reads_lt_1ms":20}
I0108 18:48:56.030304 24932 maintenance_manager.cc:527] P 53135810f2d84759ac110009de750c3d: CompactRowSetsOp(dbe8c3d61048482fb282021487b845a6) complete. Timing: real 9.596s user 2.769s sys 0.247s Metrics: {"bytes_written":38756672,"cfile_cache_hit":103,"cfile_cache_hit_bytes":13749639,"cfile_cache_miss":5051,"cfile_cache_miss_bytes":143565905,"cfile_init":10,"delta_iterators_relevant":6,"dirs.queue_time_us":458,"dirs.run_cpu_time_us":333,"dirs.run_wall_time_us":115500,"drs_written":2,"lbm_read_time_us":1067265,"lbm_reads_1-10_ms":68,"lbm_reads_10-100_ms":24,"lbm_reads_lt_1ms":4999,"lbm_write_time_us":377728,"lbm_writes_1-10_ms":69,"lbm_writes_10-100_ms":2,"lbm_writes_lt_1ms":3809,"num_input_rowsets":2,"rows_written":2183999,"spinlock_wait_cycles":22036352,"thread_start_us":488,"threads_started":9}
I0108 18:48:56.035423 25038 maintenance_manager.cc:326] P 53135810f2d84759ac110009de750c3d: Scheduling UndoDeltaBlockGCOp(50603d14716f4c4bb514a91e103fbf64): 170657080 bytes on disk
I0108 18:48:56.790489 24932 maintenance_manager.cc:527] P 53135810f2d84759ac110009de750c3d: UndoDeltaBlockGCOp(50603d14716f4c4bb514a91e103fbf64) complete. Timing: real 0.755s user 0.000s sys 0.001s Metrics: {"cfile_init":5,"lbm_read_time_us":754681,"lbm_reads_10-100_ms":6,"lbm_reads_gt_100_ms":4,"lbm_reads_lt_1ms":10}
I0108 18:48:56.790611 25038 maintenance_manager.cc:326] P 53135810f2d84759ac110009de750c3d: Scheduling UndoDeltaBlockGCOp(dbe8c3d61048482fb282021487b845a6): 46205384 bytes on disk
I0108 18:48:56.877665 24932 maintenance_manager.cc:527] P 53135810f2d84759ac110009de750c3d: UndoDeltaBlockGCOp(dbe8c3d61048482fb282021487b845a6) complete. Timing: real 0.087s user 0.000s sys 0.000s Metrics: {"cfile_init":2,"lbm_read_time_us":86867,"lbm_reads_10-100_ms":4,"lbm_reads_lt_1ms":4}
I0108 18:48:56.877797 25038 maintenance_manager.cc:326] P 53135810f2d84759ac110009de750c3d: Scheduling FlushMRSOp(fdf8e522824640c3ab9385967c93743a): perf score=0.036947
W0108 18:48:57.265548 28160 lock_manager.cc:368] Waited 1 seconds to obtain row lock on key \xc7\xf8\x1f\x1e\x20\xbb\x00\x05 cur holder: 0x5d67180
I0108 18:48:57.813882 28140 rpcz_store.cc:269] Call kudu.tserver.TabletServerService.Write from 127.24.33.67:45792 (ReqId={client: 20060d3408dd4d3a8f0e19885a75dabd, seq_no=788079, attempt_no=0}) took 2453ms. Request Metrics: {"child_traces":[["txn",{"apply.queue_time_us":2452725,"cfile_cache_hit":8,"cfile_cache_hit_bytes":44340,"num_ops":7,"prepare.queue_time_us":9,"prepare.run_cpu_time_us":56,"prepare.run_wall_time_us":56,"raft.queue_time_us":58,"raft.run_cpu_time_us":43,"raft.run_wall_time_us":44,"replication_time_us":614,"spinlock_wait_cycles":11008,"thread_start_us":32,"threads_started":1}]]}
I0108 18:48:57.824700 28127 rpcz_store.cc:269] Call kudu.tserver.TabletServerService.Write from 127.24.33.67:45792 (ReqId={client: 20060d3408dd4d3a8f0e19885a75dabd, seq_no=788083, attempt_no=0}) took 1562ms. Request Metrics: {"child_traces":[["txn",{"apply.queue_time_us":1560527,"cfile_cache_hit":89,"cfile_cache_hit_bytes":372959,"num_ops":98,"prepare.queue_time_us":72,"prepare.run_cpu_time_us":270,"prepare.run_wall_time_us":450,"raft.queue_time_us":32,"raft.run_cpu_time_us":107,"raft.run_wall_time_us":116,"replication_time_us":741,"spinlock_wait_cycles":130176,"thread_start_us":33,"threads_started":1}]]}
I0108 18:48:57.982199 24807 maintenance_manager.cc:527] P c6ad452ff3b64d949298a50527e1fbb0: CompactRowSetsOp(fdf8e522824640c3ab9385967c93743a) complete. Timing: real 9.166s user 2.574s sys 0.254s Metrics: {"bytes_written":38775349,"cfile_cache_hit":95,"cfile_cache_hit_bytes":12501370,"cfile_cache_miss":5059,"cfile_cache_miss_bytes":144857540,"cfile_init":9,"delta_iterators_relevant":6,"dirs.queue_time_us":638,"dirs.run_cpu_time_us":209,"dirs.run_wall_time_us":75879,"drs_written":2,"lbm_read_time_us":1961519,"lbm_reads_1-10_ms":55,"lbm_reads_10-100_ms":58,"lbm_reads_gt_100_ms":3,"lbm_reads_lt_1ms":4979,"lbm_write_time_us":329865,"lbm_writes_1-10_ms":65,"lbm_writes_10-100_ms":2,"lbm_writes_lt_1ms":3818,"num_input_rowsets":2,"rows_written":2184860,"spinlock_wait_cycles":5494400,"thread_start_us":720,"threads_started":9}
I0108 18:48:57.982409 24913 maintenance_manager.cc:326] P c6ad452ff3b64d949298a50527e1fbb0: Scheduling UndoDeltaBlockGCOp(fdf8e522824640c3ab9385967c93743a): 46209192 bytes on disk
I0108 18:48:58.059984 24807 maintenance_manager.cc:527] P c6ad452ff3b64d949298a50527e1fbb0: UndoDeltaBlockGCOp(fdf8e522824640c3ab9385967c93743a) complete. Timing: real 0.077s user 0.000s sys 0.000s Metrics: {"cfile_init":2,"lbm_read_time_us":77409,"lbm_reads_1-10_ms":1,"lbm_reads_10-100_ms":1,"lbm_reads_lt_1ms":6}
I0108 18:48:58.060145 24913 maintenance_manager.cc:326] P c6ad452ff3b64d949298a50527e1fbb0: Scheduling FlushMRSOp(dbe8c3d61048482fb282021487b845a6): perf score=0.037136
I0108 18:48:59.512208 24932 maintenance_manager.cc:527] P 53135810f2d84759ac110009de750c3d: FlushMRSOp(fdf8e522824640c3ab9385967c93743a) complete. Timing: real 2.634s user 0.646s sys 0.046s Metrics: {"bytes_written":8351748,"cfile_init":1,"delete_count":0,"dirs.queue_time_us":99,"dirs.run_cpu_time_us":94,"dirs.run_wall_time_us":38552,"drs_written":1,"lbm_read_time_us":8,"lbm_reads_lt_1ms":4,"lbm_write_time_us":1228904,"lbm_writes_1-10_ms":27,"lbm_writes_10-100_ms":39,"lbm_writes_lt_1ms":793,"reinsert_count":0,"rows_written":475226,"spinlock_wait_cycles":5120,"thread_start_us":62,"threads_started":1,"update_count":9}
I0108 18:48:59.512341 25038 maintenance_manager.cc:326] P 53135810f2d84759ac110009de750c3d: Scheduling LogGCOp(fdf8e522824640c3ab9385967c93743a): free 41961238 bytes of WAL
I0108 18:48:59.512432 24932 log_reader.cc:379] T fdf8e522824640c3ab9385967c93743a: removed 5 log segments from log reader
I0108 18:48:59.512485 24932 log.cc:1062] T fdf8e522824640c3ab9385967c93743a P 53135810f2d84759ac110009de750c3d: Deleting log segment in path: /data/somelongdirectorytoavoidrpathissues/src/kudutest/linked_list-test.LinkedListTest.TestLoadAndVerify.1578537560432831-24709/linked-list-cluster/ts-1/wal/wals/fdf8e522824640c3ab9385967c93743a/wal-000000017 (ops 198385-210762)
I0108 18:48:59.512562 24932 log.cc:1062] T fdf8e522824640c3ab9385967c93743a P 53135810f2d84759ac110009de750c3d: Deleting log segment in path: /data/somelongdirectorytoavoidrpathissues/src/kudutest/linked_list-test.LinkedListTest.TestLoadAndVerify.1578537560432831-24709/linked-list-cluster/ts-1/wal/wals/fdf8e522824640c3ab9385967c93743a/wal-000000018 (ops 210763-223154)
I0108 18:48:59.512622 24932 log.cc:1062] T fdf8e522824640c3ab9385967c93743a P 53135810f2d84759ac110009de750c3d: Deleting log segment in path: /data/somelongdirectorytoavoidrpathissues/src/kudutest/linked_list-test.LinkedListTest.TestLoadAndVerify.1578537560432831-24709/linked-list-cluster/ts-1/wal/wals/fdf8e522824640c3ab9385967c93743a/wal-000000019 (ops 223155-235523)
I0108 18:48:59.512722 24932 log.cc:1062] T fdf8e522824640c3ab9385967c93743a P 53135810f2d84759ac110009de750c3d: Deleting log segment in path: /data/somelongdirectorytoavoidrpathissues/src/kudutest/linked_list-test.LinkedListTest.TestLoadAndVerify.1578537560432831-24709/linked-list-cluster/ts-1/wal/wals/fdf8e522824640c3ab9385967c93743a/wal-000000020 (ops 235524-247903)
I0108 18:48:59.512802 24932 log.cc:1062] T fdf8e522824640c3ab9385967c93743a P 53135810f2d84759ac110009de750c3d: Deleting log segment in path: /data/somelongdirectorytoavoidrpathissues/src/kudutest/linked_list-test.LinkedListTest.TestLoadAndVerify.1578537560432831-24709/linked-list-cluster/ts-1/wal/wals/fdf8e522824640c3ab9385967c93743a/wal-000000021 (ops 247904-260321)
I0108 18:48:59.538730 24932 maintenance_manager.cc:527] P 53135810f2d84759ac110009de750c3d: LogGCOp(fdf8e522824640c3ab9385967c93743a) complete. Timing: real 0.026s user 0.000s sys 0.013s Metrics: {}
I0108 18:48:59.538877 25038 maintenance_manager.cc:326] P 53135810f2d84759ac110009de750c3d: Scheduling UndoDeltaBlockGCOp(fdf8e522824640c3ab9385967c93743a): 9444510 bytes on disk
I0108 18:48:59.539007 24932 maintenance_manager.cc:527] P 53135810f2d84759ac110009de750c3d: UndoDeltaBlockGCOp(fdf8e522824640c3ab9385967c93743a) complete. Timing: real 0.000s user 0.000s sys 0.000s Metrics: {"cfile_init":1,"lbm_read_time_us":20,"lbm_reads_lt_1ms":4}
I0108 18:48:59.539115 25038 maintenance_manager.cc:326] P 53135810f2d84759ac110009de750c3d: Scheduling CompactRowSetsOp(fdf8e522824640c3ab9385967c93743a): perf score=1.001226
I0108 18:48:59.714229 24807 maintenance_manager.cc:527] P c6ad452ff3b64d949298a50527e1fbb0: FlushMRSOp(dbe8c3d61048482fb282021487b845a6) complete. Timing: real 1.654s user 0.616s sys 0.043s Metrics: {"bytes_written":8303269,"cfile_init":1,"delete_count":0,"dirs.queue_time_us":16596,"dirs.run_cpu_time_us":90,"dirs.run_wall_time_us":11874,"drs_written":1,"lbm_read_time_us":7,"lbm_reads_lt_1ms":4,"lbm_write_time_us":280383,"lbm_writes_1-10_ms":16,"lbm_writes_10-100_ms":4,"lbm_writes_lt_1ms":834,"reinsert_count":0,"rows_written":472141,"thread_start_us":31,"threads_started":1,"update_count":154}
I0108 18:48:59.714351 24913 maintenance_manager.cc:326] P c6ad452ff3b64d949298a50527e1fbb0: Scheduling LogGCOp(dbe8c3d61048482fb282021487b845a6): free 42115862 bytes of WAL
I0108 18:48:59.714428 24807 log_reader.cc:379] T dbe8c3d61048482fb282021487b845a6: removed 5 log segments from log reader
I0108 18:48:59.714443 24807 log.cc:1062] T dbe8c3d61048482fb282021487b845a6 P c6ad452ff3b64d949298a50527e1fbb0: Deleting log segment in path: /data/somelongdirectorytoavoidrpathissues/src/kudutest/linked_list-test.LinkedListTest.TestLoadAndVerify.1578537560432831-24709/linked-list-cluster/ts-0/wal/wals/dbe8c3d61048482fb282021487b845a6/wal-000000017 (ops 198483-210915)
I0108 18:48:59.714478 24807 log.cc:1062] T dbe8c3d61048482fb282021487b845a6 P c6ad452ff3b64d949298a50527e1fbb0: Deleting log segment in path: /data/somelongdirectorytoavoidrpathissues/src/kudutest/linked_list-test.LinkedListTest.TestLoadAndVerify.1578537560432831-24709/linked-list-cluster/ts-0/wal/wals/dbe8c3d61048482fb282021487b845a6/wal-000000018 (ops 210916-223319)
I0108 18:48:59.714511 24807 log.cc:1062] T dbe8c3d61048482fb282021487b845a6 P c6ad452ff3b64d949298a50527e1fbb0: Deleting log segment in path: /data/somelongdirectorytoavoidrpathissues/src/kudutest/linked_list-test.LinkedListTest.TestLoadAndVerify.1578537560432831-24709/linked-list-cluster/ts-0/wal/wals/dbe8c3d61048482fb282021487b845a6/wal-000000019 (ops 223320-235726)
I0108 18:48:59.714531 24807 log.cc:1062] T dbe8c3d61048482fb282021487b845a6 P c6ad452ff3b64d949298a50527e1fbb0: Deleting log segment in path: /data/somelongdirectorytoavoidrpathissues/src/kudutest/linked_list-test.LinkedListTest.TestLoadAndVerify.1578537560432831-24709/linked-list-cluster/ts-0/wal/wals/dbe8c3d61048482fb282021487b845a6/wal-000000020 (ops 235727-248337)
I0108 18:48:59.714637 24807 log.cc:1062] T dbe8c3d61048482fb282021487b845a6 P c6ad452ff3b64d949298a50527e1fbb0: Deleting log segment in path: /data/somelongdirectorytoavoidrpathissues/src/kudutest/linked_list-test.LinkedListTest.TestLoadAndVerify.1578537560432831-24709/linked-list-cluster/ts-0/wal/wals/dbe8c3d61048482fb282021487b845a6/wal-000000021 (ops 248338-260725)
I0108 18:48:59.734761 24807 maintenance_manager.cc:527] P c6ad452ff3b64d949298a50527e1fbb0: LogGCOp(dbe8c3d61048482fb282021487b845a6) complete. Timing: real 0.020s user 0.003s sys 0.010s Metrics: {}
I0108 18:48:59.734915 24913 maintenance_manager.cc:326] P c6ad452ff3b64d949298a50527e1fbb0: Scheduling CompactRowSetsOp(dbe8c3d61048482fb282021487b845a6): perf score=1.001253 ------------------------------------------------------------ Histogram for latency of insert operations (microseconds) Note: each insert is a batch of 50 rows. ------------------------------------------------------------ Count: 270000 Mean: 2024.71 Percentiles: 0% (min) = 804 25% = 1487 50% (med) = 1685 75% = 1967 95% = 2792 99% = 8164 99.9% = 48352 99.99% = 86784 100% (max) = 2453906 *NOTE: some values were greater than highest trackable value
I0108 18:49:08.013906 24709 linked_list-test-util.h:519] Written 13500000 rows in chain
I0108 18:49:09.136937 24932 maintenance_manager.cc:527] P 53135810f2d84759ac110009de750c3d: CompactRowSetsOp(fdf8e522824640c3ab9385967c93743a) complete. Timing: real 9.598s user 2.909s sys 0.331s Metrics: {"bytes_written":39320709,"cfile_cache_hit":101,"cfile_cache_hit_bytes":13378186,"cfile_cache_miss":5129,"cfile_cache_miss_bytes":146318976,"cfile_init":9,"delta_iterators_relevant":6,"dirs.queue_time_us":2381,"dirs.run_cpu_time_us":258,"dirs.run_wall_time_us":105321,"drs_written":2,"lbm_read_time_us":1285019,"lbm_reads_1-10_ms":66,"lbm_reads_10-100_ms":28,"lbm_reads_gt_100_ms":1,"lbm_reads_lt_1ms":5070,"lbm_write_time_us":347749,"lbm_writes_1-10_ms":30,"lbm_writes_10-100_ms":2,"lbm_writes_lt_1ms":3908,"num_input_rowsets":2,"rows_written":2216014,"spinlock_wait_cycles":37447680,"thread_start_us":785,"threads_started":10}
I0108 18:49:09.137125 25038 maintenance_manager.cc:326] P 53135810f2d84759ac110009de750c3d: Scheduling UndoDeltaBlockGCOp(fdf8e522824640c3ab9385967c93743a): 46914787 bytes on disk
I0108 18:49:09.141398 24932 maintenance_manager.cc:527] P 53135810f2d84759ac110009de750c3d: UndoDeltaBlockGCOp(fdf8e522824640c3ab9385967c93743a) complete. Timing: real 0.000s user 0.000s sys 0.000s Metrics: {"cfile_init":2,"lbm_read_time_us":16,"lbm_reads_lt_1ms":8}
I0108 18:49:09.243624 24807 maintenance_manager.cc:527] P c6ad452ff3b64d949298a50527e1fbb0: CompactRowSetsOp(dbe8c3d61048482fb282021487b845a6) complete. Timing: real 9.509s user 2.942s sys 0.297s Metrics: {"bytes_written":39345433,"cfile_cache_hit":107,"cfile_cache_hit_bytes":14114371,"cfile_cache_miss":5125,"cfile_cache_miss_bytes":145696393,"cfile_init":10,"delta_iterators_relevant":6,"dirs.queue_time_us":6863,"dirs.run_cpu_time_us":249,"dirs.run_wall_time_us":145778,"drs_written":2,"lbm_read_time_us":1634689,"lbm_reads_1-10_ms":61,"lbm_reads_10-100_ms":36,"lbm_reads_gt_100_ms":2,"lbm_reads_lt_1ms":5066,"lbm_write_time_us":351825,"lbm_writes_1-10_ms":42,"lbm_writes_10-100_ms":3,"lbm_writes_lt_1ms":3897,"num_input_rowsets":2,"rows_written":2217447,"spinlock_wait_cycles":2989952,"thread_start_us":907,"threads_started":10}
I0108 18:49:09.243757 24913 maintenance_manager.cc:326] P c6ad452ff3b64d949298a50527e1fbb0: Scheduling UndoDeltaBlockGCOp(dbe8c3d61048482fb282021487b845a6): 46967499 bytes on disk
I0108 18:49:09.286598 24807 maintenance_manager.cc:527] P c6ad452ff3b64d949298a50527e1fbb0: UndoDeltaBlockGCOp(dbe8c3d61048482fb282021487b845a6) complete. Timing: real 0.043s user 0.000s sys 0.000s Metrics: {"cfile_init":2,"lbm_read_time_us":42658,"lbm_reads_1-10_ms":1,"lbm_reads_10-100_ms":2,"lbm_reads_lt_1ms":5}
I0108 18:49:21.021355 24709 linked_list-test-util.h:528] Sample at HT timestamp: 6465692307533090816 Inserted count: 13799750
I0108 18:49:28.861536 25162 maintenance_manager.cc:326] P 61b86269d42a403f94c0a049429fa247: Scheduling FlushMRSOp(dbe8c3d61048482fb282021487b845a6): perf score=0.033389 ------------------------------------------------------------ Histogram for latency of insert operations (microseconds) Note: each insert is a batch of 50 rows. ------------------------------------------------------------ Count: 280000 Mean: 2026.29 Percentiles: 0% (min) = 804 25% = 1488 50% (med) = 1686 75% = 1967 95% = 2792 99% = 8216 99.9% = 48448 99.99% = 85248 100% (max) = 2453906 *NOTE: some values were greater than highest trackable value
I0108 18:49:30.173285 24709 linked_list-test-util.h:519] Written 14000000 rows in chain
I0108 18:49:30.802603 25056 maintenance_manager.cc:527] P 61b86269d42a403f94c0a049429fa247: FlushMRSOp(dbe8c3d61048482fb282021487b845a6) complete. Timing: real 1.941s user 0.602s sys 0.049s Metrics: {"bytes_written":7277357,"cfile_init":1,"delete_count":0,"dirs.queue_time_us":3817,"dirs.run_cpu_time_us":91,"dirs.run_wall_time_us":26196,"drs_written":1,"lbm_read_time_us":8,"lbm_reads_lt_1ms":4,"lbm_write_time_us":61702,"lbm_writes_1-10_ms":13,"lbm_writes_lt_1ms":734,"reinsert_count":0,"rows_written":412092,"thread_start_us":33,"threads_started":1,"update_count":2374}
I0108 18:49:30.802785 25162 maintenance_manager.cc:326] P 61b86269d42a403f94c0a049429fa247: Scheduling LogGCOp(dbe8c3d61048482fb282021487b845a6): free 33561139 bytes of WAL
I0108 18:49:30.802855 25056 log_reader.cc:379] T dbe8c3d61048482fb282021487b845a6: removed 4 log segments from log reader
I0108 18:49:30.802903 25056 log.cc:1062] T dbe8c3d61048482fb282021487b845a6 P 61b86269d42a403f94c0a049429fa247: Deleting log segment in path: /data/somelongdirectorytoavoidrpathissues/src/kudutest/linked_list-test.LinkedListTest.TestLoadAndVerify.1578537560432831-24709/linked-list-cluster/ts-2/wal/wals/dbe8c3d61048482fb282021487b845a6/wal-000000019 (ops 223005-235402)
I0108 18:49:30.803198 25056 log.cc:1062] T dbe8c3d61048482fb282021487b845a6 P 61b86269d42a403f94c0a049429fa247: Deleting log segment in path: /data/somelongdirectorytoavoidrpathissues/src/kudutest/linked_list-test.LinkedListTest.TestLoadAndVerify.1578537560432831-24709/linked-list-cluster/ts-2/wal/wals/dbe8c3d61048482fb282021487b845a6/wal-000000020 (ops 235403-247772)
I0108 18:49:30.803478 25056 log.cc:1062] T dbe8c3d61048482fb282021487b845a6 P 61b86269d42a403f94c0a049429fa247: Deleting log segment in path: /data/somelongdirectorytoavoidrpathissues/src/kudutest/linked_list-test.LinkedListTest.TestLoadAndVerify.1578537560432831-24709/linked-list-cluster/ts-2/wal/wals/dbe8c3d61048482fb282021487b845a6/wal-000000021 (ops 247773-260185)
I0108 18:49:30.803712 25056 log.cc:1062] T dbe8c3d61048482fb282021487b845a6 P 61b86269d42a403f94c0a049429fa247: Deleting log segment in path: /data/somelongdirectorytoavoidrpathissues/src/kudutest/linked_list-test.LinkedListTest.TestLoadAndVerify.1578537560432831-24709/linked-list-cluster/ts-2/wal/wals/dbe8c3d61048482fb282021487b845a6/wal-000000022 (ops 260186-272595)
I0108 18:49:30.822402 25056 maintenance_manager.cc:527] P 61b86269d42a403f94c0a049429fa247: LogGCOp(dbe8c3d61048482fb282021487b845a6) complete. Timing: real 0.020s user 0.001s sys 0.010s Metrics: {}
I0108 18:49:30.822551 25162 maintenance_manager.cc:326] P 61b86269d42a403f94c0a049429fa247: Scheduling UndoDeltaBlockGCOp(dbe8c3d61048482fb282021487b845a6): 8168216 bytes on disk
I0108 18:49:30.822671 25056 maintenance_manager.cc:527] P 61b86269d42a403f94c0a049429fa247: UndoDeltaBlockGCOp(dbe8c3d61048482fb282021487b845a6) complete. Timing: real 0.000s user 0.000s sys 0.000s Metrics: {"cfile_init":1,"lbm_read_time_us":12,"lbm_reads_lt_1ms":4}
I0108 18:49:30.822755 25162 maintenance_manager.cc:326] P 61b86269d42a403f94c0a049429fa247: Scheduling CompactRowSetsOp(dbe8c3d61048482fb282021487b845a6): perf score=1.010681
I0108 18:49:42.173393 25056 maintenance_manager.cc:527] P 61b86269d42a403f94c0a049429fa247: CompactRowSetsOp(dbe8c3d61048482fb282021487b845a6) complete. Timing: real 11.351s user 3.169s sys 0.325s Metrics: {"bytes_written":41303239,"cfile_cache_hit":98,"cfile_cache_hit_bytes":12258264,"cfile_cache_miss":5410,"cfile_cache_miss_bytes":156105652,"cfile_init":12,"delta_iterators_relevant":8,"dirs.queue_time_us":1309,"dirs.run_cpu_time_us":265,"dirs.run_wall_time_us":135407,"drs_written":2,"lbm_read_time_us":746050,"lbm_reads_1-10_ms":101,"lbm_reads_10-100_ms":20,"lbm_reads_lt_1ms":5337,"lbm_write_time_us":452708,"lbm_writes_1-10_ms":91,"lbm_writes_10-100_ms":2,"lbm_writes_lt_1ms":4048,"num_input_rowsets":3,"rows_written":2329399,"spinlock_wait_cycles":25710336,"thread_start_us":519,"threads_started":10}
I0108 18:49:42.173581 25162 maintenance_manager.cc:326] P 61b86269d42a403f94c0a049429fa247: Scheduling FlushMRSOp(fdf8e522824640c3ab9385967c93743a): perf score=0.034915
I0108 18:49:44.349056 25056 maintenance_manager.cc:527] P 61b86269d42a403f94c0a049429fa247: FlushMRSOp(fdf8e522824640c3ab9385967c93743a) complete. Timing: real 2.175s user 0.627s sys 0.059s Metrics: {"bytes_written":7619424,"cfile_init":1,"delete_count":0,"dirs.queue_time_us":179,"dirs.run_cpu_time_us":105,"dirs.run_wall_time_us":80855,"drs_written":1,"lbm_read_time_us":10,"lbm_reads_lt_1ms":4,"lbm_write_time_us":336379,"lbm_writes_1-10_ms":21,"lbm_writes_10-100_ms":11,"lbm_writes_lt_1ms":755,"reinsert_count":0,"rows_written":434297,"thread_start_us":33,"threads_started":1,"update_count":2759}
I0108 18:49:44.349484 25162 maintenance_manager.cc:326] P 61b86269d42a403f94c0a049429fa247: Scheduling LogGCOp(fdf8e522824640c3ab9385967c93743a): free 33579773 bytes of WAL
I0108 18:49:44.349560 25056 log_reader.cc:379] T fdf8e522824640c3ab9385967c93743a: removed 4 log segments from log reader
I0108 18:49:44.349612 25056 log.cc:1062] T fdf8e522824640c3ab9385967c93743a P 61b86269d42a403f94c0a049429fa247: Deleting log segment in path: /data/somelongdirectorytoavoidrpathissues/src/kudutest/linked_list-test.LinkedListTest.TestLoadAndVerify.1578537560432831-24709/linked-list-cluster/ts-2/wal/wals/fdf8e522824640c3ab9385967c93743a/wal-000000019 (ops 223910-236374)
I0108 18:49:44.349958 25056 log.cc:1062] T fdf8e522824640c3ab9385967c93743a P 61b86269d42a403f94c0a049429fa247: Deleting log segment in path: /data/somelongdirectorytoavoidrpathissues/src/kudutest/linked_list-test.LinkedListTest.TestLoadAndVerify.1578537560432831-24709/linked-list-cluster/ts-2/wal/wals/fdf8e522824640c3ab9385967c93743a/wal-000000020 (ops 236375-248751)
I0108 18:49:44.350028 25056 log.cc:1062] T fdf8e522824640c3ab9385967c93743a P 61b86269d42a403f94c0a049429fa247: Deleting log segment in path: /data/somelongdirectorytoavoidrpathissues/src/kudutest/linked_list-test.LinkedListTest.TestLoadAndVerify.1578537560432831-24709/linked-list-cluster/ts-2/wal/wals/fdf8e522824640c3ab9385967c93743a/wal-000000021 (ops 248752-261190)
I0108 18:49:44.350989 25056 log.cc:1062] T fdf8e522824640c3ab9385967c93743a P 61b86269d42a403f94c0a049429fa247: Deleting log segment in path: /data/somelongdirectorytoavoidrpathissues/src/kudutest/linked_list-test.LinkedListTest.TestLoadAndVerify.1578537560432831-24709/linked-list-cluster/ts-2/wal/wals/fdf8e522824640c3ab9385967c93743a/wal-000000022 (ops 261191-273579)
I0108 18:49:44.372787 25056 maintenance_manager.cc:527] P 61b86269d42a403f94c0a049429fa247: LogGCOp(fdf8e522824640c3ab9385967c93743a) complete. Timing: real 0.023s user 0.000s sys 0.012s Metrics: {}
I0108 18:49:44.372946 25162 maintenance_manager.cc:326] P 61b86269d42a403f94c0a049429fa247: Scheduling CompactRowSetsOp(fdf8e522824640c3ab9385967c93743a): perf score=1.010203 ------------------------------------------------------------ Histogram for latency of insert operations (microseconds) Note: each insert is a batch of 50 rows. ------------------------------------------------------------ Count: 290000 Mean: 2032.24 Percentiles: 0% (min) = 804 25% = 1490 50% (med) = 1688 75% = 1972 95% = 2800 99% = 8272 99.9% = 48672 99.99% = 86784 100% (max) = 2453906 *NOTE: some values were greater than highest trackable value
I0108 18:49:53.513453 24709 linked_list-test-util.h:519] Written 14500000 rows in chain
I0108 18:49:54.023803 25056 maintenance_manager.cc:527] P 61b86269d42a403f94c0a049429fa247: CompactRowSetsOp(fdf8e522824640c3ab9385967c93743a) complete. Timing: real 9.650s user 3.041s sys 0.337s Metrics: {"bytes_written":42128276,"cfile_cache_hit":115,"cfile_cache_hit_bytes":14526584,"cfile_cache_miss":5505,"cfile_cache_miss_bytes":157198978,"cfile_init":13,"delta_iterators_relevant":8,"dirs.queue_time_us":11088,"dirs.run_cpu_time_us":256,"dirs.run_wall_time_us":73233,"drs_written":2,"lbm_read_time_us":931066,"lbm_reads_1-10_ms":72,"lbm_reads_10-100_ms":23,"lbm_reads_lt_1ms":5462,"lbm_write_time_us":345126,"lbm_writes_1-10_ms":59,"lbm_writes_10-100_ms":2,"lbm_writes_lt_1ms":4162,"num_input_rowsets":3,"rows_written":2376701,"spinlock_wait_cycles":30767232,"thread_start_us":274,"threads_started":10}
I0108 18:49:54.023972 25162 maintenance_manager.cc:326] P 61b86269d42a403f94c0a049429fa247: Scheduling UndoDeltaBlockGCOp(fdf8e522824640c3ab9385967c93743a): 50524389 bytes on disk
I0108 18:49:54.024099 25056 maintenance_manager.cc:527] P 61b86269d42a403f94c0a049429fa247: UndoDeltaBlockGCOp(fdf8e522824640c3ab9385967c93743a) complete. Timing: real 0.000s user 0.000s sys 0.000s Metrics: {"cfile_init":2,"lbm_read_time_us":17,"lbm_reads_lt_1ms":8}
I0108 18:49:54.024178 25162 maintenance_manager.cc:326] P 61b86269d42a403f94c0a049429fa247: Scheduling UndoDeltaBlockGCOp(dbe8c3d61048482fb282021487b845a6): 49454780 bytes on disk
I0108 18:49:54.130270 25056 maintenance_manager.cc:527] P 61b86269d42a403f94c0a049429fa247: UndoDeltaBlockGCOp(dbe8c3d61048482fb282021487b845a6) complete. Timing: real 0.106s user 0.000s sys 0.000s Metrics: {"cfile_init":2,"lbm_read_time_us":105925,"lbm_reads_1-10_ms":1,"lbm_reads_10-100_ms":4,"lbm_reads_lt_1ms":3}
I0108 18:50:03.197029 25038 maintenance_manager.cc:326] P 53135810f2d84759ac110009de750c3d: Scheduling FlushMRSOp(50603d14716f4c4bb514a91e103fbf64): perf score=0.033351
I0108 18:50:06.344699 24913 maintenance_manager.cc:326] P c6ad452ff3b64d949298a50527e1fbb0: Scheduling FlushMRSOp(50603d14716f4c4bb514a91e103fbf64): perf score=0.033376
W0108 18:50:11.327620 24932 tablet_replica.cc:929] Time spent Committing in-flights took a long time.: real 0.261s user 0.000s sys 0.000s
I0108 18:50:11.328671 24932 maintenance_manager.cc:527] P 53135810f2d84759ac110009de750c3d: FlushMRSOp(50603d14716f4c4bb514a91e103fbf64) complete. Timing: real 8.132s user 2.706s sys 0.165s Metrics: {"bytes_written":30680291,"cfile_init":1,"delete_count":0,"dirs.queue_time_us":86,"dirs.run_cpu_time_us":129,"dirs.run_wall_time_us":83083,"drs_written":1,"lbm_read_time_us":8,"lbm_reads_lt_1ms":4,"lbm_write_time_us":245052,"lbm_writes_1-10_ms":39,"lbm_writes_10-100_ms":1,"lbm_writes_lt_1ms":3024,"reinsert_count":0,"rows_written":1727701,"thread_start_us":38,"threads_started":1,"update_count":5993}
I0108 18:50:11.328799 25038 maintenance_manager.cc:326] P 53135810f2d84759ac110009de750c3d: Scheduling UndoDeltaBlockGCOp(50603d14716f4c4bb514a91e103fbf64): 34398235 bytes on disk
I0108 18:50:11.328917 24932 maintenance_manager.cc:527] P 53135810f2d84759ac110009de750c3d: UndoDeltaBlockGCOp(50603d14716f4c4bb514a91e103fbf64) complete. Timing: real 0.000s user 0.000s sys 0.000s Metrics: {"cfile_init":1,"lbm_read_time_us":12,"lbm_reads_lt_1ms":4}
I0108 18:50:11.328964 25038 maintenance_manager.cc:326] P 53135810f2d84759ac110009de750c3d: Scheduling CompactRowSetsOp(50603d14716f4c4bb514a91e103fbf64): perf score=0.765915
I0108 18:50:13.647495 25162 maintenance_manager.cc:326] P 61b86269d42a403f94c0a049429fa247: Scheduling FlushMRSOp(50603d14716f4c4bb514a91e103fbf64): perf score=0.033395
I0108 18:50:14.017314 24807 maintenance_manager.cc:527] P c6ad452ff3b64d949298a50527e1fbb0: FlushMRSOp(50603d14716f4c4bb514a91e103fbf64) complete. Timing: real 7.672s user 2.566s sys 0.163s Metrics: {"bytes_written":31015173,"cfile_init":1,"delete_count":0,"dirs.queue_time_us":2412,"dirs.run_cpu_time_us":97,"dirs.run_wall_time_us":59130,"drs_written":1,"lbm_read_time_us":10,"lbm_reads_lt_1ms":4,"lbm_write_time_us":178932,"lbm_writes_1-10_ms":39,"lbm_writes_lt_1ms":3057,"reinsert_count":0,"rows_written":1745712,"thread_start_us":31,"threads_started":1,"update_count":8024}
I0108 18:50:14.021644 24913 maintenance_manager.cc:326] P c6ad452ff3b64d949298a50527e1fbb0: Scheduling LogGCOp(50603d14716f4c4bb514a91e103fbf64): free 75795348 bytes of WAL
I0108 18:50:14.035430 24807 log_reader.cc:379] T 50603d14716f4c4bb514a91e103fbf64: removed 9 log segments from log reader
I0108 18:50:14.035753 24807 log.cc:1062] T 50603d14716f4c4bb514a91e103fbf64 P c6ad452ff3b64d949298a50527e1fbb0: Deleting log segment in path: /data/somelongdirectorytoavoidrpathissues/src/kudutest/linked_list-test.LinkedListTest.TestLoadAndVerify.1578537560432831-24709/linked-list-cluster/ts-0/wal/wals/50603d14716f4c4bb514a91e103fbf64/wal-000000042 (ops 242845-248752)
I0108 18:50:14.035849 24807 log.cc:1062] T 50603d14716f4c4bb514a91e103fbf64 P c6ad452ff3b64d949298a50527e1fbb0: Deleting log segment in path: /data/somelongdirectorytoavoidrpathissues/src/kudutest/linked_list-test.LinkedListTest.TestLoadAndVerify.1578537560432831-24709/linked-list-cluster/ts-0/wal/wals/50603d14716f4c4bb514a91e103fbf64/wal-000000043 (ops 248753-254637)
I0108 18:50:14.035957 24807 log.cc:1062] T 50603d14716f4c4bb514a91e103fbf64 P c6ad452ff3b64d949298a50527e1fbb0: Deleting log segment in path: /data/somelongdirectorytoavoidrpathissues/src/kudutest/linked_list-test.LinkedListTest.TestLoadAndVerify.1578537560432831-24709/linked-list-cluster/ts-0/wal/wals/50603d14716f4c4bb514a91e103fbf64/wal-000000044 (ops 254638-260534)
I0108 18:50:14.036326 24807 log.cc:1062] T 50603d14716f4c4bb514a91e103fbf64 P c6ad452ff3b64d949298a50527e1fbb0: Deleting log segment in path: /data/somelongdirectorytoavoidrpathissues/src/kudutest/linked_list-test.LinkedListTest.TestLoadAndVerify.1578537560432831-24709/linked-list-cluster/ts-0/wal/wals/50603d14716f4c4bb514a91e103fbf64/wal-000000045 (ops 260535-266469)
I0108 18:50:14.036429 24807 log.cc:1062] T 50603d14716f4c4bb514a91e103fbf64 P c6ad452ff3b64d949298a50527e1fbb0: Deleting log segment in path: /data/somelongdirectorytoavoidrpathissues/src/kudutest/linked_list-test.LinkedListTest.TestLoadAndVerify.1578537560432831-24709/linked-list-cluster/ts-0/wal/wals/50603d14716f4c4bb514a91e103fbf64/wal-000000046 (ops 266470-272389)
I0108 18:50:14.037459 24807 log.cc:1062] T 50603d14716f4c4bb514a91e103fbf64 P c6ad452ff3b64d949298a50527e1fbb0: Deleting log segment in path: /data/somelongdirectorytoavoidrpathissues/src/kudutest/linked_list-test.LinkedListTest.TestLoadAndVerify.1578537560432831-24709/linked-list-cluster/ts-0/wal/wals/50603d14716f4c4bb514a91e103fbf64/wal-000000047 (ops 272390-278340)
I0108 18:50:14.037560 24807 log.cc:1062] T 50603d14716f4c4bb514a91e103fbf64 P c6ad452ff3b64d949298a50527e1fbb0: Deleting log segment in path: /data/somelongdirectorytoavoidrpathissues/src/kudutest/linked_list-test.LinkedListTest.TestLoadAndVerify.1578537560432831-24709/linked-list-cluster/ts-0/wal/wals/50603d14716f4c4bb514a91e103fbf64/wal-000000048 (ops 278341-284275)
I0108 18:50:14.037621 24807 log.cc:1062] T 50603d14716f4c4bb514a91e103fbf64 P c6ad452ff3b64d949298a50527e1fbb0: Deleting log segment in path: /data/somelongdirectorytoavoidrpathissues/src/kudutest/linked_list-test.LinkedListTest.TestLoadAndVerify.1578537560432831-24709/linked-list-cluster/ts-0/wal/wals/50603d14716f4c4bb514a91e103fbf64/wal-000000049 (ops 284276-290244)
I0108 18:50:14.042870 24807 log.cc:1062] T 50603d14716f4c4bb514a91e103fbf64 P c6ad452ff3b64d949298a50527e1fbb0: Deleting log segment in path: /data/somelongdirectorytoavoidrpathissues/src/kudutest/linked_list-test.LinkedListTest.TestLoadAndVerify.1578537560432831-24709/linked-list-cluster/ts-0/wal/wals/50603d14716f4c4bb514a91e103fbf64/wal-000000050 (ops 290245-296144)
I0108 18:50:14.193857 24807 maintenance_manager.cc:527] P c6ad452ff3b64d949298a50527e1fbb0: LogGCOp(50603d14716f4c4bb514a91e103fbf64) complete. Timing: real 0.158s user 0.005s sys 0.018s Metrics: {}
I0108 18:50:14.195451 24913 maintenance_manager.cc:326] P c6ad452ff3b64d949298a50527e1fbb0: Scheduling CompactRowSetsOp(50603d14716f4c4bb514a91e103fbf64): perf score=0.766404 ------------------------------------------------------------ Histogram for latency of insert operations (microseconds) Note: each insert is a batch of 50 rows. ------------------------------------------------------------ Count: 300000 Mean: 2038.53 Percentiles: 0% (min) = 804 25% = 1492 50% (med) = 1692 75% = 1977 95% = 2814 99% = 8320 99.9% = 48704 99.99% = 86784 100% (max) = 2453906 *NOTE: some values were greater than highest trackable value
I0108 18:50:17.145995 24709 linked_list-test-util.h:519] Written 15000000 rows in chain
I0108 18:50:26.178143 25056 maintenance_manager.cc:527] P 61b86269d42a403f94c0a049429fa247: FlushMRSOp(50603d14716f4c4bb514a91e103fbf64) complete. Timing: real 12.531s user 2.870s sys 0.226s Metrics: {"bytes_written":30835936,"cfile_init":1,"delete_count":0,"dirs.queue_time_us":15321,"dirs.run_cpu_time_us":109,"dirs.run_wall_time_us":30352,"drs_written":1,"lbm_read_time_us":8,"lbm_reads_lt_1ms":4,"lbm_write_time_us":404665,"lbm_writes_1-10_ms":79,"lbm_writes_10-100_ms":5,"lbm_writes_lt_1ms":2992,"reinsert_count":0,"rows_written":1734773,"thread_start_us":96,"threads_started":1,"update_count":9014}
I0108 18:50:26.178429 25162 maintenance_manager.cc:326] P 61b86269d42a403f94c0a049429fa247: Scheduling LogGCOp(50603d14716f4c4bb514a91e103fbf64): free 75533728 bytes of WAL
I0108 18:50:26.178807 25056 log_reader.cc:379] T 50603d14716f4c4bb514a91e103fbf64: removed 9 log segments from log reader
I0108 18:50:26.178860 25056 log.cc:1062] T 50603d14716f4c4bb514a91e103fbf64 P 61b86269d42a403f94c0a049429fa247: Deleting log segment in path: /data/somelongdirectorytoavoidrpathissues/src/kudutest/linked_list-test.LinkedListTest.TestLoadAndVerify.1578537560432831-24709/linked-list-cluster/ts-2/wal/wals/50603d14716f4c4bb514a91e103fbf64/wal-000000042 (ops 242991-248918)
I0108 18:50:26.178946 25056 log.cc:1062] T 50603d14716f4c4bb514a91e103fbf64 P 61b86269d42a403f94c0a049429fa247: Deleting log segment in path: /data/somelongdirectorytoavoidrpathissues/src/kudutest/linked_list-test.LinkedListTest.TestLoadAndVerify.1578537560432831-24709/linked-list-cluster/ts-2/wal/wals/50603d14716f4c4bb514a91e103fbf64/wal-000000043 (ops 248919-254887)
I0108 18:50:26.179018 25056 log.cc:1062] T 50603d14716f4c4bb514a91e103fbf64 P 61b86269d42a403f94c0a049429fa247: Deleting log segment in path: /data/somelongdirectorytoavoidrpathissues/src/kudutest/linked_list-test.LinkedListTest.TestLoadAndVerify.1578537560432831-24709/linked-list-cluster/ts-2/wal/wals/50603d14716f4c4bb514a91e103fbf64/wal-000000044 (ops 254888-260766)
I0108 18:50:26.179085 25056 log.cc:1062] T 50603d14716f4c4bb514a91e103fbf64 P 61b86269d42a403f94c0a049429fa247: Deleting log segment in path: /data/somelongdirectorytoavoidrpathissues/src/kudutest/linked_list-test.LinkedListTest.TestLoadAndVerify.1578537560432831-24709/linked-list-cluster/ts-2/wal/wals/50603d14716f4c4bb514a91e103fbf64/wal-000000045 (ops 260767-266656)
I0108 18:50:26.179147 25056 log.cc:1062] T 50603d14716f4c4bb514a91e103fbf64 P 61b86269d42a403f94c0a049429fa247: Deleting log segment in path: /data/somelongdirectorytoavoidrpathissues/src/kudutest/linked_list-test.LinkedListTest.TestLoadAndVerify.1578537560432831-24709/linked-list-cluster/ts-2/wal/wals/50603d14716f4c4bb514a91e103fbf64/wal-000000046 (ops 266657-272601)
I0108 18:50:26.179242 25056 log.cc:1062] T 50603d14716f4c4bb514a91e103fbf64 P 61b86269d42a403f94c0a049429fa247: Deleting log segment in path: /data/somelongdirectorytoavoidrpathissues/src/kudutest/linked_list-test.LinkedListTest.TestLoadAndVerify.1578537560432831-24709/linked-list-cluster/ts-2/wal/wals/50603d14716f4c4bb514a91e103fbf64/wal-000000047 (ops 272602-278449)
I0108 18:50:26.179327 25056 log.cc:1062] T 50603d14716f4c4bb514a91e103fbf64 P 61b86269d42a403f94c0a049429fa247: Deleting log segment in path: /data/somelongdirectorytoavoidrpathissues/src/kudutest/linked_list-test.LinkedListTest.TestLoadAndVerify.1578537560432831-24709/linked-list-cluster/ts-2/wal/wals/50603d14716f4c4bb514a91e103fbf64/wal-000000048 (ops 278450-284359)
I0108 18:50:26.179385 25056 log.cc:1062] T 50603d14716f4c4bb514a91e103fbf64 P 61b86269d42a403f94c0a049429fa247: Deleting log segment in path: /data/somelongdirectorytoavoidrpathissues/src/kudutest/linked_list-test.LinkedListTest.TestLoadAndVerify.1578537560432831-24709/linked-list-cluster/ts-2/wal/wals/50603d14716f4c4bb514a91e103fbf64/wal-000000049 (ops 284360-290245)
I0108 18:50:26.179440 25056 log.cc:1062] T 50603d14716f4c4bb514a91e103fbf64 P 61b86269d42a403f94c0a049429fa247: Deleting log segment in path: /data/somelongdirectorytoavoidrpathissues/src/kudutest/linked_list-test.LinkedListTest.TestLoadAndVerify.1578537560432831-24709/linked-list-cluster/ts-2/wal/wals/50603d14716f4c4bb514a91e103fbf64/wal-000000050 (ops 290246-296144)
I0108 18:50:26.215672 25056 maintenance_manager.cc:527] P 61b86269d42a403f94c0a049429fa247: LogGCOp(50603d14716f4c4bb514a91e103fbf64) complete. Timing: real 0.037s user 0.000s sys 0.020s Metrics: {}
I0108 18:50:26.215831 25162 maintenance_manager.cc:326] P 61b86269d42a403f94c0a049429fa247: Scheduling UndoDeltaBlockGCOp(50603d14716f4c4bb514a91e103fbf64): 34579890 bytes on disk
I0108 18:50:26.217532 25056 maintenance_manager.cc:527] P 61b86269d42a403f94c0a049429fa247: UndoDeltaBlockGCOp(50603d14716f4c4bb514a91e103fbf64) complete. Timing: real 0.000s user 0.001s sys 0.000s Metrics: {"cfile_init":1,"lbm_read_time_us":154,"lbm_reads_lt_1ms":4}
I0108 18:50:26.217711 25162 maintenance_manager.cc:326] P 61b86269d42a403f94c0a049429fa247: Scheduling CompactRowSetsOp(50603d14716f4c4bb514a91e103fbf64): perf score=0.768303 ------------------------------------------------------------ Histogram for latency of insert operations (microseconds) Note: each insert is a batch of 50 rows. ------------------------------------------------------------ Count: 310000 Mean: 2047.65 Percentiles: 0% (min) = 804 25% = 1495 50% (med) = 1696 75% = 1984 95% = 2836 99% = 8424 99.9% = 49216 99.99% = 86784 100% (max) = 2453906 *NOTE: some values were greater than highest trackable value
I0108 18:50:41.565903 24709 linked_list-test-util.h:519] Written 15500000 rows in chain
I0108 18:50:56.562685 24932 maintenance_manager.cc:527] P 53135810f2d84759ac110009de750c3d: CompactRowSetsOp(50603d14716f4c4bb514a91e103fbf64) complete. Timing: real 45.234s user 10.647s sys 1.080s Metrics: {"bytes_written":140193738,"cfile_cache_hit":321,"cfile_cache_hit_bytes":43699387,"cfile_cache_miss":18325,"cfile_cache_miss_bytes":529087291,"cfile_init":21,"delta_iterators_relevant":12,"dirs.queue_time_us":45440,"dirs.run_cpu_time_us":599,"dirs.run_wall_time_us":213123,"drs_written":5,"lbm_read_time_us":5138663,"lbm_reads_1-10_ms":352,"lbm_reads_10-100_ms":84,"lbm_reads_gt_100_ms":8,"lbm_reads_lt_1ms":17965,"lbm_write_time_us":1455604,"lbm_writes_1-10_ms":316,"lbm_writes_10-100_ms":11,"lbm_writes_lt_1ms":13702,"num_input_rowsets":5,"rows_written":7912475,"spinlock_wait_cycles":530718080,"thread_start_us":760,"threads_started":13}
I0108 18:50:56.562921 25038 maintenance_manager.cc:326] P 53135810f2d84759ac110009de750c3d: Scheduling LogGCOp(50603d14716f4c4bb514a91e103fbf64): free 67704889 bytes of WAL
I0108 18:50:56.563005 24932 log_reader.cc:379] T 50603d14716f4c4bb514a91e103fbf64: removed 8 log segments from log reader
I0108 18:50:56.563055 24932 log.cc:1062] T 50603d14716f4c4bb514a91e103fbf64 P 53135810f2d84759ac110009de750c3d: Deleting log segment in path: /data/somelongdirectorytoavoidrpathissues/src/kudutest/linked_list-test.LinkedListTest.TestLoadAndVerify.1578537560432831-24709/linked-list-cluster/ts-1/wal/wals/50603d14716f4c4bb514a91e103fbf64/wal-000000042 (ops 241868-247707)
I0108 18:50:56.563132 24932 log.cc:1062] T 50603d14716f4c4bb514a91e103fbf64 P 53135810f2d84759ac110009de750c3d: Deleting log segment in path: /data/somelongdirectorytoavoidrpathissues/src/kudutest/linked_list-test.LinkedListTest.TestLoadAndVerify.1578537560432831-24709/linked-list-cluster/ts-1/wal/wals/50603d14716f4c4bb514a91e103fbf64/wal-000000043 (ops 247708-253894)
I0108 18:50:56.563200 24932 log.cc:1062] T 50603d14716f4c4bb514a91e103fbf64 P 53135810f2d84759ac110009de750c3d: Deleting log segment in path: /data/somelongdirectorytoavoidrpathissues/src/kudutest/linked_list-test.LinkedListTest.TestLoadAndVerify.1578537560432831-24709/linked-list-cluster/ts-1/wal/wals/50603d14716f4c4bb514a91e103fbf64/wal-000000044 (ops 253895-259784)
I0108 18:50:56.563266 24932 log.cc:1062] T 50603d14716f4c4bb514a91e103fbf64 P 53135810f2d84759ac110009de750c3d: Deleting log segment in path: /data/somelongdirectorytoavoidrpathissues/src/kudutest/linked_list-test.LinkedListTest.TestLoadAndVerify.1578537560432831-24709/linked-list-cluster/ts-1/wal/wals/50603d14716f4c4bb514a91e103fbf64/wal-000000045 (ops 259785-265702)
I0108 18:50:56.563359 24932 log.cc:1062] T 50603d14716f4c4bb514a91e103fbf64 P 53135810f2d84759ac110009de750c3d: Deleting log segment in path: /data/somelongdirectorytoavoidrpathissues/src/kudutest/linked_list-test.LinkedListTest.TestLoadAndVerify.1578537560432831-24709/linked-list-cluster/ts-1/wal/wals/50603d14716f4c4bb514a91e103fbf64/wal-000000046 (ops 265703-271684)
I0108 18:50:56.563417 24932 log.cc:1062] T 50603d14716f4c4bb514a91e103fbf64 P 53135810f2d84759ac110009de750c3d: Deleting log segment in path: /data/somelongdirectorytoavoidrpathissues/src/kudutest/linked_list-test.LinkedListTest.TestLoadAndVerify.1578537560432831-24709/linked-list-cluster/ts-1/wal/wals/50603d14716f4c4bb514a91e103fbf64/wal-000000047 (ops 271685-277548)
I0108 18:50:56.563473 24932 log.cc:1062] T 50603d14716f4c4bb514a91e103fbf64 P 53135810f2d84759ac110009de750c3d: Deleting log segment in path: /data/somelongdirectorytoavoidrpathissues/src/kudutest/linked_list-test.LinkedListTest.TestLoadAndVerify.1578537560432831-24709/linked-list-cluster/ts-1/wal/wals/50603d14716f4c4bb514a91e103fbf64/wal-000000048 (ops 277549-283444)
I0108 18:50:56.563544 24932 log.cc:1062] T 50603d14716f4c4bb514a91e103fbf64 P 53135810f2d84759ac110009de750c3d: Deleting log segment in path: /data/somelongdirectorytoavoidrpathissues/src/kudutest/linked_list-test.LinkedListTest.TestLoadAndVerify.1578537560432831-24709/linked-list-cluster/ts-1/wal/wals/50603d14716f4c4bb514a91e103fbf64/wal-000000049 (ops 283445-289369)
I0108 18:50:56.608582 24932 maintenance_manager.cc:527] P 53135810f2d84759ac110009de750c3d: LogGCOp(50603d14716f4c4bb514a91e103fbf64) complete. Timing: real 0.046s user 0.000s sys 0.021s Metrics: {}
I0108 18:50:56.608798 25038 maintenance_manager.cc:326] P 53135810f2d84759ac110009de750c3d: Scheduling UndoDeltaBlockGCOp(50603d14716f4c4bb514a91e103fbf64): 168209886 bytes on disk
I0108 18:50:56.911237 24932 maintenance_manager.cc:527] P 53135810f2d84759ac110009de750c3d: UndoDeltaBlockGCOp(50603d14716f4c4bb514a91e103fbf64) complete. Timing: real 0.302s user 0.000s sys 0.000s Metrics: {"cfile_init":5,"lbm_read_time_us":302070,"lbm_reads_1-10_ms":6,"lbm_reads_10-100_ms":3,"lbm_reads_gt_100_ms":1,"lbm_reads_lt_1ms":10}
I0108 18:50:56.911383 25038 maintenance_manager.cc:326] P 53135810f2d84759ac110009de750c3d: Scheduling CompactRowSetsOp(50603d14716f4c4bb514a91e103fbf64): perf score=0.315469
I0108 18:50:57.615911 24807 maintenance_manager.cc:527] P c6ad452ff3b64d949298a50527e1fbb0: CompactRowSetsOp(50603d14716f4c4bb514a91e103fbf64) complete. Timing: real 43.420s user 10.429s sys 1.037s Metrics: {"bytes_written":140970605,"cfile_cache_hit":318,"cfile_cache_hit_bytes":43310721,"cfile_cache_miss":18434,"cfile_cache_miss_bytes":532732415,"cfile_init":22,"delta_iterators_relevant":12,"dirs.queue_time_us":11989,"dirs.run_cpu_time_us":591,"dirs.run_wall_time_us":291029,"drs_written":5,"lbm_read_time_us":5877635,"lbm_reads_1-10_ms":311,"lbm_reads_10-100_ms":100,"lbm_reads_gt_100_ms":11,"lbm_reads_lt_1ms":18100,"lbm_write_time_us":1529686,"lbm_writes_1-10_ms":319,"lbm_writes_10-100_ms":7,"lbm_writes_lt_1ms":13780,"num_input_rowsets":5,"rows_written":7956472,"spinlock_wait_cycles":123955456,"thread_start_us":571,"threads_started":13}
I0108 18:50:57.616127 24913 maintenance_manager.cc:326] P c6ad452ff3b64d949298a50527e1fbb0: Scheduling CompactRowSetsOp(50603d14716f4c4bb514a91e103fbf64): perf score=0.314354
I0108 18:50:57.792363 28737 rpcz_store.cc:269] Call kudu.tserver.TabletServerService.Write from 127.24.33.66:58364 (ReqId={client: 20060d3408dd4d3a8f0e19885a75dabd, seq_no=936507, attempt_no=0}) took 1156ms. Request Metrics: {"child_traces":[["txn",{"apply.queue_time_us":2883,"cfile_cache_hit":1528,"cfile_cache_hit_bytes":6329876,"cfile_cache_miss":3669,"cfile_cache_miss_bytes":15206409,"lbm_read_time_us":934286,"lbm_reads_1-10_ms":35,"lbm_reads_10-100_ms":25,"lbm_reads_lt_1ms":3609,"num_ops":12743,"prepare.queue_time_us":17,"prepare.run_cpu_time_us":14765,"prepare.run_wall_time_us":39332,"raft.queue_time_us":25,"raft.run_cpu_time_us":129,"raft.run_wall_time_us":135,"replication_time_us":2343,"spinlock_wait_cycles":76672}]]} ------------------------------------------------------------ Histogram for latency of insert operations (microseconds) Note: each insert is a batch of 50 rows. ------------------------------------------------------------ Count: 320000 Mean: 2061.85 Percentiles: 0% (min) = 804 25% = 1499 50% (med) = 1703 75% = 1995 95% = 2866 99% = 8536 99.9% = 49824 99.99% = 99136 100% (max) = 2453906 *NOTE: some values were greater than highest trackable value
I0108 18:51:07.898816 24709 linked_list-test-util.h:519] Written 16000000 rows in chain
I0108 18:51:08.227623 25056 maintenance_manager.cc:527] P 61b86269d42a403f94c0a049429fa247: CompactRowSetsOp(50603d14716f4c4bb514a91e103fbf64) complete. Timing: real 42.009s user 10.498s sys 1.111s Metrics: {"bytes_written":142637998,"cfile_cache_hit":318,"cfile_cache_hit_bytes":43437489,"cfile_cache_miss":18654,"cfile_cache_miss_bytes":539740045,"cfile_init":21,"delta_iterators_relevant":12,"dirs.queue_time_us":21871,"dirs.run_cpu_time_us":576,"dirs.run_wall_time_us":206524,"drs_written":5,"lbm_read_time_us":7247552,"lbm_reads_1-10_ms":290,"lbm_reads_10-100_ms":128,"lbm_reads_gt_100_ms":7,"lbm_reads_lt_1ms":18313,"lbm_write_time_us":1367055,"lbm_writes_1-10_ms":235,"lbm_writes_10-100_ms":9,"lbm_writes_gt_100_ms":1,"lbm_writes_lt_1ms":14027,"num_input_rowsets":5,"rows_written":8051032,"spinlock_wait_cycles":320659968,"thread_start_us":961,"threads_started":13}
I0108 18:51:08.231389 25162 maintenance_manager.cc:326] P 61b86269d42a403f94c0a049429fa247: Scheduling CompactRowSetsOp(50603d14716f4c4bb514a91e103fbf64): perf score=0.309984
W0108 18:51:19.517618 24807 tablet_replica.cc:929] Time spent Committing in-flights took a long time.: real 0.267s user 0.000s sys 0.000s
I0108 18:51:19.520668 24807 maintenance_manager.cc:527] P c6ad452ff3b64d949298a50527e1fbb0: CompactRowSetsOp(50603d14716f4c4bb514a91e103fbf64) complete. Timing: real 21.904s user 5.301s sys 0.480s Metrics: {"bytes_written":73614077,"cfile_cache_hit":119,"cfile_cache_hit_bytes":15168894,"cfile_cache_miss":9675,"cfile_cache_miss_bytes":287500122,"cfile_init":14,"delta_iterators_relevant":6,"dirs.queue_time_us":9094,"dirs.run_cpu_time_us":354,"dirs.run_wall_time_us":160462,"drs_written":3,"lbm_read_time_us":6807645,"lbm_reads_1-10_ms":156,"lbm_reads_10-100_ms":147,"lbm_reads_gt_100_ms":11,"lbm_reads_lt_1ms":9417,"lbm_write_time_us":941682,"lbm_writes_1-10_ms":102,"lbm_writes_10-100_ms":15,"lbm_writes_lt_1ms":7257,"num_input_rowsets":3,"rows_written":4155314,"spinlock_wait_cycles":78271872,"thread_start_us":203,"threads_started":3}
I0108 18:51:19.520800 24913 maintenance_manager.cc:326] P c6ad452ff3b64d949298a50527e1fbb0: Scheduling UndoDeltaBlockGCOp(50603d14716f4c4bb514a91e103fbf64): 210326301 bytes on disk
I0108 18:51:19.695353 24807 maintenance_manager.cc:527] P c6ad452ff3b64d949298a50527e1fbb0: UndoDeltaBlockGCOp(50603d14716f4c4bb514a91e103fbf64) complete. Timing: real 0.174s user 0.001s sys 0.000s Metrics: {"cfile_init":6,"lbm_read_time_us":174119,"lbm_reads_1-10_ms":7,"lbm_reads_10-100_ms":4,"lbm_reads_lt_1ms":13}
I0108 18:51:19.695557 24913 maintenance_manager.cc:326] P c6ad452ff3b64d949298a50527e1fbb0: Scheduling FlushMRSOp(fdf8e522824640c3ab9385967c93743a): perf score=0.041925
I0108 18:51:22.390151 24807 maintenance_manager.cc:527] P c6ad452ff3b64d949298a50527e1fbb0: FlushMRSOp(fdf8e522824640c3ab9385967c93743a) complete. Timing: real 2.694s user 0.747s sys 0.050s Metrics: {"bytes_written":9090392,"cfile_init":1,"delete_count":0,"dirs.queue_time_us":124,"dirs.run_cpu_time_us":154,"dirs.run_wall_time_us":72894,"drs_written":1,"lbm_read_time_us":8,"lbm_reads_lt_1ms":4,"lbm_write_time_us":869006,"lbm_writes_1-10_ms":23,"lbm_writes_10-100_ms":25,"lbm_writes_gt_100_ms":1,"lbm_writes_lt_1ms":876,"reinsert_count":0,"rows_written":513104,"thread_start_us":29,"threads_started":1,"update_count":1287}
I0108 18:51:22.390265 24913 maintenance_manager.cc:326] P c6ad452ff3b64d949298a50527e1fbb0: Scheduling LogGCOp(fdf8e522824640c3ab9385967c93743a): free 41986530 bytes of WAL
I0108 18:51:22.390396 24807 log_reader.cc:379] T fdf8e522824640c3ab9385967c93743a: removed 5 log segments from log reader
I0108 18:51:22.390409 24807 log.cc:1062] T fdf8e522824640c3ab9385967c93743a P c6ad452ff3b64d949298a50527e1fbb0: Deleting log segment in path: /data/somelongdirectorytoavoidrpathissues/src/kudutest/linked_list-test.LinkedListTest.TestLoadAndVerify.1578537560432831-24709/linked-list-cluster/ts-0/wal/wals/fdf8e522824640c3ab9385967c93743a/wal-000000021 (ops 248752-261200)
I0108 18:51:22.390439 24807 log.cc:1062] T fdf8e522824640c3ab9385967c93743a P c6ad452ff3b64d949298a50527e1fbb0: Deleting log segment in path: /data/somelongdirectorytoavoidrpathissues/src/kudutest/linked_list-test.LinkedListTest.TestLoadAndVerify.1578537560432831-24709/linked-list-cluster/ts-0/wal/wals/fdf8e522824640c3ab9385967c93743a/wal-000000022 (ops 261201-273645)
I0108 18:51:22.390460 24807 log.cc:1062] T fdf8e522824640c3ab9385967c93743a P c6ad452ff3b64d949298a50527e1fbb0: Deleting log segment in path: /data/somelongdirectorytoavoidrpathissues/src/kudutest/linked_list-test.LinkedListTest.TestLoadAndVerify.1578537560432831-24709/linked-list-cluster/ts-0/wal/wals/fdf8e522824640c3ab9385967c93743a/wal-000000023 (ops 273646-286077)
I0108 18:51:22.390481 24807 log.cc:1062] T fdf8e522824640c3ab9385967c93743a P c6ad452ff3b64d949298a50527e1fbb0: Deleting log segment in path: /data/somelongdirectorytoavoidrpathissues/src/kudutest/linked_list-test.LinkedListTest.TestLoadAndVerify.1578537560432831-24709/linked-list-cluster/ts-0/wal/wals/fdf8e522824640c3ab9385967c93743a/wal-000000024 (ops 286078-298493)
