I0108 16:43:14.792264 24689 maintenance_manager.cc:527] P 72e6f176048945dea46e0f4305315d3c: UndoDeltaBlockGCOp(2c3d9174c33442d28f28f4d0cda9fc51) complete. Timing: real 0.259s user 0.000s sys 0.001s Metrics: {"cfile_init":5,"lbm_read_time_us":259294,"lbm_reads_1-10_ms":4,"lbm_reads_10-100_ms":6,"lbm_reads_lt_1ms":10}
I0108 16:43:14.792402 24795 maintenance_manager.cc:326] P 72e6f176048945dea46e0f4305315d3c: Scheduling UndoDeltaBlockGCOp(c0c87b04bc0f4f37876458fbfb4bdf03): 57087952 bytes on disk
I0108 16:43:14.906560 24689 maintenance_manager.cc:527] P 72e6f176048945dea46e0f4305315d3c: UndoDeltaBlockGCOp(c0c87b04bc0f4f37876458fbfb4bdf03) complete. Timing: real 0.114s user 0.000s sys 0.000s Metrics: {"cfile_init":2,"lbm_read_time_us":113966,"lbm_reads_1-10_ms":2,"lbm_reads_10-100_ms":2,"lbm_reads_lt_1ms":4}
I0108 16:43:14.906715 24795 maintenance_manager.cc:326] P 72e6f176048945dea46e0f4305315d3c: Scheduling FlushMRSOp(97a6791627c941a48f3269f2d00d1eea): perf score=0.045038
I0108 16:43:16.486407 24689 maintenance_manager.cc:527] P 72e6f176048945dea46e0f4305315d3c: FlushMRSOp(97a6791627c941a48f3269f2d00d1eea) complete. Timing: real 1.580s user 0.539s sys 0.021s Metrics: {"bytes_written":9024413,"cfile_init":1,"delete_count":0,"dirs.queue_time_us":72,"dirs.run_cpu_time_us":112,"dirs.run_wall_time_us":95898,"drs_written":1,"lbm_read_time_us":9,"lbm_reads_lt_1ms":4,"lbm_write_time_us":788800,"lbm_writes_1-10_ms":8,"lbm_writes_10-100_ms":9,"lbm_writes_gt_100_ms":2,"lbm_writes_lt_1ms":907,"reinsert_count":0,"rows_written":513378,"thread_start_us":37,"threads_started":1,"update_count":19}
I0108 16:43:16.486544 24795 maintenance_manager.cc:326] P 72e6f176048945dea46e0f4305315d3c: Scheduling LogGCOp(97a6791627c941a48f3269f2d00d1eea): free 41964741 bytes of WAL
I0108 16:43:16.486619 24689 log_reader.cc:379] T 97a6791627c941a48f3269f2d00d1eea: removed 5 log segments from log reader
I0108 16:43:16.486636 24689 log.cc:1062] T 97a6791627c941a48f3269f2d00d1eea P 72e6f176048945dea46e0f4305315d3c: Deleting log segment in path: /data/somelongdirectorytoavoidrpathissues/src/kudutest/linked_list-test.LinkedListTest.TestLoadAndVerify.1578529919787104-24342/linked-list-cluster/ts-2/wal/wals/97a6791627c941a48f3269f2d00d1eea/wal-000000021 (ops 247933-260353)
I0108 16:43:16.486667 24689 log.cc:1062] T 97a6791627c941a48f3269f2d00d1eea P 72e6f176048945dea46e0f4305315d3c: Deleting log segment in path: /data/somelongdirectorytoavoidrpathissues/src/kudutest/linked_list-test.LinkedListTest.TestLoadAndVerify.1578529919787104-24342/linked-list-cluster/ts-2/wal/wals/97a6791627c941a48f3269f2d00d1eea/wal-000000022 (ops 260354-272721)
I0108 16:43:16.486704 24689 log.cc:1062] T 97a6791627c941a48f3269f2d00d1eea P 72e6f176048945dea46e0f4305315d3c: Deleting log segment in path: /data/somelongdirectorytoavoidrpathissues/src/kudutest/linked_list-test.LinkedListTest.TestLoadAndVerify.1578529919787104-24342/linked-list-cluster/ts-2/wal/wals/97a6791627c941a48f3269f2d00d1eea/wal-000000023 (ops 272722-285105)
I0108 16:43:16.486724 24689 log.cc:1062] T 97a6791627c941a48f3269f2d00d1eea P 72e6f176048945dea46e0f4305315d3c: Deleting log segment in path: /data/somelongdirectorytoavoidrpathissues/src/kudutest/linked_list-test.LinkedListTest.TestLoadAndVerify.1578529919787104-24342/linked-list-cluster/ts-2/wal/wals/97a6791627c941a48f3269f2d00d1eea/wal-000000024 (ops 285106-297525)
I0108 16:43:16.486752 24689 log.cc:1062] T 97a6791627c941a48f3269f2d00d1eea P 72e6f176048945dea46e0f4305315d3c: Deleting log segment in path: /data/somelongdirectorytoavoidrpathissues/src/kudutest/linked_list-test.LinkedListTest.TestLoadAndVerify.1578529919787104-24342/linked-list-cluster/ts-2/wal/wals/97a6791627c941a48f3269f2d00d1eea/wal-000000025 (ops 297526-309914)
I0108 16:43:16.496588 24689 maintenance_manager.cc:527] P 72e6f176048945dea46e0f4305315d3c: LogGCOp(97a6791627c941a48f3269f2d00d1eea) complete. Timing: real 0.010s user 0.000s sys 0.009s Metrics: {}
I0108 16:43:16.496681 24795 maintenance_manager.cc:326] P 72e6f176048945dea46e0f4305315d3c: Scheduling UndoDeltaBlockGCOp(97a6791627c941a48f3269f2d00d1eea): 10250445 bytes on disk
I0108 16:43:16.496793 24689 maintenance_manager.cc:527] P 72e6f176048945dea46e0f4305315d3c: UndoDeltaBlockGCOp(97a6791627c941a48f3269f2d00d1eea) complete. Timing: real 0.000s user 0.000s sys 0.000s Metrics: {"cfile_init":1,"lbm_read_time_us":10,"lbm_reads_lt_1ms":4}
I0108 16:43:16.496835 24795 maintenance_manager.cc:326] P 72e6f176048945dea46e0f4305315d3c: Scheduling CompactRowSetsOp(97a6791627c941a48f3269f2d00d1eea): perf score=1.007407
I0108 16:43:20.624426 24439 maintenance_manager.cc:527] P e61264bf360a4a62a3a5e3b9f2875f5b: CompactRowSetsOp(97a6791627c941a48f3269f2d00d1eea) complete. Timing: real 13.007s user 2.531s sys 0.224s Metrics: {"bytes_written":47154421,"cfile_cache_hit":107,"cfile_cache_hit_bytes":13552646,"cfile_cache_miss":6221,"cfile_cache_miss_bytes":179496452,"cfile_init":12,"delta_iterators_relevant":6,"dirs.queue_time_us":532,"dirs.run_cpu_time_us":228,"dirs.run_wall_time_us":90714,"drs_written":2,"lbm_read_time_us":7041987,"lbm_reads_1-10_ms":55,"lbm_reads_10-100_ms":161,"lbm_reads_gt_100_ms":4,"lbm_reads_lt_1ms":6049,"lbm_write_time_us":2529556,"lbm_writes_1-10_ms":22,"lbm_writes_10-100_ms":53,"lbm_writes_gt_100_ms":3,"lbm_writes_lt_1ms":4678,"num_input_rowsets":3,"rows_written":2680525,"thread_start_us":690,"threads_started":10}
I0108 16:43:20.624657 24546 maintenance_manager.cc:326] P e61264bf360a4a62a3a5e3b9f2875f5b: Scheduling UndoDeltaBlockGCOp(97a6791627c941a48f3269f2d00d1eea): 57107314 bytes on disk
I0108 16:43:20.694147 24439 maintenance_manager.cc:527] P e61264bf360a4a62a3a5e3b9f2875f5b: UndoDeltaBlockGCOp(97a6791627c941a48f3269f2d00d1eea) complete. Timing: real 0.069s user 0.000s sys 0.000s Metrics: {"cfile_init":2,"lbm_read_time_us":69304,"lbm_reads_1-10_ms":2,"lbm_reads_10-100_ms":2,"lbm_reads_lt_1ms":4}
I0108 16:43:24.947787 24546 maintenance_manager.cc:326] P e61264bf360a4a62a3a5e3b9f2875f5b: Scheduling FlushMRSOp(2c3d9174c33442d28f28f4d0cda9fc51): perf score=0.033334
I0108 16:43:28.723728 24565 maintenance_manager.cc:527] P 02a5a9f6601045b6b339c43c526fc29e: CompactRowSetsOp(97a6791627c941a48f3269f2d00d1eea) complete. Timing: real 27.284s user 2.637s sys 0.211s Metrics: {"bytes_written":47151136,"cfile_cache_hit":102,"cfile_cache_hit_bytes":12663639,"cfile_cache_miss":6230,"cfile_cache_miss_bytes":179765497,"cfile_init":13,"delta_iterators_relevant":8,"dirs.queue_time_us":237,"dirs.run_cpu_time_us":272,"dirs.run_wall_time_us":1719715,"drs_written":2,"lbm_read_time_us":10159576,"lbm_reads_1-10_ms":32,"lbm_reads_10-100_ms":153,"lbm_reads_gt_100_ms":16,"lbm_reads_lt_1ms":6081,"lbm_write_time_us":12965675,"lbm_writes_1-10_ms":142,"lbm_writes_10-100_ms":237,"lbm_writes_gt_100_ms":19,"lbm_writes_lt_1ms":4358,"num_input_rowsets":3,"rows_written":2680448,"thread_start_us":464,"threads_started":10}
I0108 16:43:28.723948 24671 maintenance_manager.cc:326] P 02a5a9f6601045b6b339c43c526fc29e: Scheduling UndoDeltaBlockGCOp(97a6791627c941a48f3269f2d00d1eea): 57104284 bytes on disk
I0108 16:43:28.978382 24565 maintenance_manager.cc:527] P 02a5a9f6601045b6b339c43c526fc29e: UndoDeltaBlockGCOp(97a6791627c941a48f3269f2d00d1eea) complete. Timing: real 0.254s user 0.000s sys 0.000s Metrics: {"cfile_init":2,"lbm_read_time_us":254190,"lbm_reads_10-100_ms":4,"lbm_reads_lt_1ms":4}
I0108 16:43:28.978480 24671 maintenance_manager.cc:326] P 02a5a9f6601045b6b339c43c526fc29e: Scheduling FlushMRSOp(c0c87b04bc0f4f37876458fbfb4bdf03): perf score=0.049005
I0108 16:43:30.649718 24439 maintenance_manager.cc:527] P e61264bf360a4a62a3a5e3b9f2875f5b: FlushMRSOp(2c3d9174c33442d28f28f4d0cda9fc51) complete. Timing: real 5.702s user 1.516s sys 0.067s Metrics: {"bytes_written":25244121,"cfile_init":1,"delete_count":0,"dirs.queue_time_us":77,"dirs.run_cpu_time_us":121,"dirs.run_wall_time_us":106240,"drs_written":1,"lbm_read_time_us":8,"lbm_reads_lt_1ms":4,"lbm_write_time_us":3818149,"lbm_writes_1-10_ms":8,"lbm_writes_10-100_ms":54,"lbm_writes_gt_100_ms":9,"lbm_writes_lt_1ms":2470,"reinsert_count":0,"rows_written":1430547,"thread_start_us":32,"threads_started":1,"update_count":68}
I0108 16:43:30.649860 24546 maintenance_manager.cc:326] P e61264bf360a4a62a3a5e3b9f2875f5b: Scheduling LogGCOp(2c3d9174c33442d28f28f4d0cda9fc51): free 59131239 bytes of WAL
I0108 16:43:30.649952 24439 log_reader.cc:379] T 2c3d9174c33442d28f28f4d0cda9fc51: removed 7 log segments from log reader
I0108 16:43:30.649966 24439 log.cc:1062] T 2c3d9174c33442d28f28f4d0cda9fc51 P e61264bf360a4a62a3a5e3b9f2875f5b: Deleting log segment in path: /data/somelongdirectorytoavoidrpathissues/src/kudutest/linked_list-test.LinkedListTest.TestLoadAndVerify.1578529919787104-24342/linked-list-cluster/ts-0/wal/wals/2c3d9174c33442d28f28f4d0cda9fc51/wal-000000048 (ops 278136-284034)
I0108 16:43:30.650024 24439 log.cc:1062] T 2c3d9174c33442d28f28f4d0cda9fc51 P e61264bf360a4a62a3a5e3b9f2875f5b: Deleting log segment in path: /data/somelongdirectorytoavoidrpathissues/src/kudutest/linked_list-test.LinkedListTest.TestLoadAndVerify.1578529919787104-24342/linked-list-cluster/ts-0/wal/wals/2c3d9174c33442d28f28f4d0cda9fc51/wal-000000049 (ops 284035-289930)
I0108 16:43:30.650091 24439 log.cc:1062] T 2c3d9174c33442d28f28f4d0cda9fc51 P e61264bf360a4a62a3a5e3b9f2875f5b: Deleting log segment in path: /data/somelongdirectorytoavoidrpathissues/src/kudutest/linked_list-test.LinkedListTest.TestLoadAndVerify.1578529919787104-24342/linked-list-cluster/ts-0/wal/wals/2c3d9174c33442d28f28f4d0cda9fc51/wal-000000050 (ops 289931-295906)
I0108 16:43:30.650120 24439 log.cc:1062] T 2c3d9174c33442d28f28f4d0cda9fc51 P e61264bf360a4a62a3a5e3b9f2875f5b: Deleting log segment in path: /data/somelongdirectorytoavoidrpathissues/src/kudutest/linked_list-test.LinkedListTest.TestLoadAndVerify.1578529919787104-24342/linked-list-cluster/ts-0/wal/wals/2c3d9174c33442d28f28f4d0cda9fc51/wal-000000051 (ops 295907-301838)
I0108 16:43:30.650138 24439 log.cc:1062] T 2c3d9174c33442d28f28f4d0cda9fc51 P e61264bf360a4a62a3a5e3b9f2875f5b: Deleting log segment in path: /data/somelongdirectorytoavoidrpathissues/src/kudutest/linked_list-test.LinkedListTest.TestLoadAndVerify.1578529919787104-24342/linked-list-cluster/ts-0/wal/wals/2c3d9174c33442d28f28f4d0cda9fc51/wal-000000052 (ops 301839-307912)
I0108 16:43:30.650156 24439 log.cc:1062] T 2c3d9174c33442d28f28f4d0cda9fc51 P e61264bf360a4a62a3a5e3b9f2875f5b: Deleting log segment in path: /data/somelongdirectorytoavoidrpathissues/src/kudutest/linked_list-test.LinkedListTest.TestLoadAndVerify.1578529919787104-24342/linked-list-cluster/ts-0/wal/wals/2c3d9174c33442d28f28f4d0cda9fc51/wal-000000053 (ops 307913-313784)
I0108 16:43:30.650203 24439 log.cc:1062] T 2c3d9174c33442d28f28f4d0cda9fc51 P e61264bf360a4a62a3a5e3b9f2875f5b: Deleting log segment in path: /data/somelongdirectorytoavoidrpathissues/src/kudutest/linked_list-test.LinkedListTest.TestLoadAndVerify.1578529919787104-24342/linked-list-cluster/ts-0/wal/wals/2c3d9174c33442d28f28f4d0cda9fc51/wal-000000054 (ops 313785-319691)
I0108 16:43:30.663342 24439 maintenance_manager.cc:527] P e61264bf360a4a62a3a5e3b9f2875f5b: LogGCOp(2c3d9174c33442d28f28f4d0cda9fc51) complete. Timing: real 0.013s user 0.000s sys 0.013s Metrics: {}
I0108 16:43:30.663480 24546 maintenance_manager.cc:326] P e61264bf360a4a62a3a5e3b9f2875f5b: Scheduling UndoDeltaBlockGCOp(2c3d9174c33442d28f28f4d0cda9fc51): 28427118 bytes on disk
I0108 16:43:30.663592 24439 maintenance_manager.cc:527] P e61264bf360a4a62a3a5e3b9f2875f5b: UndoDeltaBlockGCOp(2c3d9174c33442d28f28f4d0cda9fc51) complete. Timing: real 0.000s user 0.000s sys 0.000s Metrics: {"cfile_init":1,"lbm_read_time_us":20,"lbm_reads_lt_1ms":4}
I0108 16:43:30.663650 24546 maintenance_manager.cc:326] P e61264bf360a4a62a3a5e3b9f2875f5b: Scheduling CompactRowSetsOp(2c3d9174c33442d28f28f4d0cda9fc51): perf score=0.788911
I0108 16:43:33.094768 24565 maintenance_manager.cc:527] P 02a5a9f6601045b6b339c43c526fc29e: FlushMRSOp(c0c87b04bc0f4f37876458fbfb4bdf03) complete. Timing: real 4.116s user 0.561s sys 0.032s Metrics: {"bytes_written":9051802,"cfile_init":1,"delete_count":0,"dirs.queue_time_us":74,"dirs.run_cpu_time_us":122,"dirs.run_wall_time_us":39280,"drs_written":1,"lbm_read_time_us":6,"lbm_reads_lt_1ms":4,"lbm_write_time_us":3384666,"lbm_writes_1-10_ms":39,"lbm_writes_10-100_ms":61,"lbm_writes_gt_100_ms":5,"lbm_writes_lt_1ms":824,"reinsert_count":0,"rows_written":514977,"thread_start_us":33,"threads_started":1,"update_count":8}
I0108 16:43:33.094926 24671 maintenance_manager.cc:326] P 02a5a9f6601045b6b339c43c526fc29e: Scheduling LogGCOp(c0c87b04bc0f4f37876458fbfb4bdf03): free 42025127 bytes of WAL
I0108 16:43:33.094997 24565 log_reader.cc:379] T c0c87b04bc0f4f37876458fbfb4bdf03: removed 5 log segments from log reader
I0108 16:43:33.095014 24565 log.cc:1062] T c0c87b04bc0f4f37876458fbfb4bdf03 P 02a5a9f6601045b6b339c43c526fc29e: Deleting log segment in path: /data/somelongdirectorytoavoidrpathissues/src/kudutest/linked_list-test.LinkedListTest.TestLoadAndVerify.1578529919787104-24342/linked-list-cluster/ts-1/wal/wals/c0c87b04bc0f4f37876458fbfb4bdf03/wal-000000021 (ops 248030-260461)
I0108 16:43:33.095060 24565 log.cc:1062] T c0c87b04bc0f4f37876458fbfb4bdf03 P 02a5a9f6601045b6b339c43c526fc29e: Deleting log segment in path: /data/somelongdirectorytoavoidrpathissues/src/kudutest/linked_list-test.LinkedListTest.TestLoadAndVerify.1578529919787104-24342/linked-list-cluster/ts-1/wal/wals/c0c87b04bc0f4f37876458fbfb4bdf03/wal-000000022 (ops 260462-272798)
I0108 16:43:33.095089 24565 log.cc:1062] T c0c87b04bc0f4f37876458fbfb4bdf03 P 02a5a9f6601045b6b339c43c526fc29e: Deleting log segment in path: /data/somelongdirectorytoavoidrpathissues/src/kudutest/linked_list-test.LinkedListTest.TestLoadAndVerify.1578529919787104-24342/linked-list-cluster/ts-1/wal/wals/c0c87b04bc0f4f37876458fbfb4bdf03/wal-000000023 (ops 272799-285206)
I0108 16:43:33.095109 24565 log.cc:1062] T c0c87b04bc0f4f37876458fbfb4bdf03 P 02a5a9f6601045b6b339c43c526fc29e: Deleting log segment in path: /data/somelongdirectorytoavoidrpathissues/src/kudutest/linked_list-test.LinkedListTest.TestLoadAndVerify.1578529919787104-24342/linked-list-cluster/ts-1/wal/wals/c0c87b04bc0f4f37876458fbfb4bdf03/wal-000000024 (ops 285207-297635)
I0108 16:43:33.095127 24565 log.cc:1062] T c0c87b04bc0f4f37876458fbfb4bdf03 P 02a5a9f6601045b6b339c43c526fc29e: Deleting log segment in path: /data/somelongdirectorytoavoidrpathissues/src/kudutest/linked_list-test.LinkedListTest.TestLoadAndVerify.1578529919787104-24342/linked-list-cluster/ts-1/wal/wals/c0c87b04bc0f4f37876458fbfb4bdf03/wal-000000025 (ops 297636-310090)
I0108 16:43:33.105547 24565 maintenance_manager.cc:527] P 02a5a9f6601045b6b339c43c526fc29e: LogGCOp(c0c87b04bc0f4f37876458fbfb4bdf03) complete. Timing: real 0.011s user 0.000s sys 0.010s Metrics: {}
I0108 16:43:33.105674 24671 maintenance_manager.cc:326] P 02a5a9f6601045b6b339c43c526fc29e: Scheduling UndoDeltaBlockGCOp(c0c87b04bc0f4f37876458fbfb4bdf03): 10274764 bytes on disk
I0108 16:43:33.105792 24565 maintenance_manager.cc:527] P 02a5a9f6601045b6b339c43c526fc29e: UndoDeltaBlockGCOp(c0c87b04bc0f4f37876458fbfb4bdf03) complete. Timing: real 0.000s user 0.000s sys 0.000s Metrics: {"cfile_init":1,"lbm_read_time_us":16,"lbm_reads_lt_1ms":4}
I0108 16:43:33.105841 24671 maintenance_manager.cc:326] P 02a5a9f6601045b6b339c43c526fc29e: Scheduling CompactRowSetsOp(c0c87b04bc0f4f37876458fbfb4bdf03): perf score=1.007404
I0108 16:43:38.924708 24689 maintenance_manager.cc:527] P 72e6f176048945dea46e0f4305315d3c: CompactRowSetsOp(97a6791627c941a48f3269f2d00d1eea) complete. Timing: real 22.428s user 2.595s sys 0.199s Metrics: {"bytes_written":47159886,"cfile_cache_hit":90,"cfile_cache_hit_bytes":10845941,"cfile_cache_miss":6242,"cfile_cache_miss_bytes":182213131,"cfile_init":12,"delta_iterators_relevant":8,"dirs.queue_time_us":371,"dirs.run_cpu_time_us":247,"dirs.run_wall_time_us":1607987,"drs_written":2,"lbm_read_time_us":8224716,"lbm_reads_1-10_ms":35,"lbm_reads_10-100_ms":172,"lbm_reads_gt_100_ms":10,"lbm_reads_lt_1ms":6073,"lbm_write_time_us":11002742,"lbm_writes_1-10_ms":40,"lbm_writes_10-100_ms":208,"lbm_writes_gt_100_ms":8,"lbm_writes_lt_1ms":4501,"num_input_rowsets":3,"rows_written":2680632,"spinlock_wait_cycles":1792,"thread_start_us":669,"threads_started":10}
I0108 16:43:38.924916 24795 maintenance_manager.cc:326] P 72e6f176048945dea46e0f4305315d3c: Scheduling FlushMRSOp(2c3d9174c33442d28f28f4d0cda9fc51): perf score=0.036077
W0108 16:43:46.116338 24689 tablet_replica.cc:929] Time spent Committing in-flights took a long time.: real 0.728s user 0.001s sys 0.000s
I0108 16:43:46.117209 24689 maintenance_manager.cc:527] P 72e6f176048945dea46e0f4305315d3c: FlushMRSOp(2c3d9174c33442d28f28f4d0cda9fc51) complete. Timing: real 7.192s user 1.611s sys 0.058s Metrics: {"bytes_written":24584300,"cfile_init":1,"delete_count":0,"dirs.queue_time_us":121,"dirs.run_cpu_time_us":40,"dirs.run_wall_time_us":40,"drs_written":1,"lbm_read_time_us":8,"lbm_reads_lt_1ms":4,"lbm_write_time_us":4352208,"lbm_writes_1-10_ms":34,"lbm_writes_10-100_ms":75,"lbm_writes_gt_100_ms":7,"lbm_writes_lt_1ms":2359,"reinsert_count":0,"rows_written":1392818,"thread_start_us":91,"threads_started":1,"update_count":66}
I0108 16:43:46.117347 24795 maintenance_manager.cc:326] P 72e6f176048945dea46e0f4305315d3c: Scheduling CompactRowSetsOp(2c3d9174c33442d28f28f4d0cda9fc51): perf score=0.789768
I0108 16:43:57.068233 24565 maintenance_manager.cc:527] P 02a5a9f6601045b6b339c43c526fc29e: CompactRowSetsOp(c0c87b04bc0f4f37876458fbfb4bdf03) complete. Timing: real 23.962s user 2.638s sys 0.188s Metrics: {"bytes_written":47160277,"cfile_cache_hit":104,"cfile_cache_hit_bytes":12941086,"cfile_cache_miss":6228,"cfile_cache_miss_bytes":180122772,"cfile_init":12,"delta_iterators_relevant":8,"dirs.queue_time_us":546,"dirs.run_cpu_time_us":249,"dirs.run_wall_time_us":96258,"drs_written":2,"lbm_read_time_us":8273386,"lbm_reads_1-10_ms":40,"lbm_reads_10-100_ms":162,"lbm_reads_gt_100_ms":11,"lbm_reads_lt_1ms":6063,"lbm_write_time_us":12150145,"lbm_writes_1-10_ms":88,"lbm_writes_10-100_ms":211,"lbm_writes_gt_100_ms":19,"lbm_writes_lt_1ms":4440,"num_input_rowsets":3,"rows_written":2680874,"thread_start_us":803,"threads_started":10}
I0108 16:43:57.068357 24671 maintenance_manager.cc:326] P 02a5a9f6601045b6b339c43c526fc29e: Scheduling UndoDeltaBlockGCOp(c0c87b04bc0f4f37876458fbfb4bdf03): 57102182 bytes on disk
I0108 16:43:57.068481 24565 maintenance_manager.cc:527] P 02a5a9f6601045b6b339c43c526fc29e: UndoDeltaBlockGCOp(c0c87b04bc0f4f37876458fbfb4bdf03) complete. Timing: real 0.000s user 0.000s sys 0.000s Metrics: {"cfile_init":2,"lbm_read_time_us":16,"lbm_reads_lt_1ms":8}
I0108 16:43:57.068529 24671 maintenance_manager.cc:326] P 02a5a9f6601045b6b339c43c526fc29e: Scheduling FlushMRSOp(2c3d9174c33442d28f28f4d0cda9fc51): perf score=0.041017
I0108 16:44:04.919328 28561 rpcz_store.cc:269] Call kudu.tserver.TabletServerService.Write from 127.23.197.130:36790 (ReqId={client: dbcb5a880e8742629e06e9264dfb379f, seq_no=953514, attempt_no=0}) took 1152ms. Request Metrics: {"child_traces":[["txn",{"apply.queue_time_us":192,"cfile_cache_hit":26,"cfile_cache_hit_bytes":162937,"cfile_cache_miss":12,"cfile_cache_miss_bytes":49272,"lbm_read_time_us":1149025,"lbm_reads_10-100_ms":7,"lbm_reads_gt_100_ms":5,"num_ops":33,"prepare.queue_time_us":714,"prepare.run_cpu_time_us":225,"prepare.run_wall_time_us":345,"raft.queue_time_us":47,"raft.run_cpu_time_us":57,"raft.run_wall_time_us":190,"replication_time_us":1821,"spinlock_wait_cycles":347392,"thread_start_us":255,"threads_started":3}]]}
I0108 16:44:05.879971 24565 maintenance_manager.cc:527] P 02a5a9f6601045b6b339c43c526fc29e: FlushMRSOp(2c3d9174c33442d28f28f4d0cda9fc51) complete. Timing: real 8.811s user 1.628s sys 0.058s Metrics: {"bytes_written":24524901,"cfile_init":1,"delete_count":0,"dirs.queue_time_us":86,"dirs.run_cpu_time_us":97,"dirs.run_wall_time_us":66446,"drs_written":1,"lbm_read_time_us":5,"lbm_reads_lt_1ms":4,"lbm_write_time_us":6291885,"lbm_writes_1-10_ms":20,"lbm_writes_10-100_ms":110,"lbm_writes_gt_100_ms":11,"lbm_writes_lt_1ms":2329,"reinsert_count":0,"rows_written":1389398,"thread_start_us":67,"threads_started":1,"update_count":124}
I0108 16:44:05.880110 24671 maintenance_manager.cc:326] P 02a5a9f6601045b6b339c43c526fc29e: Scheduling LogGCOp(2c3d9174c33442d28f28f4d0cda9fc51): free 58998946 bytes of WAL
I0108 16:44:05.880175 24565 log_reader.cc:379] T 2c3d9174c33442d28f28f4d0cda9fc51: removed 7 log segments from log reader
I0108 16:44:05.880192 24565 log.cc:1062] T 2c3d9174c33442d28f28f4d0cda9fc51 P 02a5a9f6601045b6b339c43c526fc29e: Deleting log segment in path: /data/somelongdirectorytoavoidrpathissues/src/kudutest/linked_list-test.LinkedListTest.TestLoadAndVerify.1578529919787104-24342/linked-list-cluster/ts-1/wal/wals/2c3d9174c33442d28f28f4d0cda9fc51/wal-000000048 (ops 277900-283739)
I0108 16:44:05.880246 24565 log.cc:1062] T 2c3d9174c33442d28f28f4d0cda9fc51 P 02a5a9f6601045b6b339c43c526fc29e: Deleting log segment in path: /data/somelongdirectorytoavoidrpathissues/src/kudutest/linked_list-test.LinkedListTest.TestLoadAndVerify.1578529919787104-24342/linked-list-cluster/ts-1/wal/wals/2c3d9174c33442d28f28f4d0cda9fc51/wal-000000049 (ops 283740-289640)
I0108 16:44:05.880304 24565 log.cc:1062] T 2c3d9174c33442d28f28f4d0cda9fc51 P 02a5a9f6601045b6b339c43c526fc29e: Deleting log segment in path: /data/somelongdirectorytoavoidrpathissues/src/kudutest/linked_list-test.LinkedListTest.TestLoadAndVerify.1578529919787104-24342/linked-list-cluster/ts-1/wal/wals/2c3d9174c33442d28f28f4d0cda9fc51/wal-000000050 (ops 289641-295514)
I0108 16:44:05.880332 24565 log.cc:1062] T 2c3d9174c33442d28f28f4d0cda9fc51 P 02a5a9f6601045b6b339c43c526fc29e: Deleting log segment in path: /data/somelongdirectorytoavoidrpathissues/src/kudutest/linked_list-test.LinkedListTest.TestLoadAndVerify.1578529919787104-24342/linked-list-cluster/ts-1/wal/wals/2c3d9174c33442d28f28f4d0cda9fc51/wal-000000051 (ops 295515-301441)
I0108 16:44:05.880352 24565 log.cc:1062] T 2c3d9174c33442d28f28f4d0cda9fc51 P 02a5a9f6601045b6b339c43c526fc29e: Deleting log segment in path: /data/somelongdirectorytoavoidrpathissues/src/kudutest/linked_list-test.LinkedListTest.TestLoadAndVerify.1578529919787104-24342/linked-list-cluster/ts-1/wal/wals/2c3d9174c33442d28f28f4d0cda9fc51/wal-000000052 (ops 301442-307416)
I0108 16:44:05.880369 24565 log.cc:1062] T 2c3d9174c33442d28f28f4d0cda9fc51 P 02a5a9f6601045b6b339c43c526fc29e: Deleting log segment in path: /data/somelongdirectorytoavoidrpathissues/src/kudutest/linked_list-test.LinkedListTest.TestLoadAndVerify.1578529919787104-24342/linked-list-cluster/ts-1/wal/wals/2c3d9174c33442d28f28f4d0cda9fc51/wal-000000053 (ops 307417-313391)
I0108 16:44:05.880390 24565 log.cc:1062] T 2c3d9174c33442d28f28f4d0cda9fc51 P 02a5a9f6601045b6b339c43c526fc29e: Deleting log segment in path: /data/somelongdirectorytoavoidrpathissues/src/kudutest/linked_list-test.LinkedListTest.TestLoadAndVerify.1578529919787104-24342/linked-list-cluster/ts-1/wal/wals/2c3d9174c33442d28f28f4d0cda9fc51/wal-000000054 (ops 313392-319281)
I0108 16:44:05.892779 24565 maintenance_manager.cc:527] P 02a5a9f6601045b6b339c43c526fc29e: LogGCOp(2c3d9174c33442d28f28f4d0cda9fc51) complete. Timing: real 0.013s user 0.000s sys 0.013s Metrics: {}
I0108 16:44:05.892861 24671 maintenance_manager.cc:326] P 02a5a9f6601045b6b339c43c526fc29e: Scheduling CompactRowSetsOp(2c3d9174c33442d28f28f4d0cda9fc51): perf score=0.789878
I0108 16:44:16.709853 24439 maintenance_manager.cc:527] P e61264bf360a4a62a3a5e3b9f2875f5b: CompactRowSetsOp(2c3d9174c33442d28f28f4d0cda9fc51) complete. Timing: real 46.046s user 8.319s sys 0.623s Metrics: {"bytes_written":154584012,"cfile_cache_hit":37,"cfile_cache_hit_bytes":373340,"cfile_cache_miss":20673,"cfile_cache_miss_bytes":635356842,"cfile_init":21,"delta_iterators_relevant":12,"dirs.queue_time_us":1166,"dirs.run_cpu_time_us":828,"dirs.run_wall_time_us":361949,"drs_written":5,"lbm_read_time_us":28700845,"lbm_reads_1-10_ms":160,"lbm_reads_10-100_ms":586,"lbm_reads_gt_100_ms":37,"lbm_reads_lt_1ms":19974,"lbm_write_time_us":6067677,"lbm_writes_1-10_ms":42,"lbm_writes_10-100_ms":107,"lbm_writes_gt_100_ms":9,"lbm_writes_lt_1ms":15412,"num_input_rowsets":5,"rows_written":8787058,"spinlock_wait_cycles":1792,"thread_start_us":995,"threads_started":13}
I0108 16:44:16.710048 24546 maintenance_manager.cc:326] P e61264bf360a4a62a3a5e3b9f2875f5b: Scheduling UndoDeltaBlockGCOp(2c3d9174c33442d28f28f4d0cda9fc51): 187201309 bytes on disk
I0108 16:44:16.897233 24439 maintenance_manager.cc:527] P e61264bf360a4a62a3a5e3b9f2875f5b: UndoDeltaBlockGCOp(2c3d9174c33442d28f28f4d0cda9fc51) complete. Timing: real 0.187s user 0.000s sys 0.001s Metrics: {"cfile_init":5,"lbm_read_time_us":186878,"lbm_reads_1-10_ms":3,"lbm_reads_10-100_ms":5,"lbm_reads_lt_1ms":12}
I0108 16:44:16.897344 24546 maintenance_manager.cc:326] P e61264bf360a4a62a3a5e3b9f2875f5b: Scheduling CompactRowSetsOp(2c3d9174c33442d28f28f4d0cda9fc51): perf score=0.283574
I0108 16:44:45.701675 24689 maintenance_manager.cc:527] P 72e6f176048945dea46e0f4305315d3c: CompactRowSetsOp(2c3d9174c33442d28f28f4d0cda9fc51) complete. Timing: real 59.584s user 8.405s sys 0.643s Metrics: {"bytes_written":154601140,"cfile_cache_hit":41,"cfile_cache_hit_bytes":969935,"cfile_cache_miss":20671,"cfile_cache_miss_bytes":634995029,"cfile_init":22,"delta_iterators_relevant":12,"dirs.queue_time_us":830,"dirs.run_cpu_time_us":619,"dirs.run_wall_time_us":390733,"drs_written":5,"lbm_read_time_us":32624280,"lbm_reads_1-10_ms":150,"lbm_reads_10-100_ms":601,"lbm_reads_gt_100_ms":58,"lbm_reads_lt_1ms":19950,"lbm_write_time_us":15442989,"lbm_writes_1-10_ms":97,"lbm_writes_10-100_ms":299,"lbm_writes_gt_100_ms":17,"lbm_writes_lt_1ms":15158,"num_input_rowsets":5,"rows_written":8788091,"spinlock_wait_cycles":3724672,"thread_start_us":817,"threads_started":13}
I0108 16:44:45.701866 24795 maintenance_manager.cc:326] P 72e6f176048945dea46e0f4305315d3c: Scheduling LogGCOp(2c3d9174c33442d28f28f4d0cda9fc51): free 58901508 bytes of WAL
I0108 16:44:45.701933 24689 log_reader.cc:379] T 2c3d9174c33442d28f28f4d0cda9fc51: removed 7 log segments from log reader
I0108 16:44:45.701969 24689 log.cc:1062] T 2c3d9174c33442d28f28f4d0cda9fc51 P 72e6f176048945dea46e0f4305315d3c: Deleting log segment in path: /data/somelongdirectorytoavoidrpathissues/src/kudutest/linked_list-test.LinkedListTest.TestLoadAndVerify.1578529919787104-24342/linked-list-cluster/ts-2/wal/wals/2c3d9174c33442d28f28f4d0cda9fc51/wal-000000048 (ops 279065-284997)
I0108 16:44:45.702033 24689 log.cc:1062] T 2c3d9174c33442d28f28f4d0cda9fc51 P 72e6f176048945dea46e0f4305315d3c: Deleting log segment in path: /data/somelongdirectorytoavoidrpathissues/src/kudutest/linked_list-test.LinkedListTest.TestLoadAndVerify.1578529919787104-24342/linked-list-cluster/ts-2/wal/wals/2c3d9174c33442d28f28f4d0cda9fc51/wal-000000049 (ops 284998-290941)
I0108 16:44:45.702109 24689 log.cc:1062] T 2c3d9174c33442d28f28f4d0cda9fc51 P 72e6f176048945dea46e0f4305315d3c: Deleting log segment in path: /data/somelongdirectorytoavoidrpathissues/src/kudutest/linked_list-test.LinkedListTest.TestLoadAndVerify.1578529919787104-24342/linked-list-cluster/ts-2/wal/wals/2c3d9174c33442d28f28f4d0cda9fc51/wal-000000050 (ops 290942-296840)
I0108 16:44:45.702169 24689 log.cc:1062] T 2c3d9174c33442d28f28f4d0cda9fc51 P 72e6f176048945dea46e0f4305315d3c: Deleting log segment in path: /data/somelongdirectorytoavoidrpathissues/src/kudutest/linked_list-test.LinkedListTest.TestLoadAndVerify.1578529919787104-24342/linked-list-cluster/ts-2/wal/wals/2c3d9174c33442d28f28f4d0cda9fc51/wal-000000051 (ops 296841-302776)
I0108 16:44:45.702221 24689 log.cc:1062] T 2c3d9174c33442d28f28f4d0cda9fc51 P 72e6f176048945dea46e0f4305315d3c: Deleting log segment in path: /data/somelongdirectorytoavoidrpathissues/src/kudutest/linked_list-test.LinkedListTest.TestLoadAndVerify.1578529919787104-24342/linked-list-cluster/ts-2/wal/wals/2c3d9174c33442d28f28f4d0cda9fc51/wal-000000052 (ops 302777-308783)
I0108 16:44:45.702272 24689 log.cc:1062] T 2c3d9174c33442d28f28f4d0cda9fc51 P 72e6f176048945dea46e0f4305315d3c: Deleting log segment in path: /data/somelongdirectorytoavoidrpathissues/src/kudutest/linked_list-test.LinkedListTest.TestLoadAndVerify.1578529919787104-24342/linked-list-cluster/ts-2/wal/wals/2c3d9174c33442d28f28f4d0cda9fc51/wal-000000053 (ops 308784-314744)
I0108 16:44:45.702322 24689 log.cc:1062] T 2c3d9174c33442d28f28f4d0cda9fc51 P 72e6f176048945dea46e0f4305315d3c: Deleting log segment in path: /data/somelongdirectorytoavoidrpathissues/src/kudutest/linked_list-test.LinkedListTest.TestLoadAndVerify.1578529919787104-24342/linked-list-cluster/ts-2/wal/wals/2c3d9174c33442d28f28f4d0cda9fc51/wal-000000054 (ops 314745-320682)
I0108 16:44:45.723026 24689 maintenance_manager.cc:527] P 72e6f176048945dea46e0f4305315d3c: LogGCOp(2c3d9174c33442d28f28f4d0cda9fc51) complete. Timing: real 0.021s user 0.000s sys 0.018s Metrics: {}
I0108 16:44:45.723220 24795 maintenance_manager.cc:326] P 72e6f176048945dea46e0f4305315d3c: Scheduling CompactRowSetsOp(2c3d9174c33442d28f28f4d0cda9fc51): perf score=0.283139
W0108 16:44:46.780815 28949 lock_manager.cc:368] Waited 1 seconds to obtain row lock on key \xa4\xa2\x17\x85\x0a.\x00\x00 cur holder: 0x597f500
I0108 16:44:48.505326 28998 rpcz_store.cc:269] Call kudu.tserver.TabletServerService.Write from 127.23.197.131:58284 (ReqId={client: dbcb5a880e8742629e06e9264dfb379f, seq_no=954799, attempt_no=0}) took 1582ms. Request Metrics: {"child_traces":[["txn",{"apply.queue_time_us":1549295,"cfile_cache_hit":10,"cfile_cache_hit_bytes":54758,"cfile_cache_miss":1,"cfile_cache_miss_bytes":4106,"lbm_read_time_us":32429,"lbm_reads_10-100_ms":1,"num_ops":9,"prepare.queue_time_us":30,"prepare.run_cpu_time_us":71,"prepare.run_wall_time_us":70,"raft.queue_time_us":32,"raft.run_cpu_time_us":53,"raft.run_wall_time_us":53,"replication_time_us":527,"spinlock_wait_cycles":8576}]]}
I0108 16:44:53.352229 24439 maintenance_manager.cc:527] P e61264bf360a4a62a3a5e3b9f2875f5b: CompactRowSetsOp(2c3d9174c33442d28f28f4d0cda9fc51) complete. Timing: real 36.455s user 3.783s sys 0.336s Metrics: {"bytes_written":68002573,"cfile_cache_hit":19,"cfile_cache_hit_bytes":851719,"cfile_cache_miss":9093,"cfile_cache_miss_bytes":280201727,"cfile_init":8,"delta_iterators_relevant":4,"dirs.queue_time_us":448,"dirs.run_cpu_time_us":272,"dirs.run_wall_time_us":69834,"drs_written":2,"lbm_read_time_us":14937375,"lbm_reads_1-10_ms":87,"lbm_reads_10-100_ms":271,"lbm_reads_gt_100_ms":26,"lbm_reads_lt_1ms":8741,"lbm_write_time_us":16138735,"lbm_writes_1-10_ms":75,"lbm_writes_10-100_ms":280,"lbm_writes_gt_100_ms":25,"lbm_writes_lt_1ms":6465,"num_input_rowsets":2,"rows_written":3866645,"spinlock_wait_cycles":1906688,"thread_start_us":625,"threads_started":10}
I0108 16:44:53.352443 24546 maintenance_manager.cc:326] P e61264bf360a4a62a3a5e3b9f2875f5b: Scheduling UndoDeltaBlockGCOp(2c3d9174c33442d28f28f4d0cda9fc51): 82570312 bytes on disk
I0108 16:44:53.596068 24439 maintenance_manager.cc:527] P e61264bf360a4a62a3a5e3b9f2875f5b: UndoDeltaBlockGCOp(2c3d9174c33442d28f28f4d0cda9fc51) complete. Timing: real 0.244s user 0.000s sys 0.000s Metrics: {"cfile_init":2,"lbm_read_time_us":243439,"lbm_reads_10-100_ms":1,"lbm_reads_gt_100_ms":1,"lbm_reads_lt_1ms":6}
I0108 16:44:53.596228 24546 maintenance_manager.cc:326] P e61264bf360a4a62a3a5e3b9f2875f5b: Scheduling FlushMRSOp(c0c87b04bc0f4f37876458fbfb4bdf03): perf score=0.034057
I0108 16:44:54.085268 24439 maintenance_manager.cc:527] P e61264bf360a4a62a3a5e3b9f2875f5b: FlushMRSOp(c0c87b04bc0f4f37876458fbfb4bdf03) complete. Timing: real 0.489s user 0.009s sys 0.000s Metrics: {"bytes_written":139529,"cfile_init":1,"dirs.queue_time_us":68,"drs_written":1,"lbm_read_time_us":5,"lbm_reads_lt_1ms":4,"lbm_write_time_us":479549,"lbm_writes_1-10_ms":2,"lbm_writes_10-100_ms":3,"lbm_writes_gt_100_ms":1,"lbm_writes_lt_1ms":30,"rows_written":7285,"thread_start_us":31,"threads_started":1}
I0108 16:44:54.085419 24546 maintenance_manager.cc:326] P e61264bf360a4a62a3a5e3b9f2875f5b: Scheduling UndoDeltaBlockGCOp(c0c87b04bc0f4f37876458fbfb4bdf03): 130940 bytes on disk
I0108 16:44:54.085508 24439 maintenance_manager.cc:527] P e61264bf360a4a62a3a5e3b9f2875f5b: UndoDeltaBlockGCOp(c0c87b04bc0f4f37876458fbfb4bdf03) complete. Timing: real 0.000s user 0.000s sys 0.000s Metrics: {"cfile_init":1,"lbm_read_time_us":9,"lbm_reads_lt_1ms":4}
I0108 16:44:54.085686 24546 maintenance_manager.cc:326] P e61264bf360a4a62a3a5e3b9f2875f5b: Scheduling CompactRowSetsOp(c0c87b04bc0f4f37876458fbfb4bdf03): perf score=1.007027
I0108 16:45:09.411444 29127 rpcz_store.cc:269] Call kudu.tserver.TabletServerService.Write from 127.23.197.130:36790 (ReqId={client: dbcb5a880e8742629e06e9264dfb379f, seq_no=971951, attempt_no=0}) took 1030ms. Request Metrics: {"child_traces":[["txn",{"apply.queue_time_us":156,"cfile_cache_hit":146347,"cfile_cache_hit_bytes":1471759142,"num_ops":16979,"prepare.queue_time_us":12,"prepare.run_cpu_time_us":18208,"prepare.run_wall_time_us":63220,"raft.queue_time_us":31,"raft.run_cpu_time_us":161,"raft.run_wall_time_us":169,"replication_time_us":8564,"spinlock_wait_cycles":2662272}]]}
I0108 16:45:11.469926 29108 rpcz_store.cc:269] Call kudu.tserver.TabletServerService.Write from 127.23.197.130:36790 (ReqId={client: dbcb5a880e8742629e06e9264dfb379f, seq_no=974942, attempt_no=0}) took 1049ms. Request Metrics: {"child_traces":[["txn",{"apply.queue_time_us":9,"cfile_cache_hit":140713,"cfile_cache_hit_bytes":1414169626,"num_ops":16317,"prepare.queue_time_us":57,"prepare.run_cpu_time_us":17428,"prepare.run_wall_time_us":45039,"raft.queue_time_us":8030,"raft.run_cpu_time_us":145,"raft.run_wall_time_us":145,"replication_time_us":5934,"spinlock_wait_cycles":25656320}]]}
I0108 16:45:12.117157 24439 maintenance_manager.cc:527] P e61264bf360a4a62a3a5e3b9f2875f5b: CompactRowSetsOp(c0c87b04bc0f4f37876458fbfb4bdf03) complete. Timing: real 18.031s user 3.299s sys 0.401s Metrics: {"bytes_written":47290892,"cfile_cache_hit":31,"cfile_cache_hit_bytes":1925630,"cfile_cache_miss":6317,"cfile_cache_miss_bytes":194122274,"cfile_init":11,"delete_count":0,"delta_iterators_relevant":6,"dirs.queue_time_us":4503,"dirs.run_cpu_time_us":239,"dirs.run_wall_time_us":197681,"drs_written":2,"lbm_read_time_us":3990465,"lbm_reads_1-10_ms":142,"lbm_reads_10-100_ms":84,"lbm_reads_gt_100_ms":1,"lbm_reads_lt_1ms":6134,"lbm_write_time_us":1747481,"lbm_writes_1-10_ms":98,"lbm_writes_10-100_ms":35,"lbm_writes_gt_100_ms":1,"lbm_writes_lt_1ms":4645,"num_input_rowsets":3,"reinsert_count":0,"rows_written":2687497,"spinlock_wait_cycles":57159168,"thread_start_us":389,"threads_started":10,"update_count":1021}
I0108 16:45:12.117370 24546 maintenance_manager.cc:326] P e61264bf360a4a62a3a5e3b9f2875f5b: Scheduling FlushMRSOp(97a6791627c941a48f3269f2d00d1eea): perf score=0.034586
I0108 16:45:12.359256 24439 maintenance_manager.cc:527] P e61264bf360a4a62a3a5e3b9f2875f5b: FlushMRSOp(97a6791627c941a48f3269f2d00d1eea) complete. Timing: real 0.242s user 0.090s sys 0.010s Metrics: {"bytes_written":1185616,"cfile_init":1,"dirs.queue_time_us":21,"dirs.run_cpu_time_us":48,"dirs.run_wall_time_us":49,"drs_written":1,"lbm_read_time_us":6,"lbm_reads_lt_1ms":4,"lbm_write_time_us":120783,"lbm_writes_1-10_ms":12,"lbm_writes_10-100_ms":4,"lbm_writes_lt_1ms":120,"rows_written":65880}
I0108 16:45:12.359462 24546 maintenance_manager.cc:326] P e61264bf360a4a62a3a5e3b9f2875f5b: Scheduling CompactRowSetsOp(97a6791627c941a48f3269f2d00d1eea): perf score=1.006541 ------------------------------------------------------------ Histogram for latency of insert operations (microseconds) Note: each insert is a batch of 50 rows. ------------------------------------------------------------ Count: 330000 Mean: 2232.89 Percentiles: 0% (min) = 728 25% = 1355 50% (med) = 1522 75% = 1738 95% = 2384 99% = 8864 99.9% = 111680 99.99% = 696320 100% (max) = 1587501 *NOTE: some values were greater than highest trackable value
I0108 16:45:13.370851 24342 linked_list-test-util.h:519] Written 16500000 rows in chain
I0108 16:45:16.038877 24689 maintenance_manager.cc:527] P 72e6f176048945dea46e0f4305315d3c: CompactRowSetsOp(2c3d9174c33442d28f28f4d0cda9fc51) complete. Timing: real 30.316s user 4.702s sys 0.506s Metrics: {"bytes_written":68004197,"cfile_cache_hit":35,"cfile_cache_hit_bytes":3254726,"cfile_cache_miss":9077,"cfile_cache_miss_bytes":277841128,"cfile_init":9,"delta_iterators_relevant":4,"dirs.queue_time_us":130,"dirs.run_cpu_time_us":281,"dirs.run_wall_time_us":117449,"drs_written":2,"lbm_read_time_us":8494411,"lbm_reads_1-10_ms":218,"lbm_reads_10-100_ms":119,"lbm_reads_gt_100_ms":22,"lbm_reads_lt_1ms":8754,"lbm_write_time_us":5302129,"lbm_writes_1-10_ms":160,"lbm_writes_10-100_ms":112,"lbm_writes_gt_100_ms":4,"lbm_writes_lt_1ms":6572,"num_input_rowsets":2,"rows_written":3866652,"spinlock_wait_cycles":74240256,"thread_start_us":73,"threads_started":2}
I0108 16:45:16.039559 24795 maintenance_manager.cc:326] P 72e6f176048945dea46e0f4305315d3c: Scheduling FlushMRSOp(c0c87b04bc0f4f37876458fbfb4bdf03): perf score=0.038292
I0108 16:45:16.289716 24565 maintenance_manager.cc:527] P 02a5a9f6601045b6b339c43c526fc29e: CompactRowSetsOp(2c3d9174c33442d28f28f4d0cda9fc51) complete. Timing: real 70.397s user 9.751s sys 0.872s Metrics: {"bytes_written":154630929,"cfile_cache_hit":98,"cfile_cache_hit_bytes":9501666,"cfile_cache_miss":20612,"cfile_cache_miss_bytes":626574836,"cfile_init":22,"delta_iterators_relevant":12,"dirs.queue_time_us":14700,"dirs.run_cpu_time_us":547,"dirs.run_wall_time_us":244076,"drs_written":5,"lbm_read_time_us":24382711,"lbm_reads_1-10_ms":339,"lbm_reads_10-100_ms":451,"lbm_reads_gt_100_ms":33,"lbm_reads_lt_1ms":19877,"lbm_write_time_us":19182974,"lbm_writes_1-10_ms":218,"lbm_writes_10-100_ms":337,"lbm_writes_gt_100_ms":31,"lbm_writes_lt_1ms":14988,"num_input_rowsets":5,"rows_written":8789502,"spinlock_wait_cycles":349575040,"thread_start_us":577,"threads_started":13}
I0108 16:45:16.289898 24671 maintenance_manager.cc:326] P 02a5a9f6601045b6b339c43c526fc29e: Scheduling UndoDeltaBlockGCOp(2c3d9174c33442d28f28f4d0cda9fc51): 187274608 bytes on disk
I0108 16:45:16.290056 24565 maintenance_manager.cc:527] P 02a5a9f6601045b6b339c43c526fc29e: UndoDeltaBlockGCOp(2c3d9174c33442d28f28f4d0cda9fc51) complete. Timing: real 0.000s user 0.000s sys 0.000s Metrics: {"cfile_init":5,"lbm_read_time_us":30,"lbm_reads_lt_1ms":20}
I0108 16:45:16.290138 24671 maintenance_manager.cc:326] P 02a5a9f6601045b6b339c43c526fc29e: Scheduling CompactRowSetsOp(2c3d9174c33442d28f28f4d0cda9fc51): perf score=0.283051
I0108 16:45:16.542047 24689 maintenance_manager.cc:527] P 72e6f176048945dea46e0f4305315d3c: FlushMRSOp(c0c87b04bc0f4f37876458fbfb4bdf03) complete. Timing: real 0.502s user 0.095s sys 0.003s Metrics: {"bytes_written":1448250,"cfile_init":1,"dirs.queue_time_us":33,"dirs.run_cpu_time_us":50,"dirs.run_wall_time_us":50,"drs_written":1,"lbm_read_time_us":5,"lbm_reads_lt_1ms":4,"lbm_write_time_us":355300,"lbm_writes_1-10_ms":11,"lbm_writes_10-100_ms":9,"lbm_writes_lt_1ms":140,"rows_written":80540}
I0108 16:45:16.542157 24795 maintenance_manager.cc:326] P 72e6f176048945dea46e0f4305315d3c: Scheduling LogGCOp(c0c87b04bc0f4f37876458fbfb4bdf03): free 8397839 bytes of WAL
I0108 16:45:16.542227 24689 log_reader.cc:379] T c0c87b04bc0f4f37876458fbfb4bdf03: removed 1 log segments from log reader
I0108 16:45:16.542246 24689 log.cc:1062] T c0c87b04bc0f4f37876458fbfb4bdf03 P 72e6f176048945dea46e0f4305315d3c: Deleting log segment in path: /data/somelongdirectorytoavoidrpathissues/src/kudutest/linked_list-test.LinkedListTest.TestLoadAndVerify.1578529919787104-24342/linked-list-cluster/ts-2/wal/wals/c0c87b04bc0f4f37876458fbfb4bdf03/wal-000000026 (ops 312022-324478)
I0108 16:45:16.544420 24689 maintenance_manager.cc:527] P 72e6f176048945dea46e0f4305315d3c: LogGCOp(c0c87b04bc0f4f37876458fbfb4bdf03) complete. Timing: real 0.002s user 0.000s sys 0.003s Metrics: {}
I0108 16:45:16.544498 24795 maintenance_manager.cc:326] P 72e6f176048945dea46e0f4305315d3c: Scheduling UndoDeltaBlockGCOp(2c3d9174c33442d28f28f4d0cda9fc51): 228957912 bytes on disk
I0108 16:45:16.912986 24689 maintenance_manager.cc:527] P 72e6f176048945dea46e0f4305315d3c: UndoDeltaBlockGCOp(2c3d9174c33442d28f28f4d0cda9fc51) complete. Timing: real 0.368s user 0.000s sys 0.000s Metrics: {"cfile_init":6,"lbm_read_time_us":368151,"lbm_reads_1-10_ms":4,"lbm_reads_10-100_ms":8,"lbm_reads_lt_1ms":12}
I0108 16:45:16.913180 24795 maintenance_manager.cc:326] P 72e6f176048945dea46e0f4305315d3c: Scheduling CompactRowSetsOp(c0c87b04bc0f4f37876458fbfb4bdf03): perf score=1.006386
I0108 16:45:19.282704 29164 rpcz_store.cc:269] Call kudu.tserver.TabletServerService.Write from 127.23.197.130:36790 (ReqId={client: dbcb5a880e8742629e06e9264dfb379f, seq_no=981987, attempt_no=0}) took 2726ms. Request Metrics: {"child_traces":[["txn",{"apply.queue_time_us":295,"cfile_cache_hit":1037,"cfile_cache_hit_bytes":4321472,"cfile_cache_miss":3865,"cfile_cache_miss_bytes":16011064,"lbm_read_time_us":2610831,"lbm_reads_1-10_ms":59,"lbm_reads_10-100_ms":50,"lbm_reads_gt_100_ms":3,"lbm_reads_lt_1ms":3753,"num_ops":9112,"prepare.queue_time_us":6106,"prepare.run_cpu_time_us":9061,"prepare.run_wall_time_us":15148,"raft.queue_time_us":133,"raft.run_cpu_time_us":140,"raft.run_wall_time_us":231,"replication_time_us":1605,"spinlock_wait_cycles":1522560}]]}
I0108 16:45:28.670604 24439 maintenance_manager.cc:527] P e61264bf360a4a62a3a5e3b9f2875f5b: CompactRowSetsOp(97a6791627c941a48f3269f2d00d1eea) complete. Timing: real 16.311s user 3.458s sys 0.373s Metrics: {"bytes_written":48319614,"cfile_cache_hit":55,"cfile_cache_hit_bytes":5502611,"cfile_cache_miss":6425,"cfile_cache_miss_bytes":194715501,"cfile_init":12,"delete_count":0,"delta_iterators_relevant":6,"dirs.queue_time_us":384,"dirs.run_cpu_time_us":147,"dirs.run_wall_time_us":48996,"drs_written":2,"lbm_read_time_us":3519105,"lbm_reads_1-10_ms":146,"lbm_reads_10-100_ms":93,"lbm_reads_lt_1ms":6234,"lbm_write_time_us":605999,"lbm_writes_1-10_ms":123,"lbm_writes_10-100_ms":5,"lbm_writes_lt_1ms":4751,"num_input_rowsets":3,"reinsert_count":0,"rows_written":2746405,"spinlock_wait_cycles":75515520,"thread_start_us":612,"threads_started":10,"update_count":1052}
I0108 16:45:28.670922 24546 maintenance_manager.cc:326] P e61264bf360a4a62a3a5e3b9f2875f5b: Scheduling UndoDeltaBlockGCOp(97a6791627c941a48f3269f2d00d1eea): 58600976 bytes on disk
I0108 16:45:28.671236 24439 maintenance_manager.cc:527] P e61264bf360a4a62a3a5e3b9f2875f5b: UndoDeltaBlockGCOp(97a6791627c941a48f3269f2d00d1eea) complete. Timing: real 0.000s user 0.000s sys 0.000s Metrics: {"cfile_init":2,"lbm_read_time_us":16,"lbm_reads_lt_1ms":8}
I0108 16:45:28.671326 24546 maintenance_manager.cc:326] P e61264bf360a4a62a3a5e3b9f2875f5b: Scheduling UndoDeltaBlockGCOp(c0c87b04bc0f4f37876458fbfb4bdf03): 57250157 bytes on disk
I0108 16:45:28.925526 24439 maintenance_manager.cc:527] P e61264bf360a4a62a3a5e3b9f2875f5b: UndoDeltaBlockGCOp(c0c87b04bc0f4f37876458fbfb4bdf03) complete. Timing: real 0.254s user 0.000s sys 0.000s Metrics: {"cfile_init":2,"lbm_read_time_us":254039,"lbm_reads_1-10_ms":1,"lbm_reads_10-100_ms":3,"lbm_reads_gt_100_ms":1,"lbm_reads_lt_1ms":3}
I0108 16:45:30.677034 24546 maintenance_manager.cc:326] P e61264bf360a4a62a3a5e3b9f2875f5b: Scheduling FlushMRSOp(2c3d9174c33442d28f28f4d0cda9fc51): perf score=0.033341
I0108 16:45:34.333094 24439 maintenance_manager.cc:527] P e61264bf360a4a62a3a5e3b9f2875f5b: FlushMRSOp(2c3d9174c33442d28f28f4d0cda9fc51) complete. Timing: real 3.656s user 0.771s sys 0.060s Metrics: {"bytes_written":8996401,"cfile_init":1,"delete_count":0,"dirs.queue_time_us":22468,"dirs.run_cpu_time_us":99,"dirs.run_wall_time_us":20457,"drs_written":1,"lbm_read_time_us":7,"lbm_reads_lt_1ms":4,"lbm_write_time_us":125230,"lbm_writes_1-10_ms":27,"lbm_writes_10-100_ms":2,"lbm_writes_lt_1ms":874,"reinsert_count":0,"rows_written":500181,"thread_start_us":30,"threads_started":1,"update_count":14523}
I0108 16:45:34.333366 24546 maintenance_manager.cc:326] P e61264bf360a4a62a3a5e3b9f2875f5b: Scheduling UndoDeltaBlockGCOp(2c3d9174c33442d28f28f4d0cda9fc51): 9711335 bytes on disk
I0108 16:45:34.333743 24439 maintenance_manager.cc:527] P e61264bf360a4a62a3a5e3b9f2875f5b: UndoDeltaBlockGCOp(2c3d9174c33442d28f28f4d0cda9fc51) complete. Timing: real 0.000s user 0.000s sys 0.000s Metrics: {"cfile_init":1,"lbm_read_time_us":48,"lbm_reads_lt_1ms":4}
I0108 16:45:34.333887 24546 maintenance_manager.cc:326] P e61264bf360a4a62a3a5e3b9f2875f5b: Scheduling CompactRowSetsOp(2c3d9174c33442d28f28f4d0cda9fc51): perf score=0.722393
I0108 16:45:34.562237 24689 maintenance_manager.cc:527] P 72e6f176048945dea46e0f4305315d3c: CompactRowSetsOp(c0c87b04bc0f4f37876458fbfb4bdf03) complete. Timing: real 17.649s user 3.496s sys 0.372s Metrics: {"bytes_written":48577078,"cfile_cache_hit":47,"cfile_cache_hit_bytes":4403161,"cfile_cache_miss":6463,"cfile_cache_miss_bytes":196792941,"cfile_init":12,"delete_count":0,"delta_iterators_relevant":6,"dirs.queue_time_us":1298,"dirs.run_cpu_time_us":233,"dirs.run_wall_time_us":131352,"drs_written":2,"lbm_read_time_us":4285109,"lbm_reads_1-10_ms":174,"lbm_reads_10-100_ms":94,"lbm_reads_gt_100_ms":4,"lbm_reads_lt_1ms":6239,"lbm_write_time_us":608237,"lbm_writes_1-10_ms":101,"lbm_writes_10-100_ms":4,"lbm_writes_gt_100_ms":1,"lbm_writes_lt_1ms":4800,"num_input_rowsets":3,"reinsert_count":0,"rows_written":2760835,"spinlock_wait_cycles":60837120,"thread_start_us":824,"threads_started":10,"update_count":1817}
I0108 16:45:34.562345 24795 maintenance_manager.cc:326] P 72e6f176048945dea46e0f4305315d3c: Scheduling FlushMRSOp(97a6791627c941a48f3269f2d00d1eea): perf score=0.038354
I0108 16:45:35.548341 24689 maintenance_manager.cc:527] P 72e6f176048945dea46e0f4305315d3c: FlushMRSOp(97a6791627c941a48f3269f2d00d1eea) complete. Timing: real 0.986s user 0.176s sys 0.019s Metrics: {"bytes_written":2528794,"cfile_init":1,"delete_count":0,"dirs.queue_time_us":13336,"dirs.run_cpu_time_us":48,"dirs.run_wall_time_us":48,"drs_written":1,"lbm_read_time_us":8,"lbm_reads_lt_1ms":4,"lbm_write_time_us":685576,"lbm_writes_1-10_ms":14,"lbm_writes_10-100_ms":22,"lbm_writes_lt_1ms":235,"reinsert_count":0,"rows_written":140956,"thread_start_us":31,"threads_started":1,"update_count":3381}
I0108 16:45:35.548548 24795 maintenance_manager.cc:326] P 72e6f176048945dea46e0f4305315d3c: Scheduling LogGCOp(97a6791627c941a48f3269f2d00d1eea): free 8390865 bytes of WAL
I0108 16:45:35.548666 24689 log_reader.cc:379] T 97a6791627c941a48f3269f2d00d1eea: removed 1 log segments from log reader
I0108 16:45:35.548977 24689 log.cc:1062] T 97a6791627c941a48f3269f2d00d1eea P 72e6f176048945dea46e0f4305315d3c: Deleting log segment in path: /data/somelongdirectorytoavoidrpathissues/src/kudutest/linked_list-test.LinkedListTest.TestLoadAndVerify.1578529919787104-24342/linked-list-cluster/ts-2/wal/wals/97a6791627c941a48f3269f2d00d1eea/wal-000000026 (ops 309915-322385)
I0108 16:45:35.551951 24689 maintenance_manager.cc:527] P 72e6f176048945dea46e0f4305315d3c: LogGCOp(97a6791627c941a48f3269f2d00d1eea) complete. Timing: real 0.003s user 0.000s sys 0.002s Metrics: {}
I0108 16:45:35.552048 24795 maintenance_manager.cc:326] P 72e6f176048945dea46e0f4305315d3c: Scheduling CompactRowSetsOp(97a6791627c941a48f3269f2d00d1eea): perf score=1.005788 ------------------------------------------------------------ Histogram for latency of insert operations (microseconds) Note: each insert is a batch of 50 rows. ------------------------------------------------------------ Count: 340000 Mean: 2237.19 Percentiles: 0% (min) = 728 25% = 1355 50% (med) = 1523 75% = 1738 95% = 2388 99% = 8968 99.9% = 114752 99.99% = 696320 100% (max) = 1587501 *NOTE: some values were greater than highest trackable value
I0108 16:45:38.598255 24342 linked_list-test-util.h:519] Written 17000000 rows in chain
I0108 16:45:43.360174 24565 maintenance_manager.cc:527] P 02a5a9f6601045b6b339c43c526fc29e: CompactRowSetsOp(2c3d9174c33442d28f28f4d0cda9fc51) complete. Timing: real 27.070s user 4.895s sys 0.588s Metrics: {"bytes_written":68008524,"cfile_cache_hit":60,"cfile_cache_hit_bytes":7041323,"cfile_cache_miss":9052,"cfile_cache_miss_bytes":274068029,"cfile_init":9,"delta_iterators_relevant":4,"dirs.queue_time_us":11573,"dirs.run_cpu_time_us":393,"dirs.run_wall_time_us":150623,"drs_written":3,"lbm_read_time_us":5348075,"lbm_reads_1-10_ms":257,"lbm_reads_10-100_ms":104,"lbm_reads_gt_100_ms":5,"lbm_reads_lt_1ms":8722,"lbm_write_time_us":2333886,"lbm_writes_1-10_ms":185,"lbm_writes_10-100_ms":43,"lbm_writes_lt_1ms":6646,"num_input_rowsets":2,"rows_written":3866737,"spinlock_wait_cycles":122497152,"thread_start_us":750,"threads_started":10}
I0108 16:45:43.360661 24671 maintenance_manager.cc:326] P 02a5a9f6601045b6b339c43c526fc29e: Scheduling UndoDeltaBlockGCOp(2c3d9174c33442d28f28f4d0cda9fc51): 82574853 bytes on disk
I0108 16:45:43.365991 24565 maintenance_manager.cc:527] P 02a5a9f6601045b6b339c43c526fc29e: UndoDeltaBlockGCOp(2c3d9174c33442d28f28f4d0cda9fc51) complete. Timing: real 0.000s user 0.000s sys 0.000s Metrics: {"cfile_init":3,"lbm_read_time_us":22,"lbm_reads_lt_1ms":12}
I0108 16:45:43.366132 24671 maintenance_manager.cc:326] P 02a5a9f6601045b6b339c43c526fc29e: Scheduling FlushMRSOp(97a6791627c941a48f3269f2d00d1eea): perf score=0.044983
