I0108 16:50:12.543139 30246 maintenance_manager.cc:527] P 72e6f176048945dea46e0f4305315d3c: UndoDeltaBlockGCOp(97a6791627c941a48f3269f2d00d1eea) complete. Timing: real 0.041s user 0.000s sys 0.000s Metrics: {"cfile_init":2,"lbm_read_time_us":40900,"lbm_reads_1-10_ms":3,"lbm_reads_10-100_ms":1,"lbm_reads_lt_1ms":4}
I0108 16:50:12.543244 30353 maintenance_manager.cc:326] P 72e6f176048945dea46e0f4305315d3c: Scheduling UndoDeltaBlockGCOp(2c3d9174c33442d28f28f4d0cda9fc51): 269569007 bytes on disk
I0108 16:50:12.601914 30246 maintenance_manager.cc:527] P 72e6f176048945dea46e0f4305315d3c: UndoDeltaBlockGCOp(2c3d9174c33442d28f28f4d0cda9fc51) complete. Timing: real 0.059s user 0.000s sys 0.001s Metrics: {"cfile_init":7,"lbm_read_time_us":58462,"lbm_reads_1-10_ms":3,"lbm_reads_10-100_ms":2,"lbm_reads_lt_1ms":23}
I0108 16:50:12.813230 30362 raft_consensus.cc:477] T 97a6791627c941a48f3269f2d00d1eea P 02a5a9f6601045b6b339c43c526fc29e [term 1 FOLLOWER]: Starting pre-election (detected failure of leader 72e6f176048945dea46e0f4305315d3c)
I0108 16:50:12.813308 30362 raft_consensus.cc:499] T 97a6791627c941a48f3269f2d00d1eea P 02a5a9f6601045b6b339c43c526fc29e [term 1 FOLLOWER]: Starting pre-election with config: opid_index: -1 OBSOLETE_local: false peers { permanent_uuid: "02a5a9f6601045b6b339c43c526fc29e" member_type: VOTER last_known_addr { host: "127.23.197.130" port: 37520 } } peers { permanent_uuid: "e61264bf360a4a62a3a5e3b9f2875f5b" member_type: VOTER last_known_addr { host: "127.23.197.129" port: 35094 } } peers { permanent_uuid: "72e6f176048945dea46e0f4305315d3c" member_type: VOTER last_known_addr { host: "127.23.197.131" port: 49342 } }
I0108 16:50:12.813441 30362 leader_election.cc:293] T 97a6791627c941a48f3269f2d00d1eea P 02a5a9f6601045b6b339c43c526fc29e [CANDIDATE]: Term 2 pre-election: Requested pre-vote from peers e61264bf360a4a62a3a5e3b9f2875f5b (127.23.197.129:35094), 72e6f176048945dea46e0f4305315d3c (127.23.197.131:49342)
I0108 16:50:12.813597 24501 tablet_service.cc:1319] Received RequestConsensusVote() RPC: tablet_id: "97a6791627c941a48f3269f2d00d1eea" candidate_uuid: "02a5a9f6601045b6b339c43c526fc29e" candidate_term: 2 candidate_status { last_received { term: 1 index: 368071 } } ignore_live_leader: false dest_uuid: "e61264bf360a4a62a3a5e3b9f2875f5b" is_pre_election: true
I0108 16:50:12.813634 30309 tablet_service.cc:1319] Received RequestConsensusVote() RPC: tablet_id: "97a6791627c941a48f3269f2d00d1eea" candidate_uuid: "02a5a9f6601045b6b339c43c526fc29e" candidate_term: 2 candidate_status { last_received { term: 1 index: 368071 } } ignore_live_leader: false dest_uuid: "72e6f176048945dea46e0f4305315d3c" is_pre_election: true
I0108 16:50:12.813657 30309 raft_consensus.cc:2396] T 97a6791627c941a48f3269f2d00d1eea P 72e6f176048945dea46e0f4305315d3c [term 1 FOLLOWER]: Leader pre-election vote request: Granting yes vote for candidate 02a5a9f6601045b6b339c43c526fc29e in term 1.
I0108 16:50:12.813755 24558 leader_election.cc:307] T 97a6791627c941a48f3269f2d00d1eea P 02a5a9f6601045b6b339c43c526fc29e [CANDIDATE]: Term 2 pre-election: Election decided. Result: candidate won. Election summary: received 3 responses out of 3 voters: 2 yes votes; 1 no votes. yes voters: 02a5a9f6601045b6b339c43c526fc29e, 72e6f176048945dea46e0f4305315d3c; no voters: e61264bf360a4a62a3a5e3b9f2875f5b
I0108 16:50:12.813820 30362 raft_consensus.cc:2696] T 97a6791627c941a48f3269f2d00d1eea P 02a5a9f6601045b6b339c43c526fc29e [term 1 FOLLOWER]: Leader pre-election won for term 2
I0108 16:50:12.813838 30362 raft_consensus.cc:477] T 97a6791627c941a48f3269f2d00d1eea P 02a5a9f6601045b6b339c43c526fc29e [term 1 FOLLOWER]: Starting leader election (detected failure of leader 72e6f176048945dea46e0f4305315d3c)
I0108 16:50:12.813845 30362 raft_consensus.cc:2949] T 97a6791627c941a48f3269f2d00d1eea P 02a5a9f6601045b6b339c43c526fc29e [term 1 FOLLOWER]: Advancing to term 2
I0108 16:50:12.814416 30362 raft_consensus.cc:499] T 97a6791627c941a48f3269f2d00d1eea P 02a5a9f6601045b6b339c43c526fc29e [term 2 FOLLOWER]: Starting leader election with config: opid_index: -1 OBSOLETE_local: false peers { permanent_uuid: "02a5a9f6601045b6b339c43c526fc29e" member_type: VOTER last_known_addr { host: "127.23.197.130" port: 37520 } } peers { permanent_uuid: "e61264bf360a4a62a3a5e3b9f2875f5b" member_type: VOTER last_known_addr { host: "127.23.197.129" port: 35094 } } peers { permanent_uuid: "72e6f176048945dea46e0f4305315d3c" member_type: VOTER last_known_addr { host: "127.23.197.131" port: 49342 } }
I0108 16:50:12.814474 30362 leader_election.cc:293] T 97a6791627c941a48f3269f2d00d1eea P 02a5a9f6601045b6b339c43c526fc29e [CANDIDATE]: Term 2 election: Requested vote from peers e61264bf360a4a62a3a5e3b9f2875f5b (127.23.197.129:35094), 72e6f176048945dea46e0f4305315d3c (127.23.197.131:49342)
I0108 16:50:12.814581 30309 tablet_service.cc:1319] Received RequestConsensusVote() RPC: tablet_id: "97a6791627c941a48f3269f2d00d1eea" candidate_uuid: "02a5a9f6601045b6b339c43c526fc29e" candidate_term: 2 candidate_status { last_received { term: 1 index: 368071 } } ignore_live_leader: false dest_uuid: "72e6f176048945dea46e0f4305315d3c"
I0108 16:50:12.814597 30309 raft_consensus.cc:2949] T 97a6791627c941a48f3269f2d00d1eea P 72e6f176048945dea46e0f4305315d3c [term 1 FOLLOWER]: Advancing to term 2
I0108 16:50:12.814599 24501 tablet_service.cc:1319] Received RequestConsensusVote() RPC: tablet_id: "97a6791627c941a48f3269f2d00d1eea" candidate_uuid: "02a5a9f6601045b6b339c43c526fc29e" candidate_term: 2 candidate_status { last_received { term: 1 index: 368071 } } ignore_live_leader: false dest_uuid: "e61264bf360a4a62a3a5e3b9f2875f5b"
I0108 16:50:12.815806 30309 raft_consensus.cc:2396] T 97a6791627c941a48f3269f2d00d1eea P 72e6f176048945dea46e0f4305315d3c [term 2 FOLLOWER]: Leader election vote request: Granting yes vote for candidate 02a5a9f6601045b6b339c43c526fc29e in term 2.
I0108 16:50:12.815898 24558 leader_election.cc:307] T 97a6791627c941a48f3269f2d00d1eea P 02a5a9f6601045b6b339c43c526fc29e [CANDIDATE]: Term 2 election: Election decided. Result: candidate won. Election summary: received 3 responses out of 3 voters: 2 yes votes; 1 no votes. yes voters: 02a5a9f6601045b6b339c43c526fc29e, 72e6f176048945dea46e0f4305315d3c; no voters: e61264bf360a4a62a3a5e3b9f2875f5b
I0108 16:50:12.815948 30362 raft_consensus.cc:2696] T 97a6791627c941a48f3269f2d00d1eea P 02a5a9f6601045b6b339c43c526fc29e [term 2 FOLLOWER]: Leader election won for term 2
I0108 16:50:12.816002 30362 raft_consensus.cc:672] T 97a6791627c941a48f3269f2d00d1eea P 02a5a9f6601045b6b339c43c526fc29e [term 2 LEADER]: Becoming Leader. State: Replica: 02a5a9f6601045b6b339c43c526fc29e, State: Running, Role: LEADER
I0108 16:50:12.816054 30362 consensus_queue.cc:206] T 97a6791627c941a48f3269f2d00d1eea P 02a5a9f6601045b6b339c43c526fc29e [LEADER]: Queue going to LEADER mode. State: All replicated index: 0, Majority replicated index: 368071, Committed index: 368071, Last appended: 1.368071, Last appended by leader: 368071, Current term: 2, Majority size: 2, State: 0, Mode: LEADER, active raft config: opid_index: -1 OBSOLETE_local: false peers { permanent_uuid: "02a5a9f6601045b6b339c43c526fc29e" member_type: VOTER last_known_addr { host: "127.23.197.130" port: 37520 } } peers { permanent_uuid: "e61264bf360a4a62a3a5e3b9f2875f5b" member_type: VOTER last_known_addr { host: "127.23.197.129" port: 35094 } } peers { permanent_uuid: "72e6f176048945dea46e0f4305315d3c" member_type: VOTER last_known_addr { host: "127.23.197.131" port: 49342 } }
I0108 16:50:12.816502 24372 catalog_manager.cc:4143] T 97a6791627c941a48f3269f2d00d1eea P 02a5a9f6601045b6b339c43c526fc29e reported cstate change: term changed from 1 to 2, leader changed from 72e6f176048945dea46e0f4305315d3c (127.23.197.131) to 02a5a9f6601045b6b339c43c526fc29e (127.23.197.130). New cstate: current_term: 2 leader_uuid: "02a5a9f6601045b6b339c43c526fc29e" committed_config { opid_index: -1 OBSOLETE_local: false peers { permanent_uuid: "02a5a9f6601045b6b339c43c526fc29e" member_type: VOTER last_known_addr { host: "127.23.197.130" port: 37520 } health_report { overall_health: HEALTHY } } peers { permanent_uuid: "e61264bf360a4a62a3a5e3b9f2875f5b" member_type: VOTER last_known_addr { host: "127.23.197.129" port: 35094 } health_report { overall_health: UNKNOWN } } peers { permanent_uuid: "72e6f176048945dea46e0f4305315d3c" member_type: VOTER last_known_addr { host: "127.23.197.131" port: 49342 } health_report { overall_health: UNKNOWN } } }
I0108 16:50:12.872066 24369 maintenance_manager.cc:326] P dc13e8f375d24e5a866a0ef1632607ea: Scheduling FlushDeltaMemStoresOp(00000000000000000000000000000000): perf score=0.303604
I0108 16:50:12.873219 24368 maintenance_manager.cc:527] P dc13e8f375d24e5a866a0ef1632607ea: FlushDeltaMemStoresOp(00000000000000000000000000000000) complete. Timing: real 0.001s user 0.000s sys 0.000s Metrics: {"bytes_written":438,"delete_count":0,"lbm_write_time_us":40,"lbm_writes_lt_1ms":4,"reinsert_count":0,"update_count":1}
I0108 16:50:12.902658 30190 raft_consensus.cc:477] T 97a6791627c941a48f3269f2d00d1eea P e61264bf360a4a62a3a5e3b9f2875f5b [term 1 FOLLOWER]: Starting pre-election (detected failure of leader 72e6f176048945dea46e0f4305315d3c)
I0108 16:50:12.902721 30190 raft_consensus.cc:499] T 97a6791627c941a48f3269f2d00d1eea P e61264bf360a4a62a3a5e3b9f2875f5b [term 1 FOLLOWER]: Starting pre-election with config: opid_index: -1 OBSOLETE_local: false peers { permanent_uuid: "02a5a9f6601045b6b339c43c526fc29e" member_type: VOTER last_known_addr { host: "127.23.197.130" port: 37520 } } peers { permanent_uuid: "e61264bf360a4a62a3a5e3b9f2875f5b" member_type: VOTER last_known_addr { host: "127.23.197.129" port: 35094 } } peers { permanent_uuid: "72e6f176048945dea46e0f4305315d3c" member_type: VOTER last_known_addr { host: "127.23.197.131" port: 49342 } }
I0108 16:50:12.902815 30190 leader_election.cc:293] T 97a6791627c941a48f3269f2d00d1eea P e61264bf360a4a62a3a5e3b9f2875f5b [CANDIDATE]: Term 2 pre-election: Requested pre-vote from peers 02a5a9f6601045b6b339c43c526fc29e (127.23.197.130:37520), 72e6f176048945dea46e0f4305315d3c (127.23.197.131:49342)
I0108 16:50:12.902942 30309 tablet_service.cc:1319] Received RequestConsensusVote() RPC: tablet_id: "97a6791627c941a48f3269f2d00d1eea" candidate_uuid: "e61264bf360a4a62a3a5e3b9f2875f5b" candidate_term: 2 candidate_status { last_received { term: 1 index: 368071 } } ignore_live_leader: false dest_uuid: "72e6f176048945dea46e0f4305315d3c" is_pre_election: true
I0108 16:50:12.902968 30309 raft_consensus.cc:2321] T 97a6791627c941a48f3269f2d00d1eea P 72e6f176048945dea46e0f4305315d3c [term 2 FOLLOWER]: Leader pre-election vote request: Denying vote to candidate e61264bf360a4a62a3a5e3b9f2875f5b in current term 2: Already voted for candidate 02a5a9f6601045b6b339c43c526fc29e in this term.
I0108 16:50:12.903053 24627 tablet_service.cc:1319] Received RequestConsensusVote() RPC: tablet_id: "97a6791627c941a48f3269f2d00d1eea" candidate_uuid: "e61264bf360a4a62a3a5e3b9f2875f5b" candidate_term: 2 candidate_status { last_received { term: 1 index: 368071 } } ignore_live_leader: false dest_uuid: "02a5a9f6601045b6b339c43c526fc29e" is_pre_election: true
I0108 16:50:12.903188 24434 leader_election.cc:307] T 97a6791627c941a48f3269f2d00d1eea P e61264bf360a4a62a3a5e3b9f2875f5b [CANDIDATE]: Term 2 pre-election: Election decided. Result: candidate lost. Election summary: received 3 responses out of 3 voters: 1 yes votes; 2 no votes. yes voters: e61264bf360a4a62a3a5e3b9f2875f5b; no voters: 02a5a9f6601045b6b339c43c526fc29e, 72e6f176048945dea46e0f4305315d3c
I0108 16:50:12.903266 30190 raft_consensus.cc:2949] T 97a6791627c941a48f3269f2d00d1eea P e61264bf360a4a62a3a5e3b9f2875f5b [term 1 FOLLOWER]: Advancing to term 2
I0108 16:50:12.904474 30190 raft_consensus.cc:2644] T 97a6791627c941a48f3269f2d00d1eea P e61264bf360a4a62a3a5e3b9f2875f5b [term 2 FOLLOWER]: Leader pre-election lost for term 2. Reason: could not achieve majority
I0108 16:50:13.304879 30309 raft_consensus.cc:1195] T 97a6791627c941a48f3269f2d00d1eea P 72e6f176048945dea46e0f4305315d3c [term 2 FOLLOWER]: Refusing update from remote peer 02a5a9f6601045b6b339c43c526fc29e: Log matching property violated. Preceding OpId in replica: term: 1 index: 368071. Preceding OpId from leader: term: 2 index: 368072. (index mismatch)
I0108 16:50:13.305101 30365 consensus_queue.cc:982] T 97a6791627c941a48f3269f2d00d1eea P 02a5a9f6601045b6b339c43c526fc29e [LEADER]: Connected to new peer: Peer: permanent_uuid: "72e6f176048945dea46e0f4305315d3c" member_type: VOTER last_known_addr { host: "127.23.197.131" port: 49342 }, Status: LMP_MISMATCH, Last received: 0.0, Next index: 368072, Last known committed idx: 368071, Time since last communication: 0.000s
I0108 16:50:13.306216 24501 raft_consensus.cc:1195] T 97a6791627c941a48f3269f2d00d1eea P e61264bf360a4a62a3a5e3b9f2875f5b [term 2 FOLLOWER]: Refusing update from remote peer 02a5a9f6601045b6b339c43c526fc29e: Log matching property violated. Preceding OpId in replica: term: 1 index: 368071. Preceding OpId from leader: term: 2 index: 368072. (index mismatch)
I0108 16:50:13.306393 30365 consensus_queue.cc:982] T 97a6791627c941a48f3269f2d00d1eea P 02a5a9f6601045b6b339c43c526fc29e [LEADER]: Connected to new peer: Peer: permanent_uuid: "e61264bf360a4a62a3a5e3b9f2875f5b" member_type: VOTER last_known_addr { host: "127.23.197.129" port: 35094 }, Status: LMP_MISMATCH, Last received: 0.0, Next index: 368072, Last known committed idx: 368071, Time since last communication: 0.000s
I0108 16:50:34.135072 24342 linked_list-test-util.h:876] Done collecting results (7989850 rows in 22541.7ms)
I0108 16:50:35.078780 24342 linked_list-test-util.h:667] Snapshot: P: 1578530220348799 usec, L: 1 verified. Result: OK
I0108 16:50:35.079442 24342 linked_list-test-util.h:620] Verifying Snapshot: P: 1578530520348549 usec, L: 1 Expected Rows: 15130600
I0108 16:50:35.080963 24342 linked_list-test-util.h:639] Calling callback on tserver 72e6f176048945dea46e0f4305315d3c
I0108 16:51:10.366858 24342 linked_list-test-util.h:876] Done collecting results (15130600 rows in 35285.9ms)
I0108 16:51:12.210757 24342 linked_list-test-util.h:667] Snapshot: P: 1578530520348549 usec, L: 1 verified. Result: OK
I0108 16:51:12.211305 24342 linked_list-test-util.h:620] Verifying Snapshot: P: 1578530820374877 usec, L: 1 Expected Rows: 18767550
I0108 16:51:12.241457 24342 linked_list-test-util.h:639] Calling callback on tserver e61264bf360a4a62a3a5e3b9f2875f5b
I0108 16:51:46.084367 24342 linked_list-test-util.h:876] Done collecting results (18767550 rows in 33842.9ms)
I0108 16:51:48.461122 24342 linked_list-test-util.h:667] Snapshot: P: 1578530820374877 usec, L: 1 verified. Result: OK
I0108 16:51:48.461660 24342 linked_list-test-util.h:620] Verifying Snapshot: NOW Expected Rows: 18767550
I0108 16:52:20.269071 24342 linked_list-test-util.h:876] Done collecting results (18767550 rows in 31805.2ms)
I0108 16:52:22.604470 24342 linked_list-test-util.h:667] Snapshot: NOW verified. Result: OK
I0108 16:52:22.604547 24342 linked_list-test-util.h:801] Successfully verified 18767550 rows
I0108 16:52:22.604647 24342 linked_list-test.cc:204] Done with tserver restart test.
I0108 16:52:22.609031 24342 linked_list-test.cc:210] Will kill the tablet server during verification scan.
I0108 16:52:22.609460 24342 linked_list-test-util.h:620] Verifying Snapshot: P: 1578530220348799 usec, L: 1 Expected Rows: 7989850
I0108 16:52:22.610622 24342 linked_list-test-util.h:639] Calling callback on tserver 02a5a9f6601045b6b339c43c526fc29e
I0108 16:52:22.610679 24342 external_mini_cluster.cc:1241] Killing /data/somelongdirectorytoavoidrpathissues/src/kudu/build/release/bin/kudu-tserver with pid 24549
I0108 16:52:22.661198 24342 meta_cache.cc:1038] Marking tablet server 02a5a9f6601045b6b339c43c526fc29e (127.23.197.130:37520) as failed.
W0108 16:52:22.661265 24342 meta_cache.cc:234] Tablet 2c3d9174c33442d28f28f4d0cda9fc51: Replica 02a5a9f6601045b6b339c43c526fc29e (127.23.197.130:37520) has failed: Network error: TS failed: Client connection negotiation failed: client connection to 127.23.197.130:37520: connect: Connection refused (error 111)
W0108 16:52:22.661285 24342 client.cc:1692] Attempting to retry Scanner { table: TestTable, tablet: 2c3d9174c33442d28f28f4d0cda9fc51, projection: ( rand_key INT64 NOT NULL, link_to INT64 NOT NULL, updated BOOL NOT NULL, PRIMARY KEY () ), scan_spec: } elsewhere.
W0108 16:52:22.685808 24434 consensus_peers.cc:473] T c0c87b04bc0f4f37876458fbfb4bdf03 P e61264bf360a4a62a3a5e3b9f2875f5b -> Peer 02a5a9f6601045b6b339c43c526fc29e (127.23.197.130:37520): Couldn't send request to peer 02a5a9f6601045b6b339c43c526fc29e. Status: Network error: Client connection negotiation failed: client connection to 127.23.197.130:37520: connect: Connection refused (error 111). This is attempt 1: this message will repeat every 5th retry.
I0108 16:52:23.508525 30508 raft_consensus.cc:477] T 97a6791627c941a48f3269f2d00d1eea P e61264bf360a4a62a3a5e3b9f2875f5b [term 2 FOLLOWER]: Starting pre-election (detected failure of leader 02a5a9f6601045b6b339c43c526fc29e)
I0108 16:52:23.508587 30508 raft_consensus.cc:499] T 97a6791627c941a48f3269f2d00d1eea P e61264bf360a4a62a3a5e3b9f2875f5b [term 2 FOLLOWER]: Starting pre-election with config: opid_index: -1 OBSOLETE_local: false peers { permanent_uuid: "02a5a9f6601045b6b339c43c526fc29e" member_type: VOTER last_known_addr { host: "127.23.197.130" port: 37520 } } peers { permanent_uuid: "e61264bf360a4a62a3a5e3b9f2875f5b" member_type: VOTER last_known_addr { host: "127.23.197.129" port: 35094 } } peers { permanent_uuid: "72e6f176048945dea46e0f4305315d3c" member_type: VOTER last_known_addr { host: "127.23.197.131" port: 49342 } }
I0108 16:52:23.508687 30508 leader_election.cc:293] T 97a6791627c941a48f3269f2d00d1eea P e61264bf360a4a62a3a5e3b9f2875f5b [CANDIDATE]: Term 3 pre-election: Requested pre-vote from peers 02a5a9f6601045b6b339c43c526fc29e (127.23.197.130:37520), 72e6f176048945dea46e0f4305315d3c (127.23.197.131:49342)
W0108 16:52:23.508857 24434 leader_election.cc:339] T 97a6791627c941a48f3269f2d00d1eea P e61264bf360a4a62a3a5e3b9f2875f5b [CANDIDATE]: Term 3 pre-election: RPC error from VoteRequest() call to peer 02a5a9f6601045b6b339c43c526fc29e (127.23.197.130:37520): Network error: Client connection negotiation failed: client connection to 127.23.197.130:37520: connect: Connection refused (error 111)
I0108 16:52:23.508882 30309 tablet_service.cc:1319] Received RequestConsensusVote() RPC: tablet_id: "97a6791627c941a48f3269f2d00d1eea" candidate_uuid: "e61264bf360a4a62a3a5e3b9f2875f5b" candidate_term: 3 candidate_status { last_received { term: 2 index: 368072 } } ignore_live_leader: false dest_uuid: "72e6f176048945dea46e0f4305315d3c" is_pre_election: true
I0108 16:52:23.509001 24432 leader_election.cc:307] T 97a6791627c941a48f3269f2d00d1eea P e61264bf360a4a62a3a5e3b9f2875f5b [CANDIDATE]: Term 3 pre-election: Election decided. Result: candidate lost. Election summary: received 3 responses out of 3 voters: 1 yes votes; 2 no votes. yes voters: e61264bf360a4a62a3a5e3b9f2875f5b; no voters: 02a5a9f6601045b6b339c43c526fc29e, 72e6f176048945dea46e0f4305315d3c
I0108 16:52:23.509066 30508 raft_consensus.cc:2644] T 97a6791627c941a48f3269f2d00d1eea P e61264bf360a4a62a3a5e3b9f2875f5b [term 2 FOLLOWER]: Leader pre-election lost for term 3. Reason: could not achieve majority
I0108 16:52:23.755712 30508 raft_consensus.cc:477] T 2c3d9174c33442d28f28f4d0cda9fc51 P e61264bf360a4a62a3a5e3b9f2875f5b [term 1 FOLLOWER]: Starting pre-election (detected failure of leader 02a5a9f6601045b6b339c43c526fc29e)
I0108 16:52:23.755795 30508 raft_consensus.cc:499] T 2c3d9174c33442d28f28f4d0cda9fc51 P e61264bf360a4a62a3a5e3b9f2875f5b [term 1 FOLLOWER]: Starting pre-election with config: opid_index: -1 OBSOLETE_local: false peers { permanent_uuid: "e61264bf360a4a62a3a5e3b9f2875f5b" member_type: VOTER last_known_addr { host: "127.23.197.129" port: 35094 } } peers { permanent_uuid: "02a5a9f6601045b6b339c43c526fc29e" member_type: VOTER last_known_addr { host: "127.23.197.130" port: 37520 } } peers { permanent_uuid: "72e6f176048945dea46e0f4305315d3c" member_type: VOTER last_known_addr { host: "127.23.197.131" port: 49342 } }
I0108 16:52:23.755856 30508 leader_election.cc:293] T 2c3d9174c33442d28f28f4d0cda9fc51 P e61264bf360a4a62a3a5e3b9f2875f5b [CANDIDATE]: Term 2 pre-election: Requested pre-vote from peers 02a5a9f6601045b6b339c43c526fc29e (127.23.197.130:37520), 72e6f176048945dea46e0f4305315d3c (127.23.197.131:49342)
W0108 16:52:23.756024 24434 leader_election.cc:339] T 2c3d9174c33442d28f28f4d0cda9fc51 P e61264bf360a4a62a3a5e3b9f2875f5b [CANDIDATE]: Term 2 pre-election: RPC error from VoteRequest() call to peer 02a5a9f6601045b6b339c43c526fc29e (127.23.197.130:37520): Network error: Client connection negotiation failed: client connection to 127.23.197.130:37520: connect: Connection refused (error 111)
I0108 16:52:23.756034 30309 tablet_service.cc:1319] Received RequestConsensusVote() RPC: tablet_id: "2c3d9174c33442d28f28f4d0cda9fc51" candidate_uuid: "e61264bf360a4a62a3a5e3b9f2875f5b" candidate_term: 2 candidate_status { last_received { term: 1 index: 376212 } } ignore_live_leader: false dest_uuid: "72e6f176048945dea46e0f4305315d3c" is_pre_election: true
I0108 16:52:23.756059 30309 raft_consensus.cc:2396] T 2c3d9174c33442d28f28f4d0cda9fc51 P 72e6f176048945dea46e0f4305315d3c [term 1 FOLLOWER]: Leader pre-election vote request: Granting yes vote for candidate e61264bf360a4a62a3a5e3b9f2875f5b in term 1.
I0108 16:52:23.756117 24432 leader_election.cc:307] T 2c3d9174c33442d28f28f4d0cda9fc51 P e61264bf360a4a62a3a5e3b9f2875f5b [CANDIDATE]: Term 2 pre-election: Election decided. Result: candidate won. Election summary: received 3 responses out of 3 voters: 2 yes votes; 1 no votes. yes voters: 72e6f176048945dea46e0f4305315d3c, e61264bf360a4a62a3a5e3b9f2875f5b; no voters: 02a5a9f6601045b6b339c43c526fc29e
I0108 16:52:23.756186 30508 raft_consensus.cc:2696] T 2c3d9174c33442d28f28f4d0cda9fc51 P e61264bf360a4a62a3a5e3b9f2875f5b [term 1 FOLLOWER]: Leader pre-election won for term 2
I0108 16:52:23.756201 30508 raft_consensus.cc:477] T 2c3d9174c33442d28f28f4d0cda9fc51 P e61264bf360a4a62a3a5e3b9f2875f5b [term 1 FOLLOWER]: Starting leader election (detected failure of leader 02a5a9f6601045b6b339c43c526fc29e)
I0108 16:52:23.756207 30508 raft_consensus.cc:2949] T 2c3d9174c33442d28f28f4d0cda9fc51 P e61264bf360a4a62a3a5e3b9f2875f5b [term 1 FOLLOWER]: Advancing to term 2
I0108 16:52:23.756814 30508 raft_consensus.cc:499] T 2c3d9174c33442d28f28f4d0cda9fc51 P e61264bf360a4a62a3a5e3b9f2875f5b [term 2 FOLLOWER]: Starting leader election with config: opid_index: -1 OBSOLETE_local: false peers { permanent_uuid: "e61264bf360a4a62a3a5e3b9f2875f5b" member_type: VOTER last_known_addr { host: "127.23.197.129" port: 35094 } } peers { permanent_uuid: "02a5a9f6601045b6b339c43c526fc29e" member_type: VOTER last_known_addr { host: "127.23.197.130" port: 37520 } } peers { permanent_uuid: "72e6f176048945dea46e0f4305315d3c" member_type: VOTER last_known_addr { host: "127.23.197.131" port: 49342 } }
I0108 16:52:23.756855 30508 leader_election.cc:293] T 2c3d9174c33442d28f28f4d0cda9fc51 P e61264bf360a4a62a3a5e3b9f2875f5b [CANDIDATE]: Term 2 election: Requested vote from peers 02a5a9f6601045b6b339c43c526fc29e (127.23.197.130:37520), 72e6f176048945dea46e0f4305315d3c (127.23.197.131:49342)
I0108 16:52:23.756978 30309 tablet_service.cc:1319] Received RequestConsensusVote() RPC: tablet_id: "2c3d9174c33442d28f28f4d0cda9fc51" candidate_uuid: "e61264bf360a4a62a3a5e3b9f2875f5b" candidate_term: 2 candidate_status { last_received { term: 1 index: 376212 } } ignore_live_leader: false dest_uuid: "72e6f176048945dea46e0f4305315d3c"
W0108 16:52:23.756985 24434 leader_election.cc:339] T 2c3d9174c33442d28f28f4d0cda9fc51 P e61264bf360a4a62a3a5e3b9f2875f5b [CANDIDATE]: Term 2 election: RPC error from VoteRequest() call to peer 02a5a9f6601045b6b339c43c526fc29e (127.23.197.130:37520): Network error: Client connection negotiation failed: client connection to 127.23.197.130:37520: connect: Connection refused (error 111)
I0108 16:52:23.756997 30309 raft_consensus.cc:2949] T 2c3d9174c33442d28f28f4d0cda9fc51 P 72e6f176048945dea46e0f4305315d3c [term 1 FOLLOWER]: Advancing to term 2
I0108 16:52:23.761560 30309 raft_consensus.cc:2396] T 2c3d9174c33442d28f28f4d0cda9fc51 P 72e6f176048945dea46e0f4305315d3c [term 2 FOLLOWER]: Leader election vote request: Granting yes vote for candidate e61264bf360a4a62a3a5e3b9f2875f5b in term 2.
I0108 16:52:23.761699 24432 leader_election.cc:307] T 2c3d9174c33442d28f28f4d0cda9fc51 P e61264bf360a4a62a3a5e3b9f2875f5b [CANDIDATE]: Term 2 election: Election decided. Result: candidate won. Election summary: received 3 responses out of 3 voters: 2 yes votes; 1 no votes. yes voters: 72e6f176048945dea46e0f4305315d3c, e61264bf360a4a62a3a5e3b9f2875f5b; no voters: 02a5a9f6601045b6b339c43c526fc29e
I0108 16:52:23.761750 30508 raft_consensus.cc:2696] T 2c3d9174c33442d28f28f4d0cda9fc51 P e61264bf360a4a62a3a5e3b9f2875f5b [term 2 FOLLOWER]: Leader election won for term 2
I0108 16:52:23.761801 30508 raft_consensus.cc:672] T 2c3d9174c33442d28f28f4d0cda9fc51 P e61264bf360a4a62a3a5e3b9f2875f5b [term 2 LEADER]: Becoming Leader. State: Replica: e61264bf360a4a62a3a5e3b9f2875f5b, State: Running, Role: LEADER
I0108 16:52:23.761855 30508 consensus_queue.cc:206] T 2c3d9174c33442d28f28f4d0cda9fc51 P e61264bf360a4a62a3a5e3b9f2875f5b [LEADER]: Queue going to LEADER mode. State: All replicated index: 0, Majority replicated index: 376212, Committed index: 376212, Last appended: 1.376212, Last appended by leader: 376212, Current term: 2, Majority size: 2, State: 0, Mode: LEADER, active raft config: opid_index: -1 OBSOLETE_local: false peers { permanent_uuid: "e61264bf360a4a62a3a5e3b9f2875f5b" member_type: VOTER last_known_addr { host: "127.23.197.129" port: 35094 } } peers { permanent_uuid: "02a5a9f6601045b6b339c43c526fc29e" member_type: VOTER last_known_addr { host: "127.23.197.130" port: 37520 } } peers { permanent_uuid: "72e6f176048945dea46e0f4305315d3c" member_type: VOTER last_known_addr { host: "127.23.197.131" port: 49342 } }
I0108 16:52:23.762233 24372 catalog_manager.cc:4143] T 2c3d9174c33442d28f28f4d0cda9fc51 P e61264bf360a4a62a3a5e3b9f2875f5b reported cstate change: term changed from 1 to 2, leader changed from 02a5a9f6601045b6b339c43c526fc29e (127.23.197.130) to e61264bf360a4a62a3a5e3b9f2875f5b (127.23.197.129). New cstate: current_term: 2 leader_uuid: "e61264bf360a4a62a3a5e3b9f2875f5b" committed_config { opid_index: -1 OBSOLETE_local: false peers { permanent_uuid: "e61264bf360a4a62a3a5e3b9f2875f5b" member_type: VOTER last_known_addr { host: "127.23.197.129" port: 35094 } health_report { overall_health: HEALTHY } } peers { permanent_uuid: "02a5a9f6601045b6b339c43c526fc29e" member_type: VOTER last_known_addr { host: "127.23.197.130" port: 37520 } health_report { overall_health: UNKNOWN } } peers { permanent_uuid: "72e6f176048945dea46e0f4305315d3c" member_type: VOTER last_known_addr { host: "127.23.197.131" port: 49342 } health_report { overall_health: UNKNOWN } } }
I0108 16:52:23.962576 24369 maintenance_manager.cc:326] P dc13e8f375d24e5a866a0ef1632607ea: Scheduling FlushDeltaMemStoresOp(00000000000000000000000000000000): perf score=0.036414
I0108 16:52:23.963601 24368 maintenance_manager.cc:527] P dc13e8f375d24e5a866a0ef1632607ea: FlushDeltaMemStoresOp(00000000000000000000000000000000) complete. Timing: real 0.001s user 0.000s sys 0.002s Metrics: {"bytes_written":438,"delete_count":0,"lbm_write_time_us":39,"lbm_writes_lt_1ms":4,"reinsert_count":0,"update_count":1}
I0108 16:52:23.963683 24369 maintenance_manager.cc:326] P dc13e8f375d24e5a866a0ef1632607ea: Scheduling MajorDeltaCompactionOp(00000000000000000000000000000000): perf score=0.282490
I0108 16:52:23.964653 24368 maintenance_manager.cc:527] P dc13e8f375d24e5a866a0ef1632607ea: MajorDeltaCompactionOp(00000000000000000000000000000000) complete. Timing: real 0.001s user 0.000s sys 0.000s Metrics: {"cfile_cache_hit":5,"cfile_cache_hit_bytes":2970,"cfile_cache_miss":2,"cfile_cache_miss_bytes":337,"cfile_init":2,"delete_count":0,"delta_blocks_compacted":2,"delta_iterators_relevant":2,"lbm_read_time_us":17,"lbm_reads_lt_1ms":10,"lbm_write_time_us":42,"lbm_writes_lt_1ms":9,"reinsert_count":0,"thread_start_us":73,"threads_started":2,"update_count":2}
I0108 16:52:23.964726 24369 maintenance_manager.cc:326] P dc13e8f375d24e5a866a0ef1632607ea: Scheduling MinorDeltaCompactionOp(00000000000000000000000000000000): perf score=0.002000
I0108 16:52:23.964793 24368 maintenance_manager.cc:527] P dc13e8f375d24e5a866a0ef1632607ea: MinorDeltaCompactionOp(00000000000000000000000000000000) complete. Timing: real 0.000s user 0.000s sys 0.000s Metrics: {}
I0108 16:52:23.974647 30530 raft_consensus.cc:477] T 97a6791627c941a48f3269f2d00d1eea P 72e6f176048945dea46e0f4305315d3c [term 2 FOLLOWER]: Starting pre-election (detected failure of leader 02a5a9f6601045b6b339c43c526fc29e)
I0108 16:52:23.974779 30530 raft_consensus.cc:499] T 97a6791627c941a48f3269f2d00d1eea P 72e6f176048945dea46e0f4305315d3c [term 2 FOLLOWER]: Starting pre-election with config: opid_index: -1 OBSOLETE_local: false peers { permanent_uuid: "02a5a9f6601045b6b339c43c526fc29e" member_type: VOTER last_known_addr { host: "127.23.197.130" port: 37520 } } peers { permanent_uuid: "e61264bf360a4a62a3a5e3b9f2875f5b" member_type: VOTER last_known_addr { host: "127.23.197.129" port: 35094 } } peers { permanent_uuid: "72e6f176048945dea46e0f4305315d3c" member_type: VOTER last_known_addr { host: "127.23.197.131" port: 49342 } }
I0108 16:52:23.975057 30530 leader_election.cc:293] T 97a6791627c941a48f3269f2d00d1eea P 72e6f176048945dea46e0f4305315d3c [CANDIDATE]: Term 3 pre-election: Requested pre-vote from peers 02a5a9f6601045b6b339c43c526fc29e (127.23.197.130:37520), e61264bf360a4a62a3a5e3b9f2875f5b (127.23.197.129:35094)
W0108 16:52:23.975116 30241 leader_election.cc:339] T 97a6791627c941a48f3269f2d00d1eea P 72e6f176048945dea46e0f4305315d3c [CANDIDATE]: Term 3 pre-election: RPC error from VoteRequest() call to peer 02a5a9f6601045b6b339c43c526fc29e (127.23.197.130:37520): Network error: Client connection negotiation failed: client connection to 127.23.197.130:37520: connect: Connection refused (error 111)
I0108 16:52:23.981951 24501 tablet_service.cc:1319] Received RequestConsensusVote() RPC: tablet_id: "97a6791627c941a48f3269f2d00d1eea" candidate_uuid: "72e6f176048945dea46e0f4305315d3c" candidate_term: 3 candidate_status { last_received { term: 2 index: 368072 } } ignore_live_leader: false dest_uuid: "e61264bf360a4a62a3a5e3b9f2875f5b" is_pre_election: true
I0108 16:52:23.981979 24501 raft_consensus.cc:2396] T 97a6791627c941a48f3269f2d00d1eea P e61264bf360a4a62a3a5e3b9f2875f5b [term 2 FOLLOWER]: Leader pre-election vote request: Granting yes vote for candidate 72e6f176048945dea46e0f4305315d3c in term 2.
I0108 16:52:23.982112 30239 leader_election.cc:307] T 97a6791627c941a48f3269f2d00d1eea P 72e6f176048945dea46e0f4305315d3c [CANDIDATE]: Term 3 pre-election: Election decided. Result: candidate won. Election summary: received 3 responses out of 3 voters: 2 yes votes; 1 no votes. yes voters: 72e6f176048945dea46e0f4305315d3c, e61264bf360a4a62a3a5e3b9f2875f5b; no voters: 02a5a9f6601045b6b339c43c526fc29e
I0108 16:52:23.982203 30530 raft_consensus.cc:2696] T 97a6791627c941a48f3269f2d00d1eea P 72e6f176048945dea46e0f4305315d3c [term 2 FOLLOWER]: Leader pre-election won for term 3
I0108 16:52:23.982244 30530 raft_consensus.cc:477] T 97a6791627c941a48f3269f2d00d1eea P 72e6f176048945dea46e0f4305315d3c [term 2 FOLLOWER]: Starting leader election (detected failure of leader 02a5a9f6601045b6b339c43c526fc29e)
I0108 16:52:23.982281 30530 raft_consensus.cc:2949] T 97a6791627c941a48f3269f2d00d1eea P 72e6f176048945dea46e0f4305315d3c [term 2 FOLLOWER]: Advancing to term 3
I0108 16:52:23.983570 30530 raft_consensus.cc:499] T 97a6791627c941a48f3269f2d00d1eea P 72e6f176048945dea46e0f4305315d3c [term 3 FOLLOWER]: Starting leader election with config: opid_index: -1 OBSOLETE_local: false peers { permanent_uuid: "02a5a9f6601045b6b339c43c526fc29e" member_type: VOTER last_known_addr { host: "127.23.197.130" port: 37520 } } peers { permanent_uuid: "e61264bf360a4a62a3a5e3b9f2875f5b" member_type: VOTER last_known_addr { host: "127.23.197.129" port: 35094 } } peers { permanent_uuid: "72e6f176048945dea46e0f4305315d3c" member_type: VOTER last_known_addr { host: "127.23.197.131" port: 49342 } }
I0108 16:52:23.983660 30530 leader_election.cc:293] T 97a6791627c941a48f3269f2d00d1eea P 72e6f176048945dea46e0f4305315d3c [CANDIDATE]: Term 3 election: Requested vote from peers 02a5a9f6601045b6b339c43c526fc29e (127.23.197.130:37520), e61264bf360a4a62a3a5e3b9f2875f5b (127.23.197.129:35094)
I0108 16:52:23.983834 24501 tablet_service.cc:1319] Received RequestConsensusVote() RPC: tablet_id: "97a6791627c941a48f3269f2d00d1eea" candidate_uuid: "72e6f176048945dea46e0f4305315d3c" candidate_term: 3 candidate_status { last_received { term: 2 index: 368072 } } ignore_live_leader: false dest_uuid: "e61264bf360a4a62a3a5e3b9f2875f5b"
I0108 16:52:23.983846 24501 raft_consensus.cc:2949] T 97a6791627c941a48f3269f2d00d1eea P e61264bf360a4a62a3a5e3b9f2875f5b [term 2 FOLLOWER]: Advancing to term 3
W0108 16:52:23.983914 30241 leader_election.cc:339] T 97a6791627c941a48f3269f2d00d1eea P 72e6f176048945dea46e0f4305315d3c [CANDIDATE]: Term 3 election: RPC error from VoteRequest() call to peer 02a5a9f6601045b6b339c43c526fc29e (127.23.197.130:37520): Network error: Client connection negotiation failed: client connection to 127.23.197.130:37520: connect: Connection refused (error 111)
I0108 16:52:23.984884 24501 raft_consensus.cc:2396] T 97a6791627c941a48f3269f2d00d1eea P e61264bf360a4a62a3a5e3b9f2875f5b [term 3 FOLLOWER]: Leader election vote request: Granting yes vote for candidate 72e6f176048945dea46e0f4305315d3c in term 3.
I0108 16:52:23.984988 30239 leader_election.cc:307] T 97a6791627c941a48f3269f2d00d1eea P 72e6f176048945dea46e0f4305315d3c [CANDIDATE]: Term 3 election: Election decided. Result: candidate won. Election summary: received 3 responses out of 3 voters: 2 yes votes; 1 no votes. yes voters: 72e6f176048945dea46e0f4305315d3c, e61264bf360a4a62a3a5e3b9f2875f5b; no voters: 02a5a9f6601045b6b339c43c526fc29e
I0108 16:52:23.985044 30530 raft_consensus.cc:2696] T 97a6791627c941a48f3269f2d00d1eea P 72e6f176048945dea46e0f4305315d3c [term 3 FOLLOWER]: Leader election won for term 3
I0108 16:52:23.985086 30530 raft_consensus.cc:672] T 97a6791627c941a48f3269f2d00d1eea P 72e6f176048945dea46e0f4305315d3c [term 3 LEADER]: Becoming Leader. State: Replica: 72e6f176048945dea46e0f4305315d3c, State: Running, Role: LEADER
I0108 16:52:23.985141 30530 consensus_queue.cc:206] T 97a6791627c941a48f3269f2d00d1eea P 72e6f176048945dea46e0f4305315d3c [LEADER]: Queue going to LEADER mode. State: All replicated index: 0, Majority replicated index: 368072, Committed index: 368072, Last appended: 2.368072, Last appended by leader: 368072, Current term: 3, Majority size: 2, State: 0, Mode: LEADER, active raft config: opid_index: -1 OBSOLETE_local: false peers { permanent_uuid: "02a5a9f6601045b6b339c43c526fc29e" member_type: VOTER last_known_addr { host: "127.23.197.130" port: 37520 } } peers { permanent_uuid: "e61264bf360a4a62a3a5e3b9f2875f5b" member_type: VOTER last_known_addr { host: "127.23.197.129" port: 35094 } } peers { permanent_uuid: "72e6f176048945dea46e0f4305315d3c" member_type: VOTER last_known_addr { host: "127.23.197.131" port: 49342 } }
I0108 16:52:23.985605 24372 catalog_manager.cc:4143] T 97a6791627c941a48f3269f2d00d1eea P 72e6f176048945dea46e0f4305315d3c reported cstate change: term changed from 2 to 3, leader changed from 02a5a9f6601045b6b339c43c526fc29e (127.23.197.130) to 72e6f176048945dea46e0f4305315d3c (127.23.197.131). New cstate: current_term: 3 leader_uuid: "72e6f176048945dea46e0f4305315d3c" committed_config { opid_index: -1 OBSOLETE_local: false peers { permanent_uuid: "02a5a9f6601045b6b339c43c526fc29e" member_type: VOTER last_known_addr { host: "127.23.197.130" port: 37520 } health_report { overall_health: UNKNOWN } } peers { permanent_uuid: "e61264bf360a4a62a3a5e3b9f2875f5b" member_type: VOTER last_known_addr { host: "127.23.197.129" port: 35094 } health_report { overall_health: UNKNOWN } } peers { permanent_uuid: "72e6f176048945dea46e0f4305315d3c" member_type: VOTER last_known_addr { host: "127.23.197.131" port: 49342 } health_report { overall_health: HEALTHY } } }
I0108 16:52:24.297454 30309 raft_consensus.cc:1195] T 2c3d9174c33442d28f28f4d0cda9fc51 P 72e6f176048945dea46e0f4305315d3c [term 2 FOLLOWER]: Refusing update from remote peer e61264bf360a4a62a3a5e3b9f2875f5b: Log matching property violated. Preceding OpId in replica: term: 1 index: 376212. Preceding OpId from leader: term: 2 index: 376213. (index mismatch)
I0108 16:52:24.297677 30508 consensus_queue.cc:982] T 2c3d9174c33442d28f28f4d0cda9fc51 P e61264bf360a4a62a3a5e3b9f2875f5b [LEADER]: Connected to new peer: Peer: permanent_uuid: "72e6f176048945dea46e0f4305315d3c" member_type: VOTER last_known_addr { host: "127.23.197.131" port: 49342 }, Status: LMP_MISMATCH, Last received: 0.0, Next index: 376213, Last known committed idx: 376212, Time since last communication: 0.000s
W0108 16:52:24.298645 24434 consensus_peers.cc:473] T 2c3d9174c33442d28f28f4d0cda9fc51 P e61264bf360a4a62a3a5e3b9f2875f5b -> Peer 02a5a9f6601045b6b339c43c526fc29e (127.23.197.130:37520): Couldn't send request to peer 02a5a9f6601045b6b339c43c526fc29e. Status: Network error: Client connection negotiation failed: client connection to 127.23.197.130:37520: connect: Connection refused (error 111). This is attempt 1: this message will repeat every 5th retry.
W0108 16:52:24.432978 30241 consensus_peers.cc:473] T 97a6791627c941a48f3269f2d00d1eea P 72e6f176048945dea46e0f4305315d3c -> Peer 02a5a9f6601045b6b339c43c526fc29e (127.23.197.130:37520): Couldn't send request to peer 02a5a9f6601045b6b339c43c526fc29e. Status: Network error: Client connection negotiation failed: client connection to 127.23.197.130:37520: connect: Connection refused (error 111). This is attempt 1: this message will repeat every 5th retry.
I0108 16:52:24.555532 24501 raft_consensus.cc:1195] T 97a6791627c941a48f3269f2d00d1eea P e61264bf360a4a62a3a5e3b9f2875f5b [term 3 FOLLOWER]: Refusing update from remote peer 72e6f176048945dea46e0f4305315d3c: Log matching property violated. Preceding OpId in replica: term: 2 index: 368072. Preceding OpId from leader: term: 3 index: 368073. (index mismatch)
I0108 16:52:24.555719 30533 consensus_queue.cc:982] T 97a6791627c941a48f3269f2d00d1eea P 72e6f176048945dea46e0f4305315d3c [LEADER]: Connected to new peer: Peer: permanent_uuid: "e61264bf360a4a62a3a5e3b9f2875f5b" member_type: VOTER last_known_addr { host: "127.23.197.129" port: 35094 }, Status: LMP_MISMATCH, Last received: 0.0, Next index: 368073, Last known committed idx: 368072, Time since last communication: 0.000s
W0108 16:52:25.225766 24434 consensus_peers.cc:473] T c0c87b04bc0f4f37876458fbfb4bdf03 P e61264bf360a4a62a3a5e3b9f2875f5b -> Peer 02a5a9f6601045b6b339c43c526fc29e (127.23.197.130:37520): Couldn't send request to peer 02a5a9f6601045b6b339c43c526fc29e. Status: Network error: Client connection negotiation failed: client connection to 127.23.197.130:37520: connect: Connection refused (error 111). This is attempt 6: this message will repeat every 5th retry.
W0108 16:52:26.977618 30241 consensus_peers.cc:473] T 97a6791627c941a48f3269f2d00d1eea P 72e6f176048945dea46e0f4305315d3c -> Peer 02a5a9f6601045b6b339c43c526fc29e (127.23.197.130:37520): Couldn't send request to peer 02a5a9f6601045b6b339c43c526fc29e. Status: Network error: Client connection negotiation failed: client connection to 127.23.197.130:37520: connect: Connection refused (error 111). This is attempt 6: this message will repeat every 5th retry.
W0108 16:52:27.080778 24434 consensus_peers.cc:473] T 2c3d9174c33442d28f28f4d0cda9fc51 P e61264bf360a4a62a3a5e3b9f2875f5b -> Peer 02a5a9f6601045b6b339c43c526fc29e (127.23.197.130:37520): Couldn't send request to peer 02a5a9f6601045b6b339c43c526fc29e. Status: Network error: Client connection negotiation failed: client connection to 127.23.197.130:37520: connect: Connection refused (error 111). This is attempt 6: this message will repeat every 5th retry.
W0108 16:52:27.684895 24434 consensus_peers.cc:473] T c0c87b04bc0f4f37876458fbfb4bdf03 P e61264bf360a4a62a3a5e3b9f2875f5b -> Peer 02a5a9f6601045b6b339c43c526fc29e (127.23.197.130:37520): Couldn't send request to peer 02a5a9f6601045b6b339c43c526fc29e. Status: Network error: Client connection negotiation failed: client connection to 127.23.197.130:37520: connect: Connection refused (error 111). This is attempt 11: this message will repeat every 5th retry.
W0108 16:52:29.266008 30241 consensus_peers.cc:473] T 97a6791627c941a48f3269f2d00d1eea P 72e6f176048945dea46e0f4305315d3c -> Peer 02a5a9f6601045b6b339c43c526fc29e (127.23.197.130:37520): Couldn't send request to peer 02a5a9f6601045b6b339c43c526fc29e. Status: Network error: Client connection negotiation failed: client connection to 127.23.197.130:37520: connect: Connection refused (error 111). This is attempt 11: this message will repeat every 5th retry.
W0108 16:52:29.814844 24434 consensus_peers.cc:473] T 2c3d9174c33442d28f28f4d0cda9fc51 P e61264bf360a4a62a3a5e3b9f2875f5b -> Peer 02a5a9f6601045b6b339c43c526fc29e (127.23.197.130:37520): Couldn't send request to peer 02a5a9f6601045b6b339c43c526fc29e. Status: Network error: Client connection negotiation failed: client connection to 127.23.197.130:37520: connect: Connection refused (error 111). This is attempt 11: this message will repeat every 5th retry.
W0108 16:52:30.238570 24434 consensus_peers.cc:473] T c0c87b04bc0f4f37876458fbfb4bdf03 P e61264bf360a4a62a3a5e3b9f2875f5b -> Peer 02a5a9f6601045b6b339c43c526fc29e (127.23.197.130:37520): Couldn't send request to peer 02a5a9f6601045b6b339c43c526fc29e. Status: Network error: Client connection negotiation failed: client connection to 127.23.197.130:37520: connect: Connection refused (error 111). This is attempt 16: this message will repeat every 5th retry.
W0108 16:52:31.967846 30241 consensus_peers.cc:473] T 97a6791627c941a48f3269f2d00d1eea P 72e6f176048945dea46e0f4305315d3c -> Peer 02a5a9f6601045b6b339c43c526fc29e (127.23.197.130:37520): Couldn't send request to peer 02a5a9f6601045b6b339c43c526fc29e. Status: Network error: Client connection negotiation failed: client connection to 127.23.197.130:37520: connect: Connection refused (error 111). This is attempt 16: this message will repeat every 5th retry.
W0108 16:52:32.465323 24434 consensus_peers.cc:473] T 2c3d9174c33442d28f28f4d0cda9fc51 P e61264bf360a4a62a3a5e3b9f2875f5b -> Peer 02a5a9f6601045b6b339c43c526fc29e (127.23.197.130:37520): Couldn't send request to peer 02a5a9f6601045b6b339c43c526fc29e. Status: Network error: Client connection negotiation failed: client connection to 127.23.197.130:37520: connect: Connection refused (error 111). This is attempt 16: this message will repeat every 5th retry.
W0108 16:52:32.992816 24434 consensus_peers.cc:473] T c0c87b04bc0f4f37876458fbfb4bdf03 P e61264bf360a4a62a3a5e3b9f2875f5b -> Peer 02a5a9f6601045b6b339c43c526fc29e (127.23.197.130:37520): Couldn't send request to peer 02a5a9f6601045b6b339c43c526fc29e. Status: Network error: Client connection negotiation failed: client connection to 127.23.197.130:37520: connect: Connection refused (error 111). This is attempt 21: this message will repeat every 5th retry.
W0108 16:52:34.547598 30241 consensus_peers.cc:473] T 97a6791627c941a48f3269f2d00d1eea P 72e6f176048945dea46e0f4305315d3c -> Peer 02a5a9f6601045b6b339c43c526fc29e (127.23.197.130:37520): Couldn't send request to peer 02a5a9f6601045b6b339c43c526fc29e. Status: Network error: Client connection negotiation failed: client connection to 127.23.197.130:37520: connect: Connection refused (error 111). This is attempt 21: this message will repeat every 5th retry.
W0108 16:52:35.041127 24434 consensus_peers.cc:473] T 2c3d9174c33442d28f28f4d0cda9fc51 P e61264bf360a4a62a3a5e3b9f2875f5b -> Peer 02a5a9f6601045b6b339c43c526fc29e (127.23.197.130:37520): Couldn't send request to peer 02a5a9f6601045b6b339c43c526fc29e. Status: Network error: Client connection negotiation failed: client connection to 127.23.197.130:37520: connect: Connection refused (error 111). This is attempt 21: this message will repeat every 5th retry.
W0108 16:52:35.635586 24434 consensus_peers.cc:473] T c0c87b04bc0f4f37876458fbfb4bdf03 P e61264bf360a4a62a3a5e3b9f2875f5b -> Peer 02a5a9f6601045b6b339c43c526fc29e (127.23.197.130:37520): Couldn't send request to peer 02a5a9f6601045b6b339c43c526fc29e. Status: Network error: Client connection negotiation failed: client connection to 127.23.197.130:37520: connect: Connection refused (error 111). This is attempt 26: this message will repeat every 5th retry.
W0108 16:52:37.052645 30241 consensus_peers.cc:473] T 97a6791627c941a48f3269f2d00d1eea P 72e6f176048945dea46e0f4305315d3c -> Peer 02a5a9f6601045b6b339c43c526fc29e (127.23.197.130:37520): Couldn't send request to peer 02a5a9f6601045b6b339c43c526fc29e. Status: Network error: Client connection negotiation failed: client connection to 127.23.197.130:37520: connect: Connection refused (error 111). This is attempt 26: this message will repeat every 5th retry.
W0108 16:52:37.694082 24434 consensus_peers.cc:473] T 2c3d9174c33442d28f28f4d0cda9fc51 P e61264bf360a4a62a3a5e3b9f2875f5b -> Peer 02a5a9f6601045b6b339c43c526fc29e (127.23.197.130:37520): Couldn't send request to peer 02a5a9f6601045b6b339c43c526fc29e. Status: Network error: Client connection negotiation failed: client connection to 127.23.197.130:37520: connect: Connection refused (error 111). This is attempt 26: this message will repeat every 5th retry.
W0108 16:52:38.239547 24434 consensus_peers.cc:473] T c0c87b04bc0f4f37876458fbfb4bdf03 P e61264bf360a4a62a3a5e3b9f2875f5b -> Peer 02a5a9f6601045b6b339c43c526fc29e (127.23.197.130:37520): Couldn't send request to peer 02a5a9f6601045b6b339c43c526fc29e. Status: Network error: Client connection negotiation failed: client connection to 127.23.197.130:37520: connect: Connection refused (error 111). This is attempt 31: this message will repeat every 5th retry.
W0108 16:52:39.705646 30241 consensus_peers.cc:473] T 97a6791627c941a48f3269f2d00d1eea P 72e6f176048945dea46e0f4305315d3c -> Peer 02a5a9f6601045b6b339c43c526fc29e (127.23.197.130:37520): Couldn't send request to peer 02a5a9f6601045b6b339c43c526fc29e. Status: Network error: Client connection negotiation failed: client connection to 127.23.197.130:37520: connect: Connection refused (error 111). This is attempt 31: this message will repeat every 5th retry.
I0108 16:52:39.934165 24342 meta_cache.cc:1038] Marking tablet server 02a5a9f6601045b6b339c43c526fc29e (127.23.197.130:37520) as failed.
W0108 16:52:39.934201 24342 meta_cache.cc:234] Tablet 2c3d9174c33442d28f28f4d0cda9fc51: Replica 02a5a9f6601045b6b339c43c526fc29e (127.23.197.130:37520) has failed: Network error: TS failed: Client connection negotiation failed: client connection to 127.23.197.130:37520: connect: Connection refused (error 111)
W0108 16:52:40.040351 24434 consensus_peers.cc:473] T 2c3d9174c33442d28f28f4d0cda9fc51 P e61264bf360a4a62a3a5e3b9f2875f5b -> Peer 02a5a9f6601045b6b339c43c526fc29e (127.23.197.130:37520): Couldn't send request to peer 02a5a9f6601045b6b339c43c526fc29e. Status: Network error: Client connection negotiation failed: client connection to 127.23.197.130:37520: connect: Connection refused (error 111). This is attempt 31: this message will repeat every 5th retry.
W0108 16:52:40.673295 24434 consensus_peers.cc:473] T c0c87b04bc0f4f37876458fbfb4bdf03 P e61264bf360a4a62a3a5e3b9f2875f5b -> Peer 02a5a9f6601045b6b339c43c526fc29e (127.23.197.130:37520): Couldn't send request to peer 02a5a9f6601045b6b339c43c526fc29e. Status: Network error: Client connection negotiation failed: client connection to 127.23.197.130:37520: connect: Connection refused (error 111). This is attempt 36: this message will repeat every 5th retry.
W0108 16:52:42.116772 30241 consensus_peers.cc:473] T 97a6791627c941a48f3269f2d00d1eea P 72e6f176048945dea46e0f4305315d3c -> Peer 02a5a9f6601045b6b339c43c526fc29e (127.23.197.130:37520): Couldn't send request to peer 02a5a9f6601045b6b339c43c526fc29e. Status: Network error: Client connection negotiation failed: client connection to 127.23.197.130:37520: connect: Connection refused (error 111). This is attempt 36: this message will repeat every 5th retry.
W0108 16:52:42.724953 24434 consensus_peers.cc:473] T 2c3d9174c33442d28f28f4d0cda9fc51 P e61264bf360a4a62a3a5e3b9f2875f5b -> Peer 02a5a9f6601045b6b339c43c526fc29e (127.23.197.130:37520): Couldn't send request to peer 02a5a9f6601045b6b339c43c526fc29e. Status: Network error: Client connection negotiation failed: client connection to 127.23.197.130:37520: connect: Connection refused (error 111). This is attempt 36: this message will repeat every 5th retry.
W0108 16:52:43.121621 24434 consensus_peers.cc:473] T c0c87b04bc0f4f37876458fbfb4bdf03 P e61264bf360a4a62a3a5e3b9f2875f5b -> Peer 02a5a9f6601045b6b339c43c526fc29e (127.23.197.130:37520): Couldn't send request to peer 02a5a9f6601045b6b339c43c526fc29e. Status: Network error: Client connection negotiation failed: client connection to 127.23.197.130:37520: connect: Connection refused (error 111). This is attempt 41: this message will repeat every 5th retry.
I0108 16:52:43.221333 24342 linked_list-test-util.h:876] Done collecting results (7989850 rows in 20610.7ms)
I0108 16:52:44.144824 24342 linked_list-test-util.h:667] Snapshot: P: 1578530220348799 usec, L: 1 verified. Result: OK
I0108 16:52:44.145334 24342 linked_list-test-util.h:620] Verifying Snapshot: P: 1578530520348549 usec, L: 1 Expected Rows: 15130600
I0108 16:52:44.148053 24342 linked_list-test-util.h:639] Calling callback on tserver e61264bf360a4a62a3a5e3b9f2875f5b
