I0108 16:32:00.340904 24380 catalog_manager.cc:4143] T 97a6791627c941a48f3269f2d00d1eea P 72e6f176048945dea46e0f4305315d3c reported cstate change: term changed from 0 to 1, leader changed from to 72e6f176048945dea46e0f4305315d3c (127.23.197.131). New cstate: current_term: 1 leader_uuid: "72e6f176048945dea46e0f4305315d3c" committed_config { opid_index: -1 OBSOLETE_local: false peers { permanent_uuid: "02a5a9f6601045b6b339c43c526fc29e" member_type: VOTER last_known_addr { host: "127.23.197.130" port: 37520 } health_report { overall_health: UNKNOWN } } peers { permanent_uuid: "e61264bf360a4a62a3a5e3b9f2875f5b" member_type: VOTER last_known_addr { host: "127.23.197.129" port: 35094 } health_report { overall_health: UNKNOWN } } peers { permanent_uuid: "72e6f176048945dea46e0f4305315d3c" member_type: VOTER last_known_addr { host: "127.23.197.131" port: 49342 } health_report { overall_health: HEALTHY } } }
I0108 16:32:00.340904 24379 catalog_manager.cc:4143] T c0c87b04bc0f4f37876458fbfb4bdf03 P e61264bf360a4a62a3a5e3b9f2875f5b reported cstate change: term changed from 0 to 1, leader changed from to e61264bf360a4a62a3a5e3b9f2875f5b (127.23.197.129). New cstate: current_term: 1 leader_uuid: "e61264bf360a4a62a3a5e3b9f2875f5b" committed_config { opid_index: -1 OBSOLETE_local: false peers { permanent_uuid: "e61264bf360a4a62a3a5e3b9f2875f5b" member_type: VOTER last_known_addr { host: "127.23.197.129" port: 35094 } health_report { overall_health: HEALTHY } } peers { permanent_uuid: "02a5a9f6601045b6b339c43c526fc29e" member_type: VOTER last_known_addr { host: "127.23.197.130" port: 37520 } health_report { overall_health: UNKNOWN } } peers { permanent_uuid: "72e6f176048945dea46e0f4305315d3c" member_type: VOTER last_known_addr { host: "127.23.197.131" port: 49342 } health_report { overall_health: UNKNOWN } } }
I0108 16:32:00.343634 24342 external_mini_cluster.cc:721] 3 TS(s) registered with all masters
I0108 16:32:00.343876 24342 ts_itest-base.cc:233] Waiting for 3 tablets on tserver e61264bf360a4a62a3a5e3b9f2875f5b to finish bootstrapping
I0108 16:32:00.345376 24342 ts_itest-base.cc:233] Waiting for 3 tablets on tserver 02a5a9f6601045b6b339c43c526fc29e to finish bootstrapping
I0108 16:32:00.346835 24342 ts_itest-base.cc:233] Waiting for 3 tablets on tserver 72e6f176048945dea46e0f4305315d3c to finish bootstrapping
I0108 16:32:00.348878 24342 linked_list-test-util.h:512] Running for: 900.000s
I0108 16:32:00.348898 24342 linked_list-test-util.h:513] Sampling every 300000000 us
I0108 16:32:00.348908 24342 linked_list-test-util.h:519] Written 0 rows in chain ------------------------------------------------------------ Histogram for latency of insert operations (microseconds) Note: each insert is a batch of 50 rows. ------------------------------------------------------------ Count: 0 Mean: 0 Percentiles: 0% (min) = 0 25% = 0 50% (med) = 0 75% = 0 95% = 0 99% = 0 99.9% = 0 99.99% = 0 100% (max) = 0
I0108 16:32:00.349388 24835 linked_list-test-util.h:379] Curl thread will poll the following URLs every 1000 ms:
I0108 16:32:00.349653 24835 linked_list-test-util.h:382] http://127.23.197.190:56056/metrics
I0108 16:32:00.349731 24835 linked_list-test-util.h:382] http://127.23.197.130:44676/tablets
I0108 16:32:00.349808 24835 linked_list-test-util.h:382] http://127.23.197.129:37729/maintenance-manager
I0108 16:32:00.349885 24835 linked_list-test-util.h:382] http://127.23.197.130:44676/stacks
I0108 16:32:00.349961 24835 linked_list-test-util.h:382] http://127.23.197.190:56056/tables
I0108 16:32:00.350075 24835 linked_list-test-util.h:382] http://127.23.197.129:37729/threadz?group=all
I0108 16:32:00.350162 24835 linked_list-test-util.h:382] http://127.23.197.131:52477/stacks
I0108 16:32:00.350208 24835 linked_list-test-util.h:382] http://127.23.197.130:44676/threadz?group=all
I0108 16:32:00.350244 24835 linked_list-test-util.h:382] http://127.23.197.129:37729/stacks
I0108 16:32:00.350282 24835 linked_list-test-util.h:382] http://127.23.197.129:37729/tablets
I0108 16:32:00.350320 24835 linked_list-test-util.h:382] http://127.23.197.130:44676/scans
I0108 16:32:00.350358 24835 linked_list-test-util.h:382] http://127.23.197.131:52477/mem-trackers
I0108 16:32:00.350397 24835 linked_list-test-util.h:382] http://127.23.197.130:44676/transactions?tablet_id=c0c87b04bc0f4f37876458fbfb4bdf03
I0108 16:32:00.350437 24835 linked_list-test-util.h:382] http://127.23.197.131:52477/scans
I0108 16:32:00.350492 24835 linked_list-test-util.h:382] http://127.23.197.190:56056/threadz?group=all
I0108 16:32:00.350533 24835 linked_list-test-util.h:382] http://127.23.197.190:56056/dump-entities
I0108 16:32:00.350571 24835 linked_list-test-util.h:382] http://127.23.197.131:52477/maintenance-manager
I0108 16:32:00.350579 24835 linked_list-test-util.h:382] http://127.23.197.130:44676/maintenance-manager
I0108 16:32:00.350582 24835 linked_list-test-util.h:382] http://127.23.197.131:52477/tablets
I0108 16:32:00.350586 24835 linked_list-test-util.h:382] http://127.23.197.190:56056/masters
I0108 16:32:00.350591 24835 linked_list-test-util.h:382] http://127.23.197.130:44676/metrics
I0108 16:32:00.350594 24835 linked_list-test-util.h:382] http://127.23.197.130:44676/threadz
I0108 16:32:00.350597 24835 linked_list-test-util.h:382] http://127.23.197.131:52477/metrics
I0108 16:32:00.350600 24835 linked_list-test-util.h:382] http://127.23.197.129:37729/scans
I0108 16:32:00.350603 24835 linked_list-test-util.h:382] http://127.23.197.190:56056/tablet-servers
I0108 16:32:00.350606 24835 linked_list-test-util.h:382] http://127.23.197.190:56056/mem-trackers
I0108 16:32:00.350610 24835 linked_list-test-util.h:382] http://127.23.197.129:37729/mem-trackers
I0108 16:32:00.350612 24835 linked_list-test-util.h:382] http://127.23.197.190:56056/stacks
I0108 16:32:00.350615 24835 linked_list-test-util.h:382] http://127.23.197.129:37729/transactions?tablet_id=c0c87b04bc0f4f37876458fbfb4bdf03
I0108 16:32:00.350620 24835 linked_list-test-util.h:382] http://127.23.197.131:52477/transactions?tablet_id=c0c87b04bc0f4f37876458fbfb4bdf03
I0108 16:32:00.350622 24835 linked_list-test-util.h:382] http://127.23.197.131:52477/threadz?group=all
I0108 16:32:00.350625 24835 linked_list-test-util.h:382] http://127.23.197.190:56056/threadz
I0108 16:32:00.350628 24835 linked_list-test-util.h:382] http://127.23.197.130:44676/mem-trackers
I0108 16:32:00.350632 24835 linked_list-test-util.h:382] http://127.23.197.131:52477/threadz
I0108 16:32:00.350636 24835 linked_list-test-util.h:382] http://127.23.197.129:37729/metrics
I0108 16:32:00.350644 24835 linked_list-test-util.h:382] http://127.23.197.129:37729/threadz
I0108 16:32:00.353497 24501 raft_consensus.cc:1195] T 2c3d9174c33442d28f28f4d0cda9fc51 P e61264bf360a4a62a3a5e3b9f2875f5b [term 1 FOLLOWER]: Refusing update from remote peer 02a5a9f6601045b6b339c43c526fc29e: Log matching property violated. Preceding OpId in replica: term: 0 index: 0. Preceding OpId from leader: term: 1 index: 2. (index mismatch)
I0108 16:32:00.353516 24751 raft_consensus.cc:1195] T 2c3d9174c33442d28f28f4d0cda9fc51 P 72e6f176048945dea46e0f4305315d3c [term 1 FOLLOWER]: Refusing update from remote peer 02a5a9f6601045b6b339c43c526fc29e: Log matching property violated. Preceding OpId in replica: term: 0 index: 0. Preceding OpId from leader: term: 1 index: 2. (index mismatch)
I0108 16:32:00.353652 24826 consensus_queue.cc:982] T 2c3d9174c33442d28f28f4d0cda9fc51 P 02a5a9f6601045b6b339c43c526fc29e [LEADER]: Connected to new peer: Peer: permanent_uuid: "e61264bf360a4a62a3a5e3b9f2875f5b" member_type: VOTER last_known_addr { host: "127.23.197.129" port: 35094 }, Status: LMP_MISMATCH, Last received: 0.0, Next index: 1, Last known committed idx: 0, Time since last communication: 0.000s
I0108 16:32:00.353708 24826 consensus_queue.cc:982] T 2c3d9174c33442d28f28f4d0cda9fc51 P 02a5a9f6601045b6b339c43c526fc29e [LEADER]: Connected to new peer: Peer: permanent_uuid: "72e6f176048945dea46e0f4305315d3c" member_type: VOTER last_known_addr { host: "127.23.197.131" port: 49342 }, Status: LMP_MISMATCH, Last received: 0.0, Next index: 1, Last known committed idx: 0, Time since last communication: 0.000s
I0108 16:32:00.355283 24841 mvcc.cc:203] Tried to move safe_time back from 6465658553766973440 to 6465658552733384704. Current Snapshot: MvccSnapshot[committed={T|T < 6465658553766973440}]
I0108 16:32:00.355592 24501 raft_consensus.cc:1195] T 97a6791627c941a48f3269f2d00d1eea P e61264bf360a4a62a3a5e3b9f2875f5b [term 1 FOLLOWER]: Refusing update from remote peer 72e6f176048945dea46e0f4305315d3c: Log matching property violated. Preceding OpId in replica: term: 0 index: 0. Preceding OpId from leader: term: 1 index: 2. (index mismatch)
I0108 16:32:00.355650 24626 raft_consensus.cc:1195] T 97a6791627c941a48f3269f2d00d1eea P 02a5a9f6601045b6b339c43c526fc29e [term 1 FOLLOWER]: Refusing update from remote peer 72e6f176048945dea46e0f4305315d3c: Log matching property violated. Preceding OpId in replica: term: 0 index: 0. Preceding OpId from leader: term: 1 index: 2. (index mismatch)
I0108 16:32:00.355747 24830 consensus_queue.cc:982] T 97a6791627c941a48f3269f2d00d1eea P 72e6f176048945dea46e0f4305315d3c [LEADER]: Connected to new peer: Peer: permanent_uuid: "e61264bf360a4a62a3a5e3b9f2875f5b" member_type: VOTER last_known_addr { host: "127.23.197.129" port: 35094 }, Status: LMP_MISMATCH, Last received: 0.0, Next index: 1, Last known committed idx: 0, Time since last communication: 0.000s
I0108 16:32:00.355799 24822 consensus_queue.cc:982] T 97a6791627c941a48f3269f2d00d1eea P 72e6f176048945dea46e0f4305315d3c [LEADER]: Connected to new peer: Peer: permanent_uuid: "02a5a9f6601045b6b339c43c526fc29e" member_type: VOTER last_known_addr { host: "127.23.197.130" port: 37520 }, Status: LMP_MISMATCH, Last received: 0.0, Next index: 1, Last known committed idx: 0, Time since last communication: 0.000s
I0108 16:32:00.355952 24751 raft_consensus.cc:1195] T c0c87b04bc0f4f37876458fbfb4bdf03 P 72e6f176048945dea46e0f4305315d3c [term 1 FOLLOWER]: Refusing update from remote peer e61264bf360a4a62a3a5e3b9f2875f5b: Log matching property violated. Preceding OpId in replica: term: 0 index: 0. Preceding OpId from leader: term: 1 index: 2. (index mismatch)
I0108 16:32:00.355994 24627 raft_consensus.cc:1195] T c0c87b04bc0f4f37876458fbfb4bdf03 P 02a5a9f6601045b6b339c43c526fc29e [term 1 FOLLOWER]: Refusing update from remote peer e61264bf360a4a62a3a5e3b9f2875f5b: Log matching property violated. Preceding OpId in replica: term: 0 index: 0. Preceding OpId from leader: term: 1 index: 2. (index mismatch)
I0108 16:32:00.356011 24844 mvcc.cc:203] Tried to move safe_time back from 6465658553766973440 to 6465658552733384704. Current Snapshot: MvccSnapshot[committed={T|T < 6465658553766973440}]
I0108 16:32:00.356173 24842 mvcc.cc:203] Tried to move safe_time back from 6465658553766973440 to 6465658552733384704. Current Snapshot: MvccSnapshot[committed={T|T < 6465658553766973440}]
I0108 16:32:00.356199 24815 consensus_queue.cc:982] T c0c87b04bc0f4f37876458fbfb4bdf03 P e61264bf360a4a62a3a5e3b9f2875f5b [LEADER]: Connected to new peer: Peer: permanent_uuid: "02a5a9f6601045b6b339c43c526fc29e" member_type: VOTER last_known_addr { host: "127.23.197.130" port: 37520 }, Status: LMP_MISMATCH, Last received: 0.0, Next index: 1, Last known committed idx: 0, Time since last communication: 0.000s
I0108 16:32:00.356287 24831 consensus_queue.cc:982] T c0c87b04bc0f4f37876458fbfb4bdf03 P e61264bf360a4a62a3a5e3b9f2875f5b [LEADER]: Connected to new peer: Peer: permanent_uuid: "72e6f176048945dea46e0f4305315d3c" member_type: VOTER last_known_addr { host: "127.23.197.131" port: 49342 }, Status: LMP_MISMATCH, Last received: 0.0, Next index: 1, Last known committed idx: 0, Time since last communication: 0.000s ------------------------------------------------------------ Histogram for latency of insert operations (microseconds) Note: each insert is a batch of 50 rows. ------------------------------------------------------------ Count: 10000 Mean: 1489.79 Percentiles: 0% (min) = 781 25% = 1177 50% (med) = 1309 75% = 1481 95% = 1856 99% = 4920 99.9% = 35392 99.99% = 50976 100% (max) = 57354
I0108 16:32:17.135989 24342 linked_list-test-util.h:519] Written 500000 rows in chain ------------------------------------------------------------ Histogram for latency of insert operations (microseconds) Note: each insert is a batch of 50 rows. ------------------------------------------------------------ Count: 20000 Mean: 1526.25 Percentiles: 0% (min) = 767 25% = 1201 50% (med) = 1337 75% = 1512 95% = 1924 99% = 5448 99.9% = 34624 99.99% = 48288 100% (max) = 57354
I0108 16:32:34.567785 24342 linked_list-test-util.h:519] Written 1000000 rows in chain ------------------------------------------------------------ Histogram for latency of insert operations (microseconds) Note: each insert is a batch of 50 rows. ------------------------------------------------------------ Count: 30000 Mean: 1538.68 Percentiles: 0% (min) = 728 25% = 1210 50% (med) = 1345 75% = 1518 95% = 1922 99% = 5604 99.9% = 35392 99.99% = 48704 100% (max) = 57354
I0108 16:32:52.168884 24342 linked_list-test-util.h:519] Written 1500000 rows in chain ------------------------------------------------------------ Histogram for latency of insert operations (microseconds) Note: each insert is a batch of 50 rows. ------------------------------------------------------------ Count: 40000 Mean: 1548.8 Percentiles: 0% (min) = 728 25% = 1222 50% (med) = 1361 75% = 1534 95% = 1935 99% = 5600 99.9% = 34624 99.99% = 48704 100% (max) = 57354
I0108 16:33:09.865923 24342 linked_list-test-util.h:519] Written 2000000 rows in chain ------------------------------------------------------------ Histogram for latency of insert operations (microseconds) Note: each insert is a batch of 50 rows. ------------------------------------------------------------ Count: 50000 Mean: 1560.74 Percentiles: 0% (min) = 728 25% = 1232 50% (med) = 1374 75% = 1551 95% = 1952 99% = 5640 99.9% = 34848 99.99% = 48288 100% (max) = 57354
I0108 16:33:27.866555 24342 linked_list-test-util.h:519] Written 2500000 rows in chain ------------------------------------------------------------ Histogram for latency of insert operations (microseconds) Note: each insert is a batch of 50 rows. ------------------------------------------------------------ Count: 60000 Mean: 1568.51 Percentiles: 0% (min) = 728 25% = 1239 50% (med) = 1381 75% = 1559 95% = 1963 99% = 5756 99.9% = 34208 99.99% = 48288 100% (max) = 59583
I0108 16:33:45.845892 24342 linked_list-test-util.h:519] Written 3000000 rows in chain
I0108 16:33:59.993106 24369 maintenance_manager.cc:326] P dc13e8f375d24e5a866a0ef1632607ea: Scheduling FlushMRSOp(00000000000000000000000000000000): perf score=0.033360
I0108 16:33:59.999945 24368 maintenance_manager.cc:527] P dc13e8f375d24e5a866a0ef1632607ea: FlushMRSOp(00000000000000000000000000000000) complete. Timing: real 0.007s user 0.003s sys 0.000s Metrics: {"bytes_written":7608,"cfile_init":1,"dirs.queue_time_us":77,"drs_written":1,"lbm_read_time_us":6,"lbm_reads_lt_1ms":4,"lbm_write_time_us":132,"lbm_writes_lt_1ms":27,"rows_written":6,"thread_start_us":65,"threads_started":2,"wal-append.queue_time_us":45}
I0108 16:34:00.000027 24369 maintenance_manager.cc:326] P dc13e8f375d24e5a866a0ef1632607ea: Scheduling UndoDeltaBlockGCOp(00000000000000000000000000000000): 581 bytes on disk
I0108 16:34:00.000198 24368 maintenance_manager.cc:527] P dc13e8f375d24e5a866a0ef1632607ea: UndoDeltaBlockGCOp(00000000000000000000000000000000) complete. Timing: real 0.000s user 0.000s sys 0.000s Metrics: {"cfile_init":1,"lbm_read_time_us":7,"lbm_reads_lt_1ms":4}
I0108 16:34:00.111673 24671 maintenance_manager.cc:326] P 02a5a9f6601045b6b339c43c526fc29e: Scheduling FlushMRSOp(97a6791627c941a48f3269f2d00d1eea): perf score=0.033345
I0108 16:34:00.151734 24795 maintenance_manager.cc:326] P 72e6f176048945dea46e0f4305315d3c: Scheduling FlushMRSOp(c0c87b04bc0f4f37876458fbfb4bdf03): perf score=0.033355
I0108 16:34:00.304404 24546 maintenance_manager.cc:326] P e61264bf360a4a62a3a5e3b9f2875f5b: Scheduling FlushMRSOp(c0c87b04bc0f4f37876458fbfb4bdf03): perf score=0.033399
I0108 16:34:04.253085 24689 maintenance_manager.cc:527] P 72e6f176048945dea46e0f4305315d3c: FlushMRSOp(c0c87b04bc0f4f37876458fbfb4bdf03) complete. Timing: real 4.100s user 0.854s sys 0.069s Metrics: {"bytes_written":9964992,"cfile_init":1,"compiler_manager_pool.queue_time_us":8623,"compiler_manager_pool.run_cpu_time_us":167749,"compiler_manager_pool.run_wall_time_us":433513,"delete_count":0,"dirs.queue_time_us":59,"dirs.run_cpu_time_us":156,"dirs.run_wall_time_us":170637,"drs_written":1,"lbm_read_time_us":8,"lbm_reads_lt_1ms":4,"lbm_write_time_us":122148,"lbm_writes_1-10_ms":29,"lbm_writes_10-100_ms":1,"lbm_writes_lt_1ms":991,"reinsert_count":0,"rows_written":566455,"thread_start_us":70,"threads_started":2,"update_count":1834}
I0108 16:34:04.255125 24795 maintenance_manager.cc:326] P 72e6f176048945dea46e0f4305315d3c: Scheduling LogGCOp(c0c87b04bc0f4f37876458fbfb4bdf03): free 41963727 bytes of WAL
I0108 16:34:04.257074 24689 log_reader.cc:379] T c0c87b04bc0f4f37876458fbfb4bdf03: removed 5 log segments from log reader
I0108 16:34:04.257386 24689 log.cc:1062] T c0c87b04bc0f4f37876458fbfb4bdf03 P 72e6f176048945dea46e0f4305315d3c: Deleting log segment in path: /data/somelongdirectorytoavoidrpathissues/src/kudutest/linked_list-test.LinkedListTest.TestLoadAndVerify.1578529919787104-24342/linked-list-cluster/ts-2/wal/wals/c0c87b04bc0f4f37876458fbfb4bdf03/wal-000000001 (ops 1-12519)
I0108 16:34:04.257489 24689 log.cc:1062] T c0c87b04bc0f4f37876458fbfb4bdf03 P 72e6f176048945dea46e0f4305315d3c: Deleting log segment in path: /data/somelongdirectorytoavoidrpathissues/src/kudutest/linked_list-test.LinkedListTest.TestLoadAndVerify.1578529919787104-24342/linked-list-cluster/ts-2/wal/wals/c0c87b04bc0f4f37876458fbfb4bdf03/wal-000000002 (ops 12520-24980)
I0108 16:34:04.260856 24689 log.cc:1062] T c0c87b04bc0f4f37876458fbfb4bdf03 P 72e6f176048945dea46e0f4305315d3c: Deleting log segment in path: /data/somelongdirectorytoavoidrpathissues/src/kudutest/linked_list-test.LinkedListTest.TestLoadAndVerify.1578529919787104-24342/linked-list-cluster/ts-2/wal/wals/c0c87b04bc0f4f37876458fbfb4bdf03/wal-000000003 (ops 24981-37471)
I0108 16:34:04.260929 24689 log.cc:1062] T c0c87b04bc0f4f37876458fbfb4bdf03 P 72e6f176048945dea46e0f4305315d3c: Deleting log segment in path: /data/somelongdirectorytoavoidrpathissues/src/kudutest/linked_list-test.LinkedListTest.TestLoadAndVerify.1578529919787104-24342/linked-list-cluster/ts-2/wal/wals/c0c87b04bc0f4f37876458fbfb4bdf03/wal-000000004 (ops 37472-49960)
I0108 16:34:04.261059 24689 log.cc:1062] T c0c87b04bc0f4f37876458fbfb4bdf03 P 72e6f176048945dea46e0f4305315d3c: Deleting log segment in path: /data/somelongdirectorytoavoidrpathissues/src/kudutest/linked_list-test.LinkedListTest.TestLoadAndVerify.1578529919787104-24342/linked-list-cluster/ts-2/wal/wals/c0c87b04bc0f4f37876458fbfb4bdf03/wal-000000005 (ops 49961-62486) ------------------------------------------------------------ Histogram for latency of insert operations (microseconds) Note: each insert is a batch of 50 rows. ------------------------------------------------------------ Count: 70000 Mean: 1579.66 Percentiles: 0% (min) = 728 25% = 1244 50% (med) = 1389 75% = 1569 95% = 1983 99% = 5744 99.9% = 34432 99.99% = 51712 100% (max) = 80298
I0108 16:34:04.300514 24342 linked_list-test-util.h:519] Written 3500000 rows in chain
I0108 16:34:04.317322 24689 maintenance_manager.cc:527] P 72e6f176048945dea46e0f4305315d3c: LogGCOp(c0c87b04bc0f4f37876458fbfb4bdf03) complete. Timing: real 0.060s user 0.001s sys 0.012s Metrics: {}
I0108 16:34:04.319308 24795 maintenance_manager.cc:326] P 72e6f176048945dea46e0f4305315d3c: Scheduling UndoDeltaBlockGCOp(c0c87b04bc0f4f37876458fbfb4bdf03): 11245773 bytes on disk
I0108 16:34:04.319489 24689 maintenance_manager.cc:527] P 72e6f176048945dea46e0f4305315d3c: UndoDeltaBlockGCOp(c0c87b04bc0f4f37876458fbfb4bdf03) complete. Timing: real 0.000s user 0.000s sys 0.000s Metrics: {"cfile_init":1,"lbm_read_time_us":8,"lbm_reads_lt_1ms":4}
I0108 16:34:04.319567 24795 maintenance_manager.cc:326] P 72e6f176048945dea46e0f4305315d3c: Scheduling FlushMRSOp(97a6791627c941a48f3269f2d00d1eea): perf score=0.034513
I0108 16:34:04.402873 24565 maintenance_manager.cc:527] P 02a5a9f6601045b6b339c43c526fc29e: FlushMRSOp(97a6791627c941a48f3269f2d00d1eea) complete. Timing: real 4.290s user 0.907s sys 0.056s Metrics: {"bytes_written":9946798,"cfile_init":1,"compiler_manager_pool.queue_time_us":71,"compiler_manager_pool.run_cpu_time_us":177276,"compiler_manager_pool.run_wall_time_us":841315,"delete_count":0,"dirs.queue_time_us":88,"dirs.run_cpu_time_us":129,"dirs.run_wall_time_us":38968,"drs_written":1,"lbm_read_time_us":8,"lbm_reads_lt_1ms":4,"lbm_write_time_us":140855,"lbm_writes_1-10_ms":44,"lbm_writes_lt_1ms":975,"reinsert_count":0,"rows_written":565570,"thread_start_us":91,"threads_started":2,"update_count":1720}
I0108 16:34:04.403275 24671 maintenance_manager.cc:326] P 02a5a9f6601045b6b339c43c526fc29e: Scheduling LogGCOp(97a6791627c941a48f3269f2d00d1eea): free 41930748 bytes of WAL
I0108 16:34:04.405503 24565 log_reader.cc:379] T 97a6791627c941a48f3269f2d00d1eea: removed 5 log segments from log reader
I0108 16:34:04.406603 24565 log.cc:1062] T 97a6791627c941a48f3269f2d00d1eea P 02a5a9f6601045b6b339c43c526fc29e: Deleting log segment in path: /data/somelongdirectorytoavoidrpathissues/src/kudutest/linked_list-test.LinkedListTest.TestLoadAndVerify.1578529919787104-24342/linked-list-cluster/ts-1/wal/wals/97a6791627c941a48f3269f2d00d1eea/wal-000000001 (ops 1-12504)
I0108 16:34:04.407040 24565 log.cc:1062] T 97a6791627c941a48f3269f2d00d1eea P 02a5a9f6601045b6b339c43c526fc29e: Deleting log segment in path: /data/somelongdirectorytoavoidrpathissues/src/kudutest/linked_list-test.LinkedListTest.TestLoadAndVerify.1578529919787104-24342/linked-list-cluster/ts-1/wal/wals/97a6791627c941a48f3269f2d00d1eea/wal-000000002 (ops 12505-24954)
I0108 16:34:04.408290 24565 log.cc:1062] T 97a6791627c941a48f3269f2d00d1eea P 02a5a9f6601045b6b339c43c526fc29e: Deleting log segment in path: /data/somelongdirectorytoavoidrpathissues/src/kudutest/linked_list-test.LinkedListTest.TestLoadAndVerify.1578529919787104-24342/linked-list-cluster/ts-1/wal/wals/97a6791627c941a48f3269f2d00d1eea/wal-000000003 (ops 24955-37454)
I0108 16:34:04.408398 24565 log.cc:1062] T 97a6791627c941a48f3269f2d00d1eea P 02a5a9f6601045b6b339c43c526fc29e: Deleting log segment in path: /data/somelongdirectorytoavoidrpathissues/src/kudutest/linked_list-test.LinkedListTest.TestLoadAndVerify.1578529919787104-24342/linked-list-cluster/ts-1/wal/wals/97a6791627c941a48f3269f2d00d1eea/wal-000000004 (ops 37455-49819)
I0108 16:34:04.408459 24565 log.cc:1062] T 97a6791627c941a48f3269f2d00d1eea P 02a5a9f6601045b6b339c43c526fc29e: Deleting log segment in path: /data/somelongdirectorytoavoidrpathissues/src/kudutest/linked_list-test.LinkedListTest.TestLoadAndVerify.1578529919787104-24342/linked-list-cluster/ts-1/wal/wals/97a6791627c941a48f3269f2d00d1eea/wal-000000005 (ops 49820-62300)
I0108 16:34:04.512887 24565 maintenance_manager.cc:527] P 02a5a9f6601045b6b339c43c526fc29e: LogGCOp(97a6791627c941a48f3269f2d00d1eea) complete. Timing: real 0.107s user 0.005s sys 0.009s Metrics: {}
I0108 16:34:04.513069 24671 maintenance_manager.cc:326] P 02a5a9f6601045b6b339c43c526fc29e: Scheduling UndoDeltaBlockGCOp(97a6791627c941a48f3269f2d00d1eea): 11243404 bytes on disk
I0108 16:34:04.513464 24565 maintenance_manager.cc:527] P 02a5a9f6601045b6b339c43c526fc29e: UndoDeltaBlockGCOp(97a6791627c941a48f3269f2d00d1eea) complete. Timing: real 0.000s user 0.000s sys 0.000s Metrics: {"cfile_init":1,"lbm_read_time_us":9,"lbm_reads_lt_1ms":4}
I0108 16:34:04.513639 24671 maintenance_manager.cc:326] P 02a5a9f6601045b6b339c43c526fc29e: Scheduling FlushMRSOp(c0c87b04bc0f4f37876458fbfb4bdf03): perf score=0.034568
I0108 16:34:04.606782 24439 maintenance_manager.cc:527] P e61264bf360a4a62a3a5e3b9f2875f5b: FlushMRSOp(c0c87b04bc0f4f37876458fbfb4bdf03) complete. Timing: real 4.301s user 0.885s sys 0.085s Metrics: {"bytes_written":9981004,"cfile_init":1,"compiler_manager_pool.queue_time_us":8944,"compiler_manager_pool.run_cpu_time_us":174244,"compiler_manager_pool.run_wall_time_us":793603,"delete_count":0,"dirs.queue_time_us":4228,"dirs.run_cpu_time_us":101,"dirs.run_wall_time_us":30822,"drs_written":1,"lbm_read_time_us":7,"lbm_reads_lt_1ms":4,"lbm_write_time_us":107816,"lbm_writes_1-10_ms":33,"lbm_writes_lt_1ms":988,"reinsert_count":0,"rows_written":567082,"thread_start_us":141,"threads_started":2,"update_count":2461}
I0108 16:34:04.607051 24546 maintenance_manager.cc:326] P e61264bf360a4a62a3a5e3b9f2875f5b: Scheduling LogGCOp(c0c87b04bc0f4f37876458fbfb4bdf03): free 41955619 bytes of WAL
I0108 16:34:04.607125 24439 log_reader.cc:379] T c0c87b04bc0f4f37876458fbfb4bdf03: removed 5 log segments from log reader
I0108 16:34:04.607172 24439 log.cc:1062] T c0c87b04bc0f4f37876458fbfb4bdf03 P e61264bf360a4a62a3a5e3b9f2875f5b: Deleting log segment in path: /data/somelongdirectorytoavoidrpathissues/src/kudutest/linked_list-test.LinkedListTest.TestLoadAndVerify.1578529919787104-24342/linked-list-cluster/ts-0/wal/wals/c0c87b04bc0f4f37876458fbfb4bdf03/wal-000000001 (ops 1-12454)
I0108 16:34:04.607257 24439 log.cc:1062] T c0c87b04bc0f4f37876458fbfb4bdf03 P e61264bf360a4a62a3a5e3b9f2875f5b: Deleting log segment in path: /data/somelongdirectorytoavoidrpathissues/src/kudutest/linked_list-test.LinkedListTest.TestLoadAndVerify.1578529919787104-24342/linked-list-cluster/ts-0/wal/wals/c0c87b04bc0f4f37876458fbfb4bdf03/wal-000000002 (ops 12455-24841)
I0108 16:34:04.607336 24439 log.cc:1062] T c0c87b04bc0f4f37876458fbfb4bdf03 P e61264bf360a4a62a3a5e3b9f2875f5b: Deleting log segment in path: /data/somelongdirectorytoavoidrpathissues/src/kudutest/linked_list-test.LinkedListTest.TestLoadAndVerify.1578529919787104-24342/linked-list-cluster/ts-0/wal/wals/c0c87b04bc0f4f37876458fbfb4bdf03/wal-000000003 (ops 24842-37238)
I0108 16:34:04.607434 24439 log.cc:1062] T c0c87b04bc0f4f37876458fbfb4bdf03 P e61264bf360a4a62a3a5e3b9f2875f5b: Deleting log segment in path: /data/somelongdirectorytoavoidrpathissues/src/kudutest/linked_list-test.LinkedListTest.TestLoadAndVerify.1578529919787104-24342/linked-list-cluster/ts-0/wal/wals/c0c87b04bc0f4f37876458fbfb4bdf03/wal-000000004 (ops 37239-49674)
I0108 16:34:04.607511 24439 log.cc:1062] T c0c87b04bc0f4f37876458fbfb4bdf03 P e61264bf360a4a62a3a5e3b9f2875f5b: Deleting log segment in path: /data/somelongdirectorytoavoidrpathissues/src/kudutest/linked_list-test.LinkedListTest.TestLoadAndVerify.1578529919787104-24342/linked-list-cluster/ts-0/wal/wals/c0c87b04bc0f4f37876458fbfb4bdf03/wal-000000005 (ops 49675-62006)
I0108 16:34:04.650995 24439 maintenance_manager.cc:527] P e61264bf360a4a62a3a5e3b9f2875f5b: LogGCOp(c0c87b04bc0f4f37876458fbfb4bdf03) complete. Timing: real 0.044s user 0.004s sys 0.010s Metrics: {}
I0108 16:34:04.651293 24546 maintenance_manager.cc:326] P e61264bf360a4a62a3a5e3b9f2875f5b: Scheduling FlushMRSOp(97a6791627c941a48f3269f2d00d1eea): perf score=0.034606
I0108 16:34:08.390995 24565 maintenance_manager.cc:527] P 02a5a9f6601045b6b339c43c526fc29e: FlushMRSOp(c0c87b04bc0f4f37876458fbfb4bdf03) complete. Timing: real 3.877s user 0.879s sys 0.075s Metrics: {"bytes_written":10304612,"cfile_init":1,"delete_count":0,"dirs.queue_time_us":947,"dirs.run_cpu_time_us":117,"dirs.run_wall_time_us":42610,"drs_written":1,"lbm_read_time_us":7,"lbm_reads_lt_1ms":4,"lbm_write_time_us":109979,"lbm_writes_1-10_ms":25,"lbm_writes_lt_1ms":1027,"reinsert_count":0,"rows_written":585002,"thread_start_us":31,"threads_started":1,"update_count":3474}
I0108 16:34:08.391165 24671 maintenance_manager.cc:326] P 02a5a9f6601045b6b339c43c526fc29e: Scheduling LogGCOp(c0c87b04bc0f4f37876458fbfb4bdf03): free 41933804 bytes of WAL
I0108 16:34:08.391412 24565 log_reader.cc:379] T c0c87b04bc0f4f37876458fbfb4bdf03: removed 5 log segments from log reader
I0108 16:34:08.391429 24565 log.cc:1062] T c0c87b04bc0f4f37876458fbfb4bdf03 P 02a5a9f6601045b6b339c43c526fc29e: Deleting log segment in path: /data/somelongdirectorytoavoidrpathissues/src/kudutest/linked_list-test.LinkedListTest.TestLoadAndVerify.1578529919787104-24342/linked-list-cluster/ts-1/wal/wals/c0c87b04bc0f4f37876458fbfb4bdf03/wal-000000001 (ops 1-12464)
I0108 16:34:08.391490 24565 log.cc:1062] T c0c87b04bc0f4f37876458fbfb4bdf03 P 02a5a9f6601045b6b339c43c526fc29e: Deleting log segment in path: /data/somelongdirectorytoavoidrpathissues/src/kudutest/linked_list-test.LinkedListTest.TestLoadAndVerify.1578529919787104-24342/linked-list-cluster/ts-1/wal/wals/c0c87b04bc0f4f37876458fbfb4bdf03/wal-000000002 (ops 12465-24842)
I0108 16:34:08.391518 24565 log.cc:1062] T c0c87b04bc0f4f37876458fbfb4bdf03 P 02a5a9f6601045b6b339c43c526fc29e: Deleting log segment in path: /data/somelongdirectorytoavoidrpathissues/src/kudutest/linked_list-test.LinkedListTest.TestLoadAndVerify.1578529919787104-24342/linked-list-cluster/ts-1/wal/wals/c0c87b04bc0f4f37876458fbfb4bdf03/wal-000000003 (ops 24843-37254)
I0108 16:34:08.391537 24565 log.cc:1062] T c0c87b04bc0f4f37876458fbfb4bdf03 P 02a5a9f6601045b6b339c43c526fc29e: Deleting log segment in path: /data/somelongdirectorytoavoidrpathissues/src/kudutest/linked_list-test.LinkedListTest.TestLoadAndVerify.1578529919787104-24342/linked-list-cluster/ts-1/wal/wals/c0c87b04bc0f4f37876458fbfb4bdf03/wal-000000004 (ops 37255-49701)
I0108 16:34:08.391554 24565 log.cc:1062] T c0c87b04bc0f4f37876458fbfb4bdf03 P 02a5a9f6601045b6b339c43c526fc29e: Deleting log segment in path: /data/somelongdirectorytoavoidrpathissues/src/kudutest/linked_list-test.LinkedListTest.TestLoadAndVerify.1578529919787104-24342/linked-list-cluster/ts-1/wal/wals/c0c87b04bc0f4f37876458fbfb4bdf03/wal-000000005 (ops 49702-62021)
I0108 16:34:08.422865 24565 maintenance_manager.cc:527] P 02a5a9f6601045b6b339c43c526fc29e: LogGCOp(c0c87b04bc0f4f37876458fbfb4bdf03) complete. Timing: real 0.031s user 0.000s sys 0.013s Metrics: {}
I0108 16:34:08.423048 24671 maintenance_manager.cc:326] P 02a5a9f6601045b6b339c43c526fc29e: Scheduling UndoDeltaBlockGCOp(c0c87b04bc0f4f37876458fbfb4bdf03): 11611395 bytes on disk
I0108 16:34:08.423175 24565 maintenance_manager.cc:527] P 02a5a9f6601045b6b339c43c526fc29e: UndoDeltaBlockGCOp(c0c87b04bc0f4f37876458fbfb4bdf03) complete. Timing: real 0.000s user 0.000s sys 0.000s Metrics: {"cfile_init":1,"lbm_read_time_us":11,"lbm_reads_lt_1ms":4}
I0108 16:34:08.423354 24671 maintenance_manager.cc:326] P 02a5a9f6601045b6b339c43c526fc29e: Scheduling FlushMRSOp(2c3d9174c33442d28f28f4d0cda9fc51): perf score=0.035654
I0108 16:34:08.751581 24439 maintenance_manager.cc:527] P e61264bf360a4a62a3a5e3b9f2875f5b: FlushMRSOp(97a6791627c941a48f3269f2d00d1eea) complete. Timing: real 4.100s user 0.877s sys 0.064s Metrics: {"bytes_written":10309877,"cfile_init":1,"delete_count":0,"dirs.queue_time_us":23475,"dirs.run_cpu_time_us":123,"dirs.run_wall_time_us":13407,"drs_written":1,"lbm_read_time_us":8,"lbm_reads_lt_1ms":4,"lbm_write_time_us":130279,"lbm_writes_1-10_ms":44,"lbm_writes_lt_1ms":1007,"reinsert_count":0,"rows_written":584946,"thread_start_us":31,"threads_started":1,"update_count":4053}
I0108 16:34:08.752462 24546 maintenance_manager.cc:326] P e61264bf360a4a62a3a5e3b9f2875f5b: Scheduling LogGCOp(97a6791627c941a48f3269f2d00d1eea): free 41949916 bytes of WAL
I0108 16:34:08.752539 24439 log_reader.cc:379] T 97a6791627c941a48f3269f2d00d1eea: removed 5 log segments from log reader
I0108 16:34:08.752588 24439 log.cc:1062] T 97a6791627c941a48f3269f2d00d1eea P e61264bf360a4a62a3a5e3b9f2875f5b: Deleting log segment in path: /data/somelongdirectorytoavoidrpathissues/src/kudutest/linked_list-test.LinkedListTest.TestLoadAndVerify.1578529919787104-24342/linked-list-cluster/ts-0/wal/wals/97a6791627c941a48f3269f2d00d1eea/wal-000000001 (ops 1-12522)
I0108 16:34:08.752657 24439 log.cc:1062] T 97a6791627c941a48f3269f2d00d1eea P e61264bf360a4a62a3a5e3b9f2875f5b: Deleting log segment in path: /data/somelongdirectorytoavoidrpathissues/src/kudutest/linked_list-test.LinkedListTest.TestLoadAndVerify.1578529919787104-24342/linked-list-cluster/ts-0/wal/wals/97a6791627c941a48f3269f2d00d1eea/wal-000000002 (ops 12523-25007)
I0108 16:34:08.752717 24439 log.cc:1062] T 97a6791627c941a48f3269f2d00d1eea P e61264bf360a4a62a3a5e3b9f2875f5b: Deleting log segment in path: /data/somelongdirectorytoavoidrpathissues/src/kudutest/linked_list-test.LinkedListTest.TestLoadAndVerify.1578529919787104-24342/linked-list-cluster/ts-0/wal/wals/97a6791627c941a48f3269f2d00d1eea/wal-000000003 (ops 25008-37523)
I0108 16:34:08.752780 24439 log.cc:1062] T 97a6791627c941a48f3269f2d00d1eea P e61264bf360a4a62a3a5e3b9f2875f5b: Deleting log segment in path: /data/somelongdirectorytoavoidrpathissues/src/kudutest/linked_list-test.LinkedListTest.TestLoadAndVerify.1578529919787104-24342/linked-list-cluster/ts-0/wal/wals/97a6791627c941a48f3269f2d00d1eea/wal-000000004 (ops 37524-49969)
I0108 16:34:08.752841 24439 log.cc:1062] T 97a6791627c941a48f3269f2d00d1eea P e61264bf360a4a62a3a5e3b9f2875f5b: Deleting log segment in path: /data/somelongdirectorytoavoidrpathissues/src/kudutest/linked_list-test.LinkedListTest.TestLoadAndVerify.1578529919787104-24342/linked-list-cluster/ts-0/wal/wals/97a6791627c941a48f3269f2d00d1eea/wal-000000005 (ops 49970-62490)
I0108 16:34:08.807286 24439 maintenance_manager.cc:527] P e61264bf360a4a62a3a5e3b9f2875f5b: LogGCOp(97a6791627c941a48f3269f2d00d1eea) complete. Timing: real 0.055s user 0.000s sys 0.013s Metrics: {}
I0108 16:34:08.807448 24546 maintenance_manager.cc:326] P e61264bf360a4a62a3a5e3b9f2875f5b: Scheduling FlushMRSOp(2c3d9174c33442d28f28f4d0cda9fc51): perf score=0.035760
I0108 16:34:08.916983 24689 maintenance_manager.cc:527] P 72e6f176048945dea46e0f4305315d3c: FlushMRSOp(97a6791627c941a48f3269f2d00d1eea) complete. Timing: real 4.597s user 0.889s sys 0.082s Metrics: {"bytes_written":10263704,"cfile_init":1,"delete_count":0,"dirs.queue_time_us":10214,"dirs.run_cpu_time_us":111,"dirs.run_wall_time_us":64442,"drs_written":1,"lbm_read_time_us":9,"lbm_reads_lt_1ms":4,"lbm_write_time_us":118183,"lbm_writes_1-10_ms":36,"lbm_writes_lt_1ms":1013,"reinsert_count":0,"rows_written":583303,"thread_start_us":31,"threads_started":1,"update_count":2410}
I0108 16:34:08.919222 24795 maintenance_manager.cc:326] P 72e6f176048945dea46e0f4305315d3c: Scheduling LogGCOp(97a6791627c941a48f3269f2d00d1eea): free 41930421 bytes of WAL
I0108 16:34:08.919294 24689 log_reader.cc:379] T 97a6791627c941a48f3269f2d00d1eea: removed 5 log segments from log reader
I0108 16:34:08.919617 24689 log.cc:1062] T 97a6791627c941a48f3269f2d00d1eea P 72e6f176048945dea46e0f4305315d3c: Deleting log segment in path: /data/somelongdirectorytoavoidrpathissues/src/kudutest/linked_list-test.LinkedListTest.TestLoadAndVerify.1578529919787104-24342/linked-list-cluster/ts-2/wal/wals/97a6791627c941a48f3269f2d00d1eea/wal-000000001 (ops 1-12453)
I0108 16:34:08.919704 24689 log.cc:1062] T 97a6791627c941a48f3269f2d00d1eea P 72e6f176048945dea46e0f4305315d3c: Deleting log segment in path: /data/somelongdirectorytoavoidrpathissues/src/kudutest/linked_list-test.LinkedListTest.TestLoadAndVerify.1578529919787104-24342/linked-list-cluster/ts-2/wal/wals/97a6791627c941a48f3269f2d00d1eea/wal-000000002 (ops 12454-24811)
I0108 16:34:08.921063 24689 log.cc:1062] T 97a6791627c941a48f3269f2d00d1eea P 72e6f176048945dea46e0f4305315d3c: Deleting log segment in path: /data/somelongdirectorytoavoidrpathissues/src/kudutest/linked_list-test.LinkedListTest.TestLoadAndVerify.1578529919787104-24342/linked-list-cluster/ts-2/wal/wals/97a6791627c941a48f3269f2d00d1eea/wal-000000003 (ops 24812-37224)
I0108 16:34:08.921180 24689 log.cc:1062] T 97a6791627c941a48f3269f2d00d1eea P 72e6f176048945dea46e0f4305315d3c: Deleting log segment in path: /data/somelongdirectorytoavoidrpathissues/src/kudutest/linked_list-test.LinkedListTest.TestLoadAndVerify.1578529919787104-24342/linked-list-cluster/ts-2/wal/wals/97a6791627c941a48f3269f2d00d1eea/wal-000000004 (ops 37225-49633)
I0108 16:34:08.921545 24689 log.cc:1062] T 97a6791627c941a48f3269f2d00d1eea P 72e6f176048945dea46e0f4305315d3c: Deleting log segment in path: /data/somelongdirectorytoavoidrpathissues/src/kudutest/linked_list-test.LinkedListTest.TestLoadAndVerify.1578529919787104-24342/linked-list-cluster/ts-2/wal/wals/97a6791627c941a48f3269f2d00d1eea/wal-000000005 (ops 49634-61976)
I0108 16:34:09.069180 24689 maintenance_manager.cc:527] P 72e6f176048945dea46e0f4305315d3c: LogGCOp(97a6791627c941a48f3269f2d00d1eea) complete. Timing: real 0.150s user 0.002s sys 0.011s Metrics: {}
I0108 16:34:09.069324 24795 maintenance_manager.cc:326] P 72e6f176048945dea46e0f4305315d3c: Scheduling FlushMRSOp(2c3d9174c33442d28f28f4d0cda9fc51): perf score=0.035832 ------------------------------------------------------------ Histogram for latency of insert operations (microseconds) Note: each insert is a batch of 50 rows. ------------------------------------------------------------ Count: 80000 Mean: 1602.2 Percentiles: 0% (min) = 728 25% = 1253 50% (med) = 1398 75% = 1580 95% = 2022 99% = 6016 99.9% = 35392 99.99% = 60896 100% (max) = 87675
I0108 16:34:23.362362 24342 linked_list-test-util.h:519] Written 4000000 rows in chain
W0108 16:34:29.700570 24565 tablet_replica.cc:929] Time spent Committing in-flights took a long time.: real 0.343s user 0.000s sys 0.000s
I0108 16:34:29.701524 24565 maintenance_manager.cc:527] P 02a5a9f6601045b6b339c43c526fc29e: FlushMRSOp(2c3d9174c33442d28f28f4d0cda9fc51) complete. Timing: real 21.278s user 3.971s sys 0.302s Metrics: {"bytes_written":42278143,"cfile_init":2,"delete_count":0,"dirs.queue_time_us":22049,"dirs.run_cpu_time_us":181,"dirs.run_wall_time_us":73176,"drs_written":2,"lbm_read_time_us":15,"lbm_reads_lt_1ms":8,"lbm_write_time_us":595194,"lbm_writes_1-10_ms":148,"lbm_writes_10-100_ms":4,"lbm_writes_lt_1ms":4128,"reinsert_count":0,"rows_written":2404754,"thread_start_us":77,"threads_started":2,"update_count":9973}
I0108 16:34:29.702013 24671 maintenance_manager.cc:326] P 02a5a9f6601045b6b339c43c526fc29e: Scheduling UndoDeltaBlockGCOp(2c3d9174c33442d28f28f4d0cda9fc51): 47889878 bytes on disk
I0108 16:34:29.702121 24565 maintenance_manager.cc:527] P 02a5a9f6601045b6b339c43c526fc29e: UndoDeltaBlockGCOp(2c3d9174c33442d28f28f4d0cda9fc51) complete. Timing: real 0.000s user 0.000s sys 0.000s Metrics: {"cfile_init":2,"lbm_read_time_us":18,"lbm_reads_lt_1ms":8}
I0108 16:34:29.952493 24671 maintenance_manager.cc:326] P 02a5a9f6601045b6b339c43c526fc29e: Scheduling LogGCOp(2c3d9174c33442d28f28f4d0cda9fc51): free 100926640 bytes of WAL
I0108 16:34:29.952615 24565 log_reader.cc:379] T 2c3d9174c33442d28f28f4d0cda9fc51: removed 12 log segments from log reader
I0108 16:34:29.952627 24565 log.cc:1062] T 2c3d9174c33442d28f28f4d0cda9fc51 P 02a5a9f6601045b6b339c43c526fc29e: Deleting log segment in path: /data/somelongdirectorytoavoidrpathissues/src/kudutest/linked_list-test.LinkedListTest.TestLoadAndVerify.1578529919787104-24342/linked-list-cluster/ts-1/wal/wals/2c3d9174c33442d28f28f4d0cda9fc51/wal-000000001 (ops 1-6044)
I0108 16:34:29.952675 24565 log.cc:1062] T 2c3d9174c33442d28f28f4d0cda9fc51 P 02a5a9f6601045b6b339c43c526fc29e: Deleting log segment in path: /data/somelongdirectorytoavoidrpathissues/src/kudutest/linked_list-test.LinkedListTest.TestLoadAndVerify.1578529919787104-24342/linked-list-cluster/ts-1/wal/wals/2c3d9174c33442d28f28f4d0cda9fc51/wal-000000002 (ops 6045-11946)
I0108 16:34:29.952702 24565 log.cc:1062] T 2c3d9174c33442d28f28f4d0cda9fc51 P 02a5a9f6601045b6b339c43c526fc29e: Deleting log segment in path: /data/somelongdirectorytoavoidrpathissues/src/kudutest/linked_list-test.LinkedListTest.TestLoadAndVerify.1578529919787104-24342/linked-list-cluster/ts-1/wal/wals/2c3d9174c33442d28f28f4d0cda9fc51/wal-000000003 (ops 11947-17819)
I0108 16:34:29.952724 24565 log.cc:1062] T 2c3d9174c33442d28f28f4d0cda9fc51 P 02a5a9f6601045b6b339c43c526fc29e: Deleting log segment in path: /data/somelongdirectorytoavoidrpathissues/src/kudutest/linked_list-test.LinkedListTest.TestLoadAndVerify.1578529919787104-24342/linked-list-cluster/ts-1/wal/wals/2c3d9174c33442d28f28f4d0cda9fc51/wal-000000004 (ops 17820-23747)
I0108 16:34:29.952746 24565 log.cc:1062] T 2c3d9174c33442d28f28f4d0cda9fc51 P 02a5a9f6601045b6b339c43c526fc29e: Deleting log segment in path: /data/somelongdirectorytoavoidrpathissues/src/kudutest/linked_list-test.LinkedListTest.TestLoadAndVerify.1578529919787104-24342/linked-list-cluster/ts-1/wal/wals/2c3d9174c33442d28f28f4d0cda9fc51/wal-000000005 (ops 23748-29695)
I0108 16:34:29.952766 24565 log.cc:1062] T 2c3d9174c33442d28f28f4d0cda9fc51 P 02a5a9f6601045b6b339c43c526fc29e: Deleting log segment in path: /data/somelongdirectorytoavoidrpathissues/src/kudutest/linked_list-test.LinkedListTest.TestLoadAndVerify.1578529919787104-24342/linked-list-cluster/ts-1/wal/wals/2c3d9174c33442d28f28f4d0cda9fc51/wal-000000006 (ops 29696-35641)
I0108 16:34:29.952785 24565 log.cc:1062] T 2c3d9174c33442d28f28f4d0cda9fc51 P 02a5a9f6601045b6b339c43c526fc29e: Deleting log segment in path: /data/somelongdirectorytoavoidrpathissues/src/kudutest/linked_list-test.LinkedListTest.TestLoadAndVerify.1578529919787104-24342/linked-list-cluster/ts-1/wal/wals/2c3d9174c33442d28f28f4d0cda9fc51/wal-000000007 (ops 35642-41444)
I0108 16:34:29.952806 24565 log.cc:1062] T 2c3d9174c33442d28f28f4d0cda9fc51 P 02a5a9f6601045b6b339c43c526fc29e: Deleting log segment in path: /data/somelongdirectorytoavoidrpathissues/src/kudutest/linked_list-test.LinkedListTest.TestLoadAndVerify.1578529919787104-24342/linked-list-cluster/ts-1/wal/wals/2c3d9174c33442d28f28f4d0cda9fc51/wal-000000008 (ops 41445-47428)
I0108 16:34:29.952828 24565 log.cc:1062] T 2c3d9174c33442d28f28f4d0cda9fc51 P 02a5a9f6601045b6b339c43c526fc29e: Deleting log segment in path: /data/somelongdirectorytoavoidrpathissues/src/kudutest/linked_list-test.LinkedListTest.TestLoadAndVerify.1578529919787104-24342/linked-list-cluster/ts-1/wal/wals/2c3d9174c33442d28f28f4d0cda9fc51/wal-000000009 (ops 47429-53241)
I0108 16:34:29.952883 24565 log.cc:1062] T 2c3d9174c33442d28f28f4d0cda9fc51 P 02a5a9f6601045b6b339c43c526fc29e: Deleting log segment in path: /data/somelongdirectorytoavoidrpathissues/src/kudutest/linked_list-test.LinkedListTest.TestLoadAndVerify.1578529919787104-24342/linked-list-cluster/ts-1/wal/wals/2c3d9174c33442d28f28f4d0cda9fc51/wal-000000010 (ops 53242-59217)
I0108 16:34:29.952905 24565 log.cc:1062] T 2c3d9174c33442d28f28f4d0cda9fc51 P 02a5a9f6601045b6b339c43c526fc29e: Deleting log segment in path: /data/somelongdirectorytoavoidrpathissues/src/kudutest/linked_list-test.LinkedListTest.TestLoadAndVerify.1578529919787104-24342/linked-list-cluster/ts-1/wal/wals/2c3d9174c33442d28f28f4d0cda9fc51/wal-000000011 (ops 59218-65056)
I0108 16:34:29.952925 24565 log.cc:1062] T 2c3d9174c33442d28f28f4d0cda9fc51 P 02a5a9f6601045b6b339c43c526fc29e: Deleting log segment in path: /data/somelongdirectorytoavoidrpathissues/src/kudutest/linked_list-test.LinkedListTest.TestLoadAndVerify.1578529919787104-24342/linked-list-cluster/ts-1/wal/wals/2c3d9174c33442d28f28f4d0cda9fc51/wal-000000012 (ops 65057-70958)
I0108 16:34:29.977190 24439 maintenance_manager.cc:527] P e61264bf360a4a62a3a5e3b9f2875f5b: FlushMRSOp(2c3d9174c33442d28f28f4d0cda9fc51) complete. Timing: real 21.170s user 3.933s sys 0.341s Metrics: {"bytes_written":42476538,"cfile_init":2,"delete_count":0,"dirs.queue_time_us":22459,"dirs.run_cpu_time_us":221,"dirs.run_wall_time_us":67068,"drs_written":2,"lbm_read_time_us":15,"lbm_reads_lt_1ms":8,"lbm_write_time_us":640727,"lbm_writes_1-10_ms":160,"lbm_writes_10-100_ms":6,"lbm_writes_lt_1ms":4124,"reinsert_count":0,"rows_written":2411937,"thread_start_us":61,"threads_started":2,"update_count":17156}
I0108 16:34:29.977574 24546 maintenance_manager.cc:326] P e61264bf360a4a62a3a5e3b9f2875f5b: Scheduling LogGCOp(2c3d9174c33442d28f28f4d0cda9fc51): free 100892108 bytes of WAL
I0108 16:34:29.977663 24439 log_reader.cc:379] T 2c3d9174c33442d28f28f4d0cda9fc51: removed 12 log segments from log reader
I0108 16:34:29.977674 24439 log.cc:1062] T 2c3d9174c33442d28f28f4d0cda9fc51 P e61264bf360a4a62a3a5e3b9f2875f5b: Deleting log segment in path: /data/somelongdirectorytoavoidrpathissues/src/kudutest/linked_list-test.LinkedListTest.TestLoadAndVerify.1578529919787104-24342/linked-list-cluster/ts-0/wal/wals/2c3d9174c33442d28f28f4d0cda9fc51/wal-000000001 (ops 1-6044)
I0108 16:34:29.977722 24439 log.cc:1062] T 2c3d9174c33442d28f28f4d0cda9fc51 P e61264bf360a4a62a3a5e3b9f2875f5b: Deleting log segment in path: /data/somelongdirectorytoavoidrpathissues/src/kudutest/linked_list-test.LinkedListTest.TestLoadAndVerify.1578529919787104-24342/linked-list-cluster/ts-0/wal/wals/2c3d9174c33442d28f28f4d0cda9fc51/wal-000000002 (ops 6045-11952)
I0108 16:34:29.977749 24439 log.cc:1062] T 2c3d9174c33442d28f28f4d0cda9fc51 P e61264bf360a4a62a3a5e3b9f2875f5b: Deleting log segment in path: /data/somelongdirectorytoavoidrpathissues/src/kudutest/linked_list-test.LinkedListTest.TestLoadAndVerify.1578529919787104-24342/linked-list-cluster/ts-0/wal/wals/2c3d9174c33442d28f28f4d0cda9fc51/wal-000000003 (ops 11953-17846)
I0108 16:34:29.977772 24439 log.cc:1062] T 2c3d9174c33442d28f28f4d0cda9fc51 P e61264bf360a4a62a3a5e3b9f2875f5b: Deleting log segment in path: /data/somelongdirectorytoavoidrpathissues/src/kudutest/linked_list-test.LinkedListTest.TestLoadAndVerify.1578529919787104-24342/linked-list-cluster/ts-0/wal/wals/2c3d9174c33442d28f28f4d0cda9fc51/wal-000000004 (ops 17847-23772)
I0108 16:34:29.977792 24439 log.cc:1062] T 2c3d9174c33442d28f28f4d0cda9fc51 P e61264bf360a4a62a3a5e3b9f2875f5b: Deleting log segment in path: /data/somelongdirectorytoavoidrpathissues/src/kudutest/linked_list-test.LinkedListTest.TestLoadAndVerify.1578529919787104-24342/linked-list-cluster/ts-0/wal/wals/2c3d9174c33442d28f28f4d0cda9fc51/wal-000000005 (ops 23773-29656)
I0108 16:34:29.977813 24439 log.cc:1062] T 2c3d9174c33442d28f28f4d0cda9fc51 P e61264bf360a4a62a3a5e3b9f2875f5b: Deleting log segment in path: /data/somelongdirectorytoavoidrpathissues/src/kudutest/linked_list-test.LinkedListTest.TestLoadAndVerify.1578529919787104-24342/linked-list-cluster/ts-0/wal/wals/2c3d9174c33442d28f28f4d0cda9fc51/wal-000000006 (ops 29657-35609)
I0108 16:34:29.977835 24439 log.cc:1062] T 2c3d9174c33442d28f28f4d0cda9fc51 P e61264bf360a4a62a3a5e3b9f2875f5b: Deleting log segment in path: /data/somelongdirectorytoavoidrpathissues/src/kudutest/linked_list-test.LinkedListTest.TestLoadAndVerify.1578529919787104-24342/linked-list-cluster/ts-0/wal/wals/2c3d9174c33442d28f28f4d0cda9fc51/wal-000000007 (ops 35610-41412)
I0108 16:34:29.977856 24439 log.cc:1062] T 2c3d9174c33442d28f28f4d0cda9fc51 P e61264bf360a4a62a3a5e3b9f2875f5b: Deleting log segment in path: /data/somelongdirectorytoavoidrpathissues/src/kudutest/linked_list-test.LinkedListTest.TestLoadAndVerify.1578529919787104-24342/linked-list-cluster/ts-0/wal/wals/2c3d9174c33442d28f28f4d0cda9fc51/wal-000000008 (ops 41413-47383)
I0108 16:34:29.977877 24439 log.cc:1062] T 2c3d9174c33442d28f28f4d0cda9fc51 P e61264bf360a4a62a3a5e3b9f2875f5b: Deleting log segment in path: /data/somelongdirectorytoavoidrpathissues/src/kudutest/linked_list-test.LinkedListTest.TestLoadAndVerify.1578529919787104-24342/linked-list-cluster/ts-0/wal/wals/2c3d9174c33442d28f28f4d0cda9fc51/wal-000000009 (ops 47384-53267)
I0108 16:34:29.977922 24439 log.cc:1062] T 2c3d9174c33442d28f28f4d0cda9fc51 P e61264bf360a4a62a3a5e3b9f2875f5b: Deleting log segment in path: /data/somelongdirectorytoavoidrpathissues/src/kudutest/linked_list-test.LinkedListTest.TestLoadAndVerify.1578529919787104-24342/linked-list-cluster/ts-0/wal/wals/2c3d9174c33442d28f28f4d0cda9fc51/wal-000000010 (ops 53268-59246)
I0108 16:34:29.977944 24439 log.cc:1062] T 2c3d9174c33442d28f28f4d0cda9fc51 P e61264bf360a4a62a3a5e3b9f2875f5b: Deleting log segment in path: /data/somelongdirectorytoavoidrpathissues/src/kudutest/linked_list-test.LinkedListTest.TestLoadAndVerify.1578529919787104-24342/linked-list-cluster/ts-0/wal/wals/2c3d9174c33442d28f28f4d0cda9fc51/wal-000000011 (ops 59247-65084)
I0108 16:34:29.977963 24439 log.cc:1062] T 2c3d9174c33442d28f28f4d0cda9fc51 P e61264bf360a4a62a3a5e3b9f2875f5b: Deleting log segment in path: /data/somelongdirectorytoavoidrpathissues/src/kudutest/linked_list-test.LinkedListTest.TestLoadAndVerify.1578529919787104-24342/linked-list-cluster/ts-0/wal/wals/2c3d9174c33442d28f28f4d0cda9fc51/wal-000000012 (ops 65085-70967)
I0108 16:34:30.022882 24565 maintenance_manager.cc:527] P 02a5a9f6601045b6b339c43c526fc29e: LogGCOp(2c3d9174c33442d28f28f4d0cda9fc51) complete. Timing: real 0.070s user 0.000s sys 0.027s Metrics: {}
I0108 16:34:30.075824 24439 maintenance_manager.cc:527] P e61264bf360a4a62a3a5e3b9f2875f5b: LogGCOp(2c3d9174c33442d28f28f4d0cda9fc51) complete. Timing: real 0.098s user 0.001s sys 0.025s Metrics: {}
I0108 16:34:30.075968 24546 maintenance_manager.cc:326] P e61264bf360a4a62a3a5e3b9f2875f5b: Scheduling UndoDeltaBlockGCOp(2c3d9174c33442d28f28f4d0cda9fc51): 47974255 bytes on disk
I0108 16:34:30.076797 24439 maintenance_manager.cc:527] P e61264bf360a4a62a3a5e3b9f2875f5b: UndoDeltaBlockGCOp(2c3d9174c33442d28f28f4d0cda9fc51) complete. Timing: real 0.001s user 0.000s sys 0.000s Metrics: {"cfile_init":2,"lbm_read_time_us":701,"lbm_reads_lt_1ms":8}
I0108 16:34:30.079706 24546 maintenance_manager.cc:326] P e61264bf360a4a62a3a5e3b9f2875f5b: Scheduling UndoDeltaBlockGCOp(97a6791627c941a48f3269f2d00d1eea): 11619297 bytes on disk
I0108 16:34:30.079834 24439 maintenance_manager.cc:527] P e61264bf360a4a62a3a5e3b9f2875f5b: UndoDeltaBlockGCOp(97a6791627c941a48f3269f2d00d1eea) complete. Timing: real 0.000s user 0.000s sys 0.000s Metrics: {"cfile_init":1,"lbm_read_time_us":9,"lbm_reads_lt_1ms":4}
