I0108 16:41:24.968461 24439 log.cc:1062] T 2c3d9174c33442d28f28f4d0cda9fc51 P e61264bf360a4a62a3a5e3b9f2875f5b: Deleting log segment in path: /data/somelongdirectorytoavoidrpathissues/src/kudutest/linked_list-test.LinkedListTest.TestLoadAndVerify.1578529919787104-24342/linked-list-cluster/ts-0/wal/wals/2c3d9174c33442d28f28f4d0cda9fc51/wal-000000041 (ops 236427-242406)
I0108 16:41:24.968552 24439 log.cc:1062] T 2c3d9174c33442d28f28f4d0cda9fc51 P e61264bf360a4a62a3a5e3b9f2875f5b: Deleting log segment in path: /data/somelongdirectorytoavoidrpathissues/src/kudutest/linked_list-test.LinkedListTest.TestLoadAndVerify.1578529919787104-24342/linked-list-cluster/ts-0/wal/wals/2c3d9174c33442d28f28f4d0cda9fc51/wal-000000042 (ops 242407-248346)
I0108 16:41:24.968616 24439 log.cc:1062] T 2c3d9174c33442d28f28f4d0cda9fc51 P e61264bf360a4a62a3a5e3b9f2875f5b: Deleting log segment in path: /data/somelongdirectorytoavoidrpathissues/src/kudutest/linked_list-test.LinkedListTest.TestLoadAndVerify.1578529919787104-24342/linked-list-cluster/ts-0/wal/wals/2c3d9174c33442d28f28f4d0cda9fc51/wal-000000043 (ops 248347-254289)
I0108 16:41:24.968706 24439 log.cc:1062] T 2c3d9174c33442d28f28f4d0cda9fc51 P e61264bf360a4a62a3a5e3b9f2875f5b: Deleting log segment in path: /data/somelongdirectorytoavoidrpathissues/src/kudutest/linked_list-test.LinkedListTest.TestLoadAndVerify.1578529919787104-24342/linked-list-cluster/ts-0/wal/wals/2c3d9174c33442d28f28f4d0cda9fc51/wal-000000044 (ops 254290-260221)
I0108 16:41:24.968770 24439 log.cc:1062] T 2c3d9174c33442d28f28f4d0cda9fc51 P e61264bf360a4a62a3a5e3b9f2875f5b: Deleting log segment in path: /data/somelongdirectorytoavoidrpathissues/src/kudutest/linked_list-test.LinkedListTest.TestLoadAndVerify.1578529919787104-24342/linked-list-cluster/ts-0/wal/wals/2c3d9174c33442d28f28f4d0cda9fc51/wal-000000045 (ops 260222-266359)
I0108 16:41:24.968829 24439 log.cc:1062] T 2c3d9174c33442d28f28f4d0cda9fc51 P e61264bf360a4a62a3a5e3b9f2875f5b: Deleting log segment in path: /data/somelongdirectorytoavoidrpathissues/src/kudutest/linked_list-test.LinkedListTest.TestLoadAndVerify.1578529919787104-24342/linked-list-cluster/ts-0/wal/wals/2c3d9174c33442d28f28f4d0cda9fc51/wal-000000046 (ops 266360-272291)
I0108 16:41:24.968888 24439 log.cc:1062] T 2c3d9174c33442d28f28f4d0cda9fc51 P e61264bf360a4a62a3a5e3b9f2875f5b: Deleting log segment in path: /data/somelongdirectorytoavoidrpathissues/src/kudutest/linked_list-test.LinkedListTest.TestLoadAndVerify.1578529919787104-24342/linked-list-cluster/ts-0/wal/wals/2c3d9174c33442d28f28f4d0cda9fc51/wal-000000047 (ops 272292-278135)
I0108 16:41:25.047161 24439 maintenance_manager.cc:527] P e61264bf360a4a62a3a5e3b9f2875f5b: LogGCOp(2c3d9174c33442d28f28f4d0cda9fc51) complete. Timing: real 0.079s user 0.001s sys 0.027s Metrics: {}
I0108 16:41:25.053791 24546 maintenance_manager.cc:326] P e61264bf360a4a62a3a5e3b9f2875f5b: Scheduling UndoDeltaBlockGCOp(2c3d9174c33442d28f28f4d0cda9fc51): 43794651 bytes on disk
I0108 16:41:25.053958 24439 maintenance_manager.cc:527] P e61264bf360a4a62a3a5e3b9f2875f5b: UndoDeltaBlockGCOp(2c3d9174c33442d28f28f4d0cda9fc51) complete. Timing: real 0.000s user 0.000s sys 0.000s Metrics: {"cfile_init":2,"lbm_read_time_us":15,"lbm_reads_lt_1ms":8}
I0108 16:41:25.054040 24546 maintenance_manager.cc:326] P e61264bf360a4a62a3a5e3b9f2875f5b: Scheduling CompactRowSetsOp(2c3d9174c33442d28f28f4d0cda9fc51): perf score=0.862499
I0108 16:41:29.046357 24689 maintenance_manager.cc:527] P 72e6f176048945dea46e0f4305315d3c: FlushMRSOp(2c3d9174c33442d28f28f4d0cda9fc51) complete. Timing: real 17.840s user 3.549s sys 0.290s Metrics: {"bytes_written":39273987,"cfile_init":2,"delete_count":0,"dirs.queue_time_us":30884,"dirs.run_cpu_time_us":188,"dirs.run_wall_time_us":118398,"drs_written":2,"lbm_read_time_us":15,"lbm_reads_lt_1ms":8,"lbm_write_time_us":691870,"lbm_writes_1-10_ms":135,"lbm_writes_10-100_ms":3,"lbm_writes_gt_100_ms":1,"lbm_writes_lt_1ms":3808,"reinsert_count":0,"rows_written":2216077,"thread_start_us":59,"threads_started":2,"update_count":11362}
I0108 16:41:29.049360 24795 maintenance_manager.cc:326] P 72e6f176048945dea46e0f4305315d3c: Scheduling LogGCOp(2c3d9174c33442d28f28f4d0cda9fc51): free 92507784 bytes of WAL
I0108 16:41:29.049698 24689 log_reader.cc:379] T 2c3d9174c33442d28f28f4d0cda9fc51: removed 11 log segments from log reader
I0108 16:41:29.049751 24689 log.cc:1062] T 2c3d9174c33442d28f28f4d0cda9fc51 P 72e6f176048945dea46e0f4305315d3c: Deleting log segment in path: /data/somelongdirectorytoavoidrpathissues/src/kudutest/linked_list-test.LinkedListTest.TestLoadAndVerify.1578529919787104-24342/linked-list-cluster/ts-2/wal/wals/2c3d9174c33442d28f28f4d0cda9fc51/wal-000000037 (ops 213698-219647)
I0108 16:41:29.049839 24689 log.cc:1062] T 2c3d9174c33442d28f28f4d0cda9fc51 P 72e6f176048945dea46e0f4305315d3c: Deleting log segment in path: /data/somelongdirectorytoavoidrpathissues/src/kudutest/linked_list-test.LinkedListTest.TestLoadAndVerify.1578529919787104-24342/linked-list-cluster/ts-2/wal/wals/2c3d9174c33442d28f28f4d0cda9fc51/wal-000000038 (ops 219648-225621)
I0108 16:41:29.050068 24689 log.cc:1062] T 2c3d9174c33442d28f28f4d0cda9fc51 P 72e6f176048945dea46e0f4305315d3c: Deleting log segment in path: /data/somelongdirectorytoavoidrpathissues/src/kudutest/linked_list-test.LinkedListTest.TestLoadAndVerify.1578529919787104-24342/linked-list-cluster/ts-2/wal/wals/2c3d9174c33442d28f28f4d0cda9fc51/wal-000000039 (ops 225622-231562)
I0108 16:41:29.050159 24689 log.cc:1062] T 2c3d9174c33442d28f28f4d0cda9fc51 P 72e6f176048945dea46e0f4305315d3c: Deleting log segment in path: /data/somelongdirectorytoavoidrpathissues/src/kudutest/linked_list-test.LinkedListTest.TestLoadAndVerify.1578529919787104-24342/linked-list-cluster/ts-2/wal/wals/2c3d9174c33442d28f28f4d0cda9fc51/wal-000000040 (ops 231563-237515)
I0108 16:41:29.050226 24689 log.cc:1062] T 2c3d9174c33442d28f28f4d0cda9fc51 P 72e6f176048945dea46e0f4305315d3c: Deleting log segment in path: /data/somelongdirectorytoavoidrpathissues/src/kudutest/linked_list-test.LinkedListTest.TestLoadAndVerify.1578529919787104-24342/linked-list-cluster/ts-2/wal/wals/2c3d9174c33442d28f28f4d0cda9fc51/wal-000000041 (ops 237516-243492)
I0108 16:41:29.050293 24689 log.cc:1062] T 2c3d9174c33442d28f28f4d0cda9fc51 P 72e6f176048945dea46e0f4305315d3c: Deleting log segment in path: /data/somelongdirectorytoavoidrpathissues/src/kudutest/linked_list-test.LinkedListTest.TestLoadAndVerify.1578529919787104-24342/linked-list-cluster/ts-2/wal/wals/2c3d9174c33442d28f28f4d0cda9fc51/wal-000000042 (ops 243493-249472)
I0108 16:41:29.050362 24689 log.cc:1062] T 2c3d9174c33442d28f28f4d0cda9fc51 P 72e6f176048945dea46e0f4305315d3c: Deleting log segment in path: /data/somelongdirectorytoavoidrpathissues/src/kudutest/linked_list-test.LinkedListTest.TestLoadAndVerify.1578529919787104-24342/linked-list-cluster/ts-2/wal/wals/2c3d9174c33442d28f28f4d0cda9fc51/wal-000000043 (ops 249473-255348)
I0108 16:41:29.050495 24689 log.cc:1062] T 2c3d9174c33442d28f28f4d0cda9fc51 P 72e6f176048945dea46e0f4305315d3c: Deleting log segment in path: /data/somelongdirectorytoavoidrpathissues/src/kudutest/linked_list-test.LinkedListTest.TestLoadAndVerify.1578529919787104-24342/linked-list-cluster/ts-2/wal/wals/2c3d9174c33442d28f28f4d0cda9fc51/wal-000000044 (ops 255349-261266)
I0108 16:41:29.050559 24689 log.cc:1062] T 2c3d9174c33442d28f28f4d0cda9fc51 P 72e6f176048945dea46e0f4305315d3c: Deleting log segment in path: /data/somelongdirectorytoavoidrpathissues/src/kudutest/linked_list-test.LinkedListTest.TestLoadAndVerify.1578529919787104-24342/linked-list-cluster/ts-2/wal/wals/2c3d9174c33442d28f28f4d0cda9fc51/wal-000000045 (ops 261267-267319)
I0108 16:41:29.050617 24689 log.cc:1062] T 2c3d9174c33442d28f28f4d0cda9fc51 P 72e6f176048945dea46e0f4305315d3c: Deleting log segment in path: /data/somelongdirectorytoavoidrpathissues/src/kudutest/linked_list-test.LinkedListTest.TestLoadAndVerify.1578529919787104-24342/linked-list-cluster/ts-2/wal/wals/2c3d9174c33442d28f28f4d0cda9fc51/wal-000000046 (ops 267320-273170)
I0108 16:41:29.050668 24689 log.cc:1062] T 2c3d9174c33442d28f28f4d0cda9fc51 P 72e6f176048945dea46e0f4305315d3c: Deleting log segment in path: /data/somelongdirectorytoavoidrpathissues/src/kudutest/linked_list-test.LinkedListTest.TestLoadAndVerify.1578529919787104-24342/linked-list-cluster/ts-2/wal/wals/2c3d9174c33442d28f28f4d0cda9fc51/wal-000000047 (ops 273171-279064)
I0108 16:41:29.211936 24689 maintenance_manager.cc:527] P 72e6f176048945dea46e0f4305315d3c: LogGCOp(2c3d9174c33442d28f28f4d0cda9fc51) complete. Timing: real 0.162s user 0.000s sys 0.028s Metrics: {}
I0108 16:41:29.212105 24795 maintenance_manager.cc:326] P 72e6f176048945dea46e0f4305315d3c: Scheduling UndoDeltaBlockGCOp(2c3d9174c33442d28f28f4d0cda9fc51): 44148869 bytes on disk
I0108 16:41:29.212256 24689 maintenance_manager.cc:527] P 72e6f176048945dea46e0f4305315d3c: UndoDeltaBlockGCOp(2c3d9174c33442d28f28f4d0cda9fc51) complete. Timing: real 0.000s user 0.000s sys 0.000s Metrics: {"cfile_init":2,"lbm_read_time_us":19,"lbm_reads_lt_1ms":8}
I0108 16:41:29.212558 24795 maintenance_manager.cc:326] P 72e6f176048945dea46e0f4305315d3c: Scheduling CompactRowSetsOp(2c3d9174c33442d28f28f4d0cda9fc51): perf score=0.856116
I0108 16:41:29.406108 24565 maintenance_manager.cc:527] P 02a5a9f6601045b6b339c43c526fc29e: FlushMRSOp(2c3d9174c33442d28f28f4d0cda9fc51) complete. Timing: real 17.940s user 3.603s sys 0.292s Metrics: {"bytes_written":39252520,"cfile_init":2,"delete_count":0,"dirs.queue_time_us":13711,"dirs.run_cpu_time_us":188,"dirs.run_wall_time_us":87449,"drs_written":2,"lbm_read_time_us":15,"lbm_reads_lt_1ms":8,"lbm_write_time_us":517469,"lbm_writes_1-10_ms":135,"lbm_writes_10-100_ms":1,"lbm_writes_lt_1ms":3804,"reinsert_count":0,"rows_written":2212091,"thread_start_us":74,"threads_started":2,"update_count":16210}
I0108 16:41:29.406350 24671 maintenance_manager.cc:326] P 02a5a9f6601045b6b339c43c526fc29e: Scheduling LogGCOp(2c3d9174c33442d28f28f4d0cda9fc51): free 92698461 bytes of WAL
I0108 16:41:29.407577 24565 log_reader.cc:379] T 2c3d9174c33442d28f28f4d0cda9fc51: removed 11 log segments from log reader
I0108 16:41:29.407596 24565 log.cc:1062] T 2c3d9174c33442d28f28f4d0cda9fc51 P 02a5a9f6601045b6b339c43c526fc29e: Deleting log segment in path: /data/somelongdirectorytoavoidrpathissues/src/kudutest/linked_list-test.LinkedListTest.TestLoadAndVerify.1578529919787104-24342/linked-list-cluster/ts-1/wal/wals/2c3d9174c33442d28f28f4d0cda9fc51/wal-000000037 (ops 212670-218675)
I0108 16:41:29.407645 24565 log.cc:1062] T 2c3d9174c33442d28f28f4d0cda9fc51 P 02a5a9f6601045b6b339c43c526fc29e: Deleting log segment in path: /data/somelongdirectorytoavoidrpathissues/src/kudutest/linked_list-test.LinkedListTest.TestLoadAndVerify.1578529919787104-24342/linked-list-cluster/ts-1/wal/wals/2c3d9174c33442d28f28f4d0cda9fc51/wal-000000038 (ops 218676-224561)
I0108 16:41:29.407670 24565 log.cc:1062] T 2c3d9174c33442d28f28f4d0cda9fc51 P 02a5a9f6601045b6b339c43c526fc29e: Deleting log segment in path: /data/somelongdirectorytoavoidrpathissues/src/kudutest/linked_list-test.LinkedListTest.TestLoadAndVerify.1578529919787104-24342/linked-list-cluster/ts-1/wal/wals/2c3d9174c33442d28f28f4d0cda9fc51/wal-000000039 (ops 224562-230542)
I0108 16:41:29.407691 24565 log.cc:1062] T 2c3d9174c33442d28f28f4d0cda9fc51 P 02a5a9f6601045b6b339c43c526fc29e: Deleting log segment in path: /data/somelongdirectorytoavoidrpathissues/src/kudutest/linked_list-test.LinkedListTest.TestLoadAndVerify.1578529919787104-24342/linked-list-cluster/ts-1/wal/wals/2c3d9174c33442d28f28f4d0cda9fc51/wal-000000040 (ops 230543-236420)
I0108 16:41:29.407712 24565 log.cc:1062] T 2c3d9174c33442d28f28f4d0cda9fc51 P 02a5a9f6601045b6b339c43c526fc29e: Deleting log segment in path: /data/somelongdirectorytoavoidrpathissues/src/kudutest/linked_list-test.LinkedListTest.TestLoadAndVerify.1578529919787104-24342/linked-list-cluster/ts-1/wal/wals/2c3d9174c33442d28f28f4d0cda9fc51/wal-000000041 (ops 236421-242396)
I0108 16:41:29.407734 24565 log.cc:1062] T 2c3d9174c33442d28f28f4d0cda9fc51 P 02a5a9f6601045b6b339c43c526fc29e: Deleting log segment in path: /data/somelongdirectorytoavoidrpathissues/src/kudutest/linked_list-test.LinkedListTest.TestLoadAndVerify.1578529919787104-24342/linked-list-cluster/ts-1/wal/wals/2c3d9174c33442d28f28f4d0cda9fc51/wal-000000042 (ops 242397-248347)
I0108 16:41:29.407753 24565 log.cc:1062] T 2c3d9174c33442d28f28f4d0cda9fc51 P 02a5a9f6601045b6b339c43c526fc29e: Deleting log segment in path: /data/somelongdirectorytoavoidrpathissues/src/kudutest/linked_list-test.LinkedListTest.TestLoadAndVerify.1578529919787104-24342/linked-list-cluster/ts-1/wal/wals/2c3d9174c33442d28f28f4d0cda9fc51/wal-000000043 (ops 248348-254289)
I0108 16:41:29.407810 24565 log.cc:1062] T 2c3d9174c33442d28f28f4d0cda9fc51 P 02a5a9f6601045b6b339c43c526fc29e: Deleting log segment in path: /data/somelongdirectorytoavoidrpathissues/src/kudutest/linked_list-test.LinkedListTest.TestLoadAndVerify.1578529919787104-24342/linked-list-cluster/ts-1/wal/wals/2c3d9174c33442d28f28f4d0cda9fc51/wal-000000044 (ops 254290-260161)
I0108 16:41:29.407902 24565 log.cc:1062] T 2c3d9174c33442d28f28f4d0cda9fc51 P 02a5a9f6601045b6b339c43c526fc29e: Deleting log segment in path: /data/somelongdirectorytoavoidrpathissues/src/kudutest/linked_list-test.LinkedListTest.TestLoadAndVerify.1578529919787104-24342/linked-list-cluster/ts-1/wal/wals/2c3d9174c33442d28f28f4d0cda9fc51/wal-000000045 (ops 260162-266120)
I0108 16:41:29.407923 24565 log.cc:1062] T 2c3d9174c33442d28f28f4d0cda9fc51 P 02a5a9f6601045b6b339c43c526fc29e: Deleting log segment in path: /data/somelongdirectorytoavoidrpathissues/src/kudutest/linked_list-test.LinkedListTest.TestLoadAndVerify.1578529919787104-24342/linked-list-cluster/ts-1/wal/wals/2c3d9174c33442d28f28f4d0cda9fc51/wal-000000046 (ops 266121-271928)
I0108 16:41:29.409158 24565 log.cc:1062] T 2c3d9174c33442d28f28f4d0cda9fc51 P 02a5a9f6601045b6b339c43c526fc29e: Deleting log segment in path: /data/somelongdirectorytoavoidrpathissues/src/kudutest/linked_list-test.LinkedListTest.TestLoadAndVerify.1578529919787104-24342/linked-list-cluster/ts-1/wal/wals/2c3d9174c33442d28f28f4d0cda9fc51/wal-000000047 (ops 271929-277899)
I0108 16:41:29.624681 24565 maintenance_manager.cc:527] P 02a5a9f6601045b6b339c43c526fc29e: LogGCOp(2c3d9174c33442d28f28f4d0cda9fc51) complete. Timing: real 0.217s user 0.000s sys 0.031s Metrics: {}
I0108 16:41:29.626361 24671 maintenance_manager.cc:326] P 02a5a9f6601045b6b339c43c526fc29e: Scheduling UndoDeltaBlockGCOp(2c3d9174c33442d28f28f4d0cda9fc51): 44034482 bytes on disk
I0108 16:41:29.626531 24565 maintenance_manager.cc:527] P 02a5a9f6601045b6b339c43c526fc29e: UndoDeltaBlockGCOp(2c3d9174c33442d28f28f4d0cda9fc51) complete. Timing: real 0.000s user 0.000s sys 0.000s Metrics: {"cfile_init":2,"lbm_read_time_us":19,"lbm_reads_lt_1ms":8}
I0108 16:41:29.626615 24671 maintenance_manager.cc:326] P 02a5a9f6601045b6b339c43c526fc29e: Scheduling CompactRowSetsOp(2c3d9174c33442d28f28f4d0cda9fc51): perf score=0.857669 ------------------------------------------------------------ Histogram for latency of insert operations (microseconds) Note: each insert is a batch of 50 rows. ------------------------------------------------------------ Count: 290000 Mean: 1800.86 Percentiles: 0% (min) = 728 25% = 1343 50% (med) = 1506 75% = 1715 95% = 2296 99% = 7476 99.9% = 46368 99.99% = 90240 100% (max) = 643737
I0108 16:41:32.408087 24342 linked_list-test-util.h:519] Written 14500000 rows in chain
W0108 16:41:47.281946 24684 outbound_call.cc:287] RPC callback for RPC call kudu.consensus.ConsensusService.UpdateConsensus -> {remote=127.23.197.130:37520, user_credentials={real_user=jenkins}} blocked reactor thread for 59658.6us ------------------------------------------------------------ Histogram for latency of insert operations (microseconds) Note: each insert is a batch of 50 rows.
I0108 16:41:54.640707 24342 linked_list-test-util.h:519] Written 15000000 rows in chain ------------------------------------------------------------ Count: 300000 Mean: 1808.88 Percentiles: 0% (min) = 728 25% = 1346 50% (med) = 1511 75% = 1721 95% = 2314 99% = 7556 99.9% = 46752 99.99% = 87616 100% (max) = 643737
I0108 16:42:00.349884 24342 linked_list-test-util.h:528] Sample at HT timestamp: 6465661011347656704 Inserted count: 15130600 ------------------------------------------------------------ Histogram for latency of insert operations (microseconds) Note: each insert is a batch of 50 rows. ------------------------------------------------------------ Count: 310000 Mean: 1814.91 Percentiles: 0% (min) = 728 25% = 1349 50% (med) = 1514 75% = 1726 95% = 2326 99% = 7640 99.9% = 46816 99.99% = 87104 100% (max) = 643737
I0108 16:42:16.329282 24342 linked_list-test-util.h:519] Written 15500000 rows in chain
I0108 16:42:34.304046 24848 thread.cc:387] Could not get per-thread statistics: Not found: /proc/self/task/27094/stat: No such file or directory (error 2)
I0108 16:42:36.258747 26957 rpcz_store.cc:269] Call kudu.tserver.TabletServerService.Write from 127.23.197.130:36790 (ReqId={client: dbcb5a880e8742629e06e9264dfb379f, seq_no=944058, attempt_no=0}) took 1010ms. Request Metrics: {"child_traces":[["txn",{"apply.queue_time_us":9,"cfile_cache_hit":123301,"cfile_cache_hit_bytes":1282490149,"num_ops":14699,"prepare.queue_time_us":9,"prepare.run_cpu_time_us":15712,"prepare.run_wall_time_us":49840,"raft.queue_time_us":53,"raft.run_cpu_time_us":113,"raft.run_wall_time_us":164,"replication_time_us":2624,"spinlock_wait_cycles":4227456}]]}
I0108 16:42:37.319023 26957 rpcz_store.cc:269] Call kudu.tserver.TabletServerService.Write from 127.23.197.130:36790 (ReqId={client: dbcb5a880e8742629e06e9264dfb379f, seq_no=945322, attempt_no=0}) took 1053ms. Request Metrics: {"child_traces":[["txn",{"apply.queue_time_us":15,"cfile_cache_hit":118472,"cfile_cache_hit_bytes":1232123866,"num_ops":14114,"prepare.queue_time_us":142,"prepare.run_cpu_time_us":15406,"prepare.run_wall_time_us":58277,"raft.queue_time_us":24,"raft.run_cpu_time_us":124,"raft.run_wall_time_us":130,"replication_time_us":6439,"spinlock_wait_cycles":4474752}]]}
I0108 16:42:38.276939 27008 rpcz_store.cc:269] Call kudu.tserver.TabletServerService.Write from 127.23.197.130:36790 (ReqId={client: dbcb5a880e8742629e06e9264dfb379f, seq_no=946611, attempt_no=0}) took 1005ms. Request Metrics: {"child_traces":[["txn",{"apply.queue_time_us":23,"cfile_cache_hit":121522,"cfile_cache_hit_bytes":1263025898,"num_ops":14474,"prepare.queue_time_us":13,"prepare.run_cpu_time_us":17319,"prepare.run_wall_time_us":65583,"raft.queue_time_us":5002,"raft.run_cpu_time_us":144,"raft.run_wall_time_us":148,"replication_time_us":14457,"spinlock_wait_cycles":1741056}]]} ------------------------------------------------------------ Histogram for latency of insert operations (microseconds) Note: each insert is a batch of 50 rows. ------------------------------------------------------------ Count: 320000 Mean: 1823.61 Percentiles: 0% (min) = 728 25% = 1352 50% (med) = 1519 75% = 1733 95% = 2344 99% = 7716 99.9% = 47136 99.99% = 87104 100% (max) = 643737
I0108 16:42:38.631536 24342 linked_list-test-util.h:519] Written 16000000 rows in chain
I0108 16:42:41.403961 26957 rpcz_store.cc:269] Call kudu.tserver.TabletServerService.Write from 127.23.197.130:36790 (ReqId={client: dbcb5a880e8742629e06e9264dfb379f, seq_no=950393, attempt_no=0}) took 1046ms. Request Metrics: {"child_traces":[["txn",{"apply.queue_time_us":62,"cfile_cache_hit":126194,"cfile_cache_hit_bytes":1311424919,"num_ops":15028,"prepare.queue_time_us":97,"prepare.run_cpu_time_us":16120,"prepare.run_wall_time_us":56347,"raft.queue_time_us":996,"raft.run_cpu_time_us":126,"raft.run_wall_time_us":132,"replication_time_us":2606,"spinlock_wait_cycles":18430336}]]}
I0108 16:42:42.233610 24439 maintenance_manager.cc:527] P e61264bf360a4a62a3a5e3b9f2875f5b: CompactRowSetsOp(2c3d9174c33442d28f28f4d0cda9fc51) complete. Timing: real 77.179s user 12.339s sys 1.236s Metrics: {"bytes_written":158251339,"cfile_cache_hit":412,"cfile_cache_hit_bytes":57372544,"cfile_cache_miss":20786,"cfile_cache_miss_bytes":585918280,"cfile_init":21,"delta_iterators_relevant":12,"dirs.queue_time_us":54714,"dirs.run_cpu_time_us":528,"dirs.run_wall_time_us":288539,"drs_written":5,"lbm_read_time_us":6059806,"lbm_reads_1-10_ms":623,"lbm_reads_10-100_ms":95,"lbm_reads_gt_100_ms":12,"lbm_reads_lt_1ms":20140,"lbm_write_time_us":2837428,"lbm_writes_1-10_ms":563,"lbm_writes_10-100_ms":26,"lbm_writes_gt_100_ms":1,"lbm_writes_lt_1ms":15344,"num_input_rowsets":5,"rows_written":8993615,"spinlock_wait_cycles":1085514496,"thread_start_us":161,"threads_started":5}
I0108 16:42:42.233747 24546 maintenance_manager.cc:326] P e61264bf360a4a62a3a5e3b9f2875f5b: Scheduling CompactRowSetsOp(2c3d9174c33442d28f28f4d0cda9fc51): perf score=0.145681
I0108 16:42:42.375023 27027 rpcz_store.cc:269] Call kudu.tserver.TabletServerService.Write from 127.23.197.130:36790 (ReqId={client: dbcb5a880e8742629e06e9264dfb379f, seq_no=951655, attempt_no=0}) took 1010ms. Request Metrics: {"child_traces":[["txn",{"apply.queue_time_us":3558,"cfile_cache_hit":119449,"cfile_cache_hit_bytes":1241494319,"num_ops":14216,"prepare.queue_time_us":15,"prepare.run_cpu_time_us":15576,"prepare.run_wall_time_us":57534,"raft.queue_time_us":22,"raft.run_cpu_time_us":136,"raft.run_wall_time_us":140,"replication_time_us":11081,"spinlock_wait_cycles":2111488}]]}
I0108 16:42:43.080207 24689 maintenance_manager.cc:527] P 72e6f176048945dea46e0f4305315d3c: CompactRowSetsOp(2c3d9174c33442d28f28f4d0cda9fc51) complete. Timing: real 73.868s user 12.390s sys 1.216s Metrics: {"bytes_written":158627237,"cfile_cache_hit":430,"cfile_cache_hit_bytes":60002568,"cfile_cache_miss":20822,"cfile_cache_miss_bytes":584936060,"cfile_init":21,"delta_iterators_relevant":12,"dirs.queue_time_us":54842,"dirs.run_cpu_time_us":574,"dirs.run_wall_time_us":260025,"drs_written":5,"lbm_read_time_us":6163870,"lbm_reads_1-10_ms":472,"lbm_reads_10-100_ms":107,"lbm_reads_gt_100_ms":9,"lbm_reads_lt_1ms":20318,"lbm_write_time_us":2568050,"lbm_writes_1-10_ms":562,"lbm_writes_10-100_ms":18,"lbm_writes_gt_100_ms":1,"lbm_writes_lt_1ms":15393,"num_input_rowsets":5,"rows_written":9015753,"spinlock_wait_cycles":1297502208,"thread_start_us":555,"threads_started":13}
I0108 16:42:43.080473 24795 maintenance_manager.cc:326] P 72e6f176048945dea46e0f4305315d3c: Scheduling CompactRowSetsOp(2c3d9174c33442d28f28f4d0cda9fc51): perf score=0.151504
I0108 16:42:43.563750 24565 maintenance_manager.cc:527] P 02a5a9f6601045b6b339c43c526fc29e: CompactRowSetsOp(2c3d9174c33442d28f28f4d0cda9fc51) complete. Timing: real 73.937s user 12.333s sys 1.213s Metrics: {"bytes_written":158784121,"cfile_cache_hit":455,"cfile_cache_hit_bytes":63665457,"cfile_cache_miss":20817,"cfile_cache_miss_bytes":581944805,"cfile_init":21,"delta_iterators_relevant":12,"dirs.queue_time_us":88913,"dirs.run_cpu_time_us":486,"dirs.run_wall_time_us":127524,"drs_written":5,"lbm_read_time_us":6532235,"lbm_reads_1-10_ms":486,"lbm_reads_10-100_ms":106,"lbm_reads_gt_100_ms":12,"lbm_reads_lt_1ms":20297,"lbm_write_time_us":2363910,"lbm_writes_1-10_ms":576,"lbm_writes_10-100_ms":21,"lbm_writes_lt_1ms":15389,"num_input_rowsets":5,"rows_written":9024579,"spinlock_wait_cycles":856190336,"thread_start_us":844,"threads_started":13}
I0108 16:42:43.563915 24671 maintenance_manager.cc:326] P 02a5a9f6601045b6b339c43c526fc29e: Scheduling UndoDeltaBlockGCOp(2c3d9174c33442d28f28f4d0cda9fc51): 190856298 bytes on disk
I0108 16:42:43.924273 24565 maintenance_manager.cc:527] P 02a5a9f6601045b6b339c43c526fc29e: UndoDeltaBlockGCOp(2c3d9174c33442d28f28f4d0cda9fc51) complete. Timing: real 0.360s user 0.001s sys 0.000s Metrics: {"cfile_init":5,"lbm_read_time_us":360051,"lbm_reads_1-10_ms":2,"lbm_reads_10-100_ms":8,"lbm_reads_lt_1ms":10}
I0108 16:42:43.924417 24671 maintenance_manager.cc:326] P 02a5a9f6601045b6b339c43c526fc29e: Scheduling CompactRowSetsOp(2c3d9174c33442d28f28f4d0cda9fc51): perf score=0.150345
I0108 16:42:45.340013 27189 rpcz_store.cc:269] Call kudu.tserver.TabletServerService.Write from 127.23.197.130:36790 (ReqId={client: dbcb5a880e8742629e06e9264dfb379f, seq_no=952863, attempt_no=0}) took 1587ms. Request Metrics: {"child_traces":[["txn",{"apply.queue_time_us":21,"cfile_cache_hit":10,"cfile_cache_hit_bytes":51149,"cfile_cache_miss":39,"cfile_cache_miss_bytes":201871,"cfile_init":4,"lbm_read_time_us":1585035,"lbm_reads_1-10_ms":8,"lbm_reads_10-100_ms":38,"lbm_reads_lt_1ms":9,"num_ops":35,"prepare.queue_time_us":80,"prepare.run_cpu_time_us":109,"prepare.run_wall_time_us":110,"raft.queue_time_us":76,"raft.run_cpu_time_us":34,"raft.run_wall_time_us":34,"replication_time_us":842,"spinlock_wait_cycles":6016}]]}
I0108 16:42:46.410763 27189 rpcz_store.cc:269] Call kudu.tserver.TabletServerService.Write from 127.23.197.130:36790 (ReqId={client: dbcb5a880e8742629e06e9264dfb379f, seq_no=952869, attempt_no=0}) took 1070ms. Request Metrics: {"child_traces":[["txn",{"apply.queue_time_us":55,"cfile_cache_hit":12,"cfile_cache_hit_bytes":101098,"cfile_cache_miss":34,"cfile_cache_miss_bytes":139604,"lbm_read_time_us":1068075,"lbm_reads_1-10_ms":3,"lbm_reads_10-100_ms":29,"lbm_reads_lt_1ms":2,"num_ops":35,"prepare.queue_time_us":165,"prepare.run_cpu_time_us":189,"prepare.run_wall_time_us":653,"raft.queue_time_us":192,"raft.run_cpu_time_us":56,"raft.run_wall_time_us":236,"replication_time_us":809,"spinlock_wait_cycles":474496,"thread_start_us":233,"threads_started":2}]]}
I0108 16:42:48.536921 27189 rpcz_store.cc:269] Call kudu.tserver.TabletServerService.Write from 127.23.197.130:36790 (ReqId={client: dbcb5a880e8742629e06e9264dfb379f, seq_no=952881, attempt_no=0}) took 1005ms. Request Metrics: {"child_traces":[["txn",{"apply.queue_time_us":443,"cfile_cache_hit":13,"cfile_cache_hit_bytes":105204,"cfile_cache_miss":29,"cfile_cache_miss_bytes":119074,"lbm_read_time_us":1003744,"lbm_reads_1-10_ms":5,"lbm_reads_10-100_ms":12,"lbm_reads_gt_100_ms":3,"lbm_reads_lt_1ms":9,"num_ops":32,"prepare.queue_time_us":11,"prepare.run_cpu_time_us":107,"prepare.run_wall_time_us":107,"raft.queue_time_us":49,"raft.run_cpu_time_us":33,"raft.run_wall_time_us":31,"replication_time_us":500}]]}
I0108 16:42:49.545450 27350 rpcz_store.cc:269] Call kudu.tserver.TabletServerService.Write from 127.23.197.130:36790 (ReqId={client: dbcb5a880e8742629e06e9264dfb379f, seq_no=952886, attempt_no=0}) took 1008ms. Request Metrics: {"child_traces":[["txn",{"apply.queue_time_us":89,"cfile_cache_hit":13,"cfile_cache_hit_bytes":105204,"cfile_cache_miss":27,"cfile_cache_miss_bytes":110862,"lbm_read_time_us":1006707,"lbm_reads_1-10_ms":8,"lbm_reads_10-100_ms":11,"lbm_reads_gt_100_ms":2,"lbm_reads_lt_1ms":6,"num_ops":31,"prepare.queue_time_us":25,"prepare.run_cpu_time_us":97,"prepare.run_wall_time_us":98,"raft.queue_time_us":46,"raft.run_cpu_time_us":30,"raft.run_wall_time_us":30,"replication_time_us":501}]]}
I0108 16:42:49.804255 24439 maintenance_manager.cc:527] P e61264bf360a4a62a3a5e3b9f2875f5b: CompactRowSetsOp(2c3d9174c33442d28f28f4d0cda9fc51) complete. Timing: real 7.570s user 1.575s sys 0.126s Metrics: {"bytes_written":27418345,"cfile_cache_hit":31,"cfile_cache_hit_bytes":2901792,"cfile_cache_miss":3649,"cfile_cache_miss_bytes":108750632,"cfile_init":9,"delta_iterators_relevant":6,"dirs.queue_time_us":144,"dirs.run_cpu_time_us":84,"dirs.run_wall_time_us":84,"drs_written":1,"lbm_read_time_us":4268753,"lbm_reads_1-10_ms":30,"lbm_reads_10-100_ms":110,"lbm_reads_gt_100_ms":1,"lbm_reads_lt_1ms":3544,"lbm_write_time_us":1173839,"lbm_writes_1-10_ms":24,"lbm_writes_10-100_ms":44,"lbm_writes_lt_1ms":2692,"num_input_rowsets":2,"rows_written":1556403,"spinlock_wait_cycles":384,"thread_start_us":457,"threads_started":9}
I0108 16:42:49.804497 24546 maintenance_manager.cc:326] P e61264bf360a4a62a3a5e3b9f2875f5b: Scheduling UndoDeltaBlockGCOp(2c3d9174c33442d28f28f4d0cda9fc51): 196725093 bytes on disk
I0108 16:42:49.990490 24439 maintenance_manager.cc:527] P e61264bf360a4a62a3a5e3b9f2875f5b: UndoDeltaBlockGCOp(2c3d9174c33442d28f28f4d0cda9fc51) complete. Timing: real 0.186s user 0.000s sys 0.000s Metrics: {"cfile_init":5,"lbm_read_time_us":185665,"lbm_reads_1-10_ms":4,"lbm_reads_10-100_ms":6,"lbm_reads_lt_1ms":10}
I0108 16:42:49.990594 24546 maintenance_manager.cc:326] P e61264bf360a4a62a3a5e3b9f2875f5b: Scheduling FlushMRSOp(c0c87b04bc0f4f37876458fbfb4bdf03): perf score=0.042760
I0108 16:42:50.989831 24439 maintenance_manager.cc:527] P e61264bf360a4a62a3a5e3b9f2875f5b: FlushMRSOp(c0c87b04bc0f4f37876458fbfb4bdf03) complete. Timing: real 0.999s user 0.574s sys 0.025s Metrics: {"bytes_written":10167532,"cfile_init":1,"delete_count":0,"dirs.queue_time_us":72,"dirs.run_cpu_time_us":124,"dirs.run_wall_time_us":85793,"drs_written":1,"lbm_read_time_us":6,"lbm_reads_lt_1ms":4,"lbm_write_time_us":271951,"lbm_writes_1-10_ms":3,"lbm_writes_10-100_ms":4,"lbm_writes_lt_1ms":1035,"reinsert_count":0,"rows_written":579646,"thread_start_us":33,"threads_started":1,"update_count":18}
I0108 16:42:50.989944 24546 maintenance_manager.cc:326] P e61264bf360a4a62a3a5e3b9f2875f5b: Scheduling LogGCOp(c0c87b04bc0f4f37876458fbfb4bdf03): free 50355315 bytes of WAL
I0108 16:42:50.990021 24439 log_reader.cc:379] T c0c87b04bc0f4f37876458fbfb4bdf03: removed 6 log segments from log reader
I0108 16:42:50.990041 24439 log.cc:1062] T c0c87b04bc0f4f37876458fbfb4bdf03 P e61264bf360a4a62a3a5e3b9f2875f5b: Deleting log segment in path: /data/somelongdirectorytoavoidrpathissues/src/kudutest/linked_list-test.LinkedListTest.TestLoadAndVerify.1578529919787104-24342/linked-list-cluster/ts-0/wal/wals/c0c87b04bc0f4f37876458fbfb4bdf03/wal-000000020 (ops 235649-248011)
I0108 16:42:50.990097 24439 log.cc:1062] T c0c87b04bc0f4f37876458fbfb4bdf03 P e61264bf360a4a62a3a5e3b9f2875f5b: Deleting log segment in path: /data/somelongdirectorytoavoidrpathissues/src/kudutest/linked_list-test.LinkedListTest.TestLoadAndVerify.1578529919787104-24342/linked-list-cluster/ts-0/wal/wals/c0c87b04bc0f4f37876458fbfb4bdf03/wal-000000021 (ops 248012-260446)
I0108 16:42:50.990128 24439 log.cc:1062] T c0c87b04bc0f4f37876458fbfb4bdf03 P e61264bf360a4a62a3a5e3b9f2875f5b: Deleting log segment in path: /data/somelongdirectorytoavoidrpathissues/src/kudutest/linked_list-test.LinkedListTest.TestLoadAndVerify.1578529919787104-24342/linked-list-cluster/ts-0/wal/wals/c0c87b04bc0f4f37876458fbfb4bdf03/wal-000000022 (ops 260447-272750)
I0108 16:42:50.990146 24439 log.cc:1062] T c0c87b04bc0f4f37876458fbfb4bdf03 P e61264bf360a4a62a3a5e3b9f2875f5b: Deleting log segment in path: /data/somelongdirectorytoavoidrpathissues/src/kudutest/linked_list-test.LinkedListTest.TestLoadAndVerify.1578529919787104-24342/linked-list-cluster/ts-0/wal/wals/c0c87b04bc0f4f37876458fbfb4bdf03/wal-000000023 (ops 272751-285205)
I0108 16:42:50.990164 24439 log.cc:1062] T c0c87b04bc0f4f37876458fbfb4bdf03 P e61264bf360a4a62a3a5e3b9f2875f5b: Deleting log segment in path: /data/somelongdirectorytoavoidrpathissues/src/kudutest/linked_list-test.LinkedListTest.TestLoadAndVerify.1578529919787104-24342/linked-list-cluster/ts-0/wal/wals/c0c87b04bc0f4f37876458fbfb4bdf03/wal-000000024 (ops 285206-297561)
I0108 16:42:50.990192 24439 log.cc:1062] T c0c87b04bc0f4f37876458fbfb4bdf03 P e61264bf360a4a62a3a5e3b9f2875f5b: Deleting log segment in path: /data/somelongdirectorytoavoidrpathissues/src/kudutest/linked_list-test.LinkedListTest.TestLoadAndVerify.1578529919787104-24342/linked-list-cluster/ts-0/wal/wals/c0c87b04bc0f4f37876458fbfb4bdf03/wal-000000025 (ops 297562-309938)
I0108 16:42:51.002894 24439 maintenance_manager.cc:527] P e61264bf360a4a62a3a5e3b9f2875f5b: LogGCOp(c0c87b04bc0f4f37876458fbfb4bdf03) complete. Timing: real 0.013s user 0.000s sys 0.011s Metrics: {}
I0108 16:42:51.003019 24546 maintenance_manager.cc:326] P e61264bf360a4a62a3a5e3b9f2875f5b: Scheduling UndoDeltaBlockGCOp(c0c87b04bc0f4f37876458fbfb4bdf03): 11578596 bytes on disk
I0108 16:42:51.003141 24439 maintenance_manager.cc:527] P e61264bf360a4a62a3a5e3b9f2875f5b: UndoDeltaBlockGCOp(c0c87b04bc0f4f37876458fbfb4bdf03) complete. Timing: real 0.000s user 0.000s sys 0.000s Metrics: {"cfile_init":1,"lbm_read_time_us":13,"lbm_reads_lt_1ms":4}
I0108 16:42:51.003213 24546 maintenance_manager.cc:326] P e61264bf360a4a62a3a5e3b9f2875f5b: Scheduling CompactRowSetsOp(c0c87b04bc0f4f37876458fbfb4bdf03): perf score=1.007438
I0108 16:42:51.303699 27027 rpcz_store.cc:269] Call kudu.tserver.TabletServerService.Write from 127.23.197.130:36790 (ReqId={client: dbcb5a880e8742629e06e9264dfb379f, seq_no=952858, attempt_no=0}) took 7729ms. Request Metrics: {"child_traces":[["txn",{"apply.queue_time_us":14,"cfile_cache_hit":71,"cfile_cache_hit_bytes":331550,"cfile_cache_miss":543,"cfile_cache_miss_bytes":2241360,"cfile_init":1,"lbm_read_time_us":7720349,"lbm_reads_1-10_ms":83,"lbm_reads_10-100_ms":165,"lbm_reads_gt_100_ms":16,"lbm_reads_lt_1ms":283,"num_ops":590,"prepare.queue_time_us":61,"prepare.run_cpu_time_us":670,"prepare.run_wall_time_us":670,"raft.queue_time_us":272,"raft.run_cpu_time_us":33,"raft.run_wall_time_us":33,"replication_time_us":1049}]]}
W0108 16:42:55.412183 24689 tablet_replica.cc:929] Time spent Committing in-flights took a long time.: real 0.316s user 0.001s sys 0.000s
I0108 16:42:55.413653 24689 maintenance_manager.cc:527] P 72e6f176048945dea46e0f4305315d3c: CompactRowSetsOp(2c3d9174c33442d28f28f4d0cda9fc51) complete. Timing: real 12.333s user 1.591s sys 0.134s Metrics: {"bytes_written":28098249,"cfile_cache_hit":31,"cfile_cache_hit_bytes":2900708,"cfile_cache_miss":3739,"cfile_cache_miss_bytes":111510634,"cfile_init":9,"delta_iterators_relevant":6,"dirs.queue_time_us":447,"dirs.run_cpu_time_us":131,"dirs.run_wall_time_us":80825,"drs_written":1,"lbm_read_time_us":5129544,"lbm_reads_1-10_ms":21,"lbm_reads_10-100_ms":115,"lbm_reads_gt_100_ms":7,"lbm_reads_lt_1ms":3632,"lbm_write_time_us":3768775,"lbm_writes_1-10_ms":43,"lbm_writes_10-100_ms":94,"lbm_writes_gt_100_ms":3,"lbm_writes_lt_1ms":2687,"num_input_rowsets":2,"rows_written":1595272,"thread_start_us":650,"threads_started":9}
I0108 16:42:55.413794 24795 maintenance_manager.cc:326] P 72e6f176048945dea46e0f4305315d3c: Scheduling FlushMRSOp(c0c87b04bc0f4f37876458fbfb4bdf03): perf score=0.044311
I0108 16:42:58.189935 24689 maintenance_manager.cc:527] P 72e6f176048945dea46e0f4305315d3c: FlushMRSOp(c0c87b04bc0f4f37876458fbfb4bdf03) complete. Timing: real 2.776s user 0.631s sys 0.028s Metrics: {"bytes_written":10217415,"cfile_init":1,"delete_count":0,"dirs.queue_time_us":81,"dirs.run_cpu_time_us":107,"dirs.run_wall_time_us":71029,"drs_written":1,"lbm_read_time_us":10,"lbm_reads_lt_1ms":4,"lbm_write_time_us":1976374,"lbm_writes_1-10_ms":2,"lbm_writes_10-100_ms":48,"lbm_writes_gt_100_ms":1,"lbm_writes_lt_1ms":996,"reinsert_count":0,"rows_written":582434,"thread_start_us":40,"threads_started":1,"update_count":16}
I0108 16:42:58.190063 24795 maintenance_manager.cc:326] P 72e6f176048945dea46e0f4305315d3c: Scheduling LogGCOp(c0c87b04bc0f4f37876458fbfb4bdf03): free 50416150 bytes of WAL
I0108 16:42:58.190130 24689 log_reader.cc:379] T c0c87b04bc0f4f37876458fbfb4bdf03: removed 6 log segments from log reader
I0108 16:42:58.190150 24689 log.cc:1062] T c0c87b04bc0f4f37876458fbfb4bdf03 P 72e6f176048945dea46e0f4305315d3c: Deleting log segment in path: /data/somelongdirectorytoavoidrpathissues/src/kudutest/linked_list-test.LinkedListTest.TestLoadAndVerify.1578529919787104-24342/linked-list-cluster/ts-2/wal/wals/c0c87b04bc0f4f37876458fbfb4bdf03/wal-000000020 (ops 237244-249703)
I0108 16:42:58.190209 24689 log.cc:1062] T c0c87b04bc0f4f37876458fbfb4bdf03 P 72e6f176048945dea46e0f4305315d3c: Deleting log segment in path: /data/somelongdirectorytoavoidrpathissues/src/kudutest/linked_list-test.LinkedListTest.TestLoadAndVerify.1578529919787104-24342/linked-list-cluster/ts-2/wal/wals/c0c87b04bc0f4f37876458fbfb4bdf03/wal-000000021 (ops 249704-262186)
I0108 16:42:58.190243 24689 log.cc:1062] T c0c87b04bc0f4f37876458fbfb4bdf03 P 72e6f176048945dea46e0f4305315d3c: Deleting log segment in path: /data/somelongdirectorytoavoidrpathissues/src/kudutest/linked_list-test.LinkedListTest.TestLoadAndVerify.1578529919787104-24342/linked-list-cluster/ts-2/wal/wals/c0c87b04bc0f4f37876458fbfb4bdf03/wal-000000022 (ops 262187-274616)
I0108 16:42:58.190263 24689 log.cc:1062] T c0c87b04bc0f4f37876458fbfb4bdf03 P 72e6f176048945dea46e0f4305315d3c: Deleting log segment in path: /data/somelongdirectorytoavoidrpathissues/src/kudutest/linked_list-test.LinkedListTest.TestLoadAndVerify.1578529919787104-24342/linked-list-cluster/ts-2/wal/wals/c0c87b04bc0f4f37876458fbfb4bdf03/wal-000000023 (ops 274617-287117)
I0108 16:42:58.190295 24689 log.cc:1062] T c0c87b04bc0f4f37876458fbfb4bdf03 P 72e6f176048945dea46e0f4305315d3c: Deleting log segment in path: /data/somelongdirectorytoavoidrpathissues/src/kudutest/linked_list-test.LinkedListTest.TestLoadAndVerify.1578529919787104-24342/linked-list-cluster/ts-2/wal/wals/c0c87b04bc0f4f37876458fbfb4bdf03/wal-000000024 (ops 287118-299597)
I0108 16:42:58.190356 24689 log.cc:1062] T c0c87b04bc0f4f37876458fbfb4bdf03 P 72e6f176048945dea46e0f4305315d3c: Deleting log segment in path: /data/somelongdirectorytoavoidrpathissues/src/kudutest/linked_list-test.LinkedListTest.TestLoadAndVerify.1578529919787104-24342/linked-list-cluster/ts-2/wal/wals/c0c87b04bc0f4f37876458fbfb4bdf03/wal-000000025 (ops 299598-312021)
I0108 16:42:58.202143 24689 maintenance_manager.cc:527] P 72e6f176048945dea46e0f4305315d3c: LogGCOp(c0c87b04bc0f4f37876458fbfb4bdf03) complete. Timing: real 0.012s user 0.000s sys 0.011s Metrics: {}
I0108 16:42:58.202265 24795 maintenance_manager.cc:326] P 72e6f176048945dea46e0f4305315d3c: Scheduling CompactRowSetsOp(c0c87b04bc0f4f37876458fbfb4bdf03): perf score=1.007438
I0108 16:42:59.977670 24565 maintenance_manager.cc:527] P 02a5a9f6601045b6b339c43c526fc29e: CompactRowSetsOp(2c3d9174c33442d28f28f4d0cda9fc51) complete. Timing: real 16.053s user 1.555s sys 0.133s Metrics: {"bytes_written":28181657,"cfile_cache_hit":33,"cfile_cache_hit_bytes":3037706,"cfile_cache_miss":3747,"cfile_cache_miss_bytes":111744944,"cfile_init":8,"delta_iterators_relevant":6,"dirs.queue_time_us":328,"dirs.run_cpu_time_us":154,"dirs.run_wall_time_us":83137,"drs_written":1,"lbm_read_time_us":5395081,"lbm_reads_1-10_ms":18,"lbm_reads_10-100_ms":119,"lbm_reads_gt_100_ms":8,"lbm_reads_lt_1ms":3634,"lbm_write_time_us":7620803,"lbm_writes_1-10_ms":41,"lbm_writes_10-100_ms":166,"lbm_writes_gt_100_ms":9,"lbm_writes_lt_1ms":2619,"num_input_rowsets":2,"rows_written":1600033,"spinlock_wait_cycles":768,"thread_start_us":576,"threads_started":9}
I0108 16:42:59.977843 24671 maintenance_manager.cc:326] P 02a5a9f6601045b6b339c43c526fc29e: Scheduling UndoDeltaBlockGCOp(2c3d9174c33442d28f28f4d0cda9fc51): 33891905 bytes on disk
I0108 16:43:00.110255 24565 maintenance_manager.cc:527] P 02a5a9f6601045b6b339c43c526fc29e: UndoDeltaBlockGCOp(2c3d9174c33442d28f28f4d0cda9fc51) complete. Timing: real 0.132s user 0.000s sys 0.000s Metrics: {"cfile_init":1,"lbm_read_time_us":132254,"lbm_reads_10-100_ms":3,"lbm_reads_lt_1ms":1}
I0108 16:43:00.110414 24671 maintenance_manager.cc:326] P 02a5a9f6601045b6b339c43c526fc29e: Scheduling FlushMRSOp(97a6791627c941a48f3269f2d00d1eea): perf score=0.045649
I0108 16:43:01.427525 24565 maintenance_manager.cc:527] P 02a5a9f6601045b6b339c43c526fc29e: FlushMRSOp(97a6791627c941a48f3269f2d00d1eea) complete. Timing: real 1.317s user 0.606s sys 0.028s Metrics: {"bytes_written":10205446,"cfile_init":1,"delete_count":0,"dirs.queue_time_us":59,"dirs.run_cpu_time_us":112,"dirs.run_wall_time_us":66376,"drs_written":1,"lbm_read_time_us":7,"lbm_reads_lt_1ms":4,"lbm_write_time_us":567451,"lbm_writes_1-10_ms":1,"lbm_writes_10-100_ms":12,"lbm_writes_gt_100_ms":1,"lbm_writes_lt_1ms":1032,"reinsert_count":0,"rows_written":581555,"thread_start_us":30,"threads_started":1,"update_count":18}
I0108 16:43:01.427646 24671 maintenance_manager.cc:326] P 02a5a9f6601045b6b339c43c526fc29e: Scheduling LogGCOp(97a6791627c941a48f3269f2d00d1eea): free 50349728 bytes of WAL
I0108 16:43:01.427713 24565 log_reader.cc:379] T 97a6791627c941a48f3269f2d00d1eea: removed 6 log segments from log reader
I0108 16:43:01.427728 24565 log.cc:1062] T 97a6791627c941a48f3269f2d00d1eea P 02a5a9f6601045b6b339c43c526fc29e: Deleting log segment in path: /data/somelongdirectorytoavoidrpathissues/src/kudutest/linked_list-test.LinkedListTest.TestLoadAndVerify.1578529919787104-24342/linked-list-cluster/ts-1/wal/wals/97a6791627c941a48f3269f2d00d1eea/wal-000000020 (ops 236543-248956)
I0108 16:43:01.427786 24565 log.cc:1062] T 97a6791627c941a48f3269f2d00d1eea P 02a5a9f6601045b6b339c43c526fc29e: Deleting log segment in path: /data/somelongdirectorytoavoidrpathissues/src/kudutest/linked_list-test.LinkedListTest.TestLoadAndVerify.1578529919787104-24342/linked-list-cluster/ts-1/wal/wals/97a6791627c941a48f3269f2d00d1eea/wal-000000021 (ops 248957-261484)
I0108 16:43:01.427815 24565 log.cc:1062] T 97a6791627c941a48f3269f2d00d1eea P 02a5a9f6601045b6b339c43c526fc29e: Deleting log segment in path: /data/somelongdirectorytoavoidrpathissues/src/kudutest/linked_list-test.LinkedListTest.TestLoadAndVerify.1578529919787104-24342/linked-list-cluster/ts-1/wal/wals/97a6791627c941a48f3269f2d00d1eea/wal-000000022 (ops 261485-273945)
I0108 16:43:01.427835 24565 log.cc:1062] T 97a6791627c941a48f3269f2d00d1eea P 02a5a9f6601045b6b339c43c526fc29e: Deleting log segment in path: /data/somelongdirectorytoavoidrpathissues/src/kudutest/linked_list-test.LinkedListTest.TestLoadAndVerify.1578529919787104-24342/linked-list-cluster/ts-1/wal/wals/97a6791627c941a48f3269f2d00d1eea/wal-000000023 (ops 273946-286391)
I0108 16:43:01.427865 24565 log.cc:1062] T 97a6791627c941a48f3269f2d00d1eea P 02a5a9f6601045b6b339c43c526fc29e: Deleting log segment in path: /data/somelongdirectorytoavoidrpathissues/src/kudutest/linked_list-test.LinkedListTest.TestLoadAndVerify.1578529919787104-24342/linked-list-cluster/ts-1/wal/wals/97a6791627c941a48f3269f2d00d1eea/wal-000000024 (ops 286392-298841)
I0108 16:43:01.427883 24565 log.cc:1062] T 97a6791627c941a48f3269f2d00d1eea P 02a5a9f6601045b6b339c43c526fc29e: Deleting log segment in path: /data/somelongdirectorytoavoidrpathissues/src/kudutest/linked_list-test.LinkedListTest.TestLoadAndVerify.1578529919787104-24342/linked-list-cluster/ts-1/wal/wals/97a6791627c941a48f3269f2d00d1eea/wal-000000025 (ops 298842-311316)
I0108 16:43:01.439674 24565 maintenance_manager.cc:527] P 02a5a9f6601045b6b339c43c526fc29e: LogGCOp(97a6791627c941a48f3269f2d00d1eea) complete. Timing: real 0.012s user 0.000s sys 0.012s Metrics: {}
I0108 16:43:01.439791 24671 maintenance_manager.cc:326] P 02a5a9f6601045b6b339c43c526fc29e: Scheduling CompactRowSetsOp(97a6791627c941a48f3269f2d00d1eea): perf score=1.007434
I0108 16:43:01.764571 27577 rpcz_store.cc:269] Call kudu.tserver.TabletServerService.Write from 127.23.197.130:36790 (ReqId={client: dbcb5a880e8742629e06e9264dfb379f, seq_no=952989, attempt_no=0}) took 1225ms. Request Metrics: {"child_traces":[["txn",{"apply.queue_time_us":245,"cfile_cache_hit":10,"cfile_cache_hit_bytes":97241,"cfile_cache_miss":28,"cfile_cache_miss_bytes":114968,"lbm_read_time_us":1223438,"lbm_reads_1-10_ms":3,"lbm_reads_10-100_ms":21,"lbm_reads_gt_100_ms":2,"lbm_reads_lt_1ms":2,"num_ops":33,"prepare.queue_time_us":274,"prepare.run_cpu_time_us":134,"prepare.run_wall_time_us":467,"raft.queue_time_us":23,"raft.run_cpu_time_us":57,"raft.run_wall_time_us":63,"replication_time_us":817,"spinlock_wait_cycles":64768,"thread_start_us":156,"threads_started":2}]]}
I0108 16:43:06.404032 24439 maintenance_manager.cc:527] P e61264bf360a4a62a3a5e3b9f2875f5b: CompactRowSetsOp(c0c87b04bc0f4f37876458fbfb4bdf03) complete. Timing: real 15.401s user 2.586s sys 0.182s Metrics: {"bytes_written":47147563,"cfile_cache_hit":114,"cfile_cache_hit_bytes":14461600,"cfile_cache_miss":6216,"cfile_cache_miss_bytes":177954424,"cfile_init":12,"delta_iterators_relevant":8,"dirs.queue_time_us":598,"dirs.run_cpu_time_us":295,"dirs.run_wall_time_us":156182,"drs_written":2,"lbm_read_time_us":7516911,"lbm_reads_1-10_ms":34,"lbm_reads_10-100_ms":186,"lbm_reads_gt_100_ms":2,"lbm_reads_lt_1ms":6042,"lbm_write_time_us":4424491,"lbm_writes_1-10_ms":31,"lbm_writes_10-100_ms":85,"lbm_writes_gt_100_ms":8,"lbm_writes_lt_1ms":4632,"num_input_rowsets":3,"rows_written":2680212,"thread_start_us":682,"threads_started":10}
I0108 16:43:06.404219 24546 maintenance_manager.cc:326] P e61264bf360a4a62a3a5e3b9f2875f5b: Scheduling UndoDeltaBlockGCOp(c0c87b04bc0f4f37876458fbfb4bdf03): 57089215 bytes on disk
I0108 16:43:06.524102 24439 maintenance_manager.cc:527] P e61264bf360a4a62a3a5e3b9f2875f5b: UndoDeltaBlockGCOp(c0c87b04bc0f4f37876458fbfb4bdf03) complete. Timing: real 0.120s user 0.001s sys 0.000s Metrics: {"cfile_init":2,"lbm_read_time_us":119678,"lbm_reads_1-10_ms":1,"lbm_reads_10-100_ms":3,"lbm_reads_lt_1ms":4}
I0108 16:43:06.524246 24546 maintenance_manager.cc:326] P e61264bf360a4a62a3a5e3b9f2875f5b: Scheduling FlushMRSOp(97a6791627c941a48f3269f2d00d1eea): perf score=0.042625
I0108 16:43:07.606170 24439 maintenance_manager.cc:527] P e61264bf360a4a62a3a5e3b9f2875f5b: FlushMRSOp(97a6791627c941a48f3269f2d00d1eea) complete. Timing: real 1.082s user 0.511s sys 0.020s Metrics: {"bytes_written":9020004,"cfile_init":1,"dirs.queue_time_us":74,"dirs.run_cpu_time_us":113,"dirs.run_wall_time_us":50679,"drs_written":1,"lbm_read_time_us":6,"lbm_reads_lt_1ms":4,"lbm_write_time_us":436883,"lbm_writes_1-10_ms":2,"lbm_writes_10-100_ms":10,"lbm_writes_lt_1ms":910,"rows_written":513128,"thread_start_us":35,"threads_started":1}
I0108 16:43:07.606312 24546 maintenance_manager.cc:326] P e61264bf360a4a62a3a5e3b9f2875f5b: Scheduling LogGCOp(97a6791627c941a48f3269f2d00d1eea): free 41985211 bytes of WAL
I0108 16:43:07.606360 24439 log_reader.cc:379] T 97a6791627c941a48f3269f2d00d1eea: removed 5 log segments from log reader
I0108 16:43:07.606370 24439 log.cc:1062] T 97a6791627c941a48f3269f2d00d1eea P e61264bf360a4a62a3a5e3b9f2875f5b: Deleting log segment in path: /data/somelongdirectorytoavoidrpathissues/src/kudutest/linked_list-test.LinkedListTest.TestLoadAndVerify.1578529919787104-24342/linked-list-cluster/ts-0/wal/wals/97a6791627c941a48f3269f2d00d1eea/wal-000000021 (ops 249597-262089)
I0108 16:43:07.606398 24439 log.cc:1062] T 97a6791627c941a48f3269f2d00d1eea P e61264bf360a4a62a3a5e3b9f2875f5b: Deleting log segment in path: /data/somelongdirectorytoavoidrpathissues/src/kudutest/linked_list-test.LinkedListTest.TestLoadAndVerify.1578529919787104-24342/linked-list-cluster/ts-0/wal/wals/97a6791627c941a48f3269f2d00d1eea/wal-000000022 (ops 262090-274547)
I0108 16:43:07.606421 24439 log.cc:1062] T 97a6791627c941a48f3269f2d00d1eea P e61264bf360a4a62a3a5e3b9f2875f5b: Deleting log segment in path: /data/somelongdirectorytoavoidrpathissues/src/kudutest/linked_list-test.LinkedListTest.TestLoadAndVerify.1578529919787104-24342/linked-list-cluster/ts-0/wal/wals/97a6791627c941a48f3269f2d00d1eea/wal-000000023 (ops 274548-286969)
I0108 16:43:07.606462 24439 log.cc:1062] T 97a6791627c941a48f3269f2d00d1eea P e61264bf360a4a62a3a5e3b9f2875f5b: Deleting log segment in path: /data/somelongdirectorytoavoidrpathissues/src/kudutest/linked_list-test.LinkedListTest.TestLoadAndVerify.1578529919787104-24342/linked-list-cluster/ts-0/wal/wals/97a6791627c941a48f3269f2d00d1eea/wal-000000024 (ops 286970-299432)
I0108 16:43:07.606484 24439 log.cc:1062] T 97a6791627c941a48f3269f2d00d1eea P e61264bf360a4a62a3a5e3b9f2875f5b: Deleting log segment in path: /data/somelongdirectorytoavoidrpathissues/src/kudutest/linked_list-test.LinkedListTest.TestLoadAndVerify.1578529919787104-24342/linked-list-cluster/ts-0/wal/wals/97a6791627c941a48f3269f2d00d1eea/wal-000000025 (ops 299433-311893)
I0108 16:43:07.617512 24439 maintenance_manager.cc:527] P e61264bf360a4a62a3a5e3b9f2875f5b: LogGCOp(97a6791627c941a48f3269f2d00d1eea) complete. Timing: real 0.011s user 0.000s sys 0.011s Metrics: {}
I0108 16:43:07.617594 24546 maintenance_manager.cc:326] P e61264bf360a4a62a3a5e3b9f2875f5b: Scheduling CompactRowSetsOp(97a6791627c941a48f3269f2d00d1eea): perf score=1.007409
I0108 16:43:07.700291 27669 rpcz_store.cc:269] Call kudu.tserver.TabletServerService.Write from 127.23.197.130:36790 (ReqId={client: dbcb5a880e8742629e06e9264dfb379f, seq_no=953031, attempt_no=0}) took 1156ms. Request Metrics: {"child_traces":[["txn",{"apply.queue_time_us":9,"cfile_cache_hit":10,"cfile_cache_hit_bytes":97241,"cfile_cache_miss":30,"cfile_cache_miss_bytes":123180,"lbm_read_time_us":1154880,"lbm_reads_1-10_ms":8,"lbm_reads_10-100_ms":20,"lbm_reads_gt_100_ms":2,"num_ops":35,"prepare.queue_time_us":11,"prepare.run_cpu_time_us":103,"prepare.run_wall_time_us":103,"raft.queue_time_us":54,"raft.run_cpu_time_us":33,"raft.run_wall_time_us":32,"replication_time_us":725}]]}
I0108 16:43:14.532456 24689 maintenance_manager.cc:527] P 72e6f176048945dea46e0f4305315d3c: CompactRowSetsOp(c0c87b04bc0f4f37876458fbfb4bdf03) complete. Timing: real 16.330s user 2.668s sys 0.201s Metrics: {"bytes_written":47149356,"cfile_cache_hit":108,"cfile_cache_hit_bytes":13565197,"cfile_cache_miss":6222,"cfile_cache_miss_bytes":178827651,"cfile_init":13,"delta_iterators_relevant":8,"dirs.queue_time_us":435,"dirs.run_cpu_time_us":293,"dirs.run_wall_time_us":96210,"drs_written":2,"lbm_read_time_us":7056523,"lbm_reads_1-10_ms":44,"lbm_reads_10-100_ms":139,"lbm_reads_gt_100_ms":13,"lbm_reads_lt_1ms":6078,"lbm_write_time_us":5846401,"lbm_writes_1-10_ms":74,"lbm_writes_10-100_ms":129,"lbm_writes_gt_100_ms":3,"lbm_writes_lt_1ms":4550,"num_input_rowsets":3,"rows_written":2680295,"spinlock_wait_cycles":384,"thread_start_us":630,"threads_started":10}
I0108 16:43:14.532671 24795 maintenance_manager.cc:326] P 72e6f176048945dea46e0f4305315d3c: Scheduling UndoDeltaBlockGCOp(2c3d9174c33442d28f28f4d0cda9fc51): 197594159 bytes on disk
