I0108 16:47:36.261417 24795 maintenance_manager.cc:326] P 72e6f176048945dea46e0f4305315d3c: Scheduling LogGCOp(97a6791627c941a48f3269f2d00d1eea): free 25160869 bytes of WAL
I0108 16:47:36.261505 24689 log_reader.cc:379] T 97a6791627c941a48f3269f2d00d1eea: removed 3 log segments from log reader
I0108 16:47:36.261555 24689 log.cc:1062] T 97a6791627c941a48f3269f2d00d1eea P 72e6f176048945dea46e0f4305315d3c: Deleting log segment in path: /data/somelongdirectorytoavoidrpathissues/src/kudutest/linked_list-test.LinkedListTest.TestLoadAndVerify.1578529919787104-24342/linked-list-cluster/ts-2/wal/wals/97a6791627c941a48f3269f2d00d1eea/wal-000000027 (ops 322386-334774)
I0108 16:47:36.261673 24689 log.cc:1062] T 97a6791627c941a48f3269f2d00d1eea P 72e6f176048945dea46e0f4305315d3c: Deleting log segment in path: /data/somelongdirectorytoavoidrpathissues/src/kudutest/linked_list-test.LinkedListTest.TestLoadAndVerify.1578529919787104-24342/linked-list-cluster/ts-2/wal/wals/97a6791627c941a48f3269f2d00d1eea/wal-000000028 (ops 334775-347185)
I0108 16:47:36.261752 24689 log.cc:1062] T 97a6791627c941a48f3269f2d00d1eea P 72e6f176048945dea46e0f4305315d3c: Deleting log segment in path: /data/somelongdirectorytoavoidrpathissues/src/kudutest/linked_list-test.LinkedListTest.TestLoadAndVerify.1578529919787104-24342/linked-list-cluster/ts-2/wal/wals/97a6791627c941a48f3269f2d00d1eea/wal-000000029 (ops 347186-359519)
I0108 16:47:36.274104 24689 maintenance_manager.cc:527] P 72e6f176048945dea46e0f4305315d3c: LogGCOp(97a6791627c941a48f3269f2d00d1eea) complete. Timing: real 0.013s user 0.003s sys 0.005s Metrics: {}
I0108 16:47:36.274235 24795 maintenance_manager.cc:326] P 72e6f176048945dea46e0f4305315d3c: Scheduling CompactRowSetsOp(97a6791627c941a48f3269f2d00d1eea): perf score=1.002923
I0108 16:47:43.725915 24342 linked_list-test-util.h:876] Done collecting results (7989850 rows in 42853.4ms)
I0108 16:47:44.108778 24671 maintenance_manager.cc:326] P 02a5a9f6601045b6b339c43c526fc29e: Scheduling FlushMRSOp(97a6791627c941a48f3269f2d00d1eea): perf score=0.033365
I0108 16:47:44.619699 24565 maintenance_manager.cc:527] P 02a5a9f6601045b6b339c43c526fc29e: FlushMRSOp(97a6791627c941a48f3269f2d00d1eea) complete. Timing: real 0.511s user 0.394s sys 0.009s Metrics: {"bytes_written":4867462,"cfile_init":1,"dirs.queue_time_us":76,"dirs.run_cpu_time_us":113,"dirs.run_wall_time_us":49672,"drs_written":1,"lbm_read_time_us":6,"lbm_reads_lt_1ms":4,"lbm_write_time_us":12557,"lbm_writes_lt_1ms":503,"rows_written":274812,"thread_start_us":94,"threads_started":2,"wal-append.queue_time_us":1956}
I0108 16:47:44.619884 24671 maintenance_manager.cc:326] P 02a5a9f6601045b6b339c43c526fc29e: Scheduling LogGCOp(97a6791627c941a48f3269f2d00d1eea): free 25173185 bytes of WAL
I0108 16:47:44.619966 24565 log_reader.cc:379] T 97a6791627c941a48f3269f2d00d1eea: removed 3 log segments from log reader
I0108 16:47:44.620018 24565 log.cc:1062] T 97a6791627c941a48f3269f2d00d1eea P 02a5a9f6601045b6b339c43c526fc29e: Deleting log segment in path: /data/somelongdirectorytoavoidrpathissues/src/kudutest/linked_list-test.LinkedListTest.TestLoadAndVerify.1578529919787104-24342/linked-list-cluster/ts-1/wal/wals/97a6791627c941a48f3269f2d00d1eea/wal-000000027 (ops 323794-336328)
I0108 16:47:44.620121 24565 log.cc:1062] T 97a6791627c941a48f3269f2d00d1eea P 02a5a9f6601045b6b339c43c526fc29e: Deleting log segment in path: /data/somelongdirectorytoavoidrpathissues/src/kudutest/linked_list-test.LinkedListTest.TestLoadAndVerify.1578529919787104-24342/linked-list-cluster/ts-1/wal/wals/97a6791627c941a48f3269f2d00d1eea/wal-000000028 (ops 336329-348798)
I0108 16:47:44.620208 24565 log.cc:1062] T 97a6791627c941a48f3269f2d00d1eea P 02a5a9f6601045b6b339c43c526fc29e: Deleting log segment in path: /data/somelongdirectorytoavoidrpathissues/src/kudutest/linked_list-test.LinkedListTest.TestLoadAndVerify.1578529919787104-24342/linked-list-cluster/ts-1/wal/wals/97a6791627c941a48f3269f2d00d1eea/wal-000000029 (ops 348799-361328)
I0108 16:47:44.628334 24565 maintenance_manager.cc:527] P 02a5a9f6601045b6b339c43c526fc29e: LogGCOp(97a6791627c941a48f3269f2d00d1eea) complete. Timing: real 0.008s user 0.000s sys 0.008s Metrics: {}
I0108 16:47:44.628516 24671 maintenance_manager.cc:326] P 02a5a9f6601045b6b339c43c526fc29e: Scheduling UndoDeltaBlockGCOp(97a6791627c941a48f3269f2d00d1eea): 5409289 bytes on disk
I0108 16:47:44.628675 24565 maintenance_manager.cc:527] P 02a5a9f6601045b6b339c43c526fc29e: UndoDeltaBlockGCOp(97a6791627c941a48f3269f2d00d1eea) complete. Timing: real 0.000s user 0.000s sys 0.000s Metrics: {"cfile_init":1,"lbm_read_time_us":12,"lbm_reads_lt_1ms":4}
I0108 16:47:44.628780 24671 maintenance_manager.cc:326] P 02a5a9f6601045b6b339c43c526fc29e: Scheduling CompactRowSetsOp(97a6791627c941a48f3269f2d00d1eea): perf score=1.003237
I0108 16:47:44.795934 24342 linked_list-test-util.h:667] Snapshot: P: 1578530220348799 usec, L: 1 verified. Result: OK
I0108 16:47:44.796607 24342 linked_list-test-util.h:620] Verifying Snapshot: P: 1578530520348549 usec, L: 1 Expected Rows: 15130600
I0108 16:47:44.968524 24342 linked_list-test-util.h:639] Calling callback on tserver 02a5a9f6601045b6b339c43c526fc29e
I0108 16:47:44.993815 24689 maintenance_manager.cc:527] P 72e6f176048945dea46e0f4305315d3c: CompactRowSetsOp(97a6791627c941a48f3269f2d00d1eea) complete. Timing: real 8.719s user 3.318s sys 0.246s Metrics: {"bytes_written":54939014,"cfile_cache_hit":4869,"cfile_cache_hit_bytes":138727271,"cfile_cache_miss":2509,"cfile_cache_miss_bytes":88935813,"cfile_init":10,"delta_iterators_relevant":6,"dirs.queue_time_us":334,"dirs.run_cpu_time_us":220,"dirs.run_wall_time_us":125192,"drs_written":2,"lbm_read_time_us":3198971,"lbm_reads_1-10_ms":76,"lbm_reads_10-100_ms":93,"lbm_reads_gt_100_ms":2,"lbm_reads_lt_1ms":2378,"lbm_write_time_us":1000343,"lbm_writes_1-10_ms":41,"lbm_writes_10-100_ms":28,"lbm_writes_lt_1ms":5475,"num_input_rowsets":3,"rows_written":3127380,"spinlock_wait_cycles":1536,"thread_start_us":748,"threads_started":11,"wal-append.queue_time_us":73}
I0108 16:47:44.993995 24795 maintenance_manager.cc:326] P 72e6f176048945dea46e0f4305315d3c: Scheduling UndoDeltaBlockGCOp(97a6791627c941a48f3269f2d00d1eea): 67226300 bytes on disk
I0108 16:47:44.994112 24689 maintenance_manager.cc:527] P 72e6f176048945dea46e0f4305315d3c: UndoDeltaBlockGCOp(97a6791627c941a48f3269f2d00d1eea) complete. Timing: real 0.000s user 0.000s sys 0.000s Metrics: {"cfile_init":2,"lbm_read_time_us":13,"lbm_reads_lt_1ms":8}
I0108 16:47:57.338951 24565 maintenance_manager.cc:527] P 02a5a9f6601045b6b339c43c526fc29e: CompactRowSetsOp(97a6791627c941a48f3269f2d00d1eea) complete. Timing: real 12.710s user 3.314s sys 0.269s Metrics: {"bytes_written":54938291,"cfile_cache_hit":17,"cfile_cache_hit_bytes":75634,"cfile_cache_miss":7363,"cfile_cache_miss_bytes":227731990,"cfile_init":11,"delta_iterators_relevant":6,"dirs.queue_time_us":725,"dirs.run_cpu_time_us":331,"dirs.run_wall_time_us":122128,"drs_written":2,"lbm_read_time_us":7097832,"lbm_reads_1-10_ms":97,"lbm_reads_10-100_ms":187,"lbm_reads_gt_100_ms":6,"lbm_reads_lt_1ms":7117,"lbm_write_time_us":1714679,"lbm_writes_1-10_ms":29,"lbm_writes_10-100_ms":44,"lbm_writes_gt_100_ms":1,"lbm_writes_lt_1ms":5470,"num_input_rowsets":3,"rows_written":3127380,"spinlock_wait_cycles":1664,"thread_start_us":689,"threads_started":11,"wal-append.queue_time_us":65}
I0108 16:47:57.339085 24671 maintenance_manager.cc:326] P 02a5a9f6601045b6b339c43c526fc29e: Scheduling UndoDeltaBlockGCOp(97a6791627c941a48f3269f2d00d1eea): 67226441 bytes on disk
I0108 16:47:57.476398 24565 maintenance_manager.cc:527] P 02a5a9f6601045b6b339c43c526fc29e: UndoDeltaBlockGCOp(97a6791627c941a48f3269f2d00d1eea) complete. Timing: real 0.137s user 0.000s sys 0.000s Metrics: {"cfile_init":2,"lbm_read_time_us":137162,"lbm_reads_1-10_ms":1,"lbm_reads_10-100_ms":2,"lbm_reads_lt_1ms":5}
I0108 16:47:59.755962 24795 maintenance_manager.cc:326] P 72e6f176048945dea46e0f4305315d3c: Scheduling FlushMRSOp(2c3d9174c33442d28f28f4d0cda9fc51): perf score=0.033382
I0108 16:48:01.108764 24689 maintenance_manager.cc:527] P 72e6f176048945dea46e0f4305315d3c: FlushMRSOp(2c3d9174c33442d28f28f4d0cda9fc51) complete. Timing: real 1.353s user 1.042s sys 0.052s Metrics: {"bytes_written":16728779,"cfile_init":1,"dirs.queue_time_us":8048,"dirs.run_cpu_time_us":87,"dirs.run_wall_time_us":51813,"drs_written":1,"lbm_read_time_us":7,"lbm_reads_lt_1ms":4,"lbm_write_time_us":33734,"lbm_writes_lt_1ms":1678,"rows_written":943291,"thread_start_us":80,"threads_started":2,"wal-append.queue_time_us":69}
I0108 16:48:01.108902 24795 maintenance_manager.cc:326] P 72e6f176048945dea46e0f4305315d3c: Scheduling LogGCOp(2c3d9174c33442d28f28f4d0cda9fc51): free 42074849 bytes of WAL
I0108 16:48:01.108968 24689 log_reader.cc:379] T 2c3d9174c33442d28f28f4d0cda9fc51: removed 5 log segments from log reader
I0108 16:48:01.108981 24689 log.cc:1062] T 2c3d9174c33442d28f28f4d0cda9fc51 P 72e6f176048945dea46e0f4305315d3c: Deleting log segment in path: /data/somelongdirectorytoavoidrpathissues/src/kudutest/linked_list-test.LinkedListTest.TestLoadAndVerify.1578529919787104-24342/linked-list-cluster/ts-2/wal/wals/2c3d9174c33442d28f28f4d0cda9fc51/wal-000000059 (ops 344514-350528)
I0108 16:48:01.109025 24689 log.cc:1062] T 2c3d9174c33442d28f28f4d0cda9fc51 P 72e6f176048945dea46e0f4305315d3c: Deleting log segment in path: /data/somelongdirectorytoavoidrpathissues/src/kudutest/linked_list-test.LinkedListTest.TestLoadAndVerify.1578529919787104-24342/linked-list-cluster/ts-2/wal/wals/2c3d9174c33442d28f28f4d0cda9fc51/wal-000000060 (ops 350529-356456)
I0108 16:48:01.109056 24689 log.cc:1062] T 2c3d9174c33442d28f28f4d0cda9fc51 P 72e6f176048945dea46e0f4305315d3c: Deleting log segment in path: /data/somelongdirectorytoavoidrpathissues/src/kudutest/linked_list-test.LinkedListTest.TestLoadAndVerify.1578529919787104-24342/linked-list-cluster/ts-2/wal/wals/2c3d9174c33442d28f28f4d0cda9fc51/wal-000000061 (ops 356457-362430)
I0108 16:48:01.109077 24689 log.cc:1062] T 2c3d9174c33442d28f28f4d0cda9fc51 P 72e6f176048945dea46e0f4305315d3c: Deleting log segment in path: /data/somelongdirectorytoavoidrpathissues/src/kudutest/linked_list-test.LinkedListTest.TestLoadAndVerify.1578529919787104-24342/linked-list-cluster/ts-2/wal/wals/2c3d9174c33442d28f28f4d0cda9fc51/wal-000000062 (ops 362431-368430)
I0108 16:48:01.109109 24689 log.cc:1062] T 2c3d9174c33442d28f28f4d0cda9fc51 P 72e6f176048945dea46e0f4305315d3c: Deleting log segment in path: /data/somelongdirectorytoavoidrpathissues/src/kudutest/linked_list-test.LinkedListTest.TestLoadAndVerify.1578529919787104-24342/linked-list-cluster/ts-2/wal/wals/2c3d9174c33442d28f28f4d0cda9fc51/wal-000000063 (ops 368431-374238)
I0108 16:48:01.118362 24689 maintenance_manager.cc:527] P 72e6f176048945dea46e0f4305315d3c: LogGCOp(2c3d9174c33442d28f28f4d0cda9fc51) complete. Timing: real 0.009s user 0.000s sys 0.009s Metrics: {}
I0108 16:48:01.118497 24795 maintenance_manager.cc:326] P 72e6f176048945dea46e0f4305315d3c: Scheduling UndoDeltaBlockGCOp(2c3d9174c33442d28f28f4d0cda9fc51): 18624056 bytes on disk
I0108 16:48:01.118614 24689 maintenance_manager.cc:527] P 72e6f176048945dea46e0f4305315d3c: UndoDeltaBlockGCOp(2c3d9174c33442d28f28f4d0cda9fc51) complete. Timing: real 0.000s user 0.000s sys 0.000s Metrics: {"cfile_init":1,"lbm_read_time_us":10,"lbm_reads_lt_1ms":4}
I0108 16:48:01.118729 24795 maintenance_manager.cc:326] P 72e6f176048945dea46e0f4305315d3c: Scheduling CompactRowSetsOp(2c3d9174c33442d28f28f4d0cda9fc51): perf score=0.665516
I0108 16:48:03.532533 24439 maintenance_manager.cc:527] P e61264bf360a4a62a3a5e3b9f2875f5b: CompactRowSetsOp(2c3d9174c33442d28f28f4d0cda9fc51) complete. Timing: real 27.456s user 9.375s sys 0.776s Metrics: {"bytes_written":158576940,"cfile_cache_hit":119,"cfile_cache_hit_bytes":12658696,"cfile_cache_miss":21151,"cfile_cache_miss_bytes":643927488,"cfile_init":21,"delta_iterators_relevant":10,"dirs.queue_time_us":736,"dirs.run_cpu_time_us":535,"dirs.run_wall_time_us":231468,"drs_written":5,"lbm_read_time_us":14506131,"lbm_reads_1-10_ms":281,"lbm_reads_10-100_ms":468,"lbm_reads_gt_100_ms":9,"lbm_reads_lt_1ms":20477,"lbm_write_time_us":358774,"lbm_writes_1-10_ms":2,"lbm_writes_lt_1ms":15988,"num_input_rowsets":5,"rows_written":9025166,"spinlock_wait_cycles":2304,"thread_start_us":635,"threads_started":14,"wal-append.queue_time_us":67}
I0108 16:48:03.532747 24546 maintenance_manager.cc:326] P e61264bf360a4a62a3a5e3b9f2875f5b: Scheduling UndoDeltaBlockGCOp(2c3d9174c33442d28f28f4d0cda9fc51): 193754827 bytes on disk
I0108 16:48:03.532923 24439 maintenance_manager.cc:527] P e61264bf360a4a62a3a5e3b9f2875f5b: UndoDeltaBlockGCOp(2c3d9174c33442d28f28f4d0cda9fc51) complete. Timing: real 0.000s user 0.000s sys 0.000s Metrics: {"cfile_init":5,"lbm_read_time_us":26,"lbm_reads_lt_1ms":20}
I0108 16:48:03.532994 24546 maintenance_manager.cc:326] P e61264bf360a4a62a3a5e3b9f2875f5b: Scheduling CompactRowSetsOp(2c3d9174c33442d28f28f4d0cda9fc51): perf score=0.361810
I0108 16:48:07.234066 24671 maintenance_manager.cc:326] P 02a5a9f6601045b6b339c43c526fc29e: Scheduling FlushMRSOp(c0c87b04bc0f4f37876458fbfb4bdf03): perf score=0.033383
I0108 16:48:07.527209 24565 maintenance_manager.cc:527] P 02a5a9f6601045b6b339c43c526fc29e: FlushMRSOp(c0c87b04bc0f4f37876458fbfb4bdf03) complete. Timing: real 0.293s user 0.180s sys 0.008s Metrics: {"bytes_written":3561817,"cfile_init":1,"dirs.queue_time_us":77,"drs_written":1,"lbm_read_time_us":6,"lbm_reads_lt_1ms":4,"lbm_write_time_us":84592,"lbm_writes_1-10_ms":3,"lbm_writes_10-100_ms":3,"lbm_writes_lt_1ms":367,"rows_written":200301,"spinlock_wait_cycles":768,"thread_start_us":66,"threads_started":2,"wal-append.queue_time_us":81}
I0108 16:48:07.527308 24671 maintenance_manager.cc:326] P 02a5a9f6601045b6b339c43c526fc29e: Scheduling LogGCOp(c0c87b04bc0f4f37876458fbfb4bdf03): free 16784839 bytes of WAL
I0108 16:48:07.527361 24565 log_reader.cc:379] T c0c87b04bc0f4f37876458fbfb4bdf03: removed 2 log segments from log reader
I0108 16:48:07.527369 24565 log.cc:1062] T c0c87b04bc0f4f37876458fbfb4bdf03 P 02a5a9f6601045b6b339c43c526fc29e: Deleting log segment in path: /data/somelongdirectorytoavoidrpathissues/src/kudutest/linked_list-test.LinkedListTest.TestLoadAndVerify.1578529919787104-24342/linked-list-cluster/ts-1/wal/wals/c0c87b04bc0f4f37876458fbfb4bdf03/wal-000000028 (ops 334956-347364)
I0108 16:48:07.527390 24565 log.cc:1062] T c0c87b04bc0f4f37876458fbfb4bdf03 P 02a5a9f6601045b6b339c43c526fc29e: Deleting log segment in path: /data/somelongdirectorytoavoidrpathissues/src/kudutest/linked_list-test.LinkedListTest.TestLoadAndVerify.1578529919787104-24342/linked-list-cluster/ts-1/wal/wals/c0c87b04bc0f4f37876458fbfb4bdf03/wal-000000029 (ops 347365-359733)
I0108 16:48:07.531219 24565 maintenance_manager.cc:527] P 02a5a9f6601045b6b339c43c526fc29e: LogGCOp(c0c87b04bc0f4f37876458fbfb4bdf03) complete. Timing: real 0.004s user 0.000s sys 0.004s Metrics: {}
I0108 16:48:07.531316 24671 maintenance_manager.cc:326] P 02a5a9f6601045b6b339c43c526fc29e: Scheduling CompactRowSetsOp(c0c87b04bc0f4f37876458fbfb4bdf03): perf score=1.003995
I0108 16:48:25.009817 24439 maintenance_manager.cc:527] P e61264bf360a4a62a3a5e3b9f2875f5b: CompactRowSetsOp(2c3d9174c33442d28f28f4d0cda9fc51) complete. Timing: real 21.477s user 4.960s sys 0.366s Metrics: {"bytes_written":83925997,"cfile_cache_hit":33,"cfile_cache_hit_bytes":1891559,"cfile_cache_miss":11231,"cfile_cache_miss_bytes":346766077,"cfile_init":12,"delta_iterators_relevant":6,"dirs.queue_time_us":228,"dirs.run_cpu_time_us":404,"dirs.run_wall_time_us":174886,"drs_written":3,"lbm_read_time_us":14722700,"lbm_reads_1-10_ms":152,"lbm_reads_10-100_ms":341,"lbm_reads_gt_100_ms":16,"lbm_reads_lt_1ms":10770,"lbm_write_time_us":288335,"lbm_writes_1-10_ms":5,"lbm_writes_10-100_ms":2,"lbm_writes_lt_1ms":8464,"num_input_rowsets":3,"rows_written":4778730,"spinlock_wait_cycles":7168,"thread_start_us":378,"threads_started":12,"wal-append.queue_time_us":52}
I0108 16:48:25.009968 24546 maintenance_manager.cc:326] P e61264bf360a4a62a3a5e3b9f2875f5b: Scheduling UndoDeltaBlockGCOp(2c3d9174c33442d28f28f4d0cda9fc51): 102954215 bytes on disk
I0108 16:48:25.010143 24439 maintenance_manager.cc:527] P e61264bf360a4a62a3a5e3b9f2875f5b: UndoDeltaBlockGCOp(2c3d9174c33442d28f28f4d0cda9fc51) complete. Timing: real 0.000s user 0.000s sys 0.000s Metrics: {"cfile_init":3,"lbm_read_time_us":25,"lbm_reads_lt_1ms":12}
I0108 16:48:25.309312 24565 maintenance_manager.cc:527] P 02a5a9f6601045b6b339c43c526fc29e: CompactRowSetsOp(c0c87b04bc0f4f37876458fbfb4bdf03) complete. Timing: real 17.778s user 3.534s sys 0.272s Metrics: {"bytes_written":54943427,"cfile_cache_hit":1187,"cfile_cache_hit_bytes":33721595,"cfile_cache_miss":6193,"cfile_cache_miss_bytes":194486597,"cfile_init":8,"delta_iterators_relevant":6,"dirs.queue_time_us":189,"dirs.run_cpu_time_us":172,"dirs.run_wall_time_us":52375,"drs_written":2,"lbm_read_time_us":8662469,"lbm_reads_1-10_ms":103,"lbm_reads_10-100_ms":185,"lbm_reads_gt_100_ms":8,"lbm_reads_lt_1ms":5929,"lbm_write_time_us":4342283,"lbm_writes_1-10_ms":29,"lbm_writes_10-100_ms":89,"lbm_writes_gt_100_ms":3,"lbm_writes_lt_1ms":5424,"num_input_rowsets":3,"rows_written":3127925,"spinlock_wait_cycles":384,"thread_start_us":584,"threads_started":11,"wal-append.queue_time_us":69}
I0108 16:48:25.309540 24671 maintenance_manager.cc:326] P 02a5a9f6601045b6b339c43c526fc29e: Scheduling UndoDeltaBlockGCOp(c0c87b04bc0f4f37876458fbfb4bdf03): 67229146 bytes on disk
I0108 16:48:25.309674 24565 maintenance_manager.cc:527] P 02a5a9f6601045b6b339c43c526fc29e: UndoDeltaBlockGCOp(c0c87b04bc0f4f37876458fbfb4bdf03) complete. Timing: real 0.000s user 0.000s sys 0.000s Metrics: {"cfile_init":2,"lbm_read_time_us":16,"lbm_reads_lt_1ms":8}
I0108 16:48:30.860325 24689 maintenance_manager.cc:527] P 72e6f176048945dea46e0f4305315d3c: CompactRowSetsOp(2c3d9174c33442d28f28f4d0cda9fc51) complete. Timing: real 29.741s user 9.042s sys 0.778s Metrics: {"bytes_written":152464086,"cfile_cache_hit":43,"cfile_cache_hit_bytes":1687865,"cfile_cache_miss":20403,"cfile_cache_miss_bytes":630860879,"cfile_init":20,"delta_iterators_relevant":10,"dirs.queue_time_us":702,"dirs.run_cpu_time_us":676,"dirs.run_wall_time_us":340502,"drs_written":5,"lbm_read_time_us":17071934,"lbm_reads_1-10_ms":281,"lbm_reads_10-100_ms":435,"lbm_reads_gt_100_ms":18,"lbm_reads_lt_1ms":19749,"lbm_write_time_us":392915,"lbm_writes_1-10_ms":1,"lbm_writes_10-100_ms":1,"lbm_writes_lt_1ms":15372,"num_input_rowsets":5,"rows_written":8676734,"spinlock_wait_cycles":1664,"thread_start_us":712,"threads_started":14,"wal-append.queue_time_us":85}
I0108 16:48:30.860595 24795 maintenance_manager.cc:326] P 72e6f176048945dea46e0f4305315d3c: Scheduling UndoDeltaBlockGCOp(2c3d9174c33442d28f28f4d0cda9fc51): 186371607 bytes on disk
I0108 16:48:30.860790 24689 maintenance_manager.cc:527] P 72e6f176048945dea46e0f4305315d3c: UndoDeltaBlockGCOp(2c3d9174c33442d28f28f4d0cda9fc51) complete. Timing: real 0.000s user 0.000s sys 0.000s Metrics: {"cfile_init":5,"lbm_read_time_us":33,"lbm_reads_lt_1ms":20}
I0108 16:48:30.860839 24795 maintenance_manager.cc:326] P 72e6f176048945dea46e0f4305315d3c: Scheduling CompactRowSetsOp(2c3d9174c33442d28f28f4d0cda9fc51): perf score=0.371082
I0108 16:48:33.566509 24671 maintenance_manager.cc:326] P 02a5a9f6601045b6b339c43c526fc29e: Scheduling FlushMRSOp(2c3d9174c33442d28f28f4d0cda9fc51): perf score=0.033388
I0108 16:48:34.244812 24565 maintenance_manager.cc:527] P 02a5a9f6601045b6b339c43c526fc29e: FlushMRSOp(2c3d9174c33442d28f28f4d0cda9fc51) complete. Timing: real 0.678s user 0.531s sys 0.023s Metrics: {"bytes_written":8094006,"cfile_init":1,"dirs.queue_time_us":69,"dirs.run_cpu_time_us":129,"dirs.run_wall_time_us":47468,"drs_written":1,"lbm_read_time_us":6,"lbm_reads_lt_1ms":4,"lbm_write_time_us":18597,"lbm_writes_lt_1ms":815,"rows_written":453113,"thread_start_us":62,"threads_started":2,"wal-append.queue_time_us":70}
I0108 16:48:34.245038 24671 maintenance_manager.cc:326] P 02a5a9f6601045b6b339c43c526fc29e: Scheduling LogGCOp(2c3d9174c33442d28f28f4d0cda9fc51): free 16734824 bytes of WAL
I0108 16:48:34.245116 24565 log_reader.cc:379] T 2c3d9174c33442d28f28f4d0cda9fc51: removed 2 log segments from log reader
I0108 16:48:34.245169 24565 log.cc:1062] T 2c3d9174c33442d28f28f4d0cda9fc51 P 02a5a9f6601045b6b339c43c526fc29e: Deleting log segment in path: /data/somelongdirectorytoavoidrpathissues/src/kudutest/linked_list-test.LinkedListTest.TestLoadAndVerify.1578529919787104-24342/linked-list-cluster/ts-1/wal/wals/2c3d9174c33442d28f28f4d0cda9fc51/wal-000000062 (ops 360735-366657)
I0108 16:48:34.245242 24565 log.cc:1062] T 2c3d9174c33442d28f28f4d0cda9fc51 P 02a5a9f6601045b6b339c43c526fc29e: Deleting log segment in path: /data/somelongdirectorytoavoidrpathissues/src/kudutest/linked_list-test.LinkedListTest.TestLoadAndVerify.1578529919787104-24342/linked-list-cluster/ts-1/wal/wals/2c3d9174c33442d28f28f4d0cda9fc51/wal-000000063 (ops 366658-372542)
I0108 16:48:34.250502 24565 maintenance_manager.cc:527] P 02a5a9f6601045b6b339c43c526fc29e: LogGCOp(2c3d9174c33442d28f28f4d0cda9fc51) complete. Timing: real 0.005s user 0.000s sys 0.005s Metrics: {}
I0108 16:48:34.250633 24671 maintenance_manager.cc:326] P 02a5a9f6601045b6b339c43c526fc29e: Scheduling UndoDeltaBlockGCOp(2c3d9174c33442d28f28f4d0cda9fc51): 8872060 bytes on disk
I0108 16:48:34.250958 24565 maintenance_manager.cc:527] P 02a5a9f6601045b6b339c43c526fc29e: UndoDeltaBlockGCOp(2c3d9174c33442d28f28f4d0cda9fc51) complete. Timing: real 0.000s user 0.000s sys 0.000s Metrics: {"cfile_init":1,"lbm_read_time_us":13,"lbm_reads_lt_1ms":4}
I0108 16:48:34.251047 24671 maintenance_manager.cc:326] P 02a5a9f6601045b6b339c43c526fc29e: Scheduling CompactRowSetsOp(2c3d9174c33442d28f28f4d0cda9fc51): perf score=0.685043
I0108 16:48:46.830437 24689 maintenance_manager.cc:527] P 72e6f176048945dea46e0f4305315d3c: CompactRowSetsOp(2c3d9174c33442d28f28f4d0cda9fc51) complete. Timing: real 15.969s user 4.638s sys 0.383s Metrics: {"bytes_written":83926277,"cfile_cache_hit":19,"cfile_cache_hit_bytes":116016,"cfile_cache_miss":11241,"cfile_cache_miss_bytes":348966062,"cfile_init":12,"delta_iterators_relevant":6,"dirs.queue_time_us":531,"dirs.run_cpu_time_us":311,"dirs.run_wall_time_us":151969,"drs_written":3,"lbm_read_time_us":9712556,"lbm_reads_1-10_ms":154,"lbm_reads_10-100_ms":278,"lbm_reads_gt_100_ms":4,"lbm_reads_lt_1ms":10853,"lbm_write_time_us":289363,"lbm_writes_1-10_ms":3,"lbm_writes_10-100_ms":2,"lbm_writes_lt_1ms":8466,"num_input_rowsets":3,"rows_written":4778790,"spinlock_wait_cycles":896,"thread_start_us":528,"threads_started":12,"wal-append.queue_time_us":83}
I0108 16:48:46.830654 24795 maintenance_manager.cc:326] P 72e6f176048945dea46e0f4305315d3c: Scheduling UndoDeltaBlockGCOp(2c3d9174c33442d28f28f4d0cda9fc51): 102954330 bytes on disk
I0108 16:48:46.913275 24689 maintenance_manager.cc:527] P 72e6f176048945dea46e0f4305315d3c: UndoDeltaBlockGCOp(2c3d9174c33442d28f28f4d0cda9fc51) complete. Timing: real 0.083s user 0.000s sys 0.001s Metrics: {"cfile_init":3,"lbm_read_time_us":82392,"lbm_reads_1-10_ms":4,"lbm_reads_10-100_ms":2,"lbm_reads_lt_1ms":6}
I0108 16:48:52.153592 24342 linked_list-test-util.h:876] Done collecting results (15130600 rows in 67185.1ms)
I0108 16:48:54.069635 24342 linked_list-test-util.h:667] Snapshot: P: 1578530520348549 usec, L: 1 verified. Result: OK
I0108 16:48:54.071666 24342 linked_list-test-util.h:620] Verifying Snapshot: P: 1578530820374877 usec, L: 1 Expected Rows: 18767550
I0108 16:48:54.130798 24342 linked_list-test-util.h:639] Calling callback on tserver e61264bf360a4a62a3a5e3b9f2875f5b
I0108 16:48:54.556710 24565 maintenance_manager.cc:527] P 02a5a9f6601045b6b339c43c526fc29e: CompactRowSetsOp(2c3d9174c33442d28f28f4d0cda9fc51) complete. Timing: real 20.306s user 8.284s sys 0.595s Metrics: {"bytes_written":151905255,"cfile_cache_hit":9946,"cfile_cache_hit_bytes":282852212,"cfile_cache_miss":10436,"cfile_cache_miss_bytes":349590306,"cfile_init":13,"delta_iterators_relevant":12,"dirs.queue_time_us":1085,"dirs.run_cpu_time_us":570,"dirs.run_wall_time_us":219847,"drs_written":5,"lbm_read_time_us":8501339,"lbm_reads_1-10_ms":136,"lbm_reads_10-100_ms":222,"lbm_reads_gt_100_ms":7,"lbm_reads_lt_1ms":10123,"lbm_write_time_us":861513,"lbm_writes_1-10_ms":17,"lbm_writes_10-100_ms":19,"lbm_writes_lt_1ms":15283,"num_input_rowsets":6,"rows_written":8645522,"spinlock_wait_cycles":2304,"thread_start_us":796,"threads_started":14,"wal-append.queue_time_us":73}
I0108 16:48:54.556907 24671 maintenance_manager.cc:326] P 02a5a9f6601045b6b339c43c526fc29e: Scheduling CompactRowSetsOp(2c3d9174c33442d28f28f4d0cda9fc51): perf score=0.467538
I0108 16:48:58.536545 24546 maintenance_manager.cc:326] P e61264bf360a4a62a3a5e3b9f2875f5b: Scheduling FlushMRSOp(c0c87b04bc0f4f37876458fbfb4bdf03): perf score=0.033348
I0108 16:48:58.543593 24439 maintenance_manager.cc:527] P e61264bf360a4a62a3a5e3b9f2875f5b: FlushMRSOp(c0c87b04bc0f4f37876458fbfb4bdf03) complete. Timing: real 0.007s user 0.006s sys 0.000s Metrics: {"bytes_written":106706,"cfile_init":1,"dirs.queue_time_us":75,"drs_written":1,"lbm_read_time_us":4,"lbm_reads_lt_1ms":4,"lbm_write_time_us":342,"lbm_writes_lt_1ms":34,"rows_written":5835,"thread_start_us":57,"threads_started":2,"wal-append.queue_time_us":41}
I0108 16:48:58.543690 24546 maintenance_manager.cc:326] P e61264bf360a4a62a3a5e3b9f2875f5b: Scheduling CompactRowSetsOp(c0c87b04bc0f4f37876458fbfb4bdf03): perf score=1.005816
I0108 16:49:03.602932 24439 maintenance_manager.cc:527] P e61264bf360a4a62a3a5e3b9f2875f5b: CompactRowSetsOp(c0c87b04bc0f4f37876458fbfb4bdf03) complete. Timing: real 5.059s user 2.730s sys 0.164s Metrics: {"bytes_written":54943845,"cfile_cache_hit":7165,"cfile_cache_hit_bytes":203985620,"cfile_cache_miss":221,"cfile_cache_miss_bytes":25225376,"cfile_init":8,"delta_iterators_relevant":6,"dirs.queue_time_us":615,"dirs.run_cpu_time_us":291,"dirs.run_wall_time_us":104055,"drs_written":2,"lbm_read_time_us":217005,"lbm_reads_1-10_ms":8,"lbm_reads_10-100_ms":7,"lbm_reads_lt_1ms":238,"lbm_write_time_us":1209952,"lbm_writes_1-10_ms":29,"lbm_writes_10-100_ms":43,"lbm_writes_lt_1ms":5473,"num_input_rowsets":3,"rows_written":3127925,"spinlock_wait_cycles":40832,"thread_start_us":662,"threads_started":10,"wal-append.queue_time_us":70}
I0108 16:49:03.603108 24546 maintenance_manager.cc:326] P e61264bf360a4a62a3a5e3b9f2875f5b: Scheduling UndoDeltaBlockGCOp(c0c87b04bc0f4f37876458fbfb4bdf03): 67229405 bytes on disk
I0108 16:49:03.700956 24439 maintenance_manager.cc:527] P e61264bf360a4a62a3a5e3b9f2875f5b: UndoDeltaBlockGCOp(c0c87b04bc0f4f37876458fbfb4bdf03) complete. Timing: real 0.098s user 0.000s sys 0.000s Metrics: {"cfile_init":2,"lbm_read_time_us":97702,"lbm_reads_1-10_ms":2,"lbm_reads_10-100_ms":3,"lbm_reads_lt_1ms":3}
I0108 16:49:11.164757 24565 maintenance_manager.cc:527] P 02a5a9f6601045b6b339c43c526fc29e: CompactRowSetsOp(2c3d9174c33442d28f28f4d0cda9fc51) complete. Timing: real 16.608s user 7.582s sys 0.546s Metrics: {"bytes_written":135829951,"cfile_cache_hit":3831,"cfile_cache_hit_bytes":107659217,"cfile_cache_miss":14393,"cfile_cache_miss_bytes":459156281,"cfile_init":15,"delta_iterators_relevant":8,"dirs.queue_time_us":1387,"dirs.run_cpu_time_us":619,"dirs.run_wall_time_us":187000,"drs_written":5,"lbm_read_time_us":6464925,"lbm_reads_1-10_ms":178,"lbm_reads_10-100_ms":209,"lbm_reads_gt_100_ms":3,"lbm_reads_lt_1ms":14063,"lbm_write_time_us":380439,"lbm_writes_1-10_ms":1,"lbm_writes_10-100_ms":3,"lbm_writes_lt_1ms":13718,"num_input_rowsets":4,"rows_written":7733504,"spinlock_wait_cycles":768,"thread_start_us":694,"threads_started":13,"wal-append.queue_time_us":62}
I0108 16:49:11.164924 24671 maintenance_manager.cc:326] P 02a5a9f6601045b6b339c43c526fc29e: Scheduling UndoDeltaBlockGCOp(2c3d9174c33442d28f28f4d0cda9fc51): 269564771 bytes on disk
I0108 16:49:11.319185 24565 maintenance_manager.cc:527] P 02a5a9f6601045b6b339c43c526fc29e: UndoDeltaBlockGCOp(2c3d9174c33442d28f28f4d0cda9fc51) complete. Timing: real 0.154s user 0.001s sys 0.000s Metrics: {"cfile_init":8,"lbm_read_time_us":153902,"lbm_reads_1-10_ms":9,"lbm_reads_10-100_ms":5,"lbm_reads_lt_1ms":18}
I0108 16:49:33.872174 24342 linked_list-test-util.h:876] Done collecting results (18767550 rows in 39741.4ms)
I0108 16:49:36.248746 24342 linked_list-test-util.h:667] Snapshot: P: 1578530820374877 usec, L: 1 verified. Result: OK
I0108 16:49:36.249542 24342 linked_list-test-util.h:620] Verifying Snapshot: NOW Expected Rows: 18767550
I0108 16:50:09.183171 24342 linked_list-test-util.h:876] Done collecting results (18767550 rows in 32550.9ms)
I0108 16:50:11.513263 24342 linked_list-test-util.h:667] Snapshot: NOW verified. Result: OK
I0108 16:50:11.513337 24342 linked_list-test-util.h:801] Successfully verified 18767550 rows
I0108 16:50:11.517906 24342 linked_list-test.cc:194] Successfully verified 18767550 rows before killing any servers.
I0108 16:50:11.519505 24342 external_mini_cluster.cc:721] 3 TS(s) registered with all masters
I0108 16:50:11.519757 24342 ts_itest-base.cc:233] Waiting for 3 tablets on tserver e61264bf360a4a62a3a5e3b9f2875f5b to finish bootstrapping
I0108 16:50:11.521258 24342 ts_itest-base.cc:233] Waiting for 3 tablets on tserver 02a5a9f6601045b6b339c43c526fc29e to finish bootstrapping
I0108 16:50:11.522665 24342 ts_itest-base.cc:233] Waiting for 3 tablets on tserver 72e6f176048945dea46e0f4305315d3c to finish bootstrapping
I0108 16:50:11.524042 24342 linked_list-test.cc:199] Will restart the tablet server during verification scan.
I0108 16:50:11.524416 24342 linked_list-test-util.h:620] Verifying Snapshot: P: 1578530220348799 usec, L: 1 Expected Rows: 7989850
I0108 16:50:11.593397 24342 linked_list-test-util.h:639] Calling callback on tserver 72e6f176048945dea46e0f4305315d3c
I0108 16:50:11.593492 24342 external_mini_cluster.cc:1241] Killing /data/somelongdirectorytoavoidrpathissues/src/kudu/build/release/bin/kudu-tserver with pid 24673
W0108 16:50:11.643713 24432 connection.cc:655] client connection to 127.23.197.131:49342 recv error: Network error: recv error from 0.0.0.0:0: Transport endpoint is not connected (error 107)
W0108 16:50:11.643748 24432 consensus_peers.cc:473] T c0c87b04bc0f4f37876458fbfb4bdf03 P e61264bf360a4a62a3a5e3b9f2875f5b -> Peer 72e6f176048945dea46e0f4305315d3c (127.23.197.131:49342): Couldn't send request to peer 72e6f176048945dea46e0f4305315d3c. Status: Network error: recv error from 0.0.0.0:0: Transport endpoint is not connected (error 107). This is attempt 1: this message will repeat every 5th retry.
I0108 16:50:11.644850 24342 external_mini_cluster.cc:1043] Running /data/somelongdirectorytoavoidrpathissues/src/kudu/build/release/bin/kudu-tserver /data/somelongdirectorytoavoidrpathissues/src/kudu/build/release/bin/kudu-tserver --fs_wal_dir=/data/somelongdirectorytoavoidrpathissues/src/kudutest/linked_list-test.LinkedListTest.TestLoadAndVerify.1578529919787104-24342/linked-list-cluster/ts-2/wal --fs_data_dirs=/data/somelongdirectorytoavoidrpathissues/src/kudutest/linked_list-test.LinkedListTest.TestLoadAndVerify.1578529919787104-24342/linked-list-cluster/ts-2/data --block_manager=log --rpc_bind_addresses=127.23.197.131:49342 --local_ip_for_outbound_sockets=127.23.197.131 --webserver_port=52477 --webserver_interface=127.23.197.131 --tserver_master_addrs=127.23.197.190:59202 --never_fsync --ipki_server_key_size=1024 --enable_minidumps=false --redact=none --metrics_log_interval_ms=1000 --logtostderr --logbuflevel=-1 --log_dir=/data/somelongdirectorytoavoidrpathissues/src/kudutest/linked_list-test.LinkedListTest.TestLoadAndVerify.1578529919787104-24342/linked-list-cluster/ts-2/logs --server_dump_info_path=/data/somelongdirectorytoavoidrpathissues/src/kudutest/linked_list-test.LinkedListTest.TestLoadAndVerify.1578529919787104-24342/linked-list-cluster/ts-2/data/info.pb --server_dump_info_format=pb --rpc_server_allow_ephemeral_ports --unlock_experimental_flags --unlock_unsafe_flags --builtin_ntp_servers=127.23.197.148:40982 --builtin_ntp_poll_interval_ms=100 --ntp_initial_sync_wait_secs=10 --time_source=builtin --skip_remove_old_recovery_dir --tablet_history_max_age_sec=86400 with env {}
W0108 16:50:11.651211 24558 consensus_peers.cc:473] T 2c3d9174c33442d28f28f4d0cda9fc51 P 02a5a9f6601045b6b339c43c526fc29e -> Peer 72e6f176048945dea46e0f4305315d3c (127.23.197.131:49342): Couldn't send request to peer 72e6f176048945dea46e0f4305315d3c. Status: Network error: Client connection negotiation failed: client connection to 127.23.197.131:49342: connect: Connection refused (error 111). This is attempt 1: this message will repeat every 5th retry. WARNING: Logging before InitGoogleLogging() is written to STDERR
W0108 16:50:11.656731 30224 flags.cc:404] Enabled unsafe flag: --rpc_server_allow_ephemeral_ports=true
W0108 16:50:11.656828 30224 flags.cc:404] Enabled unsafe flag: --never_fsync=true
W0108 16:50:11.657599 30224 flags.cc:404] Enabled experimental flag: --ipki_server_key_size=1024
W0108 16:50:11.657622 30224 flags.cc:404] Enabled experimental flag: --local_ip_for_outbound_sockets=127.23.197.131
I0108 16:50:11.658581 30224 tablet_server_main.cc:76] Tablet server non-default flags: --builtin_ntp_poll_interval_ms=100 --builtin_ntp_servers=127.23.197.148:40982 --ntp_initial_sync_wait_secs=10 --time_source=builtin --skip_remove_old_recovery_dir=true --fs_data_dirs=/data/somelongdirectorytoavoidrpathissues/src/kudutest/linked_list-test.LinkedListTest.TestLoadAndVerify.1578529919787104-24342/linked-list-cluster/ts-2/data --fs_wal_dir=/data/somelongdirectorytoavoidrpathissues/src/kudutest/linked_list-test.LinkedListTest.TestLoadAndVerify.1578529919787104-24342/linked-list-cluster/ts-2/wal --ipki_server_key_size=1024 --rpc_bind_addresses=127.23.197.131:49342 --rpc_server_allow_ephemeral_ports=true --metrics_log_interval_ms=1000 --server_dump_info_format=pb --server_dump_info_path=/data/somelongdirectorytoavoidrpathissues/src/kudutest/linked_list-test.LinkedListTest.TestLoadAndVerify.1578529919787104-24342/linked-list-cluster/ts-2/data/info.pb --webserver_interface=127.23.197.131 --webserver_port=52477 --tablet_history_max_age_sec=86400 --tserver_master_addrs=127.23.197.190:59202 --never_fsync=true --heap_profile_path=/tmp/kudu-tserver.30224 --redact=none --unlock_experimental_flags=true --unlock_unsafe_flags=true --enable_minidumps=false --local_ip_for_outbound_sockets=127.23.197.131 --log_dir=/data/somelongdirectorytoavoidrpathissues/src/kudutest/linked_list-test.LinkedListTest.TestLoadAndVerify.1578529919787104-24342/linked-list-cluster/ts-2/logs --logbuflevel=-1 --logtostderr=true Tablet server version: kudu 1.12.0-SNAPSHOT revision 69d4e8116a928cef556b5447e30f4b0ed4ea0978 build type RELEASE built by jenkins at 08 Jan 2020 16:19:18 PST on quasar-xuwpic-1.vpc.cloudera.com
I0108 16:50:11.660693 30224 hybrid_clock.cc:168] waiting up to --ntp_initial_sync_wait_secs=10 seconds for the clock to synchronize
I0108 16:50:11.661832 30224 hybrid_clock.cc:186] HybridClock initialized: now 1578531011661812 us; error 26 us; skew 500 ppm
I0108 16:50:11.661901 30224 fs_manager.cc:263] Metadata directory not provided
I0108 16:50:11.661919 30224 fs_manager.cc:269] Using write-ahead log directory (fs_wal_dir) as metadata directory
I0108 16:50:11.664099 30224 fs_manager.cc:414] Time spent opening directory manager: real 0.002s user 0.000s sys 0.002s
I0108 16:50:11.664232 30224 env_posix.cc:1682] Not raising this process' open files per process limit of 32768; it is already as high as it can go
I0108 16:50:11.664283 30224 file_cache.cc:465] Constructed file cache lbm with capacity 13106
I0108 16:50:11.666380 30224 fs_manager.cc:434] Time spent opening block manager: real 0.001s user 0.000s sys 0.001s
I0108 16:50:11.666579 30224 fs_manager.cc:451] Opened local filesystem: /data/somelongdirectorytoavoidrpathissues/src/kudutest/linked_list-test.LinkedListTest.TestLoadAndVerify.1578529919787104-24342/linked-list-cluster/ts-2/data,/data/somelongdirectorytoavoidrpathissues/src/kudutest/linked_list-test.LinkedListTest.TestLoadAndVerify.1578529919787104-24342/linked-list-cluster/ts-2/wal uuid: "72e6f176048945dea46e0f4305315d3c" format_stamp: "Formatted at 2020-01-09 00:32:00 on quasar-xuwpic-1.vpc.cloudera.com"
I0108 16:50:11.666610 30224 fs_report.cc:352] FS layout report -------------------- wal directory: /data/somelongdirectorytoavoidrpathissues/src/kudutest/linked_list-test.LinkedListTest.TestLoadAndVerify.1578529919787104-24342/linked-list-cluster/ts-2/wal metadata directory: /data/somelongdirectorytoavoidrpathissues/src/kudutest/linked_list-test.LinkedListTest.TestLoadAndVerify.1578529919787104-24342/linked-list-cluster/ts-2/wal 1 data directories: /data/somelongdirectorytoavoidrpathissues/src/kudutest/linked_list-test.LinkedListTest.TestLoadAndVerify.1578529919787104-24342/linked-list-cluster/ts-2/data/data Total live blocks: 66 Total live bytes: 733678692 Total live bytes (after alignment): 733835264 Total number of LBM containers: 7 (0 full) Did not check for missing blocks Did not check for orphaned blocks Total full LBM containers with extra space: 0 (0 repaired) Total full LBM container extra space in bytes: 0 (0 repaired) Total incomplete LBM containers: 0 (0 repaired) Total LBM partial records: 0 (0 repaired)
I0108 16:50:11.696772 30224 env_posix.cc:1677] Raising this process' running threads per effective uid limit from 32768 to 65536
I0108 16:50:11.696979 30224 ts_tablet_manager.cc:383] Loading tablet metadata (0/3 complete)
I0108 16:50:11.697752 30224 ts_tablet_manager.cc:395] Loaded tablet metadata (3 total tablets, 3 live tablets)
I0108 16:50:11.697768 30224 ts_tablet_manager.cc:401] Registering tablets (0/3 complete)
I0108 16:50:11.698065 30247 tablet_bootstrap.cc:439] T c0c87b04bc0f4f37876458fbfb4bdf03 P 72e6f176048945dea46e0f4305315d3c: Bootstrap starting.
I0108 16:50:11.698287 30224 ts_tablet_manager.cc:415] Registered 3 tablets
I0108 16:50:11.702761 30224 rpc_server.cc:211] RPC server started. Bound to: 127.23.197.131:49342
I0108 16:50:11.702955 30224 webserver.cc:382] Webserver started at http://127.23.197.131:52477/ using document root and password file
I0108 16:50:11.703063 30224 server_base.cc:629] Dumped server information to /data/somelongdirectorytoavoidrpathissues/src/kudutest/linked_list-test.LinkedListTest.TestLoadAndVerify.1578529919787104-24342/linked-list-cluster/ts-2/data/info.pb
I0108 16:50:11.705754 30352 heartbeater.cc:322] Connected to a master server at 127.23.197.190:59202
I0108 16:50:11.705771 30352 heartbeater.cc:406] Registering TS with master...
I0108 16:50:11.705818 30352 heartbeater.cc:455] Master 127.23.197.190:59202 requested a full tablet report, sending...
I0108 16:50:11.706012 24372 ts_manager.cc:192] Re-registered known tserver with Master: 72e6f176048945dea46e0f4305315d3c (127.23.197.131:49342)
I0108 16:50:11.706543 24372 master_service.cc:351] Signed X509 certificate for tserver {username='jenkins'} at 127.23.197.131:50985
I0108 16:50:11.708204 24342 external_mini_cluster.cc:1105] Started /data/somelongdirectorytoavoidrpathissues/src/kudu/build/release/bin/kudu-tserver as pid 30224
I0108 16:50:11.712101 30269 tablet_service.cc:2571] Scan: Not found: Scanner 26f1632374e145478fc6b110203f31e0 not found (it may have expired): call sequence id=1, remote={username='jenkins'} at 127.23.197.131:58561
W0108 16:50:11.712255 24342 client.cc:1692] Attempting to retry Scanner { table: TestTable, tablet: 2c3d9174c33442d28f28f4d0cda9fc51, projection: ( rand_key INT64 NOT NULL, link_to INT64 NOT NULL, updated BOOL NOT NULL, PRIMARY KEY () ), scan_spec: } elsewhere.
I0108 16:50:11.800961 30247 log.cc:815] T c0c87b04bc0f4f37876458fbfb4bdf03 P 72e6f176048945dea46e0f4305315d3c: Log is configured to *not* fsync() on all Append() calls
I0108 16:50:12.024185 30247 tablet_bootstrap.cc:439] T c0c87b04bc0f4f37876458fbfb4bdf03 P 72e6f176048945dea46e0f4305315d3c: Bootstrap replayed 1/1 log segments. Stats: ops{read=6239 overwritten=0 applied=6239 ignored=6239} inserts{seen=0 ignored=0} mutations{seen=0 ignored=0} orphaned_commits=0. Pending: 0 replicates
I0108 16:50:12.024273 30247 log.cc:1202] T c0c87b04bc0f4f37876458fbfb4bdf03 P 72e6f176048945dea46e0f4305315d3c: --skip_remove_old_recovery_dir enabled. NOT deleting /data/somelongdirectorytoavoidrpathissues/src/kudutest/linked_list-test.LinkedListTest.TestLoadAndVerify.1578529919787104-24342/linked-list-cluster/ts-2/wal/wals/c0c87b04bc0f4f37876458fbfb4bdf03.recovery-1578531012024228
I0108 16:50:12.024289 30247 tablet_bootstrap.cc:439] T c0c87b04bc0f4f37876458fbfb4bdf03 P 72e6f176048945dea46e0f4305315d3c: Bootstrap complete.
I0108 16:50:12.024324 30247 ts_tablet_manager.cc:1105] T c0c87b04bc0f4f37876458fbfb4bdf03 P 72e6f176048945dea46e0f4305315d3c: Time spent bootstrapping tablet: real 0.326s user 0.202s sys 0.067s
I0108 16:50:12.025053 30247 raft_consensus.cc:341] T c0c87b04bc0f4f37876458fbfb4bdf03 P 72e6f176048945dea46e0f4305315d3c [term 1 FOLLOWER]: Replica starting. Triggering 0 pending transactions. Active config: opid_index: -1 OBSOLETE_local: false peers { permanent_uuid: "e61264bf360a4a62a3a5e3b9f2875f5b" member_type: VOTER last_known_addr { host: "127.23.197.129" port: 35094 } } peers { permanent_uuid: "02a5a9f6601045b6b339c43c526fc29e" member_type: VOTER last_known_addr { host: "127.23.197.130" port: 37520 } } peers { permanent_uuid: "72e6f176048945dea46e0f4305315d3c" member_type: VOTER last_known_addr { host: "127.23.197.131" port: 49342 } }
I0108 16:50:12.025075 30247 raft_consensus.cc:712] T c0c87b04bc0f4f37876458fbfb4bdf03 P 72e6f176048945dea46e0f4305315d3c [term 1 FOLLOWER]: Becoming Follower/Learner. State: Replica: 72e6f176048945dea46e0f4305315d3c, State: Initialized, Role: FOLLOWER
I0108 16:50:12.025137 30247 consensus_queue.cc:229] T c0c87b04bc0f4f37876458fbfb4bdf03 P 72e6f176048945dea46e0f4305315d3c [NON_LEADER]: Queue going to NON_LEADER mode. State: All replicated index: 0, Majority replicated index: 0, Committed index: 368277, Last appended: 1.368277, Last appended by leader: 368277, Current term: 0, Majority size: -1, State: 0, Mode: NON_LEADER, active raft config: opid_index: -1 OBSOLETE_local: false peers { permanent_uuid: "e61264bf360a4a62a3a5e3b9f2875f5b" member_type: VOTER last_known_addr { host: "127.23.197.129" port: 35094 } } peers { permanent_uuid: "02a5a9f6601045b6b339c43c526fc29e" member_type: VOTER last_known_addr { host: "127.23.197.130" port: 37520 } } peers { permanent_uuid: "72e6f176048945dea46e0f4305315d3c" member_type: VOTER last_known_addr { host: "127.23.197.131" port: 49342 } }
I0108 16:50:12.025283 30247 ts_tablet_manager.cc:1133] T c0c87b04bc0f4f37876458fbfb4bdf03 P 72e6f176048945dea46e0f4305315d3c: Time spent starting tablet: real 0.001s user 0.001s sys 0.000s
I0108 16:50:12.025282 30352 heartbeater.cc:447] Master 127.23.197.190:59202 was elected leader, sending a full tablet report...
I0108 16:50:12.025313 30247 tablet_bootstrap.cc:439] T 97a6791627c941a48f3269f2d00d1eea P 72e6f176048945dea46e0f4305315d3c: Bootstrap starting.
I0108 16:50:12.203631 30353 maintenance_manager.cc:326] P 72e6f176048945dea46e0f4305315d3c: Scheduling UndoDeltaBlockGCOp(c0c87b04bc0f4f37876458fbfb4bdf03): 67230063 bytes on disk
I0108 16:50:12.251713 30246 maintenance_manager.cc:527] P 72e6f176048945dea46e0f4305315d3c: UndoDeltaBlockGCOp(c0c87b04bc0f4f37876458fbfb4bdf03) complete. Timing: real 0.048s user 0.000s sys 0.000s Metrics: {"cfile_init":2,"lbm_read_time_us":47853,"lbm_reads_1-10_ms":3,"lbm_reads_10-100_ms":1,"lbm_reads_lt_1ms":4}
I0108 16:50:12.314548 30247 tablet_bootstrap.cc:439] T 97a6791627c941a48f3269f2d00d1eea P 72e6f176048945dea46e0f4305315d3c: Bootstrap replayed 1/1 log segments. Stats: ops{read=8552 overwritten=0 applied=8552 ignored=8552} inserts{seen=0 ignored=0} mutations{seen=0 ignored=0} orphaned_commits=0. Pending: 0 replicates
I0108 16:50:12.314632 30247 log.cc:1202] T 97a6791627c941a48f3269f2d00d1eea P 72e6f176048945dea46e0f4305315d3c: --skip_remove_old_recovery_dir enabled. NOT deleting /data/somelongdirectorytoavoidrpathissues/src/kudutest/linked_list-test.LinkedListTest.TestLoadAndVerify.1578529919787104-24342/linked-list-cluster/ts-2/wal/wals/97a6791627c941a48f3269f2d00d1eea.recovery-1578531012314589
I0108 16:50:12.314641 30247 tablet_bootstrap.cc:439] T 97a6791627c941a48f3269f2d00d1eea P 72e6f176048945dea46e0f4305315d3c: Bootstrap complete.
I0108 16:50:12.314669 30247 ts_tablet_manager.cc:1105] T 97a6791627c941a48f3269f2d00d1eea P 72e6f176048945dea46e0f4305315d3c: Time spent bootstrapping tablet: real 0.289s user 0.231s sys 0.049s
I0108 16:50:12.314759 30247 raft_consensus.cc:341] T 97a6791627c941a48f3269f2d00d1eea P 72e6f176048945dea46e0f4305315d3c [term 1 FOLLOWER]: Replica starting. Triggering 0 pending transactions. Active config: opid_index: -1 OBSOLETE_local: false peers { permanent_uuid: "02a5a9f6601045b6b339c43c526fc29e" member_type: VOTER last_known_addr { host: "127.23.197.130" port: 37520 } } peers { permanent_uuid: "e61264bf360a4a62a3a5e3b9f2875f5b" member_type: VOTER last_known_addr { host: "127.23.197.129" port: 35094 } } peers { permanent_uuid: "72e6f176048945dea46e0f4305315d3c" member_type: VOTER last_known_addr { host: "127.23.197.131" port: 49342 } }
I0108 16:50:12.314774 30247 raft_consensus.cc:712] T 97a6791627c941a48f3269f2d00d1eea P 72e6f176048945dea46e0f4305315d3c [term 1 FOLLOWER]: Becoming Follower/Learner. State: Replica: 72e6f176048945dea46e0f4305315d3c, State: Initialized, Role: FOLLOWER
I0108 16:50:12.314816 30247 consensus_queue.cc:229] T 97a6791627c941a48f3269f2d00d1eea P 72e6f176048945dea46e0f4305315d3c [NON_LEADER]: Queue going to NON_LEADER mode. State: All replicated index: 0, Majority replicated index: 0, Committed index: 368071, Last appended: 1.368071, Last appended by leader: 368071, Current term: 0, Majority size: -1, State: 0, Mode: NON_LEADER, active raft config: opid_index: -1 OBSOLETE_local: false peers { permanent_uuid: "02a5a9f6601045b6b339c43c526fc29e" member_type: VOTER last_known_addr { host: "127.23.197.130" port: 37520 } } peers { permanent_uuid: "e61264bf360a4a62a3a5e3b9f2875f5b" member_type: VOTER last_known_addr { host: "127.23.197.129" port: 35094 } } peers { permanent_uuid: "72e6f176048945dea46e0f4305315d3c" member_type: VOTER last_known_addr { host: "127.23.197.131" port: 49342 } }
I0108 16:50:12.314883 30247 ts_tablet_manager.cc:1133] T 97a6791627c941a48f3269f2d00d1eea P 72e6f176048945dea46e0f4305315d3c: Time spent starting tablet: real 0.000s user 0.000s sys 0.000s
I0108 16:50:12.314947 30247 tablet_bootstrap.cc:439] T 2c3d9174c33442d28f28f4d0cda9fc51 P 72e6f176048945dea46e0f4305315d3c: Bootstrap starting.
I0108 16:50:12.502072 30353 maintenance_manager.cc:326] P 72e6f176048945dea46e0f4305315d3c: Scheduling UndoDeltaBlockGCOp(97a6791627c941a48f3269f2d00d1eea): 67226300 bytes on disk
I0108 16:50:12.538805 30247 tablet_bootstrap.cc:439] T 2c3d9174c33442d28f28f4d0cda9fc51 P 72e6f176048945dea46e0f4305315d3c: Bootstrap replayed 1/1 log segments. Stats: ops{read=1974 overwritten=0 applied=1974 ignored=1974} inserts{seen=0 ignored=0} mutations{seen=0 ignored=0} orphaned_commits=2. Pending: 0 replicates
I0108 16:50:12.538900 30247 log.cc:1202] T 2c3d9174c33442d28f28f4d0cda9fc51 P 72e6f176048945dea46e0f4305315d3c: --skip_remove_old_recovery_dir enabled. NOT deleting /data/somelongdirectorytoavoidrpathissues/src/kudutest/linked_list-test.LinkedListTest.TestLoadAndVerify.1578529919787104-24342/linked-list-cluster/ts-2/wal/wals/2c3d9174c33442d28f28f4d0cda9fc51.recovery-1578531012538854
I0108 16:50:12.538914 30247 tablet_bootstrap.cc:439] T 2c3d9174c33442d28f28f4d0cda9fc51 P 72e6f176048945dea46e0f4305315d3c: Bootstrap complete.
I0108 16:50:12.538947 30247 ts_tablet_manager.cc:1105] T 2c3d9174c33442d28f28f4d0cda9fc51 P 72e6f176048945dea46e0f4305315d3c: Time spent bootstrapping tablet: real 0.224s user 0.129s sys 0.021s
I0108 16:50:12.539038 30247 raft_consensus.cc:341] T 2c3d9174c33442d28f28f4d0cda9fc51 P 72e6f176048945dea46e0f4305315d3c [term 1 FOLLOWER]: Replica starting. Triggering 0 pending transactions. Active config: opid_index: -1 OBSOLETE_local: false peers { permanent_uuid: "e61264bf360a4a62a3a5e3b9f2875f5b" member_type: VOTER last_known_addr { host: "127.23.197.129" port: 35094 } } peers { permanent_uuid: "02a5a9f6601045b6b339c43c526fc29e" member_type: VOTER last_known_addr { host: "127.23.197.130" port: 37520 } } peers { permanent_uuid: "72e6f176048945dea46e0f4305315d3c" member_type: VOTER last_known_addr { host: "127.23.197.131" port: 49342 } }
I0108 16:50:12.539057 30247 raft_consensus.cc:712] T 2c3d9174c33442d28f28f4d0cda9fc51 P 72e6f176048945dea46e0f4305315d3c [term 1 FOLLOWER]: Becoming Follower/Learner. State: Replica: 72e6f176048945dea46e0f4305315d3c, State: Initialized, Role: FOLLOWER
I0108 16:50:12.539099 30247 consensus_queue.cc:229] T 2c3d9174c33442d28f28f4d0cda9fc51 P 72e6f176048945dea46e0f4305315d3c [NON_LEADER]: Queue going to NON_LEADER mode. State: All replicated index: 0, Majority replicated index: 0, Committed index: 376212, Last appended: 1.376212, Last appended by leader: 376212, Current term: 0, Majority size: -1, State: 0, Mode: NON_LEADER, active raft config: opid_index: -1 OBSOLETE_local: false peers { permanent_uuid: "e61264bf360a4a62a3a5e3b9f2875f5b" member_type: VOTER last_known_addr { host: "127.23.197.129" port: 35094 } } peers { permanent_uuid: "02a5a9f6601045b6b339c43c526fc29e" member_type: VOTER last_known_addr { host: "127.23.197.130" port: 37520 } } peers { permanent_uuid: "72e6f176048945dea46e0f4305315d3c" member_type: VOTER last_known_addr { host: "127.23.197.131" port: 49342 } }
I0108 16:50:12.539201 30247 ts_tablet_manager.cc:1133] T 2c3d9174c33442d28f28f4d0cda9fc51 P 72e6f176048945dea46e0f4305315d3c: Time spent starting tablet: real 0.000s user 0.001s sys 0.000s
