I0108 16:45:43.993700 24565 maintenance_manager.cc:527] P 02a5a9f6601045b6b339c43c526fc29e: FlushMRSOp(97a6791627c941a48f3269f2d00d1eea) complete. Timing: real 0.627s user 0.213s sys 0.009s Metrics: {"bytes_written":3074078,"cfile_init":1,"delete_count":0,"dirs.queue_time_us":936,"dirs.run_cpu_time_us":121,"dirs.run_wall_time_us":42914,"drs_written":1,"lbm_read_time_us":9,"lbm_reads_lt_1ms":4,"lbm_write_time_us":378582,"lbm_writes_1-10_ms":15,"lbm_writes_10-100_ms":12,"lbm_writes_lt_1ms":299,"reinsert_count":0,"rows_written":172120,"thread_start_us":31,"threads_started":1,"update_count":1507}
I0108 16:45:43.993809 24671 maintenance_manager.cc:326] P 02a5a9f6601045b6b339c43c526fc29e: Scheduling LogGCOp(97a6791627c941a48f3269f2d00d1eea): free 8392945 bytes of WAL
I0108 16:45:43.993876 24565 log_reader.cc:379] T 97a6791627c941a48f3269f2d00d1eea: removed 1 log segments from log reader
I0108 16:45:43.993891 24565 log.cc:1062] T 97a6791627c941a48f3269f2d00d1eea P 02a5a9f6601045b6b339c43c526fc29e: Deleting log segment in path: /data/somelongdirectorytoavoidrpathissues/src/kudutest/linked_list-test.LinkedListTest.TestLoadAndVerify.1578529919787104-24342/linked-list-cluster/ts-1/wal/wals/97a6791627c941a48f3269f2d00d1eea/wal-000000026 (ops 311317-323793)
I0108 16:45:43.995859 24565 maintenance_manager.cc:527] P 02a5a9f6601045b6b339c43c526fc29e: LogGCOp(97a6791627c941a48f3269f2d00d1eea) complete. Timing: real 0.002s user 0.000s sys 0.002s Metrics: {}
I0108 16:45:43.995914 24671 maintenance_manager.cc:326] P 02a5a9f6601045b6b339c43c526fc29e: Scheduling CompactRowSetsOp(97a6791627c941a48f3269f2d00d1eea): perf score=1.005473
I0108 16:45:44.966109 29261 rpcz_store.cc:269] Call kudu.tserver.TabletServerService.Write from 127.23.197.130:36790 (ReqId={client: dbcb5a880e8742629e06e9264dfb379f, seq_no=1014709, attempt_no=0}) took 1045ms. Request Metrics: {"child_traces":[["txn",{"apply.queue_time_us":129,"cfile_cache_hit":2969,"cfile_cache_hit_bytes":12395361,"cfile_cache_miss":1174,"cfile_cache_miss_bytes":4820444,"lbm_read_time_us":983481,"lbm_reads_1-10_ms":12,"lbm_reads_10-100_ms":6,"lbm_reads_gt_100_ms":4,"lbm_reads_lt_1ms":1152,"num_ops":6697,"prepare.queue_time_us":232,"prepare.run_cpu_time_us":6326,"prepare.run_wall_time_us":17735,"raft.queue_time_us":97,"raft.run_cpu_time_us":83,"raft.run_wall_time_us":83,"replication_time_us":954}]]}
I0108 16:45:54.915482 24689 maintenance_manager.cc:527] P 72e6f176048945dea46e0f4305315d3c: CompactRowSetsOp(97a6791627c941a48f3269f2d00d1eea) complete. Timing: real 19.363s user 3.673s sys 0.375s Metrics: {"bytes_written":49616613,"cfile_cache_hit":69,"cfile_cache_hit_bytes":7729898,"cfile_cache_miss":6589,"cfile_cache_miss_bytes":197730386,"cfile_init":15,"delta_iterators_relevant":8,"dirs.queue_time_us":19225,"dirs.run_cpu_time_us":231,"dirs.run_wall_time_us":98729,"drs_written":2,"lbm_read_time_us":4214671,"lbm_reads_1-10_ms":171,"lbm_reads_10-100_ms":95,"lbm_reads_gt_100_ms":3,"lbm_reads_lt_1ms":6380,"lbm_write_time_us":707913,"lbm_writes_1-10_ms":138,"lbm_writes_10-100_ms":10,"lbm_writes_lt_1ms":4859,"num_input_rowsets":3,"rows_written":2821588,"spinlock_wait_cycles":62130176,"thread_start_us":611,"threads_started":10}
I0108 16:45:54.915695 24795 maintenance_manager.cc:326] P 72e6f176048945dea46e0f4305315d3c: Scheduling FlushMRSOp(2c3d9174c33442d28f28f4d0cda9fc51): perf score=0.035777
I0108 16:45:59.581543 24689 maintenance_manager.cc:527] P 72e6f176048945dea46e0f4305315d3c: FlushMRSOp(2c3d9174c33442d28f28f4d0cda9fc51) complete. Timing: real 4.662s user 1.148s sys 0.073s Metrics: {"bytes_written":15109644,"cfile_init":1,"delete_count":0,"dirs.queue_time_us":155,"dirs.run_cpu_time_us":126,"dirs.run_wall_time_us":42745,"drs_written":1,"lbm_read_time_us":9,"lbm_reads_lt_1ms":4,"lbm_write_time_us":1256879,"lbm_writes_1-10_ms":34,"lbm_writes_10-100_ms":21,"lbm_writes_gt_100_ms":2,"lbm_writes_lt_1ms":1456,"reinsert_count":0,"rows_written":847544,"thread_start_us":120,"threads_started":1,"update_count":11085}
I0108 16:45:59.583751 24795 maintenance_manager.cc:326] P 72e6f176048945dea46e0f4305315d3c: Scheduling LogGCOp(2c3d9174c33442d28f28f4d0cda9fc51): free 33679541 bytes of WAL
I0108 16:45:59.584075 24689 log_reader.cc:379] T 2c3d9174c33442d28f28f4d0cda9fc51: removed 4 log segments from log reader
I0108 16:45:59.584127 24689 log.cc:1062] T 2c3d9174c33442d28f28f4d0cda9fc51 P 72e6f176048945dea46e0f4305315d3c: Deleting log segment in path: /data/somelongdirectorytoavoidrpathissues/src/kudutest/linked_list-test.LinkedListTest.TestLoadAndVerify.1578529919787104-24342/linked-list-cluster/ts-2/wal/wals/2c3d9174c33442d28f28f4d0cda9fc51/wal-000000055 (ops 320683-326701)
I0108 16:45:59.584888 24689 log.cc:1062] T 2c3d9174c33442d28f28f4d0cda9fc51 P 72e6f176048945dea46e0f4305315d3c: Deleting log segment in path: /data/somelongdirectorytoavoidrpathissues/src/kudutest/linked_list-test.LinkedListTest.TestLoadAndVerify.1578529919787104-24342/linked-list-cluster/ts-2/wal/wals/2c3d9174c33442d28f28f4d0cda9fc51/wal-000000056 (ops 326702-332599)
I0108 16:45:59.585273 24689 log.cc:1062] T 2c3d9174c33442d28f28f4d0cda9fc51 P 72e6f176048945dea46e0f4305315d3c: Deleting log segment in path: /data/somelongdirectorytoavoidrpathissues/src/kudutest/linked_list-test.LinkedListTest.TestLoadAndVerify.1578529919787104-24342/linked-list-cluster/ts-2/wal/wals/2c3d9174c33442d28f28f4d0cda9fc51/wal-000000057 (ops 332600-338590)
I0108 16:45:59.585336 24689 log.cc:1062] T 2c3d9174c33442d28f28f4d0cda9fc51 P 72e6f176048945dea46e0f4305315d3c: Deleting log segment in path: /data/somelongdirectorytoavoidrpathissues/src/kudutest/linked_list-test.LinkedListTest.TestLoadAndVerify.1578529919787104-24342/linked-list-cluster/ts-2/wal/wals/2c3d9174c33442d28f28f4d0cda9fc51/wal-000000058 (ops 338591-344513)
I0108 16:45:59.665045 24689 maintenance_manager.cc:527] P 72e6f176048945dea46e0f4305315d3c: LogGCOp(2c3d9174c33442d28f28f4d0cda9fc51) complete. Timing: real 0.081s user 0.000s sys 0.013s Metrics: {}
I0108 16:45:59.665128 24795 maintenance_manager.cc:326] P 72e6f176048945dea46e0f4305315d3c: Scheduling UndoDeltaBlockGCOp(97a6791627c941a48f3269f2d00d1eea): 60308486 bytes on disk
I0108 16:45:59.717274 24689 maintenance_manager.cc:527] P 72e6f176048945dea46e0f4305315d3c: UndoDeltaBlockGCOp(97a6791627c941a48f3269f2d00d1eea) complete. Timing: real 0.046s user 0.000s sys 0.000s Metrics: {"cfile_init":2,"lbm_read_time_us":46362,"lbm_reads_1-10_ms":2,"lbm_reads_10-100_ms":2,"lbm_reads_lt_1ms":4}
I0108 16:45:59.717485 24795 maintenance_manager.cc:326] P 72e6f176048945dea46e0f4305315d3c: Scheduling CompactRowSetsOp(2c3d9174c33442d28f28f4d0cda9fc51): perf score=0.718814 ------------------------------------------------------------ Histogram for latency of insert operations (microseconds) Note: each insert is a batch of 50 rows. ------------------------------------------------------------ Count: 350000 Mean: 2236.93 Percentiles: 0% (min) = 728 25% = 1356 50% (med) = 1524 75% = 1739 95% = 2394 99% = 9072 99.9% = 109568
I0108 16:46:02.241560 24342 linked_list-test-util.h:519] Written 17500000 rows in chain 99.99% = 686080 100% (max) = 1587501 *NOTE: some values were greater than highest trackable value
I0108 16:46:04.890857 24565 maintenance_manager.cc:527] P 02a5a9f6601045b6b339c43c526fc29e: CompactRowSetsOp(97a6791627c941a48f3269f2d00d1eea) complete. Timing: real 20.895s user 3.741s sys 0.455s Metrics: {"bytes_written":50153562,"cfile_cache_hit":66,"cfile_cache_hit_bytes":7313759,"cfile_cache_miss":6666,"cfile_cache_miss_bytes":200352605,"cfile_init":13,"delta_iterators_relevant":8,"dirs.queue_time_us":6185,"dirs.run_cpu_time_us":245,"dirs.run_wall_time_us":108280,"drs_written":2,"lbm_read_time_us":4222980,"lbm_reads_1-10_ms":175,"lbm_reads_10-100_ms":70,"lbm_reads_gt_100_ms":9,"lbm_reads_lt_1ms":6464,"lbm_write_time_us":694909,"lbm_writes_1-10_ms":159,"lbm_writes_10-100_ms":5,"lbm_writes_lt_1ms":4898,"num_input_rowsets":3,"rows_written":2852568,"spinlock_wait_cycles":163858816,"thread_start_us":147,"threads_started":2}
I0108 16:46:04.891024 24671 maintenance_manager.cc:326] P 02a5a9f6601045b6b339c43c526fc29e: Scheduling UndoDeltaBlockGCOp(97a6791627c941a48f3269f2d00d1eea): 61015728 bytes on disk
I0108 16:46:04.891254 24565 maintenance_manager.cc:527] P 02a5a9f6601045b6b339c43c526fc29e: UndoDeltaBlockGCOp(97a6791627c941a48f3269f2d00d1eea) complete. Timing: real 0.000s user 0.000s sys 0.000s Metrics: {"cfile_init":2,"lbm_read_time_us":15,"lbm_reads_lt_1ms":8}
I0108 16:46:04.891337 24671 maintenance_manager.cc:326] P 02a5a9f6601045b6b339c43c526fc29e: Scheduling FlushMRSOp(c0c87b04bc0f4f37876458fbfb4bdf03): perf score=0.042166
I0108 16:46:07.055030 24565 maintenance_manager.cc:527] P 02a5a9f6601045b6b339c43c526fc29e: FlushMRSOp(c0c87b04bc0f4f37876458fbfb4bdf03) complete. Timing: real 2.163s user 0.332s sys 0.025s Metrics: {"bytes_written":4362755,"cfile_init":1,"delete_count":0,"dirs.queue_time_us":27357,"dirs.run_cpu_time_us":47,"dirs.run_wall_time_us":47,"drs_written":1,"lbm_read_time_us":7,"lbm_reads_lt_1ms":4,"lbm_write_time_us":1012201,"lbm_writes_1-10_ms":26,"lbm_writes_10-100_ms":15,"lbm_writes_gt_100_ms":3,"lbm_writes_lt_1ms":413,"reinsert_count":0,"rows_written":246750,"thread_start_us":30,"threads_started":1,"update_count":85}
I0108 16:46:07.060150 24671 maintenance_manager.cc:326] P 02a5a9f6601045b6b339c43c526fc29e: Scheduling LogGCOp(c0c87b04bc0f4f37876458fbfb4bdf03): free 16797910 bytes of WAL
I0108 16:46:07.060252 24565 log_reader.cc:379] T c0c87b04bc0f4f37876458fbfb4bdf03: removed 2 log segments from log reader
I0108 16:46:07.060263 24565 log.cc:1062] T c0c87b04bc0f4f37876458fbfb4bdf03 P 02a5a9f6601045b6b339c43c526fc29e: Deleting log segment in path: /data/somelongdirectorytoavoidrpathissues/src/kudutest/linked_list-test.LinkedListTest.TestLoadAndVerify.1578529919787104-24342/linked-list-cluster/ts-1/wal/wals/c0c87b04bc0f4f37876458fbfb4bdf03/wal-000000026 (ops 310091-322541)
I0108 16:46:07.060302 24565 log.cc:1062] T c0c87b04bc0f4f37876458fbfb4bdf03 P 02a5a9f6601045b6b339c43c526fc29e: Deleting log segment in path: /data/somelongdirectorytoavoidrpathissues/src/kudutest/linked_list-test.LinkedListTest.TestLoadAndVerify.1578529919787104-24342/linked-list-cluster/ts-1/wal/wals/c0c87b04bc0f4f37876458fbfb4bdf03/wal-000000027 (ops 322542-334955)
I0108 16:46:07.065594 24565 maintenance_manager.cc:527] P 02a5a9f6601045b6b339c43c526fc29e: LogGCOp(c0c87b04bc0f4f37876458fbfb4bdf03) complete. Timing: real 0.005s user 0.000s sys 0.005s Metrics: {}
I0108 16:46:07.070736 24671 maintenance_manager.cc:326] P 02a5a9f6601045b6b339c43c526fc29e: Scheduling UndoDeltaBlockGCOp(c0c87b04bc0f4f37876458fbfb4bdf03): 4887335 bytes on disk
I0108 16:46:07.081140 24565 maintenance_manager.cc:527] P 02a5a9f6601045b6b339c43c526fc29e: UndoDeltaBlockGCOp(c0c87b04bc0f4f37876458fbfb4bdf03) complete. Timing: real 0.010s user 0.000s sys 0.000s Metrics: {"cfile_init":1,"lbm_read_time_us":10253,"lbm_reads_1-10_ms":1,"lbm_reads_lt_1ms":3}
I0108 16:46:07.081223 24671 maintenance_manager.cc:326] P 02a5a9f6601045b6b339c43c526fc29e: Scheduling CompactRowSetsOp(c0c87b04bc0f4f37876458fbfb4bdf03): perf score=1.004718 ------------------------------------------------------------ Histogram for latency of insert operations (microseconds) Note: each insert is a batch of 50 rows. ------------------------------------------------------------ Count: 360000 Mean: 2232.89 Percentiles: 0% (min) = 728 25% = 1357 50% (med) = 1525 75% = 1741 95% = 2400 99% = 9128 99.9% = 109056 99.99% = 677888 100% (max) = 1587501 *NOTE: some values were greater than highest trackable value
I0108 16:46:24.574805 24342 linked_list-test-util.h:519] Written 18000000 rows in chain
I0108 16:46:28.235596 24565 maintenance_manager.cc:527] P 02a5a9f6601045b6b339c43c526fc29e: CompactRowSetsOp(c0c87b04bc0f4f37876458fbfb4bdf03) complete. Timing: real 21.154s user 3.907s sys 0.425s Metrics: {"bytes_written":51460428,"cfile_cache_hit":97,"cfile_cache_hit_bytes":11931402,"cfile_cache_miss":6811,"cfile_cache_miss_bytes":200965028,"cfile_init":12,"delta_iterators_relevant":8,"dirs.queue_time_us":12142,"dirs.run_cpu_time_us":219,"dirs.run_wall_time_us":52198,"drs_written":2,"lbm_read_time_us":2643801,"lbm_reads_1-10_ms":213,"lbm_reads_10-100_ms":41,"lbm_reads_gt_100_ms":6,"lbm_reads_lt_1ms":6599,"lbm_write_time_us":735058,"lbm_writes_1-10_ms":169,"lbm_writes_10-100_ms":1,"lbm_writes_gt_100_ms":1,"lbm_writes_lt_1ms":5022,"num_input_rowsets":3,"rows_written":2927624,"spinlock_wait_cycles":169248384,"thread_start_us":1624,"threads_started":10}
I0108 16:46:28.235978 24671 maintenance_manager.cc:326] P 02a5a9f6601045b6b339c43c526fc29e: Scheduling UndoDeltaBlockGCOp(c0c87b04bc0f4f37876458fbfb4bdf03): 62717215 bytes on disk
I0108 16:46:28.237097 24565 maintenance_manager.cc:527] P 02a5a9f6601045b6b339c43c526fc29e: UndoDeltaBlockGCOp(c0c87b04bc0f4f37876458fbfb4bdf03) complete. Timing: real 0.000s user 0.000s sys 0.000s Metrics: {"cfile_init":2,"lbm_read_time_us":16,"lbm_reads_lt_1ms":8}
I0108 16:46:28.237193 24671 maintenance_manager.cc:326] P 02a5a9f6601045b6b339c43c526fc29e: Scheduling FlushMRSOp(2c3d9174c33442d28f28f4d0cda9fc51): perf score=0.039544
I0108 16:46:29.456717 24439 maintenance_manager.cc:527] P e61264bf360a4a62a3a5e3b9f2875f5b: CompactRowSetsOp(2c3d9174c33442d28f28f4d0cda9fc51) complete. Timing: real 55.123s user 10.680s sys 1.237s Metrics: {"bytes_written":144791794,"cfile_cache_hit":218,"cfile_cache_hit_bytes":27522732,"cfile_cache_miss":19192,"cfile_cache_miss_bytes":572539440,"cfile_init":21,"delta_iterators_relevant":12,"dirs.queue_time_us":12853,"dirs.run_cpu_time_us":618,"dirs.run_wall_time_us":201470,"drs_written":5,"lbm_read_time_us":8604977,"lbm_reads_1-10_ms":542,"lbm_reads_10-100_ms":178,"lbm_reads_gt_100_ms":10,"lbm_reads_lt_1ms":18546,"lbm_write_time_us":1847694,"lbm_writes_1-10_ms":388,"lbm_writes_10-100_ms":11,"lbm_writes_gt_100_ms":1,"lbm_writes_lt_1ms":14196,"num_input_rowsets":5,"rows_written":8233580,"spinlock_wait_cycles":465505536,"thread_start_us":576,"threads_started":13}
I0108 16:46:29.456845 24546 maintenance_manager.cc:326] P e61264bf360a4a62a3a5e3b9f2875f5b: Scheduling LogGCOp(2c3d9174c33442d28f28f4d0cda9fc51): free 16917260 bytes of WAL
I0108 16:46:29.456884 24439 log_reader.cc:379] T 2c3d9174c33442d28f28f4d0cda9fc51: removed 2 log segments from log reader
I0108 16:46:29.456892 24439 log.cc:1062] T 2c3d9174c33442d28f28f4d0cda9fc51 P e61264bf360a4a62a3a5e3b9f2875f5b: Deleting log segment in path: /data/somelongdirectorytoavoidrpathissues/src/kudutest/linked_list-test.LinkedListTest.TestLoadAndVerify.1578529919787104-24342/linked-list-cluster/ts-0/wal/wals/2c3d9174c33442d28f28f4d0cda9fc51/wal-000000055 (ops 319692-325725)
I0108 16:46:29.456925 24439 log.cc:1062] T 2c3d9174c33442d28f28f4d0cda9fc51 P e61264bf360a4a62a3a5e3b9f2875f5b: Deleting log segment in path: /data/somelongdirectorytoavoidrpathissues/src/kudutest/linked_list-test.LinkedListTest.TestLoadAndVerify.1578529919787104-24342/linked-list-cluster/ts-0/wal/wals/2c3d9174c33442d28f28f4d0cda9fc51/wal-000000056 (ops 325726-331710)
I0108 16:46:29.461874 24439 maintenance_manager.cc:527] P e61264bf360a4a62a3a5e3b9f2875f5b: LogGCOp(2c3d9174c33442d28f28f4d0cda9fc51) complete. Timing: real 0.005s user 0.000s sys 0.005s Metrics: {}
I0108 16:46:29.461951 24546 maintenance_manager.cc:326] P e61264bf360a4a62a3a5e3b9f2875f5b: Scheduling UndoDeltaBlockGCOp(2c3d9174c33442d28f28f4d0cda9fc51): 176080852 bytes on disk
I0108 16:46:29.462085 24439 maintenance_manager.cc:527] P e61264bf360a4a62a3a5e3b9f2875f5b: UndoDeltaBlockGCOp(2c3d9174c33442d28f28f4d0cda9fc51) complete. Timing: real 0.000s user 0.000s sys 0.000s Metrics: {"cfile_init":5,"lbm_read_time_us":35,"lbm_reads_lt_1ms":20}
I0108 16:46:29.462131 24546 maintenance_manager.cc:326] P e61264bf360a4a62a3a5e3b9f2875f5b: Scheduling CompactRowSetsOp(2c3d9174c33442d28f28f4d0cda9fc51): perf score=0.309170
I0108 16:46:33.369623 24565 maintenance_manager.cc:527] P 02a5a9f6601045b6b339c43c526fc29e: FlushMRSOp(2c3d9174c33442d28f28f4d0cda9fc51) complete. Timing: real 5.132s user 1.775s sys 0.135s Metrics: {"bytes_written":23628413,"cfile_init":1,"delete_count":0,"dirs.queue_time_us":152,"dirs.run_cpu_time_us":43,"dirs.run_wall_time_us":44,"drs_written":1,"lbm_read_time_us":10,"lbm_reads_lt_1ms":4,"lbm_write_time_us":573052,"lbm_writes_1-10_ms":36,"lbm_writes_10-100_ms":14,"lbm_writes_lt_1ms":2325,"reinsert_count":0,"rows_written":1336294,"thread_start_us":126,"threads_started":1,"update_count":12266}
I0108 16:46:33.369879 24671 maintenance_manager.cc:326] P 02a5a9f6601045b6b339c43c526fc29e: Scheduling LogGCOp(2c3d9174c33442d28f28f4d0cda9fc51): free 58967580 bytes of WAL
I0108 16:46:33.369971 24565 log_reader.cc:379] T 2c3d9174c33442d28f28f4d0cda9fc51: removed 7 log segments from log reader
I0108 16:46:33.370020 24565 log.cc:1062] T 2c3d9174c33442d28f28f4d0cda9fc51 P 02a5a9f6601045b6b339c43c526fc29e: Deleting log segment in path: /data/somelongdirectorytoavoidrpathissues/src/kudutest/linked_list-test.LinkedListTest.TestLoadAndVerify.1578529919787104-24342/linked-list-cluster/ts-1/wal/wals/2c3d9174c33442d28f28f4d0cda9fc51/wal-000000055 (ops 319282-325303)
I0108 16:46:33.370098 24565 log.cc:1062] T 2c3d9174c33442d28f28f4d0cda9fc51 P 02a5a9f6601045b6b339c43c526fc29e: Deleting log segment in path: /data/somelongdirectorytoavoidrpathissues/src/kudutest/linked_list-test.LinkedListTest.TestLoadAndVerify.1578529919787104-24342/linked-list-cluster/ts-1/wal/wals/2c3d9174c33442d28f28f4d0cda9fc51/wal-000000056 (ops 325304-331236)
I0108 16:46:33.370191 24565 log.cc:1062] T 2c3d9174c33442d28f28f4d0cda9fc51 P 02a5a9f6601045b6b339c43c526fc29e: Deleting log segment in path: /data/somelongdirectorytoavoidrpathissues/src/kudutest/linked_list-test.LinkedListTest.TestLoadAndVerify.1578529919787104-24342/linked-list-cluster/ts-1/wal/wals/2c3d9174c33442d28f28f4d0cda9fc51/wal-000000057 (ops 331237-337073)
I0108 16:46:33.370250 24565 log.cc:1062] T 2c3d9174c33442d28f28f4d0cda9fc51 P 02a5a9f6601045b6b339c43c526fc29e: Deleting log segment in path: /data/somelongdirectorytoavoidrpathissues/src/kudutest/linked_list-test.LinkedListTest.TestLoadAndVerify.1578529919787104-24342/linked-list-cluster/ts-1/wal/wals/2c3d9174c33442d28f28f4d0cda9fc51/wal-000000058 (ops 337074-342965)
I0108 16:46:33.370301 24565 log.cc:1062] T 2c3d9174c33442d28f28f4d0cda9fc51 P 02a5a9f6601045b6b339c43c526fc29e: Deleting log segment in path: /data/somelongdirectorytoavoidrpathissues/src/kudutest/linked_list-test.LinkedListTest.TestLoadAndVerify.1578529919787104-24342/linked-list-cluster/ts-1/wal/wals/2c3d9174c33442d28f28f4d0cda9fc51/wal-000000059 (ops 342966-348901)
I0108 16:46:33.370353 24565 log.cc:1062] T 2c3d9174c33442d28f28f4d0cda9fc51 P 02a5a9f6601045b6b339c43c526fc29e: Deleting log segment in path: /data/somelongdirectorytoavoidrpathissues/src/kudutest/linked_list-test.LinkedListTest.TestLoadAndVerify.1578529919787104-24342/linked-list-cluster/ts-1/wal/wals/2c3d9174c33442d28f28f4d0cda9fc51/wal-000000060 (ops 348902-354803)
I0108 16:46:33.370424 24565 log.cc:1062] T 2c3d9174c33442d28f28f4d0cda9fc51 P 02a5a9f6601045b6b339c43c526fc29e: Deleting log segment in path: /data/somelongdirectorytoavoidrpathissues/src/kudutest/linked_list-test.LinkedListTest.TestLoadAndVerify.1578529919787104-24342/linked-list-cluster/ts-1/wal/wals/2c3d9174c33442d28f28f4d0cda9fc51/wal-000000061 (ops 354804-360734)
I0108 16:46:33.392391 24565 maintenance_manager.cc:527] P 02a5a9f6601045b6b339c43c526fc29e: LogGCOp(2c3d9174c33442d28f28f4d0cda9fc51) complete. Timing: real 0.022s user 0.001s sys 0.017s Metrics: {}
I0108 16:46:33.392582 24671 maintenance_manager.cc:326] P 02a5a9f6601045b6b339c43c526fc29e: Scheduling CompactRowSetsOp(2c3d9174c33442d28f28f4d0cda9fc51): perf score=0.727242 ------------------------------------------------------------ Histogram for latency of insert operations (microseconds) Note: each insert is a batch of 50 rows. ------------------------------------------------------------ Count: 370000 Mean: 2228.63 Percentiles: 0% (min) = 728 25% = 1358 50% (med) = 1526 75% = 1742 95% = 2404 99% = 9184 99.9% = 106560 99.99% = 673792 100% (max) = 1587501 *NOTE: some values were greater than highest trackable value
I0108 16:46:46.652436 24342 linked_list-test-util.h:519] Written 18500000 rows in chain
I0108 16:46:56.469578 24439 maintenance_manager.cc:527] P e61264bf360a4a62a3a5e3b9f2875f5b: CompactRowSetsOp(2c3d9174c33442d28f28f4d0cda9fc51) complete. Timing: real 27.007s user 4.643s sys 0.541s Metrics: {"bytes_written":61302952,"cfile_cache_hit":129,"cfile_cache_hit_bytes":16840234,"cfile_cache_miss":8089,"cfile_cache_miss_bytes":237519882,"cfile_init":11,"delta_iterators_relevant":6,"dirs.queue_time_us":9462,"dirs.run_cpu_time_us":263,"dirs.run_wall_time_us":92501,"drs_written":2,"lbm_read_time_us":4235015,"lbm_reads_1-10_ms":273,"lbm_reads_10-100_ms":66,"lbm_reads_gt_100_ms":10,"lbm_reads_lt_1ms":7784,"lbm_write_time_us":1028875,"lbm_writes_1-10_ms":209,"lbm_writes_10-100_ms":12,"lbm_writes_lt_1ms":5958,"num_input_rowsets":3,"rows_written":3487079,"spinlock_wait_cycles":131934976,"thread_start_us":61,"threads_started":2}
I0108 16:46:56.469714 24546 maintenance_manager.cc:326] P e61264bf360a4a62a3a5e3b9f2875f5b: Scheduling FlushMRSOp(c0c87b04bc0f4f37876458fbfb4bdf03): perf score=0.033996
I0108 16:46:57.140650 24689 maintenance_manager.cc:527] P 72e6f176048945dea46e0f4305315d3c: CompactRowSetsOp(2c3d9174c33442d28f28f4d0cda9fc51) complete. Timing: real 57.423s user 11.227s sys 1.214s Metrics: {"bytes_written":150865806,"cfile_cache_hit":267,"cfile_cache_hit_bytes":35310587,"cfile_cache_miss":19957,"cfile_cache_miss_bytes":589200561,"cfile_init":22,"delta_iterators_relevant":12,"dirs.queue_time_us":9931,"dirs.run_cpu_time_us":650,"dirs.run_wall_time_us":237987,"drs_written":5,"lbm_read_time_us":7440241,"lbm_reads_1-10_ms":566,"lbm_reads_10-100_ms":128,"lbm_reads_gt_100_ms":15,"lbm_reads_lt_1ms":19336,"lbm_write_time_us":2039729,"lbm_writes_1-10_ms":477,"lbm_writes_10-100_ms":13,"lbm_writes_gt_100_ms":1,"lbm_writes_lt_1ms":14714,"num_input_rowsets":5,"rows_written":8580859,"spinlock_wait_cycles":584507264,"thread_start_us":858,"threads_started":13}
I0108 16:46:57.140861 24795 maintenance_manager.cc:326] P 72e6f176048945dea46e0f4305315d3c: Scheduling CompactRowSetsOp(2c3d9174c33442d28f28f4d0cda9fc51): perf score=0.319268
I0108 16:46:58.485394 24439 maintenance_manager.cc:527] P e61264bf360a4a62a3a5e3b9f2875f5b: FlushMRSOp(c0c87b04bc0f4f37876458fbfb4bdf03) complete. Timing: real 2.015s user 0.514s sys 0.029s Metrics: {"bytes_written":7688619,"cfile_init":1,"delete_count":0,"dirs.queue_time_us":133,"dirs.run_cpu_time_us":90,"dirs.run_wall_time_us":85840,"drs_written":1,"lbm_read_time_us":8,"lbm_reads_lt_1ms":4,"lbm_write_time_us":1255070,"lbm_writes_1-10_ms":20,"lbm_writes_10-100_ms":17,"lbm_writes_gt_100_ms":3,"lbm_writes_lt_1ms":748,"reinsert_count":0,"rows_written":434593,"thread_start_us":101,"threads_started":1,"update_count":2395}
I0108 16:46:58.485522 24546 maintenance_manager.cc:326] P e61264bf360a4a62a3a5e3b9f2875f5b: Scheduling LogGCOp(c0c87b04bc0f4f37876458fbfb4bdf03): free 33568838 bytes of WAL
I0108 16:46:58.485580 24439 log_reader.cc:379] T c0c87b04bc0f4f37876458fbfb4bdf03: removed 4 log segments from log reader
I0108 16:46:58.485594 24439 log.cc:1062] T c0c87b04bc0f4f37876458fbfb4bdf03 P e61264bf360a4a62a3a5e3b9f2875f5b: Deleting log segment in path: /data/somelongdirectorytoavoidrpathissues/src/kudutest/linked_list-test.LinkedListTest.TestLoadAndVerify.1578529919787104-24342/linked-list-cluster/ts-0/wal/wals/c0c87b04bc0f4f37876458fbfb4bdf03/wal-000000026 (ops 309939-322388)
I0108 16:46:58.485625 24439 log.cc:1062] T c0c87b04bc0f4f37876458fbfb4bdf03 P e61264bf360a4a62a3a5e3b9f2875f5b: Deleting log segment in path: /data/somelongdirectorytoavoidrpathissues/src/kudutest/linked_list-test.LinkedListTest.TestLoadAndVerify.1578529919787104-24342/linked-list-cluster/ts-0/wal/wals/c0c87b04bc0f4f37876458fbfb4bdf03/wal-000000027 (ops 322389-334759)
I0108 16:46:58.485648 24439 log.cc:1062] T c0c87b04bc0f4f37876458fbfb4bdf03 P e61264bf360a4a62a3a5e3b9f2875f5b: Deleting log segment in path: /data/somelongdirectorytoavoidrpathissues/src/kudutest/linked_list-test.LinkedListTest.TestLoadAndVerify.1578529919787104-24342/linked-list-cluster/ts-0/wal/wals/c0c87b04bc0f4f37876458fbfb4bdf03/wal-000000028 (ops 334760-347169)
I0108 16:46:58.485674 24439 log.cc:1062] T c0c87b04bc0f4f37876458fbfb4bdf03 P e61264bf360a4a62a3a5e3b9f2875f5b: Deleting log segment in path: /data/somelongdirectorytoavoidrpathissues/src/kudutest/linked_list-test.LinkedListTest.TestLoadAndVerify.1578529919787104-24342/linked-list-cluster/ts-0/wal/wals/c0c87b04bc0f4f37876458fbfb4bdf03/wal-000000029 (ops 347170-359594)
I0108 16:46:58.493453 24439 maintenance_manager.cc:527] P e61264bf360a4a62a3a5e3b9f2875f5b: LogGCOp(c0c87b04bc0f4f37876458fbfb4bdf03) complete. Timing: real 0.008s user 0.000s sys 0.008s Metrics: {}
I0108 16:46:58.493556 24546 maintenance_manager.cc:326] P e61264bf360a4a62a3a5e3b9f2875f5b: Scheduling UndoDeltaBlockGCOp(2c3d9174c33442d28f28f4d0cda9fc51): 74677549 bytes on disk
I0108 16:46:58.569916 24439 maintenance_manager.cc:527] P e61264bf360a4a62a3a5e3b9f2875f5b: UndoDeltaBlockGCOp(2c3d9174c33442d28f28f4d0cda9fc51) complete. Timing: real 0.076s user 0.000s sys 0.000s Metrics: {"cfile_init":2,"lbm_read_time_us":76168,"lbm_reads_1-10_ms":1,"lbm_reads_10-100_ms":3,"lbm_reads_lt_1ms":4}
I0108 16:46:58.570050 24546 maintenance_manager.cc:326] P e61264bf360a4a62a3a5e3b9f2875f5b: Scheduling UndoDeltaBlockGCOp(c0c87b04bc0f4f37876458fbfb4bdf03): 8624763 bytes on disk
I0108 16:46:58.647076 24439 maintenance_manager.cc:527] P e61264bf360a4a62a3a5e3b9f2875f5b: UndoDeltaBlockGCOp(c0c87b04bc0f4f37876458fbfb4bdf03) complete. Timing: real 0.077s user 0.000s sys 0.000s Metrics: {"cfile_init":1,"lbm_read_time_us":76856,"lbm_reads_10-100_ms":1,"lbm_reads_lt_1ms":3}
I0108 16:46:58.647228 24546 maintenance_manager.cc:326] P e61264bf360a4a62a3a5e3b9f2875f5b: Scheduling CompactRowSetsOp(c0c87b04bc0f4f37876458fbfb4bdf03): perf score=1.002755
I0108 16:47:00.375859 24342 linked_list-test-util.h:528] Sample at HT timestamp: 6465662240255496192 Inserted count: 18767550
I0108 16:47:00.375886 24342 linked_list-test-util.h:532] Finished inserting list. Added 18767550 in chain
I0108 16:47:00.375891 24342 linked_list-test-util.h:533] Last entries inserted had keys:
I0108 16:47:00.375895 24342 linked_list-test-util.h:535] 0: 6922152026958135296
I0108 16:47:00.375903 24342 linked_list-test-util.h:535] 1: -2534618459284307967
I0108 16:47:00.375905 24342 linked_list-test-util.h:535] 2: 6455073653206089730
I0108 16:47:00.375914 24342 linked_list-test-util.h:535] 3: -3001556095548063741
I0108 16:47:00.375918 24342 linked_list-test-util.h:535] 4: -5536315292320661500
I0108 16:47:00.375921 24342 linked_list-test-util.h:535] 5: 3453799032634736645
I0108 16:47:00.375924 24342 linked_list-test-util.h:535] 6: -6002971453607706618
I0108 16:47:00.375927 24342 linked_list-test-util.h:535] 7: 2986861396370980871
I0108 16:47:00.375931 24342 linked_list-test-util.h:535] 8: 452383674575093768
I0108 16:47:00.375933 24342 linked_list-test-util.h:535] 9: -9004527549155770359
I0108 16:47:00.375936 24342 linked_list-test-util.h:535] 10: -14553961688662006
I0108 16:47:00.375938 24342 linked_list-test-util.h:535] 11: 8975138150801735691
I0108 16:47:00.375941 24342 linked_list-test-util.h:535] 12: 6440801166494138380
I0108 16:47:00.375944 24342 linked_list-test-util.h:535] 13: -3016250794725015539
I0108 16:47:00.375948 24342 linked_list-test-util.h:535] 14: 5973863530230382606
I0108 16:47:00.375952 24342 linked_list-test-util.h:535] 15: -3482906956012060657
I0108 16:47:00.375955 24342 linked_list-test-util.h:535] 16: -6017525415296368624
I0108 16:47:00.375958 24342 linked_list-test-util.h:535] 17: 2972166697194029073
I0108 16:47:00.375962 24342 linked_list-test-util.h:535] 18: -6484603789048414190
I0108 16:47:00.375965 24342 linked_list-test-util.h:535] 19: 2505510535906983955
I0108 16:47:00.375968 24342 linked_list-test-util.h:535] 20: -29248660865613804
I0108 16:47:00.375972 24342 linked_list-test-util.h:535] 21: 8960865664089784341
I0108 16:47:00.375975 24342 linked_list-test-util.h:535] 22: -496186297129369578
I0108 16:47:00.375978 24342 linked_list-test-util.h:535] 23: 8493928027826028567
I0108 16:47:00.375982 24342 linked_list-test-util.h:535] 24: 5959168831053430808
I0108 16:47:00.375985 24342 linked_list-test-util.h:535] 25: -3497601655189012455
I0108 16:47:00.375988 24342 linked_list-test-util.h:535] 26: 5492231194789675034
I0108 16:47:00.375993 24342 linked_list-test-util.h:535] 27: 2957753472993787931
I0108 16:47:00.375995 24342 linked_list-test-util.h:535] 28: -6499157750737076196
I0108 16:47:00.375999 24342 linked_list-test-util.h:535] 29: 2490815836730032157
I0108 16:47:00.376003 24342 linked_list-test-util.h:535] 30: -6965813912024121314
I0108 16:47:00.376006 24342 linked_list-test-util.h:535] 31: 8946170964912832543
I0108 16:47:00.376010 24342 linked_list-test-util.h:535] 32: -510458783841320928
I0108 16:47:00.376013 24342 linked_list-test-util.h:535] 33: 8479233328649076769
I0108 16:47:00.376016 24342 linked_list-test-util.h:535] 34: -977537157593366494
I0108 16:47:00.376020 24342 linked_list-test-util.h:535] 35: -3512155616877674461
I0108 16:47:00.376024 24342 linked_list-test-util.h:535] 36: 5477817970589433892
I0108 16:47:00.376027 24342 linked_list-test-util.h:535] 37: -3979093253141430235
I0108 16:47:00.376030 24342 linked_list-test-util.h:535] 38: 5010880334325678118
I0108 16:47:00.376034 24342 linked_list-test-util.h:535] 39: 2476261875041370151
I0108 16:47:00.376037 24342 linked_list-test-util.h:535] 40: -6980508611201073112
I0108 16:47:00.376040 24342 linked_list-test-util.h:535] 41: 2009183501289324585
I0108 16:47:00.376044 24342 linked_list-test-util.h:535] 42: -7447446247464828886
I0108 16:47:00.376047 24342 linked_list-test-util.h:535] 43: 8464538629472124971
I0108 16:47:00.376051 24342 linked_list-test-util.h:535] 44: -992091119282028500
I0108 16:47:00.376055 24342 linked_list-test-util.h:535] 45: 7997882468185079853
I0108 16:47:00.376058 24342 linked_list-test-util.h:535] 46: -1459028755545784274
I0108 16:47:00.376061 24342 linked_list-test-util.h:535] 47: -3993506477341671377
I0108 16:47:00.376065 24342 linked_list-test-util.h:535] 48: 4996185635148726320
I0108 16:47:00.376068 24342 linked_list-test-util.h:535] 49: -4460444113605427151
I0108 16:47:00.487407 24342 linked_list-test-util.h:620] Verifying Snapshot: P: 1578530220348799 usec, L: 1 Expected Rows: 7989850
I0108 16:47:00.872522 24342 linked_list-test-util.h:639] Calling callback on tserver 02a5a9f6601045b6b339c43c526fc29e
I0108 16:47:11.461673 24439 maintenance_manager.cc:527] P e61264bf360a4a62a3a5e3b9f2875f5b: CompactRowSetsOp(c0c87b04bc0f4f37876458fbfb4bdf03) complete. Timing: real 12.814s user 3.523s sys 0.266s Metrics: {"bytes_written":54845257,"cfile_cache_hit":88,"cfile_cache_hit_bytes":10161960,"cfile_cache_miss":7288,"cfile_cache_miss_bytes":216478468,"cfile_init":14,"delta_iterators_relevant":12,"dirs.queue_time_us":433,"dirs.run_cpu_time_us":310,"dirs.run_wall_time_us":220608,"drs_written":2,"lbm_read_time_us":7193115,"lbm_reads_1-10_ms":87,"lbm_reads_10-100_ms":194,"lbm_reads_gt_100_ms":6,"lbm_reads_lt_1ms":7057,"lbm_write_time_us":406500,"lbm_writes_1-10_ms":5,"lbm_writes_10-100_ms":2,"lbm_writes_gt_100_ms":1,"lbm_writes_lt_1ms":5527,"num_input_rowsets":3,"rows_written":3122090,"spinlock_wait_cycles":896,"thread_start_us":671,"threads_started":11,"wal-append.queue_time_us":67}
I0108 16:47:11.461854 24546 maintenance_manager.cc:326] P e61264bf360a4a62a3a5e3b9f2875f5b: Scheduling UndoDeltaBlockGCOp(c0c87b04bc0f4f37876458fbfb4bdf03): 67095339 bytes on disk
I0108 16:47:11.461971 24439 maintenance_manager.cc:527] P e61264bf360a4a62a3a5e3b9f2875f5b: UndoDeltaBlockGCOp(c0c87b04bc0f4f37876458fbfb4bdf03) complete. Timing: real 0.000s user 0.000s sys 0.000s Metrics: {"cfile_init":2,"lbm_read_time_us":18,"lbm_reads_lt_1ms":8}
I0108 16:47:12.462893 24546 maintenance_manager.cc:326] P e61264bf360a4a62a3a5e3b9f2875f5b: Scheduling FlushMRSOp(97a6791627c941a48f3269f2d00d1eea): perf score=0.033362
I0108 16:47:13.223917 24439 maintenance_manager.cc:527] P e61264bf360a4a62a3a5e3b9f2875f5b: FlushMRSOp(97a6791627c941a48f3269f2d00d1eea) complete. Timing: real 0.761s user 0.333s sys 0.022s Metrics: {"bytes_written":6725635,"cfile_init":1,"dirs.queue_time_us":63,"dirs.run_cpu_time_us":126,"dirs.run_wall_time_us":60169,"drs_written":1,"lbm_read_time_us":5,"lbm_reads_lt_1ms":4,"lbm_write_time_us":11862,"lbm_writes_lt_1ms":689,"rows_written":380975,"spinlock_wait_cycles":896,"thread_start_us":60,"threads_started":2,"wal-append.queue_time_us":51}
I0108 16:47:13.224005 24546 maintenance_manager.cc:326] P e61264bf360a4a62a3a5e3b9f2875f5b: Scheduling LogGCOp(97a6791627c941a48f3269f2d00d1eea): free 33670469 bytes of WAL
I0108 16:47:13.224063 24439 log_reader.cc:379] T 97a6791627c941a48f3269f2d00d1eea: removed 4 log segments from log reader
I0108 16:47:13.224079 24439 log.cc:1062] T 97a6791627c941a48f3269f2d00d1eea P e61264bf360a4a62a3a5e3b9f2875f5b: Deleting log segment in path: /data/somelongdirectorytoavoidrpathissues/src/kudutest/linked_list-test.LinkedListTest.TestLoadAndVerify.1578529919787104-24342/linked-list-cluster/ts-0/wal/wals/97a6791627c941a48f3269f2d00d1eea/wal-000000026 (ops 311894-324379)
I0108 16:47:13.224110 24439 log.cc:1062] T 97a6791627c941a48f3269f2d00d1eea P e61264bf360a4a62a3a5e3b9f2875f5b: Deleting log segment in path: /data/somelongdirectorytoavoidrpathissues/src/kudutest/linked_list-test.LinkedListTest.TestLoadAndVerify.1578529919787104-24342/linked-list-cluster/ts-0/wal/wals/97a6791627c941a48f3269f2d00d1eea/wal-000000027 (ops 324380-336915)
I0108 16:47:13.224130 24439 log.cc:1062] T 97a6791627c941a48f3269f2d00d1eea P e61264bf360a4a62a3a5e3b9f2875f5b: Deleting log segment in path: /data/somelongdirectorytoavoidrpathissues/src/kudutest/linked_list-test.LinkedListTest.TestLoadAndVerify.1578529919787104-24342/linked-list-cluster/ts-0/wal/wals/97a6791627c941a48f3269f2d00d1eea/wal-000000028 (ops 336916-349425)
I0108 16:47:13.224149 24439 log.cc:1062] T 97a6791627c941a48f3269f2d00d1eea P e61264bf360a4a62a3a5e3b9f2875f5b: Deleting log segment in path: /data/somelongdirectorytoavoidrpathissues/src/kudutest/linked_list-test.LinkedListTest.TestLoadAndVerify.1578529919787104-24342/linked-list-cluster/ts-0/wal/wals/97a6791627c941a48f3269f2d00d1eea/wal-000000029 (ops 349426-362077)
I0108 16:47:13.556859 24439 maintenance_manager.cc:527] P e61264bf360a4a62a3a5e3b9f2875f5b: LogGCOp(97a6791627c941a48f3269f2d00d1eea) complete. Timing: real 0.333s user 0.000s sys 0.008s Metrics: {}
I0108 16:47:13.557026 24546 maintenance_manager.cc:326] P e61264bf360a4a62a3a5e3b9f2875f5b: Scheduling UndoDeltaBlockGCOp(97a6791627c941a48f3269f2d00d1eea): 7550279 bytes on disk
I0108 16:47:13.557163 24439 maintenance_manager.cc:527] P e61264bf360a4a62a3a5e3b9f2875f5b: UndoDeltaBlockGCOp(97a6791627c941a48f3269f2d00d1eea) complete. Timing: real 0.000s user 0.000s sys 0.000s Metrics: {"cfile_init":1,"lbm_read_time_us":10,"lbm_reads_lt_1ms":4}
I0108 16:47:13.557216 24546 maintenance_manager.cc:326] P e61264bf360a4a62a3a5e3b9f2875f5b: Scheduling CompactRowSetsOp(97a6791627c941a48f3269f2d00d1eea): perf score=1.002680
I0108 16:47:14.373323 24689 maintenance_manager.cc:527] P 72e6f176048945dea46e0f4305315d3c: CompactRowSetsOp(2c3d9174c33442d28f28f4d0cda9fc51) complete. Timing: real 17.232s user 4.285s sys 0.343s Metrics: {"bytes_written":67409431,"cfile_cache_hit":97,"cfile_cache_hit_bytes":12014601,"cfile_cache_miss":8941,"cfile_cache_miss_bytes":267602263,"cfile_init":12,"delta_iterators_relevant":6,"dirs.queue_time_us":676,"dirs.run_cpu_time_us":385,"dirs.run_wall_time_us":403160,"drs_written":2,"lbm_read_time_us":9598538,"lbm_reads_1-10_ms":144,"lbm_reads_10-100_ms":218,"lbm_reads_gt_100_ms":14,"lbm_reads_lt_1ms":8613,"lbm_write_time_us":760458,"lbm_writes_1-10_ms":28,"lbm_writes_10-100_ms":17,"lbm_writes_lt_1ms":6748,"num_input_rowsets":3,"rows_written":3835511,"thread_start_us":504,"threads_started":11,"wal-append.queue_time_us":47}
I0108 16:47:14.373546 24795 maintenance_manager.cc:326] P 72e6f176048945dea46e0f4305315d3c: Scheduling UndoDeltaBlockGCOp(2c3d9174c33442d28f28f4d0cda9fc51): 248174460 bytes on disk
I0108 16:47:14.605082 24689 maintenance_manager.cc:527] P 72e6f176048945dea46e0f4305315d3c: UndoDeltaBlockGCOp(2c3d9174c33442d28f28f4d0cda9fc51) complete. Timing: real 0.231s user 0.001s sys 0.000s Metrics: {"cfile_init":6,"lbm_read_time_us":231207,"lbm_reads_1-10_ms":4,"lbm_reads_10-100_ms":8,"lbm_reads_lt_1ms":12}
I0108 16:47:14.605209 24795 maintenance_manager.cc:326] P 72e6f176048945dea46e0f4305315d3c: Scheduling UndoDeltaBlockGCOp(c0c87b04bc0f4f37876458fbfb4bdf03): 58922074 bytes on disk
I0108 16:47:14.656033 24689 maintenance_manager.cc:527] P 72e6f176048945dea46e0f4305315d3c: UndoDeltaBlockGCOp(c0c87b04bc0f4f37876458fbfb4bdf03) complete. Timing: real 0.051s user 0.000s sys 0.000s Metrics: {"cfile_init":2,"lbm_read_time_us":50628,"lbm_reads_1-10_ms":3,"lbm_reads_10-100_ms":2,"lbm_reads_lt_1ms":3}
I0108 16:47:16.657838 24795 maintenance_manager.cc:326] P 72e6f176048945dea46e0f4305315d3c: Scheduling FlushMRSOp(c0c87b04bc0f4f37876458fbfb4bdf03): perf score=0.033365
I0108 16:47:17.209076 24689 maintenance_manager.cc:527] P 72e6f176048945dea46e0f4305315d3c: FlushMRSOp(c0c87b04bc0f4f37876458fbfb4bdf03) complete. Timing: real 0.551s user 0.427s sys 0.016s Metrics: {"bytes_written":6483041,"cfile_init":1,"dirs.queue_time_us":79,"dirs.run_cpu_time_us":104,"dirs.run_wall_time_us":36143,"drs_written":1,"lbm_read_time_us":8,"lbm_reads_lt_1ms":4,"lbm_write_time_us":12851,"lbm_writes_lt_1ms":666,"rows_written":367090,"thread_start_us":139,"threads_started":2,"wal-append.queue_time_us":121}
I0108 16:47:17.209225 24795 maintenance_manager.cc:326] P 72e6f176048945dea46e0f4305315d3c: Scheduling LogGCOp(c0c87b04bc0f4f37876458fbfb4bdf03): free 25176164 bytes of WAL
I0108 16:47:17.209303 24689 log_reader.cc:379] T c0c87b04bc0f4f37876458fbfb4bdf03: removed 3 log segments from log reader
I0108 16:47:17.209313 24689 log.cc:1062] T c0c87b04bc0f4f37876458fbfb4bdf03 P 72e6f176048945dea46e0f4305315d3c: Deleting log segment in path: /data/somelongdirectorytoavoidrpathissues/src/kudutest/linked_list-test.LinkedListTest.TestLoadAndVerify.1578529919787104-24342/linked-list-cluster/ts-2/wal/wals/c0c87b04bc0f4f37876458fbfb4bdf03/wal-000000027 (ops 324479-336980)
I0108 16:47:17.209342 24689 log.cc:1062] T c0c87b04bc0f4f37876458fbfb4bdf03 P 72e6f176048945dea46e0f4305315d3c: Deleting log segment in path: /data/somelongdirectorytoavoidrpathissues/src/kudutest/linked_list-test.LinkedListTest.TestLoadAndVerify.1578529919787104-24342/linked-list-cluster/ts-2/wal/wals/c0c87b04bc0f4f37876458fbfb4bdf03/wal-000000028 (ops 336981-349503)
I0108 16:47:17.209359 24689 log.cc:1062] T c0c87b04bc0f4f37876458fbfb4bdf03 P 72e6f176048945dea46e0f4305315d3c: Deleting log segment in path: /data/somelongdirectorytoavoidrpathissues/src/kudutest/linked_list-test.LinkedListTest.TestLoadAndVerify.1578529919787104-24342/linked-list-cluster/ts-2/wal/wals/c0c87b04bc0f4f37876458fbfb4bdf03/wal-000000029 (ops 349504-362038)
I0108 16:47:17.217826 24689 maintenance_manager.cc:527] P 72e6f176048945dea46e0f4305315d3c: LogGCOp(c0c87b04bc0f4f37876458fbfb4bdf03) complete. Timing: real 0.009s user 0.000s sys 0.009s Metrics: {}
I0108 16:47:17.217984 24795 maintenance_manager.cc:326] P 72e6f176048945dea46e0f4305315d3c: Scheduling UndoDeltaBlockGCOp(c0c87b04bc0f4f37876458fbfb4bdf03): 7259225 bytes on disk
I0108 16:47:17.218108 24689 maintenance_manager.cc:527] P 72e6f176048945dea46e0f4305315d3c: UndoDeltaBlockGCOp(c0c87b04bc0f4f37876458fbfb4bdf03) complete. Timing: real 0.000s user 0.000s sys 0.000s Metrics: {"cfile_init":1,"lbm_read_time_us":11,"lbm_reads_lt_1ms":4}
I0108 16:47:17.218189 24795 maintenance_manager.cc:326] P 72e6f176048945dea46e0f4305315d3c: Scheduling CompactRowSetsOp(c0c87b04bc0f4f37876458fbfb4bdf03): perf score=1.002671
I0108 16:47:18.652523 24565 maintenance_manager.cc:527] P 02a5a9f6601045b6b339c43c526fc29e: CompactRowSetsOp(2c3d9174c33442d28f28f4d0cda9fc51) complete. Timing: real 45.260s user 10.427s sys 0.884s Metrics: {"bytes_written":159367810,"cfile_cache_hit":12340,"cfile_cache_hit_bytes":339782906,"cfile_cache_miss":9056,"cfile_cache_miss_bytes":319014862,"cfile_init":25,"delta_iterators_relevant":14,"dirs.queue_time_us":391,"dirs.run_cpu_time_us":684,"dirs.run_wall_time_us":459775,"drs_written":5,"lbm_read_time_us":13351490,"lbm_reads_1-10_ms":302,"lbm_reads_10-100_ms":288,"lbm_reads_gt_100_ms":18,"lbm_reads_lt_1ms":8548,"lbm_write_time_us":2753599,"lbm_writes_1-10_ms":251,"lbm_writes_10-100_ms":46,"lbm_writes_gt_100_ms":2,"lbm_writes_lt_1ms":15768,"num_input_rowsets":6,"rows_written":9069663,"spinlock_wait_cycles":69572864,"thread_start_us":217,"threads_started":6,"wal-append.queue_time_us":69}
I0108 16:47:18.652660 24671 maintenance_manager.cc:326] P 02a5a9f6601045b6b339c43c526fc29e: Scheduling CompactRowSetsOp(2c3d9174c33442d28f28f4d0cda9fc51): perf score=0.333117
I0108 16:47:25.570359 24439 maintenance_manager.cc:527] P e61264bf360a4a62a3a5e3b9f2875f5b: CompactRowSetsOp(97a6791627c941a48f3269f2d00d1eea) complete. Timing: real 12.013s user 3.334s sys 0.287s Metrics: {"bytes_written":54938726,"cfile_cache_hit":85,"cfile_cache_hit_bytes":9861603,"cfile_cache_miss":7293,"cfile_cache_miss_bytes":217446669,"cfile_init":13,"delta_iterators_relevant":10,"dirs.queue_time_us":534,"dirs.run_cpu_time_us":187,"dirs.run_wall_time_us":124978,"drs_written":2,"lbm_read_time_us":7014646,"lbm_reads_1-10_ms":100,"lbm_reads_10-100_ms":198,"lbm_reads_gt_100_ms":5,"lbm_reads_lt_1ms":7042,"lbm_write_time_us":155876,"lbm_writes_1-10_ms":1,"lbm_writes_10-100_ms":1,"lbm_writes_lt_1ms":5542,"num_input_rowsets":3,"rows_written":3127380,"thread_start_us":659,"threads_started":11,"wal-append.queue_time_us":59}
I0108 16:47:25.570590 24546 maintenance_manager.cc:326] P e61264bf360a4a62a3a5e3b9f2875f5b: Scheduling UndoDeltaBlockGCOp(97a6791627c941a48f3269f2d00d1eea): 67227261 bytes on disk
I0108 16:47:25.981474 24439 maintenance_manager.cc:527] P e61264bf360a4a62a3a5e3b9f2875f5b: UndoDeltaBlockGCOp(97a6791627c941a48f3269f2d00d1eea) complete. Timing: real 0.411s user 0.000s sys 0.000s Metrics: {"cfile_init":2,"lbm_read_time_us":410698,"lbm_reads_10-100_ms":4,"lbm_reads_gt_100_ms":1,"lbm_reads_lt_1ms":3}
I0108 16:47:29.922008 24689 maintenance_manager.cc:527] P 72e6f176048945dea46e0f4305315d3c: CompactRowSetsOp(c0c87b04bc0f4f37876458fbfb4bdf03) complete. Timing: real 12.704s user 3.304s sys 0.297s Metrics: {"bytes_written":54944110,"cfile_cache_hit":103,"cfile_cache_hit_bytes":12524070,"cfile_cache_miss":7283,"cfile_cache_miss_bytes":214873982,"cfile_init":13,"delta_iterators_relevant":10,"dirs.queue_time_us":165,"dirs.run_cpu_time_us":251,"dirs.run_wall_time_us":140861,"drs_written":2,"lbm_read_time_us":7827570,"lbm_reads_1-10_ms":100,"lbm_reads_10-100_ms":191,"lbm_reads_gt_100_ms":14,"lbm_reads_lt_1ms":7030,"lbm_write_time_us":179002,"lbm_writes_1-10_ms":1,"lbm_writes_10-100_ms":1,"lbm_writes_lt_1ms":5543,"num_input_rowsets":3,"rows_written":3127925,"thread_start_us":453,"threads_started":11,"wal-append.queue_time_us":64}
I0108 16:47:29.922189 24795 maintenance_manager.cc:326] P 72e6f176048945dea46e0f4305315d3c: Scheduling UndoDeltaBlockGCOp(c0c87b04bc0f4f37876458fbfb4bdf03): 67230063 bytes on disk
I0108 16:47:29.922312 24689 maintenance_manager.cc:527] P 72e6f176048945dea46e0f4305315d3c: UndoDeltaBlockGCOp(c0c87b04bc0f4f37876458fbfb4bdf03) complete. Timing: real 0.000s user 0.000s sys 0.000s Metrics: {"cfile_init":2,"lbm_read_time_us":16,"lbm_reads_lt_1ms":8}
I0108 16:47:33.434525 24565 maintenance_manager.cc:527] P 02a5a9f6601045b6b339c43c526fc29e: CompactRowSetsOp(2c3d9174c33442d28f28f4d0cda9fc51) complete. Timing: real 14.782s user 4.115s sys 0.256s Metrics: {"bytes_written":75997663,"cfile_cache_hit":6441,"cfile_cache_hit_bytes":182165107,"cfile_cache_miss":3753,"cfile_cache_miss_bytes":133006015,"cfile_init":11,"delta_iterators_relevant":6,"dirs.queue_time_us":407,"dirs.run_cpu_time_us":334,"dirs.run_wall_time_us":230178,"drs_written":3,"lbm_read_time_us":4847837,"lbm_reads_1-10_ms":56,"lbm_reads_10-100_ms":130,"lbm_reads_gt_100_ms":5,"lbm_reads_lt_1ms":3606,"lbm_write_time_us":4772615,"lbm_writes_1-10_ms":53,"lbm_writes_10-100_ms":96,"lbm_writes_gt_100_ms":9,"lbm_writes_lt_1ms":7518,"num_input_rowsets":3,"rows_written":4325677,"spinlock_wait_cycles":768,"thread_start_us":703,"threads_started":12,"wal-append.queue_time_us":81}
I0108 16:47:33.434733 24671 maintenance_manager.cc:326] P 02a5a9f6601045b6b339c43c526fc29e: Scheduling UndoDeltaBlockGCOp(2c3d9174c33442d28f28f4d0cda9fc51): 259283015 bytes on disk
I0108 16:47:33.599797 24565 maintenance_manager.cc:527] P 02a5a9f6601045b6b339c43c526fc29e: UndoDeltaBlockGCOp(2c3d9174c33442d28f28f4d0cda9fc51) complete. Timing: real 0.165s user 0.001s sys 0.000s Metrics: {"cfile_init":7,"lbm_read_time_us":164772,"lbm_reads_1-10_ms":9,"lbm_reads_10-100_ms":5,"lbm_reads_lt_1ms":14}
I0108 16:47:34.488518 24546 maintenance_manager.cc:326] P e61264bf360a4a62a3a5e3b9f2875f5b: Scheduling FlushMRSOp(2c3d9174c33442d28f28f4d0cda9fc51): perf score=0.033377
I0108 16:47:35.677047 24795 maintenance_manager.cc:326] P 72e6f176048945dea46e0f4305315d3c: Scheduling FlushMRSOp(97a6791627c941a48f3269f2d00d1eea): perf score=0.033369
I0108 16:47:36.056748 24439 maintenance_manager.cc:527] P e61264bf360a4a62a3a5e3b9f2875f5b: FlushMRSOp(2c3d9174c33442d28f28f4d0cda9fc51) complete. Timing: real 1.568s user 1.327s sys 0.068s Metrics: {"bytes_written":22833822,"cfile_init":1,"dirs.queue_time_us":86,"dirs.run_cpu_time_us":59,"dirs.run_wall_time_us":59,"drs_written":1,"lbm_read_time_us":5,"lbm_reads_lt_1ms":4,"lbm_write_time_us":41853,"lbm_writes_lt_1ms":2294,"rows_written":1291689,"thread_start_us":60,"threads_started":2,"wal-append.queue_time_us":55}
I0108 16:47:36.056949 24546 maintenance_manager.cc:326] P e61264bf360a4a62a3a5e3b9f2875f5b: Scheduling LogGCOp(2c3d9174c33442d28f28f4d0cda9fc51): free 58751810 bytes of WAL
I0108 16:47:36.057040 24439 log_reader.cc:379] T 2c3d9174c33442d28f28f4d0cda9fc51: removed 7 log segments from log reader
I0108 16:47:36.057088 24439 log.cc:1062] T 2c3d9174c33442d28f28f4d0cda9fc51 P e61264bf360a4a62a3a5e3b9f2875f5b: Deleting log segment in path: /data/somelongdirectorytoavoidrpathissues/src/kudutest/linked_list-test.LinkedListTest.TestLoadAndVerify.1578529919787104-24342/linked-list-cluster/ts-0/wal/wals/2c3d9174c33442d28f28f4d0cda9fc51/wal-000000057 (ops 331711-337558)
I0108 16:47:36.057190 24439 log.cc:1062] T 2c3d9174c33442d28f28f4d0cda9fc51 P e61264bf360a4a62a3a5e3b9f2875f5b: Deleting log segment in path: /data/somelongdirectorytoavoidrpathissues/src/kudutest/linked_list-test.LinkedListTest.TestLoadAndVerify.1578529919787104-24342/linked-list-cluster/ts-0/wal/wals/2c3d9174c33442d28f28f4d0cda9fc51/wal-000000058 (ops 337559-343500)
I0108 16:47:36.057324 24439 log.cc:1062] T 2c3d9174c33442d28f28f4d0cda9fc51 P e61264bf360a4a62a3a5e3b9f2875f5b: Deleting log segment in path: /data/somelongdirectorytoavoidrpathissues/src/kudutest/linked_list-test.LinkedListTest.TestLoadAndVerify.1578529919787104-24342/linked-list-cluster/ts-0/wal/wals/2c3d9174c33442d28f28f4d0cda9fc51/wal-000000059 (ops 343501-349367)
I0108 16:47:36.057425 24439 log.cc:1062] T 2c3d9174c33442d28f28f4d0cda9fc51 P e61264bf360a4a62a3a5e3b9f2875f5b: Deleting log segment in path: /data/somelongdirectorytoavoidrpathissues/src/kudutest/linked_list-test.LinkedListTest.TestLoadAndVerify.1578529919787104-24342/linked-list-cluster/ts-0/wal/wals/2c3d9174c33442d28f28f4d0cda9fc51/wal-000000060 (ops 349368-355259)
I0108 16:47:36.057490 24439 log.cc:1062] T 2c3d9174c33442d28f28f4d0cda9fc51 P e61264bf360a4a62a3a5e3b9f2875f5b: Deleting log segment in path: /data/somelongdirectorytoavoidrpathissues/src/kudutest/linked_list-test.LinkedListTest.TestLoadAndVerify.1578529919787104-24342/linked-list-cluster/ts-0/wal/wals/2c3d9174c33442d28f28f4d0cda9fc51/wal-000000061 (ops 355260-361210)
I0108 16:47:36.057570 24439 log.cc:1062] T 2c3d9174c33442d28f28f4d0cda9fc51 P e61264bf360a4a62a3a5e3b9f2875f5b: Deleting log segment in path: /data/somelongdirectorytoavoidrpathissues/src/kudutest/linked_list-test.LinkedListTest.TestLoadAndVerify.1578529919787104-24342/linked-list-cluster/ts-0/wal/wals/2c3d9174c33442d28f28f4d0cda9fc51/wal-000000062 (ops 361211-366993)
I0108 16:47:36.057653 24439 log.cc:1062] T 2c3d9174c33442d28f28f4d0cda9fc51 P e61264bf360a4a62a3a5e3b9f2875f5b: Deleting log segment in path: /data/somelongdirectorytoavoidrpathissues/src/kudutest/linked_list-test.LinkedListTest.TestLoadAndVerify.1578529919787104-24342/linked-list-cluster/ts-0/wal/wals/2c3d9174c33442d28f28f4d0cda9fc51/wal-000000063 (ops 366994-372927)
I0108 16:47:36.075870 24439 maintenance_manager.cc:527] P e61264bf360a4a62a3a5e3b9f2875f5b: LogGCOp(2c3d9174c33442d28f28f4d0cda9fc51) complete. Timing: real 0.019s user 0.001s sys 0.017s Metrics: {}
I0108 16:47:36.076061 24546 maintenance_manager.cc:326] P e61264bf360a4a62a3a5e3b9f2875f5b: Scheduling CompactRowSetsOp(2c3d9174c33442d28f28f4d0cda9fc51): perf score=0.686263
I0108 16:47:36.261237 24689 maintenance_manager.cc:527] P 72e6f176048945dea46e0f4305315d3c: FlushMRSOp(97a6791627c941a48f3269f2d00d1eea) complete. Timing: real 0.584s user 0.400s sys 0.019s Metrics: {"bytes_written":5409403,"cfile_init":1,"dirs.queue_time_us":88,"dirs.run_cpu_time_us":127,"dirs.run_wall_time_us":53276,"drs_written":1,"lbm_read_time_us":8,"lbm_reads_lt_1ms":4,"lbm_write_time_us":94223,"lbm_writes_1-10_ms":2,"lbm_writes_10-100_ms":4,"lbm_writes_lt_1ms":551,"rows_written":305792,"thread_start_us":86,"threads_started":2,"wal-append.queue_time_us":52}
