I0108 16:36:51.098755 24565 log.cc:1062] T 2c3d9174c33442d28f28f4d0cda9fc51 P 02a5a9f6601045b6b339c43c526fc29e: Deleting log segment in path: /data/somelongdirectorytoavoidrpathissues/src/kudutest/linked_list-test.LinkedListTest.TestLoadAndVerify.1578529919787104-24342/linked-list-cluster/ts-1/wal/wals/2c3d9174c33442d28f28f4d0cda9fc51/wal-000000020 (ops 112308-118172)
I0108 16:36:51.098814 24565 log.cc:1062] T 2c3d9174c33442d28f28f4d0cda9fc51 P 02a5a9f6601045b6b339c43c526fc29e: Deleting log segment in path: /data/somelongdirectorytoavoidrpathissues/src/kudutest/linked_list-test.LinkedListTest.TestLoadAndVerify.1578529919787104-24342/linked-list-cluster/ts-1/wal/wals/2c3d9174c33442d28f28f4d0cda9fc51/wal-000000021 (ops 118173-124126)
I0108 16:36:51.098906 24565 log.cc:1062] T 2c3d9174c33442d28f28f4d0cda9fc51 P 02a5a9f6601045b6b339c43c526fc29e: Deleting log segment in path: /data/somelongdirectorytoavoidrpathissues/src/kudutest/linked_list-test.LinkedListTest.TestLoadAndVerify.1578529919787104-24342/linked-list-cluster/ts-1/wal/wals/2c3d9174c33442d28f28f4d0cda9fc51/wal-000000022 (ops 124127-130053)
I0108 16:36:51.098963 24565 log.cc:1062] T 2c3d9174c33442d28f28f4d0cda9fc51 P 02a5a9f6601045b6b339c43c526fc29e: Deleting log segment in path: /data/somelongdirectorytoavoidrpathissues/src/kudutest/linked_list-test.LinkedListTest.TestLoadAndVerify.1578529919787104-24342/linked-list-cluster/ts-1/wal/wals/2c3d9174c33442d28f28f4d0cda9fc51/wal-000000023 (ops 130054-135856)
I0108 16:36:51.099015 24565 log.cc:1062] T 2c3d9174c33442d28f28f4d0cda9fc51 P 02a5a9f6601045b6b339c43c526fc29e: Deleting log segment in path: /data/somelongdirectorytoavoidrpathissues/src/kudutest/linked_list-test.LinkedListTest.TestLoadAndVerify.1578529919787104-24342/linked-list-cluster/ts-1/wal/wals/2c3d9174c33442d28f28f4d0cda9fc51/wal-000000024 (ops 135857-141751)
I0108 16:36:51.350870 24565 maintenance_manager.cc:527] P 02a5a9f6601045b6b339c43c526fc29e: LogGCOp(2c3d9174c33442d28f28f4d0cda9fc51) complete. Timing: real 0.253s user 0.000s sys 0.039s Metrics: {}
I0108 16:36:51.352246 24671 maintenance_manager.cc:326] P 02a5a9f6601045b6b339c43c526fc29e: Scheduling CompactRowSetsOp(2c3d9174c33442d28f28f4d0cda9fc51): perf score=1.004997
I0108 16:37:00.349815 24342 linked_list-test-util.h:528] Sample at HT timestamp: 6465659782548680704 Inserted count: 7989850 ------------------------------------------------------------ Histogram for latency of insert operations (microseconds) Note: each insert is a batch of 50 rows. ------------------------------------------------------------ Count: 160000 Mean: 1696.21 Percentiles: 0% (min) = 728 25% = 1308 50% (med) = 1467 75% = 1666 95% = 2170 99% = 6584 99.9% = 37984 99.99% = 69568 100% (max) = 258471
I0108 16:37:00.749554 24342 linked_list-test-util.h:519] Written 8000000 rows in chain ------------------------------------------------------------ Histogram for latency of insert operations (microseconds) Note: each insert is a batch of 50 rows. ------------------------------------------------------------ Count: 170000 Mean: 1708.24 Percentiles: 0% (min) = 728 25% = 1313 50% (med) = 1473 75% = 1675 95% = 2194 99% = 6644 99.9% = 38944 99.99% = 72960 100% (max) = 258471
I0108 16:37:21.354174 24342 linked_list-test-util.h:519] Written 8500000 rows in chain
I0108 16:37:24.363766 24439 maintenance_manager.cc:527] P e61264bf360a4a62a3a5e3b9f2875f5b: CompactRowSetsOp(2c3d9174c33442d28f28f4d0cda9fc51) complete. Timing: real 34.833s user 6.496s sys 0.713s Metrics: {"bytes_written":84679542,"cfile_cache_hit":260,"cfile_cache_hit_bytes":36741168,"cfile_cache_miss":11152,"cfile_cache_miss_bytes":303608666,"cfile_init":21,"delta_iterators_relevant":16,"dirs.queue_time_us":22019,"dirs.run_cpu_time_us":270,"dirs.run_wall_time_us":82727,"drs_written":3,"lbm_read_time_us":2030781,"lbm_reads_1-10_ms":270,"lbm_reads_10-100_ms":29,"lbm_reads_gt_100_ms":2,"lbm_reads_lt_1ms":10935,"lbm_write_time_us":1164004,"lbm_writes_1-10_ms":303,"lbm_writes_10-100_ms":9,"lbm_writes_lt_1ms":8262,"num_input_rowsets":4,"rows_written":4837515,"spinlock_wait_cycles":46825600,"thread_start_us":1107,"threads_started":11}
I0108 16:37:24.364187 24546 maintenance_manager.cc:326] P e61264bf360a4a62a3a5e3b9f2875f5b: Scheduling LogGCOp(2c3d9174c33442d28f28f4d0cda9fc51): free 100676675 bytes of WAL
I0108 16:37:24.368345 24439 log_reader.cc:379] T 2c3d9174c33442d28f28f4d0cda9fc51: removed 12 log segments from log reader
I0108 16:37:24.368366 24439 log.cc:1062] T 2c3d9174c33442d28f28f4d0cda9fc51 P e61264bf360a4a62a3a5e3b9f2875f5b: Deleting log segment in path: /data/somelongdirectorytoavoidrpathissues/src/kudutest/linked_list-test.LinkedListTest.TestLoadAndVerify.1578529919787104-24342/linked-list-cluster/ts-0/wal/wals/2c3d9174c33442d28f28f4d0cda9fc51/wal-000000013 (ops 70968-76894)
I0108 16:37:24.368429 24439 log.cc:1062] T 2c3d9174c33442d28f28f4d0cda9fc51 P e61264bf360a4a62a3a5e3b9f2875f5b: Deleting log segment in path: /data/somelongdirectorytoavoidrpathissues/src/kudutest/linked_list-test.LinkedListTest.TestLoadAndVerify.1578529919787104-24342/linked-list-cluster/ts-0/wal/wals/2c3d9174c33442d28f28f4d0cda9fc51/wal-000000014 (ops 76895-82792)
I0108 16:37:24.368465 24439 log.cc:1062] T 2c3d9174c33442d28f28f4d0cda9fc51 P e61264bf360a4a62a3a5e3b9f2875f5b: Deleting log segment in path: /data/somelongdirectorytoavoidrpathissues/src/kudutest/linked_list-test.LinkedListTest.TestLoadAndVerify.1578529919787104-24342/linked-list-cluster/ts-0/wal/wals/2c3d9174c33442d28f28f4d0cda9fc51/wal-000000015 (ops 82793-88652)
I0108 16:37:24.368496 24439 log.cc:1062] T 2c3d9174c33442d28f28f4d0cda9fc51 P e61264bf360a4a62a3a5e3b9f2875f5b: Deleting log segment in path: /data/somelongdirectorytoavoidrpathissues/src/kudutest/linked_list-test.LinkedListTest.TestLoadAndVerify.1578529919787104-24342/linked-list-cluster/ts-0/wal/wals/2c3d9174c33442d28f28f4d0cda9fc51/wal-000000016 (ops 88653-94555)
I0108 16:37:24.368530 24439 log.cc:1062] T 2c3d9174c33442d28f28f4d0cda9fc51 P e61264bf360a4a62a3a5e3b9f2875f5b: Deleting log segment in path: /data/somelongdirectorytoavoidrpathissues/src/kudutest/linked_list-test.LinkedListTest.TestLoadAndVerify.1578529919787104-24342/linked-list-cluster/ts-0/wal/wals/2c3d9174c33442d28f28f4d0cda9fc51/wal-000000017 (ops 94556-100442)
I0108 16:37:24.368553 24439 log.cc:1062] T 2c3d9174c33442d28f28f4d0cda9fc51 P e61264bf360a4a62a3a5e3b9f2875f5b: Deleting log segment in path: /data/somelongdirectorytoavoidrpathissues/src/kudutest/linked_list-test.LinkedListTest.TestLoadAndVerify.1578529919787104-24342/linked-list-cluster/ts-0/wal/wals/2c3d9174c33442d28f28f4d0cda9fc51/wal-000000018 (ops 100443-106387)
I0108 16:37:24.368578 24439 log.cc:1062] T 2c3d9174c33442d28f28f4d0cda9fc51 P e61264bf360a4a62a3a5e3b9f2875f5b: Deleting log segment in path: /data/somelongdirectorytoavoidrpathissues/src/kudutest/linked_list-test.LinkedListTest.TestLoadAndVerify.1578529919787104-24342/linked-list-cluster/ts-0/wal/wals/2c3d9174c33442d28f28f4d0cda9fc51/wal-000000019 (ops 106388-112309)
I0108 16:37:24.368598 24439 log.cc:1062] T 2c3d9174c33442d28f28f4d0cda9fc51 P e61264bf360a4a62a3a5e3b9f2875f5b: Deleting log segment in path: /data/somelongdirectorytoavoidrpathissues/src/kudutest/linked_list-test.LinkedListTest.TestLoadAndVerify.1578529919787104-24342/linked-list-cluster/ts-0/wal/wals/2c3d9174c33442d28f28f4d0cda9fc51/wal-000000020 (ops 112310-118171)
I0108 16:37:24.368619 24439 log.cc:1062] T 2c3d9174c33442d28f28f4d0cda9fc51 P e61264bf360a4a62a3a5e3b9f2875f5b: Deleting log segment in path: /data/somelongdirectorytoavoidrpathissues/src/kudutest/linked_list-test.LinkedListTest.TestLoadAndVerify.1578529919787104-24342/linked-list-cluster/ts-0/wal/wals/2c3d9174c33442d28f28f4d0cda9fc51/wal-000000021 (ops 118172-124059)
I0108 16:37:24.368639 24439 log.cc:1062] T 2c3d9174c33442d28f28f4d0cda9fc51 P e61264bf360a4a62a3a5e3b9f2875f5b: Deleting log segment in path: /data/somelongdirectorytoavoidrpathissues/src/kudutest/linked_list-test.LinkedListTest.TestLoadAndVerify.1578529919787104-24342/linked-list-cluster/ts-0/wal/wals/2c3d9174c33442d28f28f4d0cda9fc51/wal-000000022 (ops 124060-129990)
I0108 16:37:24.368659 24439 log.cc:1062] T 2c3d9174c33442d28f28f4d0cda9fc51 P e61264bf360a4a62a3a5e3b9f2875f5b: Deleting log segment in path: /data/somelongdirectorytoavoidrpathissues/src/kudutest/linked_list-test.LinkedListTest.TestLoadAndVerify.1578529919787104-24342/linked-list-cluster/ts-0/wal/wals/2c3d9174c33442d28f28f4d0cda9fc51/wal-000000023 (ops 129991-135855)
I0108 16:37:24.368674 24439 log.cc:1062] T 2c3d9174c33442d28f28f4d0cda9fc51 P e61264bf360a4a62a3a5e3b9f2875f5b: Deleting log segment in path: /data/somelongdirectorytoavoidrpathissues/src/kudutest/linked_list-test.LinkedListTest.TestLoadAndVerify.1578529919787104-24342/linked-list-cluster/ts-0/wal/wals/2c3d9174c33442d28f28f4d0cda9fc51/wal-000000024 (ops 135856-141813)
I0108 16:37:24.429432 24439 maintenance_manager.cc:527] P e61264bf360a4a62a3a5e3b9f2875f5b: LogGCOp(2c3d9174c33442d28f28f4d0cda9fc51) complete. Timing: real 0.061s user 0.003s sys 0.025s Metrics: {}
I0108 16:37:24.429651 24546 maintenance_manager.cc:326] P e61264bf360a4a62a3a5e3b9f2875f5b: Scheduling UndoDeltaBlockGCOp(2c3d9174c33442d28f28f4d0cda9fc51): 98972095 bytes on disk
I0108 16:37:24.563591 24439 maintenance_manager.cc:527] P e61264bf360a4a62a3a5e3b9f2875f5b: UndoDeltaBlockGCOp(2c3d9174c33442d28f28f4d0cda9fc51) complete. Timing: real 0.134s user 0.000s sys 0.000s Metrics: {"cfile_init":3,"lbm_read_time_us":133709,"lbm_reads_1-10_ms":2,"lbm_reads_10-100_ms":4,"lbm_reads_lt_1ms":6}
I0108 16:37:24.818334 24565 maintenance_manager.cc:527] P 02a5a9f6601045b6b339c43c526fc29e: CompactRowSetsOp(2c3d9174c33442d28f28f4d0cda9fc51) complete. Timing: real 33.466s user 6.516s sys 0.684s Metrics: {"bytes_written":84586312,"cfile_cache_hit":256,"cfile_cache_hit_bytes":36035810,"cfile_cache_miss":11148,"cfile_cache_miss_bytes":303876002,"cfile_init":21,"delta_iterators_relevant":16,"dirs.queue_time_us":8206,"dirs.run_cpu_time_us":241,"dirs.run_wall_time_us":92079,"drs_written":3,"lbm_read_time_us":2536159,"lbm_reads_1-10_ms":271,"lbm_reads_10-100_ms":38,"lbm_reads_gt_100_ms":2,"lbm_reads_lt_1ms":10921,"lbm_write_time_us":1048862,"lbm_writes_1-10_ms":274,"lbm_writes_10-100_ms":6,"lbm_writes_lt_1ms":8286,"num_input_rowsets":4,"rows_written":4832119,"spinlock_wait_cycles":177876480,"thread_start_us":93,"threads_started":3}
I0108 16:37:24.818467 24671 maintenance_manager.cc:326] P 02a5a9f6601045b6b339c43c526fc29e: Scheduling UndoDeltaBlockGCOp(2c3d9174c33442d28f28f4d0cda9fc51): 98850092 bytes on disk
I0108 16:37:24.818608 24565 maintenance_manager.cc:527] P 02a5a9f6601045b6b339c43c526fc29e: UndoDeltaBlockGCOp(2c3d9174c33442d28f28f4d0cda9fc51) complete. Timing: real 0.000s user 0.000s sys 0.000s Metrics: {"cfile_init":3,"lbm_read_time_us":23,"lbm_reads_lt_1ms":12}
I0108 16:37:24.984833 24689 maintenance_manager.cc:527] P 72e6f176048945dea46e0f4305315d3c: CompactRowSetsOp(2c3d9174c33442d28f28f4d0cda9fc51) complete. Timing: real 34.139s user 6.575s sys 0.670s Metrics: {"bytes_written":84705377,"cfile_cache_hit":255,"cfile_cache_hit_bytes":35986237,"cfile_cache_miss":11157,"cfile_cache_miss_bytes":304429131,"cfile_init":21,"delta_iterators_relevant":16,"dirs.queue_time_us":17153,"dirs.run_cpu_time_us":235,"dirs.run_wall_time_us":107635,"drs_written":3,"lbm_read_time_us":2546414,"lbm_reads_1-10_ms":240,"lbm_reads_10-100_ms":26,"lbm_reads_gt_100_ms":6,"lbm_reads_lt_1ms":10969,"lbm_write_time_us":1321679,"lbm_writes_1-10_ms":302,"lbm_writes_10-100_ms":17,"lbm_writes_lt_1ms":8258,"num_input_rowsets":4,"rows_written":4839060,"spinlock_wait_cycles":254933120,"thread_start_us":483,"threads_started":11}
I0108 16:37:24.985050 24795 maintenance_manager.cc:326] P 72e6f176048945dea46e0f4305315d3c: Scheduling UndoDeltaBlockGCOp(2c3d9174c33442d28f28f4d0cda9fc51): 99004383 bytes on disk
I0108 16:37:25.054308 24689 maintenance_manager.cc:527] P 72e6f176048945dea46e0f4305315d3c: UndoDeltaBlockGCOp(2c3d9174c33442d28f28f4d0cda9fc51) complete. Timing: real 0.069s user 0.000s sys 0.000s Metrics: {"cfile_init":3,"lbm_read_time_us":69043,"lbm_reads_1-10_ms":2,"lbm_reads_10-100_ms":2,"lbm_reads_lt_1ms":8} ------------------------------------------------------------ Histogram for latency of insert operations (microseconds) Note: each insert is a batch of 50 rows. ------------------------------------------------------------ Count: 180000 Mean: 1722.03 Percentiles: 0% (min) = 728
I0108 16:37:42.776893 24342 linked_list-test-util.h:519] Written 9000000 rows in chain 25% = 1315 50% (med) = 1475 75% = 1676 95% = 2196 99% = 6772 99.9% = 40320 99.99% = 79872 100% (max) = 398140 ------------------------------------------------------------ Histogram for latency of insert operations (microseconds) Note: each insert is a batch of 50 rows. ------------------------------------------------------------ Count: 190000 Mean: 1725.54 Percentiles: 0% (min) = 728 25% = 1318 50% (med) = 1478 75% = 1679 95% = 2198 99% = 6788 99.9% = 40672 99.99% = 79424 100% (max) = 398140
I0108 16:38:02.407656 24342 linked_list-test-util.h:519] Written 9500000 rows in chain
I0108 16:38:08.094918 24795 maintenance_manager.cc:326] P 72e6f176048945dea46e0f4305315d3c: Scheduling FlushMRSOp(c0c87b04bc0f4f37876458fbfb4bdf03): perf score=0.033367
I0108 16:38:08.103818 24671 maintenance_manager.cc:326] P 02a5a9f6601045b6b339c43c526fc29e: Scheduling FlushMRSOp(97a6791627c941a48f3269f2d00d1eea): perf score=0.033348
I0108 16:38:08.863179 24546 maintenance_manager.cc:326] P e61264bf360a4a62a3a5e3b9f2875f5b: Scheduling FlushMRSOp(c0c87b04bc0f4f37876458fbfb4bdf03): perf score=0.033389
I0108 16:38:12.210250 24565 maintenance_manager.cc:527] P 02a5a9f6601045b6b339c43c526fc29e: FlushMRSOp(97a6791627c941a48f3269f2d00d1eea) complete. Timing: real 4.106s user 0.751s sys 0.064s Metrics: {"bytes_written":8846443,"cfile_init":1,"delete_count":0,"dirs.queue_time_us":14131,"dirs.run_cpu_time_us":110,"dirs.run_wall_time_us":25530,"drs_written":1,"lbm_read_time_us":7,"lbm_reads_lt_1ms":4,"lbm_write_time_us":119783,"lbm_writes_1-10_ms":37,"lbm_writes_lt_1ms":869,"reinsert_count":0,"rows_written":501076,"thread_start_us":63,"threads_started":1,"update_count":3434}
I0108 16:38:12.210537 24671 maintenance_manager.cc:326] P 02a5a9f6601045b6b339c43c526fc29e: Scheduling LogGCOp(97a6791627c941a48f3269f2d00d1eea): free 41932711 bytes of WAL
I0108 16:38:12.210613 24565 log_reader.cc:379] T 97a6791627c941a48f3269f2d00d1eea: removed 5 log segments from log reader
I0108 16:38:12.210661 24565 log.cc:1062] T 97a6791627c941a48f3269f2d00d1eea P 02a5a9f6601045b6b339c43c526fc29e: Deleting log segment in path: /data/somelongdirectorytoavoidrpathissues/src/kudutest/linked_list-test.LinkedListTest.TestLoadAndVerify.1578529919787104-24342/linked-list-cluster/ts-1/wal/wals/97a6791627c941a48f3269f2d00d1eea/wal-000000011 (ops 124572-137020)
I0108 16:38:12.210747 24565 log.cc:1062] T 97a6791627c941a48f3269f2d00d1eea P 02a5a9f6601045b6b339c43c526fc29e: Deleting log segment in path: /data/somelongdirectorytoavoidrpathissues/src/kudutest/linked_list-test.LinkedListTest.TestLoadAndVerify.1578529919787104-24342/linked-list-cluster/ts-1/wal/wals/97a6791627c941a48f3269f2d00d1eea/wal-000000012 (ops 137021-149414)
I0108 16:38:12.210808 24565 log.cc:1062] T 97a6791627c941a48f3269f2d00d1eea P 02a5a9f6601045b6b339c43c526fc29e: Deleting log segment in path: /data/somelongdirectorytoavoidrpathissues/src/kudutest/linked_list-test.LinkedListTest.TestLoadAndVerify.1578529919787104-24342/linked-list-cluster/ts-1/wal/wals/97a6791627c941a48f3269f2d00d1eea/wal-000000013 (ops 149415-161859)
I0108 16:38:12.211246 24565 log.cc:1062] T 97a6791627c941a48f3269f2d00d1eea P 02a5a9f6601045b6b339c43c526fc29e: Deleting log segment in path: /data/somelongdirectorytoavoidrpathissues/src/kudutest/linked_list-test.LinkedListTest.TestLoadAndVerify.1578529919787104-24342/linked-list-cluster/ts-1/wal/wals/97a6791627c941a48f3269f2d00d1eea/wal-000000014 (ops 161860-174310)
I0108 16:38:12.211309 24565 log.cc:1062] T 97a6791627c941a48f3269f2d00d1eea P 02a5a9f6601045b6b339c43c526fc29e: Deleting log segment in path: /data/somelongdirectorytoavoidrpathissues/src/kudutest/linked_list-test.LinkedListTest.TestLoadAndVerify.1578529919787104-24342/linked-list-cluster/ts-1/wal/wals/97a6791627c941a48f3269f2d00d1eea/wal-000000015 (ops 174311-186654)
I0108 16:38:12.255735 24565 maintenance_manager.cc:527] P 02a5a9f6601045b6b339c43c526fc29e: LogGCOp(97a6791627c941a48f3269f2d00d1eea) complete. Timing: real 0.045s user 0.002s sys 0.013s Metrics: {}
I0108 16:38:12.255885 24671 maintenance_manager.cc:326] P 02a5a9f6601045b6b339c43c526fc29e: Scheduling UndoDeltaBlockGCOp(97a6791627c941a48f3269f2d00d1eea): 9920610 bytes on disk
I0108 16:38:12.256016 24565 maintenance_manager.cc:527] P 02a5a9f6601045b6b339c43c526fc29e: UndoDeltaBlockGCOp(97a6791627c941a48f3269f2d00d1eea) complete. Timing: real 0.000s user 0.000s sys 0.000s Metrics: {"cfile_init":1,"lbm_read_time_us":10,"lbm_reads_lt_1ms":4}
I0108 16:38:12.256104 24671 maintenance_manager.cc:326] P 02a5a9f6601045b6b339c43c526fc29e: Scheduling CompactRowSetsOp(97a6791627c941a48f3269f2d00d1eea): perf score=1.000965
I0108 16:38:12.406285 24689 maintenance_manager.cc:527] P 72e6f176048945dea46e0f4305315d3c: FlushMRSOp(c0c87b04bc0f4f37876458fbfb4bdf03) complete. Timing: real 4.311s user 0.745s sys 0.059s Metrics: {"bytes_written":8838735,"cfile_init":1,"delete_count":0,"dirs.queue_time_us":9560,"dirs.run_cpu_time_us":124,"dirs.run_wall_time_us":30996,"drs_written":1,"lbm_read_time_us":7,"lbm_reads_lt_1ms":4,"lbm_write_time_us":226269,"lbm_writes_1-10_ms":47,"lbm_writes_10-100_ms":4,"lbm_writes_lt_1ms":853,"reinsert_count":0,"rows_written":500908,"thread_start_us":36,"threads_started":1,"update_count":3349}
I0108 16:38:12.407124 24795 maintenance_manager.cc:326] P 72e6f176048945dea46e0f4305315d3c: Scheduling CompactRowSetsOp(c0c87b04bc0f4f37876458fbfb4bdf03): perf score=1.000967
I0108 16:38:13.033967 24439 maintenance_manager.cc:527] P e61264bf360a4a62a3a5e3b9f2875f5b: FlushMRSOp(c0c87b04bc0f4f37876458fbfb4bdf03) complete. Timing: real 4.170s user 0.784s sys 0.061s Metrics: {"bytes_written":8871927,"cfile_init":1,"delete_count":0,"dirs.queue_time_us":82,"dirs.run_cpu_time_us":130,"dirs.run_wall_time_us":65617,"drs_written":1,"lbm_read_time_us":7,"lbm_reads_lt_1ms":4,"lbm_write_time_us":149889,"lbm_writes_1-10_ms":35,"lbm_writes_10-100_ms":1,"lbm_writes_lt_1ms":873,"reinsert_count":0,"rows_written":503247,"thread_start_us":38,"threads_started":1,"update_count":2382}
I0108 16:38:13.034155 24546 maintenance_manager.cc:326] P e61264bf360a4a62a3a5e3b9f2875f5b: Scheduling LogGCOp(c0c87b04bc0f4f37876458fbfb4bdf03): free 42000894 bytes of WAL
I0108 16:38:13.035403 24439 log_reader.cc:379] T c0c87b04bc0f4f37876458fbfb4bdf03: removed 5 log segments from log reader
I0108 16:38:13.035601 24439 log.cc:1062] T c0c87b04bc0f4f37876458fbfb4bdf03 P e61264bf360a4a62a3a5e3b9f2875f5b: Deleting log segment in path: /data/somelongdirectorytoavoidrpathissues/src/kudutest/linked_list-test.LinkedListTest.TestLoadAndVerify.1578529919787104-24342/linked-list-cluster/ts-0/wal/wals/c0c87b04bc0f4f37876458fbfb4bdf03/wal-000000011 (ops 124004-136447)
I0108 16:38:13.035679 24439 log.cc:1062] T c0c87b04bc0f4f37876458fbfb4bdf03 P e61264bf360a4a62a3a5e3b9f2875f5b: Deleting log segment in path: /data/somelongdirectorytoavoidrpathissues/src/kudutest/linked_list-test.LinkedListTest.TestLoadAndVerify.1578529919787104-24342/linked-list-cluster/ts-0/wal/wals/c0c87b04bc0f4f37876458fbfb4bdf03/wal-000000012 (ops 136448-148873)
I0108 16:38:13.035836 24439 log.cc:1062] T c0c87b04bc0f4f37876458fbfb4bdf03 P e61264bf360a4a62a3a5e3b9f2875f5b: Deleting log segment in path: /data/somelongdirectorytoavoidrpathissues/src/kudutest/linked_list-test.LinkedListTest.TestLoadAndVerify.1578529919787104-24342/linked-list-cluster/ts-0/wal/wals/c0c87b04bc0f4f37876458fbfb4bdf03/wal-000000013 (ops 148874-161244)
I0108 16:38:13.035903 24439 log.cc:1062] T c0c87b04bc0f4f37876458fbfb4bdf03 P e61264bf360a4a62a3a5e3b9f2875f5b: Deleting log segment in path: /data/somelongdirectorytoavoidrpathissues/src/kudutest/linked_list-test.LinkedListTest.TestLoadAndVerify.1578529919787104-24342/linked-list-cluster/ts-0/wal/wals/c0c87b04bc0f4f37876458fbfb4bdf03/wal-000000014 (ops 161245-173620)
I0108 16:38:13.038120 24439 log.cc:1062] T c0c87b04bc0f4f37876458fbfb4bdf03 P e61264bf360a4a62a3a5e3b9f2875f5b: Deleting log segment in path: /data/somelongdirectorytoavoidrpathissues/src/kudutest/linked_list-test.LinkedListTest.TestLoadAndVerify.1578529919787104-24342/linked-list-cluster/ts-0/wal/wals/c0c87b04bc0f4f37876458fbfb4bdf03/wal-000000015 (ops 173621-186054)
I0108 16:38:13.156936 24439 maintenance_manager.cc:527] P e61264bf360a4a62a3a5e3b9f2875f5b: LogGCOp(c0c87b04bc0f4f37876458fbfb4bdf03) complete. Timing: real 0.121s user 0.000s sys 0.022s Metrics: {}
I0108 16:38:13.158080 24546 maintenance_manager.cc:326] P e61264bf360a4a62a3a5e3b9f2875f5b: Scheduling CompactRowSetsOp(c0c87b04bc0f4f37876458fbfb4bdf03): perf score=1.000944
I0108 16:38:22.113323 24689 maintenance_manager.cc:527] P 72e6f176048945dea46e0f4305315d3c: CompactRowSetsOp(c0c87b04bc0f4f37876458fbfb4bdf03) complete. Timing: real 9.706s user 2.192s sys 0.215s Metrics: {"bytes_written":28051547,"cfile_cache_hit":75,"cfile_cache_hit_bytes":9928613,"cfile_cache_miss":3717,"cfile_cache_miss_bytes":103597907,"cfile_init":9,"delta_iterators_relevant":6,"dirs.queue_time_us":74,"dirs.run_cpu_time_us":102,"dirs.run_wall_time_us":52448,"drs_written":1,"lbm_read_time_us":496719,"lbm_reads_1-10_ms":81,"lbm_reads_10-100_ms":10,"lbm_reads_lt_1ms":3662,"lbm_write_time_us":293487,"lbm_writes_1-10_ms":61,"lbm_writes_10-100_ms":3,"lbm_writes_lt_1ms":2785,"num_input_rowsets":2,"rows_written":1606932,"spinlock_wait_cycles":8225152,"thread_start_us":267,"threads_started":9}
I0108 16:38:22.113667 24795 maintenance_manager.cc:326] P 72e6f176048945dea46e0f4305315d3c: Scheduling LogGCOp(c0c87b04bc0f4f37876458fbfb4bdf03): free 41962526 bytes of WAL
I0108 16:38:22.113739 24689 log_reader.cc:379] T c0c87b04bc0f4f37876458fbfb4bdf03: removed 5 log segments from log reader
I0108 16:38:22.113781 24689 log.cc:1062] T c0c87b04bc0f4f37876458fbfb4bdf03 P 72e6f176048945dea46e0f4305315d3c: Deleting log segment in path: /data/somelongdirectorytoavoidrpathissues/src/kudutest/linked_list-test.LinkedListTest.TestLoadAndVerify.1578529919787104-24342/linked-list-cluster/ts-2/wal/wals/c0c87b04bc0f4f37876458fbfb4bdf03/wal-000000011 (ops 124874-137381)
I0108 16:38:22.114468 24689 log.cc:1062] T c0c87b04bc0f4f37876458fbfb4bdf03 P 72e6f176048945dea46e0f4305315d3c: Deleting log segment in path: /data/somelongdirectorytoavoidrpathissues/src/kudutest/linked_list-test.LinkedListTest.TestLoadAndVerify.1578529919787104-24342/linked-list-cluster/ts-2/wal/wals/c0c87b04bc0f4f37876458fbfb4bdf03/wal-000000012 (ops 137382-149824)
I0108 16:38:22.114537 24689 log.cc:1062] T c0c87b04bc0f4f37876458fbfb4bdf03 P 72e6f176048945dea46e0f4305315d3c: Deleting log segment in path: /data/somelongdirectorytoavoidrpathissues/src/kudutest/linked_list-test.LinkedListTest.TestLoadAndVerify.1578529919787104-24342/linked-list-cluster/ts-2/wal/wals/c0c87b04bc0f4f37876458fbfb4bdf03/wal-000000013 (ops 149825-162339)
I0108 16:38:22.114598 24689 log.cc:1062] T c0c87b04bc0f4f37876458fbfb4bdf03 P 72e6f176048945dea46e0f4305315d3c: Deleting log segment in path: /data/somelongdirectorytoavoidrpathissues/src/kudutest/linked_list-test.LinkedListTest.TestLoadAndVerify.1578529919787104-24342/linked-list-cluster/ts-2/wal/wals/c0c87b04bc0f4f37876458fbfb4bdf03/wal-000000014 (ops 162340-174737)
I0108 16:38:22.115170 24689 log.cc:1062] T c0c87b04bc0f4f37876458fbfb4bdf03 P 72e6f176048945dea46e0f4305315d3c: Deleting log segment in path: /data/somelongdirectorytoavoidrpathissues/src/kudutest/linked_list-test.LinkedListTest.TestLoadAndVerify.1578529919787104-24342/linked-list-cluster/ts-2/wal/wals/c0c87b04bc0f4f37876458fbfb4bdf03/wal-000000015 (ops 174738-187236)
I0108 16:38:22.152892 24689 maintenance_manager.cc:527] P 72e6f176048945dea46e0f4305315d3c: LogGCOp(c0c87b04bc0f4f37876458fbfb4bdf03) complete. Timing: real 0.039s user 0.000s sys 0.014s Metrics: {}
I0108 16:38:22.153062 24795 maintenance_manager.cc:326] P 72e6f176048945dea46e0f4305315d3c: Scheduling UndoDeltaBlockGCOp(c0c87b04bc0f4f37876458fbfb4bdf03): 33291173 bytes on disk
I0108 16:38:22.187899 24689 maintenance_manager.cc:527] P 72e6f176048945dea46e0f4305315d3c: UndoDeltaBlockGCOp(c0c87b04bc0f4f37876458fbfb4bdf03) complete. Timing: real 0.035s user 0.000s sys 0.000s Metrics: {"cfile_init":1,"lbm_read_time_us":34698,"lbm_reads_1-10_ms":1,"lbm_reads_10-100_ms":1,"lbm_reads_lt_1ms":2}
I0108 16:38:22.188031 24795 maintenance_manager.cc:326] P 72e6f176048945dea46e0f4305315d3c: Scheduling FlushMRSOp(97a6791627c941a48f3269f2d00d1eea): perf score=0.034402
I0108 16:38:22.672348 24565 maintenance_manager.cc:527] P 02a5a9f6601045b6b339c43c526fc29e: CompactRowSetsOp(97a6791627c941a48f3269f2d00d1eea) complete. Timing: real 10.416s user 2.141s sys 0.262s Metrics: {"bytes_written":28080480,"cfile_cache_hit":80,"cfile_cache_hit_bytes":10720300,"cfile_cache_miss":3716,"cfile_cache_miss_bytes":102938992,"cfile_init":8,"delta_iterators_relevant":6,"dirs.queue_time_us":6072,"dirs.run_cpu_time_us":92,"dirs.run_wall_time_us":31884,"drs_written":1,"lbm_read_time_us":959000,"lbm_reads_1-10_ms":79,"lbm_reads_10-100_ms":14,"lbm_reads_gt_100_ms":2,"lbm_reads_lt_1ms":3653,"lbm_write_time_us":372115,"lbm_writes_1-10_ms":88,"lbm_writes_10-100_ms":3,"lbm_writes_lt_1ms":2761,"num_input_rowsets":2,"rows_written":1608493,"spinlock_wait_cycles":16092544,"thread_start_us":441,"threads_started":9}
I0108 16:38:22.672458 24671 maintenance_manager.cc:326] P 02a5a9f6601045b6b339c43c526fc29e: Scheduling UndoDeltaBlockGCOp(97a6791627c941a48f3269f2d00d1eea): 33333162 bytes on disk
I0108 16:38:22.672574 24565 maintenance_manager.cc:527] P 02a5a9f6601045b6b339c43c526fc29e: UndoDeltaBlockGCOp(97a6791627c941a48f3269f2d00d1eea) complete. Timing: real 0.000s user 0.000s sys 0.000s Metrics: {"cfile_init":1,"lbm_read_time_us":10,"lbm_reads_lt_1ms":4}
I0108 16:38:22.672655 24671 maintenance_manager.cc:326] P 02a5a9f6601045b6b339c43c526fc29e: Scheduling FlushMRSOp(c0c87b04bc0f4f37876458fbfb4bdf03): perf score=0.034513 ------------------------------------------------------------ Histogram for latency of insert operations (microseconds) Note: each insert is a batch of 50 rows. ------------------------------------------------------------ Count: 200000 Mean: 1733.88 Percentiles: 0% (min) = 728 25% = 1321 50% (med) = 1481 75% = 1683 95% = 2212 99% = 6864 99.9% = 41632 99.99% = 80000 100% (max) = 398140
I0108 16:38:22.958241 24342 linked_list-test-util.h:519] Written 10000000 rows in chain
I0108 16:38:23.750663 24439 maintenance_manager.cc:527] P e61264bf360a4a62a3a5e3b9f2875f5b: CompactRowSetsOp(c0c87b04bc0f4f37876458fbfb4bdf03) complete. Timing: real 10.592s user 2.214s sys 0.216s Metrics: {"bytes_written":28107825,"cfile_cache_hit":85,"cfile_cache_hit_bytes":11419642,"cfile_cache_miss":3715,"cfile_cache_miss_bytes":102331498,"cfile_init":9,"delta_iterators_relevant":6,"dirs.queue_time_us":12538,"dirs.run_cpu_time_us":95,"dirs.run_wall_time_us":81434,"drs_written":1,"lbm_read_time_us":971885,"lbm_reads_1-10_ms":68,"lbm_reads_10-100_ms":14,"lbm_reads_gt_100_ms":1,"lbm_reads_lt_1ms":3668,"lbm_write_time_us":344140,"lbm_writes_1-10_ms":74,"lbm_writes_10-100_ms":3,"lbm_writes_lt_1ms":2778,"num_input_rowsets":2,"rows_written":1610146,"spinlock_wait_cycles":11008,"thread_start_us":3566,"threads_started":9}
I0108 16:38:23.750838 24546 maintenance_manager.cc:326] P e61264bf360a4a62a3a5e3b9f2875f5b: Scheduling UndoDeltaBlockGCOp(c0c87b04bc0f4f37876458fbfb4bdf03): 33364378 bytes on disk
I0108 16:38:23.754547 24439 maintenance_manager.cc:527] P e61264bf360a4a62a3a5e3b9f2875f5b: UndoDeltaBlockGCOp(c0c87b04bc0f4f37876458fbfb4bdf03) complete. Timing: real 0.000s user 0.000s sys 0.000s Metrics: {"cfile_init":1,"lbm_read_time_us":9,"lbm_reads_lt_1ms":4}
I0108 16:38:23.754711 24546 maintenance_manager.cc:326] P e61264bf360a4a62a3a5e3b9f2875f5b: Scheduling FlushMRSOp(97a6791627c941a48f3269f2d00d1eea): perf score=0.034612
I0108 16:38:25.212360 24689 maintenance_manager.cc:527] P 72e6f176048945dea46e0f4305315d3c: FlushMRSOp(97a6791627c941a48f3269f2d00d1eea) complete. Timing: real 3.024s user 0.774s sys 0.054s Metrics: {"bytes_written":9057321,"cfile_init":1,"delete_count":0,"dirs.queue_time_us":12871,"dirs.run_cpu_time_us":85,"dirs.run_wall_time_us":34340,"drs_written":1,"lbm_read_time_us":8,"lbm_reads_lt_1ms":4,"lbm_write_time_us":146931,"lbm_writes_1-10_ms":28,"lbm_writes_10-100_ms":2,"lbm_writes_lt_1ms":897,"reinsert_count":0,"rows_written":514261,"thread_start_us":30,"threads_started":1,"update_count":2007}
I0108 16:38:25.217665 24795 maintenance_manager.cc:326] P 72e6f176048945dea46e0f4305315d3c: Scheduling LogGCOp(97a6791627c941a48f3269f2d00d1eea): free 42030608 bytes of WAL
I0108 16:38:25.217986 24689 log_reader.cc:379] T 97a6791627c941a48f3269f2d00d1eea: removed 5 log segments from log reader
I0108 16:38:25.218040 24689 log.cc:1062] T 97a6791627c941a48f3269f2d00d1eea P 72e6f176048945dea46e0f4305315d3c: Deleting log segment in path: /data/somelongdirectorytoavoidrpathissues/src/kudutest/linked_list-test.LinkedListTest.TestLoadAndVerify.1578529919787104-24342/linked-list-cluster/ts-2/wal/wals/97a6791627c941a48f3269f2d00d1eea/wal-000000011 (ops 123977-136447)
I0108 16:38:25.218140 24689 log.cc:1062] T 97a6791627c941a48f3269f2d00d1eea P 72e6f176048945dea46e0f4305315d3c: Deleting log segment in path: /data/somelongdirectorytoavoidrpathissues/src/kudutest/linked_list-test.LinkedListTest.TestLoadAndVerify.1578529919787104-24342/linked-list-cluster/ts-2/wal/wals/97a6791627c941a48f3269f2d00d1eea/wal-000000012 (ops 136448-148824)
I0108 16:38:25.218221 24689 log.cc:1062] T 97a6791627c941a48f3269f2d00d1eea P 72e6f176048945dea46e0f4305315d3c: Deleting log segment in path: /data/somelongdirectorytoavoidrpathissues/src/kudutest/linked_list-test.LinkedListTest.TestLoadAndVerify.1578529919787104-24342/linked-list-cluster/ts-2/wal/wals/97a6791627c941a48f3269f2d00d1eea/wal-000000013 (ops 148825-161259)
I0108 16:38:25.218288 24689 log.cc:1062] T 97a6791627c941a48f3269f2d00d1eea P 72e6f176048945dea46e0f4305315d3c: Deleting log segment in path: /data/somelongdirectorytoavoidrpathissues/src/kudutest/linked_list-test.LinkedListTest.TestLoadAndVerify.1578529919787104-24342/linked-list-cluster/ts-2/wal/wals/97a6791627c941a48f3269f2d00d1eea/wal-000000014 (ops 161260-173602)
I0108 16:38:25.218783 24689 log.cc:1062] T 97a6791627c941a48f3269f2d00d1eea P 72e6f176048945dea46e0f4305315d3c: Deleting log segment in path: /data/somelongdirectorytoavoidrpathissues/src/kudutest/linked_list-test.LinkedListTest.TestLoadAndVerify.1578529919787104-24342/linked-list-cluster/ts-2/wal/wals/97a6791627c941a48f3269f2d00d1eea/wal-000000015 (ops 173603-186025)
I0108 16:38:25.241221 24689 maintenance_manager.cc:527] P 72e6f176048945dea46e0f4305315d3c: LogGCOp(97a6791627c941a48f3269f2d00d1eea) complete. Timing: real 0.023s user 0.000s sys 0.013s Metrics: {}
I0108 16:38:25.249650 24795 maintenance_manager.cc:326] P 72e6f176048945dea46e0f4305315d3c: Scheduling CompactRowSetsOp(97a6791627c941a48f3269f2d00d1eea): perf score=1.000834
I0108 16:38:26.476074 24565 maintenance_manager.cc:527] P 02a5a9f6601045b6b339c43c526fc29e: FlushMRSOp(c0c87b04bc0f4f37876458fbfb4bdf03) complete. Timing: real 3.803s user 0.781s sys 0.076s Metrics: {"bytes_written":9062410,"cfile_init":1,"delete_count":0,"dirs.queue_time_us":25923,"dirs.run_cpu_time_us":50,"dirs.run_wall_time_us":50,"drs_written":1,"lbm_read_time_us":8,"lbm_reads_lt_1ms":4,"lbm_write_time_us":229828,"lbm_writes_1-10_ms":34,"lbm_writes_10-100_ms":3,"lbm_writes_lt_1ms":893,"reinsert_count":0,"rows_written":515891,"thread_start_us":30,"threads_started":1,"update_count":24}
I0108 16:38:26.476285 24671 maintenance_manager.cc:326] P 02a5a9f6601045b6b339c43c526fc29e: Scheduling LogGCOp(c0c87b04bc0f4f37876458fbfb4bdf03): free 42016020 bytes of WAL
I0108 16:38:26.476361 24565 log_reader.cc:379] T c0c87b04bc0f4f37876458fbfb4bdf03: removed 5 log segments from log reader
I0108 16:38:26.476864 24565 log.cc:1062] T c0c87b04bc0f4f37876458fbfb4bdf03 P 02a5a9f6601045b6b339c43c526fc29e: Deleting log segment in path: /data/somelongdirectorytoavoidrpathissues/src/kudutest/linked_list-test.LinkedListTest.TestLoadAndVerify.1578529919787104-24342/linked-list-cluster/ts-1/wal/wals/c0c87b04bc0f4f37876458fbfb4bdf03/wal-000000011 (ops 124017-136492)
I0108 16:38:26.476953 24565 log.cc:1062] T c0c87b04bc0f4f37876458fbfb4bdf03 P 02a5a9f6601045b6b339c43c526fc29e: Deleting log segment in path: /data/somelongdirectorytoavoidrpathissues/src/kudutest/linked_list-test.LinkedListTest.TestLoadAndVerify.1578529919787104-24342/linked-list-cluster/ts-1/wal/wals/c0c87b04bc0f4f37876458fbfb4bdf03/wal-000000012 (ops 136493-148887)
I0108 16:38:26.477028 24565 log.cc:1062] T c0c87b04bc0f4f37876458fbfb4bdf03 P 02a5a9f6601045b6b339c43c526fc29e: Deleting log segment in path: /data/somelongdirectorytoavoidrpathissues/src/kudutest/linked_list-test.LinkedListTest.TestLoadAndVerify.1578529919787104-24342/linked-list-cluster/ts-1/wal/wals/c0c87b04bc0f4f37876458fbfb4bdf03/wal-000000013 (ops 148888-161323)
I0108 16:38:26.477100 24565 log.cc:1062] T c0c87b04bc0f4f37876458fbfb4bdf03 P 02a5a9f6601045b6b339c43c526fc29e: Deleting log segment in path: /data/somelongdirectorytoavoidrpathissues/src/kudutest/linked_list-test.LinkedListTest.TestLoadAndVerify.1578529919787104-24342/linked-list-cluster/ts-1/wal/wals/c0c87b04bc0f4f37876458fbfb4bdf03/wal-000000014 (ops 161324-173688)
I0108 16:38:26.477205 24565 log.cc:1062] T c0c87b04bc0f4f37876458fbfb4bdf03 P 02a5a9f6601045b6b339c43c526fc29e: Deleting log segment in path: /data/somelongdirectorytoavoidrpathissues/src/kudutest/linked_list-test.LinkedListTest.TestLoadAndVerify.1578529919787104-24342/linked-list-cluster/ts-1/wal/wals/c0c87b04bc0f4f37876458fbfb4bdf03/wal-000000015 (ops 173689-186128)
I0108 16:38:26.508571 24565 maintenance_manager.cc:527] P 02a5a9f6601045b6b339c43c526fc29e: LogGCOp(c0c87b04bc0f4f37876458fbfb4bdf03) complete. Timing: real 0.032s user 0.000s sys 0.015s Metrics: {}
I0108 16:38:26.508724 24671 maintenance_manager.cc:326] P 02a5a9f6601045b6b339c43c526fc29e: Scheduling CompactRowSetsOp(c0c87b04bc0f4f37876458fbfb4bdf03): perf score=1.000816
I0108 16:38:27.033937 24439 maintenance_manager.cc:527] P e61264bf360a4a62a3a5e3b9f2875f5b: FlushMRSOp(97a6791627c941a48f3269f2d00d1eea) complete. Timing: real 3.275s user 0.793s sys 0.056s Metrics: {"bytes_written":9117191,"cfile_init":1,"delete_count":0,"dirs.queue_time_us":68,"dirs.run_cpu_time_us":84,"dirs.run_wall_time_us":58101,"drs_written":1,"lbm_read_time_us":8,"lbm_reads_lt_1ms":4,"lbm_write_time_us":147996,"lbm_writes_1-10_ms":27,"lbm_writes_10-100_ms":3,"lbm_writes_lt_1ms":905,"reinsert_count":0,"rows_written":518760,"thread_start_us":35,"threads_started":1,"update_count":297}
I0108 16:38:27.034051 24546 maintenance_manager.cc:326] P e61264bf360a4a62a3a5e3b9f2875f5b: Scheduling LogGCOp(97a6791627c941a48f3269f2d00d1eea): free 41991527 bytes of WAL
I0108 16:38:27.034092 24439 log_reader.cc:379] T 97a6791627c941a48f3269f2d00d1eea: removed 5 log segments from log reader
I0108 16:38:27.034104 24439 log.cc:1062] T 97a6791627c941a48f3269f2d00d1eea P e61264bf360a4a62a3a5e3b9f2875f5b: Deleting log segment in path: /data/somelongdirectorytoavoidrpathissues/src/kudutest/linked_list-test.LinkedListTest.TestLoadAndVerify.1578529919787104-24342/linked-list-cluster/ts-0/wal/wals/97a6791627c941a48f3269f2d00d1eea/wal-000000011 (ops 124826-137343)
I0108 16:38:27.034134 24439 log.cc:1062] T 97a6791627c941a48f3269f2d00d1eea P e61264bf360a4a62a3a5e3b9f2875f5b: Deleting log segment in path: /data/somelongdirectorytoavoidrpathissues/src/kudutest/linked_list-test.LinkedListTest.TestLoadAndVerify.1578529919787104-24342/linked-list-cluster/ts-0/wal/wals/97a6791627c941a48f3269f2d00d1eea/wal-000000012 (ops 137344-149758)
I0108 16:38:27.034157 24439 log.cc:1062] T 97a6791627c941a48f3269f2d00d1eea P e61264bf360a4a62a3a5e3b9f2875f5b: Deleting log segment in path: /data/somelongdirectorytoavoidrpathissues/src/kudutest/linked_list-test.LinkedListTest.TestLoadAndVerify.1578529919787104-24342/linked-list-cluster/ts-0/wal/wals/97a6791627c941a48f3269f2d00d1eea/wal-000000013 (ops 149759-162290)
I0108 16:38:27.034174 24439 log.cc:1062] T 97a6791627c941a48f3269f2d00d1eea P e61264bf360a4a62a3a5e3b9f2875f5b: Deleting log segment in path: /data/somelongdirectorytoavoidrpathissues/src/kudutest/linked_list-test.LinkedListTest.TestLoadAndVerify.1578529919787104-24342/linked-list-cluster/ts-0/wal/wals/97a6791627c941a48f3269f2d00d1eea/wal-000000014 (ops 162291-174669)
I0108 16:38:27.034198 24439 log.cc:1062] T 97a6791627c941a48f3269f2d00d1eea P e61264bf360a4a62a3a5e3b9f2875f5b: Deleting log segment in path: /data/somelongdirectorytoavoidrpathissues/src/kudutest/linked_list-test.LinkedListTest.TestLoadAndVerify.1578529919787104-24342/linked-list-cluster/ts-0/wal/wals/97a6791627c941a48f3269f2d00d1eea/wal-000000015 (ops 174670-187143)
I0108 16:38:27.080703 24439 maintenance_manager.cc:527] P e61264bf360a4a62a3a5e3b9f2875f5b: LogGCOp(97a6791627c941a48f3269f2d00d1eea) complete. Timing: real 0.047s user 0.000s sys 0.014s Metrics: {}
I0108 16:38:27.080850 24546 maintenance_manager.cc:326] P e61264bf360a4a62a3a5e3b9f2875f5b: Scheduling CompactRowSetsOp(97a6791627c941a48f3269f2d00d1eea): perf score=1.000788
I0108 16:38:29.770797 26317 rpcz_store.cc:269] Call kudu.tserver.TabletServerService.Write from 127.23.197.130:36790 (ReqId={client: dbcb5a880e8742629e06e9264dfb379f, seq_no=601060, attempt_no=0}) took 1029ms. Request Metrics: {"child_traces":[["txn",{"apply.queue_time_us":12,"cfile_cache_hit":2820,"cfile_cache_hit_bytes":11605608,"num_ops":17179,"prepare.queue_time_us":166,"prepare.run_cpu_time_us":18035,"prepare.run_wall_time_us":62368,"raft.queue_time_us":44,"raft.run_cpu_time_us":124,"raft.run_wall_time_us":180,"replication_time_us":10883,"spinlock_wait_cycles":3918080}]]}
I0108 16:38:36.816023 24689 maintenance_manager.cc:527] P 72e6f176048945dea46e0f4305315d3c: CompactRowSetsOp(97a6791627c941a48f3269f2d00d1eea) complete. Timing: real 11.566s user 2.257s sys 0.248s Metrics: {"bytes_written":29059393,"cfile_cache_hit":81,"cfile_cache_hit_bytes":10858684,"cfile_cache_miss":3851,"cfile_cache_miss_bytes":106878166,"cfile_init":9,"delta_iterators_relevant":6,"dirs.queue_time_us":7609,"dirs.run_cpu_time_us":168,"dirs.run_wall_time_us":37017,"drs_written":1,"lbm_read_time_us":808600,"lbm_reads_1-10_ms":108,"lbm_reads_10-100_ms":16,"lbm_reads_lt_1ms":3763,"lbm_write_time_us":409797,"lbm_writes_1-10_ms":86,"lbm_writes_10-100_ms":4,"lbm_writes_lt_1ms":2859,"num_input_rowsets":2,"rows_written":1665204,"spinlock_wait_cycles":128273152,"thread_start_us":1025,"threads_started":9}
I0108 16:38:36.816128 24795 maintenance_manager.cc:326] P 72e6f176048945dea46e0f4305315d3c: Scheduling UndoDeltaBlockGCOp(97a6791627c941a48f3269f2d00d1eea): 34571398 bytes on disk
I0108 16:38:36.821604 24689 maintenance_manager.cc:527] P 72e6f176048945dea46e0f4305315d3c: UndoDeltaBlockGCOp(97a6791627c941a48f3269f2d00d1eea) complete. Timing: real 0.000s user 0.000s sys 0.000s Metrics: {"cfile_init":1,"lbm_read_time_us":8,"lbm_reads_lt_1ms":4}
I0108 16:38:38.278017 26394 rpcz_store.cc:269] Call kudu.tserver.TabletServerService.Write from 127.23.197.131:58284 (ReqId={client: dbcb5a880e8742629e06e9264dfb379f, seq_no=613176, attempt_no=0}) took 1358ms. Request Metrics: {"child_traces":[["txn",{"apply.queue_time_us":131,"cfile_cache_hit":75,"cfile_cache_hit_bytes":317381,"cfile_cache_miss":889,"cfile_cache_miss_bytes":3650234,"lbm_read_time_us":1331447,"lbm_reads_1-10_ms":3,"lbm_reads_10-100_ms":12,"lbm_reads_gt_100_ms":6,"lbm_reads_lt_1ms":868,"num_ops":4104,"prepare.queue_time_us":19,"prepare.run_cpu_time_us":3213,"prepare.run_wall_time_us":3643,"raft.queue_time_us":26,"raft.run_cpu_time_us":79,"raft.run_wall_time_us":86,"replication_time_us":1222,"spinlock_wait_cycles":70656}]]}
I0108 16:38:38.534875 24565 maintenance_manager.cc:527] P 02a5a9f6601045b6b339c43c526fc29e: CompactRowSetsOp(c0c87b04bc0f4f37876458fbfb4bdf03) complete. Timing: real 12.026s user 2.099s sys 0.272s Metrics: {"bytes_written":29059511,"cfile_cache_hit":81,"cfile_cache_hit_bytes":10842409,"cfile_cache_miss":3851,"cfile_cache_miss_bytes":106887759,"cfile_init":9,"delta_iterators_relevant":6,"dirs.queue_time_us":868,"dirs.run_cpu_time_us":106,"dirs.run_wall_time_us":153025,"drs_written":1,"lbm_read_time_us":923336,"lbm_reads_1-10_ms":82,"lbm_reads_10-100_ms":12,"lbm_reads_gt_100_ms":2,"lbm_reads_lt_1ms":3791,"lbm_write_time_us":451253,"lbm_writes_1-10_ms":128,"lbm_writes_10-100_ms":2,"lbm_writes_lt_1ms":2819,"num_input_rowsets":2,"rows_written":1665293,"spinlock_wait_cycles":74600320,"thread_start_us":430,"threads_started":9}
I0108 16:38:38.535166 24671 maintenance_manager.cc:326] P 02a5a9f6601045b6b339c43c526fc29e: Scheduling UndoDeltaBlockGCOp(c0c87b04bc0f4f37876458fbfb4bdf03): 34571607 bytes on disk
I0108 16:38:38.536283 24565 maintenance_manager.cc:527] P 02a5a9f6601045b6b339c43c526fc29e: UndoDeltaBlockGCOp(c0c87b04bc0f4f37876458fbfb4bdf03) complete. Timing: real 0.000s user 0.000s sys 0.000s Metrics: {"cfile_init":1,"lbm_read_time_us":11,"lbm_reads_lt_1ms":4}
I0108 16:38:38.592876 24439 maintenance_manager.cc:527] P e61264bf360a4a62a3a5e3b9f2875f5b: CompactRowSetsOp(97a6791627c941a48f3269f2d00d1eea) complete. Timing: real 11.512s user 2.252s sys 0.216s Metrics: {"bytes_written":29165562,"cfile_cache_hit":83,"cfile_cache_hit_bytes":11147538,"cfile_cache_miss":3861,"cfile_cache_miss_bytes":107017534,"cfile_init":9,"delta_iterators_relevant":6,"dirs.queue_time_us":739,"dirs.run_cpu_time_us":140,"dirs.run_wall_time_us":40595,"drs_written":1,"lbm_read_time_us":787754,"lbm_reads_1-10_ms":75,"lbm_reads_10-100_ms":15,"lbm_reads_gt_100_ms":1,"lbm_reads_lt_1ms":3806,"lbm_write_time_us":398066,"lbm_writes_1-10_ms":103,"lbm_writes_10-100_ms":2,"lbm_writes_lt_1ms":2858,"mutex_wait_us":1,"num_input_rowsets":2,"rows_written":1671223,"spinlock_wait_cycles":7680,"thread_start_us":698,"threads_started":9}
I0108 16:38:38.592979 24546 maintenance_manager.cc:326] P e61264bf360a4a62a3a5e3b9f2875f5b: Scheduling UndoDeltaBlockGCOp(97a6791627c941a48f3269f2d00d1eea): 34705829 bytes on disk
I0108 16:38:38.629631 24439 maintenance_manager.cc:527] P e61264bf360a4a62a3a5e3b9f2875f5b: UndoDeltaBlockGCOp(97a6791627c941a48f3269f2d00d1eea) complete. Timing: real 0.037s user 0.000s sys 0.000s Metrics: {"cfile_init":1,"lbm_read_time_us":36545,"lbm_reads_1-10_ms":1,"lbm_reads_10-100_ms":1,"lbm_reads_lt_1ms":2} ------------------------------------------------------------ Histogram for latency of insert operations (microseconds) Note: each insert is a batch of 50 rows. ------------------------------------------------------------ Count: 210000 Mean: 1745.33 Percentiles: 0% (min) = 728 25% = 1323 50% (med) = 1484 75% = 1687 95% = 2224 99% = 6920 99.9% = 41984 99.99% = 83264 100% (max) = 593952
I0108 16:38:44.267355 24342 linked_list-test-util.h:519] Written 10500000 rows in chain
I0108 16:38:49.638509 24546 maintenance_manager.cc:326] P e61264bf360a4a62a3a5e3b9f2875f5b: Scheduling FlushMRSOp(2c3d9174c33442d28f28f4d0cda9fc51): perf score=0.033363
I0108 16:38:50.833204 24795 maintenance_manager.cc:326] P 72e6f176048945dea46e0f4305315d3c: Scheduling FlushMRSOp(2c3d9174c33442d28f28f4d0cda9fc51): perf score=0.033353
I0108 16:38:51.295944 24671 maintenance_manager.cc:326] P 02a5a9f6601045b6b339c43c526fc29e: Scheduling FlushMRSOp(2c3d9174c33442d28f28f4d0cda9fc51): perf score=0.033390 ------------------------------------------------------------
I0108 16:39:04.435278 24342 linked_list-test-util.h:519] Written 11000000 rows in chain Histogram for latency of insert operations (microseconds) Note: each insert is a batch of 50 rows. ------------------------------------------------------------ Count: 220000 Mean: 1750.45 Percentiles: 0% (min) = 728 25% = 1326 50% (med) = 1487 75% = 1691 95% = 2234 99% = 6956 99.9% = 41984 99.99% = 80256 100% (max) = 593952
W0108 16:39:08.725572 24439 tablet_replica.cc:929] Time spent Committing in-flights took a long time.: real 0.357s user 0.000s sys 0.000s
I0108 16:39:08.726527 24439 maintenance_manager.cc:527] P e61264bf360a4a62a3a5e3b9f2875f5b: FlushMRSOp(2c3d9174c33442d28f28f4d0cda9fc51) complete. Timing: real 19.088s user 3.672s sys 0.277s Metrics: {"bytes_written":39737465,"cfile_init":2,"delete_count":0,"dirs.queue_time_us":45349,"dirs.run_cpu_time_us":185,"dirs.run_wall_time_us":105615,"drs_written":2,"lbm_read_time_us":15,"lbm_reads_lt_1ms":8,"lbm_write_time_us":654193,"lbm_writes_1-10_ms":149,"lbm_writes_10-100_ms":6,"lbm_writes_lt_1ms":3859,"reinsert_count":0,"rows_written":2254574,"thread_start_us":59,"threads_started":2,"update_count":17436}
I0108 16:39:08.726783 24546 maintenance_manager.cc:326] P e61264bf360a4a62a3a5e3b9f2875f5b: Scheduling UndoDeltaBlockGCOp(2c3d9174c33442d28f28f4d0cda9fc51): 45029658 bytes on disk
I0108 16:39:08.727689 24439 maintenance_manager.cc:527] P e61264bf360a4a62a3a5e3b9f2875f5b: UndoDeltaBlockGCOp(2c3d9174c33442d28f28f4d0cda9fc51) complete. Timing: real 0.000s user 0.000s sys 0.000s Metrics: {"cfile_init":2,"lbm_read_time_us":16,"lbm_reads_lt_1ms":8}
I0108 16:39:08.727797 24546 maintenance_manager.cc:326] P e61264bf360a4a62a3a5e3b9f2875f5b: Scheduling CompactRowSetsOp(2c3d9174c33442d28f28f4d0cda9fc51): perf score=1.002760
I0108 16:39:10.970896 24689 maintenance_manager.cc:527] P 72e6f176048945dea46e0f4305315d3c: FlushMRSOp(2c3d9174c33442d28f28f4d0cda9fc51) complete. Timing: real 20.138s user 3.715s sys 0.302s Metrics: {"bytes_written":39918903,"cfile_init":2,"delete_count":0,"dirs.queue_time_us":20614,"dirs.run_cpu_time_us":248,"dirs.run_wall_time_us":226006,"drs_written":2,"lbm_read_time_us":15,"lbm_reads_lt_1ms":8,"lbm_write_time_us":801377,"lbm_writes_1-10_ms":159,"lbm_writes_10-100_ms":4,"lbm_writes_gt_100_ms":1,"lbm_writes_lt_1ms":3884,"reinsert_count":0,"rows_written":2273455,"thread_start_us":139,"threads_started":2,"update_count":3720}
I0108 16:39:10.983955 24795 maintenance_manager.cc:326] P 72e6f176048945dea46e0f4305315d3c: Scheduling LogGCOp(2c3d9174c33442d28f28f4d0cda9fc51): free 101024092 bytes of WAL
I0108 16:39:10.984066 24689 log_reader.cc:379] T 2c3d9174c33442d28f28f4d0cda9fc51: removed 12 log segments from log reader
I0108 16:39:10.984102 24689 log.cc:1062] T 2c3d9174c33442d28f28f4d0cda9fc51 P 72e6f176048945dea46e0f4305315d3c: Deleting log segment in path: /data/somelongdirectorytoavoidrpathissues/src/kudutest/linked_list-test.LinkedListTest.TestLoadAndVerify.1578529919787104-24342/linked-list-cluster/ts-2/wal/wals/2c3d9174c33442d28f28f4d0cda9fc51/wal-000000025 (ops 142491-148381)
I0108 16:39:10.984176 24689 log.cc:1062] T 2c3d9174c33442d28f28f4d0cda9fc51 P 72e6f176048945dea46e0f4305315d3c: Deleting log segment in path: /data/somelongdirectorytoavoidrpathissues/src/kudutest/linked_list-test.LinkedListTest.TestLoadAndVerify.1578529919787104-24342/linked-list-cluster/ts-2/wal/wals/2c3d9174c33442d28f28f4d0cda9fc51/wal-000000026 (ops 148382-154343)
I0108 16:39:10.984236 24689 log.cc:1062] T 2c3d9174c33442d28f28f4d0cda9fc51 P 72e6f176048945dea46e0f4305315d3c: Deleting log segment in path: /data/somelongdirectorytoavoidrpathissues/src/kudutest/linked_list-test.LinkedListTest.TestLoadAndVerify.1578529919787104-24342/linked-list-cluster/ts-2/wal/wals/2c3d9174c33442d28f28f4d0cda9fc51/wal-000000027 (ops 154344-160219)
I0108 16:39:10.984292 24689 log.cc:1062] T 2c3d9174c33442d28f28f4d0cda9fc51 P 72e6f176048945dea46e0f4305315d3c: Deleting log segment in path: /data/somelongdirectorytoavoidrpathissues/src/kudutest/linked_list-test.LinkedListTest.TestLoadAndVerify.1578529919787104-24342/linked-list-cluster/ts-2/wal/wals/2c3d9174c33442d28f28f4d0cda9fc51/wal-000000028 (ops 160220-166213)
I0108 16:39:10.984359 24689 log.cc:1062] T 2c3d9174c33442d28f28f4d0cda9fc51 P 72e6f176048945dea46e0f4305315d3c: Deleting log segment in path: /data/somelongdirectorytoavoidrpathissues/src/kudutest/linked_list-test.LinkedListTest.TestLoadAndVerify.1578529919787104-24342/linked-list-cluster/ts-2/wal/wals/2c3d9174c33442d28f28f4d0cda9fc51/wal-000000029 (ops 166214-172165)
I0108 16:39:10.984436 24689 log.cc:1062] T 2c3d9174c33442d28f28f4d0cda9fc51 P 72e6f176048945dea46e0f4305315d3c: Deleting log segment in path: /data/somelongdirectorytoavoidrpathissues/src/kudutest/linked_list-test.LinkedListTest.TestLoadAndVerify.1578529919787104-24342/linked-list-cluster/ts-2/wal/wals/2c3d9174c33442d28f28f4d0cda9fc51/wal-000000030 (ops 172166-178020)
I0108 16:39:10.984498 24689 log.cc:1062] T 2c3d9174c33442d28f28f4d0cda9fc51 P 72e6f176048945dea46e0f4305315d3c: Deleting log segment in path: /data/somelongdirectorytoavoidrpathissues/src/kudutest/linked_list-test.LinkedListTest.TestLoadAndVerify.1578529919787104-24342/linked-list-cluster/ts-2/wal/wals/2c3d9174c33442d28f28f4d0cda9fc51/wal-000000031 (ops 178021-183913)
I0108 16:39:10.984555 24689 log.cc:1062] T 2c3d9174c33442d28f28f4d0cda9fc51 P 72e6f176048945dea46e0f4305315d3c: Deleting log segment in path: /data/somelongdirectorytoavoidrpathissues/src/kudutest/linked_list-test.LinkedListTest.TestLoadAndVerify.1578529919787104-24342/linked-list-cluster/ts-2/wal/wals/2c3d9174c33442d28f28f4d0cda9fc51/wal-000000032 (ops 183914-189791)
I0108 16:39:10.984647 24689 log.cc:1062] T 2c3d9174c33442d28f28f4d0cda9fc51 P 72e6f176048945dea46e0f4305315d3c: Deleting log segment in path: /data/somelongdirectorytoavoidrpathissues/src/kudutest/linked_list-test.LinkedListTest.TestLoadAndVerify.1578529919787104-24342/linked-list-cluster/ts-2/wal/wals/2c3d9174c33442d28f28f4d0cda9fc51/wal-000000033 (ops 189792-195792)
