I0108 16:39:10.984702 24689 log.cc:1062] T 2c3d9174c33442d28f28f4d0cda9fc51 P 72e6f176048945dea46e0f4305315d3c: Deleting log segment in path: /data/somelongdirectorytoavoidrpathissues/src/kudutest/linked_list-test.LinkedListTest.TestLoadAndVerify.1578529919787104-24342/linked-list-cluster/ts-2/wal/wals/2c3d9174c33442d28f28f4d0cda9fc51/wal-000000034 (ops 195793-201726)
I0108 16:39:10.984751 24689 log.cc:1062] T 2c3d9174c33442d28f28f4d0cda9fc51 P 72e6f176048945dea46e0f4305315d3c: Deleting log segment in path: /data/somelongdirectorytoavoidrpathissues/src/kudutest/linked_list-test.LinkedListTest.TestLoadAndVerify.1578529919787104-24342/linked-list-cluster/ts-2/wal/wals/2c3d9174c33442d28f28f4d0cda9fc51/wal-000000035 (ops 201727-207720)
I0108 16:39:10.984800 24689 log.cc:1062] T 2c3d9174c33442d28f28f4d0cda9fc51 P 72e6f176048945dea46e0f4305315d3c: Deleting log segment in path: /data/somelongdirectorytoavoidrpathissues/src/kudutest/linked_list-test.LinkedListTest.TestLoadAndVerify.1578529919787104-24342/linked-list-cluster/ts-2/wal/wals/2c3d9174c33442d28f28f4d0cda9fc51/wal-000000036 (ops 207721-213697)
I0108 16:39:11.166115 24689 maintenance_manager.cc:527] P 72e6f176048945dea46e0f4305315d3c: LogGCOp(2c3d9174c33442d28f28f4d0cda9fc51) complete. Timing: real 0.177s user 0.000s sys 0.033s Metrics: {}
I0108 16:39:11.166682 24795 maintenance_manager.cc:326] P 72e6f176048945dea46e0f4305315d3c: Scheduling CompactRowSetsOp(2c3d9174c33442d28f28f4d0cda9fc51): perf score=1.002570
I0108 16:39:11.454020 24565 maintenance_manager.cc:527] P 02a5a9f6601045b6b339c43c526fc29e: FlushMRSOp(2c3d9174c33442d28f28f4d0cda9fc51) complete. Timing: real 20.158s user 3.713s sys 0.261s Metrics: {"bytes_written":40291605,"cfile_init":2,"delete_count":0,"dirs.queue_time_us":22033,"dirs.run_cpu_time_us":208,"dirs.run_wall_time_us":149224,"drs_written":2,"lbm_read_time_us":17,"lbm_reads_lt_1ms":8,"lbm_write_time_us":666787,"lbm_writes_1-10_ms":140,"lbm_writes_10-100_ms":4,"lbm_writes_gt_100_ms":1,"lbm_writes_lt_1ms":3931,"reinsert_count":0,"rows_written":2289230,"thread_start_us":58,"threads_started":2,"update_count":12554}
I0108 16:39:11.454190 24671 maintenance_manager.cc:326] P 02a5a9f6601045b6b339c43c526fc29e: Scheduling CompactRowSetsOp(2c3d9174c33442d28f28f4d0cda9fc51): perf score=1.002410 ------------------------------------------------------------ Histogram for latency of insert operations (microseconds) Note: each insert is a batch of 50 rows. ------------------------------------------------------------ Count: 230000 Mean: 1757.36 Percentiles: 0% (min) = 728 25% = 1329 50% (med) = 1490 75% = 1695 95% = 2244 99% = 7016 99.9% = 42688 99.99% = 80256 100% (max) = 593952
I0108 16:39:25.008324 24342 linked_list-test-util.h:519] Written 11500000 rows in chain ------------------------------------------------------------ Histogram for latency of insert operations (microseconds) Note: each insert is a batch of 50 rows. ------------------------------------------------------------ Count: 240000 Mean: 1763.86 Percentiles: 0% (min) = 728 25% = 1333 50% (med) = 1494 75% = 1700 95% = 2258 99% = 7080 99.9% = 43296 99.99% = 81216 100% (max) = 593952
I0108 16:39:45.723778 24342 linked_list-test-util.h:519] Written 12000000 rows in chain
W0108 16:40:02.807624 24439 tablet_replica.cc:929] Time spent Committing in-flights took a long time.: real 0.648s user 0.000s sys 0.000s
I0108 16:40:02.810659 24439 maintenance_manager.cc:527] P e61264bf360a4a62a3a5e3b9f2875f5b: CompactRowSetsOp(2c3d9174c33442d28f28f4d0cda9fc51) complete. Timing: real 54.083s user 9.495s sys 1.075s Metrics: {"bytes_written":123671318,"cfile_cache_hit":371,"cfile_cache_hit_bytes":52158421,"cfile_cache_miss":16349,"cfile_cache_miss_bytes":450481789,"cfile_init":21,"delta_iterators_relevant":14,"dirs.queue_time_us":27956,"dirs.run_cpu_time_us":405,"dirs.run_wall_time_us":165753,"drs_written":4,"lbm_read_time_us":4175958,"lbm_reads_1-10_ms":477,"lbm_reads_10-100_ms":57,"lbm_reads_gt_100_ms":4,"lbm_reads_lt_1ms":15895,"lbm_write_time_us":1779330,"lbm_writes_1-10_ms":437,"lbm_writes_10-100_ms":14,"lbm_writes_lt_1ms":12115,"num_input_rowsets":5,"rows_written":7092089,"spinlock_wait_cycles":467723904,"thread_start_us":124,"threads_started":4}
I0108 16:40:02.810798 24546 maintenance_manager.cc:326] P e61264bf360a4a62a3a5e3b9f2875f5b: Scheduling LogGCOp(2c3d9174c33442d28f28f4d0cda9fc51): free 100998050 bytes of WAL
I0108 16:40:02.810961 24439 log_reader.cc:379] T 2c3d9174c33442d28f28f4d0cda9fc51: removed 12 log segments from log reader
I0108 16:40:02.810974 24439 log.cc:1062] T 2c3d9174c33442d28f28f4d0cda9fc51 P e61264bf360a4a62a3a5e3b9f2875f5b: Deleting log segment in path: /data/somelongdirectorytoavoidrpathissues/src/kudutest/linked_list-test.LinkedListTest.TestLoadAndVerify.1578529919787104-24342/linked-list-cluster/ts-0/wal/wals/2c3d9174c33442d28f28f4d0cda9fc51/wal-000000025 (ops 141814-147713)
I0108 16:40:02.811010 24439 log.cc:1062] T 2c3d9174c33442d28f28f4d0cda9fc51 P e61264bf360a4a62a3a5e3b9f2875f5b: Deleting log segment in path: /data/somelongdirectorytoavoidrpathissues/src/kudutest/linked_list-test.LinkedListTest.TestLoadAndVerify.1578529919787104-24342/linked-list-cluster/ts-0/wal/wals/2c3d9174c33442d28f28f4d0cda9fc51/wal-000000026 (ops 147714-153567)
I0108 16:40:02.811035 24439 log.cc:1062] T 2c3d9174c33442d28f28f4d0cda9fc51 P e61264bf360a4a62a3a5e3b9f2875f5b: Deleting log segment in path: /data/somelongdirectorytoavoidrpathissues/src/kudutest/linked_list-test.LinkedListTest.TestLoadAndVerify.1578529919787104-24342/linked-list-cluster/ts-0/wal/wals/2c3d9174c33442d28f28f4d0cda9fc51/wal-000000027 (ops 153568-159542)
I0108 16:40:02.811059 24439 log.cc:1062] T 2c3d9174c33442d28f28f4d0cda9fc51 P e61264bf360a4a62a3a5e3b9f2875f5b: Deleting log segment in path: /data/somelongdirectorytoavoidrpathissues/src/kudutest/linked_list-test.LinkedListTest.TestLoadAndVerify.1578529919787104-24342/linked-list-cluster/ts-0/wal/wals/2c3d9174c33442d28f28f4d0cda9fc51/wal-000000028 (ops 159543-165463)
I0108 16:40:02.811081 24439 log.cc:1062] T 2c3d9174c33442d28f28f4d0cda9fc51 P e61264bf360a4a62a3a5e3b9f2875f5b: Deleting log segment in path: /data/somelongdirectorytoavoidrpathissues/src/kudutest/linked_list-test.LinkedListTest.TestLoadAndVerify.1578529919787104-24342/linked-list-cluster/ts-0/wal/wals/2c3d9174c33442d28f28f4d0cda9fc51/wal-000000029 (ops 165464-171472)
I0108 16:40:02.811100 24439 log.cc:1062] T 2c3d9174c33442d28f28f4d0cda9fc51 P e61264bf360a4a62a3a5e3b9f2875f5b: Deleting log segment in path: /data/somelongdirectorytoavoidrpathissues/src/kudutest/linked_list-test.LinkedListTest.TestLoadAndVerify.1578529919787104-24342/linked-list-cluster/ts-0/wal/wals/2c3d9174c33442d28f28f4d0cda9fc51/wal-000000030 (ops 171473-177346)
I0108 16:40:02.811122 24439 log.cc:1062] T 2c3d9174c33442d28f28f4d0cda9fc51 P e61264bf360a4a62a3a5e3b9f2875f5b: Deleting log segment in path: /data/somelongdirectorytoavoidrpathissues/src/kudutest/linked_list-test.LinkedListTest.TestLoadAndVerify.1578529919787104-24342/linked-list-cluster/ts-0/wal/wals/2c3d9174c33442d28f28f4d0cda9fc51/wal-000000031 (ops 177347-183282)
I0108 16:40:02.811142 24439 log.cc:1062] T 2c3d9174c33442d28f28f4d0cda9fc51 P e61264bf360a4a62a3a5e3b9f2875f5b: Deleting log segment in path: /data/somelongdirectorytoavoidrpathissues/src/kudutest/linked_list-test.LinkedListTest.TestLoadAndVerify.1578529919787104-24342/linked-list-cluster/ts-0/wal/wals/2c3d9174c33442d28f28f4d0cda9fc51/wal-000000032 (ops 183283-189218)
I0108 16:40:02.811162 24439 log.cc:1062] T 2c3d9174c33442d28f28f4d0cda9fc51 P e61264bf360a4a62a3a5e3b9f2875f5b: Deleting log segment in path: /data/somelongdirectorytoavoidrpathissues/src/kudutest/linked_list-test.LinkedListTest.TestLoadAndVerify.1578529919787104-24342/linked-list-cluster/ts-0/wal/wals/2c3d9174c33442d28f28f4d0cda9fc51/wal-000000033 (ops 189219-195056)
I0108 16:40:02.811182 24439 log.cc:1062] T 2c3d9174c33442d28f28f4d0cda9fc51 P e61264bf360a4a62a3a5e3b9f2875f5b: Deleting log segment in path: /data/somelongdirectorytoavoidrpathissues/src/kudutest/linked_list-test.LinkedListTest.TestLoadAndVerify.1578529919787104-24342/linked-list-cluster/ts-0/wal/wals/2c3d9174c33442d28f28f4d0cda9fc51/wal-000000034 (ops 195057-200985)
I0108 16:40:02.811203 24439 log.cc:1062] T 2c3d9174c33442d28f28f4d0cda9fc51 P e61264bf360a4a62a3a5e3b9f2875f5b: Deleting log segment in path: /data/somelongdirectorytoavoidrpathissues/src/kudutest/linked_list-test.LinkedListTest.TestLoadAndVerify.1578529919787104-24342/linked-list-cluster/ts-0/wal/wals/2c3d9174c33442d28f28f4d0cda9fc51/wal-000000035 (ops 200986-206875)
I0108 16:40:02.811221 24439 log.cc:1062] T 2c3d9174c33442d28f28f4d0cda9fc51 P e61264bf360a4a62a3a5e3b9f2875f5b: Deleting log segment in path: /data/somelongdirectorytoavoidrpathissues/src/kudutest/linked_list-test.LinkedListTest.TestLoadAndVerify.1578529919787104-24342/linked-list-cluster/ts-0/wal/wals/2c3d9174c33442d28f28f4d0cda9fc51/wal-000000036 (ops 206876-212809)
I0108 16:40:02.957545 24439 maintenance_manager.cc:527] P e61264bf360a4a62a3a5e3b9f2875f5b: LogGCOp(2c3d9174c33442d28f28f4d0cda9fc51) complete. Timing: real 0.147s user 0.002s sys 0.029s Metrics: {}
I0108 16:40:02.959177 24546 maintenance_manager.cc:326] P e61264bf360a4a62a3a5e3b9f2875f5b: Scheduling UndoDeltaBlockGCOp(2c3d9174c33442d28f28f4d0cda9fc51): 148099023 bytes on disk
I0108 16:40:03.276489 24439 maintenance_manager.cc:527] P e61264bf360a4a62a3a5e3b9f2875f5b: UndoDeltaBlockGCOp(2c3d9174c33442d28f28f4d0cda9fc51) complete. Timing: real 0.317s user 0.000s sys 0.000s Metrics: {"cfile_init":4,"lbm_read_time_us":316930,"lbm_reads_1-10_ms":3,"lbm_reads_10-100_ms":4,"lbm_reads_gt_100_ms":1,"lbm_reads_lt_1ms":8}
I0108 16:40:03.303107 24689 maintenance_manager.cc:527] P 72e6f176048945dea46e0f4305315d3c: CompactRowSetsOp(2c3d9174c33442d28f28f4d0cda9fc51) complete. Timing: real 52.136s user 9.653s sys 1.000s Metrics: {"bytes_written":124022961,"cfile_cache_hit":373,"cfile_cache_hit_bytes":52349745,"cfile_cache_miss":16397,"cfile_cache_miss_bytes":451679129,"cfile_init":23,"delta_iterators_relevant":14,"dirs.queue_time_us":15925,"dirs.run_cpu_time_us":451,"dirs.run_wall_time_us":229142,"drs_written":4,"lbm_read_time_us":4403888,"lbm_reads_1-10_ms":435,"lbm_reads_10-100_ms":51,"lbm_reads_gt_100_ms":10,"lbm_reads_lt_1ms":15993,"lbm_write_time_us":1837872,"lbm_writes_1-10_ms":410,"lbm_writes_10-100_ms":18,"lbm_writes_lt_1ms":12175,"num_input_rowsets":5,"rows_written":7112515,"spinlock_wait_cycles":642439424,"thread_start_us":638,"threads_started":12}
I0108 16:40:03.303325 24795 maintenance_manager.cc:326] P 72e6f176048945dea46e0f4305315d3c: Scheduling UndoDeltaBlockGCOp(2c3d9174c33442d28f28f4d0cda9fc51): 148537985 bytes on disk
I0108 16:40:03.410704 24565 maintenance_manager.cc:527] P 02a5a9f6601045b6b339c43c526fc29e: CompactRowSetsOp(2c3d9174c33442d28f28f4d0cda9fc51) complete. Timing: real 51.956s user 9.710s sys 0.988s Metrics: {"bytes_written":124175611,"cfile_cache_hit":399,"cfile_cache_hit_bytes":56289223,"cfile_cache_miss":16393,"cfile_cache_miss_bytes":448382291,"cfile_init":23,"delta_iterators_relevant":14,"dirs.queue_time_us":35889,"dirs.run_cpu_time_us":554,"dirs.run_wall_time_us":189735,"drs_written":4,"lbm_read_time_us":4780976,"lbm_reads_1-10_ms":372,"lbm_reads_10-100_ms":67,"lbm_reads_gt_100_ms":8,"lbm_reads_lt_1ms":16038,"lbm_write_time_us":1795559,"lbm_writes_1-10_ms":422,"lbm_writes_10-100_ms":9,"lbm_writes_gt_100_ms":1,"lbm_writes_lt_1ms":12186,"num_input_rowsets":5,"rows_written":7121349,"spinlock_wait_cycles":558396672,"thread_start_us":681,"threads_started":12}
I0108 16:40:03.410822 24671 maintenance_manager.cc:326] P 02a5a9f6601045b6b339c43c526fc29e: Scheduling LogGCOp(2c3d9174c33442d28f28f4d0cda9fc51): free 100958941 bytes of WAL
I0108 16:40:03.410889 24565 log_reader.cc:379] T 2c3d9174c33442d28f28f4d0cda9fc51: removed 12 log segments from log reader
I0108 16:40:03.410900 24565 log.cc:1062] T 2c3d9174c33442d28f28f4d0cda9fc51 P 02a5a9f6601045b6b339c43c526fc29e: Deleting log segment in path: /data/somelongdirectorytoavoidrpathissues/src/kudutest/linked_list-test.LinkedListTest.TestLoadAndVerify.1578529919787104-24342/linked-list-cluster/ts-1/wal/wals/2c3d9174c33442d28f28f4d0cda9fc51/wal-000000025 (ops 141752-147692)
I0108 16:40:03.410935 24565 log.cc:1062] T 2c3d9174c33442d28f28f4d0cda9fc51 P 02a5a9f6601045b6b339c43c526fc29e: Deleting log segment in path: /data/somelongdirectorytoavoidrpathissues/src/kudutest/linked_list-test.LinkedListTest.TestLoadAndVerify.1578529919787104-24342/linked-list-cluster/ts-1/wal/wals/2c3d9174c33442d28f28f4d0cda9fc51/wal-000000026 (ops 147693-153569)
I0108 16:40:03.410956 24565 log.cc:1062] T 2c3d9174c33442d28f28f4d0cda9fc51 P 02a5a9f6601045b6b339c43c526fc29e: Deleting log segment in path: /data/somelongdirectorytoavoidrpathissues/src/kudutest/linked_list-test.LinkedListTest.TestLoadAndVerify.1578529919787104-24342/linked-list-cluster/ts-1/wal/wals/2c3d9174c33442d28f28f4d0cda9fc51/wal-000000027 (ops 153570-159544)
I0108 16:40:03.410974 24565 log.cc:1062] T 2c3d9174c33442d28f28f4d0cda9fc51 P 02a5a9f6601045b6b339c43c526fc29e: Deleting log segment in path: /data/somelongdirectorytoavoidrpathissues/src/kudutest/linked_list-test.LinkedListTest.TestLoadAndVerify.1578529919787104-24342/linked-list-cluster/ts-1/wal/wals/2c3d9174c33442d28f28f4d0cda9fc51/wal-000000028 (ops 159545-165462)
I0108 16:40:03.410990 24565 log.cc:1062] T 2c3d9174c33442d28f28f4d0cda9fc51 P 02a5a9f6601045b6b339c43c526fc29e: Deleting log segment in path: /data/somelongdirectorytoavoidrpathissues/src/kudutest/linked_list-test.LinkedListTest.TestLoadAndVerify.1578529919787104-24342/linked-list-cluster/ts-1/wal/wals/2c3d9174c33442d28f28f4d0cda9fc51/wal-000000029 (ops 165463-171369)
I0108 16:40:03.411006 24565 log.cc:1062] T 2c3d9174c33442d28f28f4d0cda9fc51 P 02a5a9f6601045b6b339c43c526fc29e: Deleting log segment in path: /data/somelongdirectorytoavoidrpathissues/src/kudutest/linked_list-test.LinkedListTest.TestLoadAndVerify.1578529919787104-24342/linked-list-cluster/ts-1/wal/wals/2c3d9174c33442d28f28f4d0cda9fc51/wal-000000030 (ops 171370-177306)
I0108 16:40:03.411025 24565 log.cc:1062] T 2c3d9174c33442d28f28f4d0cda9fc51 P 02a5a9f6601045b6b339c43c526fc29e: Deleting log segment in path: /data/somelongdirectorytoavoidrpathissues/src/kudutest/linked_list-test.LinkedListTest.TestLoadAndVerify.1578529919787104-24342/linked-list-cluster/ts-1/wal/wals/2c3d9174c33442d28f28f4d0cda9fc51/wal-000000031 (ops 177307-183099)
I0108 16:40:03.411041 24565 log.cc:1062] T 2c3d9174c33442d28f28f4d0cda9fc51 P 02a5a9f6601045b6b339c43c526fc29e: Deleting log segment in path: /data/somelongdirectorytoavoidrpathissues/src/kudutest/linked_list-test.LinkedListTest.TestLoadAndVerify.1578529919787104-24342/linked-list-cluster/ts-1/wal/wals/2c3d9174c33442d28f28f4d0cda9fc51/wal-000000032 (ops 183100-188956)
I0108 16:40:03.411057 24565 log.cc:1062] T 2c3d9174c33442d28f28f4d0cda9fc51 P 02a5a9f6601045b6b339c43c526fc29e: Deleting log segment in path: /data/somelongdirectorytoavoidrpathissues/src/kudutest/linked_list-test.LinkedListTest.TestLoadAndVerify.1578529919787104-24342/linked-list-cluster/ts-1/wal/wals/2c3d9174c33442d28f28f4d0cda9fc51/wal-000000033 (ops 188957-194944)
I0108 16:40:03.411072 24565 log.cc:1062] T 2c3d9174c33442d28f28f4d0cda9fc51 P 02a5a9f6601045b6b339c43c526fc29e: Deleting log segment in path: /data/somelongdirectorytoavoidrpathissues/src/kudutest/linked_list-test.LinkedListTest.TestLoadAndVerify.1578529919787104-24342/linked-list-cluster/ts-1/wal/wals/2c3d9174c33442d28f28f4d0cda9fc51/wal-000000034 (ops 194945-200764)
I0108 16:40:03.411089 24565 log.cc:1062] T 2c3d9174c33442d28f28f4d0cda9fc51 P 02a5a9f6601045b6b339c43c526fc29e: Deleting log segment in path: /data/somelongdirectorytoavoidrpathissues/src/kudutest/linked_list-test.LinkedListTest.TestLoadAndVerify.1578529919787104-24342/linked-list-cluster/ts-1/wal/wals/2c3d9174c33442d28f28f4d0cda9fc51/wal-000000035 (ops 200765-206756)
I0108 16:40:03.411108 24565 log.cc:1062] T 2c3d9174c33442d28f28f4d0cda9fc51 P 02a5a9f6601045b6b339c43c526fc29e: Deleting log segment in path: /data/somelongdirectorytoavoidrpathissues/src/kudutest/linked_list-test.LinkedListTest.TestLoadAndVerify.1578529919787104-24342/linked-list-cluster/ts-1/wal/wals/2c3d9174c33442d28f28f4d0cda9fc51/wal-000000036 (ops 206757-212669)
I0108 16:40:03.441956 24565 maintenance_manager.cc:527] P 02a5a9f6601045b6b339c43c526fc29e: LogGCOp(2c3d9174c33442d28f28f4d0cda9fc51) complete. Timing: real 0.031s user 0.000s sys 0.031s Metrics: {}
I0108 16:40:03.442078 24671 maintenance_manager.cc:326] P 02a5a9f6601045b6b339c43c526fc29e: Scheduling UndoDeltaBlockGCOp(2c3d9174c33442d28f28f4d0cda9fc51): 148727786 bytes on disk
I0108 16:40:03.461657 24689 maintenance_manager.cc:527] P 72e6f176048945dea46e0f4305315d3c: UndoDeltaBlockGCOp(2c3d9174c33442d28f28f4d0cda9fc51) complete. Timing: real 0.158s user 0.001s sys 0.000s Metrics: {"cfile_init":4,"lbm_read_time_us":158047,"lbm_reads_1-10_ms":6,"lbm_reads_10-100_ms":1,"lbm_reads_gt_100_ms":1,"lbm_reads_lt_1ms":8}
I0108 16:40:03.620918 24565 maintenance_manager.cc:527] P 02a5a9f6601045b6b339c43c526fc29e: UndoDeltaBlockGCOp(2c3d9174c33442d28f28f4d0cda9fc51) complete. Timing: real 0.179s user 0.000s sys 0.000s Metrics: {"cfile_init":4,"lbm_read_time_us":178623,"lbm_reads_1-10_ms":3,"lbm_reads_10-100_ms":5,"lbm_reads_lt_1ms":8}
I0108 16:40:04.973948 26729 rpcz_store.cc:269] Call kudu.tserver.TabletServerService.Write from 127.23.197.130:36790 (ReqId={client: dbcb5a880e8742629e06e9264dfb379f, seq_no=734565, attempt_no=0}) took 1082ms. Request Metrics: {"child_traces":[["txn",{"apply.queue_time_us":430,"cfile_cache_hit":36,"cfile_cache_hit_bytes":189463,"cfile_cache_miss":1065,"cfile_cache_miss_bytes":4372890,"lbm_read_time_us":1069085,"lbm_reads_1-10_ms":42,"lbm_reads_10-100_ms":28,"lbm_reads_lt_1ms":995,"num_ops":1256,"prepare.queue_time_us":13,"prepare.run_cpu_time_us":1089,"prepare.run_wall_time_us":4163,"raft.queue_time_us":79,"raft.run_cpu_time_us":37,"raft.run_wall_time_us":37,"replication_time_us":508}]]} ------------------------------------------------------------ Histogram for latency of insert operations (microseconds) Note: each insert is a batch of 50 rows. ------------------------------------------------------------ Count: 250000 Mean: 1780.53
I0108 16:40:09.041286 24342 linked_list-test-util.h:519] Written 12500000 rows in chain Percentiles: 0% (min) = 728 25% = 1337 50% (med) = 1500 75% = 1707 95% = 2276 99% = 7212 99.9% = 44064 99.99% = 84672 100% (max) = 643737
I0108 16:40:12.377940 24671 maintenance_manager.cc:326] P 02a5a9f6601045b6b339c43c526fc29e: Scheduling FlushMRSOp(97a6791627c941a48f3269f2d00d1eea): perf score=0.033380
I0108 16:40:12.468631 24795 maintenance_manager.cc:326] P 72e6f176048945dea46e0f4305315d3c: Scheduling FlushMRSOp(c0c87b04bc0f4f37876458fbfb4bdf03): perf score=0.033351
I0108 16:40:13.035524 24546 maintenance_manager.cc:326] P e61264bf360a4a62a3a5e3b9f2875f5b: Scheduling FlushMRSOp(c0c87b04bc0f4f37876458fbfb4bdf03): perf score=0.033334
I0108 16:40:15.774719 24565 maintenance_manager.cc:527] P 02a5a9f6601045b6b339c43c526fc29e: FlushMRSOp(97a6791627c941a48f3269f2d00d1eea) complete. Timing: real 3.397s user 0.724s sys 0.064s Metrics: {"bytes_written":8672616,"cfile_init":1,"delete_count":0,"dirs.queue_time_us":65,"dirs.run_cpu_time_us":150,"dirs.run_wall_time_us":287566,"drs_written":1,"lbm_read_time_us":8,"lbm_reads_lt_1ms":4,"lbm_write_time_us":131122,"lbm_writes_1-10_ms":38,"lbm_writes_lt_1ms":846,"reinsert_count":0,"rows_written":490400,"thread_start_us":30,"threads_started":1,"update_count":19}
I0108 16:40:15.774899 24671 maintenance_manager.cc:326] P 02a5a9f6601045b6b339c43c526fc29e: Scheduling LogGCOp(97a6791627c941a48f3269f2d00d1eea): free 33602621 bytes of WAL
I0108 16:40:15.774972 24565 log_reader.cc:379] T 97a6791627c941a48f3269f2d00d1eea: removed 4 log segments from log reader
I0108 16:40:15.775127 24565 log.cc:1062] T 97a6791627c941a48f3269f2d00d1eea P 02a5a9f6601045b6b339c43c526fc29e: Deleting log segment in path: /data/somelongdirectorytoavoidrpathissues/src/kudutest/linked_list-test.LinkedListTest.TestLoadAndVerify.1578529919787104-24342/linked-list-cluster/ts-1/wal/wals/97a6791627c941a48f3269f2d00d1eea/wal-000000016 (ops 186655-199158)
I0108 16:40:15.776012 24565 log.cc:1062] T 97a6791627c941a48f3269f2d00d1eea P 02a5a9f6601045b6b339c43c526fc29e: Deleting log segment in path: /data/somelongdirectorytoavoidrpathissues/src/kudutest/linked_list-test.LinkedListTest.TestLoadAndVerify.1578529919787104-24342/linked-list-cluster/ts-1/wal/wals/97a6791627c941a48f3269f2d00d1eea/wal-000000017 (ops 199159-211594)
I0108 16:40:15.777228 24565 log.cc:1062] T 97a6791627c941a48f3269f2d00d1eea P 02a5a9f6601045b6b339c43c526fc29e: Deleting log segment in path: /data/somelongdirectorytoavoidrpathissues/src/kudutest/linked_list-test.LinkedListTest.TestLoadAndVerify.1578529919787104-24342/linked-list-cluster/ts-1/wal/wals/97a6791627c941a48f3269f2d00d1eea/wal-000000018 (ops 211595-224103)
I0108 16:40:15.778053 24565 log.cc:1062] T 97a6791627c941a48f3269f2d00d1eea P 02a5a9f6601045b6b339c43c526fc29e: Deleting log segment in path: /data/somelongdirectorytoavoidrpathissues/src/kudutest/linked_list-test.LinkedListTest.TestLoadAndVerify.1578529919787104-24342/linked-list-cluster/ts-1/wal/wals/97a6791627c941a48f3269f2d00d1eea/wal-000000019 (ops 224104-236542)
I0108 16:40:15.849717 24565 maintenance_manager.cc:527] P 02a5a9f6601045b6b339c43c526fc29e: LogGCOp(97a6791627c941a48f3269f2d00d1eea) complete. Timing: real 0.075s user 0.000s sys 0.013s Metrics: {}
I0108 16:40:15.849874 24671 maintenance_manager.cc:326] P 02a5a9f6601045b6b339c43c526fc29e: Scheduling CompactRowSetsOp(97a6791627c941a48f3269f2d00d1eea): perf score=1.001055
I0108 16:40:15.892642 24689 maintenance_manager.cc:527] P 72e6f176048945dea46e0f4305315d3c: FlushMRSOp(c0c87b04bc0f4f37876458fbfb4bdf03) complete. Timing: real 3.424s user 0.726s sys 0.061s Metrics: {"bytes_written":8689077,"cfile_init":1,"delete_count":0,"dirs.queue_time_us":16088,"dirs.run_cpu_time_us":126,"dirs.run_wall_time_us":105325,"drs_written":1,"lbm_read_time_us":8,"lbm_reads_lt_1ms":4,"lbm_write_time_us":186342,"lbm_writes_1-10_ms":40,"lbm_writes_10-100_ms":3,"lbm_writes_lt_1ms":843,"reinsert_count":0,"rows_written":490929,"thread_start_us":32,"threads_started":1,"update_count":330}
I0108 16:40:15.892777 24795 maintenance_manager.cc:326] P 72e6f176048945dea46e0f4305315d3c: Scheduling LogGCOp(c0c87b04bc0f4f37876458fbfb4bdf03): free 33656680 bytes of WAL
I0108 16:40:15.892819 24689 log_reader.cc:379] T c0c87b04bc0f4f37876458fbfb4bdf03: removed 4 log segments from log reader
I0108 16:40:15.892827 24689 log.cc:1062] T c0c87b04bc0f4f37876458fbfb4bdf03 P 72e6f176048945dea46e0f4305315d3c: Deleting log segment in path: /data/somelongdirectorytoavoidrpathissues/src/kudutest/linked_list-test.LinkedListTest.TestLoadAndVerify.1578529919787104-24342/linked-list-cluster/ts-2/wal/wals/c0c87b04bc0f4f37876458fbfb4bdf03/wal-000000016 (ops 187237-199698)
I0108 16:40:15.892868 24689 log.cc:1062] T c0c87b04bc0f4f37876458fbfb4bdf03 P 72e6f176048945dea46e0f4305315d3c: Deleting log segment in path: /data/somelongdirectorytoavoidrpathissues/src/kudutest/linked_list-test.LinkedListTest.TestLoadAndVerify.1578529919787104-24342/linked-list-cluster/ts-2/wal/wals/c0c87b04bc0f4f37876458fbfb4bdf03/wal-000000017 (ops 199699-212184)
I0108 16:40:15.892889 24689 log.cc:1062] T c0c87b04bc0f4f37876458fbfb4bdf03 P 72e6f176048945dea46e0f4305315d3c: Deleting log segment in path: /data/somelongdirectorytoavoidrpathissues/src/kudutest/linked_list-test.LinkedListTest.TestLoadAndVerify.1578529919787104-24342/linked-list-cluster/ts-2/wal/wals/c0c87b04bc0f4f37876458fbfb4bdf03/wal-000000018 (ops 212185-224713)
I0108 16:40:15.892906 24689 log.cc:1062] T c0c87b04bc0f4f37876458fbfb4bdf03 P 72e6f176048945dea46e0f4305315d3c: Deleting log segment in path: /data/somelongdirectorytoavoidrpathissues/src/kudutest/linked_list-test.LinkedListTest.TestLoadAndVerify.1578529919787104-24342/linked-list-cluster/ts-2/wal/wals/c0c87b04bc0f4f37876458fbfb4bdf03/wal-000000019 (ops 224714-237243)
I0108 16:40:15.900923 24689 maintenance_manager.cc:527] P 72e6f176048945dea46e0f4305315d3c: LogGCOp(c0c87b04bc0f4f37876458fbfb4bdf03) complete. Timing: real 0.008s user 0.001s sys 0.007s Metrics: {}
I0108 16:40:15.901039 24795 maintenance_manager.cc:326] P 72e6f176048945dea46e0f4305315d3c: Scheduling CompactRowSetsOp(c0c87b04bc0f4f37876458fbfb4bdf03): perf score=1.001049
I0108 16:40:16.053784 24439 maintenance_manager.cc:527] P e61264bf360a4a62a3a5e3b9f2875f5b: FlushMRSOp(c0c87b04bc0f4f37876458fbfb4bdf03) complete. Timing: real 3.018s user 0.700s sys 0.066s Metrics: {"bytes_written":8709138,"cfile_init":1,"delete_count":0,"dirs.queue_time_us":71,"dirs.run_cpu_time_us":126,"dirs.run_wall_time_us":52349,"drs_written":1,"lbm_read_time_us":7,"lbm_reads_lt_1ms":4,"lbm_write_time_us":121952,"lbm_writes_1-10_ms":21,"lbm_writes_10-100_ms":2,"lbm_writes_lt_1ms":861,"reinsert_count":0,"rows_written":490420,"thread_start_us":34,"threads_started":1,"update_count":3035}
I0108 16:40:16.054320 24546 maintenance_manager.cc:326] P e61264bf360a4a62a3a5e3b9f2875f5b: Scheduling LogGCOp(c0c87b04bc0f4f37876458fbfb4bdf03): free 33589176 bytes of WAL
I0108 16:40:16.054401 24439 log_reader.cc:379] T c0c87b04bc0f4f37876458fbfb4bdf03: removed 4 log segments from log reader
I0108 16:40:16.054474 24439 log.cc:1062] T c0c87b04bc0f4f37876458fbfb4bdf03 P e61264bf360a4a62a3a5e3b9f2875f5b: Deleting log segment in path: /data/somelongdirectorytoavoidrpathissues/src/kudutest/linked_list-test.LinkedListTest.TestLoadAndVerify.1578529919787104-24342/linked-list-cluster/ts-0/wal/wals/c0c87b04bc0f4f37876458fbfb4bdf03/wal-000000016 (ops 186055-198440)
I0108 16:40:16.054556 24439 log.cc:1062] T c0c87b04bc0f4f37876458fbfb4bdf03 P e61264bf360a4a62a3a5e3b9f2875f5b: Deleting log segment in path: /data/somelongdirectorytoavoidrpathissues/src/kudutest/linked_list-test.LinkedListTest.TestLoadAndVerify.1578529919787104-24342/linked-list-cluster/ts-0/wal/wals/c0c87b04bc0f4f37876458fbfb4bdf03/wal-000000017 (ops 198441-210857)
I0108 16:40:16.054616 24439 log.cc:1062] T c0c87b04bc0f4f37876458fbfb4bdf03 P e61264bf360a4a62a3a5e3b9f2875f5b: Deleting log segment in path: /data/somelongdirectorytoavoidrpathissues/src/kudutest/linked_list-test.LinkedListTest.TestLoadAndVerify.1578529919787104-24342/linked-list-cluster/ts-0/wal/wals/c0c87b04bc0f4f37876458fbfb4bdf03/wal-000000018 (ops 210858-223279)
I0108 16:40:16.054672 24439 log.cc:1062] T c0c87b04bc0f4f37876458fbfb4bdf03 P e61264bf360a4a62a3a5e3b9f2875f5b: Deleting log segment in path: /data/somelongdirectorytoavoidrpathissues/src/kudutest/linked_list-test.LinkedListTest.TestLoadAndVerify.1578529919787104-24342/linked-list-cluster/ts-0/wal/wals/c0c87b04bc0f4f37876458fbfb4bdf03/wal-000000019 (ops 223280-235648)
I0108 16:40:16.066659 24439 maintenance_manager.cc:527] P e61264bf360a4a62a3a5e3b9f2875f5b: LogGCOp(c0c87b04bc0f4f37876458fbfb4bdf03) complete. Timing: real 0.012s user 0.000s sys 0.010s Metrics: {}
I0108 16:40:16.066807 24546 maintenance_manager.cc:326] P e61264bf360a4a62a3a5e3b9f2875f5b: Scheduling CompactRowSetsOp(c0c87b04bc0f4f37876458fbfb4bdf03): perf score=1.001052
I0108 16:40:30.021926 24689 maintenance_manager.cc:527] P 72e6f176048945dea46e0f4305315d3c: CompactRowSetsOp(c0c87b04bc0f4f37876458fbfb4bdf03) complete. Timing: real 14.121s user 2.825s sys 0.293s Metrics: {"bytes_written":36748600,"cfile_cache_hit":97,"cfile_cache_hit_bytes":12847677,"cfile_cache_miss":4853,"cfile_cache_miss_bytes":136628061,"cfile_init":10,"delta_iterators_relevant":6,"dirs.queue_time_us":408,"dirs.run_cpu_time_us":199,"dirs.run_wall_time_us":260505,"drs_written":2,"lbm_read_time_us":1959207,"lbm_reads_1-10_ms":107,"lbm_reads_10-100_ms":36,"lbm_reads_gt_100_ms":3,"lbm_reads_lt_1ms":4747,"lbm_write_time_us":416567,"lbm_writes_1-10_ms":93,"lbm_writes_10-100_ms":4,"lbm_writes_lt_1ms":3637,"num_input_rowsets":2,"rows_written":2097861,"spinlock_wait_cycles":57278976,"thread_start_us":587,"threads_started":10}
I0108 16:40:30.023417 24795 maintenance_manager.cc:326] P 72e6f176048945dea46e0f4305315d3c: Scheduling FlushMRSOp(97a6791627c941a48f3269f2d00d1eea): perf score=0.034670
I0108 16:40:30.160863 24565 maintenance_manager.cc:527] P 02a5a9f6601045b6b339c43c526fc29e: CompactRowSetsOp(97a6791627c941a48f3269f2d00d1eea) complete. Timing: real 14.311s user 2.827s sys 0.308s Metrics: {"bytes_written":36762408,"cfile_cache_hit":98,"cfile_cache_hit_bytes":12992981,"cfile_cache_miss":4854,"cfile_cache_miss_bytes":136566833,"cfile_init":10,"delta_iterators_relevant":6,"dirs.queue_time_us":5904,"dirs.run_cpu_time_us":209,"dirs.run_wall_time_us":108169,"drs_written":2,"lbm_read_time_us":1817300,"lbm_reads_1-10_ms":112,"lbm_reads_10-100_ms":31,"lbm_reads_gt_100_ms":1,"lbm_reads_lt_1ms":4750,"lbm_write_time_us":516895,"lbm_writes_1-10_ms":85,"lbm_writes_10-100_ms":11,"lbm_writes_lt_1ms":3640,"num_input_rowsets":2,"rows_written":2098893,"spinlock_wait_cycles":73772160,"thread_start_us":284,"threads_started":10}
I0108 16:40:30.160981 24671 maintenance_manager.cc:326] P 02a5a9f6601045b6b339c43c526fc29e: Scheduling UndoDeltaBlockGCOp(97a6791627c941a48f3269f2d00d1eea): 44083708 bytes on disk
I0108 16:40:30.164490 24565 maintenance_manager.cc:527] P 02a5a9f6601045b6b339c43c526fc29e: UndoDeltaBlockGCOp(97a6791627c941a48f3269f2d00d1eea) complete. Timing: real 0.000s user 0.000s sys 0.000s Metrics: {"cfile_init":2,"lbm_read_time_us":17,"lbm_reads_lt_1ms":8}
I0108 16:40:30.164562 24671 maintenance_manager.cc:326] P 02a5a9f6601045b6b339c43c526fc29e: Scheduling FlushMRSOp(c0c87b04bc0f4f37876458fbfb4bdf03): perf score=0.034358
I0108 16:40:30.270967 24439 maintenance_manager.cc:527] P e61264bf360a4a62a3a5e3b9f2875f5b: CompactRowSetsOp(c0c87b04bc0f4f37876458fbfb4bdf03) complete. Timing: real 14.204s user 2.797s sys 0.275s Metrics: {"bytes_written":36801936,"cfile_cache_hit":82,"cfile_cache_hit_bytes":10579511,"cfile_cache_miss":4874,"cfile_cache_miss_bytes":139123243,"cfile_init":10,"delta_iterators_relevant":6,"dirs.queue_time_us":3721,"dirs.run_cpu_time_us":243,"dirs.run_wall_time_us":122275,"drs_written":2,"lbm_read_time_us":2229093,"lbm_reads_1-10_ms":115,"lbm_reads_10-100_ms":40,"lbm_reads_gt_100_ms":6,"lbm_reads_lt_1ms":4753,"lbm_write_time_us":511327,"lbm_writes_1-10_ms":94,"lbm_writes_10-100_ms":2,"lbm_writes_gt_100_ms":1,"lbm_writes_lt_1ms":3641,"num_input_rowsets":2,"rows_written":2100566,"spinlock_wait_cycles":6914304,"thread_start_us":519,"threads_started":10}
I0108 16:40:30.271163 24546 maintenance_manager.cc:326] P e61264bf360a4a62a3a5e3b9f2875f5b: Scheduling UndoDeltaBlockGCOp(c0c87b04bc0f4f37876458fbfb4bdf03): 44122519 bytes on disk
I0108 16:40:30.271281 24439 maintenance_manager.cc:527] P e61264bf360a4a62a3a5e3b9f2875f5b: UndoDeltaBlockGCOp(c0c87b04bc0f4f37876458fbfb4bdf03) complete. Timing: real 0.000s user 0.000s sys 0.000s Metrics: {"cfile_init":2,"lbm_read_time_us":13,"lbm_reads_lt_1ms":8}
I0108 16:40:30.271404 24546 maintenance_manager.cc:326] P e61264bf360a4a62a3a5e3b9f2875f5b: Scheduling FlushMRSOp(97a6791627c941a48f3269f2d00d1eea): perf score=0.034233 ------------------------------------------------------------ Histogram for latency of insert operations (microseconds) Note: each insert is a batch of 50 rows. ------------------------------------------------------------ Count: 260000 Mean: 1789.29 Percentiles: 0% (min) = 728 25% = 1338 50% (med) = 1501 75% = 1710 95% = 2280 99% = 7284 99.9% = 45376 99.99% = 90240 100% (max) = 643737
I0108 16:40:30.717563 24342 linked_list-test-util.h:519] Written 13000000 rows in chain
I0108 16:40:32.559900 24565 maintenance_manager.cc:527] P 02a5a9f6601045b6b339c43c526fc29e: FlushMRSOp(c0c87b04bc0f4f37876458fbfb4bdf03) complete. Timing: real 2.395s user 0.668s sys 0.048s Metrics: {"bytes_written":8857729,"cfile_init":1,"delete_count":0,"dirs.queue_time_us":22618,"dirs.run_cpu_time_us":92,"dirs.run_wall_time_us":37807,"drs_written":1,"lbm_read_time_us":98,"lbm_reads_lt_1ms":4,"lbm_write_time_us":238629,"lbm_writes_1-10_ms":26,"lbm_writes_10-100_ms":8,"lbm_writes_lt_1ms":870,"reinsert_count":0,"rows_written":500604,"thread_start_us":30,"threads_started":1,"update_count":112}
I0108 16:40:32.560317 24671 maintenance_manager.cc:326] P 02a5a9f6601045b6b339c43c526fc29e: Scheduling LogGCOp(c0c87b04bc0f4f37876458fbfb4bdf03): free 41928260 bytes of WAL
I0108 16:40:32.561206 24565 log_reader.cc:379] T c0c87b04bc0f4f37876458fbfb4bdf03: removed 5 log segments from log reader
I0108 16:40:32.561259 24565 log.cc:1062] T c0c87b04bc0f4f37876458fbfb4bdf03 P 02a5a9f6601045b6b339c43c526fc29e: Deleting log segment in path: /data/somelongdirectorytoavoidrpathissues/src/kudutest/linked_list-test.LinkedListTest.TestLoadAndVerify.1578529919787104-24342/linked-list-cluster/ts-1/wal/wals/c0c87b04bc0f4f37876458fbfb4bdf03/wal-000000016 (ops 186129-198440)
I0108 16:40:32.562491 24565 log.cc:1062] T c0c87b04bc0f4f37876458fbfb4bdf03 P 02a5a9f6601045b6b339c43c526fc29e: Deleting log segment in path: /data/somelongdirectorytoavoidrpathissues/src/kudutest/linked_list-test.LinkedListTest.TestLoadAndVerify.1578529919787104-24342/linked-list-cluster/ts-1/wal/wals/c0c87b04bc0f4f37876458fbfb4bdf03/wal-000000017 (ops 198441-210862)
I0108 16:40:32.562566 24565 log.cc:1062] T c0c87b04bc0f4f37876458fbfb4bdf03 P 02a5a9f6601045b6b339c43c526fc29e: Deleting log segment in path: /data/somelongdirectorytoavoidrpathissues/src/kudutest/linked_list-test.LinkedListTest.TestLoadAndVerify.1578529919787104-24342/linked-list-cluster/ts-1/wal/wals/c0c87b04bc0f4f37876458fbfb4bdf03/wal-000000018 (ops 210863-223283)
I0108 16:40:32.562650 24565 log.cc:1062] T c0c87b04bc0f4f37876458fbfb4bdf03 P 02a5a9f6601045b6b339c43c526fc29e: Deleting log segment in path: /data/somelongdirectorytoavoidrpathissues/src/kudutest/linked_list-test.LinkedListTest.TestLoadAndVerify.1578529919787104-24342/linked-list-cluster/ts-1/wal/wals/c0c87b04bc0f4f37876458fbfb4bdf03/wal-000000019 (ops 223284-235658)
I0108 16:40:32.562803 24565 log.cc:1062] T c0c87b04bc0f4f37876458fbfb4bdf03 P 02a5a9f6601045b6b339c43c526fc29e: Deleting log segment in path: /data/somelongdirectorytoavoidrpathissues/src/kudutest/linked_list-test.LinkedListTest.TestLoadAndVerify.1578529919787104-24342/linked-list-cluster/ts-1/wal/wals/c0c87b04bc0f4f37876458fbfb4bdf03/wal-000000020 (ops 235659-248029)
I0108 16:40:32.694386 24565 maintenance_manager.cc:527] P 02a5a9f6601045b6b339c43c526fc29e: LogGCOp(c0c87b04bc0f4f37876458fbfb4bdf03) complete. Timing: real 0.133s user 0.000s sys 0.017s Metrics: {}
I0108 16:40:32.694648 24671 maintenance_manager.cc:326] P 02a5a9f6601045b6b339c43c526fc29e: Scheduling CompactRowSetsOp(c0c87b04bc0f4f37876458fbfb4bdf03): perf score=1.000956
I0108 16:40:32.770752 24689 maintenance_manager.cc:527] P 72e6f176048945dea46e0f4305315d3c: FlushMRSOp(97a6791627c941a48f3269f2d00d1eea) complete. Timing: real 2.747s user 0.731s sys 0.050s Metrics: {"bytes_written":8884028,"cfile_init":1,"delete_count":0,"dirs.queue_time_us":18339,"dirs.run_cpu_time_us":102,"dirs.run_wall_time_us":51188,"drs_written":1,"lbm_read_time_us":10,"lbm_reads_lt_1ms":4,"lbm_write_time_us":384669,"lbm_writes_1-10_ms":41,"lbm_writes_10-100_ms":9,"lbm_writes_lt_1ms":857,"reinsert_count":0,"rows_written":502050,"thread_start_us":29,"threads_started":1,"update_count":26}
I0108 16:40:32.770865 24795 maintenance_manager.cc:326] P 72e6f176048945dea46e0f4305315d3c: Scheduling LogGCOp(97a6791627c941a48f3269f2d00d1eea): free 41954695 bytes of WAL
I0108 16:40:32.770921 24689 log_reader.cc:379] T 97a6791627c941a48f3269f2d00d1eea: removed 5 log segments from log reader
I0108 16:40:32.770936 24689 log.cc:1062] T 97a6791627c941a48f3269f2d00d1eea P 72e6f176048945dea46e0f4305315d3c: Deleting log segment in path: /data/somelongdirectorytoavoidrpathissues/src/kudutest/linked_list-test.LinkedListTest.TestLoadAndVerify.1578529919787104-24342/linked-list-cluster/ts-2/wal/wals/97a6791627c941a48f3269f2d00d1eea/wal-000000016 (ops 186026-198339)
I0108 16:40:32.770967 24689 log.cc:1062] T 97a6791627c941a48f3269f2d00d1eea P 72e6f176048945dea46e0f4305315d3c: Deleting log segment in path: /data/somelongdirectorytoavoidrpathissues/src/kudutest/linked_list-test.LinkedListTest.TestLoadAndVerify.1578529919787104-24342/linked-list-cluster/ts-2/wal/wals/97a6791627c941a48f3269f2d00d1eea/wal-000000017 (ops 198340-210746)
I0108 16:40:32.770994 24689 log.cc:1062] T 97a6791627c941a48f3269f2d00d1eea P 72e6f176048945dea46e0f4305315d3c: Deleting log segment in path: /data/somelongdirectorytoavoidrpathissues/src/kudutest/linked_list-test.LinkedListTest.TestLoadAndVerify.1578529919787104-24342/linked-list-cluster/ts-2/wal/wals/97a6791627c941a48f3269f2d00d1eea/wal-000000018 (ops 210747-223168)
I0108 16:40:32.771014 24689 log.cc:1062] T 97a6791627c941a48f3269f2d00d1eea P 72e6f176048945dea46e0f4305315d3c: Deleting log segment in path: /data/somelongdirectorytoavoidrpathissues/src/kudutest/linked_list-test.LinkedListTest.TestLoadAndVerify.1578529919787104-24342/linked-list-cluster/ts-2/wal/wals/97a6791627c941a48f3269f2d00d1eea/wal-000000019 (ops 223169-235561)
I0108 16:40:32.771034 24689 log.cc:1062] T 97a6791627c941a48f3269f2d00d1eea P 72e6f176048945dea46e0f4305315d3c: Deleting log segment in path: /data/somelongdirectorytoavoidrpathissues/src/kudutest/linked_list-test.LinkedListTest.TestLoadAndVerify.1578529919787104-24342/linked-list-cluster/ts-2/wal/wals/97a6791627c941a48f3269f2d00d1eea/wal-000000020 (ops 235562-247932)
I0108 16:40:32.780766 24689 maintenance_manager.cc:527] P 72e6f176048945dea46e0f4305315d3c: LogGCOp(97a6791627c941a48f3269f2d00d1eea) complete. Timing: real 0.010s user 0.000s sys 0.009s Metrics: {}
I0108 16:40:32.780886 24795 maintenance_manager.cc:326] P 72e6f176048945dea46e0f4305315d3c: Scheduling CompactRowSetsOp(97a6791627c941a48f3269f2d00d1eea): perf score=1.000940
I0108 16:40:33.073993 24439 maintenance_manager.cc:527] P e61264bf360a4a62a3a5e3b9f2875f5b: FlushMRSOp(97a6791627c941a48f3269f2d00d1eea) complete. Timing: real 2.802s user 0.723s sys 0.054s Metrics: {"bytes_written":8783993,"cfile_init":1,"delete_count":0,"dirs.queue_time_us":1278,"dirs.run_cpu_time_us":109,"dirs.run_wall_time_us":40953,"drs_written":1,"lbm_read_time_us":8,"lbm_reads_lt_1ms":4,"lbm_write_time_us":260041,"lbm_writes_1-10_ms":31,"lbm_writes_10-100_ms":5,"lbm_writes_lt_1ms":861,"reinsert_count":0,"rows_written":496174,"thread_start_us":116,"threads_started":1,"update_count":169}
I0108 16:40:33.074362 24546 maintenance_manager.cc:326] P e61264bf360a4a62a3a5e3b9f2875f5b: Scheduling UndoDeltaBlockGCOp(97a6791627c941a48f3269f2d00d1eea): 9853522 bytes on disk
I0108 16:40:33.074527 24439 maintenance_manager.cc:527] P e61264bf360a4a62a3a5e3b9f2875f5b: UndoDeltaBlockGCOp(97a6791627c941a48f3269f2d00d1eea) complete. Timing: real 0.000s user 0.000s sys 0.000s Metrics: {"cfile_init":1,"lbm_read_time_us":11,"lbm_reads_lt_1ms":4}
I0108 16:40:33.074584 24546 maintenance_manager.cc:326] P e61264bf360a4a62a3a5e3b9f2875f5b: Scheduling CompactRowSetsOp(97a6791627c941a48f3269f2d00d1eea): perf score=1.000999
I0108 16:40:47.091380 24689 maintenance_manager.cc:527] P 72e6f176048945dea46e0f4305315d3c: CompactRowSetsOp(97a6791627c941a48f3269f2d00d1eea) complete. Timing: real 14.310s user 2.890s sys 0.312s Metrics: {"bytes_written":38131624,"cfile_cache_hit":90,"cfile_cache_hit_bytes":11716066,"cfile_cache_miss":5022,"cfile_cache_miss_bytes":142814418,"cfile_init":10,"delta_iterators_relevant":6,"dirs.queue_time_us":21313,"dirs.run_cpu_time_us":187,"dirs.run_wall_time_us":73546,"drs_written":2,"lbm_read_time_us":1801963,"lbm_reads_1-10_ms":103,"lbm_reads_10-100_ms":23,"lbm_reads_gt_100_ms":6,"lbm_reads_lt_1ms":4930,"lbm_write_time_us":576876,"lbm_writes_1-10_ms":113,"lbm_writes_10-100_ms":3,"lbm_writes_gt_100_ms":1,"lbm_writes_lt_1ms":3739,"num_input_rowsets":2,"rows_written":2167254,"spinlock_wait_cycles":24877184,"thread_start_us":583,"threads_started":10}
I0108 16:40:47.092507 24795 maintenance_manager.cc:326] P 72e6f176048945dea46e0f4305315d3c: Scheduling UndoDeltaBlockGCOp(97a6791627c941a48f3269f2d00d1eea): 45589785 bytes on disk
I0108 16:40:47.094427 24689 maintenance_manager.cc:527] P 72e6f176048945dea46e0f4305315d3c: UndoDeltaBlockGCOp(97a6791627c941a48f3269f2d00d1eea) complete. Timing: real 0.000s user 0.000s sys 0.000s Metrics: {"cfile_init":2,"lbm_read_time_us":18,"lbm_reads_lt_1ms":8}
I0108 16:40:47.094535 24795 maintenance_manager.cc:326] P 72e6f176048945dea46e0f4305315d3c: Scheduling UndoDeltaBlockGCOp(c0c87b04bc0f4f37876458fbfb4bdf03): 44063890 bytes on disk
I0108 16:40:47.176709 24689 maintenance_manager.cc:527] P 72e6f176048945dea46e0f4305315d3c: UndoDeltaBlockGCOp(c0c87b04bc0f4f37876458fbfb4bdf03) complete. Timing: real 0.082s user 0.000s sys 0.000s Metrics: {"cfile_init":2,"lbm_read_time_us":81977,"lbm_reads_1-10_ms":1,"lbm_reads_10-100_ms":4,"lbm_reads_lt_1ms":3}
I0108 16:40:47.696393 24565 maintenance_manager.cc:527] P 02a5a9f6601045b6b339c43c526fc29e: CompactRowSetsOp(c0c87b04bc0f4f37876458fbfb4bdf03) complete. Timing: real 15.002s user 2.881s sys 0.290s Metrics: {"bytes_written":38109900,"cfile_cache_hit":99,"cfile_cache_hit_bytes":13072856,"cfile_cache_miss":5009,"cfile_cache_miss_bytes":141351394,"cfile_init":10,"delta_iterators_relevant":6,"dirs.queue_time_us":26182,"dirs.run_cpu_time_us":152,"dirs.run_wall_time_us":60616,"drs_written":2,"lbm_read_time_us":1293378,"lbm_reads_1-10_ms":119,"lbm_reads_10-100_ms":25,"lbm_reads_gt_100_ms":2,"lbm_reads_lt_1ms":4903,"lbm_write_time_us":522627,"lbm_writes_1-10_ms":130,"lbm_writes_10-100_ms":6,"lbm_writes_lt_1ms":3718,"num_input_rowsets":2,"rows_written":2165897,"spinlock_wait_cycles":10647552,"thread_start_us":486,"threads_started":10}
I0108 16:40:47.696547 24671 maintenance_manager.cc:326] P 02a5a9f6601045b6b339c43c526fc29e: Scheduling UndoDeltaBlockGCOp(c0c87b04bc0f4f37876458fbfb4bdf03): 45566282 bytes on disk
I0108 16:40:47.696710 24565 maintenance_manager.cc:527] P 02a5a9f6601045b6b339c43c526fc29e: UndoDeltaBlockGCOp(c0c87b04bc0f4f37876458fbfb4bdf03) complete. Timing: real 0.000s user 0.000s sys 0.001s Metrics: {"cfile_init":2,"lbm_read_time_us":19,"lbm_reads_lt_1ms":8}
I0108 16:40:47.776684 24439 maintenance_manager.cc:527] P e61264bf360a4a62a3a5e3b9f2875f5b: CompactRowSetsOp(97a6791627c941a48f3269f2d00d1eea) complete. Timing: real 14.702s user 2.890s sys 0.324s Metrics: {"bytes_written":38133495,"cfile_cache_hit":99,"cfile_cache_hit_bytes":13135823,"cfile_cache_miss":5019,"cfile_cache_miss_bytes":141422049,"cfile_init":9,"delta_iterators_relevant":6,"dirs.queue_time_us":397,"dirs.run_cpu_time_us":183,"dirs.run_wall_time_us":151709,"drs_written":2,"lbm_read_time_us":1553810,"lbm_reads_1-10_ms":115,"lbm_reads_10-100_ms":26,"lbm_reads_gt_100_ms":3,"lbm_reads_lt_1ms":4911,"lbm_write_time_us":481080,"lbm_writes_1-10_ms":105,"lbm_writes_10-100_ms":5,"lbm_writes_lt_1ms":3746,"num_input_rowsets":2,"rows_written":2167397,"spinlock_wait_cycles":43266944,"thread_start_us":707,"threads_started":10}
I0108 16:40:47.776793 24546 maintenance_manager.cc:326] P e61264bf360a4a62a3a5e3b9f2875f5b: Scheduling LogGCOp(97a6791627c941a48f3269f2d00d1eea): free 41998392 bytes of WAL
I0108 16:40:47.776842 24439 log_reader.cc:379] T 97a6791627c941a48f3269f2d00d1eea: removed 5 log segments from log reader
I0108 16:40:47.776854 24439 log.cc:1062] T 97a6791627c941a48f3269f2d00d1eea P e61264bf360a4a62a3a5e3b9f2875f5b: Deleting log segment in path: /data/somelongdirectorytoavoidrpathissues/src/kudutest/linked_list-test.LinkedListTest.TestLoadAndVerify.1578529919787104-24342/linked-list-cluster/ts-0/wal/wals/97a6791627c941a48f3269f2d00d1eea/wal-000000016 (ops 187144-199669)
I0108 16:40:47.776901 24439 log.cc:1062] T 97a6791627c941a48f3269f2d00d1eea P e61264bf360a4a62a3a5e3b9f2875f5b: Deleting log segment in path: /data/somelongdirectorytoavoidrpathissues/src/kudutest/linked_list-test.LinkedListTest.TestLoadAndVerify.1578529919787104-24342/linked-list-cluster/ts-0/wal/wals/97a6791627c941a48f3269f2d00d1eea/wal-000000017 (ops 199670-212089)
I0108 16:40:47.776923 24439 log.cc:1062] T 97a6791627c941a48f3269f2d00d1eea P e61264bf360a4a62a3a5e3b9f2875f5b: Deleting log segment in path: /data/somelongdirectorytoavoidrpathissues/src/kudutest/linked_list-test.LinkedListTest.TestLoadAndVerify.1578529919787104-24342/linked-list-cluster/ts-0/wal/wals/97a6791627c941a48f3269f2d00d1eea/wal-000000018 (ops 212090-224586)
I0108 16:40:47.776938 24439 log.cc:1062] T 97a6791627c941a48f3269f2d00d1eea P e61264bf360a4a62a3a5e3b9f2875f5b: Deleting log segment in path: /data/somelongdirectorytoavoidrpathissues/src/kudutest/linked_list-test.LinkedListTest.TestLoadAndVerify.1578529919787104-24342/linked-list-cluster/ts-0/wal/wals/97a6791627c941a48f3269f2d00d1eea/wal-000000019 (ops 224587-237116)
I0108 16:40:47.776953 24439 log.cc:1062] T 97a6791627c941a48f3269f2d00d1eea P e61264bf360a4a62a3a5e3b9f2875f5b: Deleting log segment in path: /data/somelongdirectorytoavoidrpathissues/src/kudutest/linked_list-test.LinkedListTest.TestLoadAndVerify.1578529919787104-24342/linked-list-cluster/ts-0/wal/wals/97a6791627c941a48f3269f2d00d1eea/wal-000000020 (ops 237117-249596)
I0108 16:40:47.800158 24439 maintenance_manager.cc:527] P e61264bf360a4a62a3a5e3b9f2875f5b: LogGCOp(97a6791627c941a48f3269f2d00d1eea) complete. Timing: real 0.023s user 0.000s sys 0.015s Metrics: {}
I0108 16:40:47.800303 24546 maintenance_manager.cc:326] P e61264bf360a4a62a3a5e3b9f2875f5b: Scheduling UndoDeltaBlockGCOp(97a6791627c941a48f3269f2d00d1eea): 45592698 bytes on disk
I0108 16:40:47.914599 24439 maintenance_manager.cc:527] P e61264bf360a4a62a3a5e3b9f2875f5b: UndoDeltaBlockGCOp(97a6791627c941a48f3269f2d00d1eea) complete. Timing: real 0.114s user 0.000s sys 0.000s Metrics: {"cfile_init":2,"lbm_read_time_us":113959,"lbm_reads_1-10_ms":3,"lbm_reads_10-100_ms":1,"lbm_reads_lt_1ms":4}
I0108 16:40:51.664083 24342 linked_list-test-util.h:519] Written 13500000 rows in chain ------------------------------------------------------------ Histogram for latency of insert operations (microseconds) Note: each insert is a batch of 50 rows. ------------------------------------------------------------ Count: 270000 Mean: 1795.37 Percentiles: 0% (min) = 728 25% = 1339 50% (med) = 1503 75% = 1712 95% = 2290 99% = 7404 99.9% = 45984 99.99% = 91776 100% (max) = 643737
I0108 16:41:08.932893 24546 maintenance_manager.cc:326] P e61264bf360a4a62a3a5e3b9f2875f5b: Scheduling FlushMRSOp(2c3d9174c33442d28f28f4d0cda9fc51): perf score=0.033391
I0108 16:41:11.206084 24795 maintenance_manager.cc:326] P 72e6f176048945dea46e0f4305315d3c: Scheduling FlushMRSOp(2c3d9174c33442d28f28f4d0cda9fc51): perf score=0.033399 ------------------------------------------------------------ Histogram for latency of insert operations (microseconds) Note: each insert is a batch of 50 rows. ------------------------------------------------------------ Count: 280000 Mean: 1795.08 Percentiles: 0% (min) = 728 25% = 1340 50% (med) = 1504 75% = 1712 95% = 2286 99% = 7412 99.9% = 45696 99.99% = 90240 100% (max) = 643737
I0108 16:41:11.401594 24342 linked_list-test-util.h:519] Written 14000000 rows in chain
I0108 16:41:11.465644 24671 maintenance_manager.cc:326] P 02a5a9f6601045b6b339c43c526fc29e: Scheduling FlushMRSOp(2c3d9174c33442d28f28f4d0cda9fc51): perf score=0.033337
I0108 16:41:24.945554 24439 maintenance_manager.cc:527] P e61264bf360a4a62a3a5e3b9f2875f5b: FlushMRSOp(2c3d9174c33442d28f28f4d0cda9fc51) complete. Timing: real 16.013s user 3.356s sys 0.286s Metrics: {"bytes_written":38914453,"cfile_init":2,"delete_count":0,"dirs.queue_time_us":9935,"dirs.run_cpu_time_us":213,"dirs.run_wall_time_us":132163,"drs_written":2,"lbm_read_time_us":49,"lbm_reads_lt_1ms":8,"lbm_write_time_us":536378,"lbm_writes_1-10_ms":110,"lbm_writes_10-100_ms":4,"lbm_writes_lt_1ms":3803,"reinsert_count":0,"rows_written":2197739,"thread_start_us":66,"threads_started":2,"update_count":7327}
I0108 16:41:24.967983 24546 maintenance_manager.cc:326] P e61264bf360a4a62a3a5e3b9f2875f5b: Scheduling LogGCOp(2c3d9174c33442d28f28f4d0cda9fc51): free 92937809 bytes of WAL
I0108 16:41:24.968104 24439 log_reader.cc:379] T 2c3d9174c33442d28f28f4d0cda9fc51: removed 11 log segments from log reader
I0108 16:41:24.968147 24439 log.cc:1062] T 2c3d9174c33442d28f28f4d0cda9fc51 P e61264bf360a4a62a3a5e3b9f2875f5b: Deleting log segment in path: /data/somelongdirectorytoavoidrpathissues/src/kudutest/linked_list-test.LinkedListTest.TestLoadAndVerify.1578529919787104-24342/linked-list-cluster/ts-0/wal/wals/2c3d9174c33442d28f28f4d0cda9fc51/wal-000000037 (ops 212810-218686)
I0108 16:41:24.968269 24439 log.cc:1062] T 2c3d9174c33442d28f28f4d0cda9fc51 P e61264bf360a4a62a3a5e3b9f2875f5b: Deleting log segment in path: /data/somelongdirectorytoavoidrpathissues/src/kudutest/linked_list-test.LinkedListTest.TestLoadAndVerify.1578529919787104-24342/linked-list-cluster/ts-0/wal/wals/2c3d9174c33442d28f28f4d0cda9fc51/wal-000000038 (ops 218687-224608)
I0108 16:41:24.968336 24439 log.cc:1062] T 2c3d9174c33442d28f28f4d0cda9fc51 P e61264bf360a4a62a3a5e3b9f2875f5b: Deleting log segment in path: /data/somelongdirectorytoavoidrpathissues/src/kudutest/linked_list-test.LinkedListTest.TestLoadAndVerify.1578529919787104-24342/linked-list-cluster/ts-0/wal/wals/2c3d9174c33442d28f28f4d0cda9fc51/wal-000000039 (ops 224609-230542)
I0108 16:41:24.968396 24439 log.cc:1062] T 2c3d9174c33442d28f28f4d0cda9fc51 P e61264bf360a4a62a3a5e3b9f2875f5b: Deleting log segment in path: /data/somelongdirectorytoavoidrpathissues/src/kudutest/linked_list-test.LinkedListTest.TestLoadAndVerify.1578529919787104-24342/linked-list-cluster/ts-0/wal/wals/2c3d9174c33442d28f28f4d0cda9fc51/wal-000000040 (ops 230543-236426)
