I0108 16:34:30.081231 24546 maintenance_manager.cc:326] P e61264bf360a4a62a3a5e3b9f2875f5b: Scheduling UndoDeltaBlockGCOp(c0c87b04bc0f4f37876458fbfb4bdf03): 11253288 bytes on disk
I0108 16:34:30.081393 24439 maintenance_manager.cc:527] P e61264bf360a4a62a3a5e3b9f2875f5b: UndoDeltaBlockGCOp(c0c87b04bc0f4f37876458fbfb4bdf03) complete. Timing: real 0.000s user 0.000s sys 0.000s Metrics: {"cfile_init":1,"lbm_read_time_us":8,"lbm_reads_lt_1ms":4}
I0108 16:34:30.088313 24689 maintenance_manager.cc:527] P 72e6f176048945dea46e0f4305315d3c: FlushMRSOp(2c3d9174c33442d28f28f4d0cda9fc51) complete. Timing: real 21.019s user 3.829s sys 0.343s Metrics: {"bytes_written":42403683,"cfile_init":2,"delete_count":0,"dirs.queue_time_us":22077,"dirs.run_cpu_time_us":234,"dirs.run_wall_time_us":83940,"drs_written":2,"lbm_read_time_us":18,"lbm_reads_lt_1ms":8,"lbm_write_time_us":561047,"lbm_writes_1-10_ms":151,"lbm_writes_10-100_ms":1,"lbm_writes_lt_1ms":4143,"reinsert_count":0,"rows_written":2415795,"spinlock_wait_cycles":29440,"thread_start_us":1427,"threads_started":2,"update_count":3858}
I0108 16:34:30.088495 24795 maintenance_manager.cc:326] P 72e6f176048945dea46e0f4305315d3c: Scheduling LogGCOp(2c3d9174c33442d28f28f4d0cda9fc51): free 100809531 bytes of WAL
I0108 16:34:30.088692 24689 log_reader.cc:379] T 2c3d9174c33442d28f28f4d0cda9fc51: removed 12 log segments from log reader
I0108 16:34:30.088747 24689 log.cc:1062] T 2c3d9174c33442d28f28f4d0cda9fc51 P 72e6f176048945dea46e0f4305315d3c: Deleting log segment in path: /data/somelongdirectorytoavoidrpathissues/src/kudutest/linked_list-test.LinkedListTest.TestLoadAndVerify.1578529919787104-24342/linked-list-cluster/ts-2/wal/wals/2c3d9174c33442d28f28f4d0cda9fc51/wal-000000001 (ops 1-6069)
I0108 16:34:30.088840 24689 log.cc:1062] T 2c3d9174c33442d28f28f4d0cda9fc51 P 72e6f176048945dea46e0f4305315d3c: Deleting log segment in path: /data/somelongdirectorytoavoidrpathissues/src/kudutest/linked_list-test.LinkedListTest.TestLoadAndVerify.1578529919787104-24342/linked-list-cluster/ts-2/wal/wals/2c3d9174c33442d28f28f4d0cda9fc51/wal-000000002 (ops 6070-12003)
I0108 16:34:30.088909 24689 log.cc:1062] T 2c3d9174c33442d28f28f4d0cda9fc51 P 72e6f176048945dea46e0f4305315d3c: Deleting log segment in path: /data/somelongdirectorytoavoidrpathissues/src/kudutest/linked_list-test.LinkedListTest.TestLoadAndVerify.1578529919787104-24342/linked-list-cluster/ts-2/wal/wals/2c3d9174c33442d28f28f4d0cda9fc51/wal-000000003 (ops 12004-17846)
I0108 16:34:30.088979 24689 log.cc:1062] T 2c3d9174c33442d28f28f4d0cda9fc51 P 72e6f176048945dea46e0f4305315d3c: Deleting log segment in path: /data/somelongdirectorytoavoidrpathissues/src/kudutest/linked_list-test.LinkedListTest.TestLoadAndVerify.1578529919787104-24342/linked-list-cluster/ts-2/wal/wals/2c3d9174c33442d28f28f4d0cda9fc51/wal-000000004 (ops 17847-23803)
I0108 16:34:30.089046 24689 log.cc:1062] T 2c3d9174c33442d28f28f4d0cda9fc51 P 72e6f176048945dea46e0f4305315d3c: Deleting log segment in path: /data/somelongdirectorytoavoidrpathissues/src/kudutest/linked_list-test.LinkedListTest.TestLoadAndVerify.1578529919787104-24342/linked-list-cluster/ts-2/wal/wals/2c3d9174c33442d28f28f4d0cda9fc51/wal-000000005 (ops 23804-29786)
I0108 16:34:30.089113 24689 log.cc:1062] T 2c3d9174c33442d28f28f4d0cda9fc51 P 72e6f176048945dea46e0f4305315d3c: Deleting log segment in path: /data/somelongdirectorytoavoidrpathissues/src/kudutest/linked_list-test.LinkedListTest.TestLoadAndVerify.1578529919787104-24342/linked-list-cluster/ts-2/wal/wals/2c3d9174c33442d28f28f4d0cda9fc51/wal-000000006 (ops 29787-35647)
I0108 16:34:30.089179 24689 log.cc:1062] T 2c3d9174c33442d28f28f4d0cda9fc51 P 72e6f176048945dea46e0f4305315d3c: Deleting log segment in path: /data/somelongdirectorytoavoidrpathissues/src/kudutest/linked_list-test.LinkedListTest.TestLoadAndVerify.1578529919787104-24342/linked-list-cluster/ts-2/wal/wals/2c3d9174c33442d28f28f4d0cda9fc51/wal-000000007 (ops 35648-41649)
I0108 16:34:30.089246 24689 log.cc:1062] T 2c3d9174c33442d28f28f4d0cda9fc51 P 72e6f176048945dea46e0f4305315d3c: Deleting log segment in path: /data/somelongdirectorytoavoidrpathissues/src/kudutest/linked_list-test.LinkedListTest.TestLoadAndVerify.1578529919787104-24342/linked-list-cluster/ts-2/wal/wals/2c3d9174c33442d28f28f4d0cda9fc51/wal-000000008 (ops 41650-47516)
I0108 16:34:30.089344 24689 log.cc:1062] T 2c3d9174c33442d28f28f4d0cda9fc51 P 72e6f176048945dea46e0f4305315d3c: Deleting log segment in path: /data/somelongdirectorytoavoidrpathissues/src/kudutest/linked_list-test.LinkedListTest.TestLoadAndVerify.1578529919787104-24342/linked-list-cluster/ts-2/wal/wals/2c3d9174c33442d28f28f4d0cda9fc51/wal-000000009 (ops 47517-53508)
I0108 16:34:30.089462 24689 log.cc:1062] T 2c3d9174c33442d28f28f4d0cda9fc51 P 72e6f176048945dea46e0f4305315d3c: Deleting log segment in path: /data/somelongdirectorytoavoidrpathissues/src/kudutest/linked_list-test.LinkedListTest.TestLoadAndVerify.1578529919787104-24342/linked-list-cluster/ts-2/wal/wals/2c3d9174c33442d28f28f4d0cda9fc51/wal-000000010 (ops 53509-59375)
I0108 16:34:30.089601 24689 log.cc:1062] T 2c3d9174c33442d28f28f4d0cda9fc51 P 72e6f176048945dea46e0f4305315d3c: Deleting log segment in path: /data/somelongdirectorytoavoidrpathissues/src/kudutest/linked_list-test.LinkedListTest.TestLoadAndVerify.1578529919787104-24342/linked-list-cluster/ts-2/wal/wals/2c3d9174c33442d28f28f4d0cda9fc51/wal-000000011 (ops 59376-65378)
I0108 16:34:30.089665 24689 log.cc:1062] T 2c3d9174c33442d28f28f4d0cda9fc51 P 72e6f176048945dea46e0f4305315d3c: Deleting log segment in path: /data/somelongdirectorytoavoidrpathissues/src/kudutest/linked_list-test.LinkedListTest.TestLoadAndVerify.1578529919787104-24342/linked-list-cluster/ts-2/wal/wals/2c3d9174c33442d28f28f4d0cda9fc51/wal-000000012 (ops 65379-71294)
I0108 16:34:30.136011 24689 maintenance_manager.cc:527] P 72e6f176048945dea46e0f4305315d3c: LogGCOp(2c3d9174c33442d28f28f4d0cda9fc51) complete. Timing: real 0.047s user 0.002s sys 0.025s Metrics: {}
I0108 16:34:30.136154 24795 maintenance_manager.cc:326] P 72e6f176048945dea46e0f4305315d3c: Scheduling UndoDeltaBlockGCOp(2c3d9174c33442d28f28f4d0cda9fc51): 48171672 bytes on disk
I0108 16:34:30.136739 24689 maintenance_manager.cc:527] P 72e6f176048945dea46e0f4305315d3c: UndoDeltaBlockGCOp(2c3d9174c33442d28f28f4d0cda9fc51) complete. Timing: real 0.001s user 0.000s sys 0.000s Metrics: {"cfile_init":2,"lbm_read_time_us":456,"lbm_reads_lt_1ms":8}
I0108 16:34:30.137228 24795 maintenance_manager.cc:326] P 72e6f176048945dea46e0f4305315d3c: Scheduling UndoDeltaBlockGCOp(97a6791627c941a48f3269f2d00d1eea): 11600423 bytes on disk
I0108 16:34:30.137356 24689 maintenance_manager.cc:527] P 72e6f176048945dea46e0f4305315d3c: UndoDeltaBlockGCOp(97a6791627c941a48f3269f2d00d1eea) complete. Timing: real 0.000s user 0.000s sys 0.000s Metrics: {"cfile_init":1,"lbm_read_time_us":9,"lbm_reads_lt_1ms":4} ------------------------------------------------------------ Histogram for latency of insert operations (microseconds) Note: each insert is a batch of 50 rows. ------------------------------------------------------------ Count: 90000 Mean: 1615.92 Percentiles: 0% (min) = 728 25% = 1260 50% (med) = 1408 75% = 1593 95% = 2045 99% = 6168 99.9% = 35648 99.99% = 62368 100% (max) = 87675
I0108 16:34:42.371716 24342 linked_list-test-util.h:519] Written 4500000 rows in chain ------------------------------------------------------------ Histogram for latency of insert operations (microseconds) Note: each insert is a batch of 50 rows. ------------------------------------------------------------ Count: 100000 Mean: 1624.98 Percentiles: 0% (min) = 728 25% = 1268 50% (med) = 1418 75% = 1606 95% = 2058 99% = 6136 99.9% = 35520 99.99% = 62240 100% (max) = 87675
I0108 16:35:01.299621 24342 linked_list-test-util.h:519] Written 5000000 rows in chain
I0108 16:35:20.481546 24342 linked_list-test-util.h:519] Written 5500000 rows in chain ------------------------------------------------------------ Histogram for latency of insert operations (microseconds) Note: each insert is a batch of 50 rows. ------------------------------------------------------------ Count: 110000 Mean: 1634.62 Percentiles: 0% (min) = 728 25% = 1276 50% (med) = 1428 75% = 1619 95% = 2070 99% = 6136 99.9% = 35520 99.99% = 60896 100% (max) = 87675 ------------------------------------------------------------ Histogram for latency of insert operations (microseconds) Note: each insert is a batch of 50 rows. ------------------------------------------------------------ Count: 120000 Mean: 1642.95 Percentiles: 0% (min) = 728 25% = 1283 50% (med) = 1436 75% = 1628 95% = 2084 99% = 6172 99.9% = 35520 99.99% = 59552 100% (max) = 87675
I0108 16:35:39.796090 24342 linked_list-test-util.h:519] Written 6000000 rows in chain ------------------------------------------------------------ Histogram for latency of insert operations (microseconds) Note: each insert is a batch of 50 rows. ------------------------------------------------------------ Count: 130000 Mean: 1651.51 Percentiles: 0% (min) = 728 25% = 1290 50% (med) = 1445 75% = 1638 95% = 2096 99% = 6204 99.9% = 35520 99.99% = 59488 100% (max) = 87675
I0108 16:35:59.221300 24342 linked_list-test-util.h:519] Written 6500000 rows in chain
I0108 16:36:04.473870 24795 maintenance_manager.cc:326] P 72e6f176048945dea46e0f4305315d3c: Scheduling FlushMRSOp(c0c87b04bc0f4f37876458fbfb4bdf03): perf score=0.033395
I0108 16:36:04.610844 24671 maintenance_manager.cc:326] P 02a5a9f6601045b6b339c43c526fc29e: Scheduling FlushMRSOp(97a6791627c941a48f3269f2d00d1eea): perf score=0.033391
I0108 16:36:04.664036 24546 maintenance_manager.cc:326] P e61264bf360a4a62a3a5e3b9f2875f5b: Scheduling FlushMRSOp(c0c87b04bc0f4f37876458fbfb4bdf03): perf score=0.033349
I0108 16:36:07.972306 24689 maintenance_manager.cc:527] P 72e6f176048945dea46e0f4305315d3c: FlushMRSOp(c0c87b04bc0f4f37876458fbfb4bdf03) complete. Timing: real 3.498s user 0.827s sys 0.054s Metrics: {"bytes_written":9561102,"cfile_init":1,"delete_count":0,"dirs.queue_time_us":21469,"dirs.run_cpu_time_us":94,"dirs.run_wall_time_us":152571,"drs_written":1,"lbm_read_time_us":7,"lbm_reads_lt_1ms":4,"lbm_write_time_us":106027,"lbm_writes_1-10_ms":23,"lbm_writes_lt_1ms":949,"reinsert_count":0,"rows_written":539569,"thread_start_us":30,"threads_started":1,"update_count":1298}
I0108 16:36:07.973438 24795 maintenance_manager.cc:326] P 72e6f176048945dea46e0f4305315d3c: Scheduling LogGCOp(c0c87b04bc0f4f37876458fbfb4bdf03): free 41964663 bytes of WAL
I0108 16:36:07.973608 24689 log_reader.cc:379] T c0c87b04bc0f4f37876458fbfb4bdf03: removed 5 log segments from log reader
I0108 16:36:07.973723 24689 log.cc:1062] T c0c87b04bc0f4f37876458fbfb4bdf03 P 72e6f176048945dea46e0f4305315d3c: Deleting log segment in path: /data/somelongdirectorytoavoidrpathissues/src/kudutest/linked_list-test.LinkedListTest.TestLoadAndVerify.1578529919787104-24342/linked-list-cluster/ts-2/wal/wals/c0c87b04bc0f4f37876458fbfb4bdf03/wal-000000006 (ops 62487-74969)
I0108 16:36:07.974484 24689 log.cc:1062] T c0c87b04bc0f4f37876458fbfb4bdf03 P 72e6f176048945dea46e0f4305315d3c: Deleting log segment in path: /data/somelongdirectorytoavoidrpathissues/src/kudutest/linked_list-test.LinkedListTest.TestLoadAndVerify.1578529919787104-24342/linked-list-cluster/ts-2/wal/wals/c0c87b04bc0f4f37876458fbfb4bdf03/wal-000000007 (ops 74970-87505)
I0108 16:36:07.974553 24689 log.cc:1062] T c0c87b04bc0f4f37876458fbfb4bdf03 P 72e6f176048945dea46e0f4305315d3c: Deleting log segment in path: /data/somelongdirectorytoavoidrpathissues/src/kudutest/linked_list-test.LinkedListTest.TestLoadAndVerify.1578529919787104-24342/linked-list-cluster/ts-2/wal/wals/c0c87b04bc0f4f37876458fbfb4bdf03/wal-000000008 (ops 87506-99975)
I0108 16:36:07.975175 24689 log.cc:1062] T c0c87b04bc0f4f37876458fbfb4bdf03 P 72e6f176048945dea46e0f4305315d3c: Deleting log segment in path: /data/somelongdirectorytoavoidrpathissues/src/kudutest/linked_list-test.LinkedListTest.TestLoadAndVerify.1578529919787104-24342/linked-list-cluster/ts-2/wal/wals/c0c87b04bc0f4f37876458fbfb4bdf03/wal-000000009 (ops 99976-112449)
I0108 16:36:07.975253 24689 log.cc:1062] T c0c87b04bc0f4f37876458fbfb4bdf03 P 72e6f176048945dea46e0f4305315d3c: Deleting log segment in path: /data/somelongdirectorytoavoidrpathissues/src/kudutest/linked_list-test.LinkedListTest.TestLoadAndVerify.1578529919787104-24342/linked-list-cluster/ts-2/wal/wals/c0c87b04bc0f4f37876458fbfb4bdf03/wal-000000010 (ops 112450-124873)
I0108 16:36:08.016240 24689 maintenance_manager.cc:527] P 72e6f176048945dea46e0f4305315d3c: LogGCOp(c0c87b04bc0f4f37876458fbfb4bdf03) complete. Timing: real 0.043s user 0.002s sys 0.011s Metrics: {}
I0108 16:36:08.017122 24795 maintenance_manager.cc:326] P 72e6f176048945dea46e0f4305315d3c: Scheduling UndoDeltaBlockGCOp(c0c87b04bc0f4f37876458fbfb4bdf03): 10738711 bytes on disk
I0108 16:36:08.017402 24689 maintenance_manager.cc:527] P 72e6f176048945dea46e0f4305315d3c: UndoDeltaBlockGCOp(c0c87b04bc0f4f37876458fbfb4bdf03) complete. Timing: real 0.000s user 0.000s sys 0.000s Metrics: {"cfile_init":1,"lbm_read_time_us":11,"lbm_reads_lt_1ms":4}
I0108 16:36:08.017499 24795 maintenance_manager.cc:326] P 72e6f176048945dea46e0f4305315d3c: Scheduling CompactRowSetsOp(c0c87b04bc0f4f37876458fbfb4bdf03): perf score=1.003865
I0108 16:36:08.049312 24565 maintenance_manager.cc:527] P 02a5a9f6601045b6b339c43c526fc29e: FlushMRSOp(97a6791627c941a48f3269f2d00d1eea) complete. Timing: real 3.438s user 0.829s sys 0.054s Metrics: {"bytes_written":9605308,"cfile_init":1,"delete_count":0,"dirs.queue_time_us":9016,"dirs.run_cpu_time_us":97,"dirs.run_wall_time_us":23163,"drs_written":1,"lbm_read_time_us":9,"lbm_reads_lt_1ms":4,"lbm_write_time_us":93692,"lbm_writes_1-10_ms":26,"lbm_writes_lt_1ms":950,"reinsert_count":0,"rows_written":541847,"thread_start_us":30,"threads_started":1,"update_count":1804}
I0108 16:36:08.049937 24671 maintenance_manager.cc:326] P 02a5a9f6601045b6b339c43c526fc29e: Scheduling LogGCOp(97a6791627c941a48f3269f2d00d1eea): free 41994890 bytes of WAL
I0108 16:36:08.050112 24565 log_reader.cc:379] T 97a6791627c941a48f3269f2d00d1eea: removed 5 log segments from log reader
I0108 16:36:08.050156 24565 log.cc:1062] T 97a6791627c941a48f3269f2d00d1eea P 02a5a9f6601045b6b339c43c526fc29e: Deleting log segment in path: /data/somelongdirectorytoavoidrpathissues/src/kudutest/linked_list-test.LinkedListTest.TestLoadAndVerify.1578529919787104-24342/linked-list-cluster/ts-1/wal/wals/97a6791627c941a48f3269f2d00d1eea/wal-000000006 (ops 62301-74778)
I0108 16:36:08.050241 24565 log.cc:1062] T 97a6791627c941a48f3269f2d00d1eea P 02a5a9f6601045b6b339c43c526fc29e: Deleting log segment in path: /data/somelongdirectorytoavoidrpathissues/src/kudutest/linked_list-test.LinkedListTest.TestLoadAndVerify.1578529919787104-24342/linked-list-cluster/ts-1/wal/wals/97a6791627c941a48f3269f2d00d1eea/wal-000000007 (ops 74779-87194)
I0108 16:36:08.050299 24565 log.cc:1062] T 97a6791627c941a48f3269f2d00d1eea P 02a5a9f6601045b6b339c43c526fc29e: Deleting log segment in path: /data/somelongdirectorytoavoidrpathissues/src/kudutest/linked_list-test.LinkedListTest.TestLoadAndVerify.1578529919787104-24342/linked-list-cluster/ts-1/wal/wals/97a6791627c941a48f3269f2d00d1eea/wal-000000008 (ops 87195-99653)
I0108 16:36:08.050361 24565 log.cc:1062] T 97a6791627c941a48f3269f2d00d1eea P 02a5a9f6601045b6b339c43c526fc29e: Deleting log segment in path: /data/somelongdirectorytoavoidrpathissues/src/kudutest/linked_list-test.LinkedListTest.TestLoadAndVerify.1578529919787104-24342/linked-list-cluster/ts-1/wal/wals/97a6791627c941a48f3269f2d00d1eea/wal-000000009 (ops 99654-112094)
I0108 16:36:08.050449 24565 log.cc:1062] T 97a6791627c941a48f3269f2d00d1eea P 02a5a9f6601045b6b339c43c526fc29e: Deleting log segment in path: /data/somelongdirectorytoavoidrpathissues/src/kudutest/linked_list-test.LinkedListTest.TestLoadAndVerify.1578529919787104-24342/linked-list-cluster/ts-1/wal/wals/97a6791627c941a48f3269f2d00d1eea/wal-000000010 (ops 112095-124571)
I0108 16:36:08.092308 24565 maintenance_manager.cc:527] P 02a5a9f6601045b6b339c43c526fc29e: LogGCOp(97a6791627c941a48f3269f2d00d1eea) complete. Timing: real 0.042s user 0.004s sys 0.009s Metrics: {}
I0108 16:36:08.093863 24671 maintenance_manager.cc:326] P 02a5a9f6601045b6b339c43c526fc29e: Scheduling UndoDeltaBlockGCOp(97a6791627c941a48f3269f2d00d1eea): 10777666 bytes on disk
I0108 16:36:08.093988 24565 maintenance_manager.cc:527] P 02a5a9f6601045b6b339c43c526fc29e: UndoDeltaBlockGCOp(97a6791627c941a48f3269f2d00d1eea) complete. Timing: real 0.000s user 0.000s sys 0.000s Metrics: {"cfile_init":1,"lbm_read_time_us":10,"lbm_reads_lt_1ms":4}
I0108 16:36:08.094075 24671 maintenance_manager.cc:326] P 02a5a9f6601045b6b339c43c526fc29e: Scheduling CompactRowSetsOp(97a6791627c941a48f3269f2d00d1eea): perf score=1.003848
I0108 16:36:08.663815 24439 maintenance_manager.cc:527] P e61264bf360a4a62a3a5e3b9f2875f5b: FlushMRSOp(c0c87b04bc0f4f37876458fbfb4bdf03) complete. Timing: real 4.000s user 0.823s sys 0.054s Metrics: {"bytes_written":9574992,"cfile_init":1,"delete_count":0,"dirs.queue_time_us":5524,"dirs.run_cpu_time_us":72,"dirs.run_wall_time_us":36581,"drs_written":1,"lbm_read_time_us":7,"lbm_reads_lt_1ms":4,"lbm_write_time_us":90029,"lbm_writes_1-10_ms":23,"lbm_writes_lt_1ms":950,"reinsert_count":0,"rows_written":539817,"thread_start_us":31,"threads_started":1,"update_count":2173}
I0108 16:36:08.663938 24546 maintenance_manager.cc:326] P e61264bf360a4a62a3a5e3b9f2875f5b: Scheduling LogGCOp(c0c87b04bc0f4f37876458fbfb4bdf03): free 41963060 bytes of WAL
I0108 16:36:08.663980 24439 log_reader.cc:379] T c0c87b04bc0f4f37876458fbfb4bdf03: removed 5 log segments from log reader
I0108 16:36:08.663987 24439 log.cc:1062] T c0c87b04bc0f4f37876458fbfb4bdf03 P e61264bf360a4a62a3a5e3b9f2875f5b: Deleting log segment in path: /data/somelongdirectorytoavoidrpathissues/src/kudutest/linked_list-test.LinkedListTest.TestLoadAndVerify.1578529919787104-24342/linked-list-cluster/ts-0/wal/wals/c0c87b04bc0f4f37876458fbfb4bdf03/wal-000000006 (ops 62007-74425)
I0108 16:36:08.664026 24439 log.cc:1062] T c0c87b04bc0f4f37876458fbfb4bdf03 P e61264bf360a4a62a3a5e3b9f2875f5b: Deleting log segment in path: /data/somelongdirectorytoavoidrpathissues/src/kudutest/linked_list-test.LinkedListTest.TestLoadAndVerify.1578529919787104-24342/linked-list-cluster/ts-0/wal/wals/c0c87b04bc0f4f37876458fbfb4bdf03/wal-000000007 (ops 74426-86807)
I0108 16:36:08.664053 24439 log.cc:1062] T c0c87b04bc0f4f37876458fbfb4bdf03 P e61264bf360a4a62a3a5e3b9f2875f5b: Deleting log segment in path: /data/somelongdirectorytoavoidrpathissues/src/kudutest/linked_list-test.LinkedListTest.TestLoadAndVerify.1578529919787104-24342/linked-list-cluster/ts-0/wal/wals/c0c87b04bc0f4f37876458fbfb4bdf03/wal-000000008 (ops 86808-99177)
I0108 16:36:08.664072 24439 log.cc:1062] T c0c87b04bc0f4f37876458fbfb4bdf03 P e61264bf360a4a62a3a5e3b9f2875f5b: Deleting log segment in path: /data/somelongdirectorytoavoidrpathissues/src/kudutest/linked_list-test.LinkedListTest.TestLoadAndVerify.1578529919787104-24342/linked-list-cluster/ts-0/wal/wals/c0c87b04bc0f4f37876458fbfb4bdf03/wal-000000009 (ops 99178-111591)
I0108 16:36:08.664088 24439 log.cc:1062] T c0c87b04bc0f4f37876458fbfb4bdf03 P e61264bf360a4a62a3a5e3b9f2875f5b: Deleting log segment in path: /data/somelongdirectorytoavoidrpathissues/src/kudutest/linked_list-test.LinkedListTest.TestLoadAndVerify.1578529919787104-24342/linked-list-cluster/ts-0/wal/wals/c0c87b04bc0f4f37876458fbfb4bdf03/wal-000000010 (ops 111592-124003)
I0108 16:36:08.770519 24439 maintenance_manager.cc:527] P e61264bf360a4a62a3a5e3b9f2875f5b: LogGCOp(c0c87b04bc0f4f37876458fbfb4bdf03) complete. Timing: real 0.107s user 0.001s sys 0.013s Metrics: {}
I0108 16:36:08.772296 24546 maintenance_manager.cc:326] P e61264bf360a4a62a3a5e3b9f2875f5b: Scheduling UndoDeltaBlockGCOp(c0c87b04bc0f4f37876458fbfb4bdf03): 10736834 bytes on disk
I0108 16:36:08.772701 24439 maintenance_manager.cc:527] P e61264bf360a4a62a3a5e3b9f2875f5b: UndoDeltaBlockGCOp(c0c87b04bc0f4f37876458fbfb4bdf03) complete. Timing: real 0.000s user 0.000s sys 0.000s Metrics: {"cfile_init":1,"lbm_read_time_us":10,"lbm_reads_lt_1ms":4}
I0108 16:36:08.772795 24546 maintenance_manager.cc:326] P e61264bf360a4a62a3a5e3b9f2875f5b: Scheduling CompactRowSetsOp(c0c87b04bc0f4f37876458fbfb4bdf03): perf score=1.003855
I0108 16:36:15.111421 24565 maintenance_manager.cc:527] P 02a5a9f6601045b6b339c43c526fc29e: CompactRowSetsOp(97a6791627c941a48f3269f2d00d1eea) complete. Timing: real 7.017s user 1.487s sys 0.153s Metrics: {"bytes_written":19409673,"cfile_cache_hit":52,"cfile_cache_hit_bytes":6151313,"cfile_cache_miss":2574,"cfile_cache_miss_bytes":71653335,"cfile_init":9,"delta_iterators_relevant":8,"dirs.queue_time_us":9730,"dirs.run_cpu_time_us":93,"dirs.run_wall_time_us":24866,"drs_written":1,"lbm_read_time_us":182492,"lbm_reads_1-10_ms":43,"lbm_reads_10-100_ms":2,"lbm_reads_lt_1ms":2565,"lbm_write_time_us":286548,"lbm_writes_1-10_ms":48,"lbm_writes_10-100_ms":5,"lbm_writes_lt_1ms":1913,"num_input_rowsets":2,"rows_written":1107417,"spinlock_wait_cycles":4352,"thread_start_us":270,"threads_started":9}
I0108 16:36:15.111652 24671 maintenance_manager.cc:326] P 02a5a9f6601045b6b339c43c526fc29e: Scheduling FlushMRSOp(c0c87b04bc0f4f37876458fbfb4bdf03): perf score=0.035200
I0108 16:36:15.390257 24689 maintenance_manager.cc:527] P 72e6f176048945dea46e0f4305315d3c: CompactRowSetsOp(c0c87b04bc0f4f37876458fbfb4bdf03) complete. Timing: real 7.373s user 1.493s sys 0.142s Metrics: {"bytes_written":19383032,"cfile_cache_hit":51,"cfile_cache_hit_bytes":6000910,"cfile_cache_miss":2571,"cfile_cache_miss_bytes":71678548,"cfile_init":9,"delta_iterators_relevant":8,"dirs.queue_time_us":5435,"dirs.run_cpu_time_us":174,"dirs.run_wall_time_us":145459,"drs_written":1,"lbm_read_time_us":261404,"lbm_reads_1-10_ms":37,"lbm_reads_10-100_ms":1,"lbm_reads_gt_100_ms":1,"lbm_reads_lt_1ms":2568,"lbm_write_time_us":344762,"lbm_writes_1-10_ms":58,"lbm_writes_10-100_ms":6,"lbm_writes_lt_1ms":1900,"num_input_rowsets":2,"rows_written":1106024,"spinlock_wait_cycles":25742080,"thread_start_us":228,"threads_started":9}
I0108 16:36:15.390363 24795 maintenance_manager.cc:326] P 72e6f176048945dea46e0f4305315d3c: Scheduling UndoDeltaBlockGCOp(c0c87b04bc0f4f37876458fbfb4bdf03): 22491402 bytes on disk
I0108 16:36:15.390455 24689 maintenance_manager.cc:527] P 72e6f176048945dea46e0f4305315d3c: UndoDeltaBlockGCOp(c0c87b04bc0f4f37876458fbfb4bdf03) complete. Timing: real 0.000s user 0.000s sys 0.000s Metrics: {"cfile_init":1,"lbm_read_time_us":9,"lbm_reads_lt_1ms":4}
I0108 16:36:15.390525 24795 maintenance_manager.cc:326] P 72e6f176048945dea46e0f4305315d3c: Scheduling FlushMRSOp(97a6791627c941a48f3269f2d00d1eea): perf score=0.035132
I0108 16:36:15.833645 24439 maintenance_manager.cc:527] P e61264bf360a4a62a3a5e3b9f2875f5b: CompactRowSetsOp(c0c87b04bc0f4f37876458fbfb4bdf03) complete. Timing: real 7.061s user 1.506s sys 0.148s Metrics: {"bytes_written":19400976,"cfile_cache_hit":53,"cfile_cache_hit_bytes":6157276,"cfile_cache_miss":2571,"cfile_cache_miss_bytes":71593232,"cfile_init":9,"delta_iterators_relevant":8,"dirs.queue_time_us":495,"dirs.run_cpu_time_us":87,"dirs.run_wall_time_us":40365,"drs_written":1,"lbm_read_time_us":162110,"lbm_reads_1-10_ms":31,"lbm_reads_10-100_ms":2,"lbm_reads_lt_1ms":2574,"lbm_write_time_us":220346,"lbm_writes_1-10_ms":51,"lbm_writes_10-100_ms":2,"lbm_writes_lt_1ms":1913,"num_input_rowsets":2,"rows_written":1106899,"spinlock_wait_cycles":15435008,"thread_start_us":1743,"threads_started":9}
I0108 16:36:15.833812 24546 maintenance_manager.cc:326] P e61264bf360a4a62a3a5e3b9f2875f5b: Scheduling FlushMRSOp(97a6791627c941a48f3269f2d00d1eea): perf score=0.035301
I0108 16:36:18.340329 24689 maintenance_manager.cc:527] P 72e6f176048945dea46e0f4305315d3c: FlushMRSOp(97a6791627c941a48f3269f2d00d1eea) complete. Timing: real 2.950s user 0.851s sys 0.064s Metrics: {"bytes_written":10034591,"cfile_init":1,"delete_count":0,"dirs.queue_time_us":5182,"dirs.run_cpu_time_us":104,"dirs.run_wall_time_us":46428,"drs_written":1,"lbm_read_time_us":8,"lbm_reads_lt_1ms":4,"lbm_write_time_us":136711,"lbm_writes_1-10_ms":28,"lbm_writes_10-100_ms":1,"lbm_writes_lt_1ms":993,"reinsert_count":0,"rows_written":567640,"thread_start_us":31,"threads_started":1,"update_count":22}
I0108 16:36:18.340569 24795 maintenance_manager.cc:326] P 72e6f176048945dea46e0f4305315d3c: Scheduling LogGCOp(97a6791627c941a48f3269f2d00d1eea): free 42003694 bytes of WAL
I0108 16:36:18.340638 24689 log_reader.cc:379] T 97a6791627c941a48f3269f2d00d1eea: removed 5 log segments from log reader
I0108 16:36:18.340680 24689 log.cc:1062] T 97a6791627c941a48f3269f2d00d1eea P 72e6f176048945dea46e0f4305315d3c: Deleting log segment in path: /data/somelongdirectorytoavoidrpathissues/src/kudutest/linked_list-test.LinkedListTest.TestLoadAndVerify.1578529919787104-24342/linked-list-cluster/ts-2/wal/wals/97a6791627c941a48f3269f2d00d1eea/wal-000000006 (ops 61977-74411)
I0108 16:36:18.340802 24689 log.cc:1062] T 97a6791627c941a48f3269f2d00d1eea P 72e6f176048945dea46e0f4305315d3c: Deleting log segment in path: /data/somelongdirectorytoavoidrpathissues/src/kudutest/linked_list-test.LinkedListTest.TestLoadAndVerify.1578529919787104-24342/linked-list-cluster/ts-2/wal/wals/97a6791627c941a48f3269f2d00d1eea/wal-000000007 (ops 74412-86768)
I0108 16:36:18.341280 24689 log.cc:1062] T 97a6791627c941a48f3269f2d00d1eea P 72e6f176048945dea46e0f4305315d3c: Deleting log segment in path: /data/somelongdirectorytoavoidrpathissues/src/kudutest/linked_list-test.LinkedListTest.TestLoadAndVerify.1578529919787104-24342/linked-list-cluster/ts-2/wal/wals/97a6791627c941a48f3269f2d00d1eea/wal-000000008 (ops 86769-99145)
I0108 16:36:18.341622 24689 log.cc:1062] T 97a6791627c941a48f3269f2d00d1eea P 72e6f176048945dea46e0f4305315d3c: Deleting log segment in path: /data/somelongdirectorytoavoidrpathissues/src/kudutest/linked_list-test.LinkedListTest.TestLoadAndVerify.1578529919787104-24342/linked-list-cluster/ts-2/wal/wals/97a6791627c941a48f3269f2d00d1eea/wal-000000009 (ops 99146-111562)
I0108 16:36:18.342118 24689 log.cc:1062] T 97a6791627c941a48f3269f2d00d1eea P 72e6f176048945dea46e0f4305315d3c: Deleting log segment in path: /data/somelongdirectorytoavoidrpathissues/src/kudutest/linked_list-test.LinkedListTest.TestLoadAndVerify.1578529919787104-24342/linked-list-cluster/ts-2/wal/wals/97a6791627c941a48f3269f2d00d1eea/wal-000000010 (ops 111563-123976)
I0108 16:36:18.409868 24689 maintenance_manager.cc:527] P 72e6f176048945dea46e0f4305315d3c: LogGCOp(97a6791627c941a48f3269f2d00d1eea) complete. Timing: real 0.069s user 0.000s sys 0.015s Metrics: {}
I0108 16:36:18.410030 24795 maintenance_manager.cc:326] P 72e6f176048945dea46e0f4305315d3c: Scheduling CompactRowSetsOp(97a6791627c941a48f3269f2d00d1eea): perf score=1.003406
I0108 16:36:18.426734 24565 maintenance_manager.cc:527] P 02a5a9f6601045b6b339c43c526fc29e: FlushMRSOp(c0c87b04bc0f4f37876458fbfb4bdf03) complete. Timing: real 3.315s user 0.863s sys 0.065s Metrics: {"bytes_written":10018713,"cfile_init":1,"delete_count":0,"dirs.queue_time_us":19561,"dirs.run_cpu_time_us":63,"dirs.run_wall_time_us":63,"drs_written":1,"lbm_read_time_us":8,"lbm_reads_lt_1ms":4,"lbm_write_time_us":253667,"lbm_writes_1-10_ms":21,"lbm_writes_10-100_ms":7,"lbm_writes_lt_1ms":988,"reinsert_count":0,"rows_written":564400,"thread_start_us":30,"threads_started":1,"update_count":3414}
I0108 16:36:18.431671 24671 maintenance_manager.cc:326] P 02a5a9f6601045b6b339c43c526fc29e: Scheduling UndoDeltaBlockGCOp(97a6791627c941a48f3269f2d00d1eea): 22535152 bytes on disk
I0108 16:36:18.442493 24565 maintenance_manager.cc:527] P 02a5a9f6601045b6b339c43c526fc29e: UndoDeltaBlockGCOp(97a6791627c941a48f3269f2d00d1eea) complete. Timing: real 0.010s user 0.000s sys 0.000s Metrics: {"cfile_init":1,"lbm_read_time_us":10385,"lbm_reads_1-10_ms":2,"lbm_reads_lt_1ms":2}
I0108 16:36:18.442592 24671 maintenance_manager.cc:326] P 02a5a9f6601045b6b339c43c526fc29e: Scheduling UndoDeltaBlockGCOp(c0c87b04bc0f4f37876458fbfb4bdf03): 11233685 bytes on disk
I0108 16:36:18.442972 24565 maintenance_manager.cc:527] P 02a5a9f6601045b6b339c43c526fc29e: UndoDeltaBlockGCOp(c0c87b04bc0f4f37876458fbfb4bdf03) complete. Timing: real 0.000s user 0.000s sys 0.000s Metrics: {"cfile_init":1,"lbm_read_time_us":243,"lbm_reads_lt_1ms":4}
I0108 16:36:18.443073 24671 maintenance_manager.cc:326] P 02a5a9f6601045b6b339c43c526fc29e: Scheduling CompactRowSetsOp(c0c87b04bc0f4f37876458fbfb4bdf03): perf score=1.003420
I0108 16:36:19.152699 24439 maintenance_manager.cc:527] P e61264bf360a4a62a3a5e3b9f2875f5b: FlushMRSOp(97a6791627c941a48f3269f2d00d1eea) complete. Timing: real 3.319s user 0.858s sys 0.072s Metrics: {"bytes_written":10050118,"cfile_init":1,"delete_count":0,"dirs.queue_time_us":146,"dirs.run_cpu_time_us":52,"dirs.run_wall_time_us":86,"drs_written":1,"lbm_read_time_us":10,"lbm_reads_lt_1ms":4,"lbm_write_time_us":203942,"lbm_writes_1-10_ms":33,"lbm_writes_10-100_ms":4,"lbm_writes_lt_1ms":984,"reinsert_count":0,"rows_written":567517,"spinlock_wait_cycles":768,"thread_start_us":54,"threads_started":1,"update_count":1542}
I0108 16:36:19.152882 24546 maintenance_manager.cc:326] P e61264bf360a4a62a3a5e3b9f2875f5b: Scheduling LogGCOp(97a6791627c941a48f3269f2d00d1eea): free 41992733 bytes of WAL
I0108 16:36:19.153329 24439 log_reader.cc:379] T 97a6791627c941a48f3269f2d00d1eea: removed 5 log segments from log reader
I0108 16:36:19.153381 24439 log.cc:1062] T 97a6791627c941a48f3269f2d00d1eea P e61264bf360a4a62a3a5e3b9f2875f5b: Deleting log segment in path: /data/somelongdirectorytoavoidrpathissues/src/kudutest/linked_list-test.LinkedListTest.TestLoadAndVerify.1578529919787104-24342/linked-list-cluster/ts-0/wal/wals/97a6791627c941a48f3269f2d00d1eea/wal-000000006 (ops 62491-74985)
I0108 16:36:19.153481 24439 log.cc:1062] T 97a6791627c941a48f3269f2d00d1eea P e61264bf360a4a62a3a5e3b9f2875f5b: Deleting log segment in path: /data/somelongdirectorytoavoidrpathissues/src/kudutest/linked_list-test.LinkedListTest.TestLoadAndVerify.1578529919787104-24342/linked-list-cluster/ts-0/wal/wals/97a6791627c941a48f3269f2d00d1eea/wal-000000007 (ops 74986-87468)
I0108 16:36:19.153587 24439 log.cc:1062] T 97a6791627c941a48f3269f2d00d1eea P e61264bf360a4a62a3a5e3b9f2875f5b: Deleting log segment in path: /data/somelongdirectorytoavoidrpathissues/src/kudutest/linked_list-test.LinkedListTest.TestLoadAndVerify.1578529919787104-24342/linked-list-cluster/ts-0/wal/wals/97a6791627c941a48f3269f2d00d1eea/wal-000000008 (ops 87469-99909)
I0108 16:36:19.153658 24439 log.cc:1062] T 97a6791627c941a48f3269f2d00d1eea P e61264bf360a4a62a3a5e3b9f2875f5b: Deleting log segment in path: /data/somelongdirectorytoavoidrpathissues/src/kudutest/linked_list-test.LinkedListTest.TestLoadAndVerify.1578529919787104-24342/linked-list-cluster/ts-0/wal/wals/97a6791627c941a48f3269f2d00d1eea/wal-000000009 (ops 99910-112355)
I0108 16:36:19.153719 24439 log.cc:1062] T 97a6791627c941a48f3269f2d00d1eea P e61264bf360a4a62a3a5e3b9f2875f5b: Deleting log segment in path: /data/somelongdirectorytoavoidrpathissues/src/kudutest/linked_list-test.LinkedListTest.TestLoadAndVerify.1578529919787104-24342/linked-list-cluster/ts-0/wal/wals/97a6791627c941a48f3269f2d00d1eea/wal-000000010 (ops 112356-124825)
I0108 16:36:19.201346 24439 maintenance_manager.cc:527] P e61264bf360a4a62a3a5e3b9f2875f5b: LogGCOp(97a6791627c941a48f3269f2d00d1eea) complete. Timing: real 0.048s user 0.000s sys 0.011s Metrics: {}
I0108 16:36:19.202682 24546 maintenance_manager.cc:326] P e61264bf360a4a62a3a5e3b9f2875f5b: Scheduling UndoDeltaBlockGCOp(c0c87b04bc0f4f37876458fbfb4bdf03): 22509927 bytes on disk
I0108 16:36:19.214792 24439 maintenance_manager.cc:527] P e61264bf360a4a62a3a5e3b9f2875f5b: UndoDeltaBlockGCOp(c0c87b04bc0f4f37876458fbfb4bdf03) complete. Timing: real 0.012s user 0.000s sys 0.000s Metrics: {"cfile_init":1,"lbm_read_time_us":11977,"lbm_reads_1-10_ms":2,"lbm_reads_lt_1ms":2}
I0108 16:36:19.214920 24546 maintenance_manager.cc:326] P e61264bf360a4a62a3a5e3b9f2875f5b: Scheduling CompactRowSetsOp(97a6791627c941a48f3269f2d00d1eea): perf score=1.003389 ------------------------------------------------------------ Histogram for latency of insert operations (microseconds) Note: each insert is a batch of 50 rows. ------------------------------------------------------------ Count: 140000 Mean: 1667.74 Percentiles: 0% (min) = 728 25% = 1296 50% (med) = 1454 75% = 1651 95% = 2126 99% = 6312 99.9% = 36064 99.99% = 60896 100% (max) = 87675
I0108 16:36:19.667351 24342 linked_list-test-util.h:519] Written 7000000 rows in chain
I0108 16:36:25.387609 24689 maintenance_manager.cc:527] P 72e6f176048945dea46e0f4305315d3c: CompactRowSetsOp(97a6791627c941a48f3269f2d00d1eea) complete. Timing: real 6.977s user 1.550s sys 0.169s Metrics: {"bytes_written":20163715,"cfile_cache_hit":53,"cfile_cache_hit_bytes":6472242,"cfile_cache_miss":2673,"cfile_cache_miss_bytes":74413698,"cfile_init":10,"delta_iterators_relevant":8,"dirs.queue_time_us":22665,"dirs.run_cpu_time_us":95,"dirs.run_wall_time_us":15499,"drs_written":1,"lbm_read_time_us":657233,"lbm_reads_1-10_ms":54,"lbm_reads_10-100_ms":8,"lbm_reads_gt_100_ms":2,"lbm_reads_lt_1ms":2649,"lbm_write_time_us":262384,"lbm_writes_1-10_ms":53,"lbm_writes_10-100_ms":4,"lbm_writes_lt_1ms":1989,"num_input_rowsets":2,"rows_written":1150943,"spinlock_wait_cycles":32375424,"thread_start_us":395,"threads_started":9}
I0108 16:36:25.387797 24795 maintenance_manager.cc:326] P 72e6f176048945dea46e0f4305315d3c: Scheduling UndoDeltaBlockGCOp(97a6791627c941a48f3269f2d00d1eea): 23465504 bytes on disk
I0108 16:36:25.387925 24689 maintenance_manager.cc:527] P 72e6f176048945dea46e0f4305315d3c: UndoDeltaBlockGCOp(97a6791627c941a48f3269f2d00d1eea) complete. Timing: real 0.000s user 0.000s sys 0.000s Metrics: {"cfile_init":1,"lbm_read_time_us":9,"lbm_reads_lt_1ms":4}
I0108 16:36:26.070569 24439 maintenance_manager.cc:527] P e61264bf360a4a62a3a5e3b9f2875f5b: CompactRowSetsOp(97a6791627c941a48f3269f2d00d1eea) complete. Timing: real 6.856s user 1.510s sys 0.171s Metrics: {"bytes_written":20185909,"cfile_cache_hit":51,"cfile_cache_hit_bytes":6171308,"cfile_cache_miss":2675,"cfile_cache_miss_bytes":74839084,"cfile_init":10,"delta_iterators_relevant":8,"dirs.queue_time_us":3713,"dirs.run_cpu_time_us":95,"dirs.run_wall_time_us":74228,"drs_written":1,"lbm_read_time_us":647034,"lbm_reads_1-10_ms":42,"lbm_reads_10-100_ms":16,"lbm_reads_lt_1ms":2657,"lbm_write_time_us":241468,"lbm_writes_1-10_ms":77,"lbm_writes_10-100_ms":1,"lbm_writes_lt_1ms":1969,"num_input_rowsets":2,"rows_written":1152463,"spinlock_wait_cycles":46535552,"thread_start_us":1425,"threads_started":9}
I0108 16:36:26.070735 24546 maintenance_manager.cc:326] P e61264bf360a4a62a3a5e3b9f2875f5b: Scheduling UndoDeltaBlockGCOp(97a6791627c941a48f3269f2d00d1eea): 23499578 bytes on disk
I0108 16:36:26.070967 24439 maintenance_manager.cc:527] P e61264bf360a4a62a3a5e3b9f2875f5b: UndoDeltaBlockGCOp(97a6791627c941a48f3269f2d00d1eea) complete. Timing: real 0.000s user 0.000s sys 0.000s Metrics: {"cfile_init":1,"lbm_read_time_us":9,"lbm_reads_lt_1ms":4}
I0108 16:36:26.511261 24565 maintenance_manager.cc:527] P 02a5a9f6601045b6b339c43c526fc29e: CompactRowSetsOp(c0c87b04bc0f4f37876458fbfb4bdf03) complete. Timing: real 8.067s user 1.564s sys 0.174s Metrics: {"bytes_written":20137238,"cfile_cache_hit":50,"cfile_cache_hit_bytes":5814435,"cfile_cache_miss":2670,"cfile_cache_miss_bytes":74966421,"cfile_init":9,"delta_iterators_relevant":8,"dirs.queue_time_us":6760,"dirs.run_cpu_time_us":115,"dirs.run_wall_time_us":51493,"drs_written":1,"lbm_read_time_us":992648,"lbm_reads_1-10_ms":46,"lbm_reads_10-100_ms":14,"lbm_reads_gt_100_ms":3,"lbm_reads_lt_1ms":2643,"lbm_write_time_us":244953,"lbm_writes_1-10_ms":70,"lbm_writes_10-100_ms":1,"lbm_writes_lt_1ms":1972,"num_input_rowsets":2,"rows_written":1149402,"spinlock_wait_cycles":5049984,"thread_start_us":625,"threads_started":9}
I0108 16:36:26.511445 24671 maintenance_manager.cc:326] P 02a5a9f6601045b6b339c43c526fc29e: Scheduling LogGCOp(c0c87b04bc0f4f37876458fbfb4bdf03): free 41939473 bytes of WAL
I0108 16:36:26.511559 24565 log_reader.cc:379] T c0c87b04bc0f4f37876458fbfb4bdf03: removed 5 log segments from log reader
I0108 16:36:26.511602 24565 log.cc:1062] T c0c87b04bc0f4f37876458fbfb4bdf03 P 02a5a9f6601045b6b339c43c526fc29e: Deleting log segment in path: /data/somelongdirectorytoavoidrpathissues/src/kudutest/linked_list-test.LinkedListTest.TestLoadAndVerify.1578529919787104-24342/linked-list-cluster/ts-1/wal/wals/c0c87b04bc0f4f37876458fbfb4bdf03/wal-000000006 (ops 62022-74451)
I0108 16:36:26.511726 24565 log.cc:1062] T c0c87b04bc0f4f37876458fbfb4bdf03 P 02a5a9f6601045b6b339c43c526fc29e: Deleting log segment in path: /data/somelongdirectorytoavoidrpathissues/src/kudutest/linked_list-test.LinkedListTest.TestLoadAndVerify.1578529919787104-24342/linked-list-cluster/ts-1/wal/wals/c0c87b04bc0f4f37876458fbfb4bdf03/wal-000000007 (ops 74452-86835)
I0108 16:36:26.511816 24565 log.cc:1062] T c0c87b04bc0f4f37876458fbfb4bdf03 P 02a5a9f6601045b6b339c43c526fc29e: Deleting log segment in path: /data/somelongdirectorytoavoidrpathissues/src/kudutest/linked_list-test.LinkedListTest.TestLoadAndVerify.1578529919787104-24342/linked-list-cluster/ts-1/wal/wals/c0c87b04bc0f4f37876458fbfb4bdf03/wal-000000008 (ops 86836-99238)
I0108 16:36:26.511900 24565 log.cc:1062] T c0c87b04bc0f4f37876458fbfb4bdf03 P 02a5a9f6601045b6b339c43c526fc29e: Deleting log segment in path: /data/somelongdirectorytoavoidrpathissues/src/kudutest/linked_list-test.LinkedListTest.TestLoadAndVerify.1578529919787104-24342/linked-list-cluster/ts-1/wal/wals/c0c87b04bc0f4f37876458fbfb4bdf03/wal-000000009 (ops 99239-111591)
I0108 16:36:26.511965 24565 log.cc:1062] T c0c87b04bc0f4f37876458fbfb4bdf03 P 02a5a9f6601045b6b339c43c526fc29e: Deleting log segment in path: /data/somelongdirectorytoavoidrpathissues/src/kudutest/linked_list-test.LinkedListTest.TestLoadAndVerify.1578529919787104-24342/linked-list-cluster/ts-1/wal/wals/c0c87b04bc0f4f37876458fbfb4bdf03/wal-000000010 (ops 111592-124016)
I0108 16:36:26.537521 24565 maintenance_manager.cc:527] P 02a5a9f6601045b6b339c43c526fc29e: LogGCOp(c0c87b04bc0f4f37876458fbfb4bdf03) complete. Timing: real 0.026s user 0.000s sys 0.014s Metrics: {}
I0108 16:36:26.537606 24671 maintenance_manager.cc:326] P 02a5a9f6601045b6b339c43c526fc29e: Scheduling UndoDeltaBlockGCOp(c0c87b04bc0f4f37876458fbfb4bdf03): 23419487 bytes on disk
I0108 16:36:26.569849 24565 maintenance_manager.cc:527] P 02a5a9f6601045b6b339c43c526fc29e: UndoDeltaBlockGCOp(c0c87b04bc0f4f37876458fbfb4bdf03) complete. Timing: real 0.032s user 0.000s sys 0.000s Metrics: {"cfile_init":1,"lbm_read_time_us":32140,"lbm_reads_1-10_ms":1,"lbm_reads_10-100_ms":1,"lbm_reads_lt_1ms":2}
I0108 16:36:29.822213 24671 maintenance_manager.cc:326] P 02a5a9f6601045b6b339c43c526fc29e: Scheduling FlushMRSOp(2c3d9174c33442d28f28f4d0cda9fc51): perf score=0.033367
I0108 16:36:30.074784 24546 maintenance_manager.cc:326] P e61264bf360a4a62a3a5e3b9f2875f5b: Scheduling FlushMRSOp(2c3d9174c33442d28f28f4d0cda9fc51): perf score=0.033360
I0108 16:36:30.141418 24795 maintenance_manager.cc:326] P 72e6f176048945dea46e0f4305315d3c: Scheduling FlushMRSOp(2c3d9174c33442d28f28f4d0cda9fc51): perf score=0.033348 ------------------------------------------------------------ Histogram for latency of insert operations (microseconds) Note: each insert is a batch of 50 rows. ------------------------------------------------------------ Count: 150000 Mean: 1681.2 Percentiles: 0% (min) = 728 25% = 1301 50% (med) = 1460 75% = 1658 95% = 2146 99% = 6456 99.9% = 37152 99.99% = 63264 100% (max) = 258471
I0108 16:36:40.045864 24342 linked_list-test-util.h:519] Written 7500000 rows in chain
I0108 16:36:49.530864 24439 maintenance_manager.cc:527] P e61264bf360a4a62a3a5e3b9f2875f5b: FlushMRSOp(2c3d9174c33442d28f28f4d0cda9fc51) complete. Timing: real 19.456s user 3.986s sys 0.283s Metrics: {"bytes_written":42921428,"cfile_init":2,"delete_count":0,"dirs.queue_time_us":24549,"dirs.run_cpu_time_us":207,"dirs.run_wall_time_us":72422,"drs_written":2,"lbm_read_time_us":17,"lbm_reads_lt_1ms":8,"lbm_write_time_us":593415,"lbm_writes_1-10_ms":130,"lbm_writes_10-100_ms":4,"lbm_writes_lt_1ms":4181,"reinsert_count":0,"rows_written":2425578,"spinlock_wait_cycles":28928,"thread_start_us":64,"threads_started":2,"update_count":7060}
I0108 16:36:49.530979 24546 maintenance_manager.cc:326] P e61264bf360a4a62a3a5e3b9f2875f5b: Scheduling CompactRowSetsOp(2c3d9174c33442d28f28f4d0cda9fc51): perf score=1.004941
I0108 16:36:50.763447 24689 maintenance_manager.cc:527] P 72e6f176048945dea46e0f4305315d3c: FlushMRSOp(2c3d9174c33442d28f28f4d0cda9fc51) complete. Timing: real 20.622s user 4.030s sys 0.286s Metrics: {"bytes_written":42899199,"cfile_init":2,"delete_count":0,"dirs.queue_time_us":11749,"dirs.run_cpu_time_us":275,"dirs.run_wall_time_us":74753,"drs_written":2,"lbm_read_time_us":16,"lbm_reads_lt_1ms":8,"lbm_write_time_us":600591,"lbm_writes_1-10_ms":146,"lbm_writes_10-100_ms":4,"lbm_writes_lt_1ms":4162,"reinsert_count":0,"rows_written":2423265,"spinlock_wait_cycles":31488,"thread_start_us":70,"threads_started":2,"update_count":8605}
I0108 16:36:50.764091 24795 maintenance_manager.cc:326] P 72e6f176048945dea46e0f4305315d3c: Scheduling LogGCOp(2c3d9174c33442d28f28f4d0cda9fc51): free 100791721 bytes of WAL
I0108 16:36:50.764295 24689 log_reader.cc:379] T 2c3d9174c33442d28f28f4d0cda9fc51: removed 12 log segments from log reader
I0108 16:36:50.766520 24689 log.cc:1062] T 2c3d9174c33442d28f28f4d0cda9fc51 P 72e6f176048945dea46e0f4305315d3c: Deleting log segment in path: /data/somelongdirectorytoavoidrpathissues/src/kudutest/linked_list-test.LinkedListTest.TestLoadAndVerify.1578529919787104-24342/linked-list-cluster/ts-2/wal/wals/2c3d9174c33442d28f28f4d0cda9fc51/wal-000000013 (ops 71295-77294)
I0108 16:36:50.766954 24689 log.cc:1062] T 2c3d9174c33442d28f28f4d0cda9fc51 P 72e6f176048945dea46e0f4305315d3c: Deleting log segment in path: /data/somelongdirectorytoavoidrpathissues/src/kudutest/linked_list-test.LinkedListTest.TestLoadAndVerify.1578529919787104-24342/linked-list-cluster/ts-2/wal/wals/2c3d9174c33442d28f28f4d0cda9fc51/wal-000000014 (ops 77295-83233)
I0108 16:36:50.767019 24689 log.cc:1062] T 2c3d9174c33442d28f28f4d0cda9fc51 P 72e6f176048945dea46e0f4305315d3c: Deleting log segment in path: /data/somelongdirectorytoavoidrpathissues/src/kudutest/linked_list-test.LinkedListTest.TestLoadAndVerify.1578529919787104-24342/linked-list-cluster/ts-2/wal/wals/2c3d9174c33442d28f28f4d0cda9fc51/wal-000000015 (ops 83234-89078)
I0108 16:36:50.767077 24689 log.cc:1062] T 2c3d9174c33442d28f28f4d0cda9fc51 P 72e6f176048945dea46e0f4305315d3c: Deleting log segment in path: /data/somelongdirectorytoavoidrpathissues/src/kudutest/linked_list-test.LinkedListTest.TestLoadAndVerify.1578529919787104-24342/linked-list-cluster/ts-2/wal/wals/2c3d9174c33442d28f28f4d0cda9fc51/wal-000000016 (ops 89079-95031)
I0108 16:36:50.767175 24689 log.cc:1062] T 2c3d9174c33442d28f28f4d0cda9fc51 P 72e6f176048945dea46e0f4305315d3c: Deleting log segment in path: /data/somelongdirectorytoavoidrpathissues/src/kudutest/linked_list-test.LinkedListTest.TestLoadAndVerify.1578529919787104-24342/linked-list-cluster/ts-2/wal/wals/2c3d9174c33442d28f28f4d0cda9fc51/wal-000000017 (ops 95032-100923)
I0108 16:36:50.767232 24689 log.cc:1062] T 2c3d9174c33442d28f28f4d0cda9fc51 P 72e6f176048945dea46e0f4305315d3c: Deleting log segment in path: /data/somelongdirectorytoavoidrpathissues/src/kudutest/linked_list-test.LinkedListTest.TestLoadAndVerify.1578529919787104-24342/linked-list-cluster/ts-2/wal/wals/2c3d9174c33442d28f28f4d0cda9fc51/wal-000000018 (ops 100924-106895)
I0108 16:36:50.767285 24689 log.cc:1062] T 2c3d9174c33442d28f28f4d0cda9fc51 P 72e6f176048945dea46e0f4305315d3c: Deleting log segment in path: /data/somelongdirectorytoavoidrpathissues/src/kudutest/linked_list-test.LinkedListTest.TestLoadAndVerify.1578529919787104-24342/linked-list-cluster/ts-2/wal/wals/2c3d9174c33442d28f28f4d0cda9fc51/wal-000000019 (ops 106896-112850)
I0108 16:36:50.767338 24689 log.cc:1062] T 2c3d9174c33442d28f28f4d0cda9fc51 P 72e6f176048945dea46e0f4305315d3c: Deleting log segment in path: /data/somelongdirectorytoavoidrpathissues/src/kudutest/linked_list-test.LinkedListTest.TestLoadAndVerify.1578529919787104-24342/linked-list-cluster/ts-2/wal/wals/2c3d9174c33442d28f28f4d0cda9fc51/wal-000000020 (ops 112851-118719)
I0108 16:36:50.767388 24689 log.cc:1062] T 2c3d9174c33442d28f28f4d0cda9fc51 P 72e6f176048945dea46e0f4305315d3c: Deleting log segment in path: /data/somelongdirectorytoavoidrpathissues/src/kudutest/linked_list-test.LinkedListTest.TestLoadAndVerify.1578529919787104-24342/linked-list-cluster/ts-2/wal/wals/2c3d9174c33442d28f28f4d0cda9fc51/wal-000000021 (ops 118720-124701)
I0108 16:36:50.767496 24689 log.cc:1062] T 2c3d9174c33442d28f28f4d0cda9fc51 P 72e6f176048945dea46e0f4305315d3c: Deleting log segment in path: /data/somelongdirectorytoavoidrpathissues/src/kudutest/linked_list-test.LinkedListTest.TestLoadAndVerify.1578529919787104-24342/linked-list-cluster/ts-2/wal/wals/2c3d9174c33442d28f28f4d0cda9fc51/wal-000000022 (ops 124702-130667)
I0108 16:36:50.767554 24689 log.cc:1062] T 2c3d9174c33442d28f28f4d0cda9fc51 P 72e6f176048945dea46e0f4305315d3c: Deleting log segment in path: /data/somelongdirectorytoavoidrpathissues/src/kudutest/linked_list-test.LinkedListTest.TestLoadAndVerify.1578529919787104-24342/linked-list-cluster/ts-2/wal/wals/2c3d9174c33442d28f28f4d0cda9fc51/wal-000000023 (ops 130668-136488)
I0108 16:36:50.767602 24689 log.cc:1062] T 2c3d9174c33442d28f28f4d0cda9fc51 P 72e6f176048945dea46e0f4305315d3c: Deleting log segment in path: /data/somelongdirectorytoavoidrpathissues/src/kudutest/linked_list-test.LinkedListTest.TestLoadAndVerify.1578529919787104-24342/linked-list-cluster/ts-2/wal/wals/2c3d9174c33442d28f28f4d0cda9fc51/wal-000000024 (ops 136489-142490)
I0108 16:36:50.839534 24689 maintenance_manager.cc:527] P 72e6f176048945dea46e0f4305315d3c: LogGCOp(2c3d9174c33442d28f28f4d0cda9fc51) complete. Timing: real 0.075s user 0.003s sys 0.027s Metrics: {}
I0108 16:36:50.846093 24795 maintenance_manager.cc:326] P 72e6f176048945dea46e0f4305315d3c: Scheduling CompactRowSetsOp(2c3d9174c33442d28f28f4d0cda9fc51): perf score=1.004926
I0108 16:36:51.093575 24565 maintenance_manager.cc:527] P 02a5a9f6601045b6b339c43c526fc29e: FlushMRSOp(2c3d9174c33442d28f28f4d0cda9fc51) complete. Timing: real 21.271s user 4.020s sys 0.298s Metrics: {"bytes_written":42888218,"cfile_init":2,"delete_count":0,"dirs.queue_time_us":3194,"dirs.run_cpu_time_us":234,"dirs.run_wall_time_us":83685,"drs_written":2,"lbm_read_time_us":27,"lbm_reads_lt_1ms":8,"lbm_write_time_us":953271,"lbm_writes_1-10_ms":170,"lbm_writes_10-100_ms":5,"lbm_writes_gt_100_ms":2,"lbm_writes_lt_1ms":4141,"reinsert_count":0,"rows_written":2427365,"spinlock_wait_cycles":29312,"thread_start_us":69,"threads_started":2,"update_count":1664}
I0108 16:36:51.098137 24671 maintenance_manager.cc:326] P 02a5a9f6601045b6b339c43c526fc29e: Scheduling LogGCOp(2c3d9174c33442d28f28f4d0cda9fc51): free 100658069 bytes of WAL
I0108 16:36:51.098232 24565 log_reader.cc:379] T 2c3d9174c33442d28f28f4d0cda9fc51: removed 12 log segments from log reader
I0108 16:36:51.098273 24565 log.cc:1062] T 2c3d9174c33442d28f28f4d0cda9fc51 P 02a5a9f6601045b6b339c43c526fc29e: Deleting log segment in path: /data/somelongdirectorytoavoidrpathissues/src/kudutest/linked_list-test.LinkedListTest.TestLoadAndVerify.1578529919787104-24342/linked-list-cluster/ts-1/wal/wals/2c3d9174c33442d28f28f4d0cda9fc51/wal-000000013 (ops 70959-76892)
I0108 16:36:51.098353 24565 log.cc:1062] T 2c3d9174c33442d28f28f4d0cda9fc51 P 02a5a9f6601045b6b339c43c526fc29e: Deleting log segment in path: /data/somelongdirectorytoavoidrpathissues/src/kudutest/linked_list-test.LinkedListTest.TestLoadAndVerify.1578529919787104-24342/linked-list-cluster/ts-1/wal/wals/2c3d9174c33442d28f28f4d0cda9fc51/wal-000000014 (ops 76893-82792)
I0108 16:36:51.098419 24565 log.cc:1062] T 2c3d9174c33442d28f28f4d0cda9fc51 P 02a5a9f6601045b6b339c43c526fc29e: Deleting log segment in path: /data/somelongdirectorytoavoidrpathissues/src/kudutest/linked_list-test.LinkedListTest.TestLoadAndVerify.1578529919787104-24342/linked-list-cluster/ts-1/wal/wals/2c3d9174c33442d28f28f4d0cda9fc51/wal-000000015 (ops 82793-88621)
I0108 16:36:51.098510 24565 log.cc:1062] T 2c3d9174c33442d28f28f4d0cda9fc51 P 02a5a9f6601045b6b339c43c526fc29e: Deleting log segment in path: /data/somelongdirectorytoavoidrpathissues/src/kudutest/linked_list-test.LinkedListTest.TestLoadAndVerify.1578529919787104-24342/linked-list-cluster/ts-1/wal/wals/2c3d9174c33442d28f28f4d0cda9fc51/wal-000000016 (ops 88622-94530)
I0108 16:36:51.098580 24565 log.cc:1062] T 2c3d9174c33442d28f28f4d0cda9fc51 P 02a5a9f6601045b6b339c43c526fc29e: Deleting log segment in path: /data/somelongdirectorytoavoidrpathissues/src/kudutest/linked_list-test.LinkedListTest.TestLoadAndVerify.1578529919787104-24342/linked-list-cluster/ts-1/wal/wals/2c3d9174c33442d28f28f4d0cda9fc51/wal-000000017 (ops 94531-100444)
I0108 16:36:51.098639 24565 log.cc:1062] T 2c3d9174c33442d28f28f4d0cda9fc51 P 02a5a9f6601045b6b339c43c526fc29e: Deleting log segment in path: /data/somelongdirectorytoavoidrpathissues/src/kudutest/linked_list-test.LinkedListTest.TestLoadAndVerify.1578529919787104-24342/linked-list-cluster/ts-1/wal/wals/2c3d9174c33442d28f28f4d0cda9fc51/wal-000000018 (ops 100445-106388)
I0108 16:36:51.098700 24565 log.cc:1062] T 2c3d9174c33442d28f28f4d0cda9fc51 P 02a5a9f6601045b6b339c43c526fc29e: Deleting log segment in path: /data/somelongdirectorytoavoidrpathissues/src/kudutest/linked_list-test.LinkedListTest.TestLoadAndVerify.1578529919787104-24342/linked-list-cluster/ts-1/wal/wals/2c3d9174c33442d28f28f4d0cda9fc51/wal-000000019 (ops 106389-112307)
