I0108 16:32:00.066639 24731 tablet_service.cc:1046] Processing CreateTablet for tablet 2c3d9174c33442d28f28f4d0cda9fc51 (table=TestTable [id=04df3e3970944b7a9c5b1b40fcfebb0b]), partition=RANGE (rand_key) PARTITION VALUES < 3074457345618258602
I0108 16:32:00.066730 24730 data_dirs.cc:394] Could only allocate 1 dirs of requested 3 for tablet c0c87b04bc0f4f37876458fbfb4bdf03. 1 dirs total, 0 dirs full, 0 dirs failed
I0108 16:32:00.066850 24810 tablet_bootstrap.cc:439] T c0c87b04bc0f4f37876458fbfb4bdf03 P e61264bf360a4a62a3a5e3b9f2875f5b: No bootstrap required, opened a new log
I0108 16:32:00.066876 24810 ts_tablet_manager.cc:1105] T c0c87b04bc0f4f37876458fbfb4bdf03 P e61264bf360a4a62a3a5e3b9f2875f5b: Time spent bootstrapping tablet: real 0.001s user 0.000s sys 0.000s
I0108 16:32:00.067046 24811 tablet_bootstrap.cc:439] T 97a6791627c941a48f3269f2d00d1eea P 02a5a9f6601045b6b339c43c526fc29e: No bootstrap required, opened a new log
I0108 16:32:00.067064 24811 ts_tablet_manager.cc:1105] T 97a6791627c941a48f3269f2d00d1eea P 02a5a9f6601045b6b339c43c526fc29e: Time spent bootstrapping tablet: real 0.002s user 0.000s sys 0.000s
I0108 16:32:00.067986 24811 raft_consensus.cc:341] T 97a6791627c941a48f3269f2d00d1eea P 02a5a9f6601045b6b339c43c526fc29e [term 0 FOLLOWER]: Replica starting. Triggering 0 pending transactions. Active config: opid_index: -1 OBSOLETE_local: false peers { permanent_uuid: "02a5a9f6601045b6b339c43c526fc29e" member_type: VOTER last_known_addr { host: "127.23.197.130" port: 37520 } } peers { permanent_uuid: "e61264bf360a4a62a3a5e3b9f2875f5b" member_type: VOTER last_known_addr { host: "127.23.197.129" port: 35094 } } peers { permanent_uuid: "72e6f176048945dea46e0f4305315d3c" member_type: VOTER last_known_addr { host: "127.23.197.131" port: 49342 } }
I0108 16:32:00.067998 24811 raft_consensus.cc:367] T 97a6791627c941a48f3269f2d00d1eea P 02a5a9f6601045b6b339c43c526fc29e [term 0 FOLLOWER]: Consensus starting up: Expiring failure detector timer to make a prompt election more likely
I0108 16:32:00.068003 24811 raft_consensus.cc:712] T 97a6791627c941a48f3269f2d00d1eea P 02a5a9f6601045b6b339c43c526fc29e [term 0 FOLLOWER]: Becoming Follower/Learner. State: Replica: 02a5a9f6601045b6b339c43c526fc29e, State: Initialized, Role: FOLLOWER
I0108 16:32:00.068059 24811 consensus_queue.cc:229] T 97a6791627c941a48f3269f2d00d1eea P 02a5a9f6601045b6b339c43c526fc29e [NON_LEADER]: Queue going to NON_LEADER mode. State: All replicated index: 0, Majority replicated index: 0, Committed index: 0, Last appended: 0.0, Last appended by leader: 0, Current term: 0, Majority size: -1, State: 0, Mode: NON_LEADER, active raft config: opid_index: -1 OBSOLETE_local: false peers { permanent_uuid: "02a5a9f6601045b6b339c43c526fc29e" member_type: VOTER last_known_addr { host: "127.23.197.130" port: 37520 } } peers { permanent_uuid: "e61264bf360a4a62a3a5e3b9f2875f5b" member_type: VOTER last_known_addr { host: "127.23.197.129" port: 35094 } } peers { permanent_uuid: "72e6f176048945dea46e0f4305315d3c" member_type: VOTER last_known_addr { host: "127.23.197.131" port: 49342 } }
I0108 16:32:00.068161 24811 ts_tablet_manager.cc:1133] T 97a6791627c941a48f3269f2d00d1eea P 02a5a9f6601045b6b339c43c526fc29e: Time spent starting tablet: real 0.001s user 0.001s sys 0.000s
I0108 16:32:00.068176 24811 tablet_bootstrap.cc:439] T c0c87b04bc0f4f37876458fbfb4bdf03 P 02a5a9f6601045b6b339c43c526fc29e: Bootstrap starting.
I0108 16:32:00.068205 24810 raft_consensus.cc:341] T c0c87b04bc0f4f37876458fbfb4bdf03 P e61264bf360a4a62a3a5e3b9f2875f5b [term 0 FOLLOWER]: Replica starting. Triggering 0 pending transactions. Active config: opid_index: -1 OBSOLETE_local: false peers { permanent_uuid: "e61264bf360a4a62a3a5e3b9f2875f5b" member_type: VOTER last_known_addr { host: "127.23.197.129" port: 35094 } } peers { permanent_uuid: "02a5a9f6601045b6b339c43c526fc29e" member_type: VOTER last_known_addr { host: "127.23.197.130" port: 37520 } } peers { permanent_uuid: "72e6f176048945dea46e0f4305315d3c" member_type: VOTER last_known_addr { host: "127.23.197.131" port: 49342 } }
I0108 16:32:00.068219 24810 raft_consensus.cc:367] T c0c87b04bc0f4f37876458fbfb4bdf03 P e61264bf360a4a62a3a5e3b9f2875f5b [term 0 FOLLOWER]: Consensus starting up: Expiring failure detector timer to make a prompt election more likely
I0108 16:32:00.068226 24810 raft_consensus.cc:712] T c0c87b04bc0f4f37876458fbfb4bdf03 P e61264bf360a4a62a3a5e3b9f2875f5b [term 0 FOLLOWER]: Becoming Follower/Learner. State: Replica: e61264bf360a4a62a3a5e3b9f2875f5b, State: Initialized, Role: FOLLOWER
I0108 16:32:00.068287 24810 consensus_queue.cc:229] T c0c87b04bc0f4f37876458fbfb4bdf03 P e61264bf360a4a62a3a5e3b9f2875f5b [NON_LEADER]: Queue going to NON_LEADER mode. State: All replicated index: 0, Majority replicated index: 0, Committed index: 0, Last appended: 0.0, Last appended by leader: 0, Current term: 0, Majority size: -1, State: 0, Mode: NON_LEADER, active raft config: opid_index: -1 OBSOLETE_local: false peers { permanent_uuid: "e61264bf360a4a62a3a5e3b9f2875f5b" member_type: VOTER last_known_addr { host: "127.23.197.129" port: 35094 } } peers { permanent_uuid: "02a5a9f6601045b6b339c43c526fc29e" member_type: VOTER last_known_addr { host: "127.23.197.130" port: 37520 } } peers { permanent_uuid: "72e6f176048945dea46e0f4305315d3c" member_type: VOTER last_known_addr { host: "127.23.197.131" port: 49342 } }
I0108 16:32:00.068348 24811 tablet_bootstrap.cc:590] T c0c87b04bc0f4f37876458fbfb4bdf03 P 02a5a9f6601045b6b339c43c526fc29e: No blocks or log segments found. Creating new log.
I0108 16:32:00.068406 24810 ts_tablet_manager.cc:1133] T c0c87b04bc0f4f37876458fbfb4bdf03 P e61264bf360a4a62a3a5e3b9f2875f5b: Time spent starting tablet: real 0.002s user 0.000s sys 0.002s
I0108 16:32:00.068428 24810 tablet_bootstrap.cc:439] T 97a6791627c941a48f3269f2d00d1eea P e61264bf360a4a62a3a5e3b9f2875f5b: Bootstrap starting.
I0108 16:32:00.068523 24670 heartbeater.cc:447] Master 127.23.197.190:59202 was elected leader, sending a full tablet report...
I0108 16:32:00.068611 24729 tablet_service.cc:1046] Processing CreateTablet for tablet 97a6791627c941a48f3269f2d00d1eea (table=TestTable [id=04df3e3970944b7a9c5b1b40fcfebb0b]), partition=RANGE (rand_key) PARTITION VALUES >= 6148914691236517204
I0108 16:32:00.068660 24810 tablet_bootstrap.cc:590] T 97a6791627c941a48f3269f2d00d1eea P e61264bf360a4a62a3a5e3b9f2875f5b: No blocks or log segments found. Creating new log.
I0108 16:32:00.068771 24729 data_dirs.cc:394] Could only allocate 1 dirs of requested 3 for tablet 97a6791627c941a48f3269f2d00d1eea. 1 dirs total, 0 dirs full, 0 dirs failed
I0108 16:32:00.068841 24731 data_dirs.cc:394] Could only allocate 1 dirs of requested 3 for tablet 2c3d9174c33442d28f28f4d0cda9fc51. 1 dirs total, 0 dirs full, 0 dirs failed
I0108 16:32:00.069031 24811 tablet_bootstrap.cc:439] T c0c87b04bc0f4f37876458fbfb4bdf03 P 02a5a9f6601045b6b339c43c526fc29e: No bootstrap required, opened a new log
I0108 16:32:00.069048 24811 ts_tablet_manager.cc:1105] T c0c87b04bc0f4f37876458fbfb4bdf03 P 02a5a9f6601045b6b339c43c526fc29e: Time spent bootstrapping tablet: real 0.001s user 0.001s sys 0.000s
I0108 16:32:00.069142 24811 raft_consensus.cc:341] T c0c87b04bc0f4f37876458fbfb4bdf03 P 02a5a9f6601045b6b339c43c526fc29e [term 0 FOLLOWER]: Replica starting. Triggering 0 pending transactions. Active config: opid_index: -1 OBSOLETE_local: false peers { permanent_uuid: "e61264bf360a4a62a3a5e3b9f2875f5b" member_type: VOTER last_known_addr { host: "127.23.197.129" port: 35094 } } peers { permanent_uuid: "02a5a9f6601045b6b339c43c526fc29e" member_type: VOTER last_known_addr { host: "127.23.197.130" port: 37520 } } peers { permanent_uuid: "72e6f176048945dea46e0f4305315d3c" member_type: VOTER last_known_addr { host: "127.23.197.131" port: 49342 } }
I0108 16:32:00.069150 24811 raft_consensus.cc:367] T c0c87b04bc0f4f37876458fbfb4bdf03 P 02a5a9f6601045b6b339c43c526fc29e [term 0 FOLLOWER]: Consensus starting up: Expiring failure detector timer to make a prompt election more likely
I0108 16:32:00.069155 24811 raft_consensus.cc:712] T c0c87b04bc0f4f37876458fbfb4bdf03 P 02a5a9f6601045b6b339c43c526fc29e [term 0 FOLLOWER]: Becoming Follower/Learner. State: Replica: 02a5a9f6601045b6b339c43c526fc29e, State: Initialized, Role: FOLLOWER
I0108 16:32:00.069191 24811 consensus_queue.cc:229] T c0c87b04bc0f4f37876458fbfb4bdf03 P 02a5a9f6601045b6b339c43c526fc29e [NON_LEADER]: Queue going to NON_LEADER mode. State: All replicated index: 0, Majority replicated index: 0, Committed index: 0, Last appended: 0.0, Last appended by leader: 0, Current term: 0, Majority size: -1, State: 0, Mode: NON_LEADER, active raft config: opid_index: -1 OBSOLETE_local: false peers { permanent_uuid: "e61264bf360a4a62a3a5e3b9f2875f5b" member_type: VOTER last_known_addr { host: "127.23.197.129" port: 35094 } } peers { permanent_uuid: "02a5a9f6601045b6b339c43c526fc29e" member_type: VOTER last_known_addr { host: "127.23.197.130" port: 37520 } } peers { permanent_uuid: "72e6f176048945dea46e0f4305315d3c" member_type: VOTER last_known_addr { host: "127.23.197.131" port: 49342 } }
I0108 16:32:00.069221 24811 ts_tablet_manager.cc:1133] T c0c87b04bc0f4f37876458fbfb4bdf03 P 02a5a9f6601045b6b339c43c526fc29e: Time spent starting tablet: real 0.000s user 0.000s sys 0.000s
I0108 16:32:00.069234 24811 tablet_bootstrap.cc:439] T 2c3d9174c33442d28f28f4d0cda9fc51 P 02a5a9f6601045b6b339c43c526fc29e: Bootstrap starting.
I0108 16:32:00.069447 24811 tablet_bootstrap.cc:590] T 2c3d9174c33442d28f28f4d0cda9fc51 P 02a5a9f6601045b6b339c43c526fc29e: No blocks or log segments found. Creating new log.
I0108 16:32:00.069480 24380 master_service.cc:351] Signed X509 certificate for tserver {username='jenkins'} at 127.23.197.129:42384
I0108 16:32:00.070140 24817 tablet_bootstrap.cc:439] T c0c87b04bc0f4f37876458fbfb4bdf03 P 72e6f176048945dea46e0f4305315d3c: Bootstrap starting.
I0108 16:32:00.070173 24810 tablet_bootstrap.cc:439] T 97a6791627c941a48f3269f2d00d1eea P e61264bf360a4a62a3a5e3b9f2875f5b: No bootstrap required, opened a new log
I0108 16:32:00.070191 24810 ts_tablet_manager.cc:1105] T 97a6791627c941a48f3269f2d00d1eea P e61264bf360a4a62a3a5e3b9f2875f5b: Time spent bootstrapping tablet: real 0.002s user 0.000s sys 0.000s
I0108 16:32:00.070292 24810 raft_consensus.cc:341] T 97a6791627c941a48f3269f2d00d1eea P e61264bf360a4a62a3a5e3b9f2875f5b [term 0 FOLLOWER]: Replica starting. Triggering 0 pending transactions. Active config: opid_index: -1 OBSOLETE_local: false peers { permanent_uuid: "02a5a9f6601045b6b339c43c526fc29e" member_type: VOTER last_known_addr { host: "127.23.197.130" port: 37520 } } peers { permanent_uuid: "e61264bf360a4a62a3a5e3b9f2875f5b" member_type: VOTER last_known_addr { host: "127.23.197.129" port: 35094 } } peers { permanent_uuid: "72e6f176048945dea46e0f4305315d3c" member_type: VOTER last_known_addr { host: "127.23.197.131" port: 49342 } }
I0108 16:32:00.070308 24810 raft_consensus.cc:367] T 97a6791627c941a48f3269f2d00d1eea P e61264bf360a4a62a3a5e3b9f2875f5b [term 0 FOLLOWER]: Consensus starting up: Expiring failure detector timer to make a prompt election more likely
I0108 16:32:00.070315 24810 raft_consensus.cc:712] T 97a6791627c941a48f3269f2d00d1eea P e61264bf360a4a62a3a5e3b9f2875f5b [term 0 FOLLOWER]: Becoming Follower/Learner. State: Replica: e61264bf360a4a62a3a5e3b9f2875f5b, State: Initialized, Role: FOLLOWER
I0108 16:32:00.070353 24810 consensus_queue.cc:229] T 97a6791627c941a48f3269f2d00d1eea P e61264bf360a4a62a3a5e3b9f2875f5b [NON_LEADER]: Queue going to NON_LEADER mode. State: All replicated index: 0, Majority replicated index: 0, Committed index: 0, Last appended: 0.0, Last appended by leader: 0, Current term: 0, Majority size: -1, State: 0, Mode: NON_LEADER, active raft config: opid_index: -1 OBSOLETE_local: false peers { permanent_uuid: "02a5a9f6601045b6b339c43c526fc29e" member_type: VOTER last_known_addr { host: "127.23.197.130" port: 37520 } } peers { permanent_uuid: "e61264bf360a4a62a3a5e3b9f2875f5b" member_type: VOTER last_known_addr { host: "127.23.197.129" port: 35094 } } peers { permanent_uuid: "72e6f176048945dea46e0f4305315d3c" member_type: VOTER last_known_addr { host: "127.23.197.131" port: 49342 } }
I0108 16:32:00.070359 24811 tablet_bootstrap.cc:439] T 2c3d9174c33442d28f28f4d0cda9fc51 P 02a5a9f6601045b6b339c43c526fc29e: No bootstrap required, opened a new log
I0108 16:32:00.070391 24810 ts_tablet_manager.cc:1133] T 97a6791627c941a48f3269f2d00d1eea P e61264bf360a4a62a3a5e3b9f2875f5b: Time spent starting tablet: real 0.000s user 0.000s sys 0.000s
I0108 16:32:00.070399 24811 ts_tablet_manager.cc:1105] T 2c3d9174c33442d28f28f4d0cda9fc51 P 02a5a9f6601045b6b339c43c526fc29e: Time spent bootstrapping tablet: real 0.001s user 0.000s sys 0.000s
I0108 16:32:00.070446 24810 tablet_bootstrap.cc:439] T 2c3d9174c33442d28f28f4d0cda9fc51 P e61264bf360a4a62a3a5e3b9f2875f5b: Bootstrap starting.
I0108 16:32:00.070402 24545 heartbeater.cc:447] Master 127.23.197.190:59202 was elected leader, sending a full tablet report...
I0108 16:32:00.070518 24811 raft_consensus.cc:341] T 2c3d9174c33442d28f28f4d0cda9fc51 P 02a5a9f6601045b6b339c43c526fc29e [term 0 FOLLOWER]: Replica starting. Triggering 0 pending transactions. Active config: opid_index: -1 OBSOLETE_local: false peers { permanent_uuid: "e61264bf360a4a62a3a5e3b9f2875f5b" member_type: VOTER last_known_addr { host: "127.23.197.129" port: 35094 } } peers { permanent_uuid: "02a5a9f6601045b6b339c43c526fc29e" member_type: VOTER last_known_addr { host: "127.23.197.130" port: 37520 } } peers { permanent_uuid: "72e6f176048945dea46e0f4305315d3c" member_type: VOTER last_known_addr { host: "127.23.197.131" port: 49342 } }
I0108 16:32:00.070535 24811 raft_consensus.cc:367] T 2c3d9174c33442d28f28f4d0cda9fc51 P 02a5a9f6601045b6b339c43c526fc29e [term 0 FOLLOWER]: Consensus starting up: Expiring failure detector timer to make a prompt election more likely
I0108 16:32:00.070549 24811 raft_consensus.cc:712] T 2c3d9174c33442d28f28f4d0cda9fc51 P 02a5a9f6601045b6b339c43c526fc29e [term 0 FOLLOWER]: Becoming Follower/Learner. State: Replica: 02a5a9f6601045b6b339c43c526fc29e, State: Initialized, Role: FOLLOWER
I0108 16:32:00.070586 24811 consensus_queue.cc:229] T 2c3d9174c33442d28f28f4d0cda9fc51 P 02a5a9f6601045b6b339c43c526fc29e [NON_LEADER]: Queue going to NON_LEADER mode. State: All replicated index: 0, Majority replicated index: 0, Committed index: 0, Last appended: 0.0, Last appended by leader: 0, Current term: 0, Majority size: -1, State: 0, Mode: NON_LEADER, active raft config: opid_index: -1 OBSOLETE_local: false peers { permanent_uuid: "e61264bf360a4a62a3a5e3b9f2875f5b" member_type: VOTER last_known_addr { host: "127.23.197.129" port: 35094 } } peers { permanent_uuid: "02a5a9f6601045b6b339c43c526fc29e" member_type: VOTER last_known_addr { host: "127.23.197.130" port: 37520 } } peers { permanent_uuid: "72e6f176048945dea46e0f4305315d3c" member_type: VOTER last_known_addr { host: "127.23.197.131" port: 49342 } }
I0108 16:32:00.070633 24810 tablet_bootstrap.cc:590] T 2c3d9174c33442d28f28f4d0cda9fc51 P e61264bf360a4a62a3a5e3b9f2875f5b: No blocks or log segments found. Creating new log.
I0108 16:32:00.070670 24811 ts_tablet_manager.cc:1133] T 2c3d9174c33442d28f28f4d0cda9fc51 P 02a5a9f6601045b6b339c43c526fc29e: Time spent starting tablet: real 0.000s user 0.000s sys 0.001s
I0108 16:32:00.070832 24817 tablet_bootstrap.cc:590] T c0c87b04bc0f4f37876458fbfb4bdf03 P 72e6f176048945dea46e0f4305315d3c: No blocks or log segments found. Creating new log.
I0108 16:32:00.071027 24817 log.cc:815] T c0c87b04bc0f4f37876458fbfb4bdf03 P 72e6f176048945dea46e0f4305315d3c: Log is configured to *not* fsync() on all Append() calls
I0108 16:32:00.071141 24810 tablet_bootstrap.cc:439] T 2c3d9174c33442d28f28f4d0cda9fc51 P e61264bf360a4a62a3a5e3b9f2875f5b: No bootstrap required, opened a new log
I0108 16:32:00.071161 24810 ts_tablet_manager.cc:1105] T 2c3d9174c33442d28f28f4d0cda9fc51 P e61264bf360a4a62a3a5e3b9f2875f5b: Time spent bootstrapping tablet: real 0.001s user 0.000s sys 0.001s
I0108 16:32:00.071230 24810 raft_consensus.cc:341] T 2c3d9174c33442d28f28f4d0cda9fc51 P e61264bf360a4a62a3a5e3b9f2875f5b [term 0 FOLLOWER]: Replica starting. Triggering 0 pending transactions. Active config: opid_index: -1 OBSOLETE_local: false peers { permanent_uuid: "e61264bf360a4a62a3a5e3b9f2875f5b" member_type: VOTER last_known_addr { host: "127.23.197.129" port: 35094 } } peers { permanent_uuid: "02a5a9f6601045b6b339c43c526fc29e" member_type: VOTER last_known_addr { host: "127.23.197.130" port: 37520 } } peers { permanent_uuid: "72e6f176048945dea46e0f4305315d3c" member_type: VOTER last_known_addr { host: "127.23.197.131" port: 49342 } }
I0108 16:32:00.071241 24810 raft_consensus.cc:367] T 2c3d9174c33442d28f28f4d0cda9fc51 P e61264bf360a4a62a3a5e3b9f2875f5b [term 0 FOLLOWER]: Consensus starting up: Expiring failure detector timer to make a prompt election more likely
I0108 16:32:00.071244 24810 raft_consensus.cc:712] T 2c3d9174c33442d28f28f4d0cda9fc51 P e61264bf360a4a62a3a5e3b9f2875f5b [term 0 FOLLOWER]: Becoming Follower/Learner. State: Replica: e61264bf360a4a62a3a5e3b9f2875f5b, State: Initialized, Role: FOLLOWER
I0108 16:32:00.071269 24810 consensus_queue.cc:229] T 2c3d9174c33442d28f28f4d0cda9fc51 P e61264bf360a4a62a3a5e3b9f2875f5b [NON_LEADER]: Queue going to NON_LEADER mode. State: All replicated index: 0, Majority replicated index: 0, Committed index: 0, Last appended: 0.0, Last appended by leader: 0, Current term: 0, Majority size: -1, State: 0, Mode: NON_LEADER, active raft config: opid_index: -1 OBSOLETE_local: false peers { permanent_uuid: "e61264bf360a4a62a3a5e3b9f2875f5b" member_type: VOTER last_known_addr { host: "127.23.197.129" port: 35094 } } peers { permanent_uuid: "02a5a9f6601045b6b339c43c526fc29e" member_type: VOTER last_known_addr { host: "127.23.197.130" port: 37520 } } peers { permanent_uuid: "72e6f176048945dea46e0f4305315d3c" member_type: VOTER last_known_addr { host: "127.23.197.131" port: 49342 } }
I0108 16:32:00.071316 24810 ts_tablet_manager.cc:1133] T 2c3d9174c33442d28f28f4d0cda9fc51 P e61264bf360a4a62a3a5e3b9f2875f5b: Time spent starting tablet: real 0.000s user 0.000s sys 0.000s
I0108 16:32:00.071664 24817 tablet_bootstrap.cc:439] T c0c87b04bc0f4f37876458fbfb4bdf03 P 72e6f176048945dea46e0f4305315d3c: No bootstrap required, opened a new log
I0108 16:32:00.071691 24817 ts_tablet_manager.cc:1105] T c0c87b04bc0f4f37876458fbfb4bdf03 P 72e6f176048945dea46e0f4305315d3c: Time spent bootstrapping tablet: real 0.002s user 0.000s sys 0.000s
I0108 16:32:00.072886 24817 raft_consensus.cc:341] T c0c87b04bc0f4f37876458fbfb4bdf03 P 72e6f176048945dea46e0f4305315d3c [term 0 FOLLOWER]: Replica starting. Triggering 0 pending transactions. Active config: opid_index: -1 OBSOLETE_local: false peers { permanent_uuid: "e61264bf360a4a62a3a5e3b9f2875f5b" member_type: VOTER last_known_addr { host: "127.23.197.129" port: 35094 } } peers { permanent_uuid: "02a5a9f6601045b6b339c43c526fc29e" member_type: VOTER last_known_addr { host: "127.23.197.130" port: 37520 } } peers { permanent_uuid: "72e6f176048945dea46e0f4305315d3c" member_type: VOTER last_known_addr { host: "127.23.197.131" port: 49342 } }
I0108 16:32:00.072906 24817 raft_consensus.cc:367] T c0c87b04bc0f4f37876458fbfb4bdf03 P 72e6f176048945dea46e0f4305315d3c [term 0 FOLLOWER]: Consensus starting up: Expiring failure detector timer to make a prompt election more likely
I0108 16:32:00.072916 24817 raft_consensus.cc:712] T c0c87b04bc0f4f37876458fbfb4bdf03 P 72e6f176048945dea46e0f4305315d3c [term 0 FOLLOWER]: Becoming Follower/Learner. State: Replica: 72e6f176048945dea46e0f4305315d3c, State: Initialized, Role: FOLLOWER
I0108 16:32:00.072968 24817 consensus_queue.cc:229] T c0c87b04bc0f4f37876458fbfb4bdf03 P 72e6f176048945dea46e0f4305315d3c [NON_LEADER]: Queue going to NON_LEADER mode. State: All replicated index: 0, Majority replicated index: 0, Committed index: 0, Last appended: 0.0, Last appended by leader: 0, Current term: 0, Majority size: -1, State: 0, Mode: NON_LEADER, active raft config: opid_index: -1 OBSOLETE_local: false peers { permanent_uuid: "e61264bf360a4a62a3a5e3b9f2875f5b" member_type: VOTER last_known_addr { host: "127.23.197.129" port: 35094 } } peers { permanent_uuid: "02a5a9f6601045b6b339c43c526fc29e" member_type: VOTER last_known_addr { host: "127.23.197.130" port: 37520 } } peers { permanent_uuid: "72e6f176048945dea46e0f4305315d3c" member_type: VOTER last_known_addr { host: "127.23.197.131" port: 49342 } }
I0108 16:32:00.073089 24817 ts_tablet_manager.cc:1133] T c0c87b04bc0f4f37876458fbfb4bdf03 P 72e6f176048945dea46e0f4305315d3c: Time spent starting tablet: real 0.001s user 0.001s sys 0.000s
I0108 16:32:00.073091 24794 heartbeater.cc:447] Master 127.23.197.190:59202 was elected leader, sending a full tablet report...
I0108 16:32:00.073117 24817 tablet_bootstrap.cc:439] T 97a6791627c941a48f3269f2d00d1eea P 72e6f176048945dea46e0f4305315d3c: Bootstrap starting.
I0108 16:32:00.073335 24817 tablet_bootstrap.cc:590] T 97a6791627c941a48f3269f2d00d1eea P 72e6f176048945dea46e0f4305315d3c: No blocks or log segments found. Creating new log.
I0108 16:32:00.073819 24817 tablet_bootstrap.cc:439] T 97a6791627c941a48f3269f2d00d1eea P 72e6f176048945dea46e0f4305315d3c: No bootstrap required, opened a new log
I0108 16:32:00.073843 24817 ts_tablet_manager.cc:1105] T 97a6791627c941a48f3269f2d00d1eea P 72e6f176048945dea46e0f4305315d3c: Time spent bootstrapping tablet: real 0.001s user 0.001s sys 0.000s
I0108 16:32:00.073940 24817 raft_consensus.cc:341] T 97a6791627c941a48f3269f2d00d1eea P 72e6f176048945dea46e0f4305315d3c [term 0 FOLLOWER]: Replica starting. Triggering 0 pending transactions. Active config: opid_index: -1 OBSOLETE_local: false peers { permanent_uuid: "02a5a9f6601045b6b339c43c526fc29e" member_type: VOTER last_known_addr { host: "127.23.197.130" port: 37520 } } peers { permanent_uuid: "e61264bf360a4a62a3a5e3b9f2875f5b" member_type: VOTER last_known_addr { host: "127.23.197.129" port: 35094 } } peers { permanent_uuid: "72e6f176048945dea46e0f4305315d3c" member_type: VOTER last_known_addr { host: "127.23.197.131" port: 49342 } }
I0108 16:32:00.073956 24817 raft_consensus.cc:367] T 97a6791627c941a48f3269f2d00d1eea P 72e6f176048945dea46e0f4305315d3c [term 0 FOLLOWER]: Consensus starting up: Expiring failure detector timer to make a prompt election more likely
I0108 16:32:00.073961 24817 raft_consensus.cc:712] T 97a6791627c941a48f3269f2d00d1eea P 72e6f176048945dea46e0f4305315d3c [term 0 FOLLOWER]: Becoming Follower/Learner. State: Replica: 72e6f176048945dea46e0f4305315d3c, State: Initialized, Role: FOLLOWER
I0108 16:32:00.074002 24817 consensus_queue.cc:229] T 97a6791627c941a48f3269f2d00d1eea P 72e6f176048945dea46e0f4305315d3c [NON_LEADER]: Queue going to NON_LEADER mode. State: All replicated index: 0, Majority replicated index: 0, Committed index: 0, Last appended: 0.0, Last appended by leader: 0, Current term: 0, Majority size: -1, State: 0, Mode: NON_LEADER, active raft config: opid_index: -1 OBSOLETE_local: false peers { permanent_uuid: "02a5a9f6601045b6b339c43c526fc29e" member_type: VOTER last_known_addr { host: "127.23.197.130" port: 37520 } } peers { permanent_uuid: "e61264bf360a4a62a3a5e3b9f2875f5b" member_type: VOTER last_known_addr { host: "127.23.197.129" port: 35094 } } peers { permanent_uuid: "72e6f176048945dea46e0f4305315d3c" member_type: VOTER last_known_addr { host: "127.23.197.131" port: 49342 } }
I0108 16:32:00.074045 24817 ts_tablet_manager.cc:1133] T 97a6791627c941a48f3269f2d00d1eea P 72e6f176048945dea46e0f4305315d3c: Time spent starting tablet: real 0.000s user 0.000s sys 0.000s
I0108 16:32:00.074064 24817 tablet_bootstrap.cc:439] T 2c3d9174c33442d28f28f4d0cda9fc51 P 72e6f176048945dea46e0f4305315d3c: Bootstrap starting.
I0108 16:32:00.074249 24817 tablet_bootstrap.cc:590] T 2c3d9174c33442d28f28f4d0cda9fc51 P 72e6f176048945dea46e0f4305315d3c: No blocks or log segments found. Creating new log.
I0108 16:32:00.074784 24817 tablet_bootstrap.cc:439] T 2c3d9174c33442d28f28f4d0cda9fc51 P 72e6f176048945dea46e0f4305315d3c: No bootstrap required, opened a new log
I0108 16:32:00.074806 24817 ts_tablet_manager.cc:1105] T 2c3d9174c33442d28f28f4d0cda9fc51 P 72e6f176048945dea46e0f4305315d3c: Time spent bootstrapping tablet: real 0.001s user 0.000s sys 0.002s
I0108 16:32:00.074890 24817 raft_consensus.cc:341] T 2c3d9174c33442d28f28f4d0cda9fc51 P 72e6f176048945dea46e0f4305315d3c [term 0 FOLLOWER]: Replica starting. Triggering 0 pending transactions. Active config: opid_index: -1 OBSOLETE_local: false peers { permanent_uuid: "e61264bf360a4a62a3a5e3b9f2875f5b" member_type: VOTER last_known_addr { host: "127.23.197.129" port: 35094 } } peers { permanent_uuid: "02a5a9f6601045b6b339c43c526fc29e" member_type: VOTER last_known_addr { host: "127.23.197.130" port: 37520 } } peers { permanent_uuid: "72e6f176048945dea46e0f4305315d3c" member_type: VOTER last_known_addr { host: "127.23.197.131" port: 49342 } }
I0108 16:32:00.074905 24817 raft_consensus.cc:367] T 2c3d9174c33442d28f28f4d0cda9fc51 P 72e6f176048945dea46e0f4305315d3c [term 0 FOLLOWER]: Consensus starting up: Expiring failure detector timer to make a prompt election more likely
I0108 16:32:00.074911 24817 raft_consensus.cc:712] T 2c3d9174c33442d28f28f4d0cda9fc51 P 72e6f176048945dea46e0f4305315d3c [term 0 FOLLOWER]: Becoming Follower/Learner. State: Replica: 72e6f176048945dea46e0f4305315d3c, State: Initialized, Role: FOLLOWER
I0108 16:32:00.074947 24817 consensus_queue.cc:229] T 2c3d9174c33442d28f28f4d0cda9fc51 P 72e6f176048945dea46e0f4305315d3c [NON_LEADER]: Queue going to NON_LEADER mode. State: All replicated index: 0, Majority replicated index: 0, Committed index: 0, Last appended: 0.0, Last appended by leader: 0, Current term: 0, Majority size: -1, State: 0, Mode: NON_LEADER, active raft config: opid_index: -1 OBSOLETE_local: false peers { permanent_uuid: "e61264bf360a4a62a3a5e3b9f2875f5b" member_type: VOTER last_known_addr { host: "127.23.197.129" port: 35094 } } peers { permanent_uuid: "02a5a9f6601045b6b339c43c526fc29e" member_type: VOTER last_known_addr { host: "127.23.197.130" port: 37520 } } peers { permanent_uuid: "72e6f176048945dea46e0f4305315d3c" member_type: VOTER last_known_addr { host: "127.23.197.131" port: 49342 } }
I0108 16:32:00.075057 24817 ts_tablet_manager.cc:1133] T 2c3d9174c33442d28f28f4d0cda9fc51 P 72e6f176048945dea46e0f4305315d3c: Time spent starting tablet: real 0.000s user 0.000s sys 0.000s
I0108 16:32:00.096419 24814 raft_consensus.cc:477] T 2c3d9174c33442d28f28f4d0cda9fc51 P 02a5a9f6601045b6b339c43c526fc29e [term 0 FOLLOWER]: Starting pre-election (no leader contacted us within the election timeout)
I0108 16:32:00.096519 24814 raft_consensus.cc:499] T 2c3d9174c33442d28f28f4d0cda9fc51 P 02a5a9f6601045b6b339c43c526fc29e [term 0 FOLLOWER]: Starting pre-election with config: opid_index: -1 OBSOLETE_local: false peers { permanent_uuid: "e61264bf360a4a62a3a5e3b9f2875f5b" member_type: VOTER last_known_addr { host: "127.23.197.129" port: 35094 } } peers { permanent_uuid: "02a5a9f6601045b6b339c43c526fc29e" member_type: VOTER last_known_addr { host: "127.23.197.130" port: 37520 } } peers { permanent_uuid: "72e6f176048945dea46e0f4305315d3c" member_type: VOTER last_known_addr { host: "127.23.197.131" port: 49342 } }
I0108 16:32:00.096666 24814 leader_election.cc:293] T 2c3d9174c33442d28f28f4d0cda9fc51 P 02a5a9f6601045b6b339c43c526fc29e [CANDIDATE]: Term 1 pre-election: Requested pre-vote from peers e61264bf360a4a62a3a5e3b9f2875f5b (127.23.197.129:35094), 72e6f176048945dea46e0f4305315d3c (127.23.197.131:49342)
I0108 16:32:00.098760 24751 tablet_service.cc:1319] Received RequestConsensusVote() RPC: tablet_id: "2c3d9174c33442d28f28f4d0cda9fc51" candidate_uuid: "02a5a9f6601045b6b339c43c526fc29e" candidate_term: 1 candidate_status { last_received { term: 0 index: 0 } } ignore_live_leader: false dest_uuid: "72e6f176048945dea46e0f4305315d3c" is_pre_election: true
I0108 16:32:00.098788 24751 raft_consensus.cc:2396] T 2c3d9174c33442d28f28f4d0cda9fc51 P 72e6f176048945dea46e0f4305315d3c [term 0 FOLLOWER]: Leader pre-election vote request: Granting yes vote for candidate 02a5a9f6601045b6b339c43c526fc29e in term 0.
I0108 16:32:00.098803 24501 tablet_service.cc:1319] Received RequestConsensusVote() RPC: tablet_id: "2c3d9174c33442d28f28f4d0cda9fc51" candidate_uuid: "02a5a9f6601045b6b339c43c526fc29e" candidate_term: 1 candidate_status { last_received { term: 0 index: 0 } } ignore_live_leader: false dest_uuid: "e61264bf360a4a62a3a5e3b9f2875f5b" is_pre_election: true
I0108 16:32:00.098824 24501 raft_consensus.cc:2396] T 2c3d9174c33442d28f28f4d0cda9fc51 P e61264bf360a4a62a3a5e3b9f2875f5b [term 0 FOLLOWER]: Leader pre-election vote request: Granting yes vote for candidate 02a5a9f6601045b6b339c43c526fc29e in term 0.
I0108 16:32:00.098917 24558 leader_election.cc:307] T 2c3d9174c33442d28f28f4d0cda9fc51 P 02a5a9f6601045b6b339c43c526fc29e [CANDIDATE]: Term 1 pre-election: Election decided. Result: candidate won. Election summary: received 2 responses out of 3 voters: 2 yes votes; 0 no votes. yes voters: 02a5a9f6601045b6b339c43c526fc29e, 72e6f176048945dea46e0f4305315d3c; no voters:
I0108 16:32:00.098978 24814 raft_consensus.cc:2696] T 2c3d9174c33442d28f28f4d0cda9fc51 P 02a5a9f6601045b6b339c43c526fc29e [term 0 FOLLOWER]: Leader pre-election won for term 1
I0108 16:32:00.098999 24814 raft_consensus.cc:477] T 2c3d9174c33442d28f28f4d0cda9fc51 P 02a5a9f6601045b6b339c43c526fc29e [term 0 FOLLOWER]: Starting leader election (no leader contacted us within the election timeout)
I0108 16:32:00.099007 24814 raft_consensus.cc:2949] T 2c3d9174c33442d28f28f4d0cda9fc51 P 02a5a9f6601045b6b339c43c526fc29e [term 0 FOLLOWER]: Advancing to term 1
I0108 16:32:00.099603 24814 raft_consensus.cc:499] T 2c3d9174c33442d28f28f4d0cda9fc51 P 02a5a9f6601045b6b339c43c526fc29e [term 1 FOLLOWER]: Starting leader election with config: opid_index: -1 OBSOLETE_local: false peers { permanent_uuid: "e61264bf360a4a62a3a5e3b9f2875f5b" member_type: VOTER last_known_addr { host: "127.23.197.129" port: 35094 } } peers { permanent_uuid: "02a5a9f6601045b6b339c43c526fc29e" member_type: VOTER last_known_addr { host: "127.23.197.130" port: 37520 } } peers { permanent_uuid: "72e6f176048945dea46e0f4305315d3c" member_type: VOTER last_known_addr { host: "127.23.197.131" port: 49342 } }
I0108 16:32:00.099642 24814 leader_election.cc:293] T 2c3d9174c33442d28f28f4d0cda9fc51 P 02a5a9f6601045b6b339c43c526fc29e [CANDIDATE]: Term 1 election: Requested vote from peers e61264bf360a4a62a3a5e3b9f2875f5b (127.23.197.129:35094), 72e6f176048945dea46e0f4305315d3c (127.23.197.131:49342)
I0108 16:32:00.099753 24501 tablet_service.cc:1319] Received RequestConsensusVote() RPC: tablet_id: "2c3d9174c33442d28f28f4d0cda9fc51" candidate_uuid: "02a5a9f6601045b6b339c43c526fc29e" candidate_term: 1 candidate_status { last_received { term: 0 index: 0 } } ignore_live_leader: false dest_uuid: "e61264bf360a4a62a3a5e3b9f2875f5b"
I0108 16:32:00.099753 24751 tablet_service.cc:1319] Received RequestConsensusVote() RPC: tablet_id: "2c3d9174c33442d28f28f4d0cda9fc51" candidate_uuid: "02a5a9f6601045b6b339c43c526fc29e" candidate_term: 1 candidate_status { last_received { term: 0 index: 0 } } ignore_live_leader: false dest_uuid: "72e6f176048945dea46e0f4305315d3c"
I0108 16:32:00.099769 24751 raft_consensus.cc:2949] T 2c3d9174c33442d28f28f4d0cda9fc51 P 72e6f176048945dea46e0f4305315d3c [term 0 FOLLOWER]: Advancing to term 1
I0108 16:32:00.099771 24501 raft_consensus.cc:2949] T 2c3d9174c33442d28f28f4d0cda9fc51 P e61264bf360a4a62a3a5e3b9f2875f5b [term 0 FOLLOWER]: Advancing to term 1
I0108 16:32:00.100618 24501 raft_consensus.cc:2396] T 2c3d9174c33442d28f28f4d0cda9fc51 P e61264bf360a4a62a3a5e3b9f2875f5b [term 1 FOLLOWER]: Leader election vote request: Granting yes vote for candidate 02a5a9f6601045b6b339c43c526fc29e in term 1.
I0108 16:32:00.100682 24751 raft_consensus.cc:2396] T 2c3d9174c33442d28f28f4d0cda9fc51 P 72e6f176048945dea46e0f4305315d3c [term 1 FOLLOWER]: Leader election vote request: Granting yes vote for candidate 02a5a9f6601045b6b339c43c526fc29e in term 1.
I0108 16:32:00.100692 24558 leader_election.cc:307] T 2c3d9174c33442d28f28f4d0cda9fc51 P 02a5a9f6601045b6b339c43c526fc29e [CANDIDATE]: Term 1 election: Election decided. Result: candidate won. Election summary: received 2 responses out of 3 voters: 2 yes votes; 0 no votes. yes voters: 02a5a9f6601045b6b339c43c526fc29e, e61264bf360a4a62a3a5e3b9f2875f5b; no voters:
I0108 16:32:00.100720 24814 raft_consensus.cc:2696] T 2c3d9174c33442d28f28f4d0cda9fc51 P 02a5a9f6601045b6b339c43c526fc29e [term 1 FOLLOWER]: Leader election won for term 1
I0108 16:32:00.100824 24814 raft_consensus.cc:672] T 2c3d9174c33442d28f28f4d0cda9fc51 P 02a5a9f6601045b6b339c43c526fc29e [term 1 LEADER]: Becoming Leader. State: Replica: 02a5a9f6601045b6b339c43c526fc29e, State: Running, Role: LEADER
I0108 16:32:00.100879 24814 consensus_queue.cc:206] T 2c3d9174c33442d28f28f4d0cda9fc51 P 02a5a9f6601045b6b339c43c526fc29e [LEADER]: Queue going to LEADER mode. State: All replicated index: 0, Majority replicated index: 0, Committed index: 0, Last appended: 0.0, Last appended by leader: 0, Current term: 1, Majority size: 2, State: 0, Mode: LEADER, active raft config: opid_index: -1 OBSOLETE_local: false peers { permanent_uuid: "e61264bf360a4a62a3a5e3b9f2875f5b" member_type: VOTER last_known_addr { host: "127.23.197.129" port: 35094 } } peers { permanent_uuid: "02a5a9f6601045b6b339c43c526fc29e" member_type: VOTER last_known_addr { host: "127.23.197.130" port: 37520 } } peers { permanent_uuid: "72e6f176048945dea46e0f4305315d3c" member_type: VOTER last_known_addr { host: "127.23.197.131" port: 49342 } }
I0108 16:32:00.101259 24380 catalog_manager.cc:4143] T 2c3d9174c33442d28f28f4d0cda9fc51 P 02a5a9f6601045b6b339c43c526fc29e reported cstate change: term changed from 0 to 1, leader changed from to 02a5a9f6601045b6b339c43c526fc29e (127.23.197.130). New cstate: current_term: 1 leader_uuid: "02a5a9f6601045b6b339c43c526fc29e" committed_config { opid_index: -1 OBSOLETE_local: false peers { permanent_uuid: "e61264bf360a4a62a3a5e3b9f2875f5b" member_type: VOTER last_known_addr { host: "127.23.197.129" port: 35094 } health_report { overall_health: UNKNOWN } } peers { permanent_uuid: "02a5a9f6601045b6b339c43c526fc29e" member_type: VOTER last_known_addr { host: "127.23.197.130" port: 37520 } health_report { overall_health: HEALTHY } } peers { permanent_uuid: "72e6f176048945dea46e0f4305315d3c" member_type: VOTER last_known_addr { host: "127.23.197.131" port: 49342 } health_report { overall_health: UNKNOWN } } }
W0108 16:32:00.193953 24546 tablet.cc:1792] T 2c3d9174c33442d28f28f4d0cda9fc51 P e61264bf360a4a62a3a5e3b9f2875f5b: Can't schedule compaction. Clean time has not been advanced past its initial value.
W0108 16:32:00.253262 24671 tablet.cc:1792] T 2c3d9174c33442d28f28f4d0cda9fc51 P 02a5a9f6601045b6b339c43c526fc29e: Can't schedule compaction. Clean time has not been advanced past its initial value.
W0108 16:32:00.300061 24795 tablet.cc:1792] T 2c3d9174c33442d28f28f4d0cda9fc51 P 72e6f176048945dea46e0f4305315d3c: Can't schedule compaction. Clean time has not been advanced past its initial value.
I0108 16:32:00.323956 24822 raft_consensus.cc:477] T 97a6791627c941a48f3269f2d00d1eea P 72e6f176048945dea46e0f4305315d3c [term 0 FOLLOWER]: Starting pre-election (no leader contacted us within the election timeout)
I0108 16:32:00.324024 24822 raft_consensus.cc:499] T 97a6791627c941a48f3269f2d00d1eea P 72e6f176048945dea46e0f4305315d3c [term 0 FOLLOWER]: Starting pre-election with config: opid_index: -1 OBSOLETE_local: false peers { permanent_uuid: "02a5a9f6601045b6b339c43c526fc29e" member_type: VOTER last_known_addr { host: "127.23.197.130" port: 37520 } } peers { permanent_uuid: "e61264bf360a4a62a3a5e3b9f2875f5b" member_type: VOTER last_known_addr { host: "127.23.197.129" port: 35094 } } peers { permanent_uuid: "72e6f176048945dea46e0f4305315d3c" member_type: VOTER last_known_addr { host: "127.23.197.131" port: 49342 } }
I0108 16:32:00.324142 24822 leader_election.cc:293] T 97a6791627c941a48f3269f2d00d1eea P 72e6f176048945dea46e0f4305315d3c [CANDIDATE]: Term 1 pre-election: Requested pre-vote from peers 02a5a9f6601045b6b339c43c526fc29e (127.23.197.130:37520), e61264bf360a4a62a3a5e3b9f2875f5b (127.23.197.129:35094)
I0108 16:32:00.326246 24627 tablet_service.cc:1319] Received RequestConsensusVote() RPC: tablet_id: "97a6791627c941a48f3269f2d00d1eea" candidate_uuid: "72e6f176048945dea46e0f4305315d3c" candidate_term: 1 candidate_status { last_received { term: 0 index: 0 } } ignore_live_leader: false dest_uuid: "02a5a9f6601045b6b339c43c526fc29e" is_pre_election: true
I0108 16:32:00.326256 24501 tablet_service.cc:1319] Received RequestConsensusVote() RPC: tablet_id: "97a6791627c941a48f3269f2d00d1eea" candidate_uuid: "72e6f176048945dea46e0f4305315d3c" candidate_term: 1 candidate_status { last_received { term: 0 index: 0 } } ignore_live_leader: false dest_uuid: "e61264bf360a4a62a3a5e3b9f2875f5b" is_pre_election: true
I0108 16:32:00.326277 24501 raft_consensus.cc:2396] T 97a6791627c941a48f3269f2d00d1eea P e61264bf360a4a62a3a5e3b9f2875f5b [term 0 FOLLOWER]: Leader pre-election vote request: Granting yes vote for candidate 72e6f176048945dea46e0f4305315d3c in term 0.
I0108 16:32:00.326277 24627 raft_consensus.cc:2396] T 97a6791627c941a48f3269f2d00d1eea P 02a5a9f6601045b6b339c43c526fc29e [term 0 FOLLOWER]: Leader pre-election vote request: Granting yes vote for candidate 72e6f176048945dea46e0f4305315d3c in term 0.
I0108 16:32:00.326362 24682 leader_election.cc:307] T 97a6791627c941a48f3269f2d00d1eea P 72e6f176048945dea46e0f4305315d3c [CANDIDATE]: Term 1 pre-election: Election decided. Result: candidate won. Election summary: received 2 responses out of 3 voters: 2 yes votes; 0 no votes. yes voters: 72e6f176048945dea46e0f4305315d3c, e61264bf360a4a62a3a5e3b9f2875f5b; no voters:
I0108 16:32:00.326412 24822 raft_consensus.cc:2696] T 97a6791627c941a48f3269f2d00d1eea P 72e6f176048945dea46e0f4305315d3c [term 0 FOLLOWER]: Leader pre-election won for term 1
I0108 16:32:00.326426 24822 raft_consensus.cc:477] T 97a6791627c941a48f3269f2d00d1eea P 72e6f176048945dea46e0f4305315d3c [term 0 FOLLOWER]: Starting leader election (no leader contacted us within the election timeout)
I0108 16:32:00.326432 24822 raft_consensus.cc:2949] T 97a6791627c941a48f3269f2d00d1eea P 72e6f176048945dea46e0f4305315d3c [term 0 FOLLOWER]: Advancing to term 1
I0108 16:32:00.328433 24815 raft_consensus.cc:477] T c0c87b04bc0f4f37876458fbfb4bdf03 P e61264bf360a4a62a3a5e3b9f2875f5b [term 0 FOLLOWER]: Starting pre-election (no leader contacted us within the election timeout)
I0108 16:32:00.328480 24815 raft_consensus.cc:499] T c0c87b04bc0f4f37876458fbfb4bdf03 P e61264bf360a4a62a3a5e3b9f2875f5b [term 0 FOLLOWER]: Starting pre-election with config: opid_index: -1 OBSOLETE_local: false peers { permanent_uuid: "e61264bf360a4a62a3a5e3b9f2875f5b" member_type: VOTER last_known_addr { host: "127.23.197.129" port: 35094 } } peers { permanent_uuid: "02a5a9f6601045b6b339c43c526fc29e" member_type: VOTER last_known_addr { host: "127.23.197.130" port: 37520 } } peers { permanent_uuid: "72e6f176048945dea46e0f4305315d3c" member_type: VOTER last_known_addr { host: "127.23.197.131" port: 49342 } }
I0108 16:32:00.328579 24815 leader_election.cc:293] T c0c87b04bc0f4f37876458fbfb4bdf03 P e61264bf360a4a62a3a5e3b9f2875f5b [CANDIDATE]: Term 1 pre-election: Requested pre-vote from peers 02a5a9f6601045b6b339c43c526fc29e (127.23.197.130:37520), 72e6f176048945dea46e0f4305315d3c (127.23.197.131:49342)
I0108 16:32:00.330462 24751 tablet_service.cc:1319] Received RequestConsensusVote() RPC: tablet_id: "c0c87b04bc0f4f37876458fbfb4bdf03" candidate_uuid: "e61264bf360a4a62a3a5e3b9f2875f5b" candidate_term: 1 candidate_status { last_received { term: 0 index: 0 } } ignore_live_leader: false dest_uuid: "72e6f176048945dea46e0f4305315d3c" is_pre_election: true
I0108 16:32:00.330487 24751 raft_consensus.cc:2396] T c0c87b04bc0f4f37876458fbfb4bdf03 P 72e6f176048945dea46e0f4305315d3c [term 0 FOLLOWER]: Leader pre-election vote request: Granting yes vote for candidate e61264bf360a4a62a3a5e3b9f2875f5b in term 0.
I0108 16:32:00.330591 24432 leader_election.cc:307] T c0c87b04bc0f4f37876458fbfb4bdf03 P e61264bf360a4a62a3a5e3b9f2875f5b [CANDIDATE]: Term 1 pre-election: Election decided. Result: candidate won. Election summary: received 2 responses out of 3 voters: 2 yes votes; 0 no votes. yes voters: 72e6f176048945dea46e0f4305315d3c, e61264bf360a4a62a3a5e3b9f2875f5b; no voters:
I0108 16:32:00.330647 24815 raft_consensus.cc:2696] T c0c87b04bc0f4f37876458fbfb4bdf03 P e61264bf360a4a62a3a5e3b9f2875f5b [term 0 FOLLOWER]: Leader pre-election won for term 1
I0108 16:32:00.330660 24815 raft_consensus.cc:477] T c0c87b04bc0f4f37876458fbfb4bdf03 P e61264bf360a4a62a3a5e3b9f2875f5b [term 0 FOLLOWER]: Starting leader election (no leader contacted us within the election timeout)
I0108 16:32:00.330664 24815 raft_consensus.cc:2949] T c0c87b04bc0f4f37876458fbfb4bdf03 P e61264bf360a4a62a3a5e3b9f2875f5b [term 0 FOLLOWER]: Advancing to term 1
I0108 16:32:00.330660 24627 tablet_service.cc:1319] Received RequestConsensusVote() RPC: tablet_id: "c0c87b04bc0f4f37876458fbfb4bdf03" candidate_uuid: "e61264bf360a4a62a3a5e3b9f2875f5b" candidate_term: 1 candidate_status { last_received { term: 0 index: 0 } } ignore_live_leader: false dest_uuid: "02a5a9f6601045b6b339c43c526fc29e" is_pre_election: true
I0108 16:32:00.330678 24627 raft_consensus.cc:2396] T c0c87b04bc0f4f37876458fbfb4bdf03 P 02a5a9f6601045b6b339c43c526fc29e [term 0 FOLLOWER]: Leader pre-election vote request: Granting yes vote for candidate e61264bf360a4a62a3a5e3b9f2875f5b in term 0.
I0108 16:32:00.339025 24815 raft_consensus.cc:499] T c0c87b04bc0f4f37876458fbfb4bdf03 P e61264bf360a4a62a3a5e3b9f2875f5b [term 1 FOLLOWER]: Starting leader election with config: opid_index: -1 OBSOLETE_local: false peers { permanent_uuid: "e61264bf360a4a62a3a5e3b9f2875f5b" member_type: VOTER last_known_addr { host: "127.23.197.129" port: 35094 } } peers { permanent_uuid: "02a5a9f6601045b6b339c43c526fc29e" member_type: VOTER last_known_addr { host: "127.23.197.130" port: 37520 } } peers { permanent_uuid: "72e6f176048945dea46e0f4305315d3c" member_type: VOTER last_known_addr { host: "127.23.197.131" port: 49342 } }
I0108 16:32:00.339025 24822 raft_consensus.cc:499] T 97a6791627c941a48f3269f2d00d1eea P 72e6f176048945dea46e0f4305315d3c [term 1 FOLLOWER]: Starting leader election with config: opid_index: -1 OBSOLETE_local: false peers { permanent_uuid: "02a5a9f6601045b6b339c43c526fc29e" member_type: VOTER last_known_addr { host: "127.23.197.130" port: 37520 } } peers { permanent_uuid: "e61264bf360a4a62a3a5e3b9f2875f5b" member_type: VOTER last_known_addr { host: "127.23.197.129" port: 35094 } } peers { permanent_uuid: "72e6f176048945dea46e0f4305315d3c" member_type: VOTER last_known_addr { host: "127.23.197.131" port: 49342 } }
I0108 16:32:00.339078 24815 leader_election.cc:293] T c0c87b04bc0f4f37876458fbfb4bdf03 P e61264bf360a4a62a3a5e3b9f2875f5b [CANDIDATE]: Term 1 election: Requested vote from peers 02a5a9f6601045b6b339c43c526fc29e (127.23.197.130:37520), 72e6f176048945dea46e0f4305315d3c (127.23.197.131:49342)
I0108 16:32:00.339078 24822 leader_election.cc:293] T 97a6791627c941a48f3269f2d00d1eea P 72e6f176048945dea46e0f4305315d3c [CANDIDATE]: Term 1 election: Requested vote from peers 02a5a9f6601045b6b339c43c526fc29e (127.23.197.130:37520), e61264bf360a4a62a3a5e3b9f2875f5b (127.23.197.129:35094)
I0108 16:32:00.339170 24501 tablet_service.cc:1319] Received RequestConsensusVote() RPC: tablet_id: "97a6791627c941a48f3269f2d00d1eea" candidate_uuid: "72e6f176048945dea46e0f4305315d3c" candidate_term: 1 candidate_status { last_received { term: 0 index: 0 } } ignore_live_leader: false dest_uuid: "e61264bf360a4a62a3a5e3b9f2875f5b"
I0108 16:32:00.339179 24627 tablet_service.cc:1319] Received RequestConsensusVote() RPC: tablet_id: "c0c87b04bc0f4f37876458fbfb4bdf03" candidate_uuid: "e61264bf360a4a62a3a5e3b9f2875f5b" candidate_term: 1 candidate_status { last_received { term: 0 index: 0 } } ignore_live_leader: false dest_uuid: "02a5a9f6601045b6b339c43c526fc29e"
I0108 16:32:00.339188 24501 raft_consensus.cc:2949] T 97a6791627c941a48f3269f2d00d1eea P e61264bf360a4a62a3a5e3b9f2875f5b [term 0 FOLLOWER]: Advancing to term 1
I0108 16:32:00.339196 24627 raft_consensus.cc:2949] T c0c87b04bc0f4f37876458fbfb4bdf03 P 02a5a9f6601045b6b339c43c526fc29e [term 0 FOLLOWER]: Advancing to term 1
I0108 16:32:00.339223 24751 tablet_service.cc:1319] Received RequestConsensusVote() RPC: tablet_id: "c0c87b04bc0f4f37876458fbfb4bdf03" candidate_uuid: "e61264bf360a4a62a3a5e3b9f2875f5b" candidate_term: 1 candidate_status { last_received { term: 0 index: 0 } } ignore_live_leader: false dest_uuid: "72e6f176048945dea46e0f4305315d3c"
I0108 16:32:00.339236 24751 raft_consensus.cc:2949] T c0c87b04bc0f4f37876458fbfb4bdf03 P 72e6f176048945dea46e0f4305315d3c [term 0 FOLLOWER]: Advancing to term 1
I0108 16:32:00.339294 24626 tablet_service.cc:1319] Received RequestConsensusVote() RPC: tablet_id: "97a6791627c941a48f3269f2d00d1eea" candidate_uuid: "72e6f176048945dea46e0f4305315d3c" candidate_term: 1 candidate_status { last_received { term: 0 index: 0 } } ignore_live_leader: false dest_uuid: "02a5a9f6601045b6b339c43c526fc29e"
I0108 16:32:00.339313 24626 raft_consensus.cc:2949] T 97a6791627c941a48f3269f2d00d1eea P 02a5a9f6601045b6b339c43c526fc29e [term 0 FOLLOWER]: Advancing to term 1
I0108 16:32:00.340273 24501 raft_consensus.cc:2396] T 97a6791627c941a48f3269f2d00d1eea P e61264bf360a4a62a3a5e3b9f2875f5b [term 1 FOLLOWER]: Leader election vote request: Granting yes vote for candidate 72e6f176048945dea46e0f4305315d3c in term 1.
I0108 16:32:00.340293 24751 raft_consensus.cc:2396] T c0c87b04bc0f4f37876458fbfb4bdf03 P 72e6f176048945dea46e0f4305315d3c [term 1 FOLLOWER]: Leader election vote request: Granting yes vote for candidate e61264bf360a4a62a3a5e3b9f2875f5b in term 1.
I0108 16:32:00.340315 24627 raft_consensus.cc:2396] T c0c87b04bc0f4f37876458fbfb4bdf03 P 02a5a9f6601045b6b339c43c526fc29e [term 1 FOLLOWER]: Leader election vote request: Granting yes vote for candidate e61264bf360a4a62a3a5e3b9f2875f5b in term 1.
I0108 16:32:00.340349 24682 leader_election.cc:307] T 97a6791627c941a48f3269f2d00d1eea P 72e6f176048945dea46e0f4305315d3c [CANDIDATE]: Term 1 election: Election decided. Result: candidate won. Election summary: received 2 responses out of 3 voters: 2 yes votes; 0 no votes. yes voters: 72e6f176048945dea46e0f4305315d3c, e61264bf360a4a62a3a5e3b9f2875f5b; no voters:
I0108 16:32:00.340389 24822 raft_consensus.cc:2696] T 97a6791627c941a48f3269f2d00d1eea P 72e6f176048945dea46e0f4305315d3c [term 1 FOLLOWER]: Leader election won for term 1
I0108 16:32:00.340404 24432 leader_election.cc:307] T c0c87b04bc0f4f37876458fbfb4bdf03 P e61264bf360a4a62a3a5e3b9f2875f5b [CANDIDATE]: Term 1 election: Election decided. Result: candidate won. Election summary: received 2 responses out of 3 voters: 2 yes votes; 0 no votes. yes voters: 72e6f176048945dea46e0f4305315d3c, e61264bf360a4a62a3a5e3b9f2875f5b; no voters:
I0108 16:32:00.340445 24815 raft_consensus.cc:2696] T c0c87b04bc0f4f37876458fbfb4bdf03 P e61264bf360a4a62a3a5e3b9f2875f5b [term 1 FOLLOWER]: Leader election won for term 1
I0108 16:32:00.340477 24822 raft_consensus.cc:672] T 97a6791627c941a48f3269f2d00d1eea P 72e6f176048945dea46e0f4305315d3c [term 1 LEADER]: Becoming Leader. State: Replica: 72e6f176048945dea46e0f4305315d3c, State: Running, Role: LEADER
I0108 16:32:00.340514 24815 raft_consensus.cc:672] T c0c87b04bc0f4f37876458fbfb4bdf03 P e61264bf360a4a62a3a5e3b9f2875f5b [term 1 LEADER]: Becoming Leader. State: Replica: e61264bf360a4a62a3a5e3b9f2875f5b, State: Running, Role: LEADER
I0108 16:32:00.340528 24822 consensus_queue.cc:206] T 97a6791627c941a48f3269f2d00d1eea P 72e6f176048945dea46e0f4305315d3c [LEADER]: Queue going to LEADER mode. State: All replicated index: 0, Majority replicated index: 0, Committed index: 0, Last appended: 0.0, Last appended by leader: 0, Current term: 1, Majority size: 2, State: 0, Mode: LEADER, active raft config: opid_index: -1 OBSOLETE_local: false peers { permanent_uuid: "02a5a9f6601045b6b339c43c526fc29e" member_type: VOTER last_known_addr { host: "127.23.197.130" port: 37520 } } peers { permanent_uuid: "e61264bf360a4a62a3a5e3b9f2875f5b" member_type: VOTER last_known_addr { host: "127.23.197.129" port: 35094 } } peers { permanent_uuid: "72e6f176048945dea46e0f4305315d3c" member_type: VOTER last_known_addr { host: "127.23.197.131" port: 49342 } }
I0108 16:32:00.340541 24626 raft_consensus.cc:2396] T 97a6791627c941a48f3269f2d00d1eea P 02a5a9f6601045b6b339c43c526fc29e [term 1 FOLLOWER]: Leader election vote request: Granting yes vote for candidate 72e6f176048945dea46e0f4305315d3c in term 1.
I0108 16:32:00.340557 24815 consensus_queue.cc:206] T c0c87b04bc0f4f37876458fbfb4bdf03 P e61264bf360a4a62a3a5e3b9f2875f5b [LEADER]: Queue going to LEADER mode. State: All replicated index: 0, Majority replicated index: 0, Committed index: 0, Last appended: 0.0, Last appended by leader: 0, Current term: 1, Majority size: 2, State: 0, Mode: LEADER, active raft config: opid_index: -1 OBSOLETE_local: false peers { permanent_uuid: "e61264bf360a4a62a3a5e3b9f2875f5b" member_type: VOTER last_known_addr { host: "127.23.197.129" port: 35094 } } peers { permanent_uuid: "02a5a9f6601045b6b339c43c526fc29e" member_type: VOTER last_known_addr { host: "127.23.197.130" port: 37520 } } peers { permanent_uuid: "72e6f176048945dea46e0f4305315d3c" member_type: VOTER last_known_addr { host: "127.23.197.131" port: 49342 } }
