I0107 02:52:34.359871 3159 tablet_server_main.cc:76] Tablet server non-default flags: --builtin_ntp_poll_interval_ms=100 --builtin_ntp_servers=127.2.165.148:33753 --ntp_initial_sync_wait_secs=10 --time_source=builtin --fs_data_dirs=/tmp/dist-test-taskh2U6sE/test-tmp/kudu-tool-test.2.ToolTest.TestLoadgenDefaultParameters.1578365549852848-2710/minicluster-data/ts-0/data --fs_wal_dir=/tmp/dist-test-taskh2U6sE/test-tmp/kudu-tool-test.2.ToolTest.TestLoadgenDefaultParameters.1578365549852848-2710/minicluster-data/ts-0/wal --ipki_server_key_size=1024 --rpc_bind_addresses=127.2.165.129:0 --rpc_server_allow_ephemeral_ports=true --metrics_log_interval_ms=1000 --server_dump_info_format=pb --server_dump_info_path=/tmp/dist-test-taskh2U6sE/test-tmp/kudu-tool-test.2.ToolTest.TestLoadgenDefaultParameters.1578365549852848-2710/minicluster-data/ts-0/data/info.pb --webserver_interface=127.2.165.129 --webserver_port=0 --tserver_master_addrs=127.2.165.190:40613 --never_fsync=true --heap_profile_path=/tmp/kudu-tserver.3159 --redact=none --unlock_experimental_flags=true --unlock_unsafe_flags=true --enable_minidumps=false --local_ip_for_outbound_sockets=127.2.165.129 --log_dir=/tmp/dist-test-taskh2U6sE/test-tmp/kudu-tool-test.2.ToolTest.TestLoadgenDefaultParameters.1578365549852848-2710/minicluster-data/ts-0/logs --logbuflevel=-1 --logtostderr=true Tablet server version: kudu 1.11.0.7.1.0.0-SNAPSHOT revision a4ff810dd64883133db852e9479c89ff2df803d7 build type DEBUG built by jenkins at 06 Jan 2020 18:27:29 PST on quasar-zycntq-1.vpc.cloudera.com build id 568631
I0107 02:52:34.369494 3159 hybrid_clock.cc:168] waiting up to --ntp_initial_sync_wait_secs=10 seconds for the clock to synchronize
I0107 02:52:34.377005 3159 hybrid_clock.cc:186] HybridClock initialized: now 1578365554376944 us; error 50 us; skew 500 ppm
I0107 02:52:34.377864 3159 fs_manager.cc:263] Metadata directory not provided
I0107 02:52:34.377918 3159 fs_manager.cc:269] Using write-ahead log directory (fs_wal_dir) as metadata directory
I0107 02:52:34.378190 3159 server_base.cc:452] Could not load existing FS layout: Not found: could not find a healthy instance file
I0107 02:52:34.378216 3159 server_base.cc:453] Attempting to create new FS layout instead
I0107 02:52:34.380520 3159 fs_manager.cc:617] Generated new instance metadata in path /tmp/dist-test-taskh2U6sE/test-tmp/kudu-tool-test.2.ToolTest.TestLoadgenDefaultParameters.1578365549852848-2710/minicluster-data/ts-0/data/instance: uuid: "965d933521a54274adc66bf141c4be49" format_stamp: "Formatted at 2020-01-07 02:52:34 on dist-test-slave-dist-test-slave-3kpx"
I0107 02:52:34.380812 3159 fs_manager.cc:617] Generated new instance metadata in path /tmp/dist-test-taskh2U6sE/test-tmp/kudu-tool-test.2.ToolTest.TestLoadgenDefaultParameters.1578365549852848-2710/minicluster-data/ts-0/wal/instance: uuid: "965d933521a54274adc66bf141c4be49" format_stamp: "Formatted at 2020-01-07 02:52:34 on dist-test-slave-dist-test-slave-3kpx"
I0107 02:52:34.382529 3159 dir_util.cc:225] Instance is unhealthy: Not found: Failed to read metadata file from /tmp/dist-test-taskh2U6sE/test-tmp/kudu-tool-test.2.ToolTest.TestLoadgenDefaultParameters.1578365549852848-2710/minicluster-data/ts-0/data/data/block_manager_instance: /tmp/dist-test-taskh2U6sE/test-tmp/kudu-tool-test.2.ToolTest.TestLoadgenDefaultParameters.1578365549852848-2710/minicluster-data/ts-0/data/data/block_manager_instance: No such file or directory (error 2)
I0107 02:52:34.391993 3159 fs_manager.cc:518] Time spent creating directory manager: real 0.011s user 0.009s sys 0.000s
I0107 02:52:34.392834 3159 env_posix.cc:1680] Not raising this process' open files per process limit of 1048576; it is already as high as it can go
I0107 02:52:34.393375 3159 file_cache.cc:465] Constructed file cache lbm with capacity 419430
I0107 02:52:34.397091 3159 fs_manager.cc:434] Time spent opening block manager: real 0.002s user 0.001s sys 0.000s
I0107 02:52:34.397294 3159 fs_manager.cc:451] Opened local filesystem: /tmp/dist-test-taskh2U6sE/test-tmp/kudu-tool-test.2.ToolTest.TestLoadgenDefaultParameters.1578365549852848-2710/minicluster-data/ts-0/data,/tmp/dist-test-taskh2U6sE/test-tmp/kudu-tool-test.2.ToolTest.TestLoadgenDefaultParameters.1578365549852848-2710/minicluster-data/ts-0/wal uuid: "965d933521a54274adc66bf141c4be49" format_stamp: "Formatted at 2020-01-07 02:52:34 on dist-test-slave-dist-test-slave-3kpx"
I0107 02:52:34.397441 3159 fs_report.cc:352] FS layout report -------------------- wal directory: /tmp/dist-test-taskh2U6sE/test-tmp/kudu-tool-test.2.ToolTest.TestLoadgenDefaultParameters.1578365549852848-2710/minicluster-data/ts-0/wal metadata directory: /tmp/dist-test-taskh2U6sE/test-tmp/kudu-tool-test.2.ToolTest.TestLoadgenDefaultParameters.1578365549852848-2710/minicluster-data/ts-0/wal 1 data directories: /tmp/dist-test-taskh2U6sE/test-tmp/kudu-tool-test.2.ToolTest.TestLoadgenDefaultParameters.1578365549852848-2710/minicluster-data/ts-0/data/data Total live blocks: 0 Total live bytes: 0 Total live bytes (after alignment): 0 Total number of LBM containers: 0 (0 full) Did not check for missing blocks Did not check for orphaned blocks Total full LBM containers with extra space: 0 (0 repaired) Total full LBM container extra space in bytes: 0 (0 repaired) Total incomplete LBM containers: 0 (0 repaired) Total LBM partial records: 0 (0 repaired)
I0107 02:52:34.434857 3159 env_posix.cc:1680] Not raising this process' running threads per effective uid limit of 18446744073709551615; it is already as high as it can go
I0107 02:52:34.436187 3159 ts_tablet_manager.cc:395] Loaded tablet metadata (0 total tablets, 0 live tablets)
I0107 02:52:34.436221 3159 ts_tablet_manager.cc:415] Registered 0 tablets
I0107 02:52:34.443940 3159 rpc_server.cc:211] RPC server started. Bound to: 127.2.165.129:37549
I0107 02:52:34.444898 3159 webserver.cc:382] Webserver started at http://127.2.165.129:42433/ using document root and password file
I0107 02:52:34.445493 3159 server_base.cc:629] Dumped server information to /tmp/dist-test-taskh2U6sE/test-tmp/kudu-tool-test.2.ToolTest.TestLoadgenDefaultParameters.1578365549852848-2710/minicluster-data/ts-0/data/info.pb
I0107 02:52:34.453229 2710 external_mini_cluster.cc:1105] Started /tmp/dist-test-taskh2U6sE/build/debug/bin/kudu-tserver as pid 3159
I0107 02:52:34.464334 3290 heartbeater.cc:322] Connected to a master server at 127.2.165.190:40613
I0107 02:52:34.464499 3290 heartbeater.cc:406] Registering TS with master...
I0107 02:52:34.465065 3290 heartbeater.cc:455] Master 127.2.165.190:40613 requested a full tablet report, sending...
I0107 02:52:34.466646 3124 ts_manager.cc:192] Registered new tserver with Master: 965d933521a54274adc66bf141c4be49 (127.2.165.129:37549)
I0107 02:52:34.468297 2710 external_mini_cluster.cc:721] 1 TS(s) registered with all masters
I0107 02:52:34.468400 3124 master_service.cc:351] Signed X509 certificate for tserver {username='slave'} at 127.2.165.129:33119
W0107 02:52:34.553746 3296 flags.cc:404] Enabled unsafe flag: --never_fsync=true
I0107 02:52:34.594192 3124 catalog_manager.cc:1454] Servicing CreateTable request from {username='slave'} at 127.0.0.1:57520: name: "default.loadgen_auto_5e02ede7c9224a8e800a915d3b303249" schema { columns { name: "key" type: INT64 is_key: true is_nullable: false encoding: AUTO_ENCODING compression: DEFAULT_COMPRESSION cfile_block_size: 0 } columns { name: "int_val" type: INT32 is_key: false is_nullable: true encoding: AUTO_ENCODING compression: DEFAULT_COMPRESSION cfile_block_size: 0 } columns { name: "string_val" type: STRING is_key: false is_nullable: true encoding: AUTO_ENCODING compression: DEFAULT_COMPRESSION cfile_block_size: 0 } } num_replicas: 1 split_rows_range_bounds { } partition_schema { hash_bucket_schemas { columns { name: "key" } num_buckets: 8 seed: 0 } }
I0107 02:52:34.614913 3211 tablet_service.cc:1034] Processing CreateTablet for tablet 2c5045da54014b778a4430471a7d67a2 (table=default.loadgen_auto_5e02ede7c9224a8e800a915d3b303249 [id=a7da2c357e484b239049aa1831c588f1]), partition=HASH (key) PARTITION 7, RANGE (key) PARTITION UNBOUNDED
I0107 02:52:34.614935 3216 tablet_service.cc:1034] Processing CreateTablet for tablet ce54026443974081b3c3fc942abcb5e5 (table=default.loadgen_auto_5e02ede7c9224a8e800a915d3b303249 [id=a7da2c357e484b239049aa1831c588f1]), partition=HASH (key) PARTITION 2, RANGE (key) PARTITION UNBOUNDED
I0107 02:52:34.614933 3215 tablet_service.cc:1034] Processing CreateTablet for tablet 11307c61642448418beda42954384b24 (table=default.loadgen_auto_5e02ede7c9224a8e800a915d3b303249 [id=a7da2c357e484b239049aa1831c588f1]), partition=HASH (key) PARTITION 3, RANGE (key) PARTITION UNBOUNDED
I0107 02:52:34.615355 3212 tablet_service.cc:1034] Processing CreateTablet for tablet acc0edc926ca4f0fa4a3902edf4eebfc (table=default.loadgen_auto_5e02ede7c9224a8e800a915d3b303249 [id=a7da2c357e484b239049aa1831c588f1]), partition=HASH (key) PARTITION 6, RANGE (key) PARTITION UNBOUNDED
I0107 02:52:34.615609 3213 tablet_service.cc:1034] Processing CreateTablet for tablet 5c9836dc106b43fa840744763fc102b4 (table=default.loadgen_auto_5e02ede7c9224a8e800a915d3b303249 [id=a7da2c357e484b239049aa1831c588f1]), partition=HASH (key) PARTITION 5, RANGE (key) PARTITION UNBOUNDED
I0107 02:52:34.615823 3214 tablet_service.cc:1034] Processing CreateTablet for tablet 2d4433f026084359aa21efe455d930f8 (table=default.loadgen_auto_5e02ede7c9224a8e800a915d3b303249 [id=a7da2c357e484b239049aa1831c588f1]), partition=HASH (key) PARTITION 4, RANGE (key) PARTITION UNBOUNDED
I0107 02:52:34.614913 3218 tablet_service.cc:1034] Processing CreateTablet for tablet 98bbffd7a7e64de8b83b80aa6564a49d (table=default.loadgen_auto_5e02ede7c9224a8e800a915d3b303249 [id=a7da2c357e484b239049aa1831c588f1]), partition=HASH (key) PARTITION 0, RANGE (key) PARTITION UNBOUNDED
I0107 02:52:34.616259 3217 tablet_service.cc:1034] Processing CreateTablet for tablet e18ce98a75c14fbc84327250c3cfcb47 (table=default.loadgen_auto_5e02ede7c9224a8e800a915d3b303249 [id=a7da2c357e484b239049aa1831c588f1]), partition=HASH (key) PARTITION 1, RANGE (key) PARTITION UNBOUNDED
I0107 02:52:34.617213 3212 data_dirs.cc:394] Could only allocate 1 dirs of requested 3 for tablet acc0edc926ca4f0fa4a3902edf4eebfc. 1 dirs total, 0 dirs full, 0 dirs failed
I0107 02:52:34.617518 3213 data_dirs.cc:394] Could only allocate 1 dirs of requested 3 for tablet 5c9836dc106b43fa840744763fc102b4. 1 dirs total, 0 dirs full, 0 dirs failed
I0107 02:52:34.617642 3216 data_dirs.cc:394] Could only allocate 1 dirs of requested 3 for tablet ce54026443974081b3c3fc942abcb5e5. 1 dirs total, 0 dirs full, 0 dirs failed
I0107 02:52:34.617763 3214 data_dirs.cc:394] Could only allocate 1 dirs of requested 3 for tablet 2d4433f026084359aa21efe455d930f8. 1 dirs total, 0 dirs full, 0 dirs failed
I0107 02:52:34.618547 3211 data_dirs.cc:394] Could only allocate 1 dirs of requested 3 for tablet 2c5045da54014b778a4430471a7d67a2. 1 dirs total, 0 dirs full, 0 dirs failed
I0107 02:52:34.622510 3215 data_dirs.cc:394] Could only allocate 1 dirs of requested 3 for tablet 11307c61642448418beda42954384b24. 1 dirs total, 0 dirs full, 0 dirs failed
I0107 02:52:34.624308 3308 tablet_bootstrap.cc:439] T ce54026443974081b3c3fc942abcb5e5 P 965d933521a54274adc66bf141c4be49: Bootstrap starting.
I0107 02:52:34.624873 3217 data_dirs.cc:394] Could only allocate 1 dirs of requested 3 for tablet e18ce98a75c14fbc84327250c3cfcb47. 1 dirs total, 0 dirs full, 0 dirs failed
I0107 02:52:34.626111 3218 data_dirs.cc:394] Could only allocate 1 dirs of requested 3 for tablet 98bbffd7a7e64de8b83b80aa6564a49d. 1 dirs total, 0 dirs full, 0 dirs failed
I0107 02:52:34.626296 3308 tablet_bootstrap.cc:590] T ce54026443974081b3c3fc942abcb5e5 P 965d933521a54274adc66bf141c4be49: No blocks or log segments found. Creating new log.
I0107 02:52:34.627344 3308 log.cc:815] T ce54026443974081b3c3fc942abcb5e5 P 965d933521a54274adc66bf141c4be49: Log is configured to *not* fsync() on all Append() calls
I0107 02:52:34.628549 3308 tablet_bootstrap.cc:439] T ce54026443974081b3c3fc942abcb5e5 P 965d933521a54274adc66bf141c4be49: No bootstrap required, opened a new log
I0107 02:52:34.628759 3308 ts_tablet_manager.cc:1103] T ce54026443974081b3c3fc942abcb5e5 P 965d933521a54274adc66bf141c4be49: Time spent bootstrapping tablet: real 0.005s user 0.004s sys 0.000s
I0107 02:52:34.631315 3308 raft_consensus.cc:340] T ce54026443974081b3c3fc942abcb5e5 P 965d933521a54274adc66bf141c4be49 [term 0 FOLLOWER]: Replica starting. Triggering 0 pending transactions. Active config: opid_index: -1 OBSOLETE_local: true peers { permanent_uuid: "965d933521a54274adc66bf141c4be49" member_type: VOTER last_known_addr { host: "127.2.165.129" port: 37549 } }
I0107 02:52:34.631417 3308 raft_consensus.cc:366] T ce54026443974081b3c3fc942abcb5e5 P 965d933521a54274adc66bf141c4be49 [term 0 FOLLOWER]: Consensus starting up: Expiring failure detector timer to make a prompt election more likely
I0107 02:52:34.631462 3308 raft_consensus.cc:705] T ce54026443974081b3c3fc942abcb5e5 P 965d933521a54274adc66bf141c4be49 [term 0 FOLLOWER]: Becoming Follower/Learner. State: Replica: 965d933521a54274adc66bf141c4be49, State: Initialized, Role: FOLLOWER
I0107 02:52:34.631884 3308 consensus_queue.cc:231] T ce54026443974081b3c3fc942abcb5e5 P 965d933521a54274adc66bf141c4be49 [NON_LEADER]: Queue going to NON_LEADER mode. State: All replicated index: 0, Majority replicated index: 0, Committed index: 0, Last appended: 0.0, Last appended by leader: 0, Current term: 0, Majority size: -1, State: 0, Mode: NON_LEADER, active raft config: opid_index: -1 OBSOLETE_local: true peers { permanent_uuid: "965d933521a54274adc66bf141c4be49" member_type: VOTER last_known_addr { host: "127.2.165.129" port: 37549 } }
I0107 02:52:34.631933 3308 raft_consensus.cc:380] T ce54026443974081b3c3fc942abcb5e5 P 965d933521a54274adc66bf141c4be49 [term 0 FOLLOWER]: Only one voter in the Raft config. Triggering election immediately
I0107 02:52:34.631983 3308 raft_consensus.cc:472] T ce54026443974081b3c3fc942abcb5e5 P 965d933521a54274adc66bf141c4be49 [term 0 FOLLOWER]: Starting leader election (initial election of a single-replica configuration)
I0107 02:52:34.632035 3308 raft_consensus.cc:2918] T ce54026443974081b3c3fc942abcb5e5 P 965d933521a54274adc66bf141c4be49 [term 0 FOLLOWER]: Advancing to term 1
I0107 02:52:34.632722 3308 raft_consensus.cc:494] T ce54026443974081b3c3fc942abcb5e5 P 965d933521a54274adc66bf141c4be49 [term 1 FOLLOWER]: Starting leader election with config: opid_index: -1 OBSOLETE_local: true peers { permanent_uuid: "965d933521a54274adc66bf141c4be49" member_type: VOTER last_known_addr { host: "127.2.165.129" port: 37549 } }
I0107 02:52:34.633110 3308 leader_election.cc:307] T ce54026443974081b3c3fc942abcb5e5 P 965d933521a54274adc66bf141c4be49 [CANDIDATE]: Term 1 election: Election decided. Result: candidate won. Election summary: received 1 responses out of 1 voters: 1 yes votes; 0 no votes. yes voters: 965d933521a54274adc66bf141c4be49; no voters:
I0107 02:52:34.633432 3308 leader_election.cc:293] T ce54026443974081b3c3fc942abcb5e5 P 965d933521a54274adc66bf141c4be49 [CANDIDATE]: Term 1 election: Requested vote from peers
I0107 02:52:34.633947 3290 heartbeater.cc:447] Master 127.2.165.190:40613 was elected leader, sending a full tablet report...
I0107 02:52:34.634254 3308 ts_tablet_manager.cc:1131] T ce54026443974081b3c3fc942abcb5e5 P 965d933521a54274adc66bf141c4be49: Time spent starting tablet: real 0.005s user 0.006s sys 0.000s
I0107 02:52:34.634586 3310 raft_consensus.cc:2672] T ce54026443974081b3c3fc942abcb5e5 P 965d933521a54274adc66bf141c4be49 [term 1 FOLLOWER]: Leader election won for term 1
I0107 02:52:34.634757 3310 raft_consensus.cc:667] T ce54026443974081b3c3fc942abcb5e5 P 965d933521a54274adc66bf141c4be49 [term 1 LEADER]: Becoming Leader. State: Replica: 965d933521a54274adc66bf141c4be49, State: Running, Role: LEADER
I0107 02:52:34.635095 3310 consensus_queue.cc:208] T ce54026443974081b3c3fc942abcb5e5 P 965d933521a54274adc66bf141c4be49 [LEADER]: Queue going to LEADER mode. State: All replicated index: 0, Majority replicated index: 0, Committed index: 0, Last appended: 0.0, Last appended by leader: 0, Current term: 1, Majority size: 1, State: 0, Mode: LEADER, active raft config: opid_index: -1 OBSOLETE_local: true peers { permanent_uuid: "965d933521a54274adc66bf141c4be49" member_type: VOTER last_known_addr { host: "127.2.165.129" port: 37549 } }
I0107 02:52:34.636399 3308 tablet_bootstrap.cc:439] T 5c9836dc106b43fa840744763fc102b4 P 965d933521a54274adc66bf141c4be49: Bootstrap starting.
I0107 02:52:34.637370 3308 tablet_bootstrap.cc:590] T 5c9836dc106b43fa840744763fc102b4 P 965d933521a54274adc66bf141c4be49: No blocks or log segments found. Creating new log.
I0107 02:52:34.638576 3308 tablet_bootstrap.cc:439] T 5c9836dc106b43fa840744763fc102b4 P 965d933521a54274adc66bf141c4be49: No bootstrap required, opened a new log
I0107 02:52:34.638659 3308 ts_tablet_manager.cc:1103] T 5c9836dc106b43fa840744763fc102b4 P 965d933521a54274adc66bf141c4be49: Time spent bootstrapping tablet: real 0.002s user 0.002s sys 0.000s
I0107 02:52:34.639274 3308 raft_consensus.cc:340] T 5c9836dc106b43fa840744763fc102b4 P 965d933521a54274adc66bf141c4be49 [term 0 FOLLOWER]: Replica starting. Triggering 0 pending transactions. Active config: opid_index: -1 OBSOLETE_local: true peers { permanent_uuid: "965d933521a54274adc66bf141c4be49" member_type: VOTER last_known_addr { host: "127.2.165.129" port: 37549 } }
I0107 02:52:34.639314 3308 raft_consensus.cc:366] T 5c9836dc106b43fa840744763fc102b4 P 965d933521a54274adc66bf141c4be49 [term 0 FOLLOWER]: Consensus starting up: Expiring failure detector timer to make a prompt election more likely
I0107 02:52:34.639330 3308 raft_consensus.cc:705] T 5c9836dc106b43fa840744763fc102b4 P 965d933521a54274adc66bf141c4be49 [term 0 FOLLOWER]: Becoming Follower/Learner. State: Replica: 965d933521a54274adc66bf141c4be49, State: Initialized, Role: FOLLOWER
I0107 02:52:34.639448 3308 consensus_queue.cc:231] T 5c9836dc106b43fa840744763fc102b4 P 965d933521a54274adc66bf141c4be49 [NON_LEADER]: Queue going to NON_LEADER mode. State: All replicated index: 0, Majority replicated index: 0, Committed index: 0, Last appended: 0.0, Last appended by leader: 0, Current term: 0, Majority size: -1, State: 0, Mode: NON_LEADER, active raft config: opid_index: -1 OBSOLETE_local: true peers { permanent_uuid: "965d933521a54274adc66bf141c4be49" member_type: VOTER last_known_addr { host: "127.2.165.129" port: 37549 } }
I0107 02:52:34.639497 3308 raft_consensus.cc:380] T 5c9836dc106b43fa840744763fc102b4 P 965d933521a54274adc66bf141c4be49 [term 0 FOLLOWER]: Only one voter in the Raft config. Triggering election immediately
I0107 02:52:34.639510 3308 raft_consensus.cc:472] T 5c9836dc106b43fa840744763fc102b4 P 965d933521a54274adc66bf141c4be49 [term 0 FOLLOWER]: Starting leader election (initial election of a single-replica configuration)
I0107 02:52:34.639535 3308 raft_consensus.cc:2918] T 5c9836dc106b43fa840744763fc102b4 P 965d933521a54274adc66bf141c4be49 [term 0 FOLLOWER]: Advancing to term 1
I0107 02:52:34.639672 3124 catalog_manager.cc:4143] T ce54026443974081b3c3fc942abcb5e5 P 965d933521a54274adc66bf141c4be49 reported cstate change: term changed from 0 to 1, leader changed from to 965d933521a54274adc66bf141c4be49 (127.2.165.129). New cstate: current_term: 1 leader_uuid: "965d933521a54274adc66bf141c4be49" committed_config { opid_index: -1 OBSOLETE_local: true peers { permanent_uuid: "965d933521a54274adc66bf141c4be49" member_type: VOTER last_known_addr { host: "127.2.165.129" port: 37549 } health_report { overall_health: HEALTHY } } }
I0107 02:52:34.640473 3308 raft_consensus.cc:494] T 5c9836dc106b43fa840744763fc102b4 P 965d933521a54274adc66bf141c4be49 [term 1 FOLLOWER]: Starting leader election with config: opid_index: -1 OBSOLETE_local: true peers { permanent_uuid: "965d933521a54274adc66bf141c4be49" member_type: VOTER last_known_addr { host: "127.2.165.129" port: 37549 } }
I0107 02:52:34.640581 3308 leader_election.cc:307] T 5c9836dc106b43fa840744763fc102b4 P 965d933521a54274adc66bf141c4be49 [CANDIDATE]: Term 1 election: Election decided. Result: candidate won. Election summary: received 1 responses out of 1 voters: 1 yes votes; 0 no votes. yes voters: 965d933521a54274adc66bf141c4be49; no voters:
I0107 02:52:34.640664 3308 leader_election.cc:293] T 5c9836dc106b43fa840744763fc102b4 P 965d933521a54274adc66bf141c4be49 [CANDIDATE]: Term 1 election: Requested vote from peers
I0107 02:52:34.640754 3312 raft_consensus.cc:2672] T 5c9836dc106b43fa840744763fc102b4 P 965d933521a54274adc66bf141c4be49 [term 1 FOLLOWER]: Leader election won for term 1
I0107 02:52:34.640831 3312 raft_consensus.cc:667] T 5c9836dc106b43fa840744763fc102b4 P 965d933521a54274adc66bf141c4be49 [term 1 LEADER]: Becoming Leader. State: Replica: 965d933521a54274adc66bf141c4be49, State: Running, Role: LEADER
I0107 02:52:34.640880 3308 ts_tablet_manager.cc:1131] T 5c9836dc106b43fa840744763fc102b4 P 965d933521a54274adc66bf141c4be49: Time spent starting tablet: real 0.002s user 0.002s sys 0.000s
I0107 02:52:34.640971 3312 consensus_queue.cc:208] T 5c9836dc106b43fa840744763fc102b4 P 965d933521a54274adc66bf141c4be49 [LEADER]: Queue going to LEADER mode. State: All replicated index: 0, Majority replicated index: 0, Committed index: 0, Last appended: 0.0, Last appended by leader: 0, Current term: 1, Majority size: 1, State: 0, Mode: LEADER, active raft config: opid_index: -1 OBSOLETE_local: true peers { permanent_uuid: "965d933521a54274adc66bf141c4be49" member_type: VOTER last_known_addr { host: "127.2.165.129" port: 37549 } }
I0107 02:52:34.641021 3308 tablet_bootstrap.cc:439] T acc0edc926ca4f0fa4a3902edf4eebfc P 965d933521a54274adc66bf141c4be49: Bootstrap starting.
I0107 02:52:34.641976 3308 tablet_bootstrap.cc:590] T acc0edc926ca4f0fa4a3902edf4eebfc P 965d933521a54274adc66bf141c4be49: No blocks or log segments found. Creating new log.
I0107 02:52:34.643069 3308 tablet_bootstrap.cc:439] T acc0edc926ca4f0fa4a3902edf4eebfc P 965d933521a54274adc66bf141c4be49: No bootstrap required, opened a new log
I0107 02:52:34.643162 3308 ts_tablet_manager.cc:1103] T acc0edc926ca4f0fa4a3902edf4eebfc P 965d933521a54274adc66bf141c4be49: Time spent bootstrapping tablet: real 0.002s user 0.002s sys 0.000s
I0107 02:52:34.643581 3308 raft_consensus.cc:340] T acc0edc926ca4f0fa4a3902edf4eebfc P 965d933521a54274adc66bf141c4be49 [term 0 FOLLOWER]: Replica starting. Triggering 0 pending transactions. Active config: opid_index: -1 OBSOLETE_local: true peers { permanent_uuid: "965d933521a54274adc66bf141c4be49" member_type: VOTER last_known_addr { host: "127.2.165.129" port: 37549 } }
I0107 02:52:34.643620 3308 raft_consensus.cc:366] T acc0edc926ca4f0fa4a3902edf4eebfc P 965d933521a54274adc66bf141c4be49 [term 0 FOLLOWER]: Consensus starting up: Expiring failure detector timer to make a prompt election more likely
I0107 02:52:34.643635 3308 raft_consensus.cc:705] T acc0edc926ca4f0fa4a3902edf4eebfc P 965d933521a54274adc66bf141c4be49 [term 0 FOLLOWER]: Becoming Follower/Learner. State: Replica: 965d933521a54274adc66bf141c4be49, State: Initialized, Role: FOLLOWER
I0107 02:52:34.643754 3308 consensus_queue.cc:231] T acc0edc926ca4f0fa4a3902edf4eebfc P 965d933521a54274adc66bf141c4be49 [NON_LEADER]: Queue going to NON_LEADER mode. State: All replicated index: 0, Majority replicated index: 0, Committed index: 0, Last appended: 0.0, Last appended by leader: 0, Current term: 0, Majority size: -1, State: 0, Mode: NON_LEADER, active raft config: opid_index: -1 OBSOLETE_local: true peers { permanent_uuid: "965d933521a54274adc66bf141c4be49" member_type: VOTER last_known_addr { host: "127.2.165.129" port: 37549 } }
I0107 02:52:34.643831 3308 raft_consensus.cc:380] T acc0edc926ca4f0fa4a3902edf4eebfc P 965d933521a54274adc66bf141c4be49 [term 0 FOLLOWER]: Only one voter in the Raft config. Triggering election immediately
I0107 02:52:34.643851 3308 raft_consensus.cc:472] T acc0edc926ca4f0fa4a3902edf4eebfc P 965d933521a54274adc66bf141c4be49 [term 0 FOLLOWER]: Starting leader election (initial election of a single-replica configuration)
I0107 02:52:34.643879 3308 raft_consensus.cc:2918] T acc0edc926ca4f0fa4a3902edf4eebfc P 965d933521a54274adc66bf141c4be49 [term 0 FOLLOWER]: Advancing to term 1
I0107 02:52:34.644330 3124 catalog_manager.cc:4143] T 5c9836dc106b43fa840744763fc102b4 P 965d933521a54274adc66bf141c4be49 reported cstate change: term changed from 0 to 1, leader changed from to 965d933521a54274adc66bf141c4be49 (127.2.165.129). New cstate: current_term: 1 leader_uuid: "965d933521a54274adc66bf141c4be49" committed_config { opid_index: -1 OBSOLETE_local: true peers { permanent_uuid: "965d933521a54274adc66bf141c4be49" member_type: VOTER last_known_addr { host: "127.2.165.129" port: 37549 } health_report { overall_health: HEALTHY } } }
I0107 02:52:34.644765 3308 raft_consensus.cc:494] T acc0edc926ca4f0fa4a3902edf4eebfc P 965d933521a54274adc66bf141c4be49 [term 1 FOLLOWER]: Starting leader election with config: opid_index: -1 OBSOLETE_local: true peers { permanent_uuid: "965d933521a54274adc66bf141c4be49" member_type: VOTER last_known_addr { host: "127.2.165.129" port: 37549 } }
I0107 02:52:34.644874 3308 leader_election.cc:307] T acc0edc926ca4f0fa4a3902edf4eebfc P 965d933521a54274adc66bf141c4be49 [CANDIDATE]: Term 1 election: Election decided. Result: candidate won. Election summary: received 1 responses out of 1 voters: 1 yes votes; 0 no votes. yes voters: 965d933521a54274adc66bf141c4be49; no voters:
I0107 02:52:34.644955 3308 leader_election.cc:293] T acc0edc926ca4f0fa4a3902edf4eebfc P 965d933521a54274adc66bf141c4be49 [CANDIDATE]: Term 1 election: Requested vote from peers
I0107 02:52:34.645052 3311 raft_consensus.cc:2672] T acc0edc926ca4f0fa4a3902edf4eebfc P 965d933521a54274adc66bf141c4be49 [term 1 FOLLOWER]: Leader election won for term 1
I0107 02:52:34.645166 3311 raft_consensus.cc:667] T acc0edc926ca4f0fa4a3902edf4eebfc P 965d933521a54274adc66bf141c4be49 [term 1 LEADER]: Becoming Leader. State: Replica: 965d933521a54274adc66bf141c4be49, State: Running, Role: LEADER
I0107 02:52:34.645185 3308 ts_tablet_manager.cc:1131] T acc0edc926ca4f0fa4a3902edf4eebfc P 965d933521a54274adc66bf141c4be49: Time spent starting tablet: real 0.002s user 0.002s sys 0.000s
I0107 02:52:34.645308 3311 consensus_queue.cc:208] T acc0edc926ca4f0fa4a3902edf4eebfc P 965d933521a54274adc66bf141c4be49 [LEADER]: Queue going to LEADER mode. State: All replicated index: 0, Majority replicated index: 0, Committed index: 0, Last appended: 0.0, Last appended by leader: 0, Current term: 1, Majority size: 1, State: 0, Mode: LEADER, active raft config: opid_index: -1 OBSOLETE_local: true peers { permanent_uuid: "965d933521a54274adc66bf141c4be49" member_type: VOTER last_known_addr { host: "127.2.165.129" port: 37549 } }
I0107 02:52:34.645360 3308 tablet_bootstrap.cc:439] T 11307c61642448418beda42954384b24 P 965d933521a54274adc66bf141c4be49: Bootstrap starting.
I0107 02:52:34.646318 3308 tablet_bootstrap.cc:590] T 11307c61642448418beda42954384b24 P 965d933521a54274adc66bf141c4be49: No blocks or log segments found. Creating new log.
I0107 02:52:34.647505 3308 tablet_bootstrap.cc:439] T 11307c61642448418beda42954384b24 P 965d933521a54274adc66bf141c4be49: No bootstrap required, opened a new log
I0107 02:52:34.647583 3308 ts_tablet_manager.cc:1103] T 11307c61642448418beda42954384b24 P 965d933521a54274adc66bf141c4be49: Time spent bootstrapping tablet: real 0.002s user 0.002s sys 0.000s
I0107 02:52:34.648063 3308 raft_consensus.cc:340] T 11307c61642448418beda42954384b24 P 965d933521a54274adc66bf141c4be49 [term 0 FOLLOWER]: Replica starting. Triggering 0 pending transactions. Active config: opid_index: -1 OBSOLETE_local: true peers { permanent_uuid: "965d933521a54274adc66bf141c4be49" member_type: VOTER last_known_addr { host: "127.2.165.129" port: 37549 } }
I0107 02:52:34.648099 3308 raft_consensus.cc:366] T 11307c61642448418beda42954384b24 P 965d933521a54274adc66bf141c4be49 [term 0 FOLLOWER]: Consensus starting up: Expiring failure detector timer to make a prompt election more likely
I0107 02:52:34.648114 3308 raft_consensus.cc:705] T 11307c61642448418beda42954384b24 P 965d933521a54274adc66bf141c4be49 [term 0 FOLLOWER]: Becoming Follower/Learner. State: Replica: 965d933521a54274adc66bf141c4be49, State: Initialized, Role: FOLLOWER
I0107 02:52:34.648262 3308 consensus_queue.cc:231] T 11307c61642448418beda42954384b24 P 965d933521a54274adc66bf141c4be49 [NON_LEADER]: Queue going to NON_LEADER mode. State: All replicated index: 0, Majority replicated index: 0, Committed index: 0, Last appended: 0.0, Last appended by leader: 0, Current term: 0, Majority size: -1, State: 0, Mode: NON_LEADER, active raft config: opid_index: -1 OBSOLETE_local: true peers { permanent_uuid: "965d933521a54274adc66bf141c4be49" member_type: VOTER last_known_addr { host: "127.2.165.129" port: 37549 } }
I0107 02:52:34.648298 3308 raft_consensus.cc:380] T 11307c61642448418beda42954384b24 P 965d933521a54274adc66bf141c4be49 [term 0 FOLLOWER]: Only one voter in the Raft config. Triggering election immediately
I0107 02:52:34.648337 3308 raft_consensus.cc:472] T 11307c61642448418beda42954384b24 P 965d933521a54274adc66bf141c4be49 [term 0 FOLLOWER]: Starting leader election (initial election of a single-replica configuration)
I0107 02:52:34.648367 3308 raft_consensus.cc:2918] T 11307c61642448418beda42954384b24 P 965d933521a54274adc66bf141c4be49 [term 0 FOLLOWER]: Advancing to term 1
I0107 02:52:34.648504 3124 catalog_manager.cc:4143] T acc0edc926ca4f0fa4a3902edf4eebfc P 965d933521a54274adc66bf141c4be49 reported cstate change: term changed from 0 to 1, leader changed from to 965d933521a54274adc66bf141c4be49 (127.2.165.129). New cstate: current_term: 1 leader_uuid: "965d933521a54274adc66bf141c4be49" committed_config { opid_index: -1 OBSOLETE_local: true peers { permanent_uuid: "965d933521a54274adc66bf141c4be49" member_type: VOTER last_known_addr { host: "127.2.165.129" port: 37549 } health_report { overall_health: HEALTHY } } }
I0107 02:52:34.649209 3308 raft_consensus.cc:494] T 11307c61642448418beda42954384b24 P 965d933521a54274adc66bf141c4be49 [term 1 FOLLOWER]: Starting leader election with config: opid_index: -1 OBSOLETE_local: true peers { permanent_uuid: "965d933521a54274adc66bf141c4be49" member_type: VOTER last_known_addr { host: "127.2.165.129" port: 37549 } }
I0107 02:52:34.649308 3308 leader_election.cc:307] T 11307c61642448418beda42954384b24 P 965d933521a54274adc66bf141c4be49 [CANDIDATE]: Term 1 election: Election decided. Result: candidate won. Election summary: received 1 responses out of 1 voters: 1 yes votes; 0 no votes. yes voters: 965d933521a54274adc66bf141c4be49; no voters:
I0107 02:52:34.649385 3308 leader_election.cc:293] T 11307c61642448418beda42954384b24 P 965d933521a54274adc66bf141c4be49 [CANDIDATE]: Term 1 election: Requested vote from peers
I0107 02:52:34.649451 3311 raft_consensus.cc:2672] T 11307c61642448418beda42954384b24 P 965d933521a54274adc66bf141c4be49 [term 1 FOLLOWER]: Leader election won for term 1
I0107 02:52:34.649523 3311 raft_consensus.cc:667] T 11307c61642448418beda42954384b24 P 965d933521a54274adc66bf141c4be49 [term 1 LEADER]: Becoming Leader. State: Replica: 965d933521a54274adc66bf141c4be49, State: Running, Role: LEADER
I0107 02:52:34.649616 3308 ts_tablet_manager.cc:1131] T 11307c61642448418beda42954384b24 P 965d933521a54274adc66bf141c4be49: Time spent starting tablet: real 0.002s user 0.002s sys 0.000s
I0107 02:52:34.649652 3311 consensus_queue.cc:208] T 11307c61642448418beda42954384b24 P 965d933521a54274adc66bf141c4be49 [LEADER]: Queue going to LEADER mode. State: All replicated index: 0, Majority replicated index: 0, Committed index: 0, Last appended: 0.0, Last appended by leader: 0, Current term: 1, Majority size: 1, State: 0, Mode: LEADER, active raft config: opid_index: -1 OBSOLETE_local: true peers { permanent_uuid: "965d933521a54274adc66bf141c4be49" member_type: VOTER last_known_addr { host: "127.2.165.129" port: 37549 } }
I0107 02:52:34.649757 3308 tablet_bootstrap.cc:439] T 2c5045da54014b778a4430471a7d67a2 P 965d933521a54274adc66bf141c4be49: Bootstrap starting.
I0107 02:52:34.650827 3308 tablet_bootstrap.cc:590] T 2c5045da54014b778a4430471a7d67a2 P 965d933521a54274adc66bf141c4be49: No blocks or log segments found. Creating new log.
I0107 02:52:34.651809 3308 tablet_bootstrap.cc:439] T 2c5045da54014b778a4430471a7d67a2 P 965d933521a54274adc66bf141c4be49: No bootstrap required, opened a new log
I0107 02:52:34.651895 3308 ts_tablet_manager.cc:1103] T 2c5045da54014b778a4430471a7d67a2 P 965d933521a54274adc66bf141c4be49: Time spent bootstrapping tablet: real 0.002s user 0.002s sys 0.000s
I0107 02:52:34.652351 3124 catalog_manager.cc:4143] T 11307c61642448418beda42954384b24 P 965d933521a54274adc66bf141c4be49 reported cstate change: term changed from 0 to 1, leader changed from to 965d933521a54274adc66bf141c4be49 (127.2.165.129). New cstate: current_term: 1 leader_uuid: "965d933521a54274adc66bf141c4be49" committed_config { opid_index: -1 OBSOLETE_local: true peers { permanent_uuid: "965d933521a54274adc66bf141c4be49" member_type: VOTER last_known_addr { host: "127.2.165.129" port: 37549 } health_report { overall_health: HEALTHY } } }
I0107 02:52:34.652452 3308 raft_consensus.cc:340] T 2c5045da54014b778a4430471a7d67a2 P 965d933521a54274adc66bf141c4be49 [term 0 FOLLOWER]: Replica starting. Triggering 0 pending transactions. Active config: opid_index: -1 OBSOLETE_local: true peers { permanent_uuid: "965d933521a54274adc66bf141c4be49" member_type: VOTER last_known_addr { host: "127.2.165.129" port: 37549 } }
I0107 02:52:34.652483 3308 raft_consensus.cc:366] T 2c5045da54014b778a4430471a7d67a2 P 965d933521a54274adc66bf141c4be49 [term 0 FOLLOWER]: Consensus starting up: Expiring failure detector timer to make a prompt election more likely
I0107 02:52:34.652498 3308 raft_consensus.cc:705] T 2c5045da54014b778a4430471a7d67a2 P 965d933521a54274adc66bf141c4be49 [term 0 FOLLOWER]: Becoming Follower/Learner. State: Replica: 965d933521a54274adc66bf141c4be49, State: Initialized, Role: FOLLOWER
I0107 02:52:34.652631 3308 consensus_queue.cc:231] T 2c5045da54014b778a4430471a7d67a2 P 965d933521a54274adc66bf141c4be49 [NON_LEADER]: Queue going to NON_LEADER mode. State: All replicated index: 0, Majority replicated index: 0, Committed index: 0, Last appended: 0.0, Last appended by leader: 0, Current term: 0, Majority size: -1, State: 0, Mode: NON_LEADER, active raft config: opid_index: -1 OBSOLETE_local: true peers { permanent_uuid: "965d933521a54274adc66bf141c4be49" member_type: VOTER last_known_addr { host: "127.2.165.129" port: 37549 } }
I0107 02:52:34.652665 3308 raft_consensus.cc:380] T 2c5045da54014b778a4430471a7d67a2 P 965d933521a54274adc66bf141c4be49 [term 0 FOLLOWER]: Only one voter in the Raft config. Triggering election immediately
I0107 02:52:34.652679 3308 raft_consensus.cc:472] T 2c5045da54014b778a4430471a7d67a2 P 965d933521a54274adc66bf141c4be49 [term 0 FOLLOWER]: Starting leader election (initial election of a single-replica configuration)
I0107 02:52:34.652700 3308 raft_consensus.cc:2918] T 2c5045da54014b778a4430471a7d67a2 P 965d933521a54274adc66bf141c4be49 [term 0 FOLLOWER]: Advancing to term 1
I0107 02:52:34.653389 3308 raft_consensus.cc:494] T 2c5045da54014b778a4430471a7d67a2 P 965d933521a54274adc66bf141c4be49 [term 1 FOLLOWER]: Starting leader election with config: opid_index: -1 OBSOLETE_local: true peers { permanent_uuid: "965d933521a54274adc66bf141c4be49" member_type: VOTER last_known_addr { host: "127.2.165.129" port: 37549 } }
I0107 02:52:34.653517 3308 leader_election.cc:307] T 2c5045da54014b778a4430471a7d67a2 P 965d933521a54274adc66bf141c4be49 [CANDIDATE]: Term 1 election: Election decided. Result: candidate won. Election summary: received 1 responses out of 1 voters: 1 yes votes; 0 no votes. yes voters: 965d933521a54274adc66bf141c4be49; no voters:
I0107 02:52:34.653625 3308 leader_election.cc:293] T 2c5045da54014b778a4430471a7d67a2 P 965d933521a54274adc66bf141c4be49 [CANDIDATE]: Term 1 election: Requested vote from peers
I0107 02:52:34.653717 3312 raft_consensus.cc:2672] T 2c5045da54014b778a4430471a7d67a2 P 965d933521a54274adc66bf141c4be49 [term 1 FOLLOWER]: Leader election won for term 1
I0107 02:52:34.653841 3308 ts_tablet_manager.cc:1131] T 2c5045da54014b778a4430471a7d67a2 P 965d933521a54274adc66bf141c4be49: Time spent starting tablet: real 0.002s user 0.002s sys 0.000s
I0107 02:52:34.653846 3312 raft_consensus.cc:667] T 2c5045da54014b778a4430471a7d67a2 P 965d933521a54274adc66bf141c4be49 [term 1 LEADER]: Becoming Leader. State: Replica: 965d933521a54274adc66bf141c4be49, State: Running, Role: LEADER
I0107 02:52:34.653990 3312 consensus_queue.cc:208] T 2c5045da54014b778a4430471a7d67a2 P 965d933521a54274adc66bf141c4be49 [LEADER]: Queue going to LEADER mode. State: All replicated index: 0, Majority replicated index: 0, Committed index: 0, Last appended: 0.0, Last appended by leader: 0, Current term: 1, Majority size: 1, State: 0, Mode: LEADER, active raft config: opid_index: -1 OBSOLETE_local: true peers { permanent_uuid: "965d933521a54274adc66bf141c4be49" member_type: VOTER last_known_addr { host: "127.2.165.129" port: 37549 } }
I0107 02:52:34.653992 3308 tablet_bootstrap.cc:439] T e18ce98a75c14fbc84327250c3cfcb47 P 965d933521a54274adc66bf141c4be49: Bootstrap starting.
I0107 02:52:34.655050 3308 tablet_bootstrap.cc:590] T e18ce98a75c14fbc84327250c3cfcb47 P 965d933521a54274adc66bf141c4be49: No blocks or log segments found. Creating new log.
I0107 02:52:34.655864 3124 catalog_manager.cc:4143] T 2c5045da54014b778a4430471a7d67a2 P 965d933521a54274adc66bf141c4be49 reported cstate change: term changed from 0 to 1, leader changed from to 965d933521a54274adc66bf141c4be49 (127.2.165.129). New cstate: current_term: 1 leader_uuid: "965d933521a54274adc66bf141c4be49" committed_config { opid_index: -1 OBSOLETE_local: true peers { permanent_uuid: "965d933521a54274adc66bf141c4be49" member_type: VOTER last_known_addr { host: "127.2.165.129" port: 37549 } health_report { overall_health: HEALTHY } } }
I0107 02:52:34.656653 3308 tablet_bootstrap.cc:439] T e18ce98a75c14fbc84327250c3cfcb47 P 965d933521a54274adc66bf141c4be49: No bootstrap required, opened a new log
I0107 02:52:34.656723 3308 ts_tablet_manager.cc:1103] T e18ce98a75c14fbc84327250c3cfcb47 P 965d933521a54274adc66bf141c4be49: Time spent bootstrapping tablet: real 0.003s user 0.002s sys 0.000s
I0107 02:52:34.657155 3308 raft_consensus.cc:340] T e18ce98a75c14fbc84327250c3cfcb47 P 965d933521a54274adc66bf141c4be49 [term 0 FOLLOWER]: Replica starting. Triggering 0 pending transactions. Active config: opid_index: -1 OBSOLETE_local: true peers { permanent_uuid: "965d933521a54274adc66bf141c4be49" member_type: VOTER last_known_addr { host: "127.2.165.129" port: 37549 } }
I0107 02:52:34.657184 3308 raft_consensus.cc:366] T e18ce98a75c14fbc84327250c3cfcb47 P 965d933521a54274adc66bf141c4be49 [term 0 FOLLOWER]: Consensus starting up: Expiring failure detector timer to make a prompt election more likely
I0107 02:52:34.657196 3308 raft_consensus.cc:705] T e18ce98a75c14fbc84327250c3cfcb47 P 965d933521a54274adc66bf141c4be49 [term 0 FOLLOWER]: Becoming Follower/Learner. State: Replica: 965d933521a54274adc66bf141c4be49, State: Initialized, Role: FOLLOWER
I0107 02:52:34.657349 3308 consensus_queue.cc:231] T e18ce98a75c14fbc84327250c3cfcb47 P 965d933521a54274adc66bf141c4be49 [NON_LEADER]: Queue going to NON_LEADER mode. State: All replicated index: 0, Majority replicated index: 0, Committed index: 0, Last appended: 0.0, Last appended by leader: 0, Current term: 0, Majority size: -1, State: 0, Mode: NON_LEADER, active raft config: opid_index: -1 OBSOLETE_local: true peers { permanent_uuid: "965d933521a54274adc66bf141c4be49" member_type: VOTER last_known_addr { host: "127.2.165.129" port: 37549 } }
I0107 02:52:34.657380 3308 raft_consensus.cc:380] T e18ce98a75c14fbc84327250c3cfcb47 P 965d933521a54274adc66bf141c4be49 [term 0 FOLLOWER]: Only one voter in the Raft config. Triggering election immediately
I0107 02:52:34.657404 3308 raft_consensus.cc:472] T e18ce98a75c14fbc84327250c3cfcb47 P 965d933521a54274adc66bf141c4be49 [term 0 FOLLOWER]: Starting leader election (initial election of a single-replica configuration)
I0107 02:52:34.657424 3308 raft_consensus.cc:2918] T e18ce98a75c14fbc84327250c3cfcb47 P 965d933521a54274adc66bf141c4be49 [term 0 FOLLOWER]: Advancing to term 1
I0107 02:52:34.658279 3308 raft_consensus.cc:494] T e18ce98a75c14fbc84327250c3cfcb47 P 965d933521a54274adc66bf141c4be49 [term 1 FOLLOWER]: Starting leader election with config: opid_index: -1 OBSOLETE_local: true peers { permanent_uuid: "965d933521a54274adc66bf141c4be49" member_type: VOTER last_known_addr { host: "127.2.165.129" port: 37549 } }
I0107 02:52:34.658392 3308 leader_election.cc:307] T e18ce98a75c14fbc84327250c3cfcb47 P 965d933521a54274adc66bf141c4be49 [CANDIDATE]: Term 1 election: Election decided. Result: candidate won. Election summary: received 1 responses out of 1 voters: 1 yes votes; 0 no votes. yes voters: 965d933521a54274adc66bf141c4be49; no voters:
I0107 02:52:34.658507 3308 leader_election.cc:293] T e18ce98a75c14fbc84327250c3cfcb47 P 965d933521a54274adc66bf141c4be49 [CANDIDATE]: Term 1 election: Requested vote from peers
I0107 02:52:34.658643 3312 raft_consensus.cc:2672] T e18ce98a75c14fbc84327250c3cfcb47 P 965d933521a54274adc66bf141c4be49 [term 1 FOLLOWER]: Leader election won for term 1
I0107 02:52:34.658733 3308 ts_tablet_manager.cc:1131] T e18ce98a75c14fbc84327250c3cfcb47 P 965d933521a54274adc66bf141c4be49: Time spent starting tablet: real 0.002s user 0.001s sys 0.001s
I0107 02:52:34.658746 3312 raft_consensus.cc:667] T e18ce98a75c14fbc84327250c3cfcb47 P 965d933521a54274adc66bf141c4be49 [term 1 LEADER]: Becoming Leader. State: Replica: 965d933521a54274adc66bf141c4be49, State: Running, Role: LEADER
I0107 02:52:34.658860 3308 tablet_bootstrap.cc:439] T 98bbffd7a7e64de8b83b80aa6564a49d P 965d933521a54274adc66bf141c4be49: Bootstrap starting.
I0107 02:52:34.658881 3312 consensus_queue.cc:208] T e18ce98a75c14fbc84327250c3cfcb47 P 965d933521a54274adc66bf141c4be49 [LEADER]: Queue going to LEADER mode. State: All replicated index: 0, Majority replicated index: 0, Committed index: 0, Last appended: 0.0, Last appended by leader: 0, Current term: 1, Majority size: 1, State: 0, Mode: LEADER, active raft config: opid_index: -1 OBSOLETE_local: true peers { permanent_uuid: "965d933521a54274adc66bf141c4be49" member_type: VOTER last_known_addr { host: "127.2.165.129" port: 37549 } }
I0107 02:52:34.659804 3308 tablet_bootstrap.cc:590] T 98bbffd7a7e64de8b83b80aa6564a49d P 965d933521a54274adc66bf141c4be49: No blocks or log segments found. Creating new log.
I0107 02:52:34.660204 3124 catalog_manager.cc:4143] T e18ce98a75c14fbc84327250c3cfcb47 P 965d933521a54274adc66bf141c4be49 reported cstate change: term changed from 0 to 1, leader changed from to 965d933521a54274adc66bf141c4be49 (127.2.165.129). New cstate: current_term: 1 leader_uuid: "965d933521a54274adc66bf141c4be49" committed_config { opid_index: -1 OBSOLETE_local: true peers { permanent_uuid: "965d933521a54274adc66bf141c4be49" member_type: VOTER last_known_addr { host: "127.2.165.129" port: 37549 } health_report { overall_health: HEALTHY } } }
I0107 02:52:34.661037 3308 tablet_bootstrap.cc:439] T 98bbffd7a7e64de8b83b80aa6564a49d P 965d933521a54274adc66bf141c4be49: No bootstrap required, opened a new log
I0107 02:52:34.661111 3308 ts_tablet_manager.cc:1103] T 98bbffd7a7e64de8b83b80aa6564a49d P 965d933521a54274adc66bf141c4be49: Time spent bootstrapping tablet: real 0.002s user 0.000s sys 0.002s
I0107 02:52:34.661574 3308 raft_consensus.cc:340] T 98bbffd7a7e64de8b83b80aa6564a49d P 965d933521a54274adc66bf141c4be49 [term 0 FOLLOWER]: Replica starting. Triggering 0 pending transactions. Active config: opid_index: -1 OBSOLETE_local: true peers { permanent_uuid: "965d933521a54274adc66bf141c4be49" member_type: VOTER last_known_addr { host: "127.2.165.129" port: 37549 } }
I0107 02:52:34.661625 3308 raft_consensus.cc:366] T 98bbffd7a7e64de8b83b80aa6564a49d P 965d933521a54274adc66bf141c4be49 [term 0 FOLLOWER]: Consensus starting up: Expiring failure detector timer to make a prompt election more likely
I0107 02:52:34.661643 3308 raft_consensus.cc:705] T 98bbffd7a7e64de8b83b80aa6564a49d P 965d933521a54274adc66bf141c4be49 [term 0 FOLLOWER]: Becoming Follower/Learner. State: Replica: 965d933521a54274adc66bf141c4be49, State: Initialized, Role: FOLLOWER
I0107 02:52:34.661797 3308 consensus_queue.cc:231] T 98bbffd7a7e64de8b83b80aa6564a49d P 965d933521a54274adc66bf141c4be49 [NON_LEADER]: Queue going to NON_LEADER mode. State: All replicated index: 0, Majority replicated index: 0, Committed index: 0, Last appended: 0.0, Last appended by leader: 0, Current term: 0, Majority size: -1, State: 0, Mode: NON_LEADER, active raft config: opid_index: -1 OBSOLETE_local: true peers { permanent_uuid: "965d933521a54274adc66bf141c4be49" member_type: VOTER last_known_addr { host: "127.2.165.129" port: 37549 } }
I0107 02:52:34.661823 3308 raft_consensus.cc:380] T 98bbffd7a7e64de8b83b80aa6564a49d P 965d933521a54274adc66bf141c4be49 [term 0 FOLLOWER]: Only one voter in the Raft config. Triggering election immediately
I0107 02:52:34.661837 3308 raft_consensus.cc:472] T 98bbffd7a7e64de8b83b80aa6564a49d P 965d933521a54274adc66bf141c4be49 [term 0 FOLLOWER]: Starting leader election (initial election of a single-replica configuration)
I0107 02:52:34.661862 3308 raft_consensus.cc:2918] T 98bbffd7a7e64de8b83b80aa6564a49d P 965d933521a54274adc66bf141c4be49 [term 0 FOLLOWER]: Advancing to term 1
I0107 02:52:34.662824 3308 raft_consensus.cc:494] T 98bbffd7a7e64de8b83b80aa6564a49d P 965d933521a54274adc66bf141c4be49 [term 1 FOLLOWER]: Starting leader election with config: opid_index: -1 OBSOLETE_local: true peers { permanent_uuid: "965d933521a54274adc66bf141c4be49" member_type: VOTER last_known_addr { host: "127.2.165.129" port: 37549 } }
I0107 02:52:34.662931 3308 leader_election.cc:307] T 98bbffd7a7e64de8b83b80aa6564a49d P 965d933521a54274adc66bf141c4be49 [CANDIDATE]: Term 1 election: Election decided. Result: candidate won. Election summary: received 1 responses out of 1 voters: 1 yes votes; 0 no votes. yes voters: 965d933521a54274adc66bf141c4be49; no voters:
I0107 02:52:34.663012 3308 leader_election.cc:293] T 98bbffd7a7e64de8b83b80aa6564a49d P 965d933521a54274adc66bf141c4be49 [CANDIDATE]: Term 1 election: Requested vote from peers
I0107 02:52:34.663079 3312 raft_consensus.cc:2672] T 98bbffd7a7e64de8b83b80aa6564a49d P 965d933521a54274adc66bf141c4be49 [term 1 FOLLOWER]: Leader election won for term 1
I0107 02:52:34.663130 3312 raft_consensus.cc:667] T 98bbffd7a7e64de8b83b80aa6564a49d P 965d933521a54274adc66bf141c4be49 [term 1 LEADER]: Becoming Leader. State: Replica: 965d933521a54274adc66bf141c4be49, State: Running, Role: LEADER
I0107 02:52:34.663245 3308 ts_tablet_manager.cc:1131] T 98bbffd7a7e64de8b83b80aa6564a49d P 965d933521a54274adc66bf141c4be49: Time spent starting tablet: real 0.002s user 0.002s sys 0.001s
I0107 02:52:34.663328 3312 consensus_queue.cc:208] T 98bbffd7a7e64de8b83b80aa6564a49d P 965d933521a54274adc66bf141c4be49 [LEADER]: Queue going to LEADER mode. State: All replicated index: 0, Majority replicated index: 0, Committed index: 0, Last appended: 0.0, Last appended by leader: 0, Current term: 1, Majority size: 1, State: 0, Mode: LEADER, active raft config: opid_index: -1 OBSOLETE_local: true peers { permanent_uuid: "965d933521a54274adc66bf141c4be49" member_type: VOTER last_known_addr { host: "127.2.165.129" port: 37549 } }
I0107 02:52:34.663379 3308 tablet_bootstrap.cc:439] T 2d4433f026084359aa21efe455d930f8 P 965d933521a54274adc66bf141c4be49: Bootstrap starting.
I0107 02:52:34.664767 3308 tablet_bootstrap.cc:590] T 2d4433f026084359aa21efe455d930f8 P 965d933521a54274adc66bf141c4be49: No blocks or log segments found. Creating new log.
I0107 02:52:34.664825 3124 catalog_manager.cc:4143] T 98bbffd7a7e64de8b83b80aa6564a49d P 965d933521a54274adc66bf141c4be49 reported cstate change: term changed from 0 to 1, leader changed from to 965d933521a54274adc66bf141c4be49 (127.2.165.129). New cstate: current_term: 1 leader_uuid: "965d933521a54274adc66bf141c4be49" committed_config { opid_index: -1 OBSOLETE_local: true peers { permanent_uuid: "965d933521a54274adc66bf141c4be49" member_type: VOTER last_known_addr { host: "127.2.165.129" port: 37549 } health_report { overall_health: HEALTHY } } }
I0107 02:52:34.665704 3308 tablet_bootstrap.cc:439] T 2d4433f026084359aa21efe455d930f8 P 965d933521a54274adc66bf141c4be49: No bootstrap required, opened a new log
I0107 02:52:34.665779 3308 ts_tablet_manager.cc:1103] T 2d4433f026084359aa21efe455d930f8 P 965d933521a54274adc66bf141c4be49: Time spent bootstrapping tablet: real 0.002s user 0.002s sys 0.000s
I0107 02:52:34.666182 3308 raft_consensus.cc:340] T 2d4433f026084359aa21efe455d930f8 P 965d933521a54274adc66bf141c4be49 [term 0 FOLLOWER]: Replica starting. Triggering 0 pending transactions. Active config: opid_index: -1 OBSOLETE_local: true peers { permanent_uuid: "965d933521a54274adc66bf141c4be49" member_type: VOTER last_known_addr { host: "127.2.165.129" port: 37549 } }
I0107 02:52:34.666216 3308 raft_consensus.cc:366] T 2d4433f026084359aa21efe455d930f8 P 965d933521a54274adc66bf141c4be49 [term 0 FOLLOWER]: Consensus starting up: Expiring failure detector timer to make a prompt election more likely
I0107 02:52:34.666231 3308 raft_consensus.cc:705] T 2d4433f026084359aa21efe455d930f8 P 965d933521a54274adc66bf141c4be49 [term 0 FOLLOWER]: Becoming Follower/Learner. State: Replica: 965d933521a54274adc66bf141c4be49, State: Initialized, Role: FOLLOWER
