I0107 02:53:01.041287 6428 fs_report.cc:352] FS layout report -------------------- wal directory: /tmp/dist-test-taskh2U6sE/test-tmp/kudu-tool-test.2.ToolTest.TestHmsIgnoresDifferentMasters.1578365549852848-2710/minicluster-data/ts-0/wal metadata directory: /tmp/dist-test-taskh2U6sE/test-tmp/kudu-tool-test.2.ToolTest.TestHmsIgnoresDifferentMasters.1578365549852848-2710/minicluster-data/ts-0/wal 1 data directories: /tmp/dist-test-taskh2U6sE/test-tmp/kudu-tool-test.2.ToolTest.TestHmsIgnoresDifferentMasters.1578365549852848-2710/minicluster-data/ts-0/data/data Total live blocks: 0 Total live bytes: 0 Total live bytes (after alignment): 0 Total number of LBM containers: 0 (0 full) Did not check for missing blocks Did not check for orphaned blocks Total full LBM containers with extra space: 0 (0 repaired) Total full LBM container extra space in bytes: 0 (0 repaired) Total incomplete LBM containers: 0 (0 repaired) Total LBM partial records: 0 (0 repaired)
I0107 02:53:01.075175 6428 env_posix.cc:1680] Not raising this process' running threads per effective uid limit of 18446744073709551615; it is already as high as it can go
I0107 02:53:01.077773 6428 ts_tablet_manager.cc:395] Loaded tablet metadata (0 total tablets, 0 live tablets)
I0107 02:53:01.077811 6428 ts_tablet_manager.cc:415] Registered 0 tablets
I0107 02:53:01.085582 6428 rpc_server.cc:211] RPC server started. Bound to: 127.2.165.129:42223
I0107 02:53:01.086714 6428 webserver.cc:382] Webserver started at http://127.2.165.129:33437/ using document root and password file
I0107 02:53:01.087323 6428 server_base.cc:629] Dumped server information to /tmp/dist-test-taskh2U6sE/test-tmp/kudu-tool-test.2.ToolTest.TestHmsIgnoresDifferentMasters.1578365549852848-2710/minicluster-data/ts-0/data/info.pb
I0107 02:53:01.088605 2710 external_mini_cluster.cc:1105] Started /tmp/dist-test-taskh2U6sE/build/debug/bin/kudu-tserver as pid 6428
W0107 02:53:01.098443 6383 tablet.cc:1792] T 00000000000000000000000000000000 P bc75c8bfc57b4638a42370e77ac7a66a: Can't schedule compaction. Clean time has not been advanced past its initial value.
I0107 02:53:01.107123 6569 heartbeater.cc:322] Connected to a master server at 127.2.165.190:46043
I0107 02:53:01.107131 6568 heartbeater.cc:322] Connected to a master server at 127.2.165.189:45229
I0107 02:53:01.107329 6568 heartbeater.cc:406] Registering TS with master...
I0107 02:53:01.107933 6568 heartbeater.cc:455] Master 127.2.165.189:45229 requested a full tablet report, sending...
I0107 02:53:01.107329 6569 heartbeater.cc:406] Registering TS with master...
I0107 02:53:01.108577 6569 heartbeater.cc:455] Master 127.2.165.190:46043 requested a full tablet report, sending...
I0107 02:53:01.109769 6394 ts_manager.cc:192] Registered new tserver with Master: cf494eb84b474273a0b20b0889bb6351 (127.2.165.129:42223)
I0107 02:53:01.109772 6330 ts_manager.cc:192] Registered new tserver with Master: cf494eb84b474273a0b20b0889bb6351 (127.2.165.129:42223)
I0107 02:53:01.112264 2710 external_mini_cluster.cc:721] 1 TS(s) registered with all masters
I0107 02:53:01.147550 6434 raft_consensus.cc:472] T 00000000000000000000000000000000 P bc75c8bfc57b4638a42370e77ac7a66a [term 0 FOLLOWER]: Starting pre-election (no leader contacted us within the election timeout)
I0107 02:53:01.147796 6434 raft_consensus.cc:494] T 00000000000000000000000000000000 P bc75c8bfc57b4638a42370e77ac7a66a [term 0 FOLLOWER]: Starting pre-election with config: opid_index: -1 OBSOLETE_local: false peers { permanent_uuid: "f6ac6b3f79ee45388a88376e12a0a7f9" member_type: VOTER last_known_addr { host: "127.2.165.190" port: 46043 } } peers { permanent_uuid: "bc75c8bfc57b4638a42370e77ac7a66a" member_type: VOTER last_known_addr { host: "127.2.165.189" port: 45229 } }
I0107 02:53:01.149266 6434 leader_election.cc:293] T 00000000000000000000000000000000 P bc75c8bfc57b4638a42370e77ac7a66a [CANDIDATE]: Term 1 pre-election: Requested pre-vote from peers f6ac6b3f79ee45388a88376e12a0a7f9 (127.2.165.190:46043)
I0107 02:53:01.150091 6340 tablet_service.cc:1307] Received RequestConsensusVote() RPC: tablet_id: "00000000000000000000000000000000" candidate_uuid: "bc75c8bfc57b4638a42370e77ac7a66a" candidate_term: 1 candidate_status { last_received { term: 0 index: 0 } } ignore_live_leader: false dest_uuid: "f6ac6b3f79ee45388a88376e12a0a7f9" is_pre_election: true
I0107 02:53:01.150378 6340 raft_consensus.cc:2372] T 00000000000000000000000000000000 P f6ac6b3f79ee45388a88376e12a0a7f9 [term 0 FOLLOWER]: Leader pre-election vote request: Granting yes vote for candidate bc75c8bfc57b4638a42370e77ac7a66a in term 0.
I0107 02:53:01.150969 6374 leader_election.cc:307] T 00000000000000000000000000000000 P bc75c8bfc57b4638a42370e77ac7a66a [CANDIDATE]: Term 1 pre-election: Election decided. Result: candidate won. Election summary: received 2 responses out of 2 voters: 2 yes votes; 0 no votes. yes voters: bc75c8bfc57b4638a42370e77ac7a66a, f6ac6b3f79ee45388a88376e12a0a7f9; no voters:
I0107 02:53:01.151495 6434 raft_consensus.cc:2672] T 00000000000000000000000000000000 P bc75c8bfc57b4638a42370e77ac7a66a [term 0 FOLLOWER]: Leader pre-election won for term 1
I0107 02:53:01.151564 6434 raft_consensus.cc:472] T 00000000000000000000000000000000 P bc75c8bfc57b4638a42370e77ac7a66a [term 0 FOLLOWER]: Starting leader election (no leader contacted us within the election timeout)
I0107 02:53:01.151585 6434 raft_consensus.cc:2918] T 00000000000000000000000000000000 P bc75c8bfc57b4638a42370e77ac7a66a [term 0 FOLLOWER]: Advancing to term 1
I0107 02:53:01.158598 6434 raft_consensus.cc:494] T 00000000000000000000000000000000 P bc75c8bfc57b4638a42370e77ac7a66a [term 1 FOLLOWER]: Starting leader election with config: opid_index: -1 OBSOLETE_local: false peers { permanent_uuid: "f6ac6b3f79ee45388a88376e12a0a7f9" member_type: VOTER last_known_addr { host: "127.2.165.190" port: 46043 } } peers { permanent_uuid: "bc75c8bfc57b4638a42370e77ac7a66a" member_type: VOTER last_known_addr { host: "127.2.165.189" port: 45229 } }
I0107 02:53:01.159077 6434 leader_election.cc:293] T 00000000000000000000000000000000 P bc75c8bfc57b4638a42370e77ac7a66a [CANDIDATE]: Term 1 election: Requested vote from peers f6ac6b3f79ee45388a88376e12a0a7f9 (127.2.165.190:46043)
I0107 02:53:01.159677 6340 tablet_service.cc:1307] Received RequestConsensusVote() RPC: tablet_id: "00000000000000000000000000000000" candidate_uuid: "bc75c8bfc57b4638a42370e77ac7a66a" candidate_term: 1 candidate_status { last_received { term: 0 index: 0 } } ignore_live_leader: false dest_uuid: "f6ac6b3f79ee45388a88376e12a0a7f9"
I0107 02:53:01.159781 6340 raft_consensus.cc:2918] T 00000000000000000000000000000000 P f6ac6b3f79ee45388a88376e12a0a7f9 [term 0 FOLLOWER]: Advancing to term 1
I0107 02:53:01.166358 6340 raft_consensus.cc:2372] T 00000000000000000000000000000000 P f6ac6b3f79ee45388a88376e12a0a7f9 [term 1 FOLLOWER]: Leader election vote request: Granting yes vote for candidate bc75c8bfc57b4638a42370e77ac7a66a in term 1.
I0107 02:53:01.167016 6374 leader_election.cc:307] T 00000000000000000000000000000000 P bc75c8bfc57b4638a42370e77ac7a66a [CANDIDATE]: Term 1 election: Election decided. Result: candidate won. Election summary: received 2 responses out of 2 voters: 2 yes votes; 0 no votes. yes voters: bc75c8bfc57b4638a42370e77ac7a66a, f6ac6b3f79ee45388a88376e12a0a7f9; no voters:
I0107 02:53:01.167315 6434 raft_consensus.cc:2672] T 00000000000000000000000000000000 P bc75c8bfc57b4638a42370e77ac7a66a [term 1 FOLLOWER]: Leader election won for term 1
I0107 02:53:01.167547 6434 raft_consensus.cc:667] T 00000000000000000000000000000000 P bc75c8bfc57b4638a42370e77ac7a66a [term 1 LEADER]: Becoming Leader. State: Replica: bc75c8bfc57b4638a42370e77ac7a66a, State: Running, Role: LEADER
I0107 02:53:01.168099 6434 consensus_queue.cc:208] T 00000000000000000000000000000000 P bc75c8bfc57b4638a42370e77ac7a66a [LEADER]: Queue going to LEADER mode. State: All replicated index: 0, Majority replicated index: 0, Committed index: 0, Last appended: 0.0, Last appended by leader: 0, Current term: 1, Majority size: 2, State: 0, Mode: LEADER, active raft config: opid_index: -1 OBSOLETE_local: false peers { permanent_uuid: "f6ac6b3f79ee45388a88376e12a0a7f9" member_type: VOTER last_known_addr { host: "127.2.165.190" port: 46043 } } peers { permanent_uuid: "bc75c8bfc57b4638a42370e77ac7a66a" member_type: VOTER last_known_addr { host: "127.2.165.189" port: 45229 } }
W0107 02:53:01.168105 6319 tablet.cc:1792] T 00000000000000000000000000000000 P f6ac6b3f79ee45388a88376e12a0a7f9: Can't schedule compaction. Clean time has not been advanced past its initial value.
I0107 02:53:01.169948 6434 sys_catalog.cc:339] T 00000000000000000000000000000000 P bc75c8bfc57b4638a42370e77ac7a66a [sys.catalog]: SysCatalogTable state changed. Reason: New leader bc75c8bfc57b4638a42370e77ac7a66a. Latest consensus state: current_term: 1 leader_uuid: "bc75c8bfc57b4638a42370e77ac7a66a" committed_config { opid_index: -1 OBSOLETE_local: false peers { permanent_uuid: "f6ac6b3f79ee45388a88376e12a0a7f9" member_type: VOTER last_known_addr { host: "127.2.165.190" port: 46043 } } peers { permanent_uuid: "bc75c8bfc57b4638a42370e77ac7a66a" member_type: VOTER last_known_addr { host: "127.2.165.189" port: 45229 } } }
I0107 02:53:01.169981 6434 sys_catalog.cc:342] T 00000000000000000000000000000000 P bc75c8bfc57b4638a42370e77ac7a66a [sys.catalog]: This master's current role is: LEADER
I0107 02:53:01.171360 6584 catalog_manager.cc:1089] Loading table and tablet metadata into memory...
I0107 02:53:01.172693 6584 catalog_manager.cc:1100] Initializing Kudu internal certificate authority...
I0107 02:53:01.329439 6340 raft_consensus.cc:1184] T 00000000000000000000000000000000 P f6ac6b3f79ee45388a88376e12a0a7f9 [term 1 FOLLOWER]: Refusing update from remote peer bc75c8bfc57b4638a42370e77ac7a66a: Log matching property violated. Preceding OpId in replica: term: 0 index: 0. Preceding OpId from leader: term: 1 index: 2. (index mismatch)
I0107 02:53:01.330531 6582 consensus_queue.cc:984] T 00000000000000000000000000000000 P bc75c8bfc57b4638a42370e77ac7a66a [LEADER]: Connected to new peer: Peer: permanent_uuid: "f6ac6b3f79ee45388a88376e12a0a7f9" member_type: VOTER last_known_addr { host: "127.2.165.190" port: 46043 }, Status: LMP_MISMATCH, Last received: 0.0, Next index: 1, Last known committed idx: 0, Time since last communication: 0.000s
I0107 02:53:01.335844 6435 sys_catalog.cc:339] T 00000000000000000000000000000000 P f6ac6b3f79ee45388a88376e12a0a7f9 [sys.catalog]: SysCatalogTable state changed. Reason: New leader bc75c8bfc57b4638a42370e77ac7a66a. Latest consensus state: current_term: 1 leader_uuid: "bc75c8bfc57b4638a42370e77ac7a66a" committed_config { opid_index: -1 OBSOLETE_local: false peers { permanent_uuid: "f6ac6b3f79ee45388a88376e12a0a7f9" member_type: VOTER last_known_addr { host: "127.2.165.190" port: 46043 } } peers { permanent_uuid: "bc75c8bfc57b4638a42370e77ac7a66a" member_type: VOTER last_known_addr { host: "127.2.165.189" port: 45229 } } }
I0107 02:53:01.335891 6435 sys_catalog.cc:342] T 00000000000000000000000000000000 P f6ac6b3f79ee45388a88376e12a0a7f9 [sys.catalog]: This master's current role is: FOLLOWER
I0107 02:53:01.338521 6434 sys_catalog.cc:339] T 00000000000000000000000000000000 P bc75c8bfc57b4638a42370e77ac7a66a [sys.catalog]: SysCatalogTable state changed. Reason: Peer health change. Latest consensus state: current_term: 1 leader_uuid: "bc75c8bfc57b4638a42370e77ac7a66a" committed_config { opid_index: -1 OBSOLETE_local: false peers { permanent_uuid: "f6ac6b3f79ee45388a88376e12a0a7f9" member_type: VOTER last_known_addr { host: "127.2.165.190" port: 46043 } } peers { permanent_uuid: "bc75c8bfc57b4638a42370e77ac7a66a" member_type: VOTER last_known_addr { host: "127.2.165.189" port: 45229 } } }
I0107 02:53:01.338567 6434 sys_catalog.cc:342] T 00000000000000000000000000000000 P bc75c8bfc57b4638a42370e77ac7a66a [sys.catalog]: This master's current role is: LEADER
I0107 02:53:01.339179 6435 sys_catalog.cc:339] T 00000000000000000000000000000000 P f6ac6b3f79ee45388a88376e12a0a7f9 [sys.catalog]: SysCatalogTable state changed. Reason: Replicated consensus-only round. Latest consensus state: current_term: 1 leader_uuid: "bc75c8bfc57b4638a42370e77ac7a66a" committed_config { opid_index: -1 OBSOLETE_local: false peers { permanent_uuid: "f6ac6b3f79ee45388a88376e12a0a7f9" member_type: VOTER last_known_addr { host: "127.2.165.190" port: 46043 } } peers { permanent_uuid: "bc75c8bfc57b4638a42370e77ac7a66a" member_type: VOTER last_known_addr { host: "127.2.165.189" port: 45229 } } }
I0107 02:53:01.339215 6435 sys_catalog.cc:342] T 00000000000000000000000000000000 P f6ac6b3f79ee45388a88376e12a0a7f9 [sys.catalog]: This master's current role is: FOLLOWER
I0107 02:53:01.339251 6586 mvcc.cc:203] Tried to move safe_time back from 6464985421115744256 to 6464985420466733056. Current Snapshot: MvccSnapshot[committed={T|T < 6464985421115744256}]
I0107 02:53:01.340003 6584 catalog_manager.cc:984] Generated new certificate authority record
I0107 02:53:01.341089 6584 catalog_manager.cc:1109] Loading token signing keys...
I0107 02:53:01.349740 6584 catalog_manager.cc:4455] T 00000000000000000000000000000000 P bc75c8bfc57b4638a42370e77ac7a66a: Generated new TSK 0
I0107 02:53:01.350477 6584 catalog_manager.cc:1119] Initializing in-progress tserver states...
I0107 02:53:01.351197 6584 catalog_manager.cc:1131] Loading latest processed Hive Metastore notification log event ID...
I0107 02:53:01.370332 6394 catalog_manager.cc:1454] Servicing CreateTable request from {username='slave'} at 127.0.0.1:47288: name: "default.table" schema { columns { name: "foo" type: INT32 is_key: true is_nullable: false encoding: AUTO_ENCODING compression: DEFAULT_COMPRESSION cfile_block_size: 0 } } num_replicas: 1 split_rows_range_bounds { } partition_schema { range_schema { columns { name: "foo" } } }
I0107 02:53:01.866204 6503 tablet_service.cc:1034] Processing CreateTablet for tablet 1e2d03c3d5f24db880d35a0412af3626 (table=default.table [id=da09e09c49534423a92a077393e7bb78]), partition=RANGE (foo) PARTITION UNBOUNDED
I0107 02:53:01.866890 6503 data_dirs.cc:394] Could only allocate 1 dirs of requested 3 for tablet 1e2d03c3d5f24db880d35a0412af3626. 1 dirs total, 0 dirs full, 0 dirs failed
I0107 02:53:01.874788 6592 tablet_bootstrap.cc:439] T 1e2d03c3d5f24db880d35a0412af3626 P cf494eb84b474273a0b20b0889bb6351: Bootstrap starting.
I0107 02:53:01.876763 6592 tablet_bootstrap.cc:590] T 1e2d03c3d5f24db880d35a0412af3626 P cf494eb84b474273a0b20b0889bb6351: No blocks or log segments found. Creating new log.
I0107 02:53:01.877641 6592 log.cc:815] T 1e2d03c3d5f24db880d35a0412af3626 P cf494eb84b474273a0b20b0889bb6351: Log is configured to *not* fsync() on all Append() calls
I0107 02:53:01.878940 6592 tablet_bootstrap.cc:439] T 1e2d03c3d5f24db880d35a0412af3626 P cf494eb84b474273a0b20b0889bb6351: No bootstrap required, opened a new log
I0107 02:53:01.879134 6592 ts_tablet_manager.cc:1103] T 1e2d03c3d5f24db880d35a0412af3626 P cf494eb84b474273a0b20b0889bb6351: Time spent bootstrapping tablet: real 0.005s user 0.004s sys 0.000s
I0107 02:53:01.881634 6592 raft_consensus.cc:340] T 1e2d03c3d5f24db880d35a0412af3626 P cf494eb84b474273a0b20b0889bb6351 [term 0 FOLLOWER]: Replica starting. Triggering 0 pending transactions. Active config: opid_index: -1 OBSOLETE_local: true peers { permanent_uuid: "cf494eb84b474273a0b20b0889bb6351" member_type: VOTER last_known_addr { host: "127.2.165.129" port: 42223 } }
I0107 02:53:01.881721 6592 raft_consensus.cc:366] T 1e2d03c3d5f24db880d35a0412af3626 P cf494eb84b474273a0b20b0889bb6351 [term 0 FOLLOWER]: Consensus starting up: Expiring failure detector timer to make a prompt election more likely
I0107 02:53:01.881758 6592 raft_consensus.cc:705] T 1e2d03c3d5f24db880d35a0412af3626 P cf494eb84b474273a0b20b0889bb6351 [term 0 FOLLOWER]: Becoming Follower/Learner. State: Replica: cf494eb84b474273a0b20b0889bb6351, State: Initialized, Role: FOLLOWER
I0107 02:53:01.882263 6592 consensus_queue.cc:231] T 1e2d03c3d5f24db880d35a0412af3626 P cf494eb84b474273a0b20b0889bb6351 [NON_LEADER]: Queue going to NON_LEADER mode. State: All replicated index: 0, Majority replicated index: 0, Committed index: 0, Last appended: 0.0, Last appended by leader: 0, Current term: 0, Majority size: -1, State: 0, Mode: NON_LEADER, active raft config: opid_index: -1 OBSOLETE_local: true peers { permanent_uuid: "cf494eb84b474273a0b20b0889bb6351" member_type: VOTER last_known_addr { host: "127.2.165.129" port: 42223 } }
I0107 02:53:01.882334 6592 raft_consensus.cc:380] T 1e2d03c3d5f24db880d35a0412af3626 P cf494eb84b474273a0b20b0889bb6351 [term 0 FOLLOWER]: Only one voter in the Raft config. Triggering election immediately
I0107 02:53:01.882452 6592 raft_consensus.cc:472] T 1e2d03c3d5f24db880d35a0412af3626 P cf494eb84b474273a0b20b0889bb6351 [term 0 FOLLOWER]: Starting leader election (initial election of a single-replica configuration)
I0107 02:53:01.882589 6592 raft_consensus.cc:2918] T 1e2d03c3d5f24db880d35a0412af3626 P cf494eb84b474273a0b20b0889bb6351 [term 0 FOLLOWER]: Advancing to term 1
I0107 02:53:01.883512 6592 raft_consensus.cc:494] T 1e2d03c3d5f24db880d35a0412af3626 P cf494eb84b474273a0b20b0889bb6351 [term 1 FOLLOWER]: Starting leader election with config: opid_index: -1 OBSOLETE_local: true peers { permanent_uuid: "cf494eb84b474273a0b20b0889bb6351" member_type: VOTER last_known_addr { host: "127.2.165.129" port: 42223 } }
I0107 02:53:01.883910 6592 leader_election.cc:307] T 1e2d03c3d5f24db880d35a0412af3626 P cf494eb84b474273a0b20b0889bb6351 [CANDIDATE]: Term 1 election: Election decided. Result: candidate won. Election summary: received 1 responses out of 1 voters: 1 yes votes; 0 no votes. yes voters: cf494eb84b474273a0b20b0889bb6351; no voters:
I0107 02:53:01.884227 6592 leader_election.cc:293] T 1e2d03c3d5f24db880d35a0412af3626 P cf494eb84b474273a0b20b0889bb6351 [CANDIDATE]: Term 1 election: Requested vote from peers
I0107 02:53:01.885066 6592 ts_tablet_manager.cc:1131] T 1e2d03c3d5f24db880d35a0412af3626 P cf494eb84b474273a0b20b0889bb6351: Time spent starting tablet: real 0.006s user 0.006s sys 0.000s
I0107 02:53:01.886621 6594 raft_consensus.cc:2672] T 1e2d03c3d5f24db880d35a0412af3626 P cf494eb84b474273a0b20b0889bb6351 [term 1 FOLLOWER]: Leader election won for term 1
I0107 02:53:01.886885 6594 raft_consensus.cc:667] T 1e2d03c3d5f24db880d35a0412af3626 P cf494eb84b474273a0b20b0889bb6351 [term 1 LEADER]: Becoming Leader. State: Replica: cf494eb84b474273a0b20b0889bb6351, State: Running, Role: LEADER
I0107 02:53:01.887221 6594 consensus_queue.cc:208] T 1e2d03c3d5f24db880d35a0412af3626 P cf494eb84b474273a0b20b0889bb6351 [LEADER]: Queue going to LEADER mode. State: All replicated index: 0, Majority replicated index: 0, Committed index: 0, Last appended: 0.0, Last appended by leader: 0, Current term: 1, Majority size: 1, State: 0, Mode: LEADER, active raft config: opid_index: -1 OBSOLETE_local: true peers { permanent_uuid: "cf494eb84b474273a0b20b0889bb6351" member_type: VOTER last_known_addr { host: "127.2.165.129" port: 42223 } }
I0107 02:53:01.888141 6394 master_service.cc:351] Signed X509 certificate for tserver {username='slave'} at 127.2.165.129:44831
I0107 02:53:01.890058 6568 heartbeater.cc:447] Master 127.2.165.189:45229 was elected leader, sending a full tablet report...
I0107 02:53:01.891325 6394 catalog_manager.cc:4143] T 1e2d03c3d5f24db880d35a0412af3626 P cf494eb84b474273a0b20b0889bb6351 reported cstate change: term changed from 0 to 1, leader changed from to cf494eb84b474273a0b20b0889bb6351 (127.2.165.129). New cstate: current_term: 1 leader_uuid: "cf494eb84b474273a0b20b0889bb6351" committed_config { opid_index: -1 OBSOLETE_local: true peers { permanent_uuid: "cf494eb84b474273a0b20b0889bb6351" member_type: VOTER last_known_addr { host: "127.2.165.129" port: 42223 } health_report { overall_health: HEALTHY } } }
I0107 02:53:01.936691 6443 catalog_manager.cc:1156] T 00000000000000000000000000000000 P f6ac6b3f79ee45388a88376e12a0a7f9: acquiring CA information for follower catalog manager: success
I0107 02:53:01.937959 6443 catalog_manager.cc:1184] T 00000000000000000000000000000000 P f6ac6b3f79ee45388a88376e12a0a7f9: importing token verification keys for follower catalog manager: success; most recent TSK sequence number 0
I0107 02:53:15.928707 6441 hms_notification_log_listener.cc:227] Skipping Hive Metastore notification log poll: Illegal state: Not the leader. Local UUID: f6ac6b3f79ee45388a88376e12a0a7f9, Raft Consensus state: current_term: 1 leader_uuid: "bc75c8bfc57b4638a42370e77ac7a66a" committed_config { opid_index: -1 OBSOLETE_local: false peers { permanent_uuid: "f6ac6b3f79ee45388a88376e12a0a7f9" member_type: VOTER last_known_addr { host: "127.2.165.190" port: 46043 } } peers { permanent_uuid: "bc75c8bfc57b4638a42370e77ac7a66a" member_type: VOTER last_known_addr { host: "127.2.165.189" port: 45229 } } }
I0107 02:53:30.929154 6441 hms_notification_log_listener.cc:227] Skipping Hive Metastore notification log poll: Illegal state: Not the leader. Local UUID: f6ac6b3f79ee45388a88376e12a0a7f9, Raft Consensus state: current_term: 1 leader_uuid: "bc75c8bfc57b4638a42370e77ac7a66a" committed_config { opid_index: -1 OBSOLETE_local: false peers { permanent_uuid: "f6ac6b3f79ee45388a88376e12a0a7f9" member_type: VOTER last_known_addr { host: "127.2.165.190" port: 46043 } } peers { permanent_uuid: "bc75c8bfc57b4638a42370e77ac7a66a" member_type: VOTER last_known_addr { host: "127.2.165.189" port: 45229 } } }
I0107 02:53:45.929605 6441 hms_notification_log_listener.cc:227] Skipping Hive Metastore notification log poll: Illegal state: Not the leader. Local UUID: f6ac6b3f79ee45388a88376e12a0a7f9, Raft Consensus state: current_term: 1 leader_uuid: "bc75c8bfc57b4638a42370e77ac7a66a" committed_config { opid_index: -1 OBSOLETE_local: false peers { permanent_uuid: "f6ac6b3f79ee45388a88376e12a0a7f9" member_type: VOTER last_known_addr { host: "127.2.165.190" port: 46043 } } peers { permanent_uuid: "bc75c8bfc57b4638a42370e77ac7a66a" member_type: VOTER last_known_addr { host: "127.2.165.189" port: 45229 } } }
I0107 02:54:00.930042 6441 hms_notification_log_listener.cc:227] Skipping Hive Metastore notification log poll: Illegal state: Not the leader. Local UUID: f6ac6b3f79ee45388a88376e12a0a7f9, Raft Consensus state: current_term: 1 leader_uuid: "bc75c8bfc57b4638a42370e77ac7a66a" committed_config { opid_index: -1 OBSOLETE_local: false peers { permanent_uuid: "f6ac6b3f79ee45388a88376e12a0a7f9" member_type: VOTER last_known_addr { host: "127.2.165.190" port: 46043 } } peers { permanent_uuid: "bc75c8bfc57b4638a42370e77ac7a66a" member_type: VOTER last_known_addr { host: "127.2.165.189" port: 45229 } } }
I0107 02:54:15.930527 6441 hms_notification_log_listener.cc:227] Skipping Hive Metastore notification log poll: Illegal state: Not the leader. Local UUID: f6ac6b3f79ee45388a88376e12a0a7f9, Raft Consensus state: current_term: 1 leader_uuid: "bc75c8bfc57b4638a42370e77ac7a66a" committed_config { opid_index: -1 OBSOLETE_local: false peers { permanent_uuid: "f6ac6b3f79ee45388a88376e12a0a7f9" member_type: VOTER last_known_addr { host: "127.2.165.190" port: 46043 } } peers { permanent_uuid: "bc75c8bfc57b4638a42370e77ac7a66a" member_type: VOTER last_known_addr { host: "127.2.165.189" port: 45229 } } }
I0107 02:54:30.931027 6441 hms_notification_log_listener.cc:227] Skipping Hive Metastore notification log poll: Illegal state: Not the leader. Local UUID: f6ac6b3f79ee45388a88376e12a0a7f9, Raft Consensus state: current_term: 1 leader_uuid: "bc75c8bfc57b4638a42370e77ac7a66a" committed_config { opid_index: -1 OBSOLETE_local: false peers { permanent_uuid: "f6ac6b3f79ee45388a88376e12a0a7f9" member_type: VOTER last_known_addr { host: "127.2.165.190" port: 46043 } } peers { permanent_uuid: "bc75c8bfc57b4638a42370e77ac7a66a" member_type: VOTER last_known_addr { host: "127.2.165.189" port: 45229 } } }
I0107 02:54:45.931493 6441 hms_notification_log_listener.cc:227] Skipping Hive Metastore notification log poll: Illegal state: Not the leader. Local UUID: f6ac6b3f79ee45388a88376e12a0a7f9, Raft Consensus state: current_term: 1 leader_uuid: "bc75c8bfc57b4638a42370e77ac7a66a" committed_config { opid_index: -1 OBSOLETE_local: false peers { permanent_uuid: "f6ac6b3f79ee45388a88376e12a0a7f9" member_type: VOTER last_known_addr { host: "127.2.165.190" port: 46043 } } peers { permanent_uuid: "bc75c8bfc57b4638a42370e77ac7a66a" member_type: VOTER last_known_addr { host: "127.2.165.189" port: 45229 } } }
I0107 02:55:00.931927 6441 hms_notification_log_listener.cc:227] Skipping Hive Metastore notification log poll: Illegal state: Not the leader. Local UUID: f6ac6b3f79ee45388a88376e12a0a7f9, Raft Consensus state: current_term: 1 leader_uuid: "bc75c8bfc57b4638a42370e77ac7a66a" committed_config { opid_index: -1 OBSOLETE_local: false peers { permanent_uuid: "f6ac6b3f79ee45388a88376e12a0a7f9" member_type: VOTER last_known_addr { host: "127.2.165.190" port: 46043 } } peers { permanent_uuid: "bc75c8bfc57b4638a42370e77ac7a66a" member_type: VOTER last_known_addr { host: "127.2.165.189" port: 45229 } } }
I0107 02:55:01.038519 6383 maintenance_manager.cc:326] P bc75c8bfc57b4638a42370e77ac7a66a: Scheduling FlushMRSOp(00000000000000000000000000000000): perf score=0.033365
I0107 02:55:01.058338 6382 maintenance_manager.cc:527] P bc75c8bfc57b4638a42370e77ac7a66a: FlushMRSOp(00000000000000000000000000000000) complete. Timing: real 0.019s user 0.016s sys 0.000s Metrics: {"bytes_written":6697,"cfile_init":1,"dirs.queue_time_us":245,"dirs.run_cpu_time_us":147,"dirs.run_wall_time_us":663,"drs_written":1,"lbm_read_time_us":52,"lbm_reads_lt_1ms":4,"lbm_write_time_us":334,"lbm_writes_lt_1ms":27,"rows_written":5,"thread_start_us":163,"threads_started":2,"wal-append.queue_time_us":160}
I0107 02:55:01.059082 6383 maintenance_manager.cc:326] P bc75c8bfc57b4638a42370e77ac7a66a: Scheduling UndoDeltaBlockGCOp(00000000000000000000000000000000): 396 bytes on disk
I0107 02:55:01.059856 6382 maintenance_manager.cc:527] P bc75c8bfc57b4638a42370e77ac7a66a: UndoDeltaBlockGCOp(00000000000000000000000000000000) complete. Timing: real 0.001s user 0.000s sys 0.000s Metrics: {"cfile_init":1,"lbm_read_time_us":56,"lbm_reads_lt_1ms":4}
I0107 02:55:01.122133 6319 maintenance_manager.cc:326] P f6ac6b3f79ee45388a88376e12a0a7f9: Scheduling FlushMRSOp(00000000000000000000000000000000): perf score=0.033388
I0107 02:55:01.141829 6318 maintenance_manager.cc:527] P f6ac6b3f79ee45388a88376e12a0a7f9: FlushMRSOp(00000000000000000000000000000000) complete. Timing: real 0.019s user 0.016s sys 0.000s Metrics: {"bytes_written":6697,"cfile_init":1,"dirs.queue_time_us":314,"dirs.run_cpu_time_us":169,"dirs.run_wall_time_us":705,"drs_written":1,"lbm_read_time_us":53,"lbm_reads_lt_1ms":4,"lbm_write_time_us":396,"lbm_writes_lt_1ms":27,"rows_written":5,"thread_start_us":188,"threads_started":2,"wal-append.queue_time_us":165}
I0107 02:55:01.142841 6319 maintenance_manager.cc:326] P f6ac6b3f79ee45388a88376e12a0a7f9: Scheduling UndoDeltaBlockGCOp(00000000000000000000000000000000): 396 bytes on disk
I0107 02:55:01.143730 6318 maintenance_manager.cc:527] P f6ac6b3f79ee45388a88376e12a0a7f9: UndoDeltaBlockGCOp(00000000000000000000000000000000) complete. Timing: real 0.001s user 0.000s sys 0.000s Metrics: {"cfile_init":1,"lbm_read_time_us":65,"lbm_reads_lt_1ms":4}
I0107 02:55:15.932410 6441 hms_notification_log_listener.cc:227] Skipping Hive Metastore notification log poll: Illegal state: Not the leader. Local UUID: f6ac6b3f79ee45388a88376e12a0a7f9, Raft Consensus state: current_term: 1 leader_uuid: "bc75c8bfc57b4638a42370e77ac7a66a" committed_config { opid_index: -1 OBSOLETE_local: false peers { permanent_uuid: "f6ac6b3f79ee45388a88376e12a0a7f9" member_type: VOTER last_known_addr { host: "127.2.165.190" port: 46043 } } peers { permanent_uuid: "bc75c8bfc57b4638a42370e77ac7a66a" member_type: VOTER last_known_addr { host: "127.2.165.189" port: 45229 } } }
I0107 02:55:30.932893 6441 hms_notification_log_listener.cc:227] Skipping Hive Metastore notification log poll: Illegal state: Not the leader. Local UUID: f6ac6b3f79ee45388a88376e12a0a7f9, Raft Consensus state: current_term: 1 leader_uuid: "bc75c8bfc57b4638a42370e77ac7a66a" committed_config { opid_index: -1 OBSOLETE_local: false peers { permanent_uuid: "f6ac6b3f79ee45388a88376e12a0a7f9" member_type: VOTER last_known_addr { host: "127.2.165.190" port: 46043 } } peers { permanent_uuid: "bc75c8bfc57b4638a42370e77ac7a66a" member_type: VOTER last_known_addr { host: "127.2.165.189" port: 45229 } } }
I0107 02:55:45.933356 6441 hms_notification_log_listener.cc:227] Skipping Hive Metastore notification log poll: Illegal state: Not the leader. Local UUID: f6ac6b3f79ee45388a88376e12a0a7f9, Raft Consensus state: current_term: 1 leader_uuid: "bc75c8bfc57b4638a42370e77ac7a66a" committed_config { opid_index: -1 OBSOLETE_local: false peers { permanent_uuid: "f6ac6b3f79ee45388a88376e12a0a7f9" member_type: VOTER last_known_addr { host: "127.2.165.190" port: 46043 } } peers { permanent_uuid: "bc75c8bfc57b4638a42370e77ac7a66a" member_type: VOTER last_known_addr { host: "127.2.165.189" port: 45229 } } }
I0107 02:56:00.933804 6441 hms_notification_log_listener.cc:227] Skipping Hive Metastore notification log poll: Illegal state: Not the leader. Local UUID: f6ac6b3f79ee45388a88376e12a0a7f9, Raft Consensus state: current_term: 1 leader_uuid: "bc75c8bfc57b4638a42370e77ac7a66a" committed_config { opid_index: -1 OBSOLETE_local: false peers { permanent_uuid: "f6ac6b3f79ee45388a88376e12a0a7f9" member_type: VOTER last_known_addr { host: "127.2.165.190" port: 46043 } } peers { permanent_uuid: "bc75c8bfc57b4638a42370e77ac7a66a" member_type: VOTER last_known_addr { host: "127.2.165.189" port: 45229 } } }
I0107 02:56:15.934235 6441 hms_notification_log_listener.cc:227] Skipping Hive Metastore notification log poll: Illegal state: Not the leader. Local UUID: f6ac6b3f79ee45388a88376e12a0a7f9, Raft Consensus state: current_term: 1 leader_uuid: "bc75c8bfc57b4638a42370e77ac7a66a" committed_config { opid_index: -1 OBSOLETE_local: false peers { permanent_uuid: "f6ac6b3f79ee45388a88376e12a0a7f9" member_type: VOTER last_known_addr { host: "127.2.165.190" port: 46043 } } peers { permanent_uuid: "bc75c8bfc57b4638a42370e77ac7a66a" member_type: VOTER last_known_addr { host: "127.2.165.189" port: 45229 } } }
I0107 02:56:30.934708 6441 hms_notification_log_listener.cc:227] Skipping Hive Metastore notification log poll: Illegal state: Not the leader. Local UUID: f6ac6b3f79ee45388a88376e12a0a7f9, Raft Consensus state: current_term: 1 leader_uuid: "bc75c8bfc57b4638a42370e77ac7a66a" committed_config { opid_index: -1 OBSOLETE_local: false peers { permanent_uuid: "f6ac6b3f79ee45388a88376e12a0a7f9" member_type: VOTER last_known_addr { host: "127.2.165.190" port: 46043 } } peers { permanent_uuid: "bc75c8bfc57b4638a42370e77ac7a66a" member_type: VOTER last_known_addr { host: "127.2.165.189" port: 45229 } } }
I0107 02:56:45.935155 6441 hms_notification_log_listener.cc:227] Skipping Hive Metastore notification log poll: Illegal state: Not the leader. Local UUID: f6ac6b3f79ee45388a88376e12a0a7f9, Raft Consensus state: current_term: 1 leader_uuid: "bc75c8bfc57b4638a42370e77ac7a66a" committed_config { opid_index: -1 OBSOLETE_local: false peers { permanent_uuid: "f6ac6b3f79ee45388a88376e12a0a7f9" member_type: VOTER last_known_addr { host: "127.2.165.190" port: 46043 } } peers { permanent_uuid: "bc75c8bfc57b4638a42370e77ac7a66a" member_type: VOTER last_known_addr { host: "127.2.165.189" port: 45229 } } }
I0107 02:57:00.935614 6441 hms_notification_log_listener.cc:227] Skipping Hive Metastore notification log poll: Illegal state: Not the leader. Local UUID: f6ac6b3f79ee45388a88376e12a0a7f9, Raft Consensus state: current_term: 1 leader_uuid: "bc75c8bfc57b4638a42370e77ac7a66a" committed_config { opid_index: -1 OBSOLETE_local: false peers { permanent_uuid: "f6ac6b3f79ee45388a88376e12a0a7f9" member_type: VOTER last_known_addr { host: "127.2.165.190" port: 46043 } } peers { permanent_uuid: "bc75c8bfc57b4638a42370e77ac7a66a" member_type: VOTER last_known_addr { host: "127.2.165.189" port: 45229 } } }
I0107 02:57:15.936102 6441 hms_notification_log_listener.cc:227] Skipping Hive Metastore notification log poll: Illegal state: Not the leader. Local UUID: f6ac6b3f79ee45388a88376e12a0a7f9, Raft Consensus state: current_term: 1 leader_uuid: "bc75c8bfc57b4638a42370e77ac7a66a" committed_config { opid_index: -1 OBSOLETE_local: false peers { permanent_uuid: "f6ac6b3f79ee45388a88376e12a0a7f9" member_type: VOTER last_known_addr { host: "127.2.165.190" port: 46043 } } peers { permanent_uuid: "bc75c8bfc57b4638a42370e77ac7a66a" member_type: VOTER last_known_addr { host: "127.2.165.189" port: 45229 } } }
I0107 02:57:30.936545 6441 hms_notification_log_listener.cc:227] Skipping Hive Metastore notification log poll: Illegal state: Not the leader. Local UUID: f6ac6b3f79ee45388a88376e12a0a7f9, Raft Consensus state: current_term: 1 leader_uuid: "bc75c8bfc57b4638a42370e77ac7a66a" committed_config { opid_index: -1 OBSOLETE_local: false peers { permanent_uuid: "f6ac6b3f79ee45388a88376e12a0a7f9" member_type: VOTER last_known_addr { host: "127.2.165.190" port: 46043 } } peers { permanent_uuid: "bc75c8bfc57b4638a42370e77ac7a66a" member_type: VOTER last_known_addr { host: "127.2.165.189" port: 45229 } } }
I0107 02:57:45.937013 6441 hms_notification_log_listener.cc:227] Skipping Hive Metastore notification log poll: Illegal state: Not the leader. Local UUID: f6ac6b3f79ee45388a88376e12a0a7f9, Raft Consensus state: current_term: 1 leader_uuid: "bc75c8bfc57b4638a42370e77ac7a66a" committed_config { opid_index: -1 OBSOLETE_local: false peers { permanent_uuid: "f6ac6b3f79ee45388a88376e12a0a7f9" member_type: VOTER last_known_addr { host: "127.2.165.190" port: 46043 } } peers { permanent_uuid: "bc75c8bfc57b4638a42370e77ac7a66a" member_type: VOTER last_known_addr { host: "127.2.165.189" port: 45229 } } }
I0107 02:58:00.937475 6441 hms_notification_log_listener.cc:227] Skipping Hive Metastore notification log poll: Illegal state: Not the leader. Local UUID: f6ac6b3f79ee45388a88376e12a0a7f9, Raft Consensus state: current_term: 1 leader_uuid: "bc75c8bfc57b4638a42370e77ac7a66a" committed_config { opid_index: -1 OBSOLETE_local: false peers { permanent_uuid: "f6ac6b3f79ee45388a88376e12a0a7f9" member_type: VOTER last_known_addr { host: "127.2.165.190" port: 46043 } } peers { permanent_uuid: "bc75c8bfc57b4638a42370e77ac7a66a" member_type: VOTER last_known_addr { host: "127.2.165.189" port: 45229 } } }
I0107 02:58:15.937924 6441 hms_notification_log_listener.cc:227] Skipping Hive Metastore notification log poll: Illegal state: Not the leader. Local UUID: f6ac6b3f79ee45388a88376e12a0a7f9, Raft Consensus state: current_term: 1 leader_uuid: "bc75c8bfc57b4638a42370e77ac7a66a" committed_config { opid_index: -1 OBSOLETE_local: false peers { permanent_uuid: "f6ac6b3f79ee45388a88376e12a0a7f9" member_type: VOTER last_known_addr { host: "127.2.165.190" port: 46043 } } peers { permanent_uuid: "bc75c8bfc57b4638a42370e77ac7a66a" member_type: VOTER last_known_addr { host: "127.2.165.189" port: 45229 } } }
I0107 02:58:30.938350 6441 hms_notification_log_listener.cc:227] Skipping Hive Metastore notification log poll: Illegal state: Not the leader. Local UUID: f6ac6b3f79ee45388a88376e12a0a7f9, Raft Consensus state: current_term: 1 leader_uuid: "bc75c8bfc57b4638a42370e77ac7a66a" committed_config { opid_index: -1 OBSOLETE_local: false peers { permanent_uuid: "f6ac6b3f79ee45388a88376e12a0a7f9" member_type: VOTER last_known_addr { host: "127.2.165.190" port: 46043 } } peers { permanent_uuid: "bc75c8bfc57b4638a42370e77ac7a66a" member_type: VOTER last_known_addr { host: "127.2.165.189" port: 45229 } } }
I0107 02:58:45.938967 6441 hms_notification_log_listener.cc:227] Skipping Hive Metastore notification log poll: Illegal state: Not the leader. Local UUID: f6ac6b3f79ee45388a88376e12a0a7f9, Raft Consensus state: current_term: 1 leader_uuid: "bc75c8bfc57b4638a42370e77ac7a66a" committed_config { opid_index: -1 OBSOLETE_local: false peers { permanent_uuid: "f6ac6b3f79ee45388a88376e12a0a7f9" member_type: VOTER last_known_addr { host: "127.2.165.190" port: 46043 } } peers { permanent_uuid: "bc75c8bfc57b4638a42370e77ac7a66a" member_type: VOTER last_known_addr { host: "127.2.165.189" port: 45229 } } }
I0107 02:59:00.939424 6441 hms_notification_log_listener.cc:227] Skipping Hive Metastore notification log poll: Illegal state: Not the leader. Local UUID: f6ac6b3f79ee45388a88376e12a0a7f9, Raft Consensus state: current_term: 1 leader_uuid: "bc75c8bfc57b4638a42370e77ac7a66a" committed_config { opid_index: -1 OBSOLETE_local: false peers { permanent_uuid: "f6ac6b3f79ee45388a88376e12a0a7f9" member_type: VOTER last_known_addr { host: "127.2.165.190" port: 46043 } } peers { permanent_uuid: "bc75c8bfc57b4638a42370e77ac7a66a" member_type: VOTER last_known_addr { host: "127.2.165.189" port: 45229 } } }
I0107 02:59:15.939849 6441 hms_notification_log_listener.cc:227] Skipping Hive Metastore notification log poll: Illegal state: Not the leader. Local UUID: f6ac6b3f79ee45388a88376e12a0a7f9, Raft Consensus state: current_term: 1 leader_uuid: "bc75c8bfc57b4638a42370e77ac7a66a" committed_config { opid_index: -1 OBSOLETE_local: false peers { permanent_uuid: "f6ac6b3f79ee45388a88376e12a0a7f9" member_type: VOTER last_known_addr { host: "127.2.165.190" port: 46043 } } peers { permanent_uuid: "bc75c8bfc57b4638a42370e77ac7a66a" member_type: VOTER last_known_addr { host: "127.2.165.189" port: 45229 } } }
I0107 02:59:30.940312 6441 hms_notification_log_listener.cc:227] Skipping Hive Metastore notification log poll: Illegal state: Not the leader. Local UUID: f6ac6b3f79ee45388a88376e12a0a7f9, Raft Consensus state: current_term: 1 leader_uuid: "bc75c8bfc57b4638a42370e77ac7a66a" committed_config { opid_index: -1 OBSOLETE_local: false peers { permanent_uuid: "f6ac6b3f79ee45388a88376e12a0a7f9" member_type: VOTER last_known_addr { host: "127.2.165.190" port: 46043 } } peers { permanent_uuid: "bc75c8bfc57b4638a42370e77ac7a66a" member_type: VOTER last_known_addr { host: "127.2.165.189" port: 45229 } } }
I0107 02:59:45.940755 6441 hms_notification_log_listener.cc:227] Skipping Hive Metastore notification log poll: Illegal state: Not the leader. Local UUID: f6ac6b3f79ee45388a88376e12a0a7f9, Raft Consensus state: current_term: 1 leader_uuid: "bc75c8bfc57b4638a42370e77ac7a66a" committed_config { opid_index: -1 OBSOLETE_local: false peers { permanent_uuid: "f6ac6b3f79ee45388a88376e12a0a7f9" member_type: VOTER last_known_addr { host: "127.2.165.190" port: 46043 } } peers { permanent_uuid: "bc75c8bfc57b4638a42370e77ac7a66a" member_type: VOTER last_known_addr { host: "127.2.165.189" port: 45229 } } }
I0107 03:00:00.941195 6441 hms_notification_log_listener.cc:227] Skipping Hive Metastore notification log poll: Illegal state: Not the leader. Local UUID: f6ac6b3f79ee45388a88376e12a0a7f9, Raft Consensus state: current_term: 1 leader_uuid: "bc75c8bfc57b4638a42370e77ac7a66a" committed_config { opid_index: -1 OBSOLETE_local: false peers { permanent_uuid: "f6ac6b3f79ee45388a88376e12a0a7f9" member_type: VOTER last_known_addr { host: "127.2.165.190" port: 46043 } } peers { permanent_uuid: "bc75c8bfc57b4638a42370e77ac7a66a" member_type: VOTER last_known_addr { host: "127.2.165.189" port: 45229 } } }
I0107 03:00:15.941654 6441 hms_notification_log_listener.cc:227] Skipping Hive Metastore notification log poll: Illegal state: Not the leader. Local UUID: f6ac6b3f79ee45388a88376e12a0a7f9, Raft Consensus state: current_term: 1 leader_uuid: "bc75c8bfc57b4638a42370e77ac7a66a" committed_config { opid_index: -1 OBSOLETE_local: false peers { permanent_uuid: "f6ac6b3f79ee45388a88376e12a0a7f9" member_type: VOTER last_known_addr { host: "127.2.165.190" port: 46043 } } peers { permanent_uuid: "bc75c8bfc57b4638a42370e77ac7a66a" member_type: VOTER last_known_addr { host: "127.2.165.189" port: 45229 } } }
I0107 03:00:30.942014 6441 hms_notification_log_listener.cc:227] Skipping Hive Metastore notification log poll: Illegal state: Not the leader. Local UUID: f6ac6b3f79ee45388a88376e12a0a7f9, Raft Consensus state: current_term: 1 leader_uuid: "bc75c8bfc57b4638a42370e77ac7a66a" committed_config { opid_index: -1 OBSOLETE_local: false peers { permanent_uuid: "f6ac6b3f79ee45388a88376e12a0a7f9" member_type: VOTER last_known_addr { host: "127.2.165.190" port: 46043 } } peers { permanent_uuid: "bc75c8bfc57b4638a42370e77ac7a66a" member_type: VOTER last_known_addr { host: "127.2.165.189" port: 45229 } } }
I0107 03:00:45.942448 6441 hms_notification_log_listener.cc:227] Skipping Hive Metastore notification log poll: Illegal state: Not the leader. Local UUID: f6ac6b3f79ee45388a88376e12a0a7f9, Raft Consensus state: current_term: 1 leader_uuid: "bc75c8bfc57b4638a42370e77ac7a66a" committed_config { opid_index: -1 OBSOLETE_local: false peers { permanent_uuid: "f6ac6b3f79ee45388a88376e12a0a7f9" member_type: VOTER last_known_addr { host: "127.2.165.190" port: 46043 } } peers { permanent_uuid: "bc75c8bfc57b4638a42370e77ac7a66a" member_type: VOTER last_known_addr { host: "127.2.165.189" port: 45229 } } }
I0107 03:01:00.942909 6441 hms_notification_log_listener.cc:227] Skipping Hive Metastore notification log poll: Illegal state: Not the leader. Local UUID: f6ac6b3f79ee45388a88376e12a0a7f9, Raft Consensus state: current_term: 1 leader_uuid: "bc75c8bfc57b4638a42370e77ac7a66a" committed_config { opid_index: -1 OBSOLETE_local: false peers { permanent_uuid: "f6ac6b3f79ee45388a88376e12a0a7f9" member_type: VOTER last_known_addr { host: "127.2.165.190" port: 46043 } } peers { permanent_uuid: "bc75c8bfc57b4638a42370e77ac7a66a" member_type: VOTER last_known_addr { host: "127.2.165.189" port: 45229 } } }
I0107 03:01:15.943392 6441 hms_notification_log_listener.cc:227] Skipping Hive Metastore notification log poll: Illegal state: Not the leader. Local UUID: f6ac6b3f79ee45388a88376e12a0a7f9, Raft Consensus state: current_term: 1 leader_uuid: "bc75c8bfc57b4638a42370e77ac7a66a" committed_config { opid_index: -1 OBSOLETE_local: false peers { permanent_uuid: "f6ac6b3f79ee45388a88376e12a0a7f9" member_type: VOTER last_known_addr { host: "127.2.165.190" port: 46043 } } peers { permanent_uuid: "bc75c8bfc57b4638a42370e77ac7a66a" member_type: VOTER last_known_addr { host: "127.2.165.189" port: 45229 } } }
I0107 03:01:30.943877 6441 hms_notification_log_listener.cc:227] Skipping Hive Metastore notification log poll: Illegal state: Not the leader. Local UUID: f6ac6b3f79ee45388a88376e12a0a7f9, Raft Consensus state: current_term: 1 leader_uuid: "bc75c8bfc57b4638a42370e77ac7a66a" committed_config { opid_index: -1 OBSOLETE_local: false peers { permanent_uuid: "f6ac6b3f79ee45388a88376e12a0a7f9" member_type: VOTER last_known_addr { host: "127.2.165.190" port: 46043 } } peers { permanent_uuid: "bc75c8bfc57b4638a42370e77ac7a66a" member_type: VOTER last_known_addr { host: "127.2.165.189" port: 45229 } } }
I0107 03:01:45.944375 6441 hms_notification_log_listener.cc:227] Skipping Hive Metastore notification log poll: Illegal state: Not the leader. Local UUID: f6ac6b3f79ee45388a88376e12a0a7f9, Raft Consensus state: current_term: 1 leader_uuid: "bc75c8bfc57b4638a42370e77ac7a66a" committed_config { opid_index: -1 OBSOLETE_local: false peers { permanent_uuid: "f6ac6b3f79ee45388a88376e12a0a7f9" member_type: VOTER last_known_addr { host: "127.2.165.190" port: 46043 } } peers { permanent_uuid: "bc75c8bfc57b4638a42370e77ac7a66a" member_type: VOTER last_known_addr { host: "127.2.165.189" port: 45229 } } }
I0107 03:02:00.944821 6441 hms_notification_log_listener.cc:227] Skipping Hive Metastore notification log poll: Illegal state: Not the leader. Local UUID: f6ac6b3f79ee45388a88376e12a0a7f9, Raft Consensus state: current_term: 1 leader_uuid: "bc75c8bfc57b4638a42370e77ac7a66a" committed_config { opid_index: -1 OBSOLETE_local: false peers { permanent_uuid: "f6ac6b3f79ee45388a88376e12a0a7f9" member_type: VOTER last_known_addr { host: "127.2.165.190" port: 46043 } } peers { permanent_uuid: "bc75c8bfc57b4638a42370e77ac7a66a" member_type: VOTER last_known_addr { host: "127.2.165.189" port: 45229 } } }
I0107 03:02:15.945258 6441 hms_notification_log_listener.cc:227] Skipping Hive Metastore notification log poll: Illegal state: Not the leader. Local UUID: f6ac6b3f79ee45388a88376e12a0a7f9, Raft Consensus state: current_term: 1 leader_uuid: "bc75c8bfc57b4638a42370e77ac7a66a" committed_config { opid_index: -1 OBSOLETE_local: false peers { permanent_uuid: "f6ac6b3f79ee45388a88376e12a0a7f9" member_type: VOTER last_known_addr { host: "127.2.165.190" port: 46043 } } peers { permanent_uuid: "bc75c8bfc57b4638a42370e77ac7a66a" member_type: VOTER last_known_addr { host: "127.2.165.189" port: 45229 } } }
I0107 03:02:30.945778 6441 hms_notification_log_listener.cc:227] Skipping Hive Metastore notification log poll: Illegal state: Not the leader. Local UUID: f6ac6b3f79ee45388a88376e12a0a7f9, Raft Consensus state: current_term: 1 leader_uuid: "bc75c8bfc57b4638a42370e77ac7a66a" committed_config { opid_index: -1 OBSOLETE_local: false peers { permanent_uuid: "f6ac6b3f79ee45388a88376e12a0a7f9" member_type: VOTER last_known_addr { host: "127.2.165.190" port: 46043 } } peers { permanent_uuid: "bc75c8bfc57b4638a42370e77ac7a66a" member_type: VOTER last_known_addr { host: "127.2.165.189" port: 45229 } } }
I0107 03:02:45.946228 6441 hms_notification_log_listener.cc:227] Skipping Hive Metastore notification log poll: Illegal state: Not the leader. Local UUID: f6ac6b3f79ee45388a88376e12a0a7f9, Raft Consensus state: current_term: 1 leader_uuid: "bc75c8bfc57b4638a42370e77ac7a66a" committed_config { opid_index: -1 OBSOLETE_local: false peers { permanent_uuid: "f6ac6b3f79ee45388a88376e12a0a7f9" member_type: VOTER last_known_addr { host: "127.2.165.190" port: 46043 } } peers { permanent_uuid: "bc75c8bfc57b4638a42370e77ac7a66a" member_type: VOTER last_known_addr { host: "127.2.165.189" port: 45229 } } }
I0107 03:03:00.946673 6441 hms_notification_log_listener.cc:227] Skipping Hive Metastore notification log poll: Illegal state: Not the leader. Local UUID: f6ac6b3f79ee45388a88376e12a0a7f9, Raft Consensus state: current_term: 1 leader_uuid: "bc75c8bfc57b4638a42370e77ac7a66a" committed_config { opid_index: -1 OBSOLETE_local: false peers { permanent_uuid: "f6ac6b3f79ee45388a88376e12a0a7f9" member_type: VOTER last_known_addr { host: "127.2.165.190" port: 46043 } } peers { permanent_uuid: "bc75c8bfc57b4638a42370e77ac7a66a" member_type: VOTER last_known_addr { host: "127.2.165.189" port: 45229 } } }
I0107 03:03:15.947141 6441 hms_notification_log_listener.cc:227] Skipping Hive Metastore notification log poll: Illegal state: Not the leader. Local UUID: f6ac6b3f79ee45388a88376e12a0a7f9, Raft Consensus state: current_term: 1 leader_uuid: "bc75c8bfc57b4638a42370e77ac7a66a" committed_config { opid_index: -1 OBSOLETE_local: false peers { permanent_uuid: "f6ac6b3f79ee45388a88376e12a0a7f9" member_type: VOTER last_known_addr { host: "127.2.165.190" port: 46043 } } peers { permanent_uuid: "bc75c8bfc57b4638a42370e77ac7a66a" member_type: VOTER last_known_addr { host: "127.2.165.189" port: 45229 } } }
I0107 03:03:30.947547 6441 hms_notification_log_listener.cc:227] Skipping Hive Metastore notification log poll: Illegal state: Not the leader. Local UUID: f6ac6b3f79ee45388a88376e12a0a7f9, Raft Consensus state: current_term: 1 leader_uuid: "bc75c8bfc57b4638a42370e77ac7a66a" committed_config { opid_index: -1 OBSOLETE_local: false peers { permanent_uuid: "f6ac6b3f79ee45388a88376e12a0a7f9" member_type: VOTER last_known_addr { host: "127.2.165.190" port: 46043 } } peers { permanent_uuid: "bc75c8bfc57b4638a42370e77ac7a66a" member_type: VOTER last_known_addr { host: "127.2.165.189" port: 45229 } } }
I0107 03:03:45.947957 6441 hms_notification_log_listener.cc:227] Skipping Hive Metastore notification log poll: Illegal state: Not the leader. Local UUID: f6ac6b3f79ee45388a88376e12a0a7f9, Raft Consensus state: current_term: 1 leader_uuid: "bc75c8bfc57b4638a42370e77ac7a66a" committed_config { opid_index: -1 OBSOLETE_local: false peers { permanent_uuid: "f6ac6b3f79ee45388a88376e12a0a7f9" member_type: VOTER last_known_addr { host: "127.2.165.190" port: 46043 } } peers { permanent_uuid: "bc75c8bfc57b4638a42370e77ac7a66a" member_type: VOTER last_known_addr { host: "127.2.165.189" port: 45229 } } }
I0107 03:04:00.948379 6441 hms_notification_log_listener.cc:227] Skipping Hive Metastore notification log poll: Illegal state: Not the leader. Local UUID: f6ac6b3f79ee45388a88376e12a0a7f9, Raft Consensus state: current_term: 1 leader_uuid: "bc75c8bfc57b4638a42370e77ac7a66a" committed_config { opid_index: -1 OBSOLETE_local: false peers { permanent_uuid: "f6ac6b3f79ee45388a88376e12a0a7f9" member_type: VOTER last_known_addr { host: "127.2.165.190" port: 46043 } } peers { permanent_uuid: "bc75c8bfc57b4638a42370e77ac7a66a" member_type: VOTER last_known_addr { host: "127.2.165.189" port: 45229 } } }
I0107 03:04:15.948772 6441 hms_notification_log_listener.cc:227] Skipping Hive Metastore notification log poll: Illegal state: Not the leader. Local UUID: f6ac6b3f79ee45388a88376e12a0a7f9, Raft Consensus state: current_term: 1 leader_uuid: "bc75c8bfc57b4638a42370e77ac7a66a" committed_config { opid_index: -1 OBSOLETE_local: false peers { permanent_uuid: "f6ac6b3f79ee45388a88376e12a0a7f9" member_type: VOTER last_known_addr { host: "127.2.165.190" port: 46043 } } peers { permanent_uuid: "bc75c8bfc57b4638a42370e77ac7a66a" member_type: VOTER last_known_addr { host: "127.2.165.189" port: 45229 } } }
