I0107 02:52:38.595499 4360 tablet_server_main.cc:76] Tablet server non-default flags: --builtin_ntp_poll_interval_ms=100 --builtin_ntp_servers=127.0.0.1:40087 --ntp_initial_sync_wait_secs=10 --time_source=builtin --enable_leader_failure_detection=false --fs_data_dirs=/tmp/dist-test-taskh2U6sE/test-tmp/kudu-tool-test.2.ToolTest.TestRemoteReplicaCopy.1578365549852848-2710/minicluster-data/ts-1/data --fs_wal_dir=/tmp/dist-test-taskh2U6sE/test-tmp/kudu-tool-test.2.ToolTest.TestRemoteReplicaCopy.1578365549852848-2710/minicluster-data/ts-1/wal --ipki_server_key_size=1024 --rpc_bind_addresses=0.0.0.0:0 --rpc_server_allow_ephemeral_ports=true --metrics_log_interval_ms=1000 --server_dump_info_format=pb --server_dump_info_path=/tmp/dist-test-taskh2U6sE/test-tmp/kudu-tool-test.2.ToolTest.TestRemoteReplicaCopy.1578365549852848-2710/minicluster-data/ts-1/data/info.pb --webserver_interface=0.0.0.0 --webserver_port=0 --tserver_master_addrs=dist-test-slave-dist-test-slave-3kpx:33341 --never_fsync=true --heap_profile_path=/tmp/kudu-tserver.4360 --redact=none --unlock_experimental_flags=true --unlock_unsafe_flags=true --enable_minidumps=false --local_ip_for_outbound_sockets=0.0.0.0 --log_dir=/tmp/dist-test-taskh2U6sE/test-tmp/kudu-tool-test.2.ToolTest.TestRemoteReplicaCopy.1578365549852848-2710/minicluster-data/ts-1/logs --logbuflevel=-1 --logtostderr=true Tablet server version: kudu 1.11.0.7.1.0.0-SNAPSHOT revision a4ff810dd64883133db852e9479c89ff2df803d7 build type DEBUG built by jenkins at 06 Jan 2020 18:27:29 PST on quasar-zycntq-1.vpc.cloudera.com build id 568631
I0107 02:52:38.605530 4360 hybrid_clock.cc:168] waiting up to --ntp_initial_sync_wait_secs=10 seconds for the clock to synchronize
I0107 02:52:38.606753 4360 hybrid_clock.cc:186] HybridClock initialized: now 1578365558606653 us; error 88 us; skew 500 ppm
I0107 02:52:38.607447 4360 fs_manager.cc:263] Metadata directory not provided
I0107 02:52:38.607497 4360 fs_manager.cc:269] Using write-ahead log directory (fs_wal_dir) as metadata directory
I0107 02:52:38.607823 4360 server_base.cc:452] Could not load existing FS layout: Not found: could not find a healthy instance file
I0107 02:52:38.607853 4360 server_base.cc:453] Attempting to create new FS layout instead
I0107 02:52:38.610054 4360 fs_manager.cc:617] Generated new instance metadata in path /tmp/dist-test-taskh2U6sE/test-tmp/kudu-tool-test.2.ToolTest.TestRemoteReplicaCopy.1578365549852848-2710/minicluster-data/ts-1/data/instance: uuid: "60c3cc7575fb4730ad5eeb12ec456624" format_stamp: "Formatted at 2020-01-07 02:52:38 on dist-test-slave-dist-test-slave-3kpx"
I0107 02:52:38.610380 4360 fs_manager.cc:617] Generated new instance metadata in path /tmp/dist-test-taskh2U6sE/test-tmp/kudu-tool-test.2.ToolTest.TestRemoteReplicaCopy.1578365549852848-2710/minicluster-data/ts-1/wal/instance: uuid: "60c3cc7575fb4730ad5eeb12ec456624" format_stamp: "Formatted at 2020-01-07 02:52:38 on dist-test-slave-dist-test-slave-3kpx"
I0107 02:52:38.612079 4360 dir_util.cc:225] Instance is unhealthy: Not found: Failed to read metadata file from /tmp/dist-test-taskh2U6sE/test-tmp/kudu-tool-test.2.ToolTest.TestRemoteReplicaCopy.1578365549852848-2710/minicluster-data/ts-1/data/data/block_manager_instance: /tmp/dist-test-taskh2U6sE/test-tmp/kudu-tool-test.2.ToolTest.TestRemoteReplicaCopy.1578365549852848-2710/minicluster-data/ts-1/data/data/block_manager_instance: No such file or directory (error 2)
I0107 02:52:38.618038 4360 fs_manager.cc:518] Time spent creating directory manager: real 0.007s user 0.006s sys 0.000s
I0107 02:52:38.618839 4360 env_posix.cc:1680] Not raising this process' open files per process limit of 1048576; it is already as high as it can go
I0107 02:52:38.619359 4360 file_cache.cc:465] Constructed file cache lbm with capacity 419430
I0107 02:52:38.623210 4360 fs_manager.cc:434] Time spent opening block manager: real 0.002s user 0.001s sys 0.000s
I0107 02:52:38.623368 4360 fs_manager.cc:451] Opened local filesystem: /tmp/dist-test-taskh2U6sE/test-tmp/kudu-tool-test.2.ToolTest.TestRemoteReplicaCopy.1578365549852848-2710/minicluster-data/ts-1/data,/tmp/dist-test-taskh2U6sE/test-tmp/kudu-tool-test.2.ToolTest.TestRemoteReplicaCopy.1578365549852848-2710/minicluster-data/ts-1/wal uuid: "60c3cc7575fb4730ad5eeb12ec456624" format_stamp: "Formatted at 2020-01-07 02:52:38 on dist-test-slave-dist-test-slave-3kpx"
I0107 02:52:38.623509 4360 fs_report.cc:352] FS layout report -------------------- wal directory: /tmp/dist-test-taskh2U6sE/test-tmp/kudu-tool-test.2.ToolTest.TestRemoteReplicaCopy.1578365549852848-2710/minicluster-data/ts-1/wal metadata directory: /tmp/dist-test-taskh2U6sE/test-tmp/kudu-tool-test.2.ToolTest.TestRemoteReplicaCopy.1578365549852848-2710/minicluster-data/ts-1/wal 1 data directories: /tmp/dist-test-taskh2U6sE/test-tmp/kudu-tool-test.2.ToolTest.TestRemoteReplicaCopy.1578365549852848-2710/minicluster-data/ts-1/data/data Total live blocks: 0 Total live bytes: 0 Total live bytes (after alignment): 0 Total number of LBM containers: 0 (0 full) Did not check for missing blocks Did not check for orphaned blocks Total full LBM containers with extra space: 0 (0 repaired) Total full LBM container extra space in bytes: 0 (0 repaired) Total incomplete LBM containers: 0 (0 repaired) Total LBM partial records: 0 (0 repaired)
I0107 02:52:38.678493 4360 env_posix.cc:1680] Not raising this process' running threads per effective uid limit of 18446744073709551615; it is already as high as it can go
I0107 02:52:38.680016 4360 ts_tablet_manager.cc:395] Loaded tablet metadata (0 total tablets, 0 live tablets)
I0107 02:52:38.680052 4360 ts_tablet_manager.cc:415] Registered 0 tablets
I0107 02:52:38.687417 4360 rpc_server.cc:211] RPC server started. Bound to: 0.0.0.0:41917
I0107 02:52:38.688336 4360 webserver.cc:382] Webserver started at http://0.0.0.0:36377/ using document root and password file
I0107 02:52:38.689014 4360 server_base.cc:629] Dumped server information to /tmp/dist-test-taskh2U6sE/test-tmp/kudu-tool-test.2.ToolTest.TestRemoteReplicaCopy.1578365549852848-2710/minicluster-data/ts-1/data/info.pb
I0107 02:52:38.697515 2710 external_mini_cluster.cc:1105] Started /tmp/dist-test-taskh2U6sE/build/debug/bin/kudu-tserver as pid 4360
I0107 02:52:38.698107 2710 external_mini_cluster.cc:1043] Running /tmp/dist-test-taskh2U6sE/build/debug/bin/kudu-tserver /tmp/dist-test-taskh2U6sE/build/debug/bin/kudu-tserver --fs_wal_dir=/tmp/dist-test-taskh2U6sE/test-tmp/kudu-tool-test.2.ToolTest.TestRemoteReplicaCopy.1578365549852848-2710/minicluster-data/ts-2/wal --fs_data_dirs=/tmp/dist-test-taskh2U6sE/test-tmp/kudu-tool-test.2.ToolTest.TestRemoteReplicaCopy.1578365549852848-2710/minicluster-data/ts-2/data --block_manager=log --rpc_bind_addresses=0.0.0.0:0 --local_ip_for_outbound_sockets=0.0.0.0 --webserver_interface=0.0.0.0 --webserver_port=0 --tserver_master_addrs=dist-test-slave-dist-test-slave-3kpx:33341 --never_fsync --ipki_server_key_size=1024 --enable_minidumps=false --redact=none --metrics_log_interval_ms=1000 --logtostderr --logbuflevel=-1 --log_dir=/tmp/dist-test-taskh2U6sE/test-tmp/kudu-tool-test.2.ToolTest.TestRemoteReplicaCopy.1578365549852848-2710/minicluster-data/ts-2/logs --server_dump_info_path=/tmp/dist-test-taskh2U6sE/test-tmp/kudu-tool-test.2.ToolTest.TestRemoteReplicaCopy.1578365549852848-2710/minicluster-data/ts-2/data/info.pb --server_dump_info_format=pb --rpc_server_allow_ephemeral_ports --unlock_experimental_flags --unlock_unsafe_flags --builtin_ntp_servers=127.0.0.1:40087 --builtin_ntp_poll_interval_ms=100 --ntp_initial_sync_wait_secs=10 --time_source=builtin --enable_leader_failure_detection=false with env {}
I0107 02:52:38.698779 4481 heartbeater.cc:322] Connected to a master server at dist-test-slave-dist-test-slave-3kpx:33341
I0107 02:52:38.698972 4481 heartbeater.cc:406] Registering TS with master...
I0107 02:52:38.699741 4481 heartbeater.cc:455] Master dist-test-slave-dist-test-slave-3kpx:33341 requested a full tablet report, sending...
I0107 02:52:38.700855 4183 ts_manager.cc:192] Registered new tserver with Master: 60c3cc7575fb4730ad5eeb12ec456624 (dist-test-slave-dist-test-slave-3kpx:41917)
I0107 02:52:38.702024 4183 master_service.cc:351] Signed X509 certificate for tserver {username='slave'} at 172.17.0.2:59481 WARNING: Logging before InitGoogleLogging() is written to STDERR
W0107 02:52:38.755076 4484 flags.cc:404] Enabled unsafe flag: --enable_leader_failure_detection=false
W0107 02:52:38.755312 4484 flags.cc:404] Enabled unsafe flag: --rpc_server_allow_ephemeral_ports=true
W0107 02:52:38.755339 4484 flags.cc:404] Enabled unsafe flag: --never_fsync=true
W0107 02:52:38.756239 4484 flags.cc:404] Enabled experimental flag: --ipki_server_key_size=1024
W0107 02:52:38.756295 4484 flags.cc:404] Enabled experimental flag: --local_ip_for_outbound_sockets=0.0.0.0
I0107 02:52:38.758078 4484 tablet_server_main.cc:76] Tablet server non-default flags: --builtin_ntp_poll_interval_ms=100 --builtin_ntp_servers=127.0.0.1:40087 --ntp_initial_sync_wait_secs=10 --time_source=builtin --enable_leader_failure_detection=false --fs_data_dirs=/tmp/dist-test-taskh2U6sE/test-tmp/kudu-tool-test.2.ToolTest.TestRemoteReplicaCopy.1578365549852848-2710/minicluster-data/ts-2/data --fs_wal_dir=/tmp/dist-test-taskh2U6sE/test-tmp/kudu-tool-test.2.ToolTest.TestRemoteReplicaCopy.1578365549852848-2710/minicluster-data/ts-2/wal --ipki_server_key_size=1024 --rpc_bind_addresses=0.0.0.0:0 --rpc_server_allow_ephemeral_ports=true --metrics_log_interval_ms=1000 --server_dump_info_format=pb --server_dump_info_path=/tmp/dist-test-taskh2U6sE/test-tmp/kudu-tool-test.2.ToolTest.TestRemoteReplicaCopy.1578365549852848-2710/minicluster-data/ts-2/data/info.pb --webserver_interface=0.0.0.0 --webserver_port=0 --tserver_master_addrs=dist-test-slave-dist-test-slave-3kpx:33341 --never_fsync=true --heap_profile_path=/tmp/kudu-tserver.4484 --redact=none --unlock_experimental_flags=true --unlock_unsafe_flags=true --enable_minidumps=false --local_ip_for_outbound_sockets=0.0.0.0 --log_dir=/tmp/dist-test-taskh2U6sE/test-tmp/kudu-tool-test.2.ToolTest.TestRemoteReplicaCopy.1578365549852848-2710/minicluster-data/ts-2/logs --logbuflevel=-1 --logtostderr=true Tablet server version: kudu 1.11.0.7.1.0.0-SNAPSHOT revision a4ff810dd64883133db852e9479c89ff2df803d7 build type DEBUG built by jenkins at 06 Jan 2020 18:27:29 PST on quasar-zycntq-1.vpc.cloudera.com build id 568631
I0107 02:52:38.768024 4484 hybrid_clock.cc:168] waiting up to --ntp_initial_sync_wait_secs=10 seconds for the clock to synchronize
I0107 02:52:38.769213 4484 hybrid_clock.cc:186] HybridClock initialized: now 1578365558769170 us; error 36 us; skew 500 ppm
I0107 02:52:38.769857 4484 fs_manager.cc:263] Metadata directory not provided
I0107 02:52:38.769896 4484 fs_manager.cc:269] Using write-ahead log directory (fs_wal_dir) as metadata directory
I0107 02:52:38.770157 4484 server_base.cc:452] Could not load existing FS layout: Not found: could not find a healthy instance file
I0107 02:52:38.770180 4484 server_base.cc:453] Attempting to create new FS layout instead
I0107 02:52:38.772400 4484 fs_manager.cc:617] Generated new instance metadata in path /tmp/dist-test-taskh2U6sE/test-tmp/kudu-tool-test.2.ToolTest.TestRemoteReplicaCopy.1578365549852848-2710/minicluster-data/ts-2/data/instance: uuid: "db2c4e3750694192ba003d3a45d4913b" format_stamp: "Formatted at 2020-01-07 02:52:38 on dist-test-slave-dist-test-slave-3kpx"
I0107 02:52:38.772711 4484 fs_manager.cc:617] Generated new instance metadata in path /tmp/dist-test-taskh2U6sE/test-tmp/kudu-tool-test.2.ToolTest.TestRemoteReplicaCopy.1578365549852848-2710/minicluster-data/ts-2/wal/instance: uuid: "db2c4e3750694192ba003d3a45d4913b" format_stamp: "Formatted at 2020-01-07 02:52:38 on dist-test-slave-dist-test-slave-3kpx"
I0107 02:52:38.774350 4484 dir_util.cc:225] Instance is unhealthy: Not found: Failed to read metadata file from /tmp/dist-test-taskh2U6sE/test-tmp/kudu-tool-test.2.ToolTest.TestRemoteReplicaCopy.1578365549852848-2710/minicluster-data/ts-2/data/data/block_manager_instance: /tmp/dist-test-taskh2U6sE/test-tmp/kudu-tool-test.2.ToolTest.TestRemoteReplicaCopy.1578365549852848-2710/minicluster-data/ts-2/data/data/block_manager_instance: No such file or directory (error 2)
I0107 02:52:38.780139 4484 fs_manager.cc:518] Time spent creating directory manager: real 0.007s user 0.006s sys 0.002s
I0107 02:52:38.780897 4484 env_posix.cc:1680] Not raising this process' open files per process limit of 1048576; it is already as high as it can go
I0107 02:52:38.781419 4484 file_cache.cc:465] Constructed file cache lbm with capacity 419430
I0107 02:52:38.785183 4484 fs_manager.cc:434] Time spent opening block manager: real 0.002s user 0.001s sys 0.000s
I0107 02:52:38.785370 4484 fs_manager.cc:451] Opened local filesystem: /tmp/dist-test-taskh2U6sE/test-tmp/kudu-tool-test.2.ToolTest.TestRemoteReplicaCopy.1578365549852848-2710/minicluster-data/ts-2/data,/tmp/dist-test-taskh2U6sE/test-tmp/kudu-tool-test.2.ToolTest.TestRemoteReplicaCopy.1578365549852848-2710/minicluster-data/ts-2/wal uuid: "db2c4e3750694192ba003d3a45d4913b" format_stamp: "Formatted at 2020-01-07 02:52:38 on dist-test-slave-dist-test-slave-3kpx"
I0107 02:52:38.785509 4484 fs_report.cc:352] FS layout report -------------------- wal directory: /tmp/dist-test-taskh2U6sE/test-tmp/kudu-tool-test.2.ToolTest.TestRemoteReplicaCopy.1578365549852848-2710/minicluster-data/ts-2/wal metadata directory: /tmp/dist-test-taskh2U6sE/test-tmp/kudu-tool-test.2.ToolTest.TestRemoteReplicaCopy.1578365549852848-2710/minicluster-data/ts-2/wal 1 data directories: /tmp/dist-test-taskh2U6sE/test-tmp/kudu-tool-test.2.ToolTest.TestRemoteReplicaCopy.1578365549852848-2710/minicluster-data/ts-2/data/data Total live blocks: 0 Total live bytes: 0 Total live bytes (after alignment): 0 Total number of LBM containers: 0 (0 full) Did not check for missing blocks Did not check for orphaned blocks Total full LBM containers with extra space: 0 (0 repaired) Total full LBM container extra space in bytes: 0 (0 repaired) Total incomplete LBM containers: 0 (0 repaired) Total LBM partial records: 0 (0 repaired)
I0107 02:52:38.819919 4484 env_posix.cc:1680] Not raising this process' running threads per effective uid limit of 18446744073709551615; it is already as high as it can go
I0107 02:52:38.821378 4484 ts_tablet_manager.cc:395] Loaded tablet metadata (0 total tablets, 0 live tablets)
I0107 02:52:38.821411 4484 ts_tablet_manager.cc:415] Registered 0 tablets
I0107 02:52:38.830132 4484 rpc_server.cc:211] RPC server started. Bound to: 0.0.0.0:37349
I0107 02:52:38.831246 4484 webserver.cc:382] Webserver started at http://0.0.0.0:42101/ using document root and password file
I0107 02:52:38.832026 4484 server_base.cc:629] Dumped server information to /tmp/dist-test-taskh2U6sE/test-tmp/kudu-tool-test.2.ToolTest.TestRemoteReplicaCopy.1578365549852848-2710/minicluster-data/ts-2/data/info.pb
I0107 02:52:38.834224 2710 external_mini_cluster.cc:1105] Started /tmp/dist-test-taskh2U6sE/build/debug/bin/kudu-tserver as pid 4484
I0107 02:52:38.841331 4605 heartbeater.cc:322] Connected to a master server at dist-test-slave-dist-test-slave-3kpx:33341
I0107 02:52:38.841506 4605 heartbeater.cc:406] Registering TS with master...
I0107 02:52:38.842170 4605 heartbeater.cc:455] Master dist-test-slave-dist-test-slave-3kpx:33341 requested a full tablet report, sending...
I0107 02:52:38.843231 4183 ts_manager.cc:192] Registered new tserver with Master: db2c4e3750694192ba003d3a45d4913b (dist-test-slave-dist-test-slave-3kpx:37349)
I0107 02:52:38.844094 4183 master_service.cc:351] Signed X509 certificate for tserver {username='slave'} at 172.17.0.2:53227
I0107 02:52:38.845175 2710 external_mini_cluster.cc:721] 3 TS(s) registered with all masters
I0107 02:52:38.846349 2710 test_util.cc:229] Using random seed: -562695302
I0107 02:52:38.856746 4183 catalog_manager.cc:1454] Servicing CreateTable request from {username='slave'} at 172.17.0.2:57926: name: "test-workload" schema { columns { name: "key" type: INT32 is_key: true is_nullable: false encoding: AUTO_ENCODING compression: DEFAULT_COMPRESSION cfile_block_size: 0 } columns { name: "int_val" type: INT32 is_key: false is_nullable: false encoding: AUTO_ENCODING compression: DEFAULT_COMPRESSION cfile_block_size: 0 } columns { name: "string_val" type: STRING is_key: false is_nullable: true encoding: AUTO_ENCODING compression: DEFAULT_COMPRESSION cfile_block_size: 0 } } num_replicas: 3 split_rows_range_bounds { rows: "\004\001\000\252\252\252*\004\001\000TUUU" } partition_schema { range_schema { columns { name: "key" } } }
W0107 02:52:38.858310 4183 catalog_manager.cc:1619] The number of live tablet servers is not enough to re-replicate a tablet replica of the newly created table test-workload in case of a server failure: 4 tablet servers would be needed, 3 are available. Consider bringing up more tablet servers.
I0107 02:52:38.877069 4290 tablet_service.cc:1034] Processing CreateTablet for tablet 1fafdf1471af4c0cb4862fff1663cdc8 (table=test-workload [id=c1782517762a42b1a745d2481955bf8c]), partition=RANGE (key) PARTITION 715827882 <= VALUES < 1431655764
I0107 02:52:38.877069 4415 tablet_service.cc:1034] Processing CreateTablet for tablet 5d72ea6e51bb430c823e5230a677deee (table=test-workload [id=c1782517762a42b1a745d2481955bf8c]), partition=RANGE (key) PARTITION VALUES < 715827882
I0107 02:52:38.877069 4529 tablet_service.cc:1034] Processing CreateTablet for tablet 1fafdf1471af4c0cb4862fff1663cdc8 (table=test-workload [id=c1782517762a42b1a745d2481955bf8c]), partition=RANGE (key) PARTITION 715827882 <= VALUES < 1431655764
I0107 02:52:38.877069 4542 tablet_service.cc:1034] Processing CreateTablet for tablet 528e27054513478bacd3aa83df887395 (table=test-workload [id=c1782517762a42b1a745d2481955bf8c]), partition=RANGE (key) PARTITION VALUES >= 1431655764
I0107 02:52:38.877759 4415 data_dirs.cc:394] Could only allocate 1 dirs of requested 3 for tablet 5d72ea6e51bb430c823e5230a677deee. 1 dirs total, 0 dirs full, 0 dirs failed
I0107 02:52:38.877760 4290 data_dirs.cc:394] Could only allocate 1 dirs of requested 3 for tablet 1fafdf1471af4c0cb4862fff1663cdc8. 1 dirs total, 0 dirs full, 0 dirs failed
I0107 02:52:38.877768 4542 data_dirs.cc:394] Could only allocate 1 dirs of requested 3 for tablet 528e27054513478bacd3aa83df887395. 1 dirs total, 0 dirs full, 0 dirs failed
I0107 02:52:38.878046 4529 data_dirs.cc:394] Could only allocate 1 dirs of requested 3 for tablet 1fafdf1471af4c0cb4862fff1663cdc8. 1 dirs total, 0 dirs full, 0 dirs failed
I0107 02:52:38.878794 4289 tablet_service.cc:1034] Processing CreateTablet for tablet 528e27054513478bacd3aa83df887395 (table=test-workload [id=c1782517762a42b1a745d2481955bf8c]), partition=RANGE (key) PARTITION VALUES >= 1431655764
I0107 02:52:38.878995 4289 data_dirs.cc:394] Could only allocate 1 dirs of requested 3 for tablet 528e27054513478bacd3aa83df887395. 1 dirs total, 0 dirs full, 0 dirs failed
I0107 02:52:38.879022 4530 tablet_service.cc:1034] Processing CreateTablet for tablet 5d72ea6e51bb430c823e5230a677deee (table=test-workload [id=c1782517762a42b1a745d2481955bf8c]), partition=RANGE (key) PARTITION VALUES < 715827882
I0107 02:52:38.879220 4530 data_dirs.cc:394] Could only allocate 1 dirs of requested 3 for tablet 5d72ea6e51bb430c823e5230a677deee. 1 dirs total, 0 dirs full, 0 dirs failed
I0107 02:52:38.879354 4417 tablet_service.cc:1034] Processing CreateTablet for tablet 1fafdf1471af4c0cb4862fff1663cdc8 (table=test-workload [id=c1782517762a42b1a745d2481955bf8c]), partition=RANGE (key) PARTITION 715827882 <= VALUES < 1431655764
I0107 02:52:38.879545 4417 data_dirs.cc:394] Could only allocate 1 dirs of requested 3 for tablet 1fafdf1471af4c0cb4862fff1663cdc8. 1 dirs total, 0 dirs full, 0 dirs failed
I0107 02:52:38.882792 4418 tablet_service.cc:1034] Processing CreateTablet for tablet 528e27054513478bacd3aa83df887395 (table=test-workload [id=c1782517762a42b1a745d2481955bf8c]), partition=RANGE (key) PARTITION VALUES >= 1431655764
I0107 02:52:38.882839 4278 tablet_service.cc:1034] Processing CreateTablet for tablet 5d72ea6e51bb430c823e5230a677deee (table=test-workload [id=c1782517762a42b1a745d2481955bf8c]), partition=RANGE (key) PARTITION VALUES < 715827882
I0107 02:52:38.882992 4418 data_dirs.cc:394] Could only allocate 1 dirs of requested 3 for tablet 528e27054513478bacd3aa83df887395. 1 dirs total, 0 dirs full, 0 dirs failed
I0107 02:52:38.882992 4278 data_dirs.cc:394] Could only allocate 1 dirs of requested 3 for tablet 5d72ea6e51bb430c823e5230a677deee. 1 dirs total, 0 dirs full, 0 dirs failed
I0107 02:52:38.886204 4621 tablet_bootstrap.cc:439] T 5d72ea6e51bb430c823e5230a677deee P db2c4e3750694192ba003d3a45d4913b: Bootstrap starting.
I0107 02:52:38.888299 4621 tablet_bootstrap.cc:590] T 5d72ea6e51bb430c823e5230a677deee P db2c4e3750694192ba003d3a45d4913b: No blocks or log segments found. Creating new log.
I0107 02:52:38.889019 4623 tablet_bootstrap.cc:439] T 1fafdf1471af4c0cb4862fff1663cdc8 P 3ac4479875874b51bd79eaf11ddc7556: Bootstrap starting.
I0107 02:52:38.890470 4622 tablet_bootstrap.cc:439] T 528e27054513478bacd3aa83df887395 P 60c3cc7575fb4730ad5eeb12ec456624: Bootstrap starting.
I0107 02:52:38.891160 4621 log.cc:815] T 5d72ea6e51bb430c823e5230a677deee P db2c4e3750694192ba003d3a45d4913b: Log is configured to *not* fsync() on all Append() calls
I0107 02:52:38.893863 4622 tablet_bootstrap.cc:590] T 528e27054513478bacd3aa83df887395 P 60c3cc7575fb4730ad5eeb12ec456624: No blocks or log segments found. Creating new log.
I0107 02:52:38.893977 4623 tablet_bootstrap.cc:590] T 1fafdf1471af4c0cb4862fff1663cdc8 P 3ac4479875874b51bd79eaf11ddc7556: No blocks or log segments found. Creating new log.
I0107 02:52:38.894748 4621 tablet_bootstrap.cc:439] T 5d72ea6e51bb430c823e5230a677deee P db2c4e3750694192ba003d3a45d4913b: No bootstrap required, opened a new log
I0107 02:52:38.894932 4622 log.cc:815] T 528e27054513478bacd3aa83df887395 P 60c3cc7575fb4730ad5eeb12ec456624: Log is configured to *not* fsync() on all Append() calls
I0107 02:52:38.894970 4621 ts_tablet_manager.cc:1103] T 5d72ea6e51bb430c823e5230a677deee P db2c4e3750694192ba003d3a45d4913b: Time spent bootstrapping tablet: real 0.009s user 0.004s sys 0.000s
I0107 02:52:38.895007 4623 log.cc:815] T 1fafdf1471af4c0cb4862fff1663cdc8 P 3ac4479875874b51bd79eaf11ddc7556: Log is configured to *not* fsync() on all Append() calls
I0107 02:52:38.897660 4621 raft_consensus.cc:340] T 5d72ea6e51bb430c823e5230a677deee P db2c4e3750694192ba003d3a45d4913b [term 0 FOLLOWER]: Replica starting. Triggering 0 pending transactions. Active config: opid_index: -1 OBSOLETE_local: false peers { permanent_uuid: "3ac4479875874b51bd79eaf11ddc7556" member_type: VOTER last_known_addr { host: "dist-test-slave-dist-test-slave-3kpx" port: 39053 } } peers { permanent_uuid: "60c3cc7575fb4730ad5eeb12ec456624" member_type: VOTER last_known_addr { host: "dist-test-slave-dist-test-slave-3kpx" port: 41917 } } peers { permanent_uuid: "db2c4e3750694192ba003d3a45d4913b" member_type: VOTER last_known_addr { host: "dist-test-slave-dist-test-slave-3kpx" port: 37349 } }
I0107 02:52:38.897753 4621 raft_consensus.cc:705] T 5d72ea6e51bb430c823e5230a677deee P db2c4e3750694192ba003d3a45d4913b [term 0 FOLLOWER]: Becoming Follower/Learner. State: Replica: db2c4e3750694192ba003d3a45d4913b, State: Initialized, Role: FOLLOWER
I0107 02:52:38.898126 4621 consensus_queue.cc:231] T 5d72ea6e51bb430c823e5230a677deee P db2c4e3750694192ba003d3a45d4913b [NON_LEADER]: Queue going to NON_LEADER mode. State: All replicated index: 0, Majority replicated index: 0, Committed index: 0, Last appended: 0.0, Last appended by leader: 0, Current term: 0, Majority size: -1, State: 0, Mode: NON_LEADER, active raft config: opid_index: -1 OBSOLETE_local: false peers { permanent_uuid: "3ac4479875874b51bd79eaf11ddc7556" member_type: VOTER last_known_addr { host: "dist-test-slave-dist-test-slave-3kpx" port: 39053 } } peers { permanent_uuid: "60c3cc7575fb4730ad5eeb12ec456624" member_type: VOTER last_known_addr { host: "dist-test-slave-dist-test-slave-3kpx" port: 41917 } } peers { permanent_uuid: "db2c4e3750694192ba003d3a45d4913b" member_type: VOTER last_known_addr { host: "dist-test-slave-dist-test-slave-3kpx" port: 37349 } }
I0107 02:52:38.899456 4623 tablet_bootstrap.cc:439] T 1fafdf1471af4c0cb4862fff1663cdc8 P 3ac4479875874b51bd79eaf11ddc7556: No bootstrap required, opened a new log
I0107 02:52:38.899552 4605 heartbeater.cc:447] Master dist-test-slave-dist-test-slave-3kpx:33341 was elected leader, sending a full tablet report...
I0107 02:52:38.899677 4623 ts_tablet_manager.cc:1103] T 1fafdf1471af4c0cb4862fff1663cdc8 P 3ac4479875874b51bd79eaf11ddc7556: Time spent bootstrapping tablet: real 0.011s user 0.004s sys 0.000s
I0107 02:52:38.899629 4622 tablet_bootstrap.cc:439] T 528e27054513478bacd3aa83df887395 P 60c3cc7575fb4730ad5eeb12ec456624: No bootstrap required, opened a new log
I0107 02:52:38.899873 4622 ts_tablet_manager.cc:1103] T 528e27054513478bacd3aa83df887395 P 60c3cc7575fb4730ad5eeb12ec456624: Time spent bootstrapping tablet: real 0.010s user 0.004s sys 0.000s
I0107 02:52:38.902634 4623 raft_consensus.cc:340] T 1fafdf1471af4c0cb4862fff1663cdc8 P 3ac4479875874b51bd79eaf11ddc7556 [term 0 FOLLOWER]: Replica starting. Triggering 0 pending transactions. Active config: opid_index: -1 OBSOLETE_local: false peers { permanent_uuid: "60c3cc7575fb4730ad5eeb12ec456624" member_type: VOTER last_known_addr { host: "dist-test-slave-dist-test-slave-3kpx" port: 41917 } } peers { permanent_uuid: "3ac4479875874b51bd79eaf11ddc7556" member_type: VOTER last_known_addr { host: "dist-test-slave-dist-test-slave-3kpx" port: 39053 } } peers { permanent_uuid: "db2c4e3750694192ba003d3a45d4913b" member_type: VOTER last_known_addr { host: "dist-test-slave-dist-test-slave-3kpx" port: 37349 } }
I0107 02:52:38.902737 4623 raft_consensus.cc:705] T 1fafdf1471af4c0cb4862fff1663cdc8 P 3ac4479875874b51bd79eaf11ddc7556 [term 0 FOLLOWER]: Becoming Follower/Learner. State: Replica: 3ac4479875874b51bd79eaf11ddc7556, State: Initialized, Role: FOLLOWER
I0107 02:52:38.902856 4622 raft_consensus.cc:340] T 528e27054513478bacd3aa83df887395 P 60c3cc7575fb4730ad5eeb12ec456624 [term 0 FOLLOWER]: Replica starting. Triggering 0 pending transactions. Active config: opid_index: -1 OBSOLETE_local: false peers { permanent_uuid: "60c3cc7575fb4730ad5eeb12ec456624" member_type: VOTER last_known_addr { host: "dist-test-slave-dist-test-slave-3kpx" port: 41917 } } peers { permanent_uuid: "3ac4479875874b51bd79eaf11ddc7556" member_type: VOTER last_known_addr { host: "dist-test-slave-dist-test-slave-3kpx" port: 39053 } } peers { permanent_uuid: "db2c4e3750694192ba003d3a45d4913b" member_type: VOTER last_known_addr { host: "dist-test-slave-dist-test-slave-3kpx" port: 37349 } }
I0107 02:52:38.902940 4622 raft_consensus.cc:705] T 528e27054513478bacd3aa83df887395 P 60c3cc7575fb4730ad5eeb12ec456624 [term 0 FOLLOWER]: Becoming Follower/Learner. State: Replica: 60c3cc7575fb4730ad5eeb12ec456624, State: Initialized, Role: FOLLOWER
I0107 02:52:38.903059 4623 consensus_queue.cc:231] T 1fafdf1471af4c0cb4862fff1663cdc8 P 3ac4479875874b51bd79eaf11ddc7556 [NON_LEADER]: Queue going to NON_LEADER mode. State: All replicated index: 0, Majority replicated index: 0, Committed index: 0, Last appended: 0.0, Last appended by leader: 0, Current term: 0, Majority size: -1, State: 0, Mode: NON_LEADER, active raft config: opid_index: -1 OBSOLETE_local: false peers { permanent_uuid: "60c3cc7575fb4730ad5eeb12ec456624" member_type: VOTER last_known_addr { host: "dist-test-slave-dist-test-slave-3kpx" port: 41917 } } peers { permanent_uuid: "3ac4479875874b51bd79eaf11ddc7556" member_type: VOTER last_known_addr { host: "dist-test-slave-dist-test-slave-3kpx" port: 39053 } } peers { permanent_uuid: "db2c4e3750694192ba003d3a45d4913b" member_type: VOTER last_known_addr { host: "dist-test-slave-dist-test-slave-3kpx" port: 37349 } }
I0107 02:52:38.903133 4621 ts_tablet_manager.cc:1131] T 5d72ea6e51bb430c823e5230a677deee P db2c4e3750694192ba003d3a45d4913b: Time spent starting tablet: real 0.008s user 0.004s sys 0.000s
I0107 02:52:38.903210 4622 consensus_queue.cc:231] T 528e27054513478bacd3aa83df887395 P 60c3cc7575fb4730ad5eeb12ec456624 [NON_LEADER]: Queue going to NON_LEADER mode. State: All replicated index: 0, Majority replicated index: 0, Committed index: 0, Last appended: 0.0, Last appended by leader: 0, Current term: 0, Majority size: -1, State: 0, Mode: NON_LEADER, active raft config: opid_index: -1 OBSOLETE_local: false peers { permanent_uuid: "60c3cc7575fb4730ad5eeb12ec456624" member_type: VOTER last_known_addr { host: "dist-test-slave-dist-test-slave-3kpx" port: 41917 } } peers { permanent_uuid: "3ac4479875874b51bd79eaf11ddc7556" member_type: VOTER last_known_addr { host: "dist-test-slave-dist-test-slave-3kpx" port: 39053 } } peers { permanent_uuid: "db2c4e3750694192ba003d3a45d4913b" member_type: VOTER last_known_addr { host: "dist-test-slave-dist-test-slave-3kpx" port: 37349 } }
I0107 02:52:38.903466 4621 tablet_bootstrap.cc:439] T 1fafdf1471af4c0cb4862fff1663cdc8 P db2c4e3750694192ba003d3a45d4913b: Bootstrap starting.
I0107 02:52:38.903614 4356 heartbeater.cc:447] Master dist-test-slave-dist-test-slave-3kpx:33341 was elected leader, sending a full tablet report...
I0107 02:52:38.903681 4481 heartbeater.cc:447] Master dist-test-slave-dist-test-slave-3kpx:33341 was elected leader, sending a full tablet report...
I0107 02:52:38.904724 4621 tablet_bootstrap.cc:590] T 1fafdf1471af4c0cb4862fff1663cdc8 P db2c4e3750694192ba003d3a45d4913b: No blocks or log segments found. Creating new log.
I0107 02:52:38.905418 4622 ts_tablet_manager.cc:1131] T 528e27054513478bacd3aa83df887395 P 60c3cc7575fb4730ad5eeb12ec456624: Time spent starting tablet: real 0.006s user 0.004s sys 0.000s
I0107 02:52:38.905418 4623 ts_tablet_manager.cc:1131] T 1fafdf1471af4c0cb4862fff1663cdc8 P 3ac4479875874b51bd79eaf11ddc7556: Time spent starting tablet: real 0.006s user 0.005s sys 0.000s
I0107 02:52:38.905700 4623 tablet_bootstrap.cc:439] T 528e27054513478bacd3aa83df887395 P 3ac4479875874b51bd79eaf11ddc7556: Bootstrap starting.
I0107 02:52:38.905714 4622 tablet_bootstrap.cc:439] T 1fafdf1471af4c0cb4862fff1663cdc8 P 60c3cc7575fb4730ad5eeb12ec456624: Bootstrap starting.
I0107 02:52:38.906872 4623 tablet_bootstrap.cc:590] T 528e27054513478bacd3aa83df887395 P 3ac4479875874b51bd79eaf11ddc7556: No blocks or log segments found. Creating new log.
I0107 02:52:38.906883 4622 tablet_bootstrap.cc:590] T 1fafdf1471af4c0cb4862fff1663cdc8 P 60c3cc7575fb4730ad5eeb12ec456624: No blocks or log segments found. Creating new log.
I0107 02:52:38.906883 4621 tablet_bootstrap.cc:439] T 1fafdf1471af4c0cb4862fff1663cdc8 P db2c4e3750694192ba003d3a45d4913b: No bootstrap required, opened a new log
I0107 02:52:38.906955 4621 ts_tablet_manager.cc:1103] T 1fafdf1471af4c0cb4862fff1663cdc8 P db2c4e3750694192ba003d3a45d4913b: Time spent bootstrapping tablet: real 0.004s user 0.002s sys 0.000s
I0107 02:52:38.907675 4621 raft_consensus.cc:340] T 1fafdf1471af4c0cb4862fff1663cdc8 P db2c4e3750694192ba003d3a45d4913b [term 0 FOLLOWER]: Replica starting. Triggering 0 pending transactions. Active config: opid_index: -1 OBSOLETE_local: false peers { permanent_uuid: "60c3cc7575fb4730ad5eeb12ec456624" member_type: VOTER last_known_addr { host: "dist-test-slave-dist-test-slave-3kpx" port: 41917 } } peers { permanent_uuid: "3ac4479875874b51bd79eaf11ddc7556" member_type: VOTER last_known_addr { host: "dist-test-slave-dist-test-slave-3kpx" port: 39053 } } peers { permanent_uuid: "db2c4e3750694192ba003d3a45d4913b" member_type: VOTER last_known_addr { host: "dist-test-slave-dist-test-slave-3kpx" port: 37349 } }
I0107 02:52:38.907717 4621 raft_consensus.cc:705] T 1fafdf1471af4c0cb4862fff1663cdc8 P db2c4e3750694192ba003d3a45d4913b [term 0 FOLLOWER]: Becoming Follower/Learner. State: Replica: db2c4e3750694192ba003d3a45d4913b, State: Initialized, Role: FOLLOWER
I0107 02:52:38.907827 4621 consensus_queue.cc:231] T 1fafdf1471af4c0cb4862fff1663cdc8 P db2c4e3750694192ba003d3a45d4913b [NON_LEADER]: Queue going to NON_LEADER mode. State: All replicated index: 0, Majority replicated index: 0, Committed index: 0, Last appended: 0.0, Last appended by leader: 0, Current term: 0, Majority size: -1, State: 0, Mode: NON_LEADER, active raft config: opid_index: -1 OBSOLETE_local: false peers { permanent_uuid: "60c3cc7575fb4730ad5eeb12ec456624" member_type: VOTER last_known_addr { host: "dist-test-slave-dist-test-slave-3kpx" port: 41917 } } peers { permanent_uuid: "3ac4479875874b51bd79eaf11ddc7556" member_type: VOTER last_known_addr { host: "dist-test-slave-dist-test-slave-3kpx" port: 39053 } } peers { permanent_uuid: "db2c4e3750694192ba003d3a45d4913b" member_type: VOTER last_known_addr { host: "dist-test-slave-dist-test-slave-3kpx" port: 37349 } }
I0107 02:52:38.908718 4622 tablet_bootstrap.cc:439] T 1fafdf1471af4c0cb4862fff1663cdc8 P 60c3cc7575fb4730ad5eeb12ec456624: No bootstrap required, opened a new log
I0107 02:52:38.908725 4623 tablet_bootstrap.cc:439] T 528e27054513478bacd3aa83df887395 P 3ac4479875874b51bd79eaf11ddc7556: No bootstrap required, opened a new log
I0107 02:52:38.908802 4622 ts_tablet_manager.cc:1103] T 1fafdf1471af4c0cb4862fff1663cdc8 P 60c3cc7575fb4730ad5eeb12ec456624: Time spent bootstrapping tablet: real 0.003s user 0.002s sys 0.000s
I0107 02:52:38.908897 4623 ts_tablet_manager.cc:1103] T 528e27054513478bacd3aa83df887395 P 3ac4479875874b51bd79eaf11ddc7556: Time spent bootstrapping tablet: real 0.003s user 0.002s sys 0.000s
I0107 02:52:38.909494 4622 raft_consensus.cc:340] T 1fafdf1471af4c0cb4862fff1663cdc8 P 60c3cc7575fb4730ad5eeb12ec456624 [term 0 FOLLOWER]: Replica starting. Triggering 0 pending transactions. Active config: opid_index: -1 OBSOLETE_local: false peers { permanent_uuid: "60c3cc7575fb4730ad5eeb12ec456624" member_type: VOTER last_known_addr { host: "dist-test-slave-dist-test-slave-3kpx" port: 41917 } } peers { permanent_uuid: "3ac4479875874b51bd79eaf11ddc7556" member_type: VOTER last_known_addr { host: "dist-test-slave-dist-test-slave-3kpx" port: 39053 } } peers { permanent_uuid: "db2c4e3750694192ba003d3a45d4913b" member_type: VOTER last_known_addr { host: "dist-test-slave-dist-test-slave-3kpx" port: 37349 } }
I0107 02:52:38.909533 4622 raft_consensus.cc:705] T 1fafdf1471af4c0cb4862fff1663cdc8 P 60c3cc7575fb4730ad5eeb12ec456624 [term 0 FOLLOWER]: Becoming Follower/Learner. State: Replica: 60c3cc7575fb4730ad5eeb12ec456624, State: Initialized, Role: FOLLOWER
I0107 02:52:38.909627 4622 consensus_queue.cc:231] T 1fafdf1471af4c0cb4862fff1663cdc8 P 60c3cc7575fb4730ad5eeb12ec456624 [NON_LEADER]: Queue going to NON_LEADER mode. State: All replicated index: 0, Majority replicated index: 0, Committed index: 0, Last appended: 0.0, Last appended by leader: 0, Current term: 0, Majority size: -1, State: 0, Mode: NON_LEADER, active raft config: opid_index: -1 OBSOLETE_local: false peers { permanent_uuid: "60c3cc7575fb4730ad5eeb12ec456624" member_type: VOTER last_known_addr { host: "dist-test-slave-dist-test-slave-3kpx" port: 41917 } } peers { permanent_uuid: "3ac4479875874b51bd79eaf11ddc7556" member_type: VOTER last_known_addr { host: "dist-test-slave-dist-test-slave-3kpx" port: 39053 } } peers { permanent_uuid: "db2c4e3750694192ba003d3a45d4913b" member_type: VOTER last_known_addr { host: "dist-test-slave-dist-test-slave-3kpx" port: 37349 } }
I0107 02:52:38.909734 4623 raft_consensus.cc:340] T 528e27054513478bacd3aa83df887395 P 3ac4479875874b51bd79eaf11ddc7556 [term 0 FOLLOWER]: Replica starting. Triggering 0 pending transactions. Active config: opid_index: -1 OBSOLETE_local: false peers { permanent_uuid: "60c3cc7575fb4730ad5eeb12ec456624" member_type: VOTER last_known_addr { host: "dist-test-slave-dist-test-slave-3kpx" port: 41917 } } peers { permanent_uuid: "3ac4479875874b51bd79eaf11ddc7556" member_type: VOTER last_known_addr { host: "dist-test-slave-dist-test-slave-3kpx" port: 39053 } } peers { permanent_uuid: "db2c4e3750694192ba003d3a45d4913b" member_type: VOTER last_known_addr { host: "dist-test-slave-dist-test-slave-3kpx" port: 37349 } }
I0107 02:52:38.909814 4623 raft_consensus.cc:705] T 528e27054513478bacd3aa83df887395 P 3ac4479875874b51bd79eaf11ddc7556 [term 0 FOLLOWER]: Becoming Follower/Learner. State: Replica: 3ac4479875874b51bd79eaf11ddc7556, State: Initialized, Role: FOLLOWER
I0107 02:52:38.909956 4623 consensus_queue.cc:231] T 528e27054513478bacd3aa83df887395 P 3ac4479875874b51bd79eaf11ddc7556 [NON_LEADER]: Queue going to NON_LEADER mode. State: All replicated index: 0, Majority replicated index: 0, Committed index: 0, Last appended: 0.0, Last appended by leader: 0, Current term: 0, Majority size: -1, State: 0, Mode: NON_LEADER, active raft config: opid_index: -1 OBSOLETE_local: false peers { permanent_uuid: "60c3cc7575fb4730ad5eeb12ec456624" member_type: VOTER last_known_addr { host: "dist-test-slave-dist-test-slave-3kpx" port: 41917 } } peers { permanent_uuid: "3ac4479875874b51bd79eaf11ddc7556" member_type: VOTER last_known_addr { host: "dist-test-slave-dist-test-slave-3kpx" port: 39053 } } peers { permanent_uuid: "db2c4e3750694192ba003d3a45d4913b" member_type: VOTER last_known_addr { host: "dist-test-slave-dist-test-slave-3kpx" port: 37349 } }
I0107 02:52:38.909991 4621 ts_tablet_manager.cc:1131] T 1fafdf1471af4c0cb4862fff1663cdc8 P db2c4e3750694192ba003d3a45d4913b: Time spent starting tablet: real 0.003s user 0.001s sys 0.000s
I0107 02:52:38.910181 4621 tablet_bootstrap.cc:439] T 528e27054513478bacd3aa83df887395 P db2c4e3750694192ba003d3a45d4913b: Bootstrap starting.
I0107 02:52:38.910385 4623 ts_tablet_manager.cc:1131] T 528e27054513478bacd3aa83df887395 P 3ac4479875874b51bd79eaf11ddc7556: Time spent starting tablet: real 0.001s user 0.001s sys 0.000s
I0107 02:52:38.910651 4623 tablet_bootstrap.cc:439] T 5d72ea6e51bb430c823e5230a677deee P 3ac4479875874b51bd79eaf11ddc7556: Bootstrap starting.
I0107 02:52:38.911268 4621 tablet_bootstrap.cc:590] T 528e27054513478bacd3aa83df887395 P db2c4e3750694192ba003d3a45d4913b: No blocks or log segments found. Creating new log.
I0107 02:52:38.911792 4623 tablet_bootstrap.cc:590] T 5d72ea6e51bb430c823e5230a677deee P 3ac4479875874b51bd79eaf11ddc7556: No blocks or log segments found. Creating new log.
I0107 02:52:38.912079 4622 ts_tablet_manager.cc:1131] T 1fafdf1471af4c0cb4862fff1663cdc8 P 60c3cc7575fb4730ad5eeb12ec456624: Time spent starting tablet: real 0.003s user 0.001s sys 0.000s
I0107 02:52:38.912228 4622 tablet_bootstrap.cc:439] T 5d72ea6e51bb430c823e5230a677deee P 60c3cc7575fb4730ad5eeb12ec456624: Bootstrap starting.
I0107 02:52:38.913182 4622 tablet_bootstrap.cc:590] T 5d72ea6e51bb430c823e5230a677deee P 60c3cc7575fb4730ad5eeb12ec456624: No blocks or log segments found. Creating new log.
I0107 02:52:38.914186 4623 tablet_bootstrap.cc:439] T 5d72ea6e51bb430c823e5230a677deee P 3ac4479875874b51bd79eaf11ddc7556: No bootstrap required, opened a new log
I0107 02:52:38.914260 4623 ts_tablet_manager.cc:1103] T 5d72ea6e51bb430c823e5230a677deee P 3ac4479875874b51bd79eaf11ddc7556: Time spent bootstrapping tablet: real 0.004s user 0.002s sys 0.000s
I0107 02:52:38.914369 4621 tablet_bootstrap.cc:439] T 528e27054513478bacd3aa83df887395 P db2c4e3750694192ba003d3a45d4913b: No bootstrap required, opened a new log
I0107 02:52:38.914480 4621 ts_tablet_manager.cc:1103] T 528e27054513478bacd3aa83df887395 P db2c4e3750694192ba003d3a45d4913b: Time spent bootstrapping tablet: real 0.004s user 0.002s sys 0.000s
I0107 02:52:38.914574 4622 tablet_bootstrap.cc:439] T 5d72ea6e51bb430c823e5230a677deee P 60c3cc7575fb4730ad5eeb12ec456624: No bootstrap required, opened a new log
I0107 02:52:38.914638 4622 ts_tablet_manager.cc:1103] T 5d72ea6e51bb430c823e5230a677deee P 60c3cc7575fb4730ad5eeb12ec456624: Time spent bootstrapping tablet: real 0.002s user 0.002s sys 0.000s
I0107 02:52:38.914870 4623 raft_consensus.cc:340] T 5d72ea6e51bb430c823e5230a677deee P 3ac4479875874b51bd79eaf11ddc7556 [term 0 FOLLOWER]: Replica starting. Triggering 0 pending transactions. Active config: opid_index: -1 OBSOLETE_local: false peers { permanent_uuid: "3ac4479875874b51bd79eaf11ddc7556" member_type: VOTER last_known_addr { host: "dist-test-slave-dist-test-slave-3kpx" port: 39053 } } peers { permanent_uuid: "60c3cc7575fb4730ad5eeb12ec456624" member_type: VOTER last_known_addr { host: "dist-test-slave-dist-test-slave-3kpx" port: 41917 } } peers { permanent_uuid: "db2c4e3750694192ba003d3a45d4913b" member_type: VOTER last_known_addr { host: "dist-test-slave-dist-test-slave-3kpx" port: 37349 } }
I0107 02:52:38.914914 4623 raft_consensus.cc:705] T 5d72ea6e51bb430c823e5230a677deee P 3ac4479875874b51bd79eaf11ddc7556 [term 0 FOLLOWER]: Becoming Follower/Learner. State: Replica: 3ac4479875874b51bd79eaf11ddc7556, State: Initialized, Role: FOLLOWER
I0107 02:52:38.915033 4623 consensus_queue.cc:231] T 5d72ea6e51bb430c823e5230a677deee P 3ac4479875874b51bd79eaf11ddc7556 [NON_LEADER]: Queue going to NON_LEADER mode. State: All replicated index: 0, Majority replicated index: 0, Committed index: 0, Last appended: 0.0, Last appended by leader: 0, Current term: 0, Majority size: -1, State: 0, Mode: NON_LEADER, active raft config: opid_index: -1 OBSOLETE_local: false peers { permanent_uuid: "3ac4479875874b51bd79eaf11ddc7556" member_type: VOTER last_known_addr { host: "dist-test-slave-dist-test-slave-3kpx" port: 39053 } } peers { permanent_uuid: "60c3cc7575fb4730ad5eeb12ec456624" member_type: VOTER last_known_addr { host: "dist-test-slave-dist-test-slave-3kpx" port: 41917 } } peers { permanent_uuid: "db2c4e3750694192ba003d3a45d4913b" member_type: VOTER last_known_addr { host: "dist-test-slave-dist-test-slave-3kpx" port: 37349 } }
I0107 02:52:38.915088 4622 raft_consensus.cc:340] T 5d72ea6e51bb430c823e5230a677deee P 60c3cc7575fb4730ad5eeb12ec456624 [term 0 FOLLOWER]: Replica starting. Triggering 0 pending transactions. Active config: opid_index: -1 OBSOLETE_local: false peers { permanent_uuid: "3ac4479875874b51bd79eaf11ddc7556" member_type: VOTER last_known_addr { host: "dist-test-slave-dist-test-slave-3kpx" port: 39053 } } peers { permanent_uuid: "60c3cc7575fb4730ad5eeb12ec456624" member_type: VOTER last_known_addr { host: "dist-test-slave-dist-test-slave-3kpx" port: 41917 } } peers { permanent_uuid: "db2c4e3750694192ba003d3a45d4913b" member_type: VOTER last_known_addr { host: "dist-test-slave-dist-test-slave-3kpx" port: 37349 } }
I0107 02:52:38.915088 4621 raft_consensus.cc:340] T 528e27054513478bacd3aa83df887395 P db2c4e3750694192ba003d3a45d4913b [term 0 FOLLOWER]: Replica starting. Triggering 0 pending transactions. Active config: opid_index: -1 OBSOLETE_local: false peers { permanent_uuid: "60c3cc7575fb4730ad5eeb12ec456624" member_type: VOTER last_known_addr { host: "dist-test-slave-dist-test-slave-3kpx" port: 41917 } } peers { permanent_uuid: "3ac4479875874b51bd79eaf11ddc7556" member_type: VOTER last_known_addr { host: "dist-test-slave-dist-test-slave-3kpx" port: 39053 } } peers { permanent_uuid: "db2c4e3750694192ba003d3a45d4913b" member_type: VOTER last_known_addr { host: "dist-test-slave-dist-test-slave-3kpx" port: 37349 } }
I0107 02:52:38.915129 4621 raft_consensus.cc:705] T 528e27054513478bacd3aa83df887395 P db2c4e3750694192ba003d3a45d4913b [term 0 FOLLOWER]: Becoming Follower/Learner. State: Replica: db2c4e3750694192ba003d3a45d4913b, State: Initialized, Role: FOLLOWER
I0107 02:52:38.915151 4622 raft_consensus.cc:705] T 5d72ea6e51bb430c823e5230a677deee P 60c3cc7575fb4730ad5eeb12ec456624 [term 0 FOLLOWER]: Becoming Follower/Learner. State: Replica: 60c3cc7575fb4730ad5eeb12ec456624, State: Initialized, Role: FOLLOWER
I0107 02:52:38.915235 4621 consensus_queue.cc:231] T 528e27054513478bacd3aa83df887395 P db2c4e3750694192ba003d3a45d4913b [NON_LEADER]: Queue going to NON_LEADER mode. State: All replicated index: 0, Majority replicated index: 0, Committed index: 0, Last appended: 0.0, Last appended by leader: 0, Current term: 0, Majority size: -1, State: 0, Mode: NON_LEADER, active raft config: opid_index: -1 OBSOLETE_local: false peers { permanent_uuid: "60c3cc7575fb4730ad5eeb12ec456624" member_type: VOTER last_known_addr { host: "dist-test-slave-dist-test-slave-3kpx" port: 41917 } } peers { permanent_uuid: "3ac4479875874b51bd79eaf11ddc7556" member_type: VOTER last_known_addr { host: "dist-test-slave-dist-test-slave-3kpx" port: 39053 } } peers { permanent_uuid: "db2c4e3750694192ba003d3a45d4913b" member_type: VOTER last_known_addr { host: "dist-test-slave-dist-test-slave-3kpx" port: 37349 } }
I0107 02:52:38.915246 4622 consensus_queue.cc:231] T 5d72ea6e51bb430c823e5230a677deee P 60c3cc7575fb4730ad5eeb12ec456624 [NON_LEADER]: Queue going to NON_LEADER mode. State: All replicated index: 0, Majority replicated index: 0, Committed index: 0, Last appended: 0.0, Last appended by leader: 0, Current term: 0, Majority size: -1, State: 0, Mode: NON_LEADER, active raft config: opid_index: -1 OBSOLETE_local: false peers { permanent_uuid: "3ac4479875874b51bd79eaf11ddc7556" member_type: VOTER last_known_addr { host: "dist-test-slave-dist-test-slave-3kpx" port: 39053 } } peers { permanent_uuid: "60c3cc7575fb4730ad5eeb12ec456624" member_type: VOTER last_known_addr { host: "dist-test-slave-dist-test-slave-3kpx" port: 41917 } } peers { permanent_uuid: "db2c4e3750694192ba003d3a45d4913b" member_type: VOTER last_known_addr { host: "dist-test-slave-dist-test-slave-3kpx" port: 37349 } }
I0107 02:52:38.915338 4623 ts_tablet_manager.cc:1131] T 5d72ea6e51bb430c823e5230a677deee P 3ac4479875874b51bd79eaf11ddc7556: Time spent starting tablet: real 0.001s user 0.001s sys 0.000s
I0107 02:52:38.915796 4621 ts_tablet_manager.cc:1131] T 528e27054513478bacd3aa83df887395 P db2c4e3750694192ba003d3a45d4913b: Time spent starting tablet: real 0.001s user 0.001s sys 0.000s
I0107 02:52:38.915796 4622 ts_tablet_manager.cc:1131] T 5d72ea6e51bb430c823e5230a677deee P 60c3cc7575fb4730ad5eeb12ec456624: Time spent starting tablet: real 0.001s user 0.001s sys 0.000s
W0107 02:52:38.940804 4482 tablet.cc:1792] T 1fafdf1471af4c0cb4862fff1663cdc8 P 60c3cc7575fb4730ad5eeb12ec456624: Can't schedule compaction. Clean time has not been advanced past its initial value.
W0107 02:52:39.027928 4357 tablet.cc:1792] T 1fafdf1471af4c0cb4862fff1663cdc8 P 3ac4479875874b51bd79eaf11ddc7556: Can't schedule compaction. Clean time has not been advanced past its initial value.
W0107 02:52:39.058784 4656 ts_tablet_manager.cc:518] T 5d72ea6e51bb430c823e5230a677deee P 60c3cc7575fb4730ad5eeb12ec456624: Tablet Copy: Invalid argument: Leader has replica of tablet 5d72ea6e51bb430c823e5230a677deee with term -1, which is lower than last-logged term 0 on local replica. Rejecting tablet copy request
W0107 02:52:39.083523 4606 tablet.cc:1792] T 1fafdf1471af4c0cb4862fff1663cdc8 P db2c4e3750694192ba003d3a45d4913b: Can't schedule compaction. Clean time has not been advanced past its initial value.
I0107 02:52:39.189472 4656 tablet_replica.cc:282] T 5d72ea6e51bb430c823e5230a677deee P 60c3cc7575fb4730ad5eeb12ec456624: stopping tablet replica
I0107 02:52:39.189810 4656 raft_consensus.cc:2155] T 5d72ea6e51bb430c823e5230a677deee P 60c3cc7575fb4730ad5eeb12ec456624 [term 0 FOLLOWER]: Raft consensus shutting down.
I0107 02:52:39.190078 4656 raft_consensus.cc:2182] T 5d72ea6e51bb430c823e5230a677deee P 60c3cc7575fb4730ad5eeb12ec456624 [term 0 FOLLOWER]: Raft consensus is shut down!
I0107 02:52:39.191408 4656 ts_tablet_manager.cc:1456] T 5d72ea6e51bb430c823e5230a677deee P 60c3cc7575fb4730ad5eeb12ec456624: Deleting tablet data with delete state TABLET_DATA_TOMBSTONED
I0107 02:52:39.193475 4656 ts_tablet_manager.cc:1469] T 5d72ea6e51bb430c823e5230a677deee P 60c3cc7575fb4730ad5eeb12ec456624: tablet deleted with delete type TABLET_DATA_TOMBSTONED: last-logged OpId 0.0
I0107 02:52:39.193527 4656 log.cc:1176] T 5d72ea6e51bb430c823e5230a677deee P 60c3cc7575fb4730ad5eeb12ec456624: Deleting WAL directory at /tmp/dist-test-taskh2U6sE/test-tmp/kudu-tool-test.2.ToolTest.TestRemoteReplicaCopy.1578365549852848-2710/minicluster-data/ts-1/wal/wals/5d72ea6e51bb430c823e5230a677deee
I0107 02:52:39.193763 4656 ts_tablet_manager.cc:720] T 5d72ea6e51bb430c823e5230a677deee P 60c3cc7575fb4730ad5eeb12ec456624: Initiating tablet copy from peer 3ac4479875874b51bd79eaf11ddc7556 (dist-test-slave-dist-test-slave-3kpx:39053)
I0107 02:52:39.194145 4656 tablet_copy_client.cc:243] T 5d72ea6e51bb430c823e5230a677deee P 60c3cc7575fb4730ad5eeb12ec456624: tablet copy: Beginning tablet copy session from remote peer at address dist-test-slave-dist-test-slave-3kpx:39053
I0107 02:52:39.197846 4333 tablet_copy_service.cc:135] P 3ac4479875874b51bd79eaf11ddc7556: Received BeginTabletCopySession request for tablet 5d72ea6e51bb430c823e5230a677deee from peer 60c3cc7575fb4730ad5eeb12ec456624 ({username='slave'} at 172.17.0.2:52625)
I0107 02:52:39.197952 4333 tablet_copy_service.cc:156] P 3ac4479875874b51bd79eaf11ddc7556: Beginning new tablet copy session on tablet 5d72ea6e51bb430c823e5230a677deee from peer 60c3cc7575fb4730ad5eeb12ec456624 at {username='slave'} at 172.17.0.2:52625: session id = 60c3cc7575fb4730ad5eeb12ec456624-5d72ea6e51bb430c823e5230a677deee
I0107 02:52:39.199313 4333 tablet_copy_source_session.cc:204] T 5d72ea6e51bb430c823e5230a677deee P 3ac4479875874b51bd79eaf11ddc7556: Tablet Copy: opened 0 blocks and 1 log segments
I0107 02:52:39.200613 4656 ts_tablet_manager.cc:1456] T 5d72ea6e51bb430c823e5230a677deee P 60c3cc7575fb4730ad5eeb12ec456624: Deleting tablet data with delete state TABLET_DATA_COPYING
I0107 02:52:39.202226 4656 ts_tablet_manager.cc:1469] T 5d72ea6e51bb430c823e5230a677deee P 60c3cc7575fb4730ad5eeb12ec456624: tablet deleted with delete type TABLET_DATA_COPYING: last-logged OpId 0.0
I0107 02:52:39.202381 4656 data_dirs.cc:394] Could only allocate 1 dirs of requested 3 for tablet 5d72ea6e51bb430c823e5230a677deee. 1 dirs total, 0 dirs full, 0 dirs failed
