I0107 02:52:35.403401 3667 fs_report.cc:352] FS layout report -------------------- wal directory: /tmp/dist-test-taskh2U6sE/test-tmp/kudu-tool-test.2.ToolTest.TestLoadgenManualFlush.1578365549852848-2710/minicluster-data/ts-2/wal metadata directory: /tmp/dist-test-taskh2U6sE/test-tmp/kudu-tool-test.2.ToolTest.TestLoadgenManualFlush.1578365549852848-2710/minicluster-data/ts-2/wal 1 data directories: /tmp/dist-test-taskh2U6sE/test-tmp/kudu-tool-test.2.ToolTest.TestLoadgenManualFlush.1578365549852848-2710/minicluster-data/ts-2/data/data Total live blocks: 0 Total live bytes: 0 Total live bytes (after alignment): 0 Total number of LBM containers: 0 (0 full) Did not check for missing blocks Did not check for orphaned blocks Total full LBM containers with extra space: 0 (0 repaired) Total full LBM container extra space in bytes: 0 (0 repaired) Total incomplete LBM containers: 0 (0 repaired) Total LBM partial records: 0 (0 repaired)
I0107 02:52:35.445924 3667 env_posix.cc:1680] Not raising this process' running threads per effective uid limit of 18446744073709551615; it is already as high as it can go
I0107 02:52:35.447439 3667 ts_tablet_manager.cc:395] Loaded tablet metadata (0 total tablets, 0 live tablets)
I0107 02:52:35.447471 3667 ts_tablet_manager.cc:415] Registered 0 tablets
I0107 02:52:35.455768 3667 rpc_server.cc:211] RPC server started. Bound to: 127.2.165.131:39691
I0107 02:52:35.456735 3667 webserver.cc:382] Webserver started at http://127.2.165.131:33861/ using document root and password file
I0107 02:52:35.457348 3667 server_base.cc:629] Dumped server information to /tmp/dist-test-taskh2U6sE/test-tmp/kudu-tool-test.2.ToolTest.TestLoadgenManualFlush.1578365549852848-2710/minicluster-data/ts-2/data/info.pb
I0107 02:52:35.460347 2710 external_mini_cluster.cc:1105] Started /tmp/dist-test-taskh2U6sE/build/debug/bin/kudu-tserver as pid 3667
I0107 02:52:35.466994 3789 heartbeater.cc:322] Connected to a master server at 127.2.165.190:43071
I0107 02:52:35.467178 3789 heartbeater.cc:406] Registering TS with master...
I0107 02:52:35.467711 3789 heartbeater.cc:455] Master 127.2.165.190:43071 requested a full tablet report, sending...
I0107 02:52:35.468660 3372 ts_manager.cc:192] Registered new tserver with Master: 63f09b1a51a6413a920bc0e867463ea8 (127.2.165.131:39691)
I0107 02:52:35.469456 3372 master_service.cc:351] Signed X509 certificate for tserver {username='slave'} at 127.2.165.131:52283
I0107 02:52:35.470533 2710 external_mini_cluster.cc:721] 3 TS(s) registered with all masters
I0107 02:52:35.487046 3372 catalog_manager.cc:1454] Servicing CreateTable request from {username='slave'} at 127.0.0.1:48938: name: "bench_manual_flush" schema { columns { name: "key" type: INT64 is_key: true is_nullable: false encoding: AUTO_ENCODING compression: DEFAULT_COMPRESSION cfile_block_size: 0 } columns { name: "bool_val" type: BOOL is_key: false is_nullable: false encoding: AUTO_ENCODING compression: DEFAULT_COMPRESSION cfile_block_size: 0 } columns { name: "int8_val" type: INT8 is_key: false is_nullable: false encoding: AUTO_ENCODING compression: DEFAULT_COMPRESSION cfile_block_size: 0 } columns { name: "int16_val" type: INT16 is_key: false is_nullable: false encoding: AUTO_ENCODING compression: DEFAULT_COMPRESSION cfile_block_size: 0 } columns { name: "int32_val" type: INT32 is_key: false is_nullable: false encoding: AUTO_ENCODING compression: DEFAULT_COMPRESSION cfile_block_size: 0 } columns { name: "int64_val" type: INT64 is_key: false is_nullable: false encoding: AUTO_ENCODING compression: DEFAULT_COMPRESSION cfile_block_size: 0 } columns { name: "float_val" type: FLOAT is_key: false is_nullable: false encoding: AUTO_ENCODING compression: DEFAULT_COMPRESSION cfile_block_size: 0 } columns { name: "double_val" type: DOUBLE is_key: false is_nullable: false encoding: AUTO_ENCODING compression: DEFAULT_COMPRESSION cfile_block_size: 0 } columns { name: "decimal32_val" type: DECIMAL32 is_key: false is_nullable: false encoding: AUTO_ENCODING compression: DEFAULT_COMPRESSION cfile_block_size: 0 type_attributes { precision: 9 scale: 9 } } columns { name: "decimal64_val" type: DECIMAL64 is_key: false is_nullable: false encoding: AUTO_ENCODING compression: DEFAULT_COMPRESSION cfile_block_size: 0 type_attributes { precision: 18 scale: 2 } } columns { name: "decimal128_val" type: DECIMAL128 is_key: false is_nullable: false encoding: AUTO_ENCODING compression: DEFAULT_COMPRESSION cfile_block_size: 0 type_attributes { precision: 38 scale: 0 } } columns { name: "unixtime_micros_val" type: UNIXTIME_MICROS is_key: false is_nullable: false encoding: AUTO_ENCODING compression: DEFAULT_COMPRESSION cfile_block_size: 0 } columns { name: "string_val" type: STRING is_key: false is_nullable: false encoding: AUTO_ENCODING compression: DEFAULT_COMPRESSION cfile_block_size: 0 } columns { name: "binary_val" type: BINARY is_key: false is_nullable: false encoding: AUTO_ENCODING compression: DEFAULT_COMPRESSION cfile_block_size: 0 } } num_replicas: 3 split_rows_range_bounds { } partition_schema { hash_bucket_schemas { columns { name: "key" } num_buckets: 2 seed: 0 } }
W0107 02:52:35.488696 3372 catalog_manager.cc:1619] The number of live tablet servers is not enough to re-replicate a tablet replica of the newly created table bench_manual_flush in case of a server failure: 4 tablet servers would be needed, 3 are available. Consider bringing up more tablet servers.
I0107 02:52:35.508316 3726 tablet_service.cc:1034] Processing CreateTablet for tablet cc8af90a9a464e149d5476d32964ba8b (table=bench_manual_flush [id=087804814e9f45cbb866359fff15d01f]), partition=HASH (key) PARTITION 1, RANGE (key) PARTITION UNBOUNDED
I0107 02:52:35.508316 3602 tablet_service.cc:1034] Processing CreateTablet for tablet 758ac5cdcc1042c28e67591fe3e44cd2 (table=bench_manual_flush [id=087804814e9f45cbb866359fff15d01f]), partition=HASH (key) PARTITION 0, RANGE (key) PARTITION UNBOUNDED
I0107 02:52:35.508316 3477 tablet_service.cc:1034] Processing CreateTablet for tablet cc8af90a9a464e149d5476d32964ba8b (table=bench_manual_flush [id=087804814e9f45cbb866359fff15d01f]), partition=HASH (key) PARTITION 1, RANGE (key) PARTITION UNBOUNDED
I0107 02:52:35.508316 3475 tablet_service.cc:1034] Processing CreateTablet for tablet 758ac5cdcc1042c28e67591fe3e44cd2 (table=bench_manual_flush [id=087804814e9f45cbb866359fff15d01f]), partition=HASH (key) PARTITION 0, RANGE (key) PARTITION UNBOUNDED
I0107 02:52:35.509012 3477 data_dirs.cc:394] Could only allocate 1 dirs of requested 3 for tablet cc8af90a9a464e149d5476d32964ba8b. 1 dirs total, 0 dirs full, 0 dirs failed
I0107 02:52:35.509012 3602 data_dirs.cc:394] Could only allocate 1 dirs of requested 3 for tablet 758ac5cdcc1042c28e67591fe3e44cd2. 1 dirs total, 0 dirs full, 0 dirs failed
I0107 02:52:35.509351 3475 data_dirs.cc:394] Could only allocate 1 dirs of requested 3 for tablet 758ac5cdcc1042c28e67591fe3e44cd2. 1 dirs total, 0 dirs full, 0 dirs failed
I0107 02:52:35.508930 3724 tablet_service.cc:1034] Processing CreateTablet for tablet 758ac5cdcc1042c28e67591fe3e44cd2 (table=bench_manual_flush [id=087804814e9f45cbb866359fff15d01f]), partition=HASH (key) PARTITION 0, RANGE (key) PARTITION UNBOUNDED
I0107 02:52:35.510191 3726 data_dirs.cc:394] Could only allocate 1 dirs of requested 3 for tablet cc8af90a9a464e149d5476d32964ba8b. 1 dirs total, 0 dirs full, 0 dirs failed
I0107 02:52:35.510720 3601 tablet_service.cc:1034] Processing CreateTablet for tablet cc8af90a9a464e149d5476d32964ba8b (table=bench_manual_flush [id=087804814e9f45cbb866359fff15d01f]), partition=HASH (key) PARTITION 1, RANGE (key) PARTITION UNBOUNDED
I0107 02:52:35.510944 3601 data_dirs.cc:394] Could only allocate 1 dirs of requested 3 for tablet cc8af90a9a464e149d5476d32964ba8b. 1 dirs total, 0 dirs full, 0 dirs failed
I0107 02:52:35.514537 3724 data_dirs.cc:394] Could only allocate 1 dirs of requested 3 for tablet 758ac5cdcc1042c28e67591fe3e44cd2. 1 dirs total, 0 dirs full, 0 dirs failed
I0107 02:52:35.520239 3805 tablet_bootstrap.cc:439] T 758ac5cdcc1042c28e67591fe3e44cd2 P 25c8a86462a347cc8ec0c5ed3ecbb9f8: Bootstrap starting.
I0107 02:52:35.522349 3805 tablet_bootstrap.cc:590] T 758ac5cdcc1042c28e67591fe3e44cd2 P 25c8a86462a347cc8ec0c5ed3ecbb9f8: No blocks or log segments found. Creating new log.
I0107 02:52:35.522836 3806 tablet_bootstrap.cc:439] T cc8af90a9a464e149d5476d32964ba8b P 4221df31dba44c83a3f7a142a610ffb6: Bootstrap starting.
I0107 02:52:35.524665 3806 tablet_bootstrap.cc:590] T cc8af90a9a464e149d5476d32964ba8b P 4221df31dba44c83a3f7a142a610ffb6: No blocks or log segments found. Creating new log.
I0107 02:52:35.525539 3806 log.cc:815] T cc8af90a9a464e149d5476d32964ba8b P 4221df31dba44c83a3f7a142a610ffb6: Log is configured to *not* fsync() on all Append() calls
I0107 02:52:35.526378 3807 tablet_bootstrap.cc:439] T 758ac5cdcc1042c28e67591fe3e44cd2 P 63f09b1a51a6413a920bc0e867463ea8: Bootstrap starting.
I0107 02:52:35.528223 3807 tablet_bootstrap.cc:590] T 758ac5cdcc1042c28e67591fe3e44cd2 P 63f09b1a51a6413a920bc0e867463ea8: No blocks or log segments found. Creating new log.
I0107 02:52:35.529037 3807 log.cc:815] T 758ac5cdcc1042c28e67591fe3e44cd2 P 63f09b1a51a6413a920bc0e867463ea8: Log is configured to *not* fsync() on all Append() calls
I0107 02:52:35.530262 3805 log.cc:815] T 758ac5cdcc1042c28e67591fe3e44cd2 P 25c8a86462a347cc8ec0c5ed3ecbb9f8: Log is configured to *not* fsync() on all Append() calls
I0107 02:52:35.531420 3807 tablet_bootstrap.cc:439] T 758ac5cdcc1042c28e67591fe3e44cd2 P 63f09b1a51a6413a920bc0e867463ea8: No bootstrap required, opened a new log
I0107 02:52:35.531641 3807 ts_tablet_manager.cc:1103] T 758ac5cdcc1042c28e67591fe3e44cd2 P 63f09b1a51a6413a920bc0e867463ea8: Time spent bootstrapping tablet: real 0.005s user 0.003s sys 0.000s
I0107 02:52:35.531734 3806 tablet_bootstrap.cc:439] T cc8af90a9a464e149d5476d32964ba8b P 4221df31dba44c83a3f7a142a610ffb6: No bootstrap required, opened a new log
I0107 02:52:35.531911 3806 ts_tablet_manager.cc:1103] T cc8af90a9a464e149d5476d32964ba8b P 4221df31dba44c83a3f7a142a610ffb6: Time spent bootstrapping tablet: real 0.009s user 0.003s sys 0.000s
I0107 02:52:35.532336 3805 tablet_bootstrap.cc:439] T 758ac5cdcc1042c28e67591fe3e44cd2 P 25c8a86462a347cc8ec0c5ed3ecbb9f8: No bootstrap required, opened a new log
I0107 02:52:35.532522 3805 ts_tablet_manager.cc:1103] T 758ac5cdcc1042c28e67591fe3e44cd2 P 25c8a86462a347cc8ec0c5ed3ecbb9f8: Time spent bootstrapping tablet: real 0.012s user 0.004s sys 0.000s
I0107 02:52:35.534741 3806 raft_consensus.cc:340] T cc8af90a9a464e149d5476d32964ba8b P 4221df31dba44c83a3f7a142a610ffb6 [term 0 FOLLOWER]: Replica starting. Triggering 0 pending transactions. Active config: opid_index: -1 OBSOLETE_local: false peers { permanent_uuid: "4221df31dba44c83a3f7a142a610ffb6" member_type: VOTER last_known_addr { host: "127.2.165.130" port: 43369 } } peers { permanent_uuid: "25c8a86462a347cc8ec0c5ed3ecbb9f8" member_type: VOTER last_known_addr { host: "127.2.165.129" port: 42027 } } peers { permanent_uuid: "63f09b1a51a6413a920bc0e867463ea8" member_type: VOTER last_known_addr { host: "127.2.165.131" port: 39691 } }
I0107 02:52:35.534822 3806 raft_consensus.cc:366] T cc8af90a9a464e149d5476d32964ba8b P 4221df31dba44c83a3f7a142a610ffb6 [term 0 FOLLOWER]: Consensus starting up: Expiring failure detector timer to make a prompt election more likely
I0107 02:52:35.534869 3806 raft_consensus.cc:705] T cc8af90a9a464e149d5476d32964ba8b P 4221df31dba44c83a3f7a142a610ffb6 [term 0 FOLLOWER]: Becoming Follower/Learner. State: Replica: 4221df31dba44c83a3f7a142a610ffb6, State: Initialized, Role: FOLLOWER
I0107 02:52:35.534950 3807 raft_consensus.cc:340] T 758ac5cdcc1042c28e67591fe3e44cd2 P 63f09b1a51a6413a920bc0e867463ea8 [term 0 FOLLOWER]: Replica starting. Triggering 0 pending transactions. Active config: opid_index: -1 OBSOLETE_local: false peers { permanent_uuid: "25c8a86462a347cc8ec0c5ed3ecbb9f8" member_type: VOTER last_known_addr { host: "127.2.165.129" port: 42027 } } peers { permanent_uuid: "4221df31dba44c83a3f7a142a610ffb6" member_type: VOTER last_known_addr { host: "127.2.165.130" port: 43369 } } peers { permanent_uuid: "63f09b1a51a6413a920bc0e867463ea8" member_type: VOTER last_known_addr { host: "127.2.165.131" port: 39691 } }
I0107 02:52:35.535037 3807 raft_consensus.cc:366] T 758ac5cdcc1042c28e67591fe3e44cd2 P 63f09b1a51a6413a920bc0e867463ea8 [term 0 FOLLOWER]: Consensus starting up: Expiring failure detector timer to make a prompt election more likely
I0107 02:52:35.535079 3807 raft_consensus.cc:705] T 758ac5cdcc1042c28e67591fe3e44cd2 P 63f09b1a51a6413a920bc0e867463ea8 [term 0 FOLLOWER]: Becoming Follower/Learner. State: Replica: 63f09b1a51a6413a920bc0e867463ea8, State: Initialized, Role: FOLLOWER
I0107 02:52:35.535389 3806 consensus_queue.cc:231] T cc8af90a9a464e149d5476d32964ba8b P 4221df31dba44c83a3f7a142a610ffb6 [NON_LEADER]: Queue going to NON_LEADER mode. State: All replicated index: 0, Majority replicated index: 0, Committed index: 0, Last appended: 0.0, Last appended by leader: 0, Current term: 0, Majority size: -1, State: 0, Mode: NON_LEADER, active raft config: opid_index: -1 OBSOLETE_local: false peers { permanent_uuid: "4221df31dba44c83a3f7a142a610ffb6" member_type: VOTER last_known_addr { host: "127.2.165.130" port: 43369 } } peers { permanent_uuid: "25c8a86462a347cc8ec0c5ed3ecbb9f8" member_type: VOTER last_known_addr { host: "127.2.165.129" port: 42027 } } peers { permanent_uuid: "63f09b1a51a6413a920bc0e867463ea8" member_type: VOTER last_known_addr { host: "127.2.165.131" port: 39691 } }
I0107 02:52:35.535441 3805 raft_consensus.cc:340] T 758ac5cdcc1042c28e67591fe3e44cd2 P 25c8a86462a347cc8ec0c5ed3ecbb9f8 [term 0 FOLLOWER]: Replica starting. Triggering 0 pending transactions. Active config: opid_index: -1 OBSOLETE_local: false peers { permanent_uuid: "25c8a86462a347cc8ec0c5ed3ecbb9f8" member_type: VOTER last_known_addr { host: "127.2.165.129" port: 42027 } } peers { permanent_uuid: "4221df31dba44c83a3f7a142a610ffb6" member_type: VOTER last_known_addr { host: "127.2.165.130" port: 43369 } } peers { permanent_uuid: "63f09b1a51a6413a920bc0e867463ea8" member_type: VOTER last_known_addr { host: "127.2.165.131" port: 39691 } }
I0107 02:52:35.535462 3807 consensus_queue.cc:231] T 758ac5cdcc1042c28e67591fe3e44cd2 P 63f09b1a51a6413a920bc0e867463ea8 [NON_LEADER]: Queue going to NON_LEADER mode. State: All replicated index: 0, Majority replicated index: 0, Committed index: 0, Last appended: 0.0, Last appended by leader: 0, Current term: 0, Majority size: -1, State: 0, Mode: NON_LEADER, active raft config: opid_index: -1 OBSOLETE_local: false peers { permanent_uuid: "25c8a86462a347cc8ec0c5ed3ecbb9f8" member_type: VOTER last_known_addr { host: "127.2.165.129" port: 42027 } } peers { permanent_uuid: "4221df31dba44c83a3f7a142a610ffb6" member_type: VOTER last_known_addr { host: "127.2.165.130" port: 43369 } } peers { permanent_uuid: "63f09b1a51a6413a920bc0e867463ea8" member_type: VOTER last_known_addr { host: "127.2.165.131" port: 39691 } }
I0107 02:52:35.535524 3805 raft_consensus.cc:366] T 758ac5cdcc1042c28e67591fe3e44cd2 P 25c8a86462a347cc8ec0c5ed3ecbb9f8 [term 0 FOLLOWER]: Consensus starting up: Expiring failure detector timer to make a prompt election more likely
I0107 02:52:35.535553 3805 raft_consensus.cc:705] T 758ac5cdcc1042c28e67591fe3e44cd2 P 25c8a86462a347cc8ec0c5ed3ecbb9f8 [term 0 FOLLOWER]: Becoming Follower/Learner. State: Replica: 25c8a86462a347cc8ec0c5ed3ecbb9f8, State: Initialized, Role: FOLLOWER
I0107 02:52:35.535944 3789 heartbeater.cc:447] Master 127.2.165.190:43071 was elected leader, sending a full tablet report...
I0107 02:52:35.535953 3805 consensus_queue.cc:231] T 758ac5cdcc1042c28e67591fe3e44cd2 P 25c8a86462a347cc8ec0c5ed3ecbb9f8 [NON_LEADER]: Queue going to NON_LEADER mode. State: All replicated index: 0, Majority replicated index: 0, Committed index: 0, Last appended: 0.0, Last appended by leader: 0, Current term: 0, Majority size: -1, State: 0, Mode: NON_LEADER, active raft config: opid_index: -1 OBSOLETE_local: false peers { permanent_uuid: "25c8a86462a347cc8ec0c5ed3ecbb9f8" member_type: VOTER last_known_addr { host: "127.2.165.129" port: 42027 } } peers { permanent_uuid: "4221df31dba44c83a3f7a142a610ffb6" member_type: VOTER last_known_addr { host: "127.2.165.130" port: 43369 } } peers { permanent_uuid: "63f09b1a51a6413a920bc0e867463ea8" member_type: VOTER last_known_addr { host: "127.2.165.131" port: 39691 } }
I0107 02:52:35.536254 3806 ts_tablet_manager.cc:1131] T cc8af90a9a464e149d5476d32964ba8b P 4221df31dba44c83a3f7a142a610ffb6: Time spent starting tablet: real 0.004s user 0.005s sys 0.000s
I0107 02:52:35.536391 3540 heartbeater.cc:447] Master 127.2.165.190:43071 was elected leader, sending a full tablet report...
I0107 02:52:35.536532 3806 tablet_bootstrap.cc:439] T 758ac5cdcc1042c28e67591fe3e44cd2 P 4221df31dba44c83a3f7a142a610ffb6: Bootstrap starting.
I0107 02:52:35.537158 3807 ts_tablet_manager.cc:1131] T 758ac5cdcc1042c28e67591fe3e44cd2 P 63f09b1a51a6413a920bc0e867463ea8: Time spent starting tablet: real 0.005s user 0.005s sys 0.000s
I0107 02:52:35.537405 3807 tablet_bootstrap.cc:439] T cc8af90a9a464e149d5476d32964ba8b P 63f09b1a51a6413a920bc0e867463ea8: Bootstrap starting.
I0107 02:52:35.537796 3806 tablet_bootstrap.cc:590] T 758ac5cdcc1042c28e67591fe3e44cd2 P 4221df31dba44c83a3f7a142a610ffb6: No blocks or log segments found. Creating new log.
I0107 02:52:35.538547 3807 tablet_bootstrap.cc:590] T cc8af90a9a464e149d5476d32964ba8b P 63f09b1a51a6413a920bc0e867463ea8: No blocks or log segments found. Creating new log.
I0107 02:52:35.538604 3665 heartbeater.cc:447] Master 127.2.165.190:43071 was elected leader, sending a full tablet report...
I0107 02:52:35.539122 3806 tablet_bootstrap.cc:439] T 758ac5cdcc1042c28e67591fe3e44cd2 P 4221df31dba44c83a3f7a142a610ffb6: No bootstrap required, opened a new log
I0107 02:52:35.539237 3806 ts_tablet_manager.cc:1103] T 758ac5cdcc1042c28e67591fe3e44cd2 P 4221df31dba44c83a3f7a142a610ffb6: Time spent bootstrapping tablet: real 0.003s user 0.002s sys 0.000s
I0107 02:52:35.540163 3805 ts_tablet_manager.cc:1131] T 758ac5cdcc1042c28e67591fe3e44cd2 P 25c8a86462a347cc8ec0c5ed3ecbb9f8: Time spent starting tablet: real 0.008s user 0.005s sys 0.000s
I0107 02:52:35.540433 3805 tablet_bootstrap.cc:439] T cc8af90a9a464e149d5476d32964ba8b P 25c8a86462a347cc8ec0c5ed3ecbb9f8: Bootstrap starting.
I0107 02:52:35.540623 3807 tablet_bootstrap.cc:439] T cc8af90a9a464e149d5476d32964ba8b P 63f09b1a51a6413a920bc0e867463ea8: No bootstrap required, opened a new log
I0107 02:52:35.540740 3807 ts_tablet_manager.cc:1103] T cc8af90a9a464e149d5476d32964ba8b P 63f09b1a51a6413a920bc0e867463ea8: Time spent bootstrapping tablet: real 0.003s user 0.000s sys 0.002s
I0107 02:52:35.541463 3807 raft_consensus.cc:340] T cc8af90a9a464e149d5476d32964ba8b P 63f09b1a51a6413a920bc0e867463ea8 [term 0 FOLLOWER]: Replica starting. Triggering 0 pending transactions. Active config: opid_index: -1 OBSOLETE_local: false peers { permanent_uuid: "4221df31dba44c83a3f7a142a610ffb6" member_type: VOTER last_known_addr { host: "127.2.165.130" port: 43369 } } peers { permanent_uuid: "25c8a86462a347cc8ec0c5ed3ecbb9f8" member_type: VOTER last_known_addr { host: "127.2.165.129" port: 42027 } } peers { permanent_uuid: "63f09b1a51a6413a920bc0e867463ea8" member_type: VOTER last_known_addr { host: "127.2.165.131" port: 39691 } }
I0107 02:52:35.541563 3806 raft_consensus.cc:340] T 758ac5cdcc1042c28e67591fe3e44cd2 P 4221df31dba44c83a3f7a142a610ffb6 [term 0 FOLLOWER]: Replica starting. Triggering 0 pending transactions. Active config: opid_index: -1 OBSOLETE_local: false peers { permanent_uuid: "25c8a86462a347cc8ec0c5ed3ecbb9f8" member_type: VOTER last_known_addr { host: "127.2.165.129" port: 42027 } } peers { permanent_uuid: "4221df31dba44c83a3f7a142a610ffb6" member_type: VOTER last_known_addr { host: "127.2.165.130" port: 43369 } } peers { permanent_uuid: "63f09b1a51a6413a920bc0e867463ea8" member_type: VOTER last_known_addr { host: "127.2.165.131" port: 39691 } }
I0107 02:52:35.541596 3806 raft_consensus.cc:366] T 758ac5cdcc1042c28e67591fe3e44cd2 P 4221df31dba44c83a3f7a142a610ffb6 [term 0 FOLLOWER]: Consensus starting up: Expiring failure detector timer to make a prompt election more likely
I0107 02:52:35.541599 3805 tablet_bootstrap.cc:590] T cc8af90a9a464e149d5476d32964ba8b P 25c8a86462a347cc8ec0c5ed3ecbb9f8: No blocks or log segments found. Creating new log.
I0107 02:52:35.541615 3806 raft_consensus.cc:705] T 758ac5cdcc1042c28e67591fe3e44cd2 P 4221df31dba44c83a3f7a142a610ffb6 [term 0 FOLLOWER]: Becoming Follower/Learner. State: Replica: 4221df31dba44c83a3f7a142a610ffb6, State: Initialized, Role: FOLLOWER
I0107 02:52:35.541779 3806 consensus_queue.cc:231] T 758ac5cdcc1042c28e67591fe3e44cd2 P 4221df31dba44c83a3f7a142a610ffb6 [NON_LEADER]: Queue going to NON_LEADER mode. State: All replicated index: 0, Majority replicated index: 0, Committed index: 0, Last appended: 0.0, Last appended by leader: 0, Current term: 0, Majority size: -1, State: 0, Mode: NON_LEADER, active raft config: opid_index: -1 OBSOLETE_local: false peers { permanent_uuid: "25c8a86462a347cc8ec0c5ed3ecbb9f8" member_type: VOTER last_known_addr { host: "127.2.165.129" port: 42027 } } peers { permanent_uuid: "4221df31dba44c83a3f7a142a610ffb6" member_type: VOTER last_known_addr { host: "127.2.165.130" port: 43369 } } peers { permanent_uuid: "63f09b1a51a6413a920bc0e867463ea8" member_type: VOTER last_known_addr { host: "127.2.165.131" port: 39691 } }
I0107 02:52:35.542335 3806 ts_tablet_manager.cc:1131] T 758ac5cdcc1042c28e67591fe3e44cd2 P 4221df31dba44c83a3f7a142a610ffb6: Time spent starting tablet: real 0.003s user 0.001s sys 0.000s
I0107 02:52:35.542769 3807 raft_consensus.cc:366] T cc8af90a9a464e149d5476d32964ba8b P 63f09b1a51a6413a920bc0e867463ea8 [term 0 FOLLOWER]: Consensus starting up: Expiring failure detector timer to make a prompt election more likely
I0107 02:52:35.542812 3807 raft_consensus.cc:705] T cc8af90a9a464e149d5476d32964ba8b P 63f09b1a51a6413a920bc0e867463ea8 [term 0 FOLLOWER]: Becoming Follower/Learner. State: Replica: 63f09b1a51a6413a920bc0e867463ea8, State: Initialized, Role: FOLLOWER
I0107 02:52:35.543015 3807 consensus_queue.cc:231] T cc8af90a9a464e149d5476d32964ba8b P 63f09b1a51a6413a920bc0e867463ea8 [NON_LEADER]: Queue going to NON_LEADER mode. State: All replicated index: 0, Majority replicated index: 0, Committed index: 0, Last appended: 0.0, Last appended by leader: 0, Current term: 0, Majority size: -1, State: 0, Mode: NON_LEADER, active raft config: opid_index: -1 OBSOLETE_local: false peers { permanent_uuid: "4221df31dba44c83a3f7a142a610ffb6" member_type: VOTER last_known_addr { host: "127.2.165.130" port: 43369 } } peers { permanent_uuid: "25c8a86462a347cc8ec0c5ed3ecbb9f8" member_type: VOTER last_known_addr { host: "127.2.165.129" port: 42027 } } peers { permanent_uuid: "63f09b1a51a6413a920bc0e867463ea8" member_type: VOTER last_known_addr { host: "127.2.165.131" port: 39691 } }
I0107 02:52:35.543090 3805 tablet_bootstrap.cc:439] T cc8af90a9a464e149d5476d32964ba8b P 25c8a86462a347cc8ec0c5ed3ecbb9f8: No bootstrap required, opened a new log
I0107 02:52:35.543197 3805 ts_tablet_manager.cc:1103] T cc8af90a9a464e149d5476d32964ba8b P 25c8a86462a347cc8ec0c5ed3ecbb9f8: Time spent bootstrapping tablet: real 0.003s user 0.002s sys 0.000s
I0107 02:52:35.543367 3807 ts_tablet_manager.cc:1131] T cc8af90a9a464e149d5476d32964ba8b P 63f09b1a51a6413a920bc0e867463ea8: Time spent starting tablet: real 0.003s user 0.000s sys 0.001s
I0107 02:52:35.543859 3805 raft_consensus.cc:340] T cc8af90a9a464e149d5476d32964ba8b P 25c8a86462a347cc8ec0c5ed3ecbb9f8 [term 0 FOLLOWER]: Replica starting. Triggering 0 pending transactions. Active config: opid_index: -1 OBSOLETE_local: false peers { permanent_uuid: "4221df31dba44c83a3f7a142a610ffb6" member_type: VOTER last_known_addr { host: "127.2.165.130" port: 43369 } } peers { permanent_uuid: "25c8a86462a347cc8ec0c5ed3ecbb9f8" member_type: VOTER last_known_addr { host: "127.2.165.129" port: 42027 } } peers { permanent_uuid: "63f09b1a51a6413a920bc0e867463ea8" member_type: VOTER last_known_addr { host: "127.2.165.131" port: 39691 } }
I0107 02:52:35.543897 3805 raft_consensus.cc:366] T cc8af90a9a464e149d5476d32964ba8b P 25c8a86462a347cc8ec0c5ed3ecbb9f8 [term 0 FOLLOWER]: Consensus starting up: Expiring failure detector timer to make a prompt election more likely
I0107 02:52:35.543915 3805 raft_consensus.cc:705] T cc8af90a9a464e149d5476d32964ba8b P 25c8a86462a347cc8ec0c5ed3ecbb9f8 [term 0 FOLLOWER]: Becoming Follower/Learner. State: Replica: 25c8a86462a347cc8ec0c5ed3ecbb9f8, State: Initialized, Role: FOLLOWER
I0107 02:52:35.544056 3805 consensus_queue.cc:231] T cc8af90a9a464e149d5476d32964ba8b P 25c8a86462a347cc8ec0c5ed3ecbb9f8 [NON_LEADER]: Queue going to NON_LEADER mode. State: All replicated index: 0, Majority replicated index: 0, Committed index: 0, Last appended: 0.0, Last appended by leader: 0, Current term: 0, Majority size: -1, State: 0, Mode: NON_LEADER, active raft config: opid_index: -1 OBSOLETE_local: false peers { permanent_uuid: "4221df31dba44c83a3f7a142a610ffb6" member_type: VOTER last_known_addr { host: "127.2.165.130" port: 43369 } } peers { permanent_uuid: "25c8a86462a347cc8ec0c5ed3ecbb9f8" member_type: VOTER last_known_addr { host: "127.2.165.129" port: 42027 } } peers { permanent_uuid: "63f09b1a51a6413a920bc0e867463ea8" member_type: VOTER last_known_addr { host: "127.2.165.131" port: 39691 } }
I0107 02:52:35.544598 3805 ts_tablet_manager.cc:1131] T cc8af90a9a464e149d5476d32964ba8b P 25c8a86462a347cc8ec0c5ed3ecbb9f8: Time spent starting tablet: real 0.001s user 0.001s sys 0.000s
W0107 02:52:35.563009 3666 tablet.cc:1792] T 758ac5cdcc1042c28e67591fe3e44cd2 P 4221df31dba44c83a3f7a142a610ffb6: Can't schedule compaction. Clean time has not been advanced past its initial value.
I0107 02:52:35.618079 3811 raft_consensus.cc:472] T cc8af90a9a464e149d5476d32964ba8b P 4221df31dba44c83a3f7a142a610ffb6 [term 0 FOLLOWER]: Starting pre-election (no leader contacted us within the election timeout)
I0107 02:52:35.618291 3811 raft_consensus.cc:494] T cc8af90a9a464e149d5476d32964ba8b P 4221df31dba44c83a3f7a142a610ffb6 [term 0 FOLLOWER]: Starting pre-election with config: opid_index: -1 OBSOLETE_local: false peers { permanent_uuid: "4221df31dba44c83a3f7a142a610ffb6" member_type: VOTER last_known_addr { host: "127.2.165.130" port: 43369 } } peers { permanent_uuid: "25c8a86462a347cc8ec0c5ed3ecbb9f8" member_type: VOTER last_known_addr { host: "127.2.165.129" port: 42027 } } peers { permanent_uuid: "63f09b1a51a6413a920bc0e867463ea8" member_type: VOTER last_known_addr { host: "127.2.165.131" port: 39691 } }
I0107 02:52:35.619590 3811 leader_election.cc:293] T cc8af90a9a464e149d5476d32964ba8b P 4221df31dba44c83a3f7a142a610ffb6 [CANDIDATE]: Term 1 pre-election: Requested pre-vote from peers 25c8a86462a347cc8ec0c5ed3ecbb9f8 (127.2.165.129:42027), 63f09b1a51a6413a920bc0e867463ea8 (127.2.165.131:39691)
I0107 02:52:35.624303 3812 raft_consensus.cc:472] T 758ac5cdcc1042c28e67591fe3e44cd2 P 63f09b1a51a6413a920bc0e867463ea8 [term 0 FOLLOWER]: Starting pre-election (no leader contacted us within the election timeout)
I0107 02:52:35.624543 3812 raft_consensus.cc:494] T 758ac5cdcc1042c28e67591fe3e44cd2 P 63f09b1a51a6413a920bc0e867463ea8 [term 0 FOLLOWER]: Starting pre-election with config: opid_index: -1 OBSOLETE_local: false peers { permanent_uuid: "25c8a86462a347cc8ec0c5ed3ecbb9f8" member_type: VOTER last_known_addr { host: "127.2.165.129" port: 42027 } } peers { permanent_uuid: "4221df31dba44c83a3f7a142a610ffb6" member_type: VOTER last_known_addr { host: "127.2.165.130" port: 43369 } } peers { permanent_uuid: "63f09b1a51a6413a920bc0e867463ea8" member_type: VOTER last_known_addr { host: "127.2.165.131" port: 39691 } }
I0107 02:52:35.624858 3746 tablet_service.cc:1307] Received RequestConsensusVote() RPC: tablet_id: "cc8af90a9a464e149d5476d32964ba8b" candidate_uuid: "4221df31dba44c83a3f7a142a610ffb6" candidate_term: 1 candidate_status { last_received { term: 0 index: 0 } } ignore_live_leader: false dest_uuid: "63f09b1a51a6413a920bc0e867463ea8" is_pre_election: true
I0107 02:52:35.625000 3746 raft_consensus.cc:2372] T cc8af90a9a464e149d5476d32964ba8b P 63f09b1a51a6413a920bc0e867463ea8 [term 0 FOLLOWER]: Leader pre-election vote request: Granting yes vote for candidate 4221df31dba44c83a3f7a142a610ffb6 in term 0.
I0107 02:52:35.625245 3497 tablet_service.cc:1307] Received RequestConsensusVote() RPC: tablet_id: "cc8af90a9a464e149d5476d32964ba8b" candidate_uuid: "4221df31dba44c83a3f7a142a610ffb6" candidate_term: 1 candidate_status { last_received { term: 0 index: 0 } } ignore_live_leader: false dest_uuid: "25c8a86462a347cc8ec0c5ed3ecbb9f8" is_pre_election: true
I0107 02:52:35.625454 3497 raft_consensus.cc:2372] T cc8af90a9a464e149d5476d32964ba8b P 25c8a86462a347cc8ec0c5ed3ecbb9f8 [term 0 FOLLOWER]: Leader pre-election vote request: Granting yes vote for candidate 4221df31dba44c83a3f7a142a610ffb6 in term 0.
I0107 02:52:35.625525 3555 leader_election.cc:307] T cc8af90a9a464e149d5476d32964ba8b P 4221df31dba44c83a3f7a142a610ffb6 [CANDIDATE]: Term 1 pre-election: Election decided. Result: candidate won. Election summary: received 2 responses out of 3 voters: 2 yes votes; 0 no votes. yes voters: 4221df31dba44c83a3f7a142a610ffb6, 63f09b1a51a6413a920bc0e867463ea8; no voters:
I0107 02:52:35.625869 3812 leader_election.cc:293] T 758ac5cdcc1042c28e67591fe3e44cd2 P 63f09b1a51a6413a920bc0e867463ea8 [CANDIDATE]: Term 1 pre-election: Requested pre-vote from peers 25c8a86462a347cc8ec0c5ed3ecbb9f8 (127.2.165.129:42027), 4221df31dba44c83a3f7a142a610ffb6 (127.2.165.130:43369)
I0107 02:52:35.625928 3811 raft_consensus.cc:2672] T cc8af90a9a464e149d5476d32964ba8b P 4221df31dba44c83a3f7a142a610ffb6 [term 0 FOLLOWER]: Leader pre-election won for term 1
I0107 02:52:35.625984 3811 raft_consensus.cc:472] T cc8af90a9a464e149d5476d32964ba8b P 4221df31dba44c83a3f7a142a610ffb6 [term 0 FOLLOWER]: Starting leader election (no leader contacted us within the election timeout)
I0107 02:52:35.626021 3811 raft_consensus.cc:2918] T cc8af90a9a464e149d5476d32964ba8b P 4221df31dba44c83a3f7a142a610ffb6 [term 0 FOLLOWER]: Advancing to term 1
I0107 02:52:35.627351 3811 raft_consensus.cc:494] T cc8af90a9a464e149d5476d32964ba8b P 4221df31dba44c83a3f7a142a610ffb6 [term 1 FOLLOWER]: Starting leader election with config: opid_index: -1 OBSOLETE_local: false peers { permanent_uuid: "4221df31dba44c83a3f7a142a610ffb6" member_type: VOTER last_known_addr { host: "127.2.165.130" port: 43369 } } peers { permanent_uuid: "25c8a86462a347cc8ec0c5ed3ecbb9f8" member_type: VOTER last_known_addr { host: "127.2.165.129" port: 42027 } } peers { permanent_uuid: "63f09b1a51a6413a920bc0e867463ea8" member_type: VOTER last_known_addr { host: "127.2.165.131" port: 39691 } }
I0107 02:52:35.628082 3497 tablet_service.cc:1307] Received RequestConsensusVote() RPC: tablet_id: "cc8af90a9a464e149d5476d32964ba8b" candidate_uuid: "4221df31dba44c83a3f7a142a610ffb6" candidate_term: 1 candidate_status { last_received { term: 0 index: 0 } } ignore_live_leader: false dest_uuid: "25c8a86462a347cc8ec0c5ed3ecbb9f8"
I0107 02:52:35.628173 3497 raft_consensus.cc:2918] T cc8af90a9a464e149d5476d32964ba8b P 25c8a86462a347cc8ec0c5ed3ecbb9f8 [term 0 FOLLOWER]: Advancing to term 1
I0107 02:52:35.629321 3497 raft_consensus.cc:2372] T cc8af90a9a464e149d5476d32964ba8b P 25c8a86462a347cc8ec0c5ed3ecbb9f8 [term 1 FOLLOWER]: Leader election vote request: Granting yes vote for candidate 4221df31dba44c83a3f7a142a610ffb6 in term 1.
I0107 02:52:35.629547 3811 leader_election.cc:293] T cc8af90a9a464e149d5476d32964ba8b P 4221df31dba44c83a3f7a142a610ffb6 [CANDIDATE]: Term 1 election: Requested vote from peers 25c8a86462a347cc8ec0c5ed3ecbb9f8 (127.2.165.129:42027), 63f09b1a51a6413a920bc0e867463ea8 (127.2.165.131:39691)
I0107 02:52:35.629683 3555 leader_election.cc:307] T cc8af90a9a464e149d5476d32964ba8b P 4221df31dba44c83a3f7a142a610ffb6 [CANDIDATE]: Term 1 election: Election decided. Result: candidate won. Election summary: received 2 responses out of 3 voters: 2 yes votes; 0 no votes. yes voters: 25c8a86462a347cc8ec0c5ed3ecbb9f8, 4221df31dba44c83a3f7a142a610ffb6; no voters:
I0107 02:52:35.629842 3811 raft_consensus.cc:2672] T cc8af90a9a464e149d5476d32964ba8b P 4221df31dba44c83a3f7a142a610ffb6 [term 1 FOLLOWER]: Leader election won for term 1
I0107 02:52:35.630035 3811 raft_consensus.cc:667] T cc8af90a9a464e149d5476d32964ba8b P 4221df31dba44c83a3f7a142a610ffb6 [term 1 LEADER]: Becoming Leader. State: Replica: 4221df31dba44c83a3f7a142a610ffb6, State: Running, Role: LEADER
I0107 02:52:35.630116 3746 tablet_service.cc:1307] Received RequestConsensusVote() RPC: tablet_id: "cc8af90a9a464e149d5476d32964ba8b" candidate_uuid: "4221df31dba44c83a3f7a142a610ffb6" candidate_term: 1 candidate_status { last_received { term: 0 index: 0 } } ignore_live_leader: false dest_uuid: "63f09b1a51a6413a920bc0e867463ea8"
I0107 02:52:35.630183 3746 raft_consensus.cc:2918] T cc8af90a9a464e149d5476d32964ba8b P 63f09b1a51a6413a920bc0e867463ea8 [term 0 FOLLOWER]: Advancing to term 1
I0107 02:52:35.630275 3497 tablet_service.cc:1307] Received RequestConsensusVote() RPC: tablet_id: "758ac5cdcc1042c28e67591fe3e44cd2" candidate_uuid: "63f09b1a51a6413a920bc0e867463ea8" candidate_term: 1 candidate_status { last_received { term: 0 index: 0 } } ignore_live_leader: false dest_uuid: "25c8a86462a347cc8ec0c5ed3ecbb9f8" is_pre_election: true
I0107 02:52:35.630348 3497 raft_consensus.cc:2372] T 758ac5cdcc1042c28e67591fe3e44cd2 P 25c8a86462a347cc8ec0c5ed3ecbb9f8 [term 0 FOLLOWER]: Leader pre-election vote request: Granting yes vote for candidate 63f09b1a51a6413a920bc0e867463ea8 in term 0.
I0107 02:52:35.630461 3811 consensus_queue.cc:208] T cc8af90a9a464e149d5476d32964ba8b P 4221df31dba44c83a3f7a142a610ffb6 [LEADER]: Queue going to LEADER mode. State: All replicated index: 0, Majority replicated index: 0, Committed index: 0, Last appended: 0.0, Last appended by leader: 0, Current term: 1, Majority size: 2, State: 0, Mode: LEADER, active raft config: opid_index: -1 OBSOLETE_local: false peers { permanent_uuid: "4221df31dba44c83a3f7a142a610ffb6" member_type: VOTER last_known_addr { host: "127.2.165.130" port: 43369 } } peers { permanent_uuid: "25c8a86462a347cc8ec0c5ed3ecbb9f8" member_type: VOTER last_known_addr { host: "127.2.165.129" port: 42027 } } peers { permanent_uuid: "63f09b1a51a6413a920bc0e867463ea8" member_type: VOTER last_known_addr { host: "127.2.165.131" port: 39691 } }
I0107 02:52:35.630905 3679 leader_election.cc:307] T 758ac5cdcc1042c28e67591fe3e44cd2 P 63f09b1a51a6413a920bc0e867463ea8 [CANDIDATE]: Term 1 pre-election: Election decided. Result: candidate won. Election summary: received 2 responses out of 3 voters: 2 yes votes; 0 no votes. yes voters: 25c8a86462a347cc8ec0c5ed3ecbb9f8, 63f09b1a51a6413a920bc0e867463ea8; no voters:
I0107 02:52:35.631271 3746 raft_consensus.cc:2372] T cc8af90a9a464e149d5476d32964ba8b P 63f09b1a51a6413a920bc0e867463ea8 [term 1 FOLLOWER]: Leader election vote request: Granting yes vote for candidate 4221df31dba44c83a3f7a142a610ffb6 in term 1.
I0107 02:52:35.631271 3812 raft_consensus.cc:2672] T 758ac5cdcc1042c28e67591fe3e44cd2 P 63f09b1a51a6413a920bc0e867463ea8 [term 0 FOLLOWER]: Leader pre-election won for term 1
I0107 02:52:35.631621 3622 tablet_service.cc:1307] Received RequestConsensusVote() RPC: tablet_id: "758ac5cdcc1042c28e67591fe3e44cd2" candidate_uuid: "63f09b1a51a6413a920bc0e867463ea8" candidate_term: 1 candidate_status { last_received { term: 0 index: 0 } } ignore_live_leader: false dest_uuid: "4221df31dba44c83a3f7a142a610ffb6" is_pre_election: true
I0107 02:52:35.631630 3812 raft_consensus.cc:472] T 758ac5cdcc1042c28e67591fe3e44cd2 P 63f09b1a51a6413a920bc0e867463ea8 [term 0 FOLLOWER]: Starting leader election (no leader contacted us within the election timeout)
I0107 02:52:35.631656 3812 raft_consensus.cc:2918] T 758ac5cdcc1042c28e67591fe3e44cd2 P 63f09b1a51a6413a920bc0e867463ea8 [term 0 FOLLOWER]: Advancing to term 1
I0107 02:52:35.631714 3622 raft_consensus.cc:2372] T 758ac5cdcc1042c28e67591fe3e44cd2 P 4221df31dba44c83a3f7a142a610ffb6 [term 0 FOLLOWER]: Leader pre-election vote request: Granting yes vote for candidate 63f09b1a51a6413a920bc0e867463ea8 in term 0.
I0107 02:52:35.632418 3812 raft_consensus.cc:494] T 758ac5cdcc1042c28e67591fe3e44cd2 P 63f09b1a51a6413a920bc0e867463ea8 [term 1 FOLLOWER]: Starting leader election with config: opid_index: -1 OBSOLETE_local: false peers { permanent_uuid: "25c8a86462a347cc8ec0c5ed3ecbb9f8" member_type: VOTER last_known_addr { host: "127.2.165.129" port: 42027 } } peers { permanent_uuid: "4221df31dba44c83a3f7a142a610ffb6" member_type: VOTER last_known_addr { host: "127.2.165.130" port: 43369 } } peers { permanent_uuid: "63f09b1a51a6413a920bc0e867463ea8" member_type: VOTER last_known_addr { host: "127.2.165.131" port: 39691 } }
I0107 02:52:35.632736 3812 leader_election.cc:293] T 758ac5cdcc1042c28e67591fe3e44cd2 P 63f09b1a51a6413a920bc0e867463ea8 [CANDIDATE]: Term 1 election: Requested vote from peers 25c8a86462a347cc8ec0c5ed3ecbb9f8 (127.2.165.129:42027), 4221df31dba44c83a3f7a142a610ffb6 (127.2.165.130:43369)
I0107 02:52:35.633041 3622 tablet_service.cc:1307] Received RequestConsensusVote() RPC: tablet_id: "758ac5cdcc1042c28e67591fe3e44cd2" candidate_uuid: "63f09b1a51a6413a920bc0e867463ea8" candidate_term: 1 candidate_status { last_received { term: 0 index: 0 } } ignore_live_leader: false dest_uuid: "4221df31dba44c83a3f7a142a610ffb6"
I0107 02:52:35.633103 3622 raft_consensus.cc:2918] T 758ac5cdcc1042c28e67591fe3e44cd2 P 4221df31dba44c83a3f7a142a610ffb6 [term 0 FOLLOWER]: Advancing to term 1
I0107 02:52:35.633147 3497 tablet_service.cc:1307] Received RequestConsensusVote() RPC: tablet_id: "758ac5cdcc1042c28e67591fe3e44cd2" candidate_uuid: "63f09b1a51a6413a920bc0e867463ea8" candidate_term: 1 candidate_status { last_received { term: 0 index: 0 } } ignore_live_leader: false dest_uuid: "25c8a86462a347cc8ec0c5ed3ecbb9f8"
I0107 02:52:35.633210 3497 raft_consensus.cc:2918] T 758ac5cdcc1042c28e67591fe3e44cd2 P 25c8a86462a347cc8ec0c5ed3ecbb9f8 [term 0 FOLLOWER]: Advancing to term 1
I0107 02:52:35.633966 3622 raft_consensus.cc:2372] T 758ac5cdcc1042c28e67591fe3e44cd2 P 4221df31dba44c83a3f7a142a610ffb6 [term 1 FOLLOWER]: Leader election vote request: Granting yes vote for candidate 63f09b1a51a6413a920bc0e867463ea8 in term 1.
I0107 02:52:35.634023 3497 raft_consensus.cc:2372] T 758ac5cdcc1042c28e67591fe3e44cd2 P 25c8a86462a347cc8ec0c5ed3ecbb9f8 [term 1 FOLLOWER]: Leader election vote request: Granting yes vote for candidate 63f09b1a51a6413a920bc0e867463ea8 in term 1.
I0107 02:52:35.634068 3372 catalog_manager.cc:4143] T cc8af90a9a464e149d5476d32964ba8b P 4221df31dba44c83a3f7a142a610ffb6 reported cstate change: term changed from 0 to 1, leader changed from to 4221df31dba44c83a3f7a142a610ffb6 (127.2.165.130). New cstate: current_term: 1 leader_uuid: "4221df31dba44c83a3f7a142a610ffb6" committed_config { opid_index: -1 OBSOLETE_local: false peers { permanent_uuid: "4221df31dba44c83a3f7a142a610ffb6" member_type: VOTER last_known_addr { host: "127.2.165.130" port: 43369 } health_report { overall_health: HEALTHY } } peers { permanent_uuid: "25c8a86462a347cc8ec0c5ed3ecbb9f8" member_type: VOTER last_known_addr { host: "127.2.165.129" port: 42027 } health_report { overall_health: UNKNOWN } } peers { permanent_uuid: "63f09b1a51a6413a920bc0e867463ea8" member_type: VOTER last_known_addr { host: "127.2.165.131" port: 39691 } health_report { overall_health: UNKNOWN } } }
I0107 02:52:35.634266 3677 leader_election.cc:307] T 758ac5cdcc1042c28e67591fe3e44cd2 P 63f09b1a51a6413a920bc0e867463ea8 [CANDIDATE]: Term 1 election: Election decided. Result: candidate won. Election summary: received 2 responses out of 3 voters: 2 yes votes; 0 no votes. yes voters: 4221df31dba44c83a3f7a142a610ffb6, 63f09b1a51a6413a920bc0e867463ea8; no voters:
I0107 02:52:35.634443 3812 raft_consensus.cc:2672] T 758ac5cdcc1042c28e67591fe3e44cd2 P 63f09b1a51a6413a920bc0e867463ea8 [term 1 FOLLOWER]: Leader election won for term 1
I0107 02:52:35.634629 3812 raft_consensus.cc:667] T 758ac5cdcc1042c28e67591fe3e44cd2 P 63f09b1a51a6413a920bc0e867463ea8 [term 1 LEADER]: Becoming Leader. State: Replica: 63f09b1a51a6413a920bc0e867463ea8, State: Running, Role: LEADER
I0107 02:52:35.634953 3812 consensus_queue.cc:208] T 758ac5cdcc1042c28e67591fe3e44cd2 P 63f09b1a51a6413a920bc0e867463ea8 [LEADER]: Queue going to LEADER mode. State: All replicated index: 0, Majority replicated index: 0, Committed index: 0, Last appended: 0.0, Last appended by leader: 0, Current term: 1, Majority size: 2, State: 0, Mode: LEADER, active raft config: opid_index: -1 OBSOLETE_local: false peers { permanent_uuid: "25c8a86462a347cc8ec0c5ed3ecbb9f8" member_type: VOTER last_known_addr { host: "127.2.165.129" port: 42027 } } peers { permanent_uuid: "4221df31dba44c83a3f7a142a610ffb6" member_type: VOTER last_known_addr { host: "127.2.165.130" port: 43369 } } peers { permanent_uuid: "63f09b1a51a6413a920bc0e867463ea8" member_type: VOTER last_known_addr { host: "127.2.165.131" port: 39691 } }
I0107 02:52:35.637868 3372 catalog_manager.cc:4143] T 758ac5cdcc1042c28e67591fe3e44cd2 P 63f09b1a51a6413a920bc0e867463ea8 reported cstate change: term changed from 0 to 1, leader changed from to 63f09b1a51a6413a920bc0e867463ea8 (127.2.165.131). New cstate: current_term: 1 leader_uuid: "63f09b1a51a6413a920bc0e867463ea8" committed_config { opid_index: -1 OBSOLETE_local: false peers { permanent_uuid: "25c8a86462a347cc8ec0c5ed3ecbb9f8" member_type: VOTER last_known_addr { host: "127.2.165.129" port: 42027 } health_report { overall_health: UNKNOWN } } peers { permanent_uuid: "4221df31dba44c83a3f7a142a610ffb6" member_type: VOTER last_known_addr { host: "127.2.165.130" port: 43369 } health_report { overall_health: UNKNOWN } } peers { permanent_uuid: "63f09b1a51a6413a920bc0e867463ea8" member_type: VOTER last_known_addr { host: "127.2.165.131" port: 39691 } health_report { overall_health: HEALTHY } } }
W0107 02:52:35.647013 3541 tablet.cc:1792] T 758ac5cdcc1042c28e67591fe3e44cd2 P 25c8a86462a347cc8ec0c5ed3ecbb9f8: Can't schedule compaction. Clean time has not been advanced past its initial value.
W0107 02:52:35.708935 3790 tablet.cc:1792] T 758ac5cdcc1042c28e67591fe3e44cd2 P 63f09b1a51a6413a920bc0e867463ea8: Can't schedule compaction. Clean time has not been advanced past its initial value.
W0107 02:52:35.742971 3823 flags.cc:404] Enabled unsafe flag: --never_fsync=true Using table 'bench_manual_flush'
I0107 02:52:35.880048 3622 raft_consensus.cc:1184] T 758ac5cdcc1042c28e67591fe3e44cd2 P 4221df31dba44c83a3f7a142a610ffb6 [term 1 FOLLOWER]: Refusing update from remote peer 63f09b1a51a6413a920bc0e867463ea8: Log matching property violated. Preceding OpId in replica: term: 0 index: 0. Preceding OpId from leader: term: 1 index: 2. (index mismatch)
I0107 02:52:35.880050 3497 raft_consensus.cc:1184] T 758ac5cdcc1042c28e67591fe3e44cd2 P 25c8a86462a347cc8ec0c5ed3ecbb9f8 [term 1 FOLLOWER]: Refusing update from remote peer 63f09b1a51a6413a920bc0e867463ea8: Log matching property violated. Preceding OpId in replica: term: 0 index: 0. Preceding OpId from leader: term: 1 index: 2. (index mismatch)
I0107 02:52:35.880929 3812 consensus_queue.cc:984] T 758ac5cdcc1042c28e67591fe3e44cd2 P 63f09b1a51a6413a920bc0e867463ea8 [LEADER]: Connected to new peer: Peer: permanent_uuid: "25c8a86462a347cc8ec0c5ed3ecbb9f8" member_type: VOTER last_known_addr { host: "127.2.165.129" port: 42027 }, Status: LMP_MISMATCH, Last received: 0.0, Next index: 1, Last known committed idx: 0, Time since last communication: 0.000s
I0107 02:52:35.881448 3821 consensus_queue.cc:984] T 758ac5cdcc1042c28e67591fe3e44cd2 P 63f09b1a51a6413a920bc0e867463ea8 [LEADER]: Connected to new peer: Peer: permanent_uuid: "4221df31dba44c83a3f7a142a610ffb6" member_type: VOTER last_known_addr { host: "127.2.165.130" port: 43369 }, Status: LMP_MISMATCH, Last received: 0.0, Next index: 1, Last known committed idx: 0, Time since last communication: 0.000s
I0107 02:52:35.883953 3496 raft_consensus.cc:1184] T cc8af90a9a464e149d5476d32964ba8b P 25c8a86462a347cc8ec0c5ed3ecbb9f8 [term 1 FOLLOWER]: Refusing update from remote peer 4221df31dba44c83a3f7a142a610ffb6: Log matching property violated. Preceding OpId in replica: term: 0 index: 0. Preceding OpId from leader: term: 1 index: 2. (index mismatch)
I0107 02:52:35.884539 3819 consensus_queue.cc:984] T cc8af90a9a464e149d5476d32964ba8b P 4221df31dba44c83a3f7a142a610ffb6 [LEADER]: Connected to new peer: Peer: permanent_uuid: "25c8a86462a347cc8ec0c5ed3ecbb9f8" member_type: VOTER last_known_addr { host: "127.2.165.129" port: 42027 }, Status: LMP_MISMATCH, Last received: 0.0, Next index: 1, Last known committed idx: 0, Time since last communication: 0.000s
I0107 02:52:35.887212 3746 raft_consensus.cc:1184] T cc8af90a9a464e149d5476d32964ba8b P 63f09b1a51a6413a920bc0e867463ea8 [term 1 FOLLOWER]: Refusing update from remote peer 4221df31dba44c83a3f7a142a610ffb6: Log matching property violated. Preceding OpId in replica: term: 0 index: 0. Preceding OpId from leader: term: 1 index: 2. (index mismatch)
I0107 02:52:35.887796 3819 consensus_queue.cc:984] T cc8af90a9a464e149d5476d32964ba8b P 4221df31dba44c83a3f7a142a610ffb6 [LEADER]: Connected to new peer: Peer: permanent_uuid: "63f09b1a51a6413a920bc0e867463ea8" member_type: VOTER last_known_addr { host: "127.2.165.131" port: 39691 }, Status: LMP_MISMATCH, Last received: 0.0, Next index: 1, Last known committed idx: 0, Time since last communication: 0.000s
I0107 02:52:35.912982 3842 mvcc.cc:203] Tried to move safe_time back from 6464985316857876480 to 6464985315882532864. Current Snapshot: MvccSnapshot[committed={T|T < 6464985316857876480}]
I0107 02:52:35.920140 3839 mvcc.cc:203] Tried to move safe_time back from 6464985316857876480 to 6464985315882532864. Current Snapshot: MvccSnapshot[committed={T|T < 6464985316857876480}]
I0107 02:52:35.922741 3845 mvcc.cc:203] Tried to move safe_time back from 6464985316853530624 to 6464985315864944640. Current Snapshot: MvccSnapshot[committed={T|T < 6464985316853530624}] Generator report time total : 682.123 ms time per row: 0.0555113 ms Scanner report expected rows: 12288 actual rows : 12288
I0107 02:52:36.571267 2710 external_mini_cluster.cc:1241] Killing /tmp/dist-test-taskh2U6sE/build/debug/bin/kudu-tserver with pid 3409
I0107 02:52:36.576125 2710 external_mini_cluster.cc:1241] Killing /tmp/dist-test-taskh2U6sE/build/debug/bin/kudu-tserver with pid 3544
I0107 02:52:36.580343 2710 external_mini_cluster.cc:1241] Killing /tmp/dist-test-taskh2U6sE/build/debug/bin/kudu-tserver with pid 3667
I0107 02:52:36.584066 2710 external_mini_cluster.cc:1241] Killing /tmp/dist-test-taskh2U6sE/build/debug/bin/kudu-master with pid 3347 2020-01-07T02:52:36Z chronyd exiting [ OK ] ToolTest.TestLoadgenManualFlush (1814 ms) [ RUN ] ToolTest.TestLoadgenAutoGenTablePartitioning 2020-01-07T02:52:36Z chronyd version 3.5 starting (+CMDMON +NTP +REFCLOCK +RTC -PRIVDROP -SCFILTER -SIGND +ASYNCDNS -SECHASH -IPV6 +DEBUG) 2020-01-07T02:52:36Z Disabled control of system clock
I0107 02:52:36.610635 2710 external_mini_cluster.cc:1043] Running /tmp/dist-test-taskh2U6sE/build/debug/bin/kudu-master /tmp/dist-test-taskh2U6sE/build/debug/bin/kudu-master --fs_wal_dir=/tmp/dist-test-taskh2U6sE/test-tmp/kudu-tool-test.2.ToolTest.TestLoadgenAutoGenTablePartitioning.1578365549852848-2710/minicluster-data/master-0/wal --fs_data_dirs=/tmp/dist-test-taskh2U6sE/test-tmp/kudu-tool-test.2.ToolTest.TestLoadgenAutoGenTablePartitioning.1578365549852848-2710/minicluster-data/master-0/data --block_manager=log --webserver_interface=localhost --ipki_ca_key_size=1024 --tsk_num_rsa_bits=512 --rpc_bind_addresses=127.2.165.190:35707 --webserver_interface=127.2.165.190 --webserver_port=0 --never_fsync --ipki_server_key_size=1024 --enable_minidumps=false --redact=none --metrics_log_interval_ms=1000 --logtostderr --logbuflevel=-1 --log_dir=/tmp/dist-test-taskh2U6sE/test-tmp/kudu-tool-test.2.ToolTest.TestLoadgenAutoGenTablePartitioning.1578365549852848-2710/minicluster-data/master-0/logs --server_dump_info_path=/tmp/dist-test-taskh2U6sE/test-tmp/kudu-tool-test.2.ToolTest.TestLoadgenAutoGenTablePartitioning.1578365549852848-2710/minicluster-data/master-0/data/info.pb --server_dump_info_format=pb --rpc_server_allow_ephemeral_ports --unlock_experimental_flags --unlock_unsafe_flags --rpc_reuseport=true --builtin_ntp_servers=127.2.165.148:39403 --builtin_ntp_poll_interval_ms=100 --ntp_initial_sync_wait_secs=10 --time_source=builtin with env {} WARNING: Logging before InitGoogleLogging() is written to STDERR
W0107 02:52:36.676373 3873 flags.cc:404] Enabled unsafe flag: --rpc_server_allow_ephemeral_ports=true
W0107 02:52:36.676589 3873 flags.cc:404] Enabled unsafe flag: --never_fsync=true
W0107 02:52:36.677677 3873 flags.cc:404] Enabled experimental flag: --ipki_ca_key_size=1024
W0107 02:52:36.677701 3873 flags.cc:404] Enabled experimental flag: --ipki_server_key_size=1024
W0107 02:52:36.677708 3873 flags.cc:404] Enabled experimental flag: --tsk_num_rsa_bits=512
W0107 02:52:36.677717 3873 flags.cc:404] Enabled experimental flag: --rpc_reuseport=true
