I0107 02:52:36.679764 3873 master_main.cc:96] Master server non-default flags: --builtin_ntp_poll_interval_ms=100 --builtin_ntp_servers=127.2.165.148:39403 --ntp_initial_sync_wait_secs=10 --time_source=builtin --fs_data_dirs=/tmp/dist-test-taskh2U6sE/test-tmp/kudu-tool-test.2.ToolTest.TestLoadgenAutoGenTablePartitioning.1578365549852848-2710/minicluster-data/master-0/data --fs_wal_dir=/tmp/dist-test-taskh2U6sE/test-tmp/kudu-tool-test.2.ToolTest.TestLoadgenAutoGenTablePartitioning.1578365549852848-2710/minicluster-data/master-0/wal --ipki_ca_key_size=1024 --ipki_server_key_size=1024 --tsk_num_rsa_bits=512 --rpc_bind_addresses=127.2.165.190:35707 --rpc_reuseport=true --rpc_server_allow_ephemeral_ports=true --metrics_log_interval_ms=1000 --server_dump_info_format=pb --server_dump_info_path=/tmp/dist-test-taskh2U6sE/test-tmp/kudu-tool-test.2.ToolTest.TestLoadgenAutoGenTablePartitioning.1578365549852848-2710/minicluster-data/master-0/data/info.pb --webserver_interface=127.2.165.190 --webserver_port=0 --never_fsync=true --heap_profile_path=/tmp/kudu-master.3873 --redact=none --unlock_experimental_flags=true --unlock_unsafe_flags=true --enable_minidumps=false --log_dir=/tmp/dist-test-taskh2U6sE/test-tmp/kudu-tool-test.2.ToolTest.TestLoadgenAutoGenTablePartitioning.1578365549852848-2710/minicluster-data/master-0/logs --logbuflevel=-1 --logtostderr=true Master server version: kudu 1.11.0.7.1.0.0-SNAPSHOT revision a4ff810dd64883133db852e9479c89ff2df803d7 build type DEBUG built by jenkins at 06 Jan 2020 18:27:29 PST on quasar-zycntq-1.vpc.cloudera.com build id 568631
I0107 02:52:36.688829 3873 hybrid_clock.cc:168] waiting up to --ntp_initial_sync_wait_secs=10 seconds for the clock to synchronize
I0107 02:52:36.690006 3873 hybrid_clock.cc:186] HybridClock initialized: now 1578365556689966 us; error 37 us; skew 500 ppm
I0107 02:52:36.690726 3873 fs_manager.cc:263] Metadata directory not provided
I0107 02:52:36.690768 3873 fs_manager.cc:269] Using write-ahead log directory (fs_wal_dir) as metadata directory
I0107 02:52:36.691013 3873 server_base.cc:452] Could not load existing FS layout: Not found: could not find a healthy instance file
I0107 02:52:36.691036 3873 server_base.cc:453] Attempting to create new FS layout instead
I0107 02:52:36.693205 3873 fs_manager.cc:617] Generated new instance metadata in path /tmp/dist-test-taskh2U6sE/test-tmp/kudu-tool-test.2.ToolTest.TestLoadgenAutoGenTablePartitioning.1578365549852848-2710/minicluster-data/master-0/data/instance: uuid: "a065da782f754bb79556ad09ad3ea8f2" format_stamp: "Formatted at 2020-01-07 02:52:36 on dist-test-slave-dist-test-slave-3kpx"
I0107 02:52:36.693466 3873 fs_manager.cc:617] Generated new instance metadata in path /tmp/dist-test-taskh2U6sE/test-tmp/kudu-tool-test.2.ToolTest.TestLoadgenAutoGenTablePartitioning.1578365549852848-2710/minicluster-data/master-0/wal/instance: uuid: "a065da782f754bb79556ad09ad3ea8f2" format_stamp: "Formatted at 2020-01-07 02:52:36 on dist-test-slave-dist-test-slave-3kpx"
I0107 02:52:36.695165 3873 dir_util.cc:225] Instance is unhealthy: Not found: Failed to read metadata file from /tmp/dist-test-taskh2U6sE/test-tmp/kudu-tool-test.2.ToolTest.TestLoadgenAutoGenTablePartitioning.1578365549852848-2710/minicluster-data/master-0/data/data/block_manager_instance: /tmp/dist-test-taskh2U6sE/test-tmp/kudu-tool-test.2.ToolTest.TestLoadgenAutoGenTablePartitioning.1578365549852848-2710/minicluster-data/master-0/data/data/block_manager_instance: No such file or directory (error 2)
I0107 02:52:36.700934 3873 fs_manager.cc:518] Time spent creating directory manager: real 0.007s user 0.009s sys 0.000s
I0107 02:52:36.701624 3873 env_posix.cc:1680] Not raising this process' open files per process limit of 1048576; it is already as high as it can go
I0107 02:52:36.702100 3873 file_cache.cc:465] Constructed file cache lbm with capacity 419430
I0107 02:52:36.705992 3873 fs_manager.cc:434] Time spent opening block manager: real 0.002s user 0.001s sys 0.000s
I0107 02:52:36.706091 3873 fs_manager.cc:451] Opened local filesystem: /tmp/dist-test-taskh2U6sE/test-tmp/kudu-tool-test.2.ToolTest.TestLoadgenAutoGenTablePartitioning.1578365549852848-2710/minicluster-data/master-0/data,/tmp/dist-test-taskh2U6sE/test-tmp/kudu-tool-test.2.ToolTest.TestLoadgenAutoGenTablePartitioning.1578365549852848-2710/minicluster-data/master-0/wal uuid: "a065da782f754bb79556ad09ad3ea8f2" format_stamp: "Formatted at 2020-01-07 02:52:36 on dist-test-slave-dist-test-slave-3kpx"
I0107 02:52:36.706187 3873 fs_report.cc:352] FS layout report -------------------- wal directory: /tmp/dist-test-taskh2U6sE/test-tmp/kudu-tool-test.2.ToolTest.TestLoadgenAutoGenTablePartitioning.1578365549852848-2710/minicluster-data/master-0/wal metadata directory: /tmp/dist-test-taskh2U6sE/test-tmp/kudu-tool-test.2.ToolTest.TestLoadgenAutoGenTablePartitioning.1578365549852848-2710/minicluster-data/master-0/wal 1 data directories: /tmp/dist-test-taskh2U6sE/test-tmp/kudu-tool-test.2.ToolTest.TestLoadgenAutoGenTablePartitioning.1578365549852848-2710/minicluster-data/master-0/data/data Total live blocks: 0 Total live bytes: 0 Total live bytes (after alignment): 0 Total number of LBM containers: 0 (0 full) Did not check for missing blocks Did not check for orphaned blocks Total full LBM containers with extra space: 0 (0 repaired) Total full LBM container extra space in bytes: 0 (0 repaired) Total incomplete LBM containers: 0 (0 repaired) Total LBM partial records: 0 (0 repaired)
I0107 02:52:36.722985 3873 env_posix.cc:1680] Not raising this process' running threads per effective uid limit of 18446744073709551615; it is already as high as it can go
I0107 02:52:36.728457 3873 rpc_server.cc:211] RPC server started. Bound to: 127.2.165.190:35707
I0107 02:52:36.729487 3873 webserver.cc:382] Webserver started at http://127.2.165.190:35867/ using document root and password file
I0107 02:52:36.730218 3873 server_base.cc:629] Dumped server information to /tmp/dist-test-taskh2U6sE/test-tmp/kudu-tool-test.2.ToolTest.TestLoadgenAutoGenTablePartitioning.1578365549852848-2710/minicluster-data/master-0/data/info.pb
I0107 02:52:36.733916 3934 data_dirs.cc:394] Could only allocate 1 dirs of requested 3 for tablet 00000000000000000000000000000000. 1 dirs total, 0 dirs full, 0 dirs failed
I0107 02:52:36.735052 2710 external_mini_cluster.cc:1105] Started /tmp/dist-test-taskh2U6sE/build/debug/bin/kudu-master as pid 3873
I0107 02:52:36.735558 2710 external_mini_cluster.cc:1043] Running /tmp/dist-test-taskh2U6sE/build/debug/bin/kudu-tserver /tmp/dist-test-taskh2U6sE/build/debug/bin/kudu-tserver --fs_wal_dir=/tmp/dist-test-taskh2U6sE/test-tmp/kudu-tool-test.2.ToolTest.TestLoadgenAutoGenTablePartitioning.1578365549852848-2710/minicluster-data/ts-0/wal --fs_data_dirs=/tmp/dist-test-taskh2U6sE/test-tmp/kudu-tool-test.2.ToolTest.TestLoadgenAutoGenTablePartitioning.1578365549852848-2710/minicluster-data/ts-0/data --block_manager=log --rpc_bind_addresses=127.2.165.129:0 --local_ip_for_outbound_sockets=127.2.165.129 --webserver_interface=127.2.165.129 --webserver_port=0 --tserver_master_addrs=127.2.165.190:35707 --never_fsync --ipki_server_key_size=1024 --enable_minidumps=false --redact=none --metrics_log_interval_ms=1000 --logtostderr --logbuflevel=-1 --log_dir=/tmp/dist-test-taskh2U6sE/test-tmp/kudu-tool-test.2.ToolTest.TestLoadgenAutoGenTablePartitioning.1578365549852848-2710/minicluster-data/ts-0/logs --server_dump_info_path=/tmp/dist-test-taskh2U6sE/test-tmp/kudu-tool-test.2.ToolTest.TestLoadgenAutoGenTablePartitioning.1578365549852848-2710/minicluster-data/ts-0/data/info.pb --server_dump_info_format=pb --rpc_server_allow_ephemeral_ports --unlock_experimental_flags --unlock_unsafe_flags --builtin_ntp_servers=127.2.165.148:39403 --builtin_ntp_poll_interval_ms=100 --ntp_initial_sync_wait_secs=10 --time_source=builtin with env {}
I0107 02:52:36.739878 3934 tablet_bootstrap.cc:439] T 00000000000000000000000000000000 P a065da782f754bb79556ad09ad3ea8f2: Bootstrap starting.
I0107 02:52:36.742229 3934 tablet_bootstrap.cc:590] T 00000000000000000000000000000000 P a065da782f754bb79556ad09ad3ea8f2: No blocks or log segments found. Creating new log.
I0107 02:52:36.743207 3934 log.cc:815] T 00000000000000000000000000000000 P a065da782f754bb79556ad09ad3ea8f2: Log is configured to *not* fsync() on all Append() calls
I0107 02:52:36.744565 3934 tablet_bootstrap.cc:439] T 00000000000000000000000000000000 P a065da782f754bb79556ad09ad3ea8f2: No bootstrap required, opened a new log
I0107 02:52:36.747529 3934 raft_consensus.cc:340] T 00000000000000000000000000000000 P a065da782f754bb79556ad09ad3ea8f2 [term 0 FOLLOWER]: Replica starting. Triggering 0 pending transactions. Active config: opid_index: -1 OBSOLETE_local: true peers { permanent_uuid: "a065da782f754bb79556ad09ad3ea8f2" member_type: VOTER }
I0107 02:52:36.747606 3934 raft_consensus.cc:366] T 00000000000000000000000000000000 P a065da782f754bb79556ad09ad3ea8f2 [term 0 FOLLOWER]: Consensus starting up: Expiring failure detector timer to make a prompt election more likely
I0107 02:52:36.747663 3934 raft_consensus.cc:705] T 00000000000000000000000000000000 P a065da782f754bb79556ad09ad3ea8f2 [term 0 FOLLOWER]: Becoming Follower/Learner. State: Replica: a065da782f754bb79556ad09ad3ea8f2, State: Initialized, Role: FOLLOWER
I0107 02:52:36.748175 3934 consensus_queue.cc:231] T 00000000000000000000000000000000 P a065da782f754bb79556ad09ad3ea8f2 [NON_LEADER]: Queue going to NON_LEADER mode. State: All replicated index: 0, Majority replicated index: 0, Committed index: 0, Last appended: 0.0, Last appended by leader: 0, Current term: 0, Majority size: -1, State: 0, Mode: NON_LEADER, active raft config: opid_index: -1 OBSOLETE_local: true peers { permanent_uuid: "a065da782f754bb79556ad09ad3ea8f2" member_type: VOTER }
I0107 02:52:36.748236 3934 raft_consensus.cc:380] T 00000000000000000000000000000000 P a065da782f754bb79556ad09ad3ea8f2 [term 0 FOLLOWER]: Only one voter in the Raft config. Triggering election immediately
I0107 02:52:36.748278 3934 raft_consensus.cc:472] T 00000000000000000000000000000000 P a065da782f754bb79556ad09ad3ea8f2 [term 0 FOLLOWER]: Starting leader election (initial election of a single-replica configuration)
I0107 02:52:36.748358 3934 raft_consensus.cc:2918] T 00000000000000000000000000000000 P a065da782f754bb79556ad09ad3ea8f2 [term 0 FOLLOWER]: Advancing to term 1
I0107 02:52:36.749115 3934 raft_consensus.cc:494] T 00000000000000000000000000000000 P a065da782f754bb79556ad09ad3ea8f2 [term 1 FOLLOWER]: Starting leader election with config: opid_index: -1 OBSOLETE_local: true peers { permanent_uuid: "a065da782f754bb79556ad09ad3ea8f2" member_type: VOTER }
I0107 02:52:36.749577 3934 leader_election.cc:307] T 00000000000000000000000000000000 P a065da782f754bb79556ad09ad3ea8f2 [CANDIDATE]: Term 1 election: Election decided. Result: candidate won. Election summary: received 1 responses out of 1 voters: 1 yes votes; 0 no votes. yes voters: a065da782f754bb79556ad09ad3ea8f2; no voters:
I0107 02:52:36.749999 3934 leader_election.cc:293] T 00000000000000000000000000000000 P a065da782f754bb79556ad09ad3ea8f2 [CANDIDATE]: Term 1 election: Requested vote from peers
I0107 02:52:36.750156 3937 raft_consensus.cc:2672] T 00000000000000000000000000000000 P a065da782f754bb79556ad09ad3ea8f2 [term 1 FOLLOWER]: Leader election won for term 1
I0107 02:52:36.750339 3937 raft_consensus.cc:667] T 00000000000000000000000000000000 P a065da782f754bb79556ad09ad3ea8f2 [term 1 LEADER]: Becoming Leader. State: Replica: a065da782f754bb79556ad09ad3ea8f2, State: Running, Role: LEADER
I0107 02:52:36.750730 3937 consensus_queue.cc:208] T 00000000000000000000000000000000 P a065da782f754bb79556ad09ad3ea8f2 [LEADER]: Queue going to LEADER mode. State: All replicated index: 0, Majority replicated index: 0, Committed index: 0, Last appended: 0.0, Last appended by leader: 0, Current term: 1, Majority size: 1, State: 0, Mode: LEADER, active raft config: opid_index: -1 OBSOLETE_local: true peers { permanent_uuid: "a065da782f754bb79556ad09ad3ea8f2" member_type: VOTER }
I0107 02:52:36.752046 3937 sys_catalog.cc:339] T 00000000000000000000000000000000 P a065da782f754bb79556ad09ad3ea8f2 [sys.catalog]: SysCatalogTable state changed. Reason: New leader a065da782f754bb79556ad09ad3ea8f2. Latest consensus state: current_term: 1 leader_uuid: "a065da782f754bb79556ad09ad3ea8f2" committed_config { opid_index: -1 OBSOLETE_local: true peers { permanent_uuid: "a065da782f754bb79556ad09ad3ea8f2" member_type: VOTER } }
I0107 02:52:36.752087 3937 sys_catalog.cc:342] T 00000000000000000000000000000000 P a065da782f754bb79556ad09ad3ea8f2 [sys.catalog]: This master's current role is: LEADER
I0107 02:52:36.752499 3934 sys_catalog.cc:339] T 00000000000000000000000000000000 P a065da782f754bb79556ad09ad3ea8f2 [sys.catalog]: SysCatalogTable state changed. Reason: Started TabletReplica. Latest consensus state: current_term: 1 leader_uuid: "a065da782f754bb79556ad09ad3ea8f2" committed_config { opid_index: -1 OBSOLETE_local: true peers { permanent_uuid: "a065da782f754bb79556ad09ad3ea8f2" member_type: VOTER } }
I0107 02:52:36.752530 3934 sys_catalog.cc:342] T 00000000000000000000000000000000 P a065da782f754bb79556ad09ad3ea8f2 [sys.catalog]: This master's current role is: LEADER
I0107 02:52:36.753866 3939 sys_catalog.cc:339] T 00000000000000000000000000000000 P a065da782f754bb79556ad09ad3ea8f2 [sys.catalog]: SysCatalogTable state changed. Reason: RaftConsensus started. Latest consensus state: current_term: 1 leader_uuid: "a065da782f754bb79556ad09ad3ea8f2" committed_config { opid_index: -1 OBSOLETE_local: true peers { permanent_uuid: "a065da782f754bb79556ad09ad3ea8f2" member_type: VOTER } }
I0107 02:52:36.753896 3939 sys_catalog.cc:342] T 00000000000000000000000000000000 P a065da782f754bb79556ad09ad3ea8f2 [sys.catalog]: This master's current role is: LEADER
I0107 02:52:36.754319 3934 sys_catalog.cc:436] T 00000000000000000000000000000000 P a065da782f754bb79556ad09ad3ea8f2 [sys.catalog]: configured and running, proceeding with master startup.
W0107 02:52:36.757385 3943 catalog_manager.cc:1158] T 00000000000000000000000000000000 P a065da782f754bb79556ad09ad3ea8f2: acquiring CA information for follower catalog manager: Not found: root CA entry not found
W0107 02:52:36.757428 3943 catalog_manager.cc:630] Not found: root CA entry not found: failed to prepare follower catalog manager, will retry
I0107 02:52:36.758476 3941 catalog_manager.cc:1089] Loading table and tablet metadata into memory...
I0107 02:52:36.759395 3941 catalog_manager.cc:1100] Initializing Kudu internal certificate authority... WARNING: Logging before InitGoogleLogging() is written to STDERR
W0107 02:52:36.790848 3935 flags.cc:404] Enabled unsafe flag: --rpc_server_allow_ephemeral_ports=true
W0107 02:52:36.791069 3935 flags.cc:404] Enabled unsafe flag: --never_fsync=true
W0107 02:52:36.792042 3935 flags.cc:404] Enabled experimental flag: --ipki_server_key_size=1024
W0107 02:52:36.792111 3935 flags.cc:404] Enabled experimental flag: --local_ip_for_outbound_sockets=127.2.165.129
I0107 02:52:36.793850 3935 tablet_server_main.cc:76] Tablet server non-default flags: --builtin_ntp_poll_interval_ms=100 --builtin_ntp_servers=127.2.165.148:39403 --ntp_initial_sync_wait_secs=10 --time_source=builtin --fs_data_dirs=/tmp/dist-test-taskh2U6sE/test-tmp/kudu-tool-test.2.ToolTest.TestLoadgenAutoGenTablePartitioning.1578365549852848-2710/minicluster-data/ts-0/data --fs_wal_dir=/tmp/dist-test-taskh2U6sE/test-tmp/kudu-tool-test.2.ToolTest.TestLoadgenAutoGenTablePartitioning.1578365549852848-2710/minicluster-data/ts-0/wal --ipki_server_key_size=1024 --rpc_bind_addresses=127.2.165.129:0 --rpc_server_allow_ephemeral_ports=true --metrics_log_interval_ms=1000 --server_dump_info_format=pb --server_dump_info_path=/tmp/dist-test-taskh2U6sE/test-tmp/kudu-tool-test.2.ToolTest.TestLoadgenAutoGenTablePartitioning.1578365549852848-2710/minicluster-data/ts-0/data/info.pb --webserver_interface=127.2.165.129 --webserver_port=0 --tserver_master_addrs=127.2.165.190:35707 --never_fsync=true --heap_profile_path=/tmp/kudu-tserver.3935 --redact=none --unlock_experimental_flags=true --unlock_unsafe_flags=true --enable_minidumps=false --local_ip_for_outbound_sockets=127.2.165.129 --log_dir=/tmp/dist-test-taskh2U6sE/test-tmp/kudu-tool-test.2.ToolTest.TestLoadgenAutoGenTablePartitioning.1578365549852848-2710/minicluster-data/ts-0/logs --logbuflevel=-1 --logtostderr=true Tablet server version: kudu 1.11.0.7.1.0.0-SNAPSHOT revision a4ff810dd64883133db852e9479c89ff2df803d7 build type DEBUG built by jenkins at 06 Jan 2020 18:27:29 PST on quasar-zycntq-1.vpc.cloudera.com build id 568631
I0107 02:52:36.802778 3935 hybrid_clock.cc:168] waiting up to --ntp_initial_sync_wait_secs=10 seconds for the clock to synchronize
I0107 02:52:36.803969 3935 hybrid_clock.cc:186] HybridClock initialized: now 1578365556803941 us; error 24 us; skew 500 ppm
I0107 02:52:36.804563 3935 fs_manager.cc:263] Metadata directory not provided
I0107 02:52:36.804603 3935 fs_manager.cc:269] Using write-ahead log directory (fs_wal_dir) as metadata directory
I0107 02:52:36.804847 3935 server_base.cc:452] Could not load existing FS layout: Not found: could not find a healthy instance file
I0107 02:52:36.804872 3935 server_base.cc:453] Attempting to create new FS layout instead
I0107 02:52:36.806993 3935 fs_manager.cc:617] Generated new instance metadata in path /tmp/dist-test-taskh2U6sE/test-tmp/kudu-tool-test.2.ToolTest.TestLoadgenAutoGenTablePartitioning.1578365549852848-2710/minicluster-data/ts-0/data/instance: uuid: "2b6dcad5ff0c481b9a3c7d43499a7454" format_stamp: "Formatted at 2020-01-07 02:52:36 on dist-test-slave-dist-test-slave-3kpx"
I0107 02:52:36.807268 3935 fs_manager.cc:617] Generated new instance metadata in path /tmp/dist-test-taskh2U6sE/test-tmp/kudu-tool-test.2.ToolTest.TestLoadgenAutoGenTablePartitioning.1578365549852848-2710/minicluster-data/ts-0/wal/instance: uuid: "2b6dcad5ff0c481b9a3c7d43499a7454" format_stamp: "Formatted at 2020-01-07 02:52:36 on dist-test-slave-dist-test-slave-3kpx"
I0107 02:52:36.808852 3935 dir_util.cc:225] Instance is unhealthy: Not found: Failed to read metadata file from /tmp/dist-test-taskh2U6sE/test-tmp/kudu-tool-test.2.ToolTest.TestLoadgenAutoGenTablePartitioning.1578365549852848-2710/minicluster-data/ts-0/data/data/block_manager_instance: /tmp/dist-test-taskh2U6sE/test-tmp/kudu-tool-test.2.ToolTest.TestLoadgenAutoGenTablePartitioning.1578365549852848-2710/minicluster-data/ts-0/data/data/block_manager_instance: No such file or directory (error 2)
I0107 02:52:36.814304 3935 fs_manager.cc:518] Time spent creating directory manager: real 0.007s user 0.007s sys 0.000s
I0107 02:52:36.814967 3935 env_posix.cc:1680] Not raising this process' open files per process limit of 1048576; it is already as high as it can go
I0107 02:52:36.815402 3935 file_cache.cc:465] Constructed file cache lbm with capacity 419430
I0107 02:52:36.818815 3935 fs_manager.cc:434] Time spent opening block manager: real 0.002s user 0.001s sys 0.000s
I0107 02:52:36.818949 3935 fs_manager.cc:451] Opened local filesystem: /tmp/dist-test-taskh2U6sE/test-tmp/kudu-tool-test.2.ToolTest.TestLoadgenAutoGenTablePartitioning.1578365549852848-2710/minicluster-data/ts-0/data,/tmp/dist-test-taskh2U6sE/test-tmp/kudu-tool-test.2.ToolTest.TestLoadgenAutoGenTablePartitioning.1578365549852848-2710/minicluster-data/ts-0/wal uuid: "2b6dcad5ff0c481b9a3c7d43499a7454" format_stamp: "Formatted at 2020-01-07 02:52:36 on dist-test-slave-dist-test-slave-3kpx"
I0107 02:52:36.819123 3935 fs_report.cc:352] FS layout report -------------------- wal directory: /tmp/dist-test-taskh2U6sE/test-tmp/kudu-tool-test.2.ToolTest.TestLoadgenAutoGenTablePartitioning.1578365549852848-2710/minicluster-data/ts-0/wal metadata directory: /tmp/dist-test-taskh2U6sE/test-tmp/kudu-tool-test.2.ToolTest.TestLoadgenAutoGenTablePartitioning.1578365549852848-2710/minicluster-data/ts-0/wal 1 data directories: /tmp/dist-test-taskh2U6sE/test-tmp/kudu-tool-test.2.ToolTest.TestLoadgenAutoGenTablePartitioning.1578365549852848-2710/minicluster-data/ts-0/data/data Total live blocks: 0 Total live bytes: 0 Total live bytes (after alignment): 0 Total number of LBM containers: 0 (0 full) Did not check for missing blocks Did not check for orphaned blocks Total full LBM containers with extra space: 0 (0 repaired) Total full LBM container extra space in bytes: 0 (0 repaired) Total incomplete LBM containers: 0 (0 repaired) Total LBM partial records: 0 (0 repaired)
I0107 02:52:36.857303 3935 env_posix.cc:1680] Not raising this process' running threads per effective uid limit of 18446744073709551615; it is already as high as it can go
I0107 02:52:36.859059 3935 ts_tablet_manager.cc:395] Loaded tablet metadata (0 total tablets, 0 live tablets)
I0107 02:52:36.859098 3935 ts_tablet_manager.cc:415] Registered 0 tablets
I0107 02:52:36.864209 3941 catalog_manager.cc:984] Generated new certificate authority record
I0107 02:52:36.865558 3941 catalog_manager.cc:1109] Loading token signing keys...
I0107 02:52:36.867780 3935 rpc_server.cc:211] RPC server started. Bound to: 127.2.165.129:33657
I0107 02:52:36.868824 3935 webserver.cc:382] Webserver started at http://127.2.165.129:45489/ using document root and password file
I0107 02:52:36.869465 3935 server_base.cc:629] Dumped server information to /tmp/dist-test-taskh2U6sE/test-tmp/kudu-tool-test.2.ToolTest.TestLoadgenAutoGenTablePartitioning.1578365549852848-2710/minicluster-data/ts-0/data/info.pb
I0107 02:52:36.870867 2710 external_mini_cluster.cc:1105] Started /tmp/dist-test-taskh2U6sE/build/debug/bin/kudu-tserver as pid 3935
I0107 02:52:36.882215 3941 catalog_manager.cc:4455] T 00000000000000000000000000000000 P a065da782f754bb79556ad09ad3ea8f2: Generated new TSK 0
I0107 02:52:36.882836 3941 catalog_manager.cc:1119] Initializing in-progress tserver states...
I0107 02:52:36.883477 4066 heartbeater.cc:322] Connected to a master server at 127.2.165.190:35707
I0107 02:52:36.883652 4066 heartbeater.cc:406] Registering TS with master...
I0107 02:52:36.884131 4066 heartbeater.cc:455] Master 127.2.165.190:35707 requested a full tablet report, sending...
I0107 02:52:36.885532 3901 ts_manager.cc:192] Registered new tserver with Master: 2b6dcad5ff0c481b9a3c7d43499a7454 (127.2.165.129:33657)
I0107 02:52:36.887053 3901 master_service.cc:351] Signed X509 certificate for tserver {username='slave'} at 127.2.165.129:56061
I0107 02:52:36.887501 2710 external_mini_cluster.cc:721] 1 TS(s) registered with all masters
W0107 02:52:37.027101 4072 flags.cc:404] Enabled unsafe flag: --never_fsync=true
E0107 02:52:37.028986 4072 tool_action_perf.cc:362] Invalid partitioning: --table_num_hash_partitions=1 --table_num_range_partitions=1, must specify more than one partition for auto-generated tables
E0107 02:52:37.029043 4072 flags.cc:440] Detected inconsistency in command-line flags; exiting
W0107 02:52:37.117604 4076 flags.cc:404] Enabled unsafe flag: --never_fsync=true
I0107 02:52:37.155122 3901 catalog_manager.cc:1454] Servicing CreateTable request from {username='slave'} at 127.0.0.1:46912: name: "default.loadgen_auto_2dadbf7e697f48a29c855e1fc6af4805" schema { columns { name: "key" type: INT64 is_key: true is_nullable: false encoding: AUTO_ENCODING compression: DEFAULT_COMPRESSION cfile_block_size: 0 } columns { name: "int_val" type: INT32 is_key: false is_nullable: true encoding: AUTO_ENCODING compression: DEFAULT_COMPRESSION cfile_block_size: 0 } columns { name: "string_val" type: STRING is_key: false is_nullable: true encoding: AUTO_ENCODING compression: DEFAULT_COMPRESSION cfile_block_size: 0 } } num_replicas: 1 split_rows_range_bounds { rows: "\004\001\000\224\021\000\000\000\000\000\000" } partition_schema { range_schema { columns { name: "key" } } }
I0107 02:52:37.172425 3988 tablet_service.cc:1034] Processing CreateTablet for tablet 30892bfa2cab4a1ea287730febc2afd3 (table=default.loadgen_auto_2dadbf7e697f48a29c855e1fc6af4805 [id=539ee5af74bc406b85a03c5161cb089f]), partition=RANGE (key) PARTITION VALUES >= 4500
I0107 02:52:37.172423 3994 tablet_service.cc:1034] Processing CreateTablet for tablet d54d6c5842b9408a83cc6bf495e8f642 (table=default.loadgen_auto_2dadbf7e697f48a29c855e1fc6af4805 [id=539ee5af74bc406b85a03c5161cb089f]), partition=RANGE (key) PARTITION VALUES < 4500
I0107 02:52:37.173172 3994 data_dirs.cc:394] Could only allocate 1 dirs of requested 3 for tablet d54d6c5842b9408a83cc6bf495e8f642. 1 dirs total, 0 dirs full, 0 dirs failed
I0107 02:52:37.173637 3988 data_dirs.cc:394] Could only allocate 1 dirs of requested 3 for tablet 30892bfa2cab4a1ea287730febc2afd3. 1 dirs total, 0 dirs full, 0 dirs failed
I0107 02:52:37.179278 4088 tablet_bootstrap.cc:439] T d54d6c5842b9408a83cc6bf495e8f642 P 2b6dcad5ff0c481b9a3c7d43499a7454: Bootstrap starting.
I0107 02:52:37.181082 4088 tablet_bootstrap.cc:590] T d54d6c5842b9408a83cc6bf495e8f642 P 2b6dcad5ff0c481b9a3c7d43499a7454: No blocks or log segments found. Creating new log.
I0107 02:52:37.181942 4088 log.cc:815] T d54d6c5842b9408a83cc6bf495e8f642 P 2b6dcad5ff0c481b9a3c7d43499a7454: Log is configured to *not* fsync() on all Append() calls
I0107 02:52:37.183177 4088 tablet_bootstrap.cc:439] T d54d6c5842b9408a83cc6bf495e8f642 P 2b6dcad5ff0c481b9a3c7d43499a7454: No bootstrap required, opened a new log
I0107 02:52:37.183365 4088 ts_tablet_manager.cc:1103] T d54d6c5842b9408a83cc6bf495e8f642 P 2b6dcad5ff0c481b9a3c7d43499a7454: Time spent bootstrapping tablet: real 0.004s user 0.003s sys 0.000s
I0107 02:52:37.185847 4088 raft_consensus.cc:340] T d54d6c5842b9408a83cc6bf495e8f642 P 2b6dcad5ff0c481b9a3c7d43499a7454 [term 0 FOLLOWER]: Replica starting. Triggering 0 pending transactions. Active config: opid_index: -1 OBSOLETE_local: true peers { permanent_uuid: "2b6dcad5ff0c481b9a3c7d43499a7454" member_type: VOTER last_known_addr { host: "127.2.165.129" port: 33657 } }
I0107 02:52:37.185922 4088 raft_consensus.cc:366] T d54d6c5842b9408a83cc6bf495e8f642 P 2b6dcad5ff0c481b9a3c7d43499a7454 [term 0 FOLLOWER]: Consensus starting up: Expiring failure detector timer to make a prompt election more likely
I0107 02:52:37.185958 4088 raft_consensus.cc:705] T d54d6c5842b9408a83cc6bf495e8f642 P 2b6dcad5ff0c481b9a3c7d43499a7454 [term 0 FOLLOWER]: Becoming Follower/Learner. State: Replica: 2b6dcad5ff0c481b9a3c7d43499a7454, State: Initialized, Role: FOLLOWER
I0107 02:52:37.186426 4088 consensus_queue.cc:231] T d54d6c5842b9408a83cc6bf495e8f642 P 2b6dcad5ff0c481b9a3c7d43499a7454 [NON_LEADER]: Queue going to NON_LEADER mode. State: All replicated index: 0, Majority replicated index: 0, Committed index: 0, Last appended: 0.0, Last appended by leader: 0, Current term: 0, Majority size: -1, State: 0, Mode: NON_LEADER, active raft config: opid_index: -1 OBSOLETE_local: true peers { permanent_uuid: "2b6dcad5ff0c481b9a3c7d43499a7454" member_type: VOTER last_known_addr { host: "127.2.165.129" port: 33657 } }
I0107 02:52:37.186486 4088 raft_consensus.cc:380] T d54d6c5842b9408a83cc6bf495e8f642 P 2b6dcad5ff0c481b9a3c7d43499a7454 [term 0 FOLLOWER]: Only one voter in the Raft config. Triggering election immediately
I0107 02:52:37.186547 4088 raft_consensus.cc:472] T d54d6c5842b9408a83cc6bf495e8f642 P 2b6dcad5ff0c481b9a3c7d43499a7454 [term 0 FOLLOWER]: Starting leader election (initial election of a single-replica configuration)
I0107 02:52:37.186622 4088 raft_consensus.cc:2918] T d54d6c5842b9408a83cc6bf495e8f642 P 2b6dcad5ff0c481b9a3c7d43499a7454 [term 0 FOLLOWER]: Advancing to term 1
I0107 02:52:37.187472 4088 raft_consensus.cc:494] T d54d6c5842b9408a83cc6bf495e8f642 P 2b6dcad5ff0c481b9a3c7d43499a7454 [term 1 FOLLOWER]: Starting leader election with config: opid_index: -1 OBSOLETE_local: true peers { permanent_uuid: "2b6dcad5ff0c481b9a3c7d43499a7454" member_type: VOTER last_known_addr { host: "127.2.165.129" port: 33657 } }
I0107 02:52:37.187921 4088 leader_election.cc:307] T d54d6c5842b9408a83cc6bf495e8f642 P 2b6dcad5ff0c481b9a3c7d43499a7454 [CANDIDATE]: Term 1 election: Election decided. Result: candidate won. Election summary: received 1 responses out of 1 voters: 1 yes votes; 0 no votes. yes voters: 2b6dcad5ff0c481b9a3c7d43499a7454; no voters:
I0107 02:52:37.188243 4088 leader_election.cc:293] T d54d6c5842b9408a83cc6bf495e8f642 P 2b6dcad5ff0c481b9a3c7d43499a7454 [CANDIDATE]: Term 1 election: Requested vote from peers
I0107 02:52:37.188410 4090 raft_consensus.cc:2672] T d54d6c5842b9408a83cc6bf495e8f642 P 2b6dcad5ff0c481b9a3c7d43499a7454 [term 1 FOLLOWER]: Leader election won for term 1
I0107 02:52:37.188583 4090 raft_consensus.cc:667] T d54d6c5842b9408a83cc6bf495e8f642 P 2b6dcad5ff0c481b9a3c7d43499a7454 [term 1 LEADER]: Becoming Leader. State: Replica: 2b6dcad5ff0c481b9a3c7d43499a7454, State: Running, Role: LEADER
I0107 02:52:37.188727 4066 heartbeater.cc:447] Master 127.2.165.190:35707 was elected leader, sending a full tablet report...
I0107 02:52:37.188897 4090 consensus_queue.cc:208] T d54d6c5842b9408a83cc6bf495e8f642 P 2b6dcad5ff0c481b9a3c7d43499a7454 [LEADER]: Queue going to LEADER mode. State: All replicated index: 0, Majority replicated index: 0, Committed index: 0, Last appended: 0.0, Last appended by leader: 0, Current term: 1, Majority size: 1, State: 0, Mode: LEADER, active raft config: opid_index: -1 OBSOLETE_local: true peers { permanent_uuid: "2b6dcad5ff0c481b9a3c7d43499a7454" member_type: VOTER last_known_addr { host: "127.2.165.129" port: 33657 } }
I0107 02:52:37.189029 4088 ts_tablet_manager.cc:1131] T d54d6c5842b9408a83cc6bf495e8f642 P 2b6dcad5ff0c481b9a3c7d43499a7454: Time spent starting tablet: real 0.006s user 0.006s sys 0.000s
I0107 02:52:37.189273 4088 tablet_bootstrap.cc:439] T 30892bfa2cab4a1ea287730febc2afd3 P 2b6dcad5ff0c481b9a3c7d43499a7454: Bootstrap starting.
I0107 02:52:37.190182 4088 tablet_bootstrap.cc:590] T 30892bfa2cab4a1ea287730febc2afd3 P 2b6dcad5ff0c481b9a3c7d43499a7454: No blocks or log segments found. Creating new log.
I0107 02:52:37.191248 4088 tablet_bootstrap.cc:439] T 30892bfa2cab4a1ea287730febc2afd3 P 2b6dcad5ff0c481b9a3c7d43499a7454: No bootstrap required, opened a new log
I0107 02:52:37.191332 4088 ts_tablet_manager.cc:1103] T 30892bfa2cab4a1ea287730febc2afd3 P 2b6dcad5ff0c481b9a3c7d43499a7454: Time spent bootstrapping tablet: real 0.002s user 0.002s sys 0.000s
I0107 02:52:37.191903 4088 raft_consensus.cc:340] T 30892bfa2cab4a1ea287730febc2afd3 P 2b6dcad5ff0c481b9a3c7d43499a7454 [term 0 FOLLOWER]: Replica starting. Triggering 0 pending transactions. Active config: opid_index: -1 OBSOLETE_local: true peers { permanent_uuid: "2b6dcad5ff0c481b9a3c7d43499a7454" member_type: VOTER last_known_addr { host: "127.2.165.129" port: 33657 } }
I0107 02:52:37.191941 4088 raft_consensus.cc:366] T 30892bfa2cab4a1ea287730febc2afd3 P 2b6dcad5ff0c481b9a3c7d43499a7454 [term 0 FOLLOWER]: Consensus starting up: Expiring failure detector timer to make a prompt election more likely
I0107 02:52:37.191956 4088 raft_consensus.cc:705] T 30892bfa2cab4a1ea287730febc2afd3 P 2b6dcad5ff0c481b9a3c7d43499a7454 [term 0 FOLLOWER]: Becoming Follower/Learner. State: Replica: 2b6dcad5ff0c481b9a3c7d43499a7454, State: Initialized, Role: FOLLOWER
I0107 02:52:37.192106 4088 consensus_queue.cc:231] T 30892bfa2cab4a1ea287730febc2afd3 P 2b6dcad5ff0c481b9a3c7d43499a7454 [NON_LEADER]: Queue going to NON_LEADER mode. State: All replicated index: 0, Majority replicated index: 0, Committed index: 0, Last appended: 0.0, Last appended by leader: 0, Current term: 0, Majority size: -1, State: 0, Mode: NON_LEADER, active raft config: opid_index: -1 OBSOLETE_local: true peers { permanent_uuid: "2b6dcad5ff0c481b9a3c7d43499a7454" member_type: VOTER last_known_addr { host: "127.2.165.129" port: 33657 } }
I0107 02:52:37.192143 4088 raft_consensus.cc:380] T 30892bfa2cab4a1ea287730febc2afd3 P 2b6dcad5ff0c481b9a3c7d43499a7454 [term 0 FOLLOWER]: Only one voter in the Raft config. Triggering election immediately
I0107 02:52:37.192162 4088 raft_consensus.cc:472] T 30892bfa2cab4a1ea287730febc2afd3 P 2b6dcad5ff0c481b9a3c7d43499a7454 [term 0 FOLLOWER]: Starting leader election (initial election of a single-replica configuration)
I0107 02:52:37.192188 4088 raft_consensus.cc:2918] T 30892bfa2cab4a1ea287730febc2afd3 P 2b6dcad5ff0c481b9a3c7d43499a7454 [term 0 FOLLOWER]: Advancing to term 1
I0107 02:52:37.192939 4088 raft_consensus.cc:494] T 30892bfa2cab4a1ea287730febc2afd3 P 2b6dcad5ff0c481b9a3c7d43499a7454 [term 1 FOLLOWER]: Starting leader election with config: opid_index: -1 OBSOLETE_local: true peers { permanent_uuid: "2b6dcad5ff0c481b9a3c7d43499a7454" member_type: VOTER last_known_addr { host: "127.2.165.129" port: 33657 } }
I0107 02:52:37.193017 4088 leader_election.cc:307] T 30892bfa2cab4a1ea287730febc2afd3 P 2b6dcad5ff0c481b9a3c7d43499a7454 [CANDIDATE]: Term 1 election: Election decided. Result: candidate won. Election summary: received 1 responses out of 1 voters: 1 yes votes; 0 no votes. yes voters: 2b6dcad5ff0c481b9a3c7d43499a7454; no voters:
I0107 02:52:37.193094 4088 leader_election.cc:293] T 30892bfa2cab4a1ea287730febc2afd3 P 2b6dcad5ff0c481b9a3c7d43499a7454 [CANDIDATE]: Term 1 election: Requested vote from peers
I0107 02:52:37.193114 3901 catalog_manager.cc:4143] T d54d6c5842b9408a83cc6bf495e8f642 P 2b6dcad5ff0c481b9a3c7d43499a7454 reported cstate change: term changed from 0 to 1, leader changed from to 2b6dcad5ff0c481b9a3c7d43499a7454 (127.2.165.129). New cstate: current_term: 1 leader_uuid: "2b6dcad5ff0c481b9a3c7d43499a7454" committed_config { opid_index: -1 OBSOLETE_local: true peers { permanent_uuid: "2b6dcad5ff0c481b9a3c7d43499a7454" member_type: VOTER last_known_addr { host: "127.2.165.129" port: 33657 } health_report { overall_health: HEALTHY } } }
I0107 02:52:37.193146 4092 raft_consensus.cc:2672] T 30892bfa2cab4a1ea287730febc2afd3 P 2b6dcad5ff0c481b9a3c7d43499a7454 [term 1 FOLLOWER]: Leader election won for term 1
I0107 02:52:37.193197 4092 raft_consensus.cc:667] T 30892bfa2cab4a1ea287730febc2afd3 P 2b6dcad5ff0c481b9a3c7d43499a7454 [term 1 LEADER]: Becoming Leader. State: Replica: 2b6dcad5ff0c481b9a3c7d43499a7454, State: Running, Role: LEADER
I0107 02:52:37.193318 4092 consensus_queue.cc:208] T 30892bfa2cab4a1ea287730febc2afd3 P 2b6dcad5ff0c481b9a3c7d43499a7454 [LEADER]: Queue going to LEADER mode. State: All replicated index: 0, Majority replicated index: 0, Committed index: 0, Last appended: 0.0, Last appended by leader: 0, Current term: 1, Majority size: 1, State: 0, Mode: LEADER, active raft config: opid_index: -1 OBSOLETE_local: true peers { permanent_uuid: "2b6dcad5ff0c481b9a3c7d43499a7454" member_type: VOTER last_known_addr { host: "127.2.165.129" port: 33657 } }
I0107 02:52:37.193321 4088 ts_tablet_manager.cc:1131] T 30892bfa2cab4a1ea287730febc2afd3 P 2b6dcad5ff0c481b9a3c7d43499a7454: Time spent starting tablet: real 0.002s user 0.002s sys 0.000s
I0107 02:52:37.197515 3901 catalog_manager.cc:4143] T 30892bfa2cab4a1ea287730febc2afd3 P 2b6dcad5ff0c481b9a3c7d43499a7454 reported cstate change: term changed from 0 to 1, leader changed from to 2b6dcad5ff0c481b9a3c7d43499a7454 (127.2.165.129). New cstate: current_term: 1 leader_uuid: "2b6dcad5ff0c481b9a3c7d43499a7454" committed_config { opid_index: -1 OBSOLETE_local: true peers { permanent_uuid: "2b6dcad5ff0c481b9a3c7d43499a7454" member_type: VOTER last_known_addr { host: "127.2.165.129" port: 33657 } health_report { overall_health: HEALTHY } } } Using auto-created table 'default.loadgen_auto_2dadbf7e697f48a29c855e1fc6af4805'
I0107 02:52:37.210182 4099 meta_cache.cc:686] Fast lookup: no cache entry for LookupRpc { table: 'default.loadgen_auto_2dadbf7e697f48a29c855e1fc6af4805', partition-key: (RANGE (key): 4828242564945900421), attempt: 1 }: refreshing our metadata from the Master Generator report time total : 101.482 ms time per row: 0.0338272 ms Scanner report expected rows: 3000 actual rows : 3000
W0107 02:52:37.510445 4110 flags.cc:404] Enabled unsafe flag: --never_fsync=true
I0107 02:52:37.544616 3900 catalog_manager.cc:1454] Servicing CreateTable request from {username='slave'} at 127.0.0.1:46920: name: "default.loadgen_auto_edce7d3160484e7e8e19e45d4a07215d" schema { columns { name: "key" type: INT64 is_key: true is_nullable: false encoding: AUTO_ENCODING compression: DEFAULT_COMPRESSION cfile_block_size: 0 } columns { name: "int_val" type: INT32 is_key: false is_nullable: true encoding: AUTO_ENCODING compression: DEFAULT_COMPRESSION cfile_block_size: 0 } columns { name: "string_val" type: STRING is_key: false is_nullable: true encoding: AUTO_ENCODING compression: DEFAULT_COMPRESSION cfile_block_size: 0 } } num_replicas: 1 split_rows_range_bounds { } partition_schema { hash_bucket_schemas { columns { name: "key" } num_buckets: 2 seed: 0 } }
I0107 02:52:37.551491 3988 tablet_service.cc:1034] Processing CreateTablet for tablet dd76326207b54dd79c099d7c05706ea8 (table=default.loadgen_auto_edce7d3160484e7e8e19e45d4a07215d [id=58ec2099ab7643738507860faaf7a3c6]), partition=HASH (key) PARTITION 0, RANGE (key) PARTITION UNBOUNDED
I0107 02:52:37.551491 3994 tablet_service.cc:1034] Processing CreateTablet for tablet c547a7228c864dcf957b239b0c14cd70 (table=default.loadgen_auto_edce7d3160484e7e8e19e45d4a07215d [id=58ec2099ab7643738507860faaf7a3c6]), partition=HASH (key) PARTITION 1, RANGE (key) PARTITION UNBOUNDED
I0107 02:52:37.551879 3988 data_dirs.cc:394] Could only allocate 1 dirs of requested 3 for tablet dd76326207b54dd79c099d7c05706ea8. 1 dirs total, 0 dirs full, 0 dirs failed
I0107 02:52:37.552044 3994 data_dirs.cc:394] Could only allocate 1 dirs of requested 3 for tablet c547a7228c864dcf957b239b0c14cd70. 1 dirs total, 0 dirs full, 0 dirs failed
I0107 02:52:37.554394 4088 tablet_bootstrap.cc:439] T dd76326207b54dd79c099d7c05706ea8 P 2b6dcad5ff0c481b9a3c7d43499a7454: Bootstrap starting.
I0107 02:52:37.555454 4088 tablet_bootstrap.cc:590] T dd76326207b54dd79c099d7c05706ea8 P 2b6dcad5ff0c481b9a3c7d43499a7454: No blocks or log segments found. Creating new log.
I0107 02:52:37.556409 4088 tablet_bootstrap.cc:439] T dd76326207b54dd79c099d7c05706ea8 P 2b6dcad5ff0c481b9a3c7d43499a7454: No bootstrap required, opened a new log
I0107 02:52:37.556483 4088 ts_tablet_manager.cc:1103] T dd76326207b54dd79c099d7c05706ea8 P 2b6dcad5ff0c481b9a3c7d43499a7454: Time spent bootstrapping tablet: real 0.002s user 0.002s sys 0.000s
I0107 02:52:37.556912 4088 raft_consensus.cc:340] T dd76326207b54dd79c099d7c05706ea8 P 2b6dcad5ff0c481b9a3c7d43499a7454 [term 0 FOLLOWER]: Replica starting. Triggering 0 pending transactions. Active config: opid_index: -1 OBSOLETE_local: true peers { permanent_uuid: "2b6dcad5ff0c481b9a3c7d43499a7454" member_type: VOTER last_known_addr { host: "127.2.165.129" port: 33657 } }
I0107 02:52:37.556948 4088 raft_consensus.cc:366] T dd76326207b54dd79c099d7c05706ea8 P 2b6dcad5ff0c481b9a3c7d43499a7454 [term 0 FOLLOWER]: Consensus starting up: Expiring failure detector timer to make a prompt election more likely
I0107 02:52:37.556967 4088 raft_consensus.cc:705] T dd76326207b54dd79c099d7c05706ea8 P 2b6dcad5ff0c481b9a3c7d43499a7454 [term 0 FOLLOWER]: Becoming Follower/Learner. State: Replica: 2b6dcad5ff0c481b9a3c7d43499a7454, State: Initialized, Role: FOLLOWER
I0107 02:52:37.557109 4088 consensus_queue.cc:231] T dd76326207b54dd79c099d7c05706ea8 P 2b6dcad5ff0c481b9a3c7d43499a7454 [NON_LEADER]: Queue going to NON_LEADER mode. State: All replicated index: 0, Majority replicated index: 0, Committed index: 0, Last appended: 0.0, Last appended by leader: 0, Current term: 0, Majority size: -1, State: 0, Mode: NON_LEADER, active raft config: opid_index: -1 OBSOLETE_local: true peers { permanent_uuid: "2b6dcad5ff0c481b9a3c7d43499a7454" member_type: VOTER last_known_addr { host: "127.2.165.129" port: 33657 } }
I0107 02:52:37.557150 4088 raft_consensus.cc:380] T dd76326207b54dd79c099d7c05706ea8 P 2b6dcad5ff0c481b9a3c7d43499a7454 [term 0 FOLLOWER]: Only one voter in the Raft config. Triggering election immediately
I0107 02:52:37.557168 4088 raft_consensus.cc:472] T dd76326207b54dd79c099d7c05706ea8 P 2b6dcad5ff0c481b9a3c7d43499a7454 [term 0 FOLLOWER]: Starting leader election (initial election of a single-replica configuration)
I0107 02:52:37.557190 4088 raft_consensus.cc:2918] T dd76326207b54dd79c099d7c05706ea8 P 2b6dcad5ff0c481b9a3c7d43499a7454 [term 0 FOLLOWER]: Advancing to term 1
I0107 02:52:37.557938 4088 raft_consensus.cc:494] T dd76326207b54dd79c099d7c05706ea8 P 2b6dcad5ff0c481b9a3c7d43499a7454 [term 1 FOLLOWER]: Starting leader election with config: opid_index: -1 OBSOLETE_local: true peers { permanent_uuid: "2b6dcad5ff0c481b9a3c7d43499a7454" member_type: VOTER last_known_addr { host: "127.2.165.129" port: 33657 } }
I0107 02:52:37.558041 4088 leader_election.cc:307] T dd76326207b54dd79c099d7c05706ea8 P 2b6dcad5ff0c481b9a3c7d43499a7454 [CANDIDATE]: Term 1 election: Election decided. Result: candidate won. Election summary: received 1 responses out of 1 voters: 1 yes votes; 0 no votes. yes voters: 2b6dcad5ff0c481b9a3c7d43499a7454; no voters:
I0107 02:52:37.558152 4088 leader_election.cc:293] T dd76326207b54dd79c099d7c05706ea8 P 2b6dcad5ff0c481b9a3c7d43499a7454 [CANDIDATE]: Term 1 election: Requested vote from peers
I0107 02:52:37.558251 4090 raft_consensus.cc:2672] T dd76326207b54dd79c099d7c05706ea8 P 2b6dcad5ff0c481b9a3c7d43499a7454 [term 1 FOLLOWER]: Leader election won for term 1
I0107 02:52:37.558328 4090 raft_consensus.cc:667] T dd76326207b54dd79c099d7c05706ea8 P 2b6dcad5ff0c481b9a3c7d43499a7454 [term 1 LEADER]: Becoming Leader. State: Replica: 2b6dcad5ff0c481b9a3c7d43499a7454, State: Running, Role: LEADER
I0107 02:52:37.558398 4088 ts_tablet_manager.cc:1131] T dd76326207b54dd79c099d7c05706ea8 P 2b6dcad5ff0c481b9a3c7d43499a7454: Time spent starting tablet: real 0.002s user 0.000s sys 0.000s
I0107 02:52:37.558554 4090 consensus_queue.cc:208] T dd76326207b54dd79c099d7c05706ea8 P 2b6dcad5ff0c481b9a3c7d43499a7454 [LEADER]: Queue going to LEADER mode. State: All replicated index: 0, Majority replicated index: 0, Committed index: 0, Last appended: 0.0, Last appended by leader: 0, Current term: 1, Majority size: 1, State: 0, Mode: LEADER, active raft config: opid_index: -1 OBSOLETE_local: true peers { permanent_uuid: "2b6dcad5ff0c481b9a3c7d43499a7454" member_type: VOTER last_known_addr { host: "127.2.165.129" port: 33657 } }
I0107 02:52:37.558568 4088 tablet_bootstrap.cc:439] T c547a7228c864dcf957b239b0c14cd70 P 2b6dcad5ff0c481b9a3c7d43499a7454: Bootstrap starting.
I0107 02:52:37.559356 4088 tablet_bootstrap.cc:590] T c547a7228c864dcf957b239b0c14cd70 P 2b6dcad5ff0c481b9a3c7d43499a7454: No blocks or log segments found. Creating new log.
I0107 02:52:37.559882 3900 catalog_manager.cc:4143] T dd76326207b54dd79c099d7c05706ea8 P 2b6dcad5ff0c481b9a3c7d43499a7454 reported cstate change: term changed from 0 to 1, leader changed from to 2b6dcad5ff0c481b9a3c7d43499a7454 (127.2.165.129). New cstate: current_term: 1 leader_uuid: "2b6dcad5ff0c481b9a3c7d43499a7454" committed_config { opid_index: -1 OBSOLETE_local: true peers { permanent_uuid: "2b6dcad5ff0c481b9a3c7d43499a7454" member_type: VOTER last_known_addr { host: "127.2.165.129" port: 33657 } health_report { overall_health: HEALTHY } } }
I0107 02:52:37.560194 4088 tablet_bootstrap.cc:439] T c547a7228c864dcf957b239b0c14cd70 P 2b6dcad5ff0c481b9a3c7d43499a7454: No bootstrap required, opened a new log
I0107 02:52:37.560283 4088 ts_tablet_manager.cc:1103] T c547a7228c864dcf957b239b0c14cd70 P 2b6dcad5ff0c481b9a3c7d43499a7454: Time spent bootstrapping tablet: real 0.002s user 0.001s sys 0.000s
I0107 02:52:37.560704 4088 raft_consensus.cc:340] T c547a7228c864dcf957b239b0c14cd70 P 2b6dcad5ff0c481b9a3c7d43499a7454 [term 0 FOLLOWER]: Replica starting. Triggering 0 pending transactions. Active config: opid_index: -1 OBSOLETE_local: true peers { permanent_uuid: "2b6dcad5ff0c481b9a3c7d43499a7454" member_type: VOTER last_known_addr { host: "127.2.165.129" port: 33657 } }
I0107 02:52:37.560740 4088 raft_consensus.cc:366] T c547a7228c864dcf957b239b0c14cd70 P 2b6dcad5ff0c481b9a3c7d43499a7454 [term 0 FOLLOWER]: Consensus starting up: Expiring failure detector timer to make a prompt election more likely
I0107 02:52:37.560755 4088 raft_consensus.cc:705] T c547a7228c864dcf957b239b0c14cd70 P 2b6dcad5ff0c481b9a3c7d43499a7454 [term 0 FOLLOWER]: Becoming Follower/Learner. State: Replica: 2b6dcad5ff0c481b9a3c7d43499a7454, State: Initialized, Role: FOLLOWER
I0107 02:52:37.560911 4088 consensus_queue.cc:231] T c547a7228c864dcf957b239b0c14cd70 P 2b6dcad5ff0c481b9a3c7d43499a7454 [NON_LEADER]: Queue going to NON_LEADER mode. State: All replicated index: 0, Majority replicated index: 0, Committed index: 0, Last appended: 0.0, Last appended by leader: 0, Current term: 0, Majority size: -1, State: 0, Mode: NON_LEADER, active raft config: opid_index: -1 OBSOLETE_local: true peers { permanent_uuid: "2b6dcad5ff0c481b9a3c7d43499a7454" member_type: VOTER last_known_addr { host: "127.2.165.129" port: 33657 } }
I0107 02:52:37.560953 4088 raft_consensus.cc:380] T c547a7228c864dcf957b239b0c14cd70 P 2b6dcad5ff0c481b9a3c7d43499a7454 [term 0 FOLLOWER]: Only one voter in the Raft config. Triggering election immediately
I0107 02:52:37.560967 4088 raft_consensus.cc:472] T c547a7228c864dcf957b239b0c14cd70 P 2b6dcad5ff0c481b9a3c7d43499a7454 [term 0 FOLLOWER]: Starting leader election (initial election of a single-replica configuration)
I0107 02:52:37.560992 4088 raft_consensus.cc:2918] T c547a7228c864dcf957b239b0c14cd70 P 2b6dcad5ff0c481b9a3c7d43499a7454 [term 0 FOLLOWER]: Advancing to term 1
I0107 02:52:37.561758 4088 raft_consensus.cc:494] T c547a7228c864dcf957b239b0c14cd70 P 2b6dcad5ff0c481b9a3c7d43499a7454 [term 1 FOLLOWER]: Starting leader election with config: opid_index: -1 OBSOLETE_local: true peers { permanent_uuid: "2b6dcad5ff0c481b9a3c7d43499a7454" member_type: VOTER last_known_addr { host: "127.2.165.129" port: 33657 } }
I0107 02:52:37.561844 4088 leader_election.cc:307] T c547a7228c864dcf957b239b0c14cd70 P 2b6dcad5ff0c481b9a3c7d43499a7454 [CANDIDATE]: Term 1 election: Election decided. Result: candidate won. Election summary: received 1 responses out of 1 voters: 1 yes votes; 0 no votes. yes voters: 2b6dcad5ff0c481b9a3c7d43499a7454; no voters:
I0107 02:52:37.561931 4088 leader_election.cc:293] T c547a7228c864dcf957b239b0c14cd70 P 2b6dcad5ff0c481b9a3c7d43499a7454 [CANDIDATE]: Term 1 election: Requested vote from peers
I0107 02:52:37.561990 4090 raft_consensus.cc:2672] T c547a7228c864dcf957b239b0c14cd70 P 2b6dcad5ff0c481b9a3c7d43499a7454 [term 1 FOLLOWER]: Leader election won for term 1
I0107 02:52:37.562060 4090 raft_consensus.cc:667] T c547a7228c864dcf957b239b0c14cd70 P 2b6dcad5ff0c481b9a3c7d43499a7454 [term 1 LEADER]: Becoming Leader. State: Replica: 2b6dcad5ff0c481b9a3c7d43499a7454, State: Running, Role: LEADER
I0107 02:52:37.562177 4090 consensus_queue.cc:208] T c547a7228c864dcf957b239b0c14cd70 P 2b6dcad5ff0c481b9a3c7d43499a7454 [LEADER]: Queue going to LEADER mode. State: All replicated index: 0, Majority replicated index: 0, Committed index: 0, Last appended: 0.0, Last appended by leader: 0, Current term: 1, Majority size: 1, State: 0, Mode: LEADER, active raft config: opid_index: -1 OBSOLETE_local: true peers { permanent_uuid: "2b6dcad5ff0c481b9a3c7d43499a7454" member_type: VOTER last_known_addr { host: "127.2.165.129" port: 33657 } }
I0107 02:52:37.562204 4088 ts_tablet_manager.cc:1131] T c547a7228c864dcf957b239b0c14cd70 P 2b6dcad5ff0c481b9a3c7d43499a7454: Time spent starting tablet: real 0.002s user 0.002s sys 0.000s
I0107 02:52:37.563555 3900 catalog_manager.cc:4143] T c547a7228c864dcf957b239b0c14cd70 P 2b6dcad5ff0c481b9a3c7d43499a7454 reported cstate change: term changed from 0 to 1, leader changed from to 2b6dcad5ff0c481b9a3c7d43499a7454 (127.2.165.129). New cstate: current_term: 1 leader_uuid: "2b6dcad5ff0c481b9a3c7d43499a7454" committed_config { opid_index: -1 OBSOLETE_local: true peers { permanent_uuid: "2b6dcad5ff0c481b9a3c7d43499a7454" member_type: VOTER last_known_addr { host: "127.2.165.129" port: 33657 } health_report { overall_health: HEALTHY } } } Using auto-created table 'default.loadgen_auto_edce7d3160484e7e8e19e45d4a07215d' Generator report time total : 88.4929 ms time per row: 0.0294976 ms Scanner report expected rows: 3000 actual rows : 3000
W0107 02:52:37.863765 4134 flags.cc:404] Enabled unsafe flag: --never_fsync=true
I0107 02:52:37.901549 3899 catalog_manager.cc:1454] Servicing CreateTable request from {username='slave'} at 127.0.0.1:46924: name: "default.loadgen_auto_9c20c2a5d26c495e965151c92a37fe33" schema { columns { name: "key" type: INT64 is_key: true is_nullable: false encoding: AUTO_ENCODING compression: DEFAULT_COMPRESSION cfile_block_size: 0 } columns { name: "int_val" type: INT32 is_key: false is_nullable: true encoding: AUTO_ENCODING compression: DEFAULT_COMPRESSION cfile_block_size: 0 } columns { name: "string_val" type: STRING is_key: false is_nullable: true encoding: AUTO_ENCODING compression: DEFAULT_COMPRESSION cfile_block_size: 0 } } num_replicas: 1 split_rows_range_bounds { rows: "\004\001\000\224\021\000\000\000\000\000\000" } partition_schema { hash_bucket_schemas { columns { name: "key" } num_buckets: 2 seed: 0 } range_schema { columns { name: "key" } } }
I0107 02:52:37.908349 3988 tablet_service.cc:1034] Processing CreateTablet for tablet f561cd2e13b04a06a8b98f9c7e5abc34 (table=default.loadgen_auto_9c20c2a5d26c495e965151c92a37fe33 [id=939accab64184cb98bfefe4e7c506116]), partition=HASH (key) PARTITION 0, RANGE (key) PARTITION VALUES < 4500
I0107 02:52:37.908349 3997 tablet_service.cc:1034] Processing CreateTablet for tablet c23da06b48dd43f9b9a059635efd3b11 (table=default.loadgen_auto_9c20c2a5d26c495e965151c92a37fe33 [id=939accab64184cb98bfefe4e7c506116]), partition=HASH (key) PARTITION 1, RANGE (key) PARTITION VALUES < 4500
