I0110 22:36:03.842533 867 raft_consensus.cc:2323] T 492ad3c286b1460db7471b6b0d1406e0 P 8c1e2674152e42d58837cd7e6ce22257 [term 8 FOLLOWER]: Leader election vote request: Denying vote to candidate 230bae04bca94f7989168f2ce71830fd in current term 8: Already voted for candidate 8c1e2674152e42d58837cd7e6ce22257 in this term.
I0110 22:36:03.843091 996 tablet_service.cc:1319] Received RequestConsensusVote() RPC: tablet_id: "492ad3c286b1460db7471b6b0d1406e0" candidate_uuid: "230bae04bca94f7989168f2ce71830fd" candidate_term: 8 candidate_status { last_received { term: 0 index: 0 } } ignore_live_leader: false dest_uuid: "191329c76027490f84db7a96fd5372b6"
I0110 22:36:03.844987 1052 leader_election.cc:307] T 492ad3c286b1460db7471b6b0d1406e0 P 230bae04bca94f7989168f2ce71830fd [CANDIDATE]: Term 8 election: Election decided. Result: candidate lost. Election summary: received 3 responses out of 3 voters: 1 yes votes; 2 no votes. yes voters: 230bae04bca94f7989168f2ce71830fd; no voters: 191329c76027490f84db7a96fd5372b6, 8c1e2674152e42d58837cd7e6ce22257
I0110 22:36:03.845757 1240 raft_consensus.cc:2646] T 492ad3c286b1460db7471b6b0d1406e0 P 230bae04bca94f7989168f2ce71830fd [term 8 FOLLOWER]: Leader election lost for term 8. Reason: could not achieve majority
I0110 22:36:03.846833 1243 leader_election.cc:293] T 492ad3c286b1460db7471b6b0d1406e0 P 8c1e2674152e42d58837cd7e6ce22257 [CANDIDATE]: Term 9 pre-election: Requested pre-vote from peers 191329c76027490f84db7a96fd5372b6 (127.0.115.130:35585), 230bae04bca94f7989168f2ce71830fd (127.0.115.131:34875)
I0110 22:36:03.846807 867 tablet_service.cc:1319] Received RequestConsensusVote() RPC: tablet_id: "492ad3c286b1460db7471b6b0d1406e0" candidate_uuid: "230bae04bca94f7989168f2ce71830fd" candidate_term: 9 candidate_status { last_received { term: 0 index: 0 } } ignore_live_leader: false dest_uuid: "8c1e2674152e42d58837cd7e6ce22257" is_pre_election: true
I0110 22:36:03.847214 1242 leader_election.cc:293] T 492ad3c286b1460db7471b6b0d1406e0 P 230bae04bca94f7989168f2ce71830fd [CANDIDATE]: Term 9 pre-election: Requested pre-vote from peers 191329c76027490f84db7a96fd5372b6 (127.0.115.130:35585), 8c1e2674152e42d58837cd7e6ce22257 (127.0.115.129:41757)
I0110 22:36:03.847359 867 raft_consensus.cc:2398] T 492ad3c286b1460db7471b6b0d1406e0 P 8c1e2674152e42d58837cd7e6ce22257 [term 8 FOLLOWER]: Leader pre-election vote request: Granting yes vote for candidate 230bae04bca94f7989168f2ce71830fd in term 8.
I0110 22:36:03.847826 994 tablet_service.cc:1319] Received RequestConsensusVote() RPC: tablet_id: "492ad3c286b1460db7471b6b0d1406e0" candidate_uuid: "8c1e2674152e42d58837cd7e6ce22257" candidate_term: 9 candidate_status { last_received { term: 0 index: 0 } } ignore_live_leader: false dest_uuid: "191329c76027490f84db7a96fd5372b6" is_pre_election: true
I0110 22:36:03.847893 1122 tablet_service.cc:1319] Received RequestConsensusVote() RPC: tablet_id: "492ad3c286b1460db7471b6b0d1406e0" candidate_uuid: "8c1e2674152e42d58837cd7e6ce22257" candidate_term: 9 candidate_status { last_received { term: 0 index: 0 } } ignore_live_leader: false dest_uuid: "230bae04bca94f7989168f2ce71830fd" is_pre_election: true
I0110 22:36:03.848387 1122 raft_consensus.cc:2398] T 492ad3c286b1460db7471b6b0d1406e0 P 230bae04bca94f7989168f2ce71830fd [term 8 FOLLOWER]: Leader pre-election vote request: Granting yes vote for candidate 8c1e2674152e42d58837cd7e6ce22257 in term 8.
I0110 22:36:03.848385 1053 leader_election.cc:307] T 492ad3c286b1460db7471b6b0d1406e0 P 230bae04bca94f7989168f2ce71830fd [CANDIDATE]: Term 9 pre-election: Election decided. Result: candidate won. Election summary: received 2 responses out of 3 voters: 2 yes votes; 0 no votes. yes voters: 230bae04bca94f7989168f2ce71830fd, 8c1e2674152e42d58837cd7e6ce22257; no voters:
I0110 22:36:03.849228 1242 raft_consensus.cc:2698] T 492ad3c286b1460db7471b6b0d1406e0 P 230bae04bca94f7989168f2ce71830fd [term 8 FOLLOWER]: Leader pre-election won for term 9
I0110 22:36:03.849426 1242 raft_consensus.cc:479] T 492ad3c286b1460db7471b6b0d1406e0 P 230bae04bca94f7989168f2ce71830fd [term 8 FOLLOWER]: Starting leader election (no leader contacted us within the election timeout)
I0110 22:36:03.849339 996 tablet_service.cc:1319] Received RequestConsensusVote() RPC: tablet_id: "492ad3c286b1460db7471b6b0d1406e0" candidate_uuid: "230bae04bca94f7989168f2ce71830fd" candidate_term: 9 candidate_status { last_received { term: 0 index: 0 } } ignore_live_leader: false dest_uuid: "191329c76027490f84db7a96fd5372b6" is_pre_election: true
I0110 22:36:03.849625 1242 raft_consensus.cc:2951] T 492ad3c286b1460db7471b6b0d1406e0 P 230bae04bca94f7989168f2ce71830fd [term 8 FOLLOWER]: Advancing to term 9
I0110 22:36:03.850178 789 leader_election.cc:307] T 492ad3c286b1460db7471b6b0d1406e0 P 8c1e2674152e42d58837cd7e6ce22257 [CANDIDATE]: Term 9 pre-election: Election decided. Result: candidate won. Election summary: received 2 responses out of 3 voters: 2 yes votes; 0 no votes. yes voters: 230bae04bca94f7989168f2ce71830fd, 8c1e2674152e42d58837cd7e6ce22257; no voters:
I0110 22:36:03.851003 1243 raft_consensus.cc:2698] T 492ad3c286b1460db7471b6b0d1406e0 P 8c1e2674152e42d58837cd7e6ce22257 [term 8 FOLLOWER]: Leader pre-election won for term 9
I0110 22:36:03.851258 1243 raft_consensus.cc:479] T 492ad3c286b1460db7471b6b0d1406e0 P 8c1e2674152e42d58837cd7e6ce22257 [term 8 FOLLOWER]: Starting leader election (no leader contacted us within the election timeout)
I0110 22:36:03.851503 1243 raft_consensus.cc:2951] T 492ad3c286b1460db7471b6b0d1406e0 P 8c1e2674152e42d58837cd7e6ce22257 [term 8 FOLLOWER]: Advancing to term 9
W0110 22:36:04.758924 789 leader_election.cc:339] T 492ad3c286b1460db7471b6b0d1406e0 P 8c1e2674152e42d58837cd7e6ce22257 [CANDIDATE]: Term 8 election: RPC error from VoteRequest() call to peer 191329c76027490f84db7a96fd5372b6 (127.0.115.130:35585): Timed out: RequestConsensusVote RPC to 127.0.115.130:35585 timed out after 0.919s (SENT)
I0110 22:36:04.759213 789 leader_election.cc:307] T 492ad3c286b1460db7471b6b0d1406e0 P 8c1e2674152e42d58837cd7e6ce22257 [CANDIDATE]: Term 8 election: Election decided. Result: candidate lost. Election summary: received 3 responses out of 3 voters: 1 yes votes; 2 no votes. yes voters: 8c1e2674152e42d58837cd7e6ce22257; no voters: 191329c76027490f84db7a96fd5372b6, 230bae04bca94f7989168f2ce71830fd
W0110 22:36:04.817076 995 consensus_meta.cc:220] T 492ad3c286b1460db7471b6b0d1406e0 P 191329c76027490f84db7a96fd5372b6: Time spent flushing consensus metadata: real 0.976s user 0.000s sys 0.005s
W0110 22:36:04.817076 1242 consensus_meta.cc:220] T 492ad3c286b1460db7471b6b0d1406e0 P 230bae04bca94f7989168f2ce71830fd: Time spent flushing consensus metadata: real 0.967s user 0.000s sys 0.005s
W0110 22:36:04.817076 1243 consensus_meta.cc:220] T 492ad3c286b1460db7471b6b0d1406e0 P 8c1e2674152e42d58837cd7e6ce22257: Time spent flushing consensus metadata: real 0.965s user 0.004s sys 0.001s
I0110 22:36:04.817364 995 raft_consensus.cc:2398] T 492ad3c286b1460db7471b6b0d1406e0 P 191329c76027490f84db7a96fd5372b6 [term 8 FOLLOWER]: Leader election vote request: Granting yes vote for candidate 8c1e2674152e42d58837cd7e6ce22257 in term 8.
I0110 22:36:04.817387 1242 raft_consensus.cc:501] T 492ad3c286b1460db7471b6b0d1406e0 P 230bae04bca94f7989168f2ce71830fd [term 9 FOLLOWER]: Starting leader election with config: opid_index: -1 OBSOLETE_local: false peers { permanent_uuid: "191329c76027490f84db7a96fd5372b6" member_type: VOTER last_known_addr { host: "127.0.115.130" port: 35585 } } peers { permanent_uuid: "230bae04bca94f7989168f2ce71830fd" member_type: VOTER last_known_addr { host: "127.0.115.131" port: 34875 } } peers { permanent_uuid: "8c1e2674152e42d58837cd7e6ce22257" member_type: VOTER last_known_addr { host: "127.0.115.129" port: 41757 } }
I0110 22:36:04.817384 1243 raft_consensus.cc:501] T 492ad3c286b1460db7471b6b0d1406e0 P 8c1e2674152e42d58837cd7e6ce22257 [term 9 FOLLOWER]: Starting leader election with config: opid_index: -1 OBSOLETE_local: false peers { permanent_uuid: "191329c76027490f84db7a96fd5372b6" member_type: VOTER last_known_addr { host: "127.0.115.130" port: 35585 } } peers { permanent_uuid: "230bae04bca94f7989168f2ce71830fd" member_type: VOTER last_known_addr { host: "127.0.115.131" port: 34875 } } peers { permanent_uuid: "8c1e2674152e42d58837cd7e6ce22257" member_type: VOTER last_known_addr { host: "127.0.115.129" port: 41757 } }
W0110 22:36:04.817822 995 rpcz_store.cc:253] Call kudu.consensus.ConsensusService.RequestConsensusVote from 127.0.115.129:57865 (request call id 23) took 977 ms (977 ms). Client timeout 919 ms (919 ms)
I0110 22:36:04.818604 1245 raft_consensus.cc:479] T 492ad3c286b1460db7471b6b0d1406e0 P 191329c76027490f84db7a96fd5372b6 [term 8 FOLLOWER]: Starting pre-election (no leader contacted us within the election timeout)
I0110 22:36:04.819151 1243 leader_election.cc:293] T 492ad3c286b1460db7471b6b0d1406e0 P 8c1e2674152e42d58837cd7e6ce22257 [CANDIDATE]: Term 9 election: Requested vote from peers 191329c76027490f84db7a96fd5372b6 (127.0.115.130:35585), 230bae04bca94f7989168f2ce71830fd (127.0.115.131:34875)
I0110 22:36:04.819200 1242 leader_election.cc:293] T 492ad3c286b1460db7471b6b0d1406e0 P 230bae04bca94f7989168f2ce71830fd [CANDIDATE]: Term 9 election: Requested vote from peers 191329c76027490f84db7a96fd5372b6 (127.0.115.130:35585), 8c1e2674152e42d58837cd7e6ce22257 (127.0.115.129:41757)
I0110 22:36:04.818974 1245 raft_consensus.cc:501] T 492ad3c286b1460db7471b6b0d1406e0 P 191329c76027490f84db7a96fd5372b6 [term 8 FOLLOWER]: Starting pre-election with config: opid_index: -1 OBSOLETE_local: false peers { permanent_uuid: "191329c76027490f84db7a96fd5372b6" member_type: VOTER last_known_addr { host: "127.0.115.130" port: 35585 } } peers { permanent_uuid: "230bae04bca94f7989168f2ce71830fd" member_type: VOTER last_known_addr { host: "127.0.115.131" port: 34875 } } peers { permanent_uuid: "8c1e2674152e42d58837cd7e6ce22257" member_type: VOTER last_known_addr { host: "127.0.115.129" port: 41757 } }
I0110 22:36:04.819679 1232 raft_consensus.cc:479] T 492ad3c286b1460db7471b6b0d1406e0 P 8c1e2674152e42d58837cd7e6ce22257 [term 9 FOLLOWER]: Starting pre-election (no leader contacted us within the election timeout)
I0110 22:36:04.820421 1232 raft_consensus.cc:501] T 492ad3c286b1460db7471b6b0d1406e0 P 8c1e2674152e42d58837cd7e6ce22257 [term 9 FOLLOWER]: Starting pre-election with config: opid_index: -1 OBSOLETE_local: false peers { permanent_uuid: "191329c76027490f84db7a96fd5372b6" member_type: VOTER last_known_addr { host: "127.0.115.130" port: 35585 } } peers { permanent_uuid: "230bae04bca94f7989168f2ce71830fd" member_type: VOTER last_known_addr { host: "127.0.115.131" port: 34875 } } peers { permanent_uuid: "8c1e2674152e42d58837cd7e6ce22257" member_type: VOTER last_known_addr { host: "127.0.115.129" port: 41757 } }
I0110 22:36:04.821118 1245 leader_election.cc:293] T 492ad3c286b1460db7471b6b0d1406e0 P 191329c76027490f84db7a96fd5372b6 [CANDIDATE]: Term 9 pre-election: Requested pre-vote from peers 230bae04bca94f7989168f2ce71830fd (127.0.115.131:34875), 8c1e2674152e42d58837cd7e6ce22257 (127.0.115.129:41757)
I0110 22:36:04.822031 1240 raft_consensus.cc:479] T 492ad3c286b1460db7471b6b0d1406e0 P 230bae04bca94f7989168f2ce71830fd [term 9 FOLLOWER]: Starting pre-election (no leader contacted us within the election timeout)
W0110 22:36:04.822206 995 rpcz_store.cc:259] Trace: 0110 22:36:03.840113 (+ 0us) service_pool.cc:162] Inserting onto call queue 0110 22:36:03.840302 (+ 189us) service_pool.cc:221] Handling call 0110 22:36:04.817764 (+977462us) inbound_call.cc:162] Queueing success response Metrics: {"spinlock_wait_cycles":18816}
I0110 22:36:04.822283 867 tablet_service.cc:1319] Received RequestConsensusVote() RPC: tablet_id: "492ad3c286b1460db7471b6b0d1406e0" candidate_uuid: "191329c76027490f84db7a96fd5372b6" candidate_term: 9 candidate_status { last_received { term: 0 index: 0 } } ignore_live_leader: false dest_uuid: "8c1e2674152e42d58837cd7e6ce22257" is_pre_election: true
I0110 22:36:04.822319 1122 tablet_service.cc:1319] Received RequestConsensusVote() RPC: tablet_id: "492ad3c286b1460db7471b6b0d1406e0" candidate_uuid: "191329c76027490f84db7a96fd5372b6" candidate_term: 9 candidate_status { last_received { term: 0 index: 0 } } ignore_live_leader: false dest_uuid: "230bae04bca94f7989168f2ce71830fd" is_pre_election: true
I0110 22:36:04.822423 1240 raft_consensus.cc:501] T 492ad3c286b1460db7471b6b0d1406e0 P 230bae04bca94f7989168f2ce71830fd [term 9 FOLLOWER]: Starting pre-election with config: opid_index: -1 OBSOLETE_local: false peers { permanent_uuid: "191329c76027490f84db7a96fd5372b6" member_type: VOTER last_known_addr { host: "127.0.115.130" port: 35585 } } peers { permanent_uuid: "230bae04bca94f7989168f2ce71830fd" member_type: VOTER last_known_addr { host: "127.0.115.131" port: 34875 } } peers { permanent_uuid: "8c1e2674152e42d58837cd7e6ce22257" member_type: VOTER last_known_addr { host: "127.0.115.129" port: 41757 } }
I0110 22:36:04.822847 1246 raft_consensus.cc:2646] T 492ad3c286b1460db7471b6b0d1406e0 P 8c1e2674152e42d58837cd7e6ce22257 [term 9 FOLLOWER]: Leader election lost for term 8. Reason: could not achieve majority
I0110 22:36:04.823343 867 raft_consensus.cc:2323] T 492ad3c286b1460db7471b6b0d1406e0 P 8c1e2674152e42d58837cd7e6ce22257 [term 9 FOLLOWER]: Leader pre-election vote request: Denying vote to candidate 191329c76027490f84db7a96fd5372b6 in current term 9: Already voted for candidate 8c1e2674152e42d58837cd7e6ce22257 in this term.
I0110 22:36:04.824151 1232 leader_election.cc:293] T 492ad3c286b1460db7471b6b0d1406e0 P 8c1e2674152e42d58837cd7e6ce22257 [CANDIDATE]: Term 10 pre-election: Requested pre-vote from peers 191329c76027490f84db7a96fd5372b6 (127.0.115.130:35585), 230bae04bca94f7989168f2ce71830fd (127.0.115.131:34875)
I0110 22:36:04.824213 1240 leader_election.cc:293] T 492ad3c286b1460db7471b6b0d1406e0 P 230bae04bca94f7989168f2ce71830fd [CANDIDATE]: Term 10 pre-election: Requested pre-vote from peers 191329c76027490f84db7a96fd5372b6 (127.0.115.130:35585), 8c1e2674152e42d58837cd7e6ce22257 (127.0.115.129:41757)
I0110 22:36:04.824959 867 tablet_service.cc:1319] Received RequestConsensusVote() RPC: tablet_id: "492ad3c286b1460db7471b6b0d1406e0" candidate_uuid: "230bae04bca94f7989168f2ce71830fd" candidate_term: 9 candidate_status { last_received { term: 0 index: 0 } } ignore_live_leader: false dest_uuid: "8c1e2674152e42d58837cd7e6ce22257"
I0110 22:36:04.825536 867 raft_consensus.cc:2323] T 492ad3c286b1460db7471b6b0d1406e0 P 8c1e2674152e42d58837cd7e6ce22257 [term 9 FOLLOWER]: Leader election vote request: Denying vote to candidate 230bae04bca94f7989168f2ce71830fd in current term 9: Already voted for candidate 8c1e2674152e42d58837cd7e6ce22257 in this term.
I0110 22:36:04.825368 869 tablet_service.cc:1319] Received RequestConsensusVote() RPC: tablet_id: "492ad3c286b1460db7471b6b0d1406e0" candidate_uuid: "230bae04bca94f7989168f2ce71830fd" candidate_term: 10 candidate_status { last_received { term: 0 index: 0 } } ignore_live_leader: false dest_uuid: "8c1e2674152e42d58837cd7e6ce22257" is_pre_election: true
I0110 22:36:04.825891 869 raft_consensus.cc:2398] T 492ad3c286b1460db7471b6b0d1406e0 P 8c1e2674152e42d58837cd7e6ce22257 [term 9 FOLLOWER]: Leader pre-election vote request: Granting yes vote for candidate 230bae04bca94f7989168f2ce71830fd in term 9.
I0110 22:36:04.826416 995 tablet_service.cc:1319] Received RequestConsensusVote() RPC: tablet_id: "492ad3c286b1460db7471b6b0d1406e0" candidate_uuid: "8c1e2674152e42d58837cd7e6ce22257" candidate_term: 9 candidate_status { last_received { term: 0 index: 0 } } ignore_live_leader: false dest_uuid: "191329c76027490f84db7a96fd5372b6"
I0110 22:36:04.826897 995 raft_consensus.cc:2951] T 492ad3c286b1460db7471b6b0d1406e0 P 191329c76027490f84db7a96fd5372b6 [term 8 FOLLOWER]: Advancing to term 9
I0110 22:36:04.827093 1053 leader_election.cc:307] T 492ad3c286b1460db7471b6b0d1406e0 P 230bae04bca94f7989168f2ce71830fd [CANDIDATE]: Term 10 pre-election: Election decided. Result: candidate won. Election summary: received 2 responses out of 3 voters: 2 yes votes; 0 no votes. yes voters: 230bae04bca94f7989168f2ce71830fd, 8c1e2674152e42d58837cd7e6ce22257; no voters:
I0110 22:36:04.827937 1122 raft_consensus.cc:2323] T 492ad3c286b1460db7471b6b0d1406e0 P 230bae04bca94f7989168f2ce71830fd [term 9 FOLLOWER]: Leader pre-election vote request: Denying vote to candidate 191329c76027490f84db7a96fd5372b6 in current term 9: Already voted for candidate 230bae04bca94f7989168f2ce71830fd in this term.
I0110 22:36:04.828168 996 tablet_service.cc:1319] Received RequestConsensusVote() RPC: tablet_id: "492ad3c286b1460db7471b6b0d1406e0" candidate_uuid: "230bae04bca94f7989168f2ce71830fd" candidate_term: 9 candidate_status { last_received { term: 0 index: 0 } } ignore_live_leader: false dest_uuid: "191329c76027490f84db7a96fd5372b6"
I0110 22:36:04.828711 994 tablet_service.cc:1319] Received RequestConsensusVote() RPC: tablet_id: "492ad3c286b1460db7471b6b0d1406e0" candidate_uuid: "8c1e2674152e42d58837cd7e6ce22257" candidate_term: 10 candidate_status { last_received { term: 0 index: 0 } } ignore_live_leader: false dest_uuid: "191329c76027490f84db7a96fd5372b6" is_pre_election: true
I0110 22:36:04.829408 1240 raft_consensus.cc:2698] T 492ad3c286b1460db7471b6b0d1406e0 P 230bae04bca94f7989168f2ce71830fd [term 9 FOLLOWER]: Leader pre-election won for term 10
I0110 22:36:04.829301 925 leader_election.cc:307] T 492ad3c286b1460db7471b6b0d1406e0 P 191329c76027490f84db7a96fd5372b6 [CANDIDATE]: Term 9 pre-election: Election decided. Result: candidate lost. Election summary: received 3 responses out of 3 voters: 1 yes votes; 2 no votes. yes voters: 191329c76027490f84db7a96fd5372b6; no voters: 230bae04bca94f7989168f2ce71830fd, 8c1e2674152e42d58837cd7e6ce22257
I0110 22:36:04.829665 1240 raft_consensus.cc:479] T 492ad3c286b1460db7471b6b0d1406e0 P 230bae04bca94f7989168f2ce71830fd [term 9 FOLLOWER]: Starting leader election (no leader contacted us within the election timeout)
I0110 22:36:04.829916 1240 raft_consensus.cc:2951] T 492ad3c286b1460db7471b6b0d1406e0 P 230bae04bca94f7989168f2ce71830fd [term 9 FOLLOWER]: Advancing to term 10
I0110 22:36:04.830598 1121 tablet_service.cc:1319] Received RequestConsensusVote() RPC: tablet_id: "492ad3c286b1460db7471b6b0d1406e0" candidate_uuid: "8c1e2674152e42d58837cd7e6ce22257" candidate_term: 10 candidate_status { last_received { term: 0 index: 0 } } ignore_live_leader: false dest_uuid: "230bae04bca94f7989168f2ce71830fd" is_pre_election: true
I0110 22:36:04.830845 994 tablet_service.cc:1319] Received RequestConsensusVote() RPC: tablet_id: "492ad3c286b1460db7471b6b0d1406e0" candidate_uuid: "230bae04bca94f7989168f2ce71830fd" candidate_term: 10 candidate_status { last_received { term: 0 index: 0 } } ignore_live_leader: false dest_uuid: "191329c76027490f84db7a96fd5372b6" is_pre_election: true
I0110 22:36:04.831550 1122 tablet_service.cc:1319] Received RequestConsensusVote() RPC: tablet_id: "492ad3c286b1460db7471b6b0d1406e0" candidate_uuid: "8c1e2674152e42d58837cd7e6ce22257" candidate_term: 9 candidate_status { last_received { term: 0 index: 0 } } ignore_live_leader: false dest_uuid: "230bae04bca94f7989168f2ce71830fd"
I0110 22:36:04.832676 1052 leader_election.cc:307] T 492ad3c286b1460db7471b6b0d1406e0 P 230bae04bca94f7989168f2ce71830fd [CANDIDATE]: Term 9 election: Election decided. Result: candidate lost. Election summary: received 3 responses out of 3 voters: 1 yes votes; 2 no votes. yes voters: 230bae04bca94f7989168f2ce71830fd; no voters: 191329c76027490f84db7a96fd5372b6, 8c1e2674152e42d58837cd7e6ce22257
I0110 22:36:04.948993 1246 raft_consensus.cc:479] T 492ad3c286b1460db7471b6b0d1406e0 P 8c1e2674152e42d58837cd7e6ce22257 [term 9 FOLLOWER]: Starting pre-election (no leader contacted us within the election timeout)
I0110 22:36:04.949393 1246 raft_consensus.cc:501] T 492ad3c286b1460db7471b6b0d1406e0 P 8c1e2674152e42d58837cd7e6ce22257 [term 9 FOLLOWER]: Starting pre-election with config: opid_index: -1 OBSOLETE_local: false peers { permanent_uuid: "191329c76027490f84db7a96fd5372b6" member_type: VOTER last_known_addr { host: "127.0.115.130" port: 35585 } } peers { permanent_uuid: "230bae04bca94f7989168f2ce71830fd" member_type: VOTER last_known_addr { host: "127.0.115.131" port: 34875 } } peers { permanent_uuid: "8c1e2674152e42d58837cd7e6ce22257" member_type: VOTER last_known_addr { host: "127.0.115.129" port: 41757 } }
I0110 22:36:04.951265 1246 leader_election.cc:293] T 492ad3c286b1460db7471b6b0d1406e0 P 8c1e2674152e42d58837cd7e6ce22257 [CANDIDATE]: Term 10 pre-election: Requested pre-vote from peers 191329c76027490f84db7a96fd5372b6 (127.0.115.130:35585), 230bae04bca94f7989168f2ce71830fd (127.0.115.131:34875)
I0110 22:36:04.953032 994 tablet_service.cc:1319] Received RequestConsensusVote() RPC: tablet_id: "492ad3c286b1460db7471b6b0d1406e0" candidate_uuid: "8c1e2674152e42d58837cd7e6ce22257" candidate_term: 10 candidate_status { last_received { term: 0 index: 0 } } ignore_live_leader: false dest_uuid: "191329c76027490f84db7a96fd5372b6" is_pre_election: true
I0110 22:36:04.955433 1122 tablet_service.cc:1319] Received RequestConsensusVote() RPC: tablet_id: "492ad3c286b1460db7471b6b0d1406e0" candidate_uuid: "8c1e2674152e42d58837cd7e6ce22257" candidate_term: 10 candidate_status { last_received { term: 0 index: 0 } } ignore_live_leader: false dest_uuid: "230bae04bca94f7989168f2ce71830fd" is_pre_election: true
I0110 22:36:04.956704 789 leader_election.cc:307] T 492ad3c286b1460db7471b6b0d1406e0 P 8c1e2674152e42d58837cd7e6ce22257 [CANDIDATE]: Term 10 pre-election: Election decided. Result: candidate lost. Election summary: received 3 responses out of 3 voters: 1 yes votes; 2 no votes. yes voters: 8c1e2674152e42d58837cd7e6ce22257; no voters: 191329c76027490f84db7a96fd5372b6, 230bae04bca94f7989168f2ce71830fd
I0110 22:36:04.957490 1246 raft_consensus.cc:2646] T 492ad3c286b1460db7471b6b0d1406e0 P 8c1e2674152e42d58837cd7e6ce22257 [term 9 FOLLOWER]: Leader pre-election lost for term 10. Reason: could not achieve majority
W0110 22:36:05.095450 789 leader_election.cc:339] T 492ad3c286b1460db7471b6b0d1406e0 P 8c1e2674152e42d58837cd7e6ce22257 [CANDIDATE]: Term 9 election: RPC error from VoteRequest() call to peer 191329c76027490f84db7a96fd5372b6 (127.0.115.130:35585): Timed out: RequestConsensusVote RPC to 127.0.115.130:35585 timed out after 0.271s (SENT)
I0110 22:36:05.095748 789 leader_election.cc:307] T 492ad3c286b1460db7471b6b0d1406e0 P 8c1e2674152e42d58837cd7e6ce22257 [CANDIDATE]: Term 9 election: Election decided. Result: candidate lost. Election summary: received 3 responses out of 3 voters: 1 yes votes; 2 no votes. yes voters: 8c1e2674152e42d58837cd7e6ce22257; no voters: 191329c76027490f84db7a96fd5372b6, 230bae04bca94f7989168f2ce71830fd
I0110 22:36:05.096393 1246 raft_consensus.cc:2646] T 492ad3c286b1460db7471b6b0d1406e0 P 8c1e2674152e42d58837cd7e6ce22257 [term 9 FOLLOWER]: Leader election lost for term 9. Reason: could not achieve majority
W0110 22:36:05.473145 789 leader_election.cc:339] T 492ad3c286b1460db7471b6b0d1406e0 P 8c1e2674152e42d58837cd7e6ce22257 [CANDIDATE]: Term 10 pre-election: RPC error from VoteRequest() call to peer 230bae04bca94f7989168f2ce71830fd (127.0.115.131:34875): Timed out: RequestConsensusVote RPC to 127.0.115.131:34875 timed out after 0.647s (SENT)
I0110 22:36:05.473420 789 leader_election.cc:307] T 492ad3c286b1460db7471b6b0d1406e0 P 8c1e2674152e42d58837cd7e6ce22257 [CANDIDATE]: Term 10 pre-election: Election decided. Result: candidate lost. Election summary: received 3 responses out of 3 voters: 1 yes votes; 2 no votes. yes voters: 8c1e2674152e42d58837cd7e6ce22257; no voters: 191329c76027490f84db7a96fd5372b6, 230bae04bca94f7989168f2ce71830fd
I0110 22:36:05.474063 1246 raft_consensus.cc:2646] T 492ad3c286b1460db7471b6b0d1406e0 P 8c1e2674152e42d58837cd7e6ce22257 [term 9 FOLLOWER]: Leader pre-election lost for term 10. Reason: could not achieve majority
W0110 22:36:05.791616 995 consensus_meta.cc:220] T 492ad3c286b1460db7471b6b0d1406e0 P 191329c76027490f84db7a96fd5372b6: Time spent flushing consensus metadata: real 0.964s user 0.003s sys 0.003s
W0110 22:36:05.791586 1240 consensus_meta.cc:220] T 492ad3c286b1460db7471b6b0d1406e0 P 230bae04bca94f7989168f2ce71830fd: Time spent flushing consensus metadata: real 0.961s user 0.000s sys 0.005s
I0110 22:36:05.791888 995 raft_consensus.cc:2398] T 492ad3c286b1460db7471b6b0d1406e0 P 191329c76027490f84db7a96fd5372b6 [term 9 FOLLOWER]: Leader election vote request: Granting yes vote for candidate 8c1e2674152e42d58837cd7e6ce22257 in term 9.
I0110 22:36:05.791909 1240 raft_consensus.cc:501] T 492ad3c286b1460db7471b6b0d1406e0 P 230bae04bca94f7989168f2ce71830fd [term 10 FOLLOWER]: Starting leader election with config: opid_index: -1 OBSOLETE_local: false peers { permanent_uuid: "191329c76027490f84db7a96fd5372b6" member_type: VOTER last_known_addr { host: "127.0.115.130" port: 35585 } } peers { permanent_uuid: "230bae04bca94f7989168f2ce71830fd" member_type: VOTER last_known_addr { host: "127.0.115.131" port: 34875 } } peers { permanent_uuid: "8c1e2674152e42d58837cd7e6ce22257" member_type: VOTER last_known_addr { host: "127.0.115.129" port: 41757 } }
W0110 22:36:05.792332 995 rpcz_store.cc:253] Call kudu.consensus.ConsensusService.RequestConsensusVote from 127.0.115.129:57865 (request call id 25) took 966 ms (966 ms). Client timeout 271 ms (271 ms)
I0110 22:36:05.792553 1245 raft_consensus.cc:2646] T 492ad3c286b1460db7471b6b0d1406e0 P 191329c76027490f84db7a96fd5372b6 [term 9 FOLLOWER]: Leader pre-election lost for term 9. Reason: could not achieve majority
W0110 22:36:05.793000 995 rpcz_store.cc:259] Trace: 0110 22:36:04.825761 (+ 0us) service_pool.cc:162] Inserting onto call queue 0110 22:36:04.826147 (+ 386us) service_pool.cc:221] Handling call 0110 22:36:05.792277 (+966130us) inbound_call.cc:162] Queueing success response Metrics: {}
I0110 22:36:05.793292 1251 raft_consensus.cc:479] T 492ad3c286b1460db7471b6b0d1406e0 P 191329c76027490f84db7a96fd5372b6 [term 9 FOLLOWER]: Starting pre-election (no leader contacted us within the election timeout)
I0110 22:36:05.793406 1242 raft_consensus.cc:2646] T 492ad3c286b1460db7471b6b0d1406e0 P 230bae04bca94f7989168f2ce71830fd [term 10 FOLLOWER]: Leader election lost for term 9. Reason: could not achieve majority
I0110 22:36:05.793574 1240 leader_election.cc:293] T 492ad3c286b1460db7471b6b0d1406e0 P 230bae04bca94f7989168f2ce71830fd [CANDIDATE]: Term 10 election: Requested vote from peers 191329c76027490f84db7a96fd5372b6 (127.0.115.130:35585), 8c1e2674152e42d58837cd7e6ce22257 (127.0.115.129:41757)
I0110 22:36:05.793653 1251 raft_consensus.cc:501] T 492ad3c286b1460db7471b6b0d1406e0 P 191329c76027490f84db7a96fd5372b6 [term 9 FOLLOWER]: Starting pre-election with config: opid_index: -1 OBSOLETE_local: false peers { permanent_uuid: "191329c76027490f84db7a96fd5372b6" member_type: VOTER last_known_addr { host: "127.0.115.130" port: 35585 } } peers { permanent_uuid: "230bae04bca94f7989168f2ce71830fd" member_type: VOTER last_known_addr { host: "127.0.115.131" port: 34875 } } peers { permanent_uuid: "8c1e2674152e42d58837cd7e6ce22257" member_type: VOTER last_known_addr { host: "127.0.115.129" port: 41757 } }
I0110 22:36:05.794057 1248 raft_consensus.cc:479] T 492ad3c286b1460db7471b6b0d1406e0 P 230bae04bca94f7989168f2ce71830fd [term 10 FOLLOWER]: Starting pre-election (no leader contacted us within the election timeout)
I0110 22:36:05.794425 1248 raft_consensus.cc:501] T 492ad3c286b1460db7471b6b0d1406e0 P 230bae04bca94f7989168f2ce71830fd [term 10 FOLLOWER]: Starting pre-election with config: opid_index: -1 OBSOLETE_local: false peers { permanent_uuid: "191329c76027490f84db7a96fd5372b6" member_type: VOTER last_known_addr { host: "127.0.115.130" port: 35585 } } peers { permanent_uuid: "230bae04bca94f7989168f2ce71830fd" member_type: VOTER last_known_addr { host: "127.0.115.131" port: 34875 } } peers { permanent_uuid: "8c1e2674152e42d58837cd7e6ce22257" member_type: VOTER last_known_addr { host: "127.0.115.129" port: 41757 } }
I0110 22:36:05.795646 1251 leader_election.cc:293] T 492ad3c286b1460db7471b6b0d1406e0 P 191329c76027490f84db7a96fd5372b6 [CANDIDATE]: Term 10 pre-election: Requested pre-vote from peers 230bae04bca94f7989168f2ce71830fd (127.0.115.131:34875), 8c1e2674152e42d58837cd7e6ce22257 (127.0.115.129:41757)
I0110 22:36:05.795948 1121 raft_consensus.cc:2323] T 492ad3c286b1460db7471b6b0d1406e0 P 230bae04bca94f7989168f2ce71830fd [term 10 FOLLOWER]: Leader pre-election vote request: Denying vote to candidate 8c1e2674152e42d58837cd7e6ce22257 in current term 10: Already voted for candidate 230bae04bca94f7989168f2ce71830fd in this term.
I0110 22:36:05.796447 1248 leader_election.cc:293] T 492ad3c286b1460db7471b6b0d1406e0 P 230bae04bca94f7989168f2ce71830fd [CANDIDATE]: Term 11 pre-election: Requested pre-vote from peers 191329c76027490f84db7a96fd5372b6 (127.0.115.130:35585), 8c1e2674152e42d58837cd7e6ce22257 (127.0.115.129:41757)
W0110 22:36:05.796555 1121 rpcz_store.cc:253] Call kudu.consensus.ConsensusService.RequestConsensusVote from 127.0.115.129:47329 (request call id 26) took 967 ms (967 ms). Client timeout 647 ms (647 ms)
W0110 22:36:05.797385 1121 rpcz_store.cc:259] Trace: 0110 22:36:04.829633 (+ 0us) service_pool.cc:162] Inserting onto call queue 0110 22:36:04.830334 (+ 701us) service_pool.cc:221] Handling call 0110 22:36:05.796375 (+966041us) spinlock_profiling.cc:244] Waited 965 ms on lock 0x7b50000712ac. stack: 00007fefad7f7bb3 00007fefad7f7ab0 00007fefad09f584 00007fefb6368694 00007fefb6368629 00007fefb4c90231 00007fefb4d01e15 00007fefb63e2b92 00007fefb0005e34 00007fefb0005d8d 00007fefb0005cac 00007fefb0005c1c 00007fefb0004c72 00007fefaf5fb76c 00007fefaf5fac46 00007fefaf5fa6db 0110 22:36:05.796490 (+ 115us) inbound_call.cc:162] Queueing success response Metrics: {"spinlock_wait_cycles":2218785024}
I0110 22:36:05.797376 869 tablet_service.cc:1319] Received RequestConsensusVote() RPC: tablet_id: "492ad3c286b1460db7471b6b0d1406e0" candidate_uuid: "191329c76027490f84db7a96fd5372b6" candidate_term: 10 candidate_status { last_received { term: 0 index: 0 } } ignore_live_leader: false dest_uuid: "8c1e2674152e42d58837cd7e6ce22257" is_pre_election: true
I0110 22:36:05.797626 995 tablet_service.cc:1319] Received RequestConsensusVote() RPC: tablet_id: "492ad3c286b1460db7471b6b0d1406e0" candidate_uuid: "230bae04bca94f7989168f2ce71830fd" candidate_term: 10 candidate_status { last_received { term: 0 index: 0 } } ignore_live_leader: false dest_uuid: "191329c76027490f84db7a96fd5372b6"
I0110 22:36:05.797936 869 raft_consensus.cc:2398] T 492ad3c286b1460db7471b6b0d1406e0 P 8c1e2674152e42d58837cd7e6ce22257 [term 9 FOLLOWER]: Leader pre-election vote request: Granting yes vote for candidate 191329c76027490f84db7a96fd5372b6 in term 9.
I0110 22:36:05.798105 995 raft_consensus.cc:2951] T 492ad3c286b1460db7471b6b0d1406e0 P 191329c76027490f84db7a96fd5372b6 [term 9 FOLLOWER]: Advancing to term 10
I0110 22:36:05.798458 867 tablet_service.cc:1319] Received RequestConsensusVote() RPC: tablet_id: "492ad3c286b1460db7471b6b0d1406e0" candidate_uuid: "230bae04bca94f7989168f2ce71830fd" candidate_term: 10 candidate_status { last_received { term: 0 index: 0 } } ignore_live_leader: false dest_uuid: "8c1e2674152e42d58837cd7e6ce22257"
I0110 22:36:05.798945 867 raft_consensus.cc:2951] T 492ad3c286b1460db7471b6b0d1406e0 P 8c1e2674152e42d58837cd7e6ce22257 [term 9 FOLLOWER]: Advancing to term 10
I0110 22:36:05.799067 926 leader_election.cc:307] T 492ad3c286b1460db7471b6b0d1406e0 P 191329c76027490f84db7a96fd5372b6 [CANDIDATE]: Term 10 pre-election: Election decided. Result: candidate won. Election summary: received 2 responses out of 3 voters: 2 yes votes; 0 no votes. yes voters: 191329c76027490f84db7a96fd5372b6, 8c1e2674152e42d58837cd7e6ce22257; no voters:
I0110 22:36:05.799940 1121 tablet_service.cc:1319] Received RequestConsensusVote() RPC: tablet_id: "492ad3c286b1460db7471b6b0d1406e0" candidate_uuid: "191329c76027490f84db7a96fd5372b6" candidate_term: 10 candidate_status { last_received { term: 0 index: 0 } } ignore_live_leader: false dest_uuid: "230bae04bca94f7989168f2ce71830fd" is_pre_election: true
I0110 22:36:05.800153 869 tablet_service.cc:1319] Received RequestConsensusVote() RPC: tablet_id: "492ad3c286b1460db7471b6b0d1406e0" candidate_uuid: "230bae04bca94f7989168f2ce71830fd" candidate_term: 11 candidate_status { last_received { term: 0 index: 0 } } ignore_live_leader: false dest_uuid: "8c1e2674152e42d58837cd7e6ce22257" is_pre_election: true
I0110 22:36:05.800565 1121 raft_consensus.cc:2323] T 492ad3c286b1460db7471b6b0d1406e0 P 230bae04bca94f7989168f2ce71830fd [term 10 FOLLOWER]: Leader pre-election vote request: Denying vote to candidate 191329c76027490f84db7a96fd5372b6 in current term 10: Already voted for candidate 230bae04bca94f7989168f2ce71830fd in this term.
I0110 22:36:05.802440 994 tablet_service.cc:1319] Received RequestConsensusVote() RPC: tablet_id: "492ad3c286b1460db7471b6b0d1406e0" candidate_uuid: "230bae04bca94f7989168f2ce71830fd" candidate_term: 11 candidate_status { last_received { term: 0 index: 0 } } ignore_live_leader: false dest_uuid: "191329c76027490f84db7a96fd5372b6" is_pre_election: true
I0110 22:36:05.803800 1052 leader_election.cc:307] T 492ad3c286b1460db7471b6b0d1406e0 P 230bae04bca94f7989168f2ce71830fd [CANDIDATE]: Term 11 pre-election: Election decided. Result: candidate lost. Election summary: received 3 responses out of 3 voters: 1 yes votes; 2 no votes. yes voters: 230bae04bca94f7989168f2ce71830fd; no voters: 191329c76027490f84db7a96fd5372b6, 8c1e2674152e42d58837cd7e6ce22257
I0110 22:36:05.805179 1240 raft_consensus.cc:2646] T 492ad3c286b1460db7471b6b0d1406e0 P 230bae04bca94f7989168f2ce71830fd [term 10 FOLLOWER]: Leader pre-election lost for term 11. Reason: could not achieve majority
W0110 22:36:06.186206 1052 leader_election.cc:339] T 492ad3c286b1460db7471b6b0d1406e0 P 230bae04bca94f7989168f2ce71830fd [CANDIDATE]: Term 10 election: RPC error from VoteRequest() call to peer 191329c76027490f84db7a96fd5372b6 (127.0.115.130:35585): Timed out: RequestConsensusVote RPC to 127.0.115.130:35585 timed out after 0.391s (SENT)
W0110 22:36:06.189007 1053 leader_election.cc:339] T 492ad3c286b1460db7471b6b0d1406e0 P 230bae04bca94f7989168f2ce71830fd [CANDIDATE]: Term 10 election: RPC error from VoteRequest() call to peer 8c1e2674152e42d58837cd7e6ce22257 (127.0.115.129:41757): Timed out: RequestConsensusVote RPC to 127.0.115.129:41757 timed out after 0.391s (SENT)
I0110 22:36:06.189236 1053 leader_election.cc:307] T 492ad3c286b1460db7471b6b0d1406e0 P 230bae04bca94f7989168f2ce71830fd [CANDIDATE]: Term 10 election: Election decided. Result: candidate lost. Election summary: received 3 responses out of 3 voters: 1 yes votes; 2 no votes. yes voters: 230bae04bca94f7989168f2ce71830fd; no voters: 191329c76027490f84db7a96fd5372b6, 8c1e2674152e42d58837cd7e6ce22257
I0110 22:36:06.190001 1240 raft_consensus.cc:2646] T 492ad3c286b1460db7471b6b0d1406e0 P 230bae04bca94f7989168f2ce71830fd [term 10 FOLLOWER]: Leader election lost for term 10. Reason: could not achieve majority
I0110 22:36:06.713728 1253 raft_consensus.cc:479] T 492ad3c286b1460db7471b6b0d1406e0 P 230bae04bca94f7989168f2ce71830fd [term 10 FOLLOWER]: Starting pre-election (no leader contacted us within the election timeout)
I0110 22:36:06.714071 1253 raft_consensus.cc:501] T 492ad3c286b1460db7471b6b0d1406e0 P 230bae04bca94f7989168f2ce71830fd [term 10 FOLLOWER]: Starting pre-election with config: opid_index: -1 OBSOLETE_local: false peers { permanent_uuid: "191329c76027490f84db7a96fd5372b6" member_type: VOTER last_known_addr { host: "127.0.115.130" port: 35585 } } peers { permanent_uuid: "230bae04bca94f7989168f2ce71830fd" member_type: VOTER last_known_addr { host: "127.0.115.131" port: 34875 } } peers { permanent_uuid: "8c1e2674152e42d58837cd7e6ce22257" member_type: VOTER last_known_addr { host: "127.0.115.129" port: 41757 } }
I0110 22:36:06.715394 1253 leader_election.cc:293] T 492ad3c286b1460db7471b6b0d1406e0 P 230bae04bca94f7989168f2ce71830fd [CANDIDATE]: Term 11 pre-election: Requested pre-vote from peers 191329c76027490f84db7a96fd5372b6 (127.0.115.130:35585), 8c1e2674152e42d58837cd7e6ce22257 (127.0.115.129:41757)
I0110 22:36:06.716286 869 tablet_service.cc:1319] Received RequestConsensusVote() RPC: tablet_id: "492ad3c286b1460db7471b6b0d1406e0" candidate_uuid: "230bae04bca94f7989168f2ce71830fd" candidate_term: 11 candidate_status { last_received { term: 0 index: 0 } } ignore_live_leader: false dest_uuid: "8c1e2674152e42d58837cd7e6ce22257" is_pre_election: true
I0110 22:36:06.716336 994 tablet_service.cc:1319] Received RequestConsensusVote() RPC: tablet_id: "492ad3c286b1460db7471b6b0d1406e0" candidate_uuid: "230bae04bca94f7989168f2ce71830fd" candidate_term: 11 candidate_status { last_received { term: 0 index: 0 } } ignore_live_leader: false dest_uuid: "191329c76027490f84db7a96fd5372b6" is_pre_election: true
I0110 22:36:06.717708 1052 leader_election.cc:307] T 492ad3c286b1460db7471b6b0d1406e0 P 230bae04bca94f7989168f2ce71830fd [CANDIDATE]: Term 11 pre-election: Election decided. Result: candidate lost. Election summary: received 3 responses out of 3 voters: 1 yes votes; 2 no votes. yes voters: 230bae04bca94f7989168f2ce71830fd; no voters: 191329c76027490f84db7a96fd5372b6, 8c1e2674152e42d58837cd7e6ce22257
I0110 22:36:06.718317 1253 raft_consensus.cc:2646] T 492ad3c286b1460db7471b6b0d1406e0 P 230bae04bca94f7989168f2ce71830fd [term 10 FOLLOWER]: Leader pre-election lost for term 11. Reason: could not achieve majority
W0110 22:36:06.731626 995 consensus_meta.cc:220] T 492ad3c286b1460db7471b6b0d1406e0 P 191329c76027490f84db7a96fd5372b6: Time spent flushing consensus metadata: real 0.933s user 0.004s sys 0.001s
I0110 22:36:06.731899 995 raft_consensus.cc:2398] T 492ad3c286b1460db7471b6b0d1406e0 P 191329c76027490f84db7a96fd5372b6 [term 10 FOLLOWER]: Leader election vote request: Granting yes vote for candidate 230bae04bca94f7989168f2ce71830fd in term 10.
W0110 22:36:06.732307 995 rpcz_store.cc:253] Call kudu.consensus.ConsensusService.RequestConsensusVote from 127.0.115.131:44179 (request call id 19) took 935 ms (935 ms). Client timeout 391 ms (391 ms)
W0110 22:36:06.732443 867 consensus_meta.cc:220] T 492ad3c286b1460db7471b6b0d1406e0 P 8c1e2674152e42d58837cd7e6ce22257: Time spent flushing consensus metadata: real 0.933s user 0.004s sys 0.001s
I0110 22:36:06.732714 867 raft_consensus.cc:2398] T 492ad3c286b1460db7471b6b0d1406e0 P 8c1e2674152e42d58837cd7e6ce22257 [term 10 FOLLOWER]: Leader election vote request: Granting yes vote for candidate 230bae04bca94f7989168f2ce71830fd in term 10.
W0110 22:36:06.732962 995 rpcz_store.cc:259] Trace: 0110 22:36:05.796460 (+ 0us) service_pool.cc:162] Inserting onto call queue 0110 22:36:05.797366 (+ 906us) service_pool.cc:221] Handling call 0110 22:36:06.732254 (+934888us) inbound_call.cc:162] Queueing success response Metrics: {}
I0110 22:36:06.733145 1254 raft_consensus.cc:479] T 492ad3c286b1460db7471b6b0d1406e0 P 8c1e2674152e42d58837cd7e6ce22257 [term 10 FOLLOWER]: Starting pre-election (no leader contacted us within the election timeout)
I0110 22:36:06.733491 1251 raft_consensus.cc:2661] T 492ad3c286b1460db7471b6b0d1406e0 P 191329c76027490f84db7a96fd5372b6 [term 10 FOLLOWER]: Leader pre-election decision vote started in defunct term 9: won
W0110 22:36:06.733129 867 rpcz_store.cc:253] Call kudu.consensus.ConsensusService.RequestConsensusVote from 127.0.115.131:45331 (request call id 19) took 935 ms (935 ms). Client timeout 391 ms (391 ms)
W0110 22:36:06.734493 867 rpcz_store.cc:259] Trace: 0110 22:36:05.798073 (+ 0us) service_pool.cc:162] Inserting onto call queue 0110 22:36:05.798199 (+ 126us) service_pool.cc:221] Handling call 0110 22:36:06.733077 (+934878us) inbound_call.cc:162] Queueing success response Metrics: {}
I0110 22:36:06.734128 1254 raft_consensus.cc:501] T 492ad3c286b1460db7471b6b0d1406e0 P 8c1e2674152e42d58837cd7e6ce22257 [term 10 FOLLOWER]: Starting pre-election with config: opid_index: -1 OBSOLETE_local: false peers { permanent_uuid: "191329c76027490f84db7a96fd5372b6" member_type: VOTER last_known_addr { host: "127.0.115.130" port: 35585 } } peers { permanent_uuid: "230bae04bca94f7989168f2ce71830fd" member_type: VOTER last_known_addr { host: "127.0.115.131" port: 34875 } } peers { permanent_uuid: "8c1e2674152e42d58837cd7e6ce22257" member_type: VOTER last_known_addr { host: "127.0.115.129" port: 41757 } }
I0110 22:36:06.736268 1254 leader_election.cc:293] T 492ad3c286b1460db7471b6b0d1406e0 P 8c1e2674152e42d58837cd7e6ce22257 [CANDIDATE]: Term 11 pre-election: Requested pre-vote from peers 191329c76027490f84db7a96fd5372b6 (127.0.115.130:35585), 230bae04bca94f7989168f2ce71830fd (127.0.115.131:34875)
I0110 22:36:06.737027 995 tablet_service.cc:1319] Received RequestConsensusVote() RPC: tablet_id: "492ad3c286b1460db7471b6b0d1406e0" candidate_uuid: "8c1e2674152e42d58837cd7e6ce22257" candidate_term: 11 candidate_status { last_received { term: 0 index: 0 } } ignore_live_leader: false dest_uuid: "191329c76027490f84db7a96fd5372b6" is_pre_election: true
I0110 22:36:06.737161 1121 tablet_service.cc:1319] Received RequestConsensusVote() RPC: tablet_id: "492ad3c286b1460db7471b6b0d1406e0" candidate_uuid: "8c1e2674152e42d58837cd7e6ce22257" candidate_term: 11 candidate_status { last_received { term: 0 index: 0 } } ignore_live_leader: false dest_uuid: "230bae04bca94f7989168f2ce71830fd" is_pre_election: true
I0110 22:36:06.737534 995 raft_consensus.cc:2398] T 492ad3c286b1460db7471b6b0d1406e0 P 191329c76027490f84db7a96fd5372b6 [term 10 FOLLOWER]: Leader pre-election vote request: Granting yes vote for candidate 8c1e2674152e42d58837cd7e6ce22257 in term 10.
I0110 22:36:06.737641 1121 raft_consensus.cc:2398] T 492ad3c286b1460db7471b6b0d1406e0 P 230bae04bca94f7989168f2ce71830fd [term 10 FOLLOWER]: Leader pre-election vote request: Granting yes vote for candidate 8c1e2674152e42d58837cd7e6ce22257 in term 10.
I0110 22:36:06.738484 789 leader_election.cc:307] T 492ad3c286b1460db7471b6b0d1406e0 P 8c1e2674152e42d58837cd7e6ce22257 [CANDIDATE]: Term 11 pre-election: Election decided. Result: candidate won. Election summary: received 2 responses out of 3 voters: 2 yes votes; 0 no votes. yes voters: 230bae04bca94f7989168f2ce71830fd, 8c1e2674152e42d58837cd7e6ce22257; no voters:
I0110 22:36:06.739215 1254 raft_consensus.cc:2698] T 492ad3c286b1460db7471b6b0d1406e0 P 8c1e2674152e42d58837cd7e6ce22257 [term 10 FOLLOWER]: Leader pre-election won for term 11
I0110 22:36:06.739470 1254 raft_consensus.cc:479] T 492ad3c286b1460db7471b6b0d1406e0 P 8c1e2674152e42d58837cd7e6ce22257 [term 10 FOLLOWER]: Starting leader election (no leader contacted us within the election timeout)
I0110 22:36:06.739735 1254 raft_consensus.cc:2951] T 492ad3c286b1460db7471b6b0d1406e0 P 8c1e2674152e42d58837cd7e6ce22257 [term 10 FOLLOWER]: Advancing to term 11
I0110 22:36:06.879654 1251 raft_consensus.cc:479] T 492ad3c286b1460db7471b6b0d1406e0 P 191329c76027490f84db7a96fd5372b6 [term 10 FOLLOWER]: Starting pre-election (no leader contacted us within the election timeout)
I0110 22:36:06.880031 1251 raft_consensus.cc:501] T 492ad3c286b1460db7471b6b0d1406e0 P 191329c76027490f84db7a96fd5372b6 [term 10 FOLLOWER]: Starting pre-election with config: opid_index: -1 OBSOLETE_local: false peers { permanent_uuid: "191329c76027490f84db7a96fd5372b6" member_type: VOTER last_known_addr { host: "127.0.115.130" port: 35585 } } peers { permanent_uuid: "230bae04bca94f7989168f2ce71830fd" member_type: VOTER last_known_addr { host: "127.0.115.131" port: 34875 } } peers { permanent_uuid: "8c1e2674152e42d58837cd7e6ce22257" member_type: VOTER last_known_addr { host: "127.0.115.129" port: 41757 } }
I0110 22:36:06.881671 1251 leader_election.cc:293] T 492ad3c286b1460db7471b6b0d1406e0 P 191329c76027490f84db7a96fd5372b6 [CANDIDATE]: Term 11 pre-election: Requested pre-vote from peers 230bae04bca94f7989168f2ce71830fd (127.0.115.131:34875), 8c1e2674152e42d58837cd7e6ce22257 (127.0.115.129:41757)
I0110 22:36:06.882477 1121 tablet_service.cc:1319] Received RequestConsensusVote() RPC: tablet_id: "492ad3c286b1460db7471b6b0d1406e0" candidate_uuid: "191329c76027490f84db7a96fd5372b6" candidate_term: 11 candidate_status { last_received { term: 0 index: 0 } } ignore_live_leader: false dest_uuid: "230bae04bca94f7989168f2ce71830fd" is_pre_election: true
I0110 22:36:06.882710 867 tablet_service.cc:1319] Received RequestConsensusVote() RPC: tablet_id: "492ad3c286b1460db7471b6b0d1406e0" candidate_uuid: "191329c76027490f84db7a96fd5372b6" candidate_term: 11 candidate_status { last_received { term: 0 index: 0 } } ignore_live_leader: false dest_uuid: "8c1e2674152e42d58837cd7e6ce22257" is_pre_election: true
I0110 22:36:06.883041 1121 raft_consensus.cc:2398] T 492ad3c286b1460db7471b6b0d1406e0 P 230bae04bca94f7989168f2ce71830fd [term 10 FOLLOWER]: Leader pre-election vote request: Granting yes vote for candidate 191329c76027490f84db7a96fd5372b6 in term 10.
I0110 22:36:06.883810 925 leader_election.cc:307] T 492ad3c286b1460db7471b6b0d1406e0 P 191329c76027490f84db7a96fd5372b6 [CANDIDATE]: Term 11 pre-election: Election decided. Result: candidate won. Election summary: received 2 responses out of 3 voters: 2 yes votes; 0 no votes. yes voters: 191329c76027490f84db7a96fd5372b6, 230bae04bca94f7989168f2ce71830fd; no voters:
I0110 22:36:06.884382 1251 raft_consensus.cc:2698] T 492ad3c286b1460db7471b6b0d1406e0 P 191329c76027490f84db7a96fd5372b6 [term 10 FOLLOWER]: Leader pre-election won for term 11
I0110 22:36:06.884582 1251 raft_consensus.cc:479] T 492ad3c286b1460db7471b6b0d1406e0 P 191329c76027490f84db7a96fd5372b6 [term 10 FOLLOWER]: Starting leader election (no leader contacted us within the election timeout)
I0110 22:36:06.884774 1251 raft_consensus.cc:2951] T 492ad3c286b1460db7471b6b0d1406e0 P 191329c76027490f84db7a96fd5372b6 [term 10 FOLLOWER]: Advancing to term 11
I0110 22:36:07.235237 1255 raft_consensus.cc:479] T 492ad3c286b1460db7471b6b0d1406e0 P 230bae04bca94f7989168f2ce71830fd [term 10 FOLLOWER]: Starting pre-election (no leader contacted us within the election timeout)
I0110 22:36:07.235530 1255 raft_consensus.cc:501] T 492ad3c286b1460db7471b6b0d1406e0 P 230bae04bca94f7989168f2ce71830fd [term 10 FOLLOWER]: Starting pre-election with config: opid_index: -1 OBSOLETE_local: false peers { permanent_uuid: "191329c76027490f84db7a96fd5372b6" member_type: VOTER last_known_addr { host: "127.0.115.130" port: 35585 } } peers { permanent_uuid: "230bae04bca94f7989168f2ce71830fd" member_type: VOTER last_known_addr { host: "127.0.115.131" port: 34875 } } peers { permanent_uuid: "8c1e2674152e42d58837cd7e6ce22257" member_type: VOTER last_known_addr { host: "127.0.115.129" port: 41757 } }
I0110 22:36:07.236824 1255 leader_election.cc:293] T 492ad3c286b1460db7471b6b0d1406e0 P 230bae04bca94f7989168f2ce71830fd [CANDIDATE]: Term 11 pre-election: Requested pre-vote from peers 191329c76027490f84db7a96fd5372b6 (127.0.115.130:35585), 8c1e2674152e42d58837cd7e6ce22257 (127.0.115.129:41757)
I0110 22:36:07.237769 869 tablet_service.cc:1319] Received RequestConsensusVote() RPC: tablet_id: "492ad3c286b1460db7471b6b0d1406e0" candidate_uuid: "230bae04bca94f7989168f2ce71830fd" candidate_term: 11 candidate_status { last_received { term: 0 index: 0 } } ignore_live_leader: false dest_uuid: "8c1e2674152e42d58837cd7e6ce22257" is_pre_election: true
I0110 22:36:07.237674 995 tablet_service.cc:1319] Received RequestConsensusVote() RPC: tablet_id: "492ad3c286b1460db7471b6b0d1406e0" candidate_uuid: "230bae04bca94f7989168f2ce71830fd" candidate_term: 11 candidate_status { last_received { term: 0 index: 0 } } ignore_live_leader: false dest_uuid: "191329c76027490f84db7a96fd5372b6" is_pre_election: true
W0110 22:36:07.309700 926 leader_election.cc:339] T 492ad3c286b1460db7471b6b0d1406e0 P 191329c76027490f84db7a96fd5372b6 [CANDIDATE]: Term 11 pre-election: RPC error from VoteRequest() call to peer 8c1e2674152e42d58837cd7e6ce22257 (127.0.115.129:41757): Timed out: RequestConsensusVote RPC to 127.0.115.129:41757 timed out after 0.427s (SENT)
I0110 22:36:07.361392 1255 raft_consensus.cc:479] T 492ad3c286b1460db7471b6b0d1406e0 P 230bae04bca94f7989168f2ce71830fd [term 10 FOLLOWER]: Starting pre-election (no leader contacted us within the election timeout)
I0110 22:36:07.361719 1255 raft_consensus.cc:501] T 492ad3c286b1460db7471b6b0d1406e0 P 230bae04bca94f7989168f2ce71830fd [term 10 FOLLOWER]: Starting pre-election with config: opid_index: -1 OBSOLETE_local: false peers { permanent_uuid: "191329c76027490f84db7a96fd5372b6" member_type: VOTER last_known_addr { host: "127.0.115.130" port: 35585 } } peers { permanent_uuid: "230bae04bca94f7989168f2ce71830fd" member_type: VOTER last_known_addr { host: "127.0.115.131" port: 34875 } } peers { permanent_uuid: "8c1e2674152e42d58837cd7e6ce22257" member_type: VOTER last_known_addr { host: "127.0.115.129" port: 41757 } }
W0110 22:36:07.362586 1052 leader_election.cc:339] T 492ad3c286b1460db7471b6b0d1406e0 P 230bae04bca94f7989168f2ce71830fd [CANDIDATE]: Term 11 pre-election: RPC error from VoteRequest() call to peer 191329c76027490f84db7a96fd5372b6 (127.0.115.130:35585): Timed out: RequestConsensusVote RPC to 127.0.115.130:35585 timed out after 0.125s (SENT)
I0110 22:36:07.362928 1052 leader_election.cc:307] T 492ad3c286b1460db7471b6b0d1406e0 P 230bae04bca94f7989168f2ce71830fd [CANDIDATE]: Term 11 pre-election: Election decided. Result: candidate lost. Election summary: received 3 responses out of 3 voters: 1 yes votes; 2 no votes. yes voters: 230bae04bca94f7989168f2ce71830fd; no voters: 191329c76027490f84db7a96fd5372b6, 8c1e2674152e42d58837cd7e6ce22257
I0110 22:36:07.363270 1255 leader_election.cc:293] T 492ad3c286b1460db7471b6b0d1406e0 P 230bae04bca94f7989168f2ce71830fd [CANDIDATE]: Term 11 pre-election: Requested pre-vote from peers 191329c76027490f84db7a96fd5372b6 (127.0.115.130:35585), 8c1e2674152e42d58837cd7e6ce22257 (127.0.115.129:41757)
