[==========] Running 5 tests from 3 test cases. [----------] Global test environment set-up. [----------] 1 test from ClientFailoverITest [ RUN ] ClientFailoverITest.TestClusterCrashDuringWorkload 2020-01-10T22:35:41Z chronyd version 3.5 starting (+CMDMON +NTP +REFCLOCK +RTC -PRIVDROP -SCFILTER -SIGND +ASYNCDNS -SECHASH -IPV6 +DEBUG) 2020-01-10T22:35:41Z Disabled control of system clock WARNING: Logging before InitGoogleLogging() is written to STDERR
I0110 22:35:41.249490 462 external_mini_cluster.cc:1043] Running /tmp/dist-test-tasklK1NQQ/build/tsan/bin/kudu-master /tmp/dist-test-tasklK1NQQ/build/tsan/bin/kudu-master --fs_wal_dir=/tmp/dist-test-tasklK1NQQ/test-tmp/client_failover-itest.0.ClientFailoverITest.TestClusterCrashDuringWorkload.1578695741089585-462/minicluster-data/master-0/wal --fs_data_dirs=/tmp/dist-test-tasklK1NQQ/test-tmp/client_failover-itest.0.ClientFailoverITest.TestClusterCrashDuringWorkload.1578695741089585-462/minicluster-data/master-0/data --block_manager=log --webserver_interface=localhost --ipki_ca_key_size=1024 --tsk_num_rsa_bits=512 --rpc_bind_addresses=127.0.115.190:34625 --webserver_interface=127.0.115.190 --webserver_port=0 --never_fsync --ipki_server_key_size=1024 --enable_minidumps=false --redact=none --metrics_log_interval_ms=1000 --logtostderr --logbuflevel=-1 --log_dir=/tmp/dist-test-tasklK1NQQ/test-tmp/client_failover-itest.0.ClientFailoverITest.TestClusterCrashDuringWorkload.1578695741089585-462/minicluster-data/master-0/logs --server_dump_info_path=/tmp/dist-test-tasklK1NQQ/test-tmp/client_failover-itest.0.ClientFailoverITest.TestClusterCrashDuringWorkload.1578695741089585-462/minicluster-data/master-0/data/info.pb --server_dump_info_format=pb --rpc_server_allow_ephemeral_ports --unlock_experimental_flags --unlock_unsafe_flags --rpc_reuseport=true --builtin_ntp_servers=127.0.115.148:37107 --builtin_ntp_poll_interval_ms=100 --ntp_initial_sync_wait_secs=10 --time_source=builtin with env {} WARNING: Logging before InitGoogleLogging() is written to STDERR
W0110 22:35:41.415956 471 flags.cc:404] Enabled unsafe flag: --rpc_server_allow_ephemeral_ports=true
W0110 22:35:41.416618 471 flags.cc:404] Enabled unsafe flag: --never_fsync=true
W0110 22:35:41.427896 471 flags.cc:404] Enabled experimental flag: --ipki_ca_key_size=1024
W0110 22:35:41.428114 471 flags.cc:404] Enabled experimental flag: --ipki_server_key_size=1024
W0110 22:35:41.428289 471 flags.cc:404] Enabled experimental flag: --tsk_num_rsa_bits=512
W0110 22:35:41.428519 471 flags.cc:404] Enabled experimental flag: --rpc_reuseport=true
I0110 22:35:41.449061 471 master_main.cc:96] Master server non-default flags: --builtin_ntp_poll_interval_ms=100 --builtin_ntp_servers=127.0.115.148:37107 --ntp_initial_sync_wait_secs=10 --time_source=builtin --fs_data_dirs=/tmp/dist-test-tasklK1NQQ/test-tmp/client_failover-itest.0.ClientFailoverITest.TestClusterCrashDuringWorkload.1578695741089585-462/minicluster-data/master-0/data --fs_wal_dir=/tmp/dist-test-tasklK1NQQ/test-tmp/client_failover-itest.0.ClientFailoverITest.TestClusterCrashDuringWorkload.1578695741089585-462/minicluster-data/master-0/wal --ipki_ca_key_size=1024 --ipki_server_key_size=1024 --tsk_num_rsa_bits=512 --rpc_bind_addresses=127.0.115.190:34625 --rpc_reuseport=true --rpc_server_allow_ephemeral_ports=true --metrics_log_interval_ms=1000 --server_dump_info_format=pb --server_dump_info_path=/tmp/dist-test-tasklK1NQQ/test-tmp/client_failover-itest.0.ClientFailoverITest.TestClusterCrashDuringWorkload.1578695741089585-462/minicluster-data/master-0/data/info.pb --webserver_interface=127.0.115.190 --webserver_port=0 --never_fsync=true --redact=none --unlock_experimental_flags=true --unlock_unsafe_flags=true --enable_minidumps=false --log_dir=/tmp/dist-test-tasklK1NQQ/test-tmp/client_failover-itest.0.ClientFailoverITest.TestClusterCrashDuringWorkload.1578695741089585-462/minicluster-data/master-0/logs --logbuflevel=-1 --logtostderr=true Master server version: kudu 1.12.0-SNAPSHOT revision 5f0a070f98ee5ef3206c5ce3cd57ae239332caf3 build type FASTDEBUG built by None at 10 Jan 2020 22:26:54 UTC on jenkins-slave-snjf build id 20074 TSAN enabled
I0110 22:35:41.470736 471 hybrid_clock.cc:168] waiting up to --ntp_initial_sync_wait_secs=10 seconds for the clock to synchronize
I0110 22:35:41.472137 471 hybrid_clock.cc:186] HybridClock initialized: now 1578695741472082 us; error 68 us; skew 500 ppm
I0110 22:35:41.472810 471 fs_manager.cc:263] Metadata directory not provided
I0110 22:35:41.472941 471 fs_manager.cc:269] Using write-ahead log directory (fs_wal_dir) as metadata directory
I0110 22:35:41.473225 471 server_base.cc:451] Could not load existing FS layout: Not found: could not find a healthy instance file
I0110 22:35:41.473340 471 server_base.cc:452] Attempting to create new FS layout instead
I0110 22:35:41.476511 471 fs_manager.cc:617] Generated new instance metadata in path /tmp/dist-test-tasklK1NQQ/test-tmp/client_failover-itest.0.ClientFailoverITest.TestClusterCrashDuringWorkload.1578695741089585-462/minicluster-data/master-0/data/instance: uuid: "fe977bac0b6f4cccaaa6245ae9a7047e" format_stamp: "Formatted at 2020-01-10 22:35:41 on dist-test-slave-dist-test-slave-nntq"
I0110 22:35:41.477293 471 fs_manager.cc:617] Generated new instance metadata in path /tmp/dist-test-tasklK1NQQ/test-tmp/client_failover-itest.0.ClientFailoverITest.TestClusterCrashDuringWorkload.1578695741089585-462/minicluster-data/master-0/wal/instance: uuid: "fe977bac0b6f4cccaaa6245ae9a7047e" format_stamp: "Formatted at 2020-01-10 22:35:41 on dist-test-slave-dist-test-slave-nntq"
I0110 22:35:41.482969 471 dir_util.cc:225] Instance is unhealthy: Not found: Failed to read metadata file from /tmp/dist-test-tasklK1NQQ/test-tmp/client_failover-itest.0.ClientFailoverITest.TestClusterCrashDuringWorkload.1578695741089585-462/minicluster-data/master-0/data/data/block_manager_instance: /tmp/dist-test-tasklK1NQQ/test-tmp/client_failover-itest.0.ClientFailoverITest.TestClusterCrashDuringWorkload.1578695741089585-462/minicluster-data/master-0/data/data/block_manager_instance: No such file or directory (error 2)
I0110 22:35:41.499595 471 fs_manager.cc:518] Time spent creating directory manager: real 0.022s user 0.022s sys 0.001s
I0110 22:35:41.501091 471 env_posix.cc:1682] Not raising this process' open files per process limit of 1048576; it is already as high as it can go
I0110 22:35:41.501777 471 file_cache.cc:465] Constructed file cache lbm with capacity 419430
I0110 22:35:41.509801 471 fs_manager.cc:434] Time spent opening block manager: real 0.003s user 0.002s sys 0.000s
I0110 22:35:41.509950 471 fs_manager.cc:451] Opened local filesystem: /tmp/dist-test-tasklK1NQQ/test-tmp/client_failover-itest.0.ClientFailoverITest.TestClusterCrashDuringWorkload.1578695741089585-462/minicluster-data/master-0/data,/tmp/dist-test-tasklK1NQQ/test-tmp/client_failover-itest.0.ClientFailoverITest.TestClusterCrashDuringWorkload.1578695741089585-462/minicluster-data/master-0/wal uuid: "fe977bac0b6f4cccaaa6245ae9a7047e" format_stamp: "Formatted at 2020-01-10 22:35:41 on dist-test-slave-dist-test-slave-nntq"
I0110 22:35:41.510222 471 fs_report.cc:352] FS layout report -------------------- wal directory: /tmp/dist-test-tasklK1NQQ/test-tmp/client_failover-itest.0.ClientFailoverITest.TestClusterCrashDuringWorkload.1578695741089585-462/minicluster-data/master-0/wal metadata directory: /tmp/dist-test-tasklK1NQQ/test-tmp/client_failover-itest.0.ClientFailoverITest.TestClusterCrashDuringWorkload.1578695741089585-462/minicluster-data/master-0/wal 1 data directories: /tmp/dist-test-tasklK1NQQ/test-tmp/client_failover-itest.0.ClientFailoverITest.TestClusterCrashDuringWorkload.1578695741089585-462/minicluster-data/master-0/data/data Total live blocks: 0 Total live bytes: 0 Total live bytes (after alignment): 0 Total number of LBM containers: 0 (0 full) Did not check for missing blocks Did not check for orphaned blocks Total full LBM containers with extra space: 0 (0 repaired) Total full LBM container extra space in bytes: 0 (0 repaired) Total incomplete LBM containers: 0 (0 repaired) Total LBM partial records: 0 (0 repaired)
W0110 22:35:42.494825 471 thread.cc:617] rpc reactor (reactor) Time spent creating pthread: real 0.957s user 0.316s sys 0.639s
W0110 22:35:42.495103 471 thread.cc:584] rpc reactor (reactor) Time spent starting thread: real 0.958s user 0.316s sys 0.639s
I0110 22:35:42.535447 471 env_posix.cc:1682] Not raising this process' running threads per effective uid limit of 18446744073709551615; it is already as high as it can go
I0110 22:35:42.629951 471 rpc_server.cc:211] RPC server started. Bound to: 127.0.115.190:34625
I0110 22:35:42.634469 471 webserver.cc:382] Webserver started at http://127.0.115.190:33323/ using document root and password file
I0110 22:35:42.635936 471 server_base.cc:628] Dumped server information to /tmp/dist-test-tasklK1NQQ/test-tmp/client_failover-itest.0.ClientFailoverITest.TestClusterCrashDuringWorkload.1578695741089585-462/minicluster-data/master-0/data/info.pb
I0110 22:35:42.641876 533 data_dirs.cc:394] Could only allocate 1 dirs of requested 3 for tablet 00000000000000000000000000000000. 1 dirs total, 0 dirs full, 0 dirs failed
I0110 22:35:42.642997 462 external_mini_cluster.cc:1105] Started /tmp/dist-test-tasklK1NQQ/build/tsan/bin/kudu-master as pid 471
I0110 22:35:42.645578 462 external_mini_cluster.cc:1043] Running /tmp/dist-test-tasklK1NQQ/build/tsan/bin/kudu-tserver /tmp/dist-test-tasklK1NQQ/build/tsan/bin/kudu-tserver --fs_wal_dir=/tmp/dist-test-tasklK1NQQ/test-tmp/client_failover-itest.0.ClientFailoverITest.TestClusterCrashDuringWorkload.1578695741089585-462/minicluster-data/ts-0/wal --fs_data_dirs=/tmp/dist-test-tasklK1NQQ/test-tmp/client_failover-itest.0.ClientFailoverITest.TestClusterCrashDuringWorkload.1578695741089585-462/minicluster-data/ts-0/data --block_manager=log --rpc_bind_addresses=127.0.115.129:0 --local_ip_for_outbound_sockets=127.0.115.129 --webserver_interface=127.0.115.129 --webserver_port=0 --tserver_master_addrs=127.0.115.190:34625 --never_fsync --ipki_server_key_size=1024 --enable_minidumps=false --redact=none --metrics_log_interval_ms=1000 --logtostderr --logbuflevel=-1 --log_dir=/tmp/dist-test-tasklK1NQQ/test-tmp/client_failover-itest.0.ClientFailoverITest.TestClusterCrashDuringWorkload.1578695741089585-462/minicluster-data/ts-0/logs --server_dump_info_path=/tmp/dist-test-tasklK1NQQ/test-tmp/client_failover-itest.0.ClientFailoverITest.TestClusterCrashDuringWorkload.1578695741089585-462/minicluster-data/ts-0/data/info.pb --server_dump_info_format=pb --rpc_server_allow_ephemeral_ports --unlock_experimental_flags --unlock_unsafe_flags --builtin_ntp_servers=127.0.115.148:37107 --builtin_ntp_poll_interval_ms=100 --ntp_initial_sync_wait_secs=10 --time_source=builtin with env {}
I0110 22:35:42.665813 533 tablet_bootstrap.cc:438] T 00000000000000000000000000000000 P fe977bac0b6f4cccaaa6245ae9a7047e: Bootstrap starting.
I0110 22:35:42.670472 533 tablet_bootstrap.cc:590] T 00000000000000000000000000000000 P fe977bac0b6f4cccaaa6245ae9a7047e: No blocks or log segments found. Creating new log.
I0110 22:35:42.673374 533 log.cc:815] T 00000000000000000000000000000000 P fe977bac0b6f4cccaaa6245ae9a7047e: Log is configured to *not* fsync() on all Append() calls
I0110 22:35:42.677899 533 tablet_bootstrap.cc:438] T 00000000000000000000000000000000 P fe977bac0b6f4cccaaa6245ae9a7047e: No bootstrap required, opened a new log
I0110 22:35:42.697329 533 raft_consensus.cc:343] T 00000000000000000000000000000000 P fe977bac0b6f4cccaaa6245ae9a7047e [term 0 FOLLOWER]: Replica starting. Triggering 0 pending transactions. Active config: opid_index: -1 OBSOLETE_local: true peers { permanent_uuid: "fe977bac0b6f4cccaaa6245ae9a7047e" member_type: VOTER }
I0110 22:35:42.697743 533 raft_consensus.cc:369] T 00000000000000000000000000000000 P fe977bac0b6f4cccaaa6245ae9a7047e [term 0 FOLLOWER]: Consensus starting up: Expiring failure detector timer to make a prompt election more likely
I0110 22:35:42.697966 533 raft_consensus.cc:714] T 00000000000000000000000000000000 P fe977bac0b6f4cccaaa6245ae9a7047e [term 0 FOLLOWER]: Becoming Follower/Learner. State: Replica: fe977bac0b6f4cccaaa6245ae9a7047e, State: Initialized, Role: FOLLOWER
I0110 22:35:42.698725 533 consensus_queue.cc:229] T 00000000000000000000000000000000 P fe977bac0b6f4cccaaa6245ae9a7047e [NON_LEADER]: Queue going to NON_LEADER mode. State: All replicated index: 0, Majority replicated index: 0, Committed index: 0, Last appended: 0.0, Last appended by leader: 0, Current term: 0, Majority size: -1, State: 0, Mode: NON_LEADER, active raft config: opid_index: -1 OBSOLETE_local: true peers { permanent_uuid: "fe977bac0b6f4cccaaa6245ae9a7047e" member_type: VOTER }
I0110 22:35:42.699188 533 raft_consensus.cc:383] T 00000000000000000000000000000000 P fe977bac0b6f4cccaaa6245ae9a7047e [term 0 FOLLOWER]: Only one voter in the Raft config. Triggering election immediately
I0110 22:35:42.699462 533 raft_consensus.cc:479] T 00000000000000000000000000000000 P fe977bac0b6f4cccaaa6245ae9a7047e [term 0 FOLLOWER]: Starting leader election (initial election of a single-replica configuration)
I0110 22:35:42.699726 533 raft_consensus.cc:2951] T 00000000000000000000000000000000 P fe977bac0b6f4cccaaa6245ae9a7047e [term 0 FOLLOWER]: Advancing to term 1 WARNING: Logging before InitGoogleLogging() is written to STDERR
W0110 22:35:42.806236 534 flags.cc:404] Enabled unsafe flag: --rpc_server_allow_ephemeral_ports=true
W0110 22:35:42.806970 534 flags.cc:404] Enabled unsafe flag: --never_fsync=true
W0110 22:35:42.817559 534 flags.cc:404] Enabled experimental flag: --ipki_server_key_size=1024
W0110 22:35:42.818303 534 flags.cc:404] Enabled experimental flag: --local_ip_for_outbound_sockets=127.0.115.129
I0110 22:35:42.835670 534 tablet_server_main.cc:76] Tablet server non-default flags: --builtin_ntp_poll_interval_ms=100 --builtin_ntp_servers=127.0.115.148:37107 --ntp_initial_sync_wait_secs=10 --time_source=builtin --fs_data_dirs=/tmp/dist-test-tasklK1NQQ/test-tmp/client_failover-itest.0.ClientFailoverITest.TestClusterCrashDuringWorkload.1578695741089585-462/minicluster-data/ts-0/data --fs_wal_dir=/tmp/dist-test-tasklK1NQQ/test-tmp/client_failover-itest.0.ClientFailoverITest.TestClusterCrashDuringWorkload.1578695741089585-462/minicluster-data/ts-0/wal --ipki_server_key_size=1024 --rpc_bind_addresses=127.0.115.129:0 --rpc_server_allow_ephemeral_ports=true --metrics_log_interval_ms=1000 --server_dump_info_format=pb --server_dump_info_path=/tmp/dist-test-tasklK1NQQ/test-tmp/client_failover-itest.0.ClientFailoverITest.TestClusterCrashDuringWorkload.1578695741089585-462/minicluster-data/ts-0/data/info.pb --webserver_interface=127.0.115.129 --webserver_port=0 --tserver_master_addrs=127.0.115.190:34625 --never_fsync=true --redact=none --unlock_experimental_flags=true --unlock_unsafe_flags=true --enable_minidumps=false --local_ip_for_outbound_sockets=127.0.115.129 --log_dir=/tmp/dist-test-tasklK1NQQ/test-tmp/client_failover-itest.0.ClientFailoverITest.TestClusterCrashDuringWorkload.1578695741089585-462/minicluster-data/ts-0/logs --logbuflevel=-1 --logtostderr=true Tablet server version: kudu 1.12.0-SNAPSHOT revision 5f0a070f98ee5ef3206c5ce3cd57ae239332caf3 build type FASTDEBUG built by None at 10 Jan 2020 22:26:54 UTC on jenkins-slave-snjf build id 20074 TSAN enabled
I0110 22:35:42.856238 534 hybrid_clock.cc:168] waiting up to --ntp_initial_sync_wait_secs=10 seconds for the clock to synchronize
I0110 22:35:42.857616 534 hybrid_clock.cc:186] HybridClock initialized: now 1578695742857579 us; error 51 us; skew 500 ppm
I0110 22:35:42.858323 534 fs_manager.cc:263] Metadata directory not provided
I0110 22:35:42.858510 534 fs_manager.cc:269] Using write-ahead log directory (fs_wal_dir) as metadata directory
I0110 22:35:42.858832 534 server_base.cc:451] Could not load existing FS layout: Not found: could not find a healthy instance file
I0110 22:35:42.858958 534 server_base.cc:452] Attempting to create new FS layout instead
I0110 22:35:42.862010 534 fs_manager.cc:617] Generated new instance metadata in path /tmp/dist-test-tasklK1NQQ/test-tmp/client_failover-itest.0.ClientFailoverITest.TestClusterCrashDuringWorkload.1578695741089585-462/minicluster-data/ts-0/data/instance: uuid: "c1d680f550724b7c93db4804b4fae356" format_stamp: "Formatted at 2020-01-10 22:35:42 on dist-test-slave-dist-test-slave-nntq"
I0110 22:35:42.862833 534 fs_manager.cc:617] Generated new instance metadata in path /tmp/dist-test-tasklK1NQQ/test-tmp/client_failover-itest.0.ClientFailoverITest.TestClusterCrashDuringWorkload.1578695741089585-462/minicluster-data/ts-0/wal/instance: uuid: "c1d680f550724b7c93db4804b4fae356" format_stamp: "Formatted at 2020-01-10 22:35:42 on dist-test-slave-dist-test-slave-nntq"
I0110 22:35:42.867913 534 dir_util.cc:225] Instance is unhealthy: Not found: Failed to read metadata file from /tmp/dist-test-tasklK1NQQ/test-tmp/client_failover-itest.0.ClientFailoverITest.TestClusterCrashDuringWorkload.1578695741089585-462/minicluster-data/ts-0/data/data/block_manager_instance: /tmp/dist-test-tasklK1NQQ/test-tmp/client_failover-itest.0.ClientFailoverITest.TestClusterCrashDuringWorkload.1578695741089585-462/minicluster-data/ts-0/data/data/block_manager_instance: No such file or directory (error 2)
I0110 22:35:42.882231 534 fs_manager.cc:518] Time spent creating directory manager: real 0.019s user 0.016s sys 0.003s
I0110 22:35:42.883863 534 env_posix.cc:1682] Not raising this process' open files per process limit of 1048576; it is already as high as it can go
I0110 22:35:42.884588 534 file_cache.cc:465] Constructed file cache lbm with capacity 419430
I0110 22:35:42.893086 534 fs_manager.cc:434] Time spent opening block manager: real 0.003s user 0.002s sys 0.000s
I0110 22:35:42.893254 534 fs_manager.cc:451] Opened local filesystem: /tmp/dist-test-tasklK1NQQ/test-tmp/client_failover-itest.0.ClientFailoverITest.TestClusterCrashDuringWorkload.1578695741089585-462/minicluster-data/ts-0/data,/tmp/dist-test-tasklK1NQQ/test-tmp/client_failover-itest.0.ClientFailoverITest.TestClusterCrashDuringWorkload.1578695741089585-462/minicluster-data/ts-0/wal uuid: "c1d680f550724b7c93db4804b4fae356" format_stamp: "Formatted at 2020-01-10 22:35:42 on dist-test-slave-dist-test-slave-nntq"
I0110 22:35:42.893556 534 fs_report.cc:352] FS layout report -------------------- wal directory: /tmp/dist-test-tasklK1NQQ/test-tmp/client_failover-itest.0.ClientFailoverITest.TestClusterCrashDuringWorkload.1578695741089585-462/minicluster-data/ts-0/wal metadata directory: /tmp/dist-test-tasklK1NQQ/test-tmp/client_failover-itest.0.ClientFailoverITest.TestClusterCrashDuringWorkload.1578695741089585-462/minicluster-data/ts-0/wal 1 data directories: /tmp/dist-test-tasklK1NQQ/test-tmp/client_failover-itest.0.ClientFailoverITest.TestClusterCrashDuringWorkload.1578695741089585-462/minicluster-data/ts-0/data/data Total live blocks: 0 Total live bytes: 0 Total live bytes (after alignment): 0 Total number of LBM containers: 0 (0 full) Did not check for missing blocks Did not check for orphaned blocks Total full LBM containers with extra space: 0 (0 repaired) Total full LBM container extra space in bytes: 0 (0 repaired) Total incomplete LBM containers: 0 (0 repaired) Total LBM partial records: 0 (0 repaired)
I0110 22:35:43.073776 533 raft_consensus.cc:501] T 00000000000000000000000000000000 P fe977bac0b6f4cccaaa6245ae9a7047e [term 1 FOLLOWER]: Starting leader election with config: opid_index: -1 OBSOLETE_local: true peers { permanent_uuid: "fe977bac0b6f4cccaaa6245ae9a7047e" member_type: VOTER }
I0110 22:35:43.074764 533 leader_election.cc:307] T 00000000000000000000000000000000 P fe977bac0b6f4cccaaa6245ae9a7047e [CANDIDATE]: Term 1 election: Election decided. Result: candidate won. Election summary: received 1 responses out of 1 voters: 1 yes votes; 0 no votes. yes voters: fe977bac0b6f4cccaaa6245ae9a7047e; no voters:
I0110 22:35:43.078572 533 leader_election.cc:293] T 00000000000000000000000000000000 P fe977bac0b6f4cccaaa6245ae9a7047e [CANDIDATE]: Term 1 election: Requested vote from peers
I0110 22:35:43.078984 548 raft_consensus.cc:2698] T 00000000000000000000000000000000 P fe977bac0b6f4cccaaa6245ae9a7047e [term 1 FOLLOWER]: Leader election won for term 1
I0110 22:35:43.316967 548 raft_consensus.cc:674] T 00000000000000000000000000000000 P fe977bac0b6f4cccaaa6245ae9a7047e [term 1 LEADER]: Becoming Leader. State: Replica: fe977bac0b6f4cccaaa6245ae9a7047e, State: Running, Role: LEADER
I0110 22:35:43.318498 548 consensus_queue.cc:206] T 00000000000000000000000000000000 P fe977bac0b6f4cccaaa6245ae9a7047e [LEADER]: Queue going to LEADER mode. State: All replicated index: 0, Majority replicated index: 0, Committed index: 0, Last appended: 0.0, Last appended by leader: 0, Current term: 1, Majority size: 1, State: 0, Mode: LEADER, active raft config: opid_index: -1 OBSOLETE_local: true peers { permanent_uuid: "fe977bac0b6f4cccaaa6245ae9a7047e" member_type: VOTER }
I0110 22:35:43.326278 549 sys_catalog.cc:339] T 00000000000000000000000000000000 P fe977bac0b6f4cccaaa6245ae9a7047e [sys.catalog]: SysCatalogTable state changed. Reason: RaftConsensus started. Latest consensus state: current_term: 1 leader_uuid: "fe977bac0b6f4cccaaa6245ae9a7047e" committed_config { opid_index: -1 OBSOLETE_local: true peers { permanent_uuid: "fe977bac0b6f4cccaaa6245ae9a7047e" member_type: VOTER } }
I0110 22:35:43.326776 549 sys_catalog.cc:342] T 00000000000000000000000000000000 P fe977bac0b6f4cccaaa6245ae9a7047e [sys.catalog]: This master's current role is: LEADER
I0110 22:35:43.329187 533 sys_catalog.cc:339] T 00000000000000000000000000000000 P fe977bac0b6f4cccaaa6245ae9a7047e [sys.catalog]: SysCatalogTable state changed. Reason: Started TabletReplica. Latest consensus state: current_term: 1 leader_uuid: "fe977bac0b6f4cccaaa6245ae9a7047e" committed_config { opid_index: -1 OBSOLETE_local: true peers { permanent_uuid: "fe977bac0b6f4cccaaa6245ae9a7047e" member_type: VOTER } }
I0110 22:35:43.329784 533 sys_catalog.cc:342] T 00000000000000000000000000000000 P fe977bac0b6f4cccaaa6245ae9a7047e [sys.catalog]: This master's current role is: LEADER
I0110 22:35:43.332131 533 sys_catalog.cc:439] T 00000000000000000000000000000000 P fe977bac0b6f4cccaaa6245ae9a7047e [sys.catalog]: configured and running, proceeding with master startup.
I0110 22:35:43.332625 550 sys_catalog.cc:339] T 00000000000000000000000000000000 P fe977bac0b6f4cccaaa6245ae9a7047e [sys.catalog]: SysCatalogTable state changed. Reason: New leader fe977bac0b6f4cccaaa6245ae9a7047e. Latest consensus state: current_term: 1 leader_uuid: "fe977bac0b6f4cccaaa6245ae9a7047e" committed_config { opid_index: -1 OBSOLETE_local: true peers { permanent_uuid: "fe977bac0b6f4cccaaa6245ae9a7047e" member_type: VOTER } }
I0110 22:35:43.335191 550 sys_catalog.cc:342] T 00000000000000000000000000000000 P fe977bac0b6f4cccaaa6245ae9a7047e [sys.catalog]: This master's current role is: LEADER
I0110 22:35:43.336369 553 catalog_manager.cc:1089] Loading table and tablet metadata into memory...
I0110 22:35:43.350765 553 catalog_manager.cc:1100] Initializing Kudu internal certificate authority...
W0110 22:35:43.910882 534 thread.cc:617] rpc reactor (reactor) Time spent creating pthread: real 0.988s user 0.000s sys 0.002s
W0110 22:35:43.911144 534 thread.cc:584] rpc reactor (reactor) Time spent starting thread: real 0.989s user 0.001s sys 0.002s
I0110 22:35:44.158177 553 catalog_manager.cc:984] Generated new certificate authority record
I0110 22:35:44.161617 553 catalog_manager.cc:1109] Loading token signing keys...
I0110 22:35:44.176846 534 env_posix.cc:1682] Not raising this process' running threads per effective uid limit of 18446744073709551615; it is already as high as it can go
I0110 22:35:44.182736 534 ts_tablet_manager.cc:394] Loaded tablet metadata (0 total tablets, 0 live tablets)
I0110 22:35:44.182920 534 ts_tablet_manager.cc:414] Registered 0 tablets
I0110 22:35:44.182909 553 catalog_manager.cc:4455] T 00000000000000000000000000000000 P fe977bac0b6f4cccaaa6245ae9a7047e: Generated new TSK 0
I0110 22:35:44.183815 553 catalog_manager.cc:1119] Initializing in-progress tserver states...
I0110 22:35:44.508661 534 rpc_server.cc:211] RPC server started. Bound to: 127.0.115.129:42925
I0110 22:35:44.512140 534 webserver.cc:382] Webserver started at http://127.0.115.129:38393/ using document root and password file
I0110 22:35:44.513058 534 server_base.cc:628] Dumped server information to /tmp/dist-test-tasklK1NQQ/test-tmp/client_failover-itest.0.ClientFailoverITest.TestClusterCrashDuringWorkload.1578695741089585-462/minicluster-data/ts-0/data/info.pb
I0110 22:35:44.520869 462 external_mini_cluster.cc:1105] Started /tmp/dist-test-tasklK1NQQ/build/tsan/bin/kudu-tserver as pid 534
I0110 22:35:44.572469 668 heartbeater.cc:322] Connected to a master server at 127.0.115.190:34625
I0110 22:35:44.572904 668 heartbeater.cc:406] Registering TS with master...
I0110 22:35:44.573827 668 heartbeater.cc:455] Master 127.0.115.190:34625 requested a full tablet report, sending...
I0110 22:35:44.578033 500 ts_manager.cc:192] Registered new tserver with Master: c1d680f550724b7c93db4804b4fae356 (127.0.115.129:42925)
I0110 22:35:44.579885 462 external_mini_cluster.cc:721] 1 TS(s) registered with all masters
I0110 22:35:44.580952 500 master_service.cc:351] Signed X509 certificate for tserver {username='slave'} at 127.0.115.129:36415
I0110 22:35:45.388168 462 test_util.cc:229] Using random seed: -1088635360
I0110 22:35:45.399993 678 threadpool.cc:641] Releasing worker thread from pool client-negotiator after 500ms of idle time.
I0110 22:35:45.415566 462 thread.cc:642] Started thread 680 - reactor:rpc reactor
I0110 22:35:45.415941 678 thread.cc:693] Ended thread 678 - thread pool:client-negotiator [worker]
I0110 22:35:45.416962 462 thread.cc:642] Started thread 681 - reactor:rpc reactor
I0110 22:35:45.418937 462 thread.cc:642] Started thread 682 - reactor:rpc reactor
I0110 22:35:45.419956 462 thread.cc:642] Started thread 683 - reactor:rpc reactor
I0110 22:35:45.420339 462 cache.cc:541] Will use 4 shards for recency list cache.
I0110 22:35:45.420719 462 ttl_cache.h:134] constructed TTL cache 'ttl-cache' with capacity of 1048576
I0110 22:35:45.421152 462 net_util.cc:204] resolved address 127.0.115.190:34625 for host/port 127.0.115.190:34625
I0110 22:35:45.421782 462 reactor.cc:897] client_R001: queueing outbound call RPC call kudu.master.MasterService.ConnectToMaster -> {remote=127.0.115.190:34625, user_credentials={real_user=slave}} to remote 127.0.115.190:34625
I0110 22:35:45.422236 681 reactor.cc:562] client_R001 FindOrStartConnection: creating new connection for 127.0.115.190:34625
I0110 22:35:45.422576 681 reactor.cc:669] StartConnect: connect in progress for 127.0.115.190:34625
I0110 22:35:45.425843 681 thread.cc:642] Started thread 685 - thread pool:client-negotiator [worker]
I0110 22:35:45.426259 681 outbound_call.cc:212] OutboundCall 0x7b5000002800 (RPC call kudu.master.MasterService.ConnectToMaster -> {remote=127.0.115.190:34625, user_credentials={real_user=slave}}) switching from READY to ON_OUTBOUND_QUEUE
I0110 22:35:45.426780 681 connection.cc:342] Queueing transfer: \x00\x00\x0075\x18\x012,\x0a\x19kudu.master.MasterService\x12\x0fConnectToMasterP\x8fNX\x03\x00
I0110 22:35:45.434231 681 connection.cc:746] client connection to 127.0.115.190:34625: writeHandler: revents = 2
I0110 22:35:45.434501 681 outbound_call.cc:212] OutboundCall 0x7b5000002800 (RPC call kudu.master.MasterService.ConnectToMaster -> {remote=127.0.115.190:34625, user_credentials={real_user=slave}}) switching from ON_OUTBOUND_QUEUE to SENDING
I0110 22:35:45.434774 681 outbound_call.cc:212] OutboundCall 0x7b5000002800 (RPC call kudu.master.MasterService.ConnectToMaster -> {remote=127.0.115.190:34625, user_credentials={real_user=slave}}) switching from SENDING to SENT
I0110 22:35:45.436127 681 connection.cc:638] client connection to 127.0.115.190:34625 ReadHandler(revents=1)
I0110 22:35:45.436364 681 connection.cc:664] client connection to 127.0.115.190:34625: finished reading 591 bytes
I0110 22:35:45.436655 681 outbound_call.cc:212] OutboundCall 0x7b5000002800 (RPC call kudu.master.MasterService.ConnectToMaster -> {remote=127.0.115.190:34625, user_credentials={real_user=slave}}) switching from SENT to FINISHED_SUCCESS
I0110 22:35:45.437126 681 tls_context.cc:262] Trusting certificate CN = kudu-ipki-ca
I0110 22:35:45.437469 681 client-internal.cc:612] Received and adopted authn token
I0110 22:35:45.438024 462 client-internal.cc:418] Considering host dist-test-slave-dist-test-slave-nntq local
I0110 22:35:45.438318 462 net_util.cc:204] resolved address 172.17.0.2:0 for host/port dist-test-slave-dist-test-slave-nntq:0
I0110 22:35:45.438611 462 client-internal.cc:431] Considering host 172.17.0.2 local
I0110 22:35:45.439224 462 reactor.cc:897] client_R001: queueing outbound call RPC call kudu.master.MasterService.GetTableSchema -> {remote=127.0.115.190:34625, user_credentials={real_user=slave}} to remote 127.0.115.190:34625
I0110 22:35:45.439635 681 outbound_call.cc:212] OutboundCall 0x7b5000002a00 (RPC call kudu.master.MasterService.GetTableSchema -> {remote=127.0.115.190:34625, user_credentials={real_user=slave}}) switching from READY to ON_OUTBOUND_QUEUE
I0110 22:35:45.439893 681 connection.cc:342] Queueing transfer: \x00\x00\x00E2\x18\x022+\x0a\x19kudu.master.MasterService\x12\x0eGetTableSchemaP\x8fN\x11\x0a\x0f\x12\x0dtest-workload
I0110 22:35:45.440075 681 connection.cc:746] client connection to 127.0.115.190:34625: writeHandler: revents = 2
I0110 22:35:45.440212 681 outbound_call.cc:212] OutboundCall 0x7b5000002a00 (RPC call kudu.master.MasterService.GetTableSchema -> {remote=127.0.115.190:34625, user_credentials={real_user=slave}}) switching from ON_OUTBOUND_QUEUE to SENDING
I0110 22:35:45.440475 681 outbound_call.cc:212] OutboundCall 0x7b5000002a00 (RPC call kudu.master.MasterService.GetTableSchema -> {remote=127.0.115.190:34625, user_credentials={real_user=slave}}) switching from SENDING to SENT
I0110 22:35:45.453397 681 connection.cc:638] client connection to 127.0.115.190:34625 ReadHandler(revents=1)
I0110 22:35:45.453625 681 connection.cc:664] client connection to 127.0.115.190:34625: finished reading 73 bytes
I0110 22:35:45.454006 681 outbound_call.cc:212] OutboundCall 0x7b5000002a00 (RPC call kudu.master.MasterService.GetTableSchema -> {remote=127.0.115.190:34625, user_credentials={real_user=slave}}) switching from SENT to FINISHED_SUCCESS
I0110 22:35:45.456506 462 reactor.cc:897] client_R001: queueing outbound call RPC call kudu.master.MasterService.CreateTable -> {remote=127.0.115.190:34625, user_credentials={real_user=slave}} to remote 127.0.115.190:34625
I0110 22:35:45.456952 681 outbound_call.cc:212] OutboundCall 0x7b5000002a00 (RPC call kudu.master.MasterService.CreateTable -> {remote=127.0.115.190:34625, user_credentials={real_user=slave}}) switching from READY to ON_OUTBOUND_QUEUE
I0110 22:35:45.457221 681 connection.cc:342] Queueing transfer: \x00\x00\x00\x95/\x18\x032(\x0a\x19kudu.master.MasterService\x12\x0bCreateTableP\x8fNd\x0a\x0dtest-workload\x12D\x0a\x11\x12\x03key\x18\x05\x20\x01(\x00@\x00H\x00P\x00\x0a\x15\x12\x07int_val\x18\x05\x20\x00(\x00@\x00H\x00P\x00\x0a\x18\x12\x0astring_val\x18\x08\x20\x00(\x01@\x00H\x00P\x00\x20\x012\x00:\x09\x12\x07\x0a\x05\x12\x03key
I0110 22:35:45.457489 681 connection.cc:746] client connection to 127.0.115.190:34625: writeHandler: revents = 2
I0110 22:35:45.457638 681 outbound_call.cc:212] OutboundCall 0x7b5000002a00 (RPC call kudu.master.MasterService.CreateTable -> {remote=127.0.115.190:34625, user_credentials={real_user=slave}}) switching from ON_OUTBOUND_QUEUE to SENDING
I0110 22:35:45.457887 681 outbound_call.cc:212] OutboundCall 0x7b5000002a00 (RPC call kudu.master.MasterService.CreateTable -> {remote=127.0.115.190:34625, user_credentials={real_user=slave}}) switching from SENDING to SENT
I0110 22:35:45.458967 500 catalog_manager.cc:1454] Servicing CreateTable request from {username='slave'} at 127.0.0.1:51194: name: "test-workload" schema { columns { name: "key" type: INT32 is_key: true is_nullable: false encoding: AUTO_ENCODING compression: DEFAULT_COMPRESSION cfile_block_size: 0 } columns { name: "int_val" type: INT32 is_key: false is_nullable: false encoding: AUTO_ENCODING compression: DEFAULT_COMPRESSION cfile_block_size: 0 } columns { name: "string_val" type: STRING is_key: false is_nullable: true encoding: AUTO_ENCODING compression: DEFAULT_COMPRESSION cfile_block_size: 0 } } num_replicas: 1 split_rows_range_bounds { } partition_schema { range_schema { columns { name: "key" } } }
I0110 22:35:45.473595 681 connection.cc:638] client connection to 127.0.115.190:34625 ReadHandler(revents=1)
I0110 22:35:45.473938 681 connection.cc:664] client connection to 127.0.115.190:34625: finished reading 44 bytes
I0110 22:35:45.474272 681 outbound_call.cc:212] OutboundCall 0x7b5000002a00 (RPC call kudu.master.MasterService.CreateTable -> {remote=127.0.115.190:34625, user_credentials={real_user=slave}}) switching from SENT to FINISHED_SUCCESS
I0110 22:35:45.475514 462 reactor.cc:897] client_R001: queueing outbound call RPC call kudu.master.MasterService.IsCreateTableDone -> {remote=127.0.115.190:34625, user_credentials={real_user=slave}} to remote 127.0.115.190:34625
I0110 22:35:45.475956 681 outbound_call.cc:212] OutboundCall 0x7b5000002a00 (RPC call kudu.master.MasterService.IsCreateTableDone -> {remote=127.0.115.190:34625, user_credentials={real_user=slave}}) switching from READY to ON_OUTBOUND_QUEUE
I0110 22:35:45.477737 681 connection.cc:342] Queueing transfer: \x00\x00\x00[5\x18\x042.\x0a\x19kudu.master.MasterService\x12\x11IsCreateTableDoneP\x8fN$\x0a"\x0a\x207e9e4137de7940ce9e23ddc965ca0748
I0110 22:35:45.477978 681 connection.cc:746] client connection to 127.0.115.190:34625: writeHandler: revents = 2
I0110 22:35:45.478142 681 outbound_call.cc:212] OutboundCall 0x7b5000002a00 (RPC call kudu.master.MasterService.IsCreateTableDone -> {remote=127.0.115.190:34625, user_credentials={real_user=slave}}) switching from ON_OUTBOUND_QUEUE to SENDING
I0110 22:35:45.478473 681 outbound_call.cc:212] OutboundCall 0x7b5000002a00 (RPC call kudu.master.MasterService.IsCreateTableDone -> {remote=127.0.115.190:34625, user_credentials={real_user=slave}}) switching from SENDING to SENT
I0110 22:35:45.479758 681 connection.cc:638] client connection to 127.0.115.190:34625 ReadHandler(revents=1)
I0110 22:35:45.480042 681 connection.cc:664] client connection to 127.0.115.190:34625: finished reading 12 bytes
I0110 22:35:45.480335 681 outbound_call.cc:212] OutboundCall 0x7b5000002a00 (RPC call kudu.master.MasterService.IsCreateTableDone -> {remote=127.0.115.190:34625, user_credentials={real_user=slave}}) switching from SENT to FINISHED_SUCCESS
I0110 22:35:45.480955 462 client-internal.cc:141] Waiting on Create Table to be completed status=OK
I0110 22:35:45.481101 462 client-internal.cc:155] Waiting for 1.25 ms before retrying...
I0110 22:35:45.483016 462 reactor.cc:897] client_R001: queueing outbound call RPC call kudu.master.MasterService.IsCreateTableDone -> {remote=127.0.115.190:34625, user_credentials={real_user=slave}} to remote 127.0.115.190:34625
I0110 22:35:45.483559 681 outbound_call.cc:212] OutboundCall 0x7b5000002a00 (RPC call kudu.master.MasterService.IsCreateTableDone -> {remote=127.0.115.190:34625, user_credentials={real_user=slave}}) switching from READY to ON_OUTBOUND_QUEUE
I0110 22:35:45.484309 681 connection.cc:342] Queueing transfer: \x00\x00\x00[5\x18\x052.\x0a\x19kudu.master.MasterService\x12\x11IsCreateTableDoneP\x8fN$\x0a"\x0a\x207e9e4137de7940ce9e23ddc965ca0748
I0110 22:35:45.484628 681 connection.cc:746] client connection to 127.0.115.190:34625: writeHandler: revents = 2
I0110 22:35:45.484899 681 outbound_call.cc:212] OutboundCall 0x7b5000002a00 (RPC call kudu.master.MasterService.IsCreateTableDone -> {remote=127.0.115.190:34625, user_credentials={real_user=slave}}) switching from ON_OUTBOUND_QUEUE to SENDING
I0110 22:35:45.486238 681 outbound_call.cc:212] OutboundCall 0x7b5000002a00 (RPC call kudu.master.MasterService.IsCreateTableDone -> {remote=127.0.115.190:34625, user_credentials={real_user=slave}}) switching from SENDING to SENT
I0110 22:35:45.487334 681 connection.cc:638] client connection to 127.0.115.190:34625 ReadHandler(revents=1)
I0110 22:35:45.487510 681 connection.cc:664] client connection to 127.0.115.190:34625: finished reading 12 bytes
I0110 22:35:45.487713 681 outbound_call.cc:212] OutboundCall 0x7b5000002a00 (RPC call kudu.master.MasterService.IsCreateTableDone -> {remote=127.0.115.190:34625, user_credentials={real_user=slave}}) switching from SENT to FINISHED_SUCCESS
I0110 22:35:45.488186 462 client-internal.cc:141] Waiting on Create Table to be completed status=OK
I0110 22:35:45.488404 462 client-internal.cc:155] Waiting for 1.56 ms before retrying...
I0110 22:35:45.490481 462 reactor.cc:897] client_R001: queueing outbound call RPC call kudu.master.MasterService.IsCreateTableDone -> {remote=127.0.115.190:34625, user_credentials={real_user=slave}} to remote 127.0.115.190:34625
I0110 22:35:45.490996 681 outbound_call.cc:212] OutboundCall 0x7b5000002a00 (RPC call kudu.master.MasterService.IsCreateTableDone -> {remote=127.0.115.190:34625, user_credentials={real_user=slave}}) switching from READY to ON_OUTBOUND_QUEUE
I0110 22:35:45.491389 681 connection.cc:342] Queueing transfer: \x00\x00\x00[5\x18\x062.\x0a\x19kudu.master.MasterService\x12\x11IsCreateTableDoneP\x8fN$\x0a"\x0a\x207e9e4137de7940ce9e23ddc965ca0748
I0110 22:35:45.491675 681 connection.cc:746] client connection to 127.0.115.190:34625: writeHandler: revents = 2
I0110 22:35:45.491906 681 outbound_call.cc:212] OutboundCall 0x7b5000002a00 (RPC call kudu.master.MasterService.IsCreateTableDone -> {remote=127.0.115.190:34625, user_credentials={real_user=slave}}) switching from ON_OUTBOUND_QUEUE to SENDING
I0110 22:35:45.492249 681 outbound_call.cc:212] OutboundCall 0x7b5000002a00 (RPC call kudu.master.MasterService.IsCreateTableDone -> {remote=127.0.115.190:34625, user_credentials={real_user=slave}}) switching from SENDING to SENT
I0110 22:35:45.493278 681 connection.cc:638] client connection to 127.0.115.190:34625 ReadHandler(revents=1)
I0110 22:35:45.493505 681 connection.cc:664] client connection to 127.0.115.190:34625: finished reading 12 bytes
I0110 22:35:45.493758 681 outbound_call.cc:212] OutboundCall 0x7b5000002a00 (RPC call kudu.master.MasterService.IsCreateTableDone -> {remote=127.0.115.190:34625, user_credentials={real_user=slave}}) switching from SENT to FINISHED_SUCCESS
I0110 22:35:45.494230 462 client-internal.cc:141] Waiting on Create Table to be completed status=OK
I0110 22:35:45.494431 462 client-internal.cc:155] Waiting for 1.95 ms before retrying...
I0110 22:35:45.496872 462 reactor.cc:897] client_R001: queueing outbound call RPC call kudu.master.MasterService.IsCreateTableDone -> {remote=127.0.115.190:34625, user_credentials={real_user=slave}} to remote 127.0.115.190:34625
I0110 22:35:45.497328 681 outbound_call.cc:212] OutboundCall 0x7b5000002a00 (RPC call kudu.master.MasterService.IsCreateTableDone -> {remote=127.0.115.190:34625, user_credentials={real_user=slave}}) switching from READY to ON_OUTBOUND_QUEUE
I0110 22:35:45.497699 681 connection.cc:342] Queueing transfer: \x00\x00\x00[5\x18\x072.\x0a\x19kudu.master.MasterService\x12\x11IsCreateTableDoneP\x8fN$\x0a"\x0a\x207e9e4137de7940ce9e23ddc965ca0748
I0110 22:35:45.497963 681 connection.cc:746] client connection to 127.0.115.190:34625: writeHandler: revents = 2
I0110 22:35:45.498167 681 outbound_call.cc:212] OutboundCall 0x7b5000002a00 (RPC call kudu.master.MasterService.IsCreateTableDone -> {remote=127.0.115.190:34625, user_credentials={real_user=slave}}) switching from ON_OUTBOUND_QUEUE to SENDING
I0110 22:35:45.498538 681 outbound_call.cc:212] OutboundCall 0x7b5000002a00 (RPC call kudu.master.MasterService.IsCreateTableDone -> {remote=127.0.115.190:34625, user_credentials={real_user=slave}}) switching from SENDING to SENT
I0110 22:35:45.500840 681 connection.cc:638] client connection to 127.0.115.190:34625 ReadHandler(revents=1)
I0110 22:35:45.501086 681 connection.cc:664] client connection to 127.0.115.190:34625: finished reading 12 bytes
I0110 22:35:45.500878 605 tablet_service.cc:1046] Processing CreateTablet for tablet e2eec0c9b766478ca568b8ccb01f7685 (table=test-workload [id=7e9e4137de7940ce9e23ddc965ca0748]), partition=RANGE (key) PARTITION UNBOUNDED
I0110 22:35:45.501344 681 outbound_call.cc:212] OutboundCall 0x7b5000002a00 (RPC call kudu.master.MasterService.IsCreateTableDone -> {remote=127.0.115.190:34625, user_credentials={real_user=slave}}) switching from SENT to FINISHED_SUCCESS
I0110 22:35:45.501865 462 client-internal.cc:141] Waiting on Create Table to be completed status=OK
I0110 22:35:45.501993 462 client-internal.cc:155] Waiting for 2.44 ms before retrying...
I0110 22:35:45.502202 605 data_dirs.cc:394] Could only allocate 1 dirs of requested 3 for tablet e2eec0c9b766478ca568b8ccb01f7685. 1 dirs total, 0 dirs full, 0 dirs failed
I0110 22:35:45.504874 462 reactor.cc:897] client_R001: queueing outbound call RPC call kudu.master.MasterService.IsCreateTableDone -> {remote=127.0.115.190:34625, user_credentials={real_user=slave}} to remote 127.0.115.190:34625
I0110 22:35:45.505391 681 outbound_call.cc:212] OutboundCall 0x7b5000002a00 (RPC call kudu.master.MasterService.IsCreateTableDone -> {remote=127.0.115.190:34625, user_credentials={real_user=slave}}) switching from READY to ON_OUTBOUND_QUEUE
I0110 22:35:45.505946 681 connection.cc:342] Queueing transfer: \x00\x00\x00[5\x18\x082.\x0a\x19kudu.master.MasterService\x12\x11IsCreateTableDoneP\x8fN$\x0a"\x0a\x207e9e4137de7940ce9e23ddc965ca0748
I0110 22:35:45.506230 681 connection.cc:746] client connection to 127.0.115.190:34625: writeHandler: revents = 2
I0110 22:35:45.506496 681 outbound_call.cc:212] OutboundCall 0x7b5000002a00 (RPC call kudu.master.MasterService.IsCreateTableDone -> {remote=127.0.115.190:34625, user_credentials={real_user=slave}}) switching from ON_OUTBOUND_QUEUE to SENDING
I0110 22:35:45.506873 681 outbound_call.cc:212] OutboundCall 0x7b5000002a00 (RPC call kudu.master.MasterService.IsCreateTableDone -> {remote=127.0.115.190:34625, user_credentials={real_user=slave}}) switching from SENDING to SENT
I0110 22:35:45.507953 681 connection.cc:638] client connection to 127.0.115.190:34625 ReadHandler(revents=1)
I0110 22:35:45.508183 681 connection.cc:664] client connection to 127.0.115.190:34625: finished reading 12 bytes
I0110 22:35:45.508455 681 outbound_call.cc:212] OutboundCall 0x7b5000002a00 (RPC call kudu.master.MasterService.IsCreateTableDone -> {remote=127.0.115.190:34625, user_credentials={real_user=slave}}) switching from SENT to FINISHED_SUCCESS
I0110 22:35:45.508986 462 client-internal.cc:141] Waiting on Create Table to be completed status=OK
I0110 22:35:45.509114 462 client-internal.cc:155] Waiting for 3.05 ms before retrying...
I0110 22:35:45.512606 462 reactor.cc:897] client_R001: queueing outbound call RPC call kudu.master.MasterService.IsCreateTableDone -> {remote=127.0.115.190:34625, user_credentials={real_user=slave}} to remote 127.0.115.190:34625
I0110 22:35:45.513077 681 outbound_call.cc:212] OutboundCall 0x7b5000002a00 (RPC call kudu.master.MasterService.IsCreateTableDone -> {remote=127.0.115.190:34625, user_credentials={real_user=slave}}) switching from READY to ON_OUTBOUND_QUEUE
I0110 22:35:45.513445 681 connection.cc:342] Queueing transfer: \x00\x00\x00[5\x18\x092.\x0a\x19kudu.master.MasterService\x12\x11IsCreateTableDoneP\x8fN$\x0a"\x0a\x207e9e4137de7940ce9e23ddc965ca0748
I0110 22:35:45.513707 681 connection.cc:746] client connection to 127.0.115.190:34625: writeHandler: revents = 2
I0110 22:35:45.515007 681 outbound_call.cc:212] OutboundCall 0x7b5000002a00 (RPC call kudu.master.MasterService.IsCreateTableDone -> {remote=127.0.115.190:34625, user_credentials={real_user=slave}}) switching from ON_OUTBOUND_QUEUE to SENDING
I0110 22:35:45.515393 681 outbound_call.cc:212] OutboundCall 0x7b5000002a00 (RPC call kudu.master.MasterService.IsCreateTableDone -> {remote=127.0.115.190:34625, user_credentials={real_user=slave}}) switching from SENDING to SENT
I0110 22:35:45.516487 681 connection.cc:638] client connection to 127.0.115.190:34625 ReadHandler(revents=1)
I0110 22:35:45.516727 681 connection.cc:664] client connection to 127.0.115.190:34625: finished reading 12 bytes
I0110 22:35:45.516988 681 outbound_call.cc:212] OutboundCall 0x7b5000002a00 (RPC call kudu.master.MasterService.IsCreateTableDone -> {remote=127.0.115.190:34625, user_credentials={real_user=slave}}) switching from SENT to FINISHED_SUCCESS
I0110 22:35:45.517534 462 client-internal.cc:141] Waiting on Create Table to be completed status=OK
I0110 22:35:45.517665 462 client-internal.cc:155] Waiting for 3.81 ms before retrying...
I0110 22:35:45.521935 462 reactor.cc:897] client_R001: queueing outbound call RPC call kudu.master.MasterService.IsCreateTableDone -> {remote=127.0.115.190:34625, user_credentials={real_user=slave}} to remote 127.0.115.190:34625
I0110 22:35:45.522389 681 outbound_call.cc:212] OutboundCall 0x7b5000002a00 (RPC call kudu.master.MasterService.IsCreateTableDone -> {remote=127.0.115.190:34625, user_credentials={real_user=slave}}) switching from READY to ON_OUTBOUND_QUEUE
I0110 22:35:45.522688 681 connection.cc:342] Queueing transfer: \x00\x00\x00[5\x18\x0a2.\x0a\x19kudu.master.MasterService\x12\x11IsCreateTableDoneP\x8fN$\x0a"\x0a\x207e9e4137de7940ce9e23ddc965ca0748
I0110 22:35:45.522960 681 connection.cc:746] client connection to 127.0.115.190:34625: writeHandler: revents = 2
I0110 22:35:45.523058 692 tablet_bootstrap.cc:438] T e2eec0c9b766478ca568b8ccb01f7685 P c1d680f550724b7c93db4804b4fae356: Bootstrap starting.
I0110 22:35:45.523150 681 outbound_call.cc:212] OutboundCall 0x7b5000002a00 (RPC call kudu.master.MasterService.IsCreateTableDone -> {remote=127.0.115.190:34625, user_credentials={real_user=slave}}) switching from ON_OUTBOUND_QUEUE to SENDING
I0110 22:35:45.523489 681 outbound_call.cc:212] OutboundCall 0x7b5000002a00 (RPC call kudu.master.MasterService.IsCreateTableDone -> {remote=127.0.115.190:34625, user_credentials={real_user=slave}}) switching from SENDING to SENT
I0110 22:35:45.524781 681 connection.cc:638] client connection to 127.0.115.190:34625 ReadHandler(revents=1)
I0110 22:35:45.525007 681 connection.cc:664] client connection to 127.0.115.190:34625: finished reading 12 bytes
I0110 22:35:45.525211 681 outbound_call.cc:212] OutboundCall 0x7b5000002a00 (RPC call kudu.master.MasterService.IsCreateTableDone -> {remote=127.0.115.190:34625, user_credentials={real_user=slave}}) switching from SENT to FINISHED_SUCCESS
I0110 22:35:45.525692 462 client-internal.cc:141] Waiting on Create Table to be completed status=OK
I0110 22:35:45.525873 462 client-internal.cc:155] Waiting for 4.77 ms before retrying...
I0110 22:35:45.528581 692 tablet_bootstrap.cc:590] T e2eec0c9b766478ca568b8ccb01f7685 P c1d680f550724b7c93db4804b4fae356: No blocks or log segments found. Creating new log.
I0110 22:35:45.531118 692 log.cc:815] T e2eec0c9b766478ca568b8ccb01f7685 P c1d680f550724b7c93db4804b4fae356: Log is configured to *not* fsync() on all Append() calls
I0110 22:35:45.531169 462 reactor.cc:897] client_R001: queueing outbound call RPC call kudu.master.MasterService.IsCreateTableDone -> {remote=127.0.115.190:34625, user_credentials={real_user=slave}} to remote 127.0.115.190:34625
I0110 22:35:45.531666 681 outbound_call.cc:212] OutboundCall 0x7b5000002a00 (RPC call kudu.master.MasterService.IsCreateTableDone -> {remote=127.0.115.190:34625, user_credentials={real_user=slave}}) switching from READY to ON_OUTBOUND_QUEUE
I0110 22:35:45.531987 681 connection.cc:342] Queueing transfer: \x00\x00\x00[5\x18\x0b2.\x0a\x19kudu.master.MasterService\x12\x11IsCreateTableDoneP\x8fN$\x0a"\x0a\x207e9e4137de7940ce9e23ddc965ca0748
I0110 22:35:45.532253 681 connection.cc:746] client connection to 127.0.115.190:34625: writeHandler: revents = 2
I0110 22:35:45.532452 681 outbound_call.cc:212] OutboundCall 0x7b5000002a00 (RPC call kudu.master.MasterService.IsCreateTableDone -> {remote=127.0.115.190:34625, user_credentials={real_user=slave}}) switching from ON_OUTBOUND_QUEUE to SENDING
I0110 22:35:45.532797 681 outbound_call.cc:212] OutboundCall 0x7b5000002a00 (RPC call kudu.master.MasterService.IsCreateTableDone -> {remote=127.0.115.190:34625, user_credentials={real_user=slave}}) switching from SENDING to SENT
I0110 22:35:45.534723 681 connection.cc:638] client connection to 127.0.115.190:34625 ReadHandler(revents=1)
I0110 22:35:45.534966 681 connection.cc:664] client connection to 127.0.115.190:34625: finished reading 12 bytes
I0110 22:35:45.535049 692 tablet_bootstrap.cc:438] T e2eec0c9b766478ca568b8ccb01f7685 P c1d680f550724b7c93db4804b4fae356: No bootstrap required, opened a new log
I0110 22:35:45.535228 681 outbound_call.cc:212] OutboundCall 0x7b5000002a00 (RPC call kudu.master.MasterService.IsCreateTableDone -> {remote=127.0.115.190:34625, user_credentials={real_user=slave}}) switching from SENT to FINISHED_SUCCESS
I0110 22:35:45.535471 692 ts_tablet_manager.cc:1104] T e2eec0c9b766478ca568b8ccb01f7685 P c1d680f550724b7c93db4804b4fae356: Time spent bootstrapping tablet: real 0.013s user 0.007s sys 0.004s
I0110 22:35:45.535786 462 client-internal.cc:141] Waiting on Create Table to be completed status=OK
I0110 22:35:45.536018 462 client-internal.cc:155] Waiting for 5.96 ms before retrying...
I0110 22:35:45.542559 462 reactor.cc:897] client_R001: queueing outbound call RPC call kudu.master.MasterService.IsCreateTableDone -> {remote=127.0.115.190:34625, user_credentials={real_user=slave}} to remote 127.0.115.190:34625
