W0110 22:36:14.407080 1122 rpcz_store.cc:253] Call kudu.consensus.ConsensusService.RequestConsensusVote from 127.0.115.130:57733 (request call id 37) took 598 ms (598 ms). Client timeout 752 ms (752 ms)
I0110 22:36:14.407142 1290 raft_consensus.cc:501] T 492ad3c286b1460db7471b6b0d1406e0 P 230bae04bca94f7989168f2ce71830fd [term 16 FOLLOWER]: Starting pre-election with config: opid_index: -1 OBSOLETE_local: false peers { permanent_uuid: "191329c76027490f84db7a96fd5372b6" member_type: VOTER last_known_addr { host: "127.0.115.130" port: 35585 } } peers { permanent_uuid: "230bae04bca94f7989168f2ce71830fd" member_type: VOTER last_known_addr { host: "127.0.115.131" port: 34875 } } peers { permanent_uuid: "8c1e2674152e42d58837cd7e6ce22257" member_type: VOTER last_known_addr { host: "127.0.115.129" port: 41757 } }
W0110 22:36:14.408049 1122 rpcz_store.cc:259] Trace: 0110 22:36:13.808196 (+ 0us) service_pool.cc:162] Inserting onto call queue 0110 22:36:13.808331 (+ 135us) service_pool.cc:221] Handling call 0110 22:36:14.406915 (+598584us) spinlock_profiling.cc:244] Waited 597 ms on lock 0x7b50000712ac. stack: 00007fefad7f7bb3 00007fefad7f7ab0 00007fefad09f584 00007fefb6368694 00007fefb6368629 00007fefb4c90231 00007fefb4d01e15 00007fefb63e2b92 00007fefb0005e34 00007fefb0005d8d 00007fefb0005cac 00007fefb0005c1c 00007fefb0004c72 00007fefaf5fb76c 00007fefaf5fac46 00007fefaf5fa6db 0110 22:36:14.407031 (+ 116us) inbound_call.cc:162] Queueing success response Metrics: {"spinlock_wait_cycles":1373595904}
I0110 22:36:14.408687 868 tablet_service.cc:1319] Received RequestConsensusVote() RPC: tablet_id: "492ad3c286b1460db7471b6b0d1406e0" candidate_uuid: "230bae04bca94f7989168f2ce71830fd" candidate_term: 16 candidate_status { last_received { term: 0 index: 0 } } ignore_live_leader: false dest_uuid: "8c1e2674152e42d58837cd7e6ce22257"
I0110 22:36:14.408915 1120 tablet_service.cc:1319] Received RequestConsensusVote() RPC: tablet_id: "492ad3c286b1460db7471b6b0d1406e0" candidate_uuid: "8c1e2674152e42d58837cd7e6ce22257" candidate_term: 17 candidate_status { last_received { term: 0 index: 0 } } ignore_live_leader: false dest_uuid: "230bae04bca94f7989168f2ce71830fd" is_pre_election: true
I0110 22:36:14.408947 1121 tablet_service.cc:1319] Received RequestConsensusVote() RPC: tablet_id: "492ad3c286b1460db7471b6b0d1406e0" candidate_uuid: "8c1e2674152e42d58837cd7e6ce22257" candidate_term: 16 candidate_status { last_received { term: 0 index: 0 } } ignore_live_leader: false dest_uuid: "230bae04bca94f7989168f2ce71830fd"
I0110 22:36:14.409294 868 raft_consensus.cc:2323] T 492ad3c286b1460db7471b6b0d1406e0 P 8c1e2674152e42d58837cd7e6ce22257 [term 16 FOLLOWER]: Leader election vote request: Denying vote to candidate 230bae04bca94f7989168f2ce71830fd in current term 16: Already voted for candidate 8c1e2674152e42d58837cd7e6ce22257 in this term.
I0110 22:36:14.409108 1290 leader_election.cc:293] T 492ad3c286b1460db7471b6b0d1406e0 P 230bae04bca94f7989168f2ce71830fd [CANDIDATE]: Term 17 pre-election: Requested pre-vote from peers 191329c76027490f84db7a96fd5372b6 (127.0.115.130:35585), 8c1e2674152e42d58837cd7e6ce22257 (127.0.115.129:41757)
I0110 22:36:14.409485 1120 raft_consensus.cc:2398] T 492ad3c286b1460db7471b6b0d1406e0 P 230bae04bca94f7989168f2ce71830fd [term 16 FOLLOWER]: Leader pre-election vote request: Granting yes vote for candidate 8c1e2674152e42d58837cd7e6ce22257 in term 16.
I0110 22:36:14.410326 925 leader_election.cc:307] T 492ad3c286b1460db7471b6b0d1406e0 P 191329c76027490f84db7a96fd5372b6 [CANDIDATE]: Term 16 pre-election: Election decided. Result: candidate lost. Election summary: received 3 responses out of 3 voters: 1 yes votes; 2 no votes. yes voters: 191329c76027490f84db7a96fd5372b6; no voters: 230bae04bca94f7989168f2ce71830fd, 8c1e2674152e42d58837cd7e6ce22257
I0110 22:36:14.410457 996 tablet_service.cc:1319] Received RequestConsensusVote() RPC: tablet_id: "492ad3c286b1460db7471b6b0d1406e0" candidate_uuid: "230bae04bca94f7989168f2ce71830fd" candidate_term: 16 candidate_status { last_received { term: 0 index: 0 } } ignore_live_leader: false dest_uuid: "191329c76027490f84db7a96fd5372b6"
I0110 22:36:14.410982 996 raft_consensus.cc:2951] T 492ad3c286b1460db7471b6b0d1406e0 P 191329c76027490f84db7a96fd5372b6 [term 15 FOLLOWER]: Advancing to term 16
I0110 22:36:14.412940 995 tablet_service.cc:1319] Received RequestConsensusVote() RPC: tablet_id: "492ad3c286b1460db7471b6b0d1406e0" candidate_uuid: "8c1e2674152e42d58837cd7e6ce22257" candidate_term: 16 candidate_status { last_received { term: 0 index: 0 } } ignore_live_leader: false dest_uuid: "191329c76027490f84db7a96fd5372b6"
I0110 22:36:14.414739 789 leader_election.cc:307] T 492ad3c286b1460db7471b6b0d1406e0 P 8c1e2674152e42d58837cd7e6ce22257 [CANDIDATE]: Term 17 pre-election: Election decided. Result: candidate won. Election summary: received 2 responses out of 3 voters: 2 yes votes; 0 no votes. yes voters: 230bae04bca94f7989168f2ce71830fd, 8c1e2674152e42d58837cd7e6ce22257; no voters:
I0110 22:36:14.414880 995 tablet_service.cc:1319] Received RequestConsensusVote() RPC: tablet_id: "492ad3c286b1460db7471b6b0d1406e0" candidate_uuid: "230bae04bca94f7989168f2ce71830fd" candidate_term: 17 candidate_status { last_received { term: 0 index: 0 } } ignore_live_leader: false dest_uuid: "191329c76027490f84db7a96fd5372b6" is_pre_election: true
I0110 22:36:14.416075 1273 raft_consensus.cc:2698] T 492ad3c286b1460db7471b6b0d1406e0 P 8c1e2674152e42d58837cd7e6ce22257 [term 16 FOLLOWER]: Leader pre-election won for term 17
I0110 22:36:14.416353 1273 raft_consensus.cc:479] T 492ad3c286b1460db7471b6b0d1406e0 P 8c1e2674152e42d58837cd7e6ce22257 [term 16 FOLLOWER]: Starting leader election (no leader contacted us within the election timeout)
I0110 22:36:14.416258 868 tablet_service.cc:1319] Received RequestConsensusVote() RPC: tablet_id: "492ad3c286b1460db7471b6b0d1406e0" candidate_uuid: "230bae04bca94f7989168f2ce71830fd" candidate_term: 17 candidate_status { last_received { term: 0 index: 0 } } ignore_live_leader: false dest_uuid: "8c1e2674152e42d58837cd7e6ce22257" is_pre_election: true
I0110 22:36:14.416455 995 tablet_service.cc:1319] Received RequestConsensusVote() RPC: tablet_id: "492ad3c286b1460db7471b6b0d1406e0" candidate_uuid: "8c1e2674152e42d58837cd7e6ce22257" candidate_term: 17 candidate_status { last_received { term: 0 index: 0 } } ignore_live_leader: false dest_uuid: "191329c76027490f84db7a96fd5372b6" is_pre_election: true
I0110 22:36:14.416622 1273 raft_consensus.cc:2951] T 492ad3c286b1460db7471b6b0d1406e0 P 8c1e2674152e42d58837cd7e6ce22257 [term 16 FOLLOWER]: Advancing to term 17
I0110 22:36:14.418009 789 leader_election.cc:307] T 492ad3c286b1460db7471b6b0d1406e0 P 8c1e2674152e42d58837cd7e6ce22257 [CANDIDATE]: Term 16 election: Election decided. Result: candidate lost. Election summary: received 3 responses out of 3 voters: 1 yes votes; 2 no votes. yes voters: 8c1e2674152e42d58837cd7e6ce22257; no voters: 191329c76027490f84db7a96fd5372b6, 230bae04bca94f7989168f2ce71830fd
I0110 22:36:14.684262 1290 raft_consensus.cc:479] T 492ad3c286b1460db7471b6b0d1406e0 P 230bae04bca94f7989168f2ce71830fd [term 16 FOLLOWER]: Starting pre-election (no leader contacted us within the election timeout)
I0110 22:36:14.684592 1290 raft_consensus.cc:501] T 492ad3c286b1460db7471b6b0d1406e0 P 230bae04bca94f7989168f2ce71830fd [term 16 FOLLOWER]: Starting pre-election with config: opid_index: -1 OBSOLETE_local: false peers { permanent_uuid: "191329c76027490f84db7a96fd5372b6" member_type: VOTER last_known_addr { host: "127.0.115.130" port: 35585 } } peers { permanent_uuid: "230bae04bca94f7989168f2ce71830fd" member_type: VOTER last_known_addr { host: "127.0.115.131" port: 34875 } } peers { permanent_uuid: "8c1e2674152e42d58837cd7e6ce22257" member_type: VOTER last_known_addr { host: "127.0.115.129" port: 41757 } }
I0110 22:36:14.685935 1290 leader_election.cc:293] T 492ad3c286b1460db7471b6b0d1406e0 P 230bae04bca94f7989168f2ce71830fd [CANDIDATE]: Term 17 pre-election: Requested pre-vote from peers 191329c76027490f84db7a96fd5372b6 (127.0.115.130:35585), 8c1e2674152e42d58837cd7e6ce22257 (127.0.115.129:41757)
I0110 22:36:14.686882 869 tablet_service.cc:1319] Received RequestConsensusVote() RPC: tablet_id: "492ad3c286b1460db7471b6b0d1406e0" candidate_uuid: "230bae04bca94f7989168f2ce71830fd" candidate_term: 17 candidate_status { last_received { term: 0 index: 0 } } ignore_live_leader: false dest_uuid: "8c1e2674152e42d58837cd7e6ce22257" is_pre_election: true
I0110 22:36:14.687041 995 tablet_service.cc:1319] Received RequestConsensusVote() RPC: tablet_id: "492ad3c286b1460db7471b6b0d1406e0" candidate_uuid: "230bae04bca94f7989168f2ce71830fd" candidate_term: 17 candidate_status { last_received { term: 0 index: 0 } } ignore_live_leader: false dest_uuid: "191329c76027490f84db7a96fd5372b6" is_pre_election: true
I0110 22:36:14.688160 1052 leader_election.cc:307] T 492ad3c286b1460db7471b6b0d1406e0 P 230bae04bca94f7989168f2ce71830fd [CANDIDATE]: Term 17 pre-election: Election decided. Result: candidate lost. Election summary: received 3 responses out of 3 voters: 1 yes votes; 2 no votes. yes voters: 230bae04bca94f7989168f2ce71830fd; no voters: 191329c76027490f84db7a96fd5372b6, 8c1e2674152e42d58837cd7e6ce22257
I0110 22:36:14.688900 1290 raft_consensus.cc:2646] T 492ad3c286b1460db7471b6b0d1406e0 P 230bae04bca94f7989168f2ce71830fd [term 16 FOLLOWER]: Leader pre-election lost for term 17. Reason: could not achieve majority
I0110 22:36:15.009423 1290 raft_consensus.cc:479] T 492ad3c286b1460db7471b6b0d1406e0 P 230bae04bca94f7989168f2ce71830fd [term 16 FOLLOWER]: Starting pre-election (no leader contacted us within the election timeout)
I0110 22:36:15.009790 1290 raft_consensus.cc:501] T 492ad3c286b1460db7471b6b0d1406e0 P 230bae04bca94f7989168f2ce71830fd [term 16 FOLLOWER]: Starting pre-election with config: opid_index: -1 OBSOLETE_local: false peers { permanent_uuid: "191329c76027490f84db7a96fd5372b6" member_type: VOTER last_known_addr { host: "127.0.115.130" port: 35585 } } peers { permanent_uuid: "230bae04bca94f7989168f2ce71830fd" member_type: VOTER last_known_addr { host: "127.0.115.131" port: 34875 } } peers { permanent_uuid: "8c1e2674152e42d58837cd7e6ce22257" member_type: VOTER last_known_addr { host: "127.0.115.129" port: 41757 } }
I0110 22:36:15.011103 1290 leader_election.cc:293] T 492ad3c286b1460db7471b6b0d1406e0 P 230bae04bca94f7989168f2ce71830fd [CANDIDATE]: Term 17 pre-election: Requested pre-vote from peers 191329c76027490f84db7a96fd5372b6 (127.0.115.130:35585), 8c1e2674152e42d58837cd7e6ce22257 (127.0.115.129:41757)
I0110 22:36:15.011883 995 tablet_service.cc:1319] Received RequestConsensusVote() RPC: tablet_id: "492ad3c286b1460db7471b6b0d1406e0" candidate_uuid: "230bae04bca94f7989168f2ce71830fd" candidate_term: 17 candidate_status { last_received { term: 0 index: 0 } } ignore_live_leader: false dest_uuid: "191329c76027490f84db7a96fd5372b6" is_pre_election: true
I0110 22:36:15.012151 869 tablet_service.cc:1319] Received RequestConsensusVote() RPC: tablet_id: "492ad3c286b1460db7471b6b0d1406e0" candidate_uuid: "230bae04bca94f7989168f2ce71830fd" candidate_term: 17 candidate_status { last_received { term: 0 index: 0 } } ignore_live_leader: false dest_uuid: "8c1e2674152e42d58837cd7e6ce22257" is_pre_election: true
I0110 22:36:15.013326 1053 leader_election.cc:307] T 492ad3c286b1460db7471b6b0d1406e0 P 230bae04bca94f7989168f2ce71830fd [CANDIDATE]: Term 17 pre-election: Election decided. Result: candidate lost. Election summary: received 3 responses out of 3 voters: 1 yes votes; 2 no votes. yes voters: 230bae04bca94f7989168f2ce71830fd; no voters: 191329c76027490f84db7a96fd5372b6, 8c1e2674152e42d58837cd7e6ce22257
I0110 22:36:15.013955 1290 raft_consensus.cc:2646] T 492ad3c286b1460db7471b6b0d1406e0 P 230bae04bca94f7989168f2ce71830fd [term 16 FOLLOWER]: Leader pre-election lost for term 17. Reason: could not achieve majority
W0110 22:36:15.045518 1052 leader_election.cc:339] T 492ad3c286b1460db7471b6b0d1406e0 P 230bae04bca94f7989168f2ce71830fd [CANDIDATE]: Term 16 election: RPC error from VoteRequest() call to peer 191329c76027490f84db7a96fd5372b6 (127.0.115.130:35585): Timed out: RequestConsensusVote RPC to 127.0.115.130:35585 timed out after 0.638s (SENT)
I0110 22:36:15.045827 1052 leader_election.cc:307] T 492ad3c286b1460db7471b6b0d1406e0 P 230bae04bca94f7989168f2ce71830fd [CANDIDATE]: Term 16 election: Election decided. Result: candidate lost. Election summary: received 3 responses out of 3 voters: 1 yes votes; 2 no votes. yes voters: 230bae04bca94f7989168f2ce71830fd; no voters: 191329c76027490f84db7a96fd5372b6, 8c1e2674152e42d58837cd7e6ce22257
I0110 22:36:15.047260 1290 raft_consensus.cc:2646] T 492ad3c286b1460db7471b6b0d1406e0 P 230bae04bca94f7989168f2ce71830fd [term 16 FOLLOWER]: Leader election lost for term 16. Reason: could not achieve majority
W0110 22:36:15.339517 1053 leader_election.cc:339] T 492ad3c286b1460db7471b6b0d1406e0 P 230bae04bca94f7989168f2ce71830fd [CANDIDATE]: Term 17 pre-election: RPC error from VoteRequest() call to peer 8c1e2674152e42d58837cd7e6ce22257 (127.0.115.129:41757): Timed out: RequestConsensusVote RPC to 127.0.115.129:41757 timed out after 0.928s (SENT)
I0110 22:36:15.339833 1053 leader_election.cc:307] T 492ad3c286b1460db7471b6b0d1406e0 P 230bae04bca94f7989168f2ce71830fd [CANDIDATE]: Term 17 pre-election: Election decided. Result: candidate lost. Election summary: received 3 responses out of 3 voters: 1 yes votes; 2 no votes. yes voters: 230bae04bca94f7989168f2ce71830fd; no voters: 191329c76027490f84db7a96fd5372b6, 8c1e2674152e42d58837cd7e6ce22257
I0110 22:36:15.341516 1290 raft_consensus.cc:2646] T 492ad3c286b1460db7471b6b0d1406e0 P 230bae04bca94f7989168f2ce71830fd [term 16 FOLLOWER]: Leader pre-election lost for term 17. Reason: could not achieve majority
W0110 22:36:15.505643 996 consensus_meta.cc:220] T 492ad3c286b1460db7471b6b0d1406e0 P 191329c76027490f84db7a96fd5372b6: Time spent flushing consensus metadata: real 1.094s user 0.005s sys 0.001s
W0110 22:36:15.505868 1273 consensus_meta.cc:220] T 492ad3c286b1460db7471b6b0d1406e0 P 8c1e2674152e42d58837cd7e6ce22257: Time spent flushing consensus metadata: real 1.089s user 0.004s sys 0.000s
I0110 22:36:15.505965 996 raft_consensus.cc:2398] T 492ad3c286b1460db7471b6b0d1406e0 P 191329c76027490f84db7a96fd5372b6 [term 16 FOLLOWER]: Leader election vote request: Granting yes vote for candidate 230bae04bca94f7989168f2ce71830fd in term 16.
I0110 22:36:15.506428 1294 raft_consensus.cc:479] T 492ad3c286b1460db7471b6b0d1406e0 P 191329c76027490f84db7a96fd5372b6 [term 16 FOLLOWER]: Starting pre-election (no leader contacted us within the election timeout)
W0110 22:36:15.506464 996 rpcz_store.cc:253] Call kudu.consensus.ConsensusService.RequestConsensusVote from 127.0.115.131:44179 (request call id 32) took 1099 ms (1.1 s). Client timeout 638 ms (638 ms)
W0110 22:36:15.507186 996 rpcz_store.cc:259] Trace: 0110 22:36:14.409723 (+ 0us) service_pool.cc:162] Inserting onto call queue 0110 22:36:14.410189 (+ 466us) service_pool.cc:221] Handling call 0110 22:36:15.506360 (+1096171us) inbound_call.cc:162] Queueing success response Metrics: {}
I0110 22:36:15.506835 1294 raft_consensus.cc:501] T 492ad3c286b1460db7471b6b0d1406e0 P 191329c76027490f84db7a96fd5372b6 [term 16 FOLLOWER]: Starting pre-election with config: opid_index: -1 OBSOLETE_local: false peers { permanent_uuid: "191329c76027490f84db7a96fd5372b6" member_type: VOTER last_known_addr { host: "127.0.115.130" port: 35585 } } peers { permanent_uuid: "230bae04bca94f7989168f2ce71830fd" member_type: VOTER last_known_addr { host: "127.0.115.131" port: 34875 } } peers { permanent_uuid: "8c1e2674152e42d58837cd7e6ce22257" member_type: VOTER last_known_addr { host: "127.0.115.129" port: 41757 } }
I0110 22:36:15.506359 1273 raft_consensus.cc:501] T 492ad3c286b1460db7471b6b0d1406e0 P 8c1e2674152e42d58837cd7e6ce22257 [term 17 FOLLOWER]: Starting leader election with config: opid_index: -1 OBSOLETE_local: false peers { permanent_uuid: "191329c76027490f84db7a96fd5372b6" member_type: VOTER last_known_addr { host: "127.0.115.130" port: 35585 } } peers { permanent_uuid: "230bae04bca94f7989168f2ce71830fd" member_type: VOTER last_known_addr { host: "127.0.115.131" port: 34875 } } peers { permanent_uuid: "8c1e2674152e42d58837cd7e6ce22257" member_type: VOTER last_known_addr { host: "127.0.115.129" port: 41757 } }
I0110 22:36:15.507819 1292 raft_consensus.cc:2646] T 492ad3c286b1460db7471b6b0d1406e0 P 191329c76027490f84db7a96fd5372b6 [term 16 FOLLOWER]: Leader pre-election lost for term 16. Reason: could not achieve majority
I0110 22:36:15.508800 1294 leader_election.cc:293] T 492ad3c286b1460db7471b6b0d1406e0 P 191329c76027490f84db7a96fd5372b6 [CANDIDATE]: Term 17 pre-election: Requested pre-vote from peers 230bae04bca94f7989168f2ce71830fd (127.0.115.131:34875), 8c1e2674152e42d58837cd7e6ce22257 (127.0.115.129:41757)
I0110 22:36:15.508569 1286 raft_consensus.cc:2646] T 492ad3c286b1460db7471b6b0d1406e0 P 8c1e2674152e42d58837cd7e6ce22257 [term 17 FOLLOWER]: Leader election lost for term 16. Reason: could not achieve majority
I0110 22:36:15.509418 1273 leader_election.cc:293] T 492ad3c286b1460db7471b6b0d1406e0 P 8c1e2674152e42d58837cd7e6ce22257 [CANDIDATE]: Term 17 election: Requested vote from peers 191329c76027490f84db7a96fd5372b6 (127.0.115.130:35585), 230bae04bca94f7989168f2ce71830fd (127.0.115.131:34875)
I0110 22:36:15.509603 1281 raft_consensus.cc:479] T 492ad3c286b1460db7471b6b0d1406e0 P 8c1e2674152e42d58837cd7e6ce22257 [term 17 FOLLOWER]: Starting pre-election (no leader contacted us within the election timeout)
I0110 22:36:15.510547 1281 raft_consensus.cc:501] T 492ad3c286b1460db7471b6b0d1406e0 P 8c1e2674152e42d58837cd7e6ce22257 [term 17 FOLLOWER]: Starting pre-election with config: opid_index: -1 OBSOLETE_local: false peers { permanent_uuid: "191329c76027490f84db7a96fd5372b6" member_type: VOTER last_known_addr { host: "127.0.115.130" port: 35585 } } peers { permanent_uuid: "230bae04bca94f7989168f2ce71830fd" member_type: VOTER last_known_addr { host: "127.0.115.131" port: 34875 } } peers { permanent_uuid: "8c1e2674152e42d58837cd7e6ce22257" member_type: VOTER last_known_addr { host: "127.0.115.129" port: 41757 } }
I0110 22:36:15.511528 868 raft_consensus.cc:2323] T 492ad3c286b1460db7471b6b0d1406e0 P 8c1e2674152e42d58837cd7e6ce22257 [term 17 FOLLOWER]: Leader pre-election vote request: Denying vote to candidate 230bae04bca94f7989168f2ce71830fd in current term 17: Already voted for candidate 8c1e2674152e42d58837cd7e6ce22257 in this term.
I0110 22:36:15.512100 869 tablet_service.cc:1319] Received RequestConsensusVote() RPC: tablet_id: "492ad3c286b1460db7471b6b0d1406e0" candidate_uuid: "191329c76027490f84db7a96fd5372b6" candidate_term: 17 candidate_status { last_received { term: 0 index: 0 } } ignore_live_leader: false dest_uuid: "8c1e2674152e42d58837cd7e6ce22257" is_pre_election: true
I0110 22:36:15.512104 1120 tablet_service.cc:1319] Received RequestConsensusVote() RPC: tablet_id: "492ad3c286b1460db7471b6b0d1406e0" candidate_uuid: "191329c76027490f84db7a96fd5372b6" candidate_term: 17 candidate_status { last_received { term: 0 index: 0 } } ignore_live_leader: false dest_uuid: "230bae04bca94f7989168f2ce71830fd" is_pre_election: true
I0110 22:36:15.512651 1120 raft_consensus.cc:2398] T 492ad3c286b1460db7471b6b0d1406e0 P 230bae04bca94f7989168f2ce71830fd [term 16 FOLLOWER]: Leader pre-election vote request: Granting yes vote for candidate 191329c76027490f84db7a96fd5372b6 in term 16.
I0110 22:36:15.512910 1121 tablet_service.cc:1319] Received RequestConsensusVote() RPC: tablet_id: "492ad3c286b1460db7471b6b0d1406e0" candidate_uuid: "8c1e2674152e42d58837cd7e6ce22257" candidate_term: 17 candidate_status { last_received { term: 0 index: 0 } } ignore_live_leader: false dest_uuid: "230bae04bca94f7989168f2ce71830fd"
I0110 22:36:15.513389 1121 raft_consensus.cc:2951] T 492ad3c286b1460db7471b6b0d1406e0 P 230bae04bca94f7989168f2ce71830fd [term 16 FOLLOWER]: Advancing to term 17
I0110 22:36:15.513725 925 leader_election.cc:307] T 492ad3c286b1460db7471b6b0d1406e0 P 191329c76027490f84db7a96fd5372b6 [CANDIDATE]: Term 17 pre-election: Election decided. Result: candidate won. Election summary: received 3 responses out of 3 voters: 2 yes votes; 1 no votes. yes voters: 191329c76027490f84db7a96fd5372b6, 230bae04bca94f7989168f2ce71830fd; no voters: 8c1e2674152e42d58837cd7e6ce22257
W0110 22:36:15.516240 868 rpcz_store.cc:253] Call kudu.consensus.ConsensusService.RequestConsensusVote from 127.0.115.131:45331 (request call id 33) took 1101 ms (1.1 s). Client timeout 928 ms (928 ms)
I0110 22:36:15.516284 996 tablet_service.cc:1319] Received RequestConsensusVote() RPC: tablet_id: "492ad3c286b1460db7471b6b0d1406e0" candidate_uuid: "8c1e2674152e42d58837cd7e6ce22257" candidate_term: 17 candidate_status { last_received { term: 0 index: 0 } } ignore_live_leader: false dest_uuid: "191329c76027490f84db7a96fd5372b6"
I0110 22:36:15.516484 1292 raft_consensus.cc:2698] T 492ad3c286b1460db7471b6b0d1406e0 P 191329c76027490f84db7a96fd5372b6 [term 16 FOLLOWER]: Leader pre-election won for term 17
I0110 22:36:15.516947 1292 raft_consensus.cc:479] T 492ad3c286b1460db7471b6b0d1406e0 P 191329c76027490f84db7a96fd5372b6 [term 16 FOLLOWER]: Starting leader election (no leader contacted us within the election timeout)
W0110 22:36:15.517089 868 rpcz_store.cc:259] Trace: 0110 22:36:14.414434 (+ 0us) service_pool.cc:162] Inserting onto call queue 0110 22:36:14.416031 (+ 1597us) service_pool.cc:221] Handling call 0110 22:36:15.516069 (+1100038us) spinlock_profiling.cc:244] Waited 1.09 s on lock 0x7b50000812ac. stack: 00007f989314dbb3 00007f989314dab0 00007f98929f5584 00007f989bcbe694 00007f989bcbe629 00007f989a5e6231 00007f989a657e15 00007f989bd38b92 00007f989595be34 00007f989595bd8d 00007f989595bcac 00007f989595bc1c 00007f989595ac72 00007f9894f5176c 00007f9894f50c46 00007f9894f506db 0110 22:36:15.516187 (+ 118us) inbound_call.cc:162] Queueing success response Metrics: {"spinlock_wait_cycles":2517690240}
I0110 22:36:15.517149 1281 leader_election.cc:293] T 492ad3c286b1460db7471b6b0d1406e0 P 8c1e2674152e42d58837cd7e6ce22257 [CANDIDATE]: Term 18 pre-election: Requested pre-vote from peers 191329c76027490f84db7a96fd5372b6 (127.0.115.130:35585), 230bae04bca94f7989168f2ce71830fd (127.0.115.131:34875)
I0110 22:36:15.517241 1292 raft_consensus.cc:2951] T 492ad3c286b1460db7471b6b0d1406e0 P 191329c76027490f84db7a96fd5372b6 [term 16 FOLLOWER]: Advancing to term 17
I0110 22:36:15.519001 995 tablet_service.cc:1319] Received RequestConsensusVote() RPC: tablet_id: "492ad3c286b1460db7471b6b0d1406e0" candidate_uuid: "8c1e2674152e42d58837cd7e6ce22257" candidate_term: 18 candidate_status { last_received { term: 0 index: 0 } } ignore_live_leader: false dest_uuid: "191329c76027490f84db7a96fd5372b6" is_pre_election: true
I0110 22:36:15.519156 1120 tablet_service.cc:1319] Received RequestConsensusVote() RPC: tablet_id: "492ad3c286b1460db7471b6b0d1406e0" candidate_uuid: "8c1e2674152e42d58837cd7e6ce22257" candidate_term: 18 candidate_status { last_received { term: 0 index: 0 } } ignore_live_leader: false dest_uuid: "230bae04bca94f7989168f2ce71830fd" is_pre_election: true
I0110 22:36:15.523466 789 leader_election.cc:307] T 492ad3c286b1460db7471b6b0d1406e0 P 8c1e2674152e42d58837cd7e6ce22257 [CANDIDATE]: Term 18 pre-election: Election decided. Result: candidate lost. Election summary: received 3 responses out of 3 voters: 1 yes votes; 2 no votes. yes voters: 8c1e2674152e42d58837cd7e6ce22257; no voters: 191329c76027490f84db7a96fd5372b6, 230bae04bca94f7989168f2ce71830fd
I0110 22:36:15.524535 1281 raft_consensus.cc:2646] T 492ad3c286b1460db7471b6b0d1406e0 P 8c1e2674152e42d58837cd7e6ce22257 [term 17 FOLLOWER]: Leader pre-election lost for term 18. Reason: could not achieve majority
W0110 22:36:15.704830 789 leader_election.cc:339] T 492ad3c286b1460db7471b6b0d1406e0 P 8c1e2674152e42d58837cd7e6ce22257 [CANDIDATE]: Term 17 election: RPC error from VoteRequest() call to peer 191329c76027490f84db7a96fd5372b6 (127.0.115.130:35585): Timed out: RequestConsensusVote RPC to 127.0.115.130:35585 timed out after 0.193s (SENT)
W0110 22:36:15.705390 789 leader_election.cc:339] T 492ad3c286b1460db7471b6b0d1406e0 P 8c1e2674152e42d58837cd7e6ce22257 [CANDIDATE]: Term 17 election: RPC error from VoteRequest() call to peer 230bae04bca94f7989168f2ce71830fd (127.0.115.131:34875): Timed out: RequestConsensusVote RPC to 127.0.115.131:34875 timed out after 0.193s (SENT)
I0110 22:36:15.705668 789 leader_election.cc:307] T 492ad3c286b1460db7471b6b0d1406e0 P 8c1e2674152e42d58837cd7e6ce22257 [CANDIDATE]: Term 17 election: Election decided. Result: candidate lost. Election summary: received 3 responses out of 3 voters: 1 yes votes; 2 no votes. yes voters: 8c1e2674152e42d58837cd7e6ce22257; no voters: 191329c76027490f84db7a96fd5372b6, 230bae04bca94f7989168f2ce71830fd
I0110 22:36:15.706439 1281 raft_consensus.cc:2646] T 492ad3c286b1460db7471b6b0d1406e0 P 8c1e2674152e42d58837cd7e6ce22257 [term 17 FOLLOWER]: Leader election lost for term 17. Reason: could not achieve majority
I0110 22:36:16.321749 1298 raft_consensus.cc:479] T 492ad3c286b1460db7471b6b0d1406e0 P 8c1e2674152e42d58837cd7e6ce22257 [term 17 FOLLOWER]: Starting pre-election (no leader contacted us within the election timeout)
I0110 22:36:16.322314 1298 raft_consensus.cc:501] T 492ad3c286b1460db7471b6b0d1406e0 P 8c1e2674152e42d58837cd7e6ce22257 [term 17 FOLLOWER]: Starting pre-election with config: opid_index: -1 OBSOLETE_local: false peers { permanent_uuid: "191329c76027490f84db7a96fd5372b6" member_type: VOTER last_known_addr { host: "127.0.115.130" port: 35585 } } peers { permanent_uuid: "230bae04bca94f7989168f2ce71830fd" member_type: VOTER last_known_addr { host: "127.0.115.131" port: 34875 } } peers { permanent_uuid: "8c1e2674152e42d58837cd7e6ce22257" member_type: VOTER last_known_addr { host: "127.0.115.129" port: 41757 } }
I0110 22:36:16.324129 1298 leader_election.cc:293] T 492ad3c286b1460db7471b6b0d1406e0 P 8c1e2674152e42d58837cd7e6ce22257 [CANDIDATE]: Term 18 pre-election: Requested pre-vote from peers 191329c76027490f84db7a96fd5372b6 (127.0.115.130:35585), 230bae04bca94f7989168f2ce71830fd (127.0.115.131:34875)
I0110 22:36:16.324944 995 tablet_service.cc:1319] Received RequestConsensusVote() RPC: tablet_id: "492ad3c286b1460db7471b6b0d1406e0" candidate_uuid: "8c1e2674152e42d58837cd7e6ce22257" candidate_term: 18 candidate_status { last_received { term: 0 index: 0 } } ignore_live_leader: false dest_uuid: "191329c76027490f84db7a96fd5372b6" is_pre_election: true
I0110 22:36:16.324985 1120 tablet_service.cc:1319] Received RequestConsensusVote() RPC: tablet_id: "492ad3c286b1460db7471b6b0d1406e0" candidate_uuid: "8c1e2674152e42d58837cd7e6ce22257" candidate_term: 18 candidate_status { last_received { term: 0 index: 0 } } ignore_live_leader: false dest_uuid: "230bae04bca94f7989168f2ce71830fd" is_pre_election: true
I0110 22:36:16.326144 789 leader_election.cc:307] T 492ad3c286b1460db7471b6b0d1406e0 P 8c1e2674152e42d58837cd7e6ce22257 [CANDIDATE]: Term 18 pre-election: Election decided. Result: candidate lost. Election summary: received 3 responses out of 3 voters: 1 yes votes; 2 no votes. yes voters: 8c1e2674152e42d58837cd7e6ce22257; no voters: 191329c76027490f84db7a96fd5372b6, 230bae04bca94f7989168f2ce71830fd
I0110 22:36:16.326788 1298 raft_consensus.cc:2646] T 492ad3c286b1460db7471b6b0d1406e0 P 8c1e2674152e42d58837cd7e6ce22257 [term 17 FOLLOWER]: Leader pre-election lost for term 18. Reason: could not achieve majority
W0110 22:36:16.478202 1121 consensus_meta.cc:220] T 492ad3c286b1460db7471b6b0d1406e0 P 230bae04bca94f7989168f2ce71830fd: Time spent flushing consensus metadata: real 0.964s user 0.002s sys 0.007s
W0110 22:36:16.478202 1292 consensus_meta.cc:220] T 492ad3c286b1460db7471b6b0d1406e0 P 191329c76027490f84db7a96fd5372b6: Time spent flushing consensus metadata: real 0.961s user 0.001s sys 0.005s
I0110 22:36:16.478516 1121 raft_consensus.cc:2398] T 492ad3c286b1460db7471b6b0d1406e0 P 230bae04bca94f7989168f2ce71830fd [term 17 FOLLOWER]: Leader election vote request: Granting yes vote for candidate 8c1e2674152e42d58837cd7e6ce22257 in term 17.
I0110 22:36:16.478879 1296 raft_consensus.cc:479] T 492ad3c286b1460db7471b6b0d1406e0 P 230bae04bca94f7989168f2ce71830fd [term 17 FOLLOWER]: Starting pre-election (no leader contacted us within the election timeout)
I0110 22:36:16.478549 1292 raft_consensus.cc:501] T 492ad3c286b1460db7471b6b0d1406e0 P 191329c76027490f84db7a96fd5372b6 [term 17 FOLLOWER]: Starting leader election with config: opid_index: -1 OBSOLETE_local: false peers { permanent_uuid: "191329c76027490f84db7a96fd5372b6" member_type: VOTER last_known_addr { host: "127.0.115.130" port: 35585 } } peers { permanent_uuid: "230bae04bca94f7989168f2ce71830fd" member_type: VOTER last_known_addr { host: "127.0.115.131" port: 34875 } } peers { permanent_uuid: "8c1e2674152e42d58837cd7e6ce22257" member_type: VOTER last_known_addr { host: "127.0.115.129" port: 41757 } }
W0110 22:36:16.478952 1121 rpcz_store.cc:253] Call kudu.consensus.ConsensusService.RequestConsensusVote from 127.0.115.129:47329 (request call id 40) took 966 ms (966 ms). Client timeout 193 ms (193 ms)
W0110 22:36:16.479653 1121 rpcz_store.cc:259] Trace: 0110 22:36:15.512392 (+ 0us) service_pool.cc:162] Inserting onto call queue 0110 22:36:15.512657 (+ 265us) service_pool.cc:221] Handling call 0110 22:36:16.478892 (+966235us) inbound_call.cc:162] Queueing success response Metrics: {}
I0110 22:36:16.480406 1292 leader_election.cc:293] T 492ad3c286b1460db7471b6b0d1406e0 P 191329c76027490f84db7a96fd5372b6 [CANDIDATE]: Term 17 election: Requested vote from peers 230bae04bca94f7989168f2ce71830fd (127.0.115.131:34875), 8c1e2674152e42d58837cd7e6ce22257 (127.0.115.129:41757)
I0110 22:36:16.480844 996 raft_consensus.cc:2323] T 492ad3c286b1460db7471b6b0d1406e0 P 191329c76027490f84db7a96fd5372b6 [term 17 FOLLOWER]: Leader election vote request: Denying vote to candidate 8c1e2674152e42d58837cd7e6ce22257 in current term 17: Already voted for candidate 191329c76027490f84db7a96fd5372b6 in this term.
W0110 22:36:16.481446 996 rpcz_store.cc:253] Call kudu.consensus.ConsensusService.RequestConsensusVote from 127.0.115.129:57865 (request call id 40) took 969 ms (969 ms). Client timeout 193 ms (193 ms)
I0110 22:36:16.481689 1121 tablet_service.cc:1319] Received RequestConsensusVote() RPC: tablet_id: "492ad3c286b1460db7471b6b0d1406e0" candidate_uuid: "191329c76027490f84db7a96fd5372b6" candidate_term: 17 candidate_status { last_received { term: 0 index: 0 } } ignore_live_leader: false dest_uuid: "230bae04bca94f7989168f2ce71830fd"
I0110 22:36:16.481662 868 tablet_service.cc:1319] Received RequestConsensusVote() RPC: tablet_id: "492ad3c286b1460db7471b6b0d1406e0" candidate_uuid: "191329c76027490f84db7a96fd5372b6" candidate_term: 17 candidate_status { last_received { term: 0 index: 0 } } ignore_live_leader: false dest_uuid: "8c1e2674152e42d58837cd7e6ce22257"
I0110 22:36:16.479255 1296 raft_consensus.cc:501] T 492ad3c286b1460db7471b6b0d1406e0 P 230bae04bca94f7989168f2ce71830fd [term 17 FOLLOWER]: Starting pre-election with config: opid_index: -1 OBSOLETE_local: false peers { permanent_uuid: "191329c76027490f84db7a96fd5372b6" member_type: VOTER last_known_addr { host: "127.0.115.130" port: 35585 } } peers { permanent_uuid: "230bae04bca94f7989168f2ce71830fd" member_type: VOTER last_known_addr { host: "127.0.115.131" port: 34875 } } peers { permanent_uuid: "8c1e2674152e42d58837cd7e6ce22257" member_type: VOTER last_known_addr { host: "127.0.115.129" port: 41757 } }
I0110 22:36:16.482321 868 raft_consensus.cc:2323] T 492ad3c286b1460db7471b6b0d1406e0 P 8c1e2674152e42d58837cd7e6ce22257 [term 17 FOLLOWER]: Leader election vote request: Denying vote to candidate 191329c76027490f84db7a96fd5372b6 in current term 17: Already voted for candidate 8c1e2674152e42d58837cd7e6ce22257 in this term.
W0110 22:36:16.482283 996 rpcz_store.cc:259] Trace: 0110 22:36:15.511654 (+ 0us) service_pool.cc:162] Inserting onto call queue 0110 22:36:15.516015 (+ 4361us) service_pool.cc:221] Handling call 0110 22:36:16.481281 (+965266us) spinlock_profiling.cc:244] Waited 964 ms on lock 0x7b50000812ac. stack: 00007f6ff5f14bb3 00007f6ff5f14ab0 00007f6ff57bc584 00007f6ffea85694 00007f6ffea85629 00007f6ffd3ad231 00007f6ffd41ee15 00007f6ffeaffb92 00007f6ff8722e34 00007f6ff8722d8d 00007f6ff8722cac 00007f6ff8722c1c 00007f6ff8721c72 00007f6ff7d1876c 00007f6ff7d17c46 00007f6ff7d176db 0110 22:36:16.481392 (+ 111us) inbound_call.cc:162] Queueing success response Metrics: {"spinlock_wait_cycles":2216851712}
I0110 22:36:16.482910 1121 raft_consensus.cc:2323] T 492ad3c286b1460db7471b6b0d1406e0 P 230bae04bca94f7989168f2ce71830fd [term 17 FOLLOWER]: Leader election vote request: Denying vote to candidate 191329c76027490f84db7a96fd5372b6 in current term 17: Already voted for candidate 8c1e2674152e42d58837cd7e6ce22257 in this term.
I0110 22:36:16.482331 1294 raft_consensus.cc:479] T 492ad3c286b1460db7471b6b0d1406e0 P 191329c76027490f84db7a96fd5372b6 [term 17 FOLLOWER]: Starting pre-election (no leader contacted us within the election timeout)
I0110 22:36:16.483765 1296 leader_election.cc:293] T 492ad3c286b1460db7471b6b0d1406e0 P 230bae04bca94f7989168f2ce71830fd [CANDIDATE]: Term 18 pre-election: Requested pre-vote from peers 191329c76027490f84db7a96fd5372b6 (127.0.115.130:35585), 8c1e2674152e42d58837cd7e6ce22257 (127.0.115.129:41757)
I0110 22:36:16.483639 1294 raft_consensus.cc:501] T 492ad3c286b1460db7471b6b0d1406e0 P 191329c76027490f84db7a96fd5372b6 [term 17 FOLLOWER]: Starting pre-election with config: opid_index: -1 OBSOLETE_local: false peers { permanent_uuid: "191329c76027490f84db7a96fd5372b6" member_type: VOTER last_known_addr { host: "127.0.115.130" port: 35585 } } peers { permanent_uuid: "230bae04bca94f7989168f2ce71830fd" member_type: VOTER last_known_addr { host: "127.0.115.131" port: 34875 } } peers { permanent_uuid: "8c1e2674152e42d58837cd7e6ce22257" member_type: VOTER last_known_addr { host: "127.0.115.129" port: 41757 } }
I0110 22:36:16.484589 925 leader_election.cc:307] T 492ad3c286b1460db7471b6b0d1406e0 P 191329c76027490f84db7a96fd5372b6 [CANDIDATE]: Term 17 election: Election decided. Result: candidate lost. Election summary: received 3 responses out of 3 voters: 1 yes votes; 2 no votes. yes voters: 191329c76027490f84db7a96fd5372b6; no voters: 230bae04bca94f7989168f2ce71830fd, 8c1e2674152e42d58837cd7e6ce22257
I0110 22:36:16.484817 868 tablet_service.cc:1319] Received RequestConsensusVote() RPC: tablet_id: "492ad3c286b1460db7471b6b0d1406e0" candidate_uuid: "230bae04bca94f7989168f2ce71830fd" candidate_term: 18 candidate_status { last_received { term: 0 index: 0 } } ignore_live_leader: false dest_uuid: "8c1e2674152e42d58837cd7e6ce22257" is_pre_election: true
I0110 22:36:16.485342 1292 raft_consensus.cc:2646] T 492ad3c286b1460db7471b6b0d1406e0 P 191329c76027490f84db7a96fd5372b6 [term 17 FOLLOWER]: Leader election lost for term 17. Reason: could not achieve majority
I0110 22:36:16.485324 868 raft_consensus.cc:2398] T 492ad3c286b1460db7471b6b0d1406e0 P 8c1e2674152e42d58837cd7e6ce22257 [term 17 FOLLOWER]: Leader pre-election vote request: Granting yes vote for candidate 230bae04bca94f7989168f2ce71830fd in term 17.
I0110 22:36:16.485407 1294 leader_election.cc:293] T 492ad3c286b1460db7471b6b0d1406e0 P 191329c76027490f84db7a96fd5372b6 [CANDIDATE]: Term 18 pre-election: Requested pre-vote from peers 230bae04bca94f7989168f2ce71830fd (127.0.115.131:34875), 8c1e2674152e42d58837cd7e6ce22257 (127.0.115.129:41757)
I0110 22:36:16.486060 996 tablet_service.cc:1319] Received RequestConsensusVote() RPC: tablet_id: "492ad3c286b1460db7471b6b0d1406e0" candidate_uuid: "230bae04bca94f7989168f2ce71830fd" candidate_term: 18 candidate_status { last_received { term: 0 index: 0 } } ignore_live_leader: false dest_uuid: "191329c76027490f84db7a96fd5372b6" is_pre_election: true
I0110 22:36:16.486621 996 raft_consensus.cc:2398] T 492ad3c286b1460db7471b6b0d1406e0 P 191329c76027490f84db7a96fd5372b6 [term 17 FOLLOWER]: Leader pre-election vote request: Granting yes vote for candidate 230bae04bca94f7989168f2ce71830fd in term 17.
I0110 22:36:16.486901 1053 leader_election.cc:307] T 492ad3c286b1460db7471b6b0d1406e0 P 230bae04bca94f7989168f2ce71830fd [CANDIDATE]: Term 18 pre-election: Election decided. Result: candidate won. Election summary: received 2 responses out of 3 voters: 2 yes votes; 0 no votes. yes voters: 230bae04bca94f7989168f2ce71830fd, 8c1e2674152e42d58837cd7e6ce22257; no voters:
I0110 22:36:16.487072 868 tablet_service.cc:1319] Received RequestConsensusVote() RPC: tablet_id: "492ad3c286b1460db7471b6b0d1406e0" candidate_uuid: "191329c76027490f84db7a96fd5372b6" candidate_term: 18 candidate_status { last_received { term: 0 index: 0 } } ignore_live_leader: false dest_uuid: "8c1e2674152e42d58837cd7e6ce22257" is_pre_election: true
I0110 22:36:16.487563 868 raft_consensus.cc:2398] T 492ad3c286b1460db7471b6b0d1406e0 P 8c1e2674152e42d58837cd7e6ce22257 [term 17 FOLLOWER]: Leader pre-election vote request: Granting yes vote for candidate 191329c76027490f84db7a96fd5372b6 in term 17.
I0110 22:36:16.486660 1121 tablet_service.cc:1319] Received RequestConsensusVote() RPC: tablet_id: "492ad3c286b1460db7471b6b0d1406e0" candidate_uuid: "191329c76027490f84db7a96fd5372b6" candidate_term: 18 candidate_status { last_received { term: 0 index: 0 } } ignore_live_leader: false dest_uuid: "230bae04bca94f7989168f2ce71830fd" is_pre_election: true
I0110 22:36:16.487946 1296 raft_consensus.cc:2698] T 492ad3c286b1460db7471b6b0d1406e0 P 230bae04bca94f7989168f2ce71830fd [term 17 FOLLOWER]: Leader pre-election won for term 18
I0110 22:36:16.488242 1296 raft_consensus.cc:479] T 492ad3c286b1460db7471b6b0d1406e0 P 230bae04bca94f7989168f2ce71830fd [term 17 FOLLOWER]: Starting leader election (no leader contacted us within the election timeout)
I0110 22:36:16.488508 1296 raft_consensus.cc:2951] T 492ad3c286b1460db7471b6b0d1406e0 P 230bae04bca94f7989168f2ce71830fd [term 17 FOLLOWER]: Advancing to term 18
I0110 22:36:16.488525 926 leader_election.cc:307] T 492ad3c286b1460db7471b6b0d1406e0 P 191329c76027490f84db7a96fd5372b6 [CANDIDATE]: Term 18 pre-election: Election decided. Result: candidate won. Election summary: received 2 responses out of 3 voters: 2 yes votes; 0 no votes. yes voters: 191329c76027490f84db7a96fd5372b6, 8c1e2674152e42d58837cd7e6ce22257; no voters:
I0110 22:36:16.489337 1294 raft_consensus.cc:2698] T 492ad3c286b1460db7471b6b0d1406e0 P 191329c76027490f84db7a96fd5372b6 [term 17 FOLLOWER]: Leader pre-election won for term 18
I0110 22:36:16.489578 1294 raft_consensus.cc:479] T 492ad3c286b1460db7471b6b0d1406e0 P 191329c76027490f84db7a96fd5372b6 [term 17 FOLLOWER]: Starting leader election (no leader contacted us within the election timeout)
I0110 22:36:16.489830 1294 raft_consensus.cc:2951] T 492ad3c286b1460db7471b6b0d1406e0 P 191329c76027490f84db7a96fd5372b6 [term 17 FOLLOWER]: Advancing to term 18
I0110 22:36:16.740998 1298 raft_consensus.cc:479] T 492ad3c286b1460db7471b6b0d1406e0 P 8c1e2674152e42d58837cd7e6ce22257 [term 17 FOLLOWER]: Starting pre-election (no leader contacted us within the election timeout)
I0110 22:36:16.741338 1298 raft_consensus.cc:501] T 492ad3c286b1460db7471b6b0d1406e0 P 8c1e2674152e42d58837cd7e6ce22257 [term 17 FOLLOWER]: Starting pre-election with config: opid_index: -1 OBSOLETE_local: false peers { permanent_uuid: "191329c76027490f84db7a96fd5372b6" member_type: VOTER last_known_addr { host: "127.0.115.130" port: 35585 } } peers { permanent_uuid: "230bae04bca94f7989168f2ce71830fd" member_type: VOTER last_known_addr { host: "127.0.115.131" port: 34875 } } peers { permanent_uuid: "8c1e2674152e42d58837cd7e6ce22257" member_type: VOTER last_known_addr { host: "127.0.115.129" port: 41757 } }
I0110 22:36:16.742703 1298 leader_election.cc:293] T 492ad3c286b1460db7471b6b0d1406e0 P 8c1e2674152e42d58837cd7e6ce22257 [CANDIDATE]: Term 18 pre-election: Requested pre-vote from peers 191329c76027490f84db7a96fd5372b6 (127.0.115.130:35585), 230bae04bca94f7989168f2ce71830fd (127.0.115.131:34875)
I0110 22:36:16.743669 996 tablet_service.cc:1319] Received RequestConsensusVote() RPC: tablet_id: "492ad3c286b1460db7471b6b0d1406e0" candidate_uuid: "8c1e2674152e42d58837cd7e6ce22257" candidate_term: 18 candidate_status { last_received { term: 0 index: 0 } } ignore_live_leader: false dest_uuid: "191329c76027490f84db7a96fd5372b6" is_pre_election: true
I0110 22:36:16.743736 1120 tablet_service.cc:1319] Received RequestConsensusVote() RPC: tablet_id: "492ad3c286b1460db7471b6b0d1406e0" candidate_uuid: "8c1e2674152e42d58837cd7e6ce22257" candidate_term: 18 candidate_status { last_received { term: 0 index: 0 } } ignore_live_leader: false dest_uuid: "230bae04bca94f7989168f2ce71830fd" is_pre_election: true
W0110 22:36:16.951565 925 leader_election.cc:339] T 492ad3c286b1460db7471b6b0d1406e0 P 191329c76027490f84db7a96fd5372b6 [CANDIDATE]: Term 18 pre-election: RPC error from VoteRequest() call to peer 230bae04bca94f7989168f2ce71830fd (127.0.115.131:34875): Timed out: RequestConsensusVote RPC to 127.0.115.131:34875 timed out after 0.465s (SENT)
I0110 22:36:17.128769 1298 raft_consensus.cc:479] T 492ad3c286b1460db7471b6b0d1406e0 P 8c1e2674152e42d58837cd7e6ce22257 [term 17 FOLLOWER]: Starting pre-election (no leader contacted us within the election timeout)
I0110 22:36:17.129058 1298 raft_consensus.cc:501] T 492ad3c286b1460db7471b6b0d1406e0 P 8c1e2674152e42d58837cd7e6ce22257 [term 17 FOLLOWER]: Starting pre-election with config: opid_index: -1 OBSOLETE_local: false peers { permanent_uuid: "191329c76027490f84db7a96fd5372b6" member_type: VOTER last_known_addr { host: "127.0.115.130" port: 35585 } } peers { permanent_uuid: "230bae04bca94f7989168f2ce71830fd" member_type: VOTER last_known_addr { host: "127.0.115.131" port: 34875 } } peers { permanent_uuid: "8c1e2674152e42d58837cd7e6ce22257" member_type: VOTER last_known_addr { host: "127.0.115.129" port: 41757 } }
I0110 22:36:17.130275 1298 leader_election.cc:293] T 492ad3c286b1460db7471b6b0d1406e0 P 8c1e2674152e42d58837cd7e6ce22257 [CANDIDATE]: Term 18 pre-election: Requested pre-vote from peers 191329c76027490f84db7a96fd5372b6 (127.0.115.130:35585), 230bae04bca94f7989168f2ce71830fd (127.0.115.131:34875)
W0110 22:36:17.130470 789 leader_election.cc:339] T 492ad3c286b1460db7471b6b0d1406e0 P 8c1e2674152e42d58837cd7e6ce22257 [CANDIDATE]: Term 18 pre-election: RPC error from VoteRequest() call to peer 191329c76027490f84db7a96fd5372b6 (127.0.115.130:35585): Timed out: RequestConsensusVote RPC to 127.0.115.130:35585 timed out after 0.387s (SENT)
I0110 22:36:17.130772 789 leader_election.cc:307] T 492ad3c286b1460db7471b6b0d1406e0 P 8c1e2674152e42d58837cd7e6ce22257 [CANDIDATE]: Term 18 pre-election: Election decided. Result: candidate lost. Election summary: received 3 responses out of 3 voters: 1 yes votes; 2 no votes. yes voters: 8c1e2674152e42d58837cd7e6ce22257; no voters: 191329c76027490f84db7a96fd5372b6, 230bae04bca94f7989168f2ce71830fd
I0110 22:36:17.131310 1298 raft_consensus.cc:2646] T 492ad3c286b1460db7471b6b0d1406e0 P 8c1e2674152e42d58837cd7e6ce22257 [term 17 FOLLOWER]: Leader pre-election lost for term 18. Reason: could not achieve majority
I0110 22:36:17.132277 995 tablet_service.cc:1319] Received RequestConsensusVote() RPC: tablet_id: "492ad3c286b1460db7471b6b0d1406e0" candidate_uuid: "8c1e2674152e42d58837cd7e6ce22257" candidate_term: 18 candidate_status { last_received { term: 0 index: 0 } } ignore_live_leader: false dest_uuid: "191329c76027490f84db7a96fd5372b6" is_pre_election: true
I0110 22:36:17.132340 1120 tablet_service.cc:1319] Received RequestConsensusVote() RPC: tablet_id: "492ad3c286b1460db7471b6b0d1406e0" candidate_uuid: "8c1e2674152e42d58837cd7e6ce22257" candidate_term: 18 candidate_status { last_received { term: 0 index: 0 } } ignore_live_leader: false dest_uuid: "230bae04bca94f7989168f2ce71830fd" is_pre_election: true
I0110 22:36:17.134212 789 leader_election.cc:307] T 492ad3c286b1460db7471b6b0d1406e0 P 8c1e2674152e42d58837cd7e6ce22257 [CANDIDATE]: Term 18 pre-election: Election decided. Result: candidate lost. Election summary: received 3 responses out of 3 voters: 1 yes votes; 2 no votes. yes voters: 8c1e2674152e42d58837cd7e6ce22257; no voters: 191329c76027490f84db7a96fd5372b6, 230bae04bca94f7989168f2ce71830fd
I0110 22:36:17.134817 1298 raft_consensus.cc:2646] T 492ad3c286b1460db7471b6b0d1406e0 P 8c1e2674152e42d58837cd7e6ce22257 [term 17 FOLLOWER]: Leader pre-election lost for term 18. Reason: could not achieve majority
W0110 22:36:17.389168 1296 consensus_meta.cc:220] T 492ad3c286b1460db7471b6b0d1406e0 P 230bae04bca94f7989168f2ce71830fd: Time spent flushing consensus metadata: real 0.900s user 0.005s sys 0.000s
W0110 22:36:17.389178 1294 consensus_meta.cc:220] T 492ad3c286b1460db7471b6b0d1406e0 P 191329c76027490f84db7a96fd5372b6: Time spent flushing consensus metadata: real 0.899s user 0.001s sys 0.004s
I0110 22:36:17.389437 1296 raft_consensus.cc:501] T 492ad3c286b1460db7471b6b0d1406e0 P 230bae04bca94f7989168f2ce71830fd [term 18 FOLLOWER]: Starting leader election with config: opid_index: -1 OBSOLETE_local: false peers { permanent_uuid: "191329c76027490f84db7a96fd5372b6" member_type: VOTER last_known_addr { host: "127.0.115.130" port: 35585 } } peers { permanent_uuid: "230bae04bca94f7989168f2ce71830fd" member_type: VOTER last_known_addr { host: "127.0.115.131" port: 34875 } } peers { permanent_uuid: "8c1e2674152e42d58837cd7e6ce22257" member_type: VOTER last_known_addr { host: "127.0.115.129" port: 41757 } }
I0110 22:36:17.389458 1294 raft_consensus.cc:501] T 492ad3c286b1460db7471b6b0d1406e0 P 191329c76027490f84db7a96fd5372b6 [term 18 FOLLOWER]: Starting leader election with config: opid_index: -1 OBSOLETE_local: false peers { permanent_uuid: "191329c76027490f84db7a96fd5372b6" member_type: VOTER last_known_addr { host: "127.0.115.130" port: 35585 } } peers { permanent_uuid: "230bae04bca94f7989168f2ce71830fd" member_type: VOTER last_known_addr { host: "127.0.115.131" port: 34875 } } peers { permanent_uuid: "8c1e2674152e42d58837cd7e6ce22257" member_type: VOTER last_known_addr { host: "127.0.115.129" port: 41757 } }
I0110 22:36:17.390302 1121 raft_consensus.cc:2323] T 492ad3c286b1460db7471b6b0d1406e0 P 230bae04bca94f7989168f2ce71830fd [term 18 FOLLOWER]: Leader pre-election vote request: Denying vote to candidate 191329c76027490f84db7a96fd5372b6 in current term 18: Already voted for candidate 230bae04bca94f7989168f2ce71830fd in this term.
W0110 22:36:17.390956 1121 rpcz_store.cc:253] Call kudu.consensus.ConsensusService.RequestConsensusVote from 127.0.115.130:57733 (request call id 40) took 904 ms (904 ms). Client timeout 465 ms (465 ms)
I0110 22:36:17.391048 1296 leader_election.cc:293] T 492ad3c286b1460db7471b6b0d1406e0 P 230bae04bca94f7989168f2ce71830fd [CANDIDATE]: Term 18 election: Requested vote from peers 191329c76027490f84db7a96fd5372b6 (127.0.115.130:35585), 8c1e2674152e42d58837cd7e6ce22257 (127.0.115.129:41757)
I0110 22:36:17.391144 1294 leader_election.cc:293] T 492ad3c286b1460db7471b6b0d1406e0 P 191329c76027490f84db7a96fd5372b6 [CANDIDATE]: Term 18 election: Requested vote from peers 230bae04bca94f7989168f2ce71830fd (127.0.115.131:34875), 8c1e2674152e42d58837cd7e6ce22257 (127.0.115.129:41757)
I0110 22:36:17.391414 1300 raft_consensus.cc:479] T 492ad3c286b1460db7471b6b0d1406e0 P 230bae04bca94f7989168f2ce71830fd [term 18 FOLLOWER]: Starting pre-election (no leader contacted us within the election timeout)
I0110 22:36:17.391773 1300 raft_consensus.cc:501] T 492ad3c286b1460db7471b6b0d1406e0 P 230bae04bca94f7989168f2ce71830fd [term 18 FOLLOWER]: Starting pre-election with config: opid_index: -1 OBSOLETE_local: false peers { permanent_uuid: "191329c76027490f84db7a96fd5372b6" member_type: VOTER last_known_addr { host: "127.0.115.130" port: 35585 } } peers { permanent_uuid: "230bae04bca94f7989168f2ce71830fd" member_type: VOTER last_known_addr { host: "127.0.115.131" port: 34875 } } peers { permanent_uuid: "8c1e2674152e42d58837cd7e6ce22257" member_type: VOTER last_known_addr { host: "127.0.115.129" port: 41757 } }
I0110 22:36:17.392400 995 tablet_service.cc:1319] Received RequestConsensusVote() RPC: tablet_id: "492ad3c286b1460db7471b6b0d1406e0" candidate_uuid: "230bae04bca94f7989168f2ce71830fd" candidate_term: 18 candidate_status { last_received { term: 0 index: 0 } } ignore_live_leader: false dest_uuid: "191329c76027490f84db7a96fd5372b6"
W0110 22:36:17.392719 1121 rpcz_store.cc:259] Trace: 0110 22:36:16.486226 (+ 0us) service_pool.cc:162] Inserting onto call queue 0110 22:36:16.486349 (+ 123us) service_pool.cc:221] Handling call 0110 22:36:17.390788 (+904439us) spinlock_profiling.cc:244] Waited 902 ms on lock 0x7b50000712ac. stack: 00007fefad7f7bb3 00007fefad7f7ab0 00007fefad09f584 00007fefb6368694 00007fefb6368629 00007fefb4c90231 00007fefb4d01e15 00007fefb63e2b92 00007fefb0005e34 00007fefb0005d8d 00007fefb0005cac 00007fefb0005c1c 00007fefb0004c72 00007fefaf5fb76c 00007fefaf5fac46 00007fefaf5fa6db 0110 22:36:17.390897 (+ 109us) inbound_call.cc:162] Queueing success response Metrics: {"spinlock_wait_cycles":2074816384}
I0110 22:36:17.393396 996 raft_consensus.cc:2323] T 492ad3c286b1460db7471b6b0d1406e0 P 191329c76027490f84db7a96fd5372b6 [term 18 FOLLOWER]: Leader pre-election vote request: Denying vote to candidate 8c1e2674152e42d58837cd7e6ce22257 in current term 18: Already voted for candidate 191329c76027490f84db7a96fd5372b6 in this term.
I0110 22:36:17.393823 1300 leader_election.cc:293] T 492ad3c286b1460db7471b6b0d1406e0 P 230bae04bca94f7989168f2ce71830fd [CANDIDATE]: Term 19 pre-election: Requested pre-vote from peers 191329c76027490f84db7a96fd5372b6 (127.0.115.130:35585), 8c1e2674152e42d58837cd7e6ce22257 (127.0.115.129:41757)
W0110 22:36:17.393929 996 rpcz_store.cc:253] Call kudu.consensus.ConsensusService.RequestConsensusVote from 127.0.115.129:57865 (request call id 43) took 650 ms (650 ms). Client timeout 387 ms (387 ms)
