I0110 22:35:53.835206 1191 raft_consensus.cc:343] T 492ad3c286b1460db7471b6b0d1406e0 P 8c1e2674152e42d58837cd7e6ce22257 [term 0 FOLLOWER]: Replica starting. Triggering 0 pending transactions. Active config: opid_index: -1 OBSOLETE_local: false peers { permanent_uuid: "191329c76027490f84db7a96fd5372b6" member_type: VOTER last_known_addr { host: "127.0.115.130" port: 35585 } } peers { permanent_uuid: "230bae04bca94f7989168f2ce71830fd" member_type: VOTER last_known_addr { host: "127.0.115.131" port: 34875 } } peers { permanent_uuid: "8c1e2674152e42d58837cd7e6ce22257" member_type: VOTER last_known_addr { host: "127.0.115.129" port: 41757 } }
I0110 22:35:53.836128 1191 raft_consensus.cc:369] T 492ad3c286b1460db7471b6b0d1406e0 P 8c1e2674152e42d58837cd7e6ce22257 [term 0 FOLLOWER]: Consensus starting up: Expiring failure detector timer to make a prompt election more likely
I0110 22:35:53.836359 1191 raft_consensus.cc:714] T 492ad3c286b1460db7471b6b0d1406e0 P 8c1e2674152e42d58837cd7e6ce22257 [term 0 FOLLOWER]: Becoming Follower/Learner. State: Replica: 8c1e2674152e42d58837cd7e6ce22257, State: Initialized, Role: FOLLOWER
I0110 22:35:53.838264 1191 consensus_queue.cc:229] T 492ad3c286b1460db7471b6b0d1406e0 P 8c1e2674152e42d58837cd7e6ce22257 [NON_LEADER]: Queue going to NON_LEADER mode. State: All replicated index: 0, Majority replicated index: 0, Committed index: 0, Last appended: 0.0, Last appended by leader: 0, Current term: 0, Majority size: -1, State: 0, Mode: NON_LEADER, active raft config: opid_index: -1 OBSOLETE_local: false peers { permanent_uuid: "191329c76027490f84db7a96fd5372b6" member_type: VOTER last_known_addr { host: "127.0.115.130" port: 35585 } } peers { permanent_uuid: "230bae04bca94f7989168f2ce71830fd" member_type: VOTER last_known_addr { host: "127.0.115.131" port: 34875 } } peers { permanent_uuid: "8c1e2674152e42d58837cd7e6ce22257" member_type: VOTER last_known_addr { host: "127.0.115.129" port: 41757 } }
I0110 22:35:53.845002 1193 raft_consensus.cc:343] T 492ad3c286b1460db7471b6b0d1406e0 P 230bae04bca94f7989168f2ce71830fd [term 0 FOLLOWER]: Replica starting. Triggering 0 pending transactions. Active config: opid_index: -1 OBSOLETE_local: false peers { permanent_uuid: "191329c76027490f84db7a96fd5372b6" member_type: VOTER last_known_addr { host: "127.0.115.130" port: 35585 } } peers { permanent_uuid: "230bae04bca94f7989168f2ce71830fd" member_type: VOTER last_known_addr { host: "127.0.115.131" port: 34875 } } peers { permanent_uuid: "8c1e2674152e42d58837cd7e6ce22257" member_type: VOTER last_known_addr { host: "127.0.115.129" port: 41757 } }
I0110 22:35:53.845757 1193 raft_consensus.cc:369] T 492ad3c286b1460db7471b6b0d1406e0 P 230bae04bca94f7989168f2ce71830fd [term 0 FOLLOWER]: Consensus starting up: Expiring failure detector timer to make a prompt election more likely
I0110 22:35:53.847056 1193 raft_consensus.cc:714] T 492ad3c286b1460db7471b6b0d1406e0 P 230bae04bca94f7989168f2ce71830fd [term 0 FOLLOWER]: Becoming Follower/Learner. State: Replica: 230bae04bca94f7989168f2ce71830fd, State: Initialized, Role: FOLLOWER
I0110 22:35:53.847117 1197 raft_consensus.cc:479] T 492ad3c286b1460db7471b6b0d1406e0 P 8c1e2674152e42d58837cd7e6ce22257 [term 0 FOLLOWER]: Starting pre-election (no leader contacted us within the election timeout)
I0110 22:35:53.847690 1193 consensus_queue.cc:229] T 492ad3c286b1460db7471b6b0d1406e0 P 230bae04bca94f7989168f2ce71830fd [NON_LEADER]: Queue going to NON_LEADER mode. State: All replicated index: 0, Majority replicated index: 0, Committed index: 0, Last appended: 0.0, Last appended by leader: 0, Current term: 0, Majority size: -1, State: 0, Mode: NON_LEADER, active raft config: opid_index: -1 OBSOLETE_local: false peers { permanent_uuid: "191329c76027490f84db7a96fd5372b6" member_type: VOTER last_known_addr { host: "127.0.115.130" port: 35585 } } peers { permanent_uuid: "230bae04bca94f7989168f2ce71830fd" member_type: VOTER last_known_addr { host: "127.0.115.131" port: 34875 } } peers { permanent_uuid: "8c1e2674152e42d58837cd7e6ce22257" member_type: VOTER last_known_addr { host: "127.0.115.129" port: 41757 } }
I0110 22:35:53.847573 1197 raft_consensus.cc:501] T 492ad3c286b1460db7471b6b0d1406e0 P 8c1e2674152e42d58837cd7e6ce22257 [term 0 FOLLOWER]: Starting pre-election with config: opid_index: -1 OBSOLETE_local: false peers { permanent_uuid: "191329c76027490f84db7a96fd5372b6" member_type: VOTER last_known_addr { host: "127.0.115.130" port: 35585 } } peers { permanent_uuid: "230bae04bca94f7989168f2ce71830fd" member_type: VOTER last_known_addr { host: "127.0.115.131" port: 34875 } } peers { permanent_uuid: "8c1e2674152e42d58837cd7e6ce22257" member_type: VOTER last_known_addr { host: "127.0.115.129" port: 41757 } }
I0110 22:35:53.850309 1192 raft_consensus.cc:343] T 492ad3c286b1460db7471b6b0d1406e0 P 191329c76027490f84db7a96fd5372b6 [term 0 FOLLOWER]: Replica starting. Triggering 0 pending transactions. Active config: opid_index: -1 OBSOLETE_local: false peers { permanent_uuid: "191329c76027490f84db7a96fd5372b6" member_type: VOTER last_known_addr { host: "127.0.115.130" port: 35585 } } peers { permanent_uuid: "230bae04bca94f7989168f2ce71830fd" member_type: VOTER last_known_addr { host: "127.0.115.131" port: 34875 } } peers { permanent_uuid: "8c1e2674152e42d58837cd7e6ce22257" member_type: VOTER last_known_addr { host: "127.0.115.129" port: 41757 } }
I0110 22:35:53.851243 1192 raft_consensus.cc:369] T 492ad3c286b1460db7471b6b0d1406e0 P 191329c76027490f84db7a96fd5372b6 [term 0 FOLLOWER]: Consensus starting up: Expiring failure detector timer to make a prompt election more likely
I0110 22:35:53.851467 1192 raft_consensus.cc:714] T 492ad3c286b1460db7471b6b0d1406e0 P 191329c76027490f84db7a96fd5372b6 [term 0 FOLLOWER]: Becoming Follower/Learner. State: Replica: 191329c76027490f84db7a96fd5372b6, State: Initialized, Role: FOLLOWER
I0110 22:35:53.851528 1197 leader_election.cc:293] T 492ad3c286b1460db7471b6b0d1406e0 P 8c1e2674152e42d58837cd7e6ce22257 [CANDIDATE]: Term 1 pre-election: Requested pre-vote from peers 191329c76027490f84db7a96fd5372b6 (127.0.115.130:35585), 230bae04bca94f7989168f2ce71830fd (127.0.115.131:34875)
I0110 22:35:53.852586 1192 consensus_queue.cc:229] T 492ad3c286b1460db7471b6b0d1406e0 P 191329c76027490f84db7a96fd5372b6 [NON_LEADER]: Queue going to NON_LEADER mode. State: All replicated index: 0, Majority replicated index: 0, Committed index: 0, Last appended: 0.0, Last appended by leader: 0, Current term: 0, Majority size: -1, State: 0, Mode: NON_LEADER, active raft config: opid_index: -1 OBSOLETE_local: false peers { permanent_uuid: "191329c76027490f84db7a96fd5372b6" member_type: VOTER last_known_addr { host: "127.0.115.130" port: 35585 } } peers { permanent_uuid: "230bae04bca94f7989168f2ce71830fd" member_type: VOTER last_known_addr { host: "127.0.115.131" port: 34875 } } peers { permanent_uuid: "8c1e2674152e42d58837cd7e6ce22257" member_type: VOTER last_known_addr { host: "127.0.115.129" port: 41757 } }
I0110 22:35:53.853956 1193 ts_tablet_manager.cc:1132] T 492ad3c286b1460db7471b6b0d1406e0 P 230bae04bca94f7989168f2ce71830fd: Time spent starting tablet: real 0.036s user 0.016s sys 0.017s
I0110 22:35:53.866012 1191 ts_tablet_manager.cc:1132] T 492ad3c286b1460db7471b6b0d1406e0 P 8c1e2674152e42d58837cd7e6ce22257: Time spent starting tablet: real 0.064s user 0.028s sys 0.011s
I0110 22:35:53.884416 1192 ts_tablet_manager.cc:1132] T 492ad3c286b1460db7471b6b0d1406e0 P 191329c76027490f84db7a96fd5372b6: Time spent starting tablet: real 0.063s user 0.025s sys 0.011s
I0110 22:35:53.895581 996 tablet_service.cc:1319] Received RequestConsensusVote() RPC: tablet_id: "492ad3c286b1460db7471b6b0d1406e0" candidate_uuid: "8c1e2674152e42d58837cd7e6ce22257" candidate_term: 1 candidate_status { last_received { term: 0 index: 0 } } ignore_live_leader: false dest_uuid: "191329c76027490f84db7a96fd5372b6" is_pre_election: true
I0110 22:35:53.899698 1122 tablet_service.cc:1319] Received RequestConsensusVote() RPC: tablet_id: "492ad3c286b1460db7471b6b0d1406e0" candidate_uuid: "8c1e2674152e42d58837cd7e6ce22257" candidate_term: 1 candidate_status { last_received { term: 0 index: 0 } } ignore_live_leader: false dest_uuid: "230bae04bca94f7989168f2ce71830fd" is_pre_election: true
I0110 22:35:53.941026 1199 raft_consensus.cc:479] T 492ad3c286b1460db7471b6b0d1406e0 P 8c1e2674152e42d58837cd7e6ce22257 [term 0 FOLLOWER]: Starting pre-election (no leader contacted us within the election timeout)
I0110 22:35:53.941447 1199 raft_consensus.cc:501] T 492ad3c286b1460db7471b6b0d1406e0 P 8c1e2674152e42d58837cd7e6ce22257 [term 0 FOLLOWER]: Starting pre-election with config: opid_index: -1 OBSOLETE_local: false peers { permanent_uuid: "191329c76027490f84db7a96fd5372b6" member_type: VOTER last_known_addr { host: "127.0.115.130" port: 35585 } } peers { permanent_uuid: "230bae04bca94f7989168f2ce71830fd" member_type: VOTER last_known_addr { host: "127.0.115.131" port: 34875 } } peers { permanent_uuid: "8c1e2674152e42d58837cd7e6ce22257" member_type: VOTER last_known_addr { host: "127.0.115.129" port: 41757 } }
I0110 22:35:53.948278 1199 leader_election.cc:293] T 492ad3c286b1460db7471b6b0d1406e0 P 8c1e2674152e42d58837cd7e6ce22257 [CANDIDATE]: Term 1 pre-election: Requested pre-vote from peers 191329c76027490f84db7a96fd5372b6 (127.0.115.130:35585), 230bae04bca94f7989168f2ce71830fd (127.0.115.131:34875)
I0110 22:35:53.858008 1198 raft_consensus.cc:479] T 492ad3c286b1460db7471b6b0d1406e0 P 230bae04bca94f7989168f2ce71830fd [term 0 FOLLOWER]: Starting pre-election (no leader contacted us within the election timeout)
I0110 22:35:54.028080 1198 raft_consensus.cc:501] T 492ad3c286b1460db7471b6b0d1406e0 P 230bae04bca94f7989168f2ce71830fd [term 0 FOLLOWER]: Starting pre-election with config: opid_index: -1 OBSOLETE_local: false peers { permanent_uuid: "191329c76027490f84db7a96fd5372b6" member_type: VOTER last_known_addr { host: "127.0.115.130" port: 35585 } } peers { permanent_uuid: "230bae04bca94f7989168f2ce71830fd" member_type: VOTER last_known_addr { host: "127.0.115.131" port: 34875 } } peers { permanent_uuid: "8c1e2674152e42d58837cd7e6ce22257" member_type: VOTER last_known_addr { host: "127.0.115.129" port: 41757 } }
I0110 22:35:54.031759 1122 raft_consensus.cc:2398] T 492ad3c286b1460db7471b6b0d1406e0 P 230bae04bca94f7989168f2ce71830fd [term 0 FOLLOWER]: Leader pre-election vote request: Granting yes vote for candidate 8c1e2674152e42d58837cd7e6ce22257 in term 0.
W0110 22:35:54.033041 1122 rpcz_store.cc:253] Call kudu.consensus.ConsensusService.RequestConsensusVote from 127.0.115.129:47329 (request call id 1) took 134 ms (134 ms). Client timeout 91 ms (91 ms)
W0110 22:35:54.037951 1122 rpcz_store.cc:259] Trace: 0110 22:35:53.899101 (+ 0us) service_pool.cc:162] Inserting onto call queue 0110 22:35:53.899203 (+ 102us) service_pool.cc:221] Handling call 0110 22:35:54.032840 (+133637us) spinlock_profiling.cc:244] Waited 131 ms on lock 0x7b50000712ac. stack: 00007fefad7f7bb3 00007fefad7f7ab0 00007fefad09f584 00007fefb6368694 00007fefb6368629 00007fefb4c90231 00007fefb4d01e15 00007fefb63e2b92 00007fefb0005e34 00007fefb0005d8d 00007fefb0005cac 00007fefb0005c1c 00007fefb0004c72 00007fefaf5fb76c 00007fefaf5fac46 00007fefaf5fa6db 0110 22:35:54.032977 (+ 137us) inbound_call.cc:162] Queueing success response Metrics: {"spinlock_wait_cycles":302014208}
I0110 22:35:54.050319 1199 raft_consensus.cc:479] T 492ad3c286b1460db7471b6b0d1406e0 P 8c1e2674152e42d58837cd7e6ce22257 [term 0 FOLLOWER]: Starting pre-election (no leader contacted us within the election timeout)
I0110 22:35:54.050726 1199 raft_consensus.cc:501] T 492ad3c286b1460db7471b6b0d1406e0 P 8c1e2674152e42d58837cd7e6ce22257 [term 0 FOLLOWER]: Starting pre-election with config: opid_index: -1 OBSOLETE_local: false peers { permanent_uuid: "191329c76027490f84db7a96fd5372b6" member_type: VOTER last_known_addr { host: "127.0.115.130" port: 35585 } } peers { permanent_uuid: "230bae04bca94f7989168f2ce71830fd" member_type: VOTER last_known_addr { host: "127.0.115.131" port: 34875 } } peers { permanent_uuid: "8c1e2674152e42d58837cd7e6ce22257" member_type: VOTER last_known_addr { host: "127.0.115.129" port: 41757 } }
I0110 22:35:54.052938 1199 leader_election.cc:293] T 492ad3c286b1460db7471b6b0d1406e0 P 8c1e2674152e42d58837cd7e6ce22257 [CANDIDATE]: Term 1 pre-election: Requested pre-vote from peers 191329c76027490f84db7a96fd5372b6 (127.0.115.130:35585), 230bae04bca94f7989168f2ce71830fd (127.0.115.131:34875)
I0110 22:35:54.054842 1198 leader_election.cc:293] T 492ad3c286b1460db7471b6b0d1406e0 P 230bae04bca94f7989168f2ce71830fd [CANDIDATE]: Term 1 pre-election: Requested pre-vote from peers 191329c76027490f84db7a96fd5372b6 (127.0.115.130:35585), 8c1e2674152e42d58837cd7e6ce22257 (127.0.115.129:41757)
W0110 22:35:54.061661 1166 tablet.cc:1793] T 492ad3c286b1460db7471b6b0d1406e0 P 230bae04bca94f7989168f2ce71830fd: Can't schedule compaction. Clean time has not been advanced past its initial value.
I0110 22:35:54.065448 995 tablet_service.cc:1319] Received RequestConsensusVote() RPC: tablet_id: "492ad3c286b1460db7471b6b0d1406e0" candidate_uuid: "230bae04bca94f7989168f2ce71830fd" candidate_term: 1 candidate_status { last_received { term: 0 index: 0 } } ignore_live_leader: false dest_uuid: "191329c76027490f84db7a96fd5372b6" is_pre_election: true
I0110 22:35:54.094214 1198 raft_consensus.cc:479] T 492ad3c286b1460db7471b6b0d1406e0 P 230bae04bca94f7989168f2ce71830fd [term 0 FOLLOWER]: Starting pre-election (no leader contacted us within the election timeout)
I0110 22:35:54.095647 1198 raft_consensus.cc:501] T 492ad3c286b1460db7471b6b0d1406e0 P 230bae04bca94f7989168f2ce71830fd [term 0 FOLLOWER]: Starting pre-election with config: opid_index: -1 OBSOLETE_local: false peers { permanent_uuid: "191329c76027490f84db7a96fd5372b6" member_type: VOTER last_known_addr { host: "127.0.115.130" port: 35585 } } peers { permanent_uuid: "230bae04bca94f7989168f2ce71830fd" member_type: VOTER last_known_addr { host: "127.0.115.131" port: 34875 } } peers { permanent_uuid: "8c1e2674152e42d58837cd7e6ce22257" member_type: VOTER last_known_addr { host: "127.0.115.129" port: 41757 } }
I0110 22:35:54.098261 1198 leader_election.cc:293] T 492ad3c286b1460db7471b6b0d1406e0 P 230bae04bca94f7989168f2ce71830fd [CANDIDATE]: Term 1 pre-election: Requested pre-vote from peers 191329c76027490f84db7a96fd5372b6 (127.0.115.130:35585), 8c1e2674152e42d58837cd7e6ce22257 (127.0.115.129:41757)
I0110 22:35:54.098196 995 tablet_service.cc:1319] Received RequestConsensusVote() RPC: tablet_id: "492ad3c286b1460db7471b6b0d1406e0" candidate_uuid: "230bae04bca94f7989168f2ce71830fd" candidate_term: 1 candidate_status { last_received { term: 0 index: 0 } } ignore_live_leader: false dest_uuid: "191329c76027490f84db7a96fd5372b6" is_pre_election: true
W0110 22:35:54.139515 1053 leader_election.cc:339] T 492ad3c286b1460db7471b6b0d1406e0 P 230bae04bca94f7989168f2ce71830fd [CANDIDATE]: Term 1 pre-election: RPC error from VoteRequest() call to peer 8c1e2674152e42d58837cd7e6ce22257 (127.0.115.129:41757): Timed out: connection negotiation to 127.0.115.129:41757 for RPC RequestConsensusVote timed out after 0.083s (ON_OUTBOUND_QUEUE)
I0110 22:35:54.139930 1053 leader_election.cc:307] T 492ad3c286b1460db7471b6b0d1406e0 P 230bae04bca94f7989168f2ce71830fd [CANDIDATE]: Term 1 pre-election: Election decided. Result: candidate lost. Election summary: received 3 responses out of 3 voters: 1 yes votes; 2 no votes. yes voters: 230bae04bca94f7989168f2ce71830fd; no voters: 191329c76027490f84db7a96fd5372b6, 8c1e2674152e42d58837cd7e6ce22257
I0110 22:35:54.141017 1198 raft_consensus.cc:2646] T 492ad3c286b1460db7471b6b0d1406e0 P 230bae04bca94f7989168f2ce71830fd [term 0 FOLLOWER]: Leader pre-election lost for term 1. Reason: could not achieve majority
I0110 22:35:54.147650 1199 raft_consensus.cc:479] T 492ad3c286b1460db7471b6b0d1406e0 P 8c1e2674152e42d58837cd7e6ce22257 [term 0 FOLLOWER]: Starting pre-election (no leader contacted us within the election timeout)
I0110 22:35:54.147965 1199 raft_consensus.cc:501] T 492ad3c286b1460db7471b6b0d1406e0 P 8c1e2674152e42d58837cd7e6ce22257 [term 0 FOLLOWER]: Starting pre-election with config: opid_index: -1 OBSOLETE_local: false peers { permanent_uuid: "191329c76027490f84db7a96fd5372b6" member_type: VOTER last_known_addr { host: "127.0.115.130" port: 35585 } } peers { permanent_uuid: "230bae04bca94f7989168f2ce71830fd" member_type: VOTER last_known_addr { host: "127.0.115.131" port: 34875 } } peers { permanent_uuid: "8c1e2674152e42d58837cd7e6ce22257" member_type: VOTER last_known_addr { host: "127.0.115.129" port: 41757 } }
I0110 22:35:54.150328 1199 leader_election.cc:293] T 492ad3c286b1460db7471b6b0d1406e0 P 8c1e2674152e42d58837cd7e6ce22257 [CANDIDATE]: Term 1 pre-election: Requested pre-vote from peers 191329c76027490f84db7a96fd5372b6 (127.0.115.130:35585), 230bae04bca94f7989168f2ce71830fd (127.0.115.131:34875)
W0110 22:35:53.942761 789 leader_election.cc:339] T 492ad3c286b1460db7471b6b0d1406e0 P 8c1e2674152e42d58837cd7e6ce22257 [CANDIDATE]: Term 1 pre-election: RPC error from VoteRequest() call to peer 191329c76027490f84db7a96fd5372b6 (127.0.115.130:35585): Timed out: RequestConsensusVote RPC to 127.0.115.130:35585 timed out after 0.091s (SENT)
W0110 22:35:54.156312 789 outbound_call.cc:287] RPC callback for RPC call kudu.consensus.ConsensusService.RequestConsensusVote -> {remote=127.0.115.130:35585, user_credentials={real_user=slave}} blocked reactor thread for 213710us
W0110 22:35:54.161792 789 leader_election.cc:339] T 492ad3c286b1460db7471b6b0d1406e0 P 8c1e2674152e42d58837cd7e6ce22257 [CANDIDATE]: Term 1 pre-election: RPC error from VoteRequest() call to peer 230bae04bca94f7989168f2ce71830fd (127.0.115.131:34875): Timed out: RequestConsensusVote RPC to 127.0.115.131:34875 timed out after 0.091s (SENT)
I0110 22:35:54.162135 789 leader_election.cc:307] T 492ad3c286b1460db7471b6b0d1406e0 P 8c1e2674152e42d58837cd7e6ce22257 [CANDIDATE]: Term 1 pre-election: Election decided. Result: candidate lost. Election summary: received 3 responses out of 3 voters: 1 yes votes; 2 no votes. yes voters: 8c1e2674152e42d58837cd7e6ce22257; no voters: 191329c76027490f84db7a96fd5372b6, 230bae04bca94f7989168f2ce71830fd
I0110 22:35:54.164182 995 tablet_service.cc:1319] Received RequestConsensusVote() RPC: tablet_id: "492ad3c286b1460db7471b6b0d1406e0" candidate_uuid: "8c1e2674152e42d58837cd7e6ce22257" candidate_term: 1 candidate_status { last_received { term: 0 index: 0 } } ignore_live_leader: false dest_uuid: "191329c76027490f84db7a96fd5372b6" is_pre_election: true
I0110 22:35:54.165469 1199 raft_consensus.cc:2646] T 492ad3c286b1460db7471b6b0d1406e0 P 8c1e2674152e42d58837cd7e6ce22257 [term 0 FOLLOWER]: Leader pre-election lost for term 1. Reason: could not achieve majority
I0110 22:35:54.166555 995 tablet_service.cc:1319] Received RequestConsensusVote() RPC: tablet_id: "492ad3c286b1460db7471b6b0d1406e0" candidate_uuid: "8c1e2674152e42d58837cd7e6ce22257" candidate_term: 1 candidate_status { last_received { term: 0 index: 0 } } ignore_live_leader: false dest_uuid: "191329c76027490f84db7a96fd5372b6" is_pre_election: true
I0110 22:35:54.168259 995 tablet_service.cc:1319] Received RequestConsensusVote() RPC: tablet_id: "492ad3c286b1460db7471b6b0d1406e0" candidate_uuid: "8c1e2674152e42d58837cd7e6ce22257" candidate_term: 1 candidate_status { last_received { term: 0 index: 0 } } ignore_live_leader: false dest_uuid: "191329c76027490f84db7a96fd5372b6" is_pre_election: true
I0110 22:35:54.171028 1122 tablet_service.cc:1319] Received RequestConsensusVote() RPC: tablet_id: "492ad3c286b1460db7471b6b0d1406e0" candidate_uuid: "8c1e2674152e42d58837cd7e6ce22257" candidate_term: 1 candidate_status { last_received { term: 0 index: 0 } } ignore_live_leader: false dest_uuid: "230bae04bca94f7989168f2ce71830fd" is_pre_election: true
I0110 22:35:54.171607 1122 raft_consensus.cc:2398] T 492ad3c286b1460db7471b6b0d1406e0 P 230bae04bca94f7989168f2ce71830fd [term 0 FOLLOWER]: Leader pre-election vote request: Granting yes vote for candidate 8c1e2674152e42d58837cd7e6ce22257 in term 0.
I0110 22:35:54.172745 1122 tablet_service.cc:1319] Received RequestConsensusVote() RPC: tablet_id: "492ad3c286b1460db7471b6b0d1406e0" candidate_uuid: "8c1e2674152e42d58837cd7e6ce22257" candidate_term: 1 candidate_status { last_received { term: 0 index: 0 } } ignore_live_leader: false dest_uuid: "230bae04bca94f7989168f2ce71830fd" is_pre_election: true
I0110 22:35:54.173228 1122 raft_consensus.cc:2398] T 492ad3c286b1460db7471b6b0d1406e0 P 230bae04bca94f7989168f2ce71830fd [term 0 FOLLOWER]: Leader pre-election vote request: Granting yes vote for candidate 8c1e2674152e42d58837cd7e6ce22257 in term 0.
I0110 22:35:54.175649 1122 tablet_service.cc:1319] Received RequestConsensusVote() RPC: tablet_id: "492ad3c286b1460db7471b6b0d1406e0" candidate_uuid: "8c1e2674152e42d58837cd7e6ce22257" candidate_term: 1 candidate_status { last_received { term: 0 index: 0 } } ignore_live_leader: false dest_uuid: "230bae04bca94f7989168f2ce71830fd" is_pre_election: true
I0110 22:35:54.176146 1122 raft_consensus.cc:2398] T 492ad3c286b1460db7471b6b0d1406e0 P 230bae04bca94f7989168f2ce71830fd [term 0 FOLLOWER]: Leader pre-election vote request: Granting yes vote for candidate 8c1e2674152e42d58837cd7e6ce22257 in term 0.
I0110 22:35:54.176990 789 leader_election.cc:307] T 492ad3c286b1460db7471b6b0d1406e0 P 8c1e2674152e42d58837cd7e6ce22257 [CANDIDATE]: Term 1 pre-election: Election decided. Result: candidate won. Election summary: received 3 responses out of 3 voters: 2 yes votes; 1 no votes. yes voters: 230bae04bca94f7989168f2ce71830fd, 8c1e2674152e42d58837cd7e6ce22257; no voters: 191329c76027490f84db7a96fd5372b6
I0110 22:35:54.177806 1199 raft_consensus.cc:2698] T 492ad3c286b1460db7471b6b0d1406e0 P 8c1e2674152e42d58837cd7e6ce22257 [term 0 FOLLOWER]: Leader pre-election won for term 1
I0110 22:35:54.178069 1199 raft_consensus.cc:479] T 492ad3c286b1460db7471b6b0d1406e0 P 8c1e2674152e42d58837cd7e6ce22257 [term 0 FOLLOWER]: Starting leader election (no leader contacted us within the election timeout)
I0110 22:35:54.178318 1199 raft_consensus.cc:2951] T 492ad3c286b1460db7471b6b0d1406e0 P 8c1e2674152e42d58837cd7e6ce22257 [term 0 FOLLOWER]: Advancing to term 1
I0110 22:35:53.884639 1202 raft_consensus.cc:479] T 492ad3c286b1460db7471b6b0d1406e0 P 191329c76027490f84db7a96fd5372b6 [term 0 FOLLOWER]: Starting pre-election (no leader contacted us within the election timeout)
I0110 22:35:54.178761 1202 raft_consensus.cc:501] T 492ad3c286b1460db7471b6b0d1406e0 P 191329c76027490f84db7a96fd5372b6 [term 0 FOLLOWER]: Starting pre-election with config: opid_index: -1 OBSOLETE_local: false peers { permanent_uuid: "191329c76027490f84db7a96fd5372b6" member_type: VOTER last_known_addr { host: "127.0.115.130" port: 35585 } } peers { permanent_uuid: "230bae04bca94f7989168f2ce71830fd" member_type: VOTER last_known_addr { host: "127.0.115.131" port: 34875 } } peers { permanent_uuid: "8c1e2674152e42d58837cd7e6ce22257" member_type: VOTER last_known_addr { host: "127.0.115.129" port: 41757 } }
I0110 22:35:54.179913 789 leader_election.cc:307] T 492ad3c286b1460db7471b6b0d1406e0 P 8c1e2674152e42d58837cd7e6ce22257 [CANDIDATE]: Term 1 pre-election: Election decided. Result: candidate won. Election summary: received 3 responses out of 3 voters: 2 yes votes; 1 no votes. yes voters: 230bae04bca94f7989168f2ce71830fd, 8c1e2674152e42d58837cd7e6ce22257; no voters: 191329c76027490f84db7a96fd5372b6
I0110 22:35:54.181146 869 tablet_service.cc:1319] Received RequestConsensusVote() RPC: tablet_id: "492ad3c286b1460db7471b6b0d1406e0" candidate_uuid: "230bae04bca94f7989168f2ce71830fd" candidate_term: 1 candidate_status { last_received { term: 0 index: 0 } } ignore_live_leader: false dest_uuid: "8c1e2674152e42d58837cd7e6ce22257" is_pre_election: true
I0110 22:35:54.182206 789 leader_election.cc:307] T 492ad3c286b1460db7471b6b0d1406e0 P 8c1e2674152e42d58837cd7e6ce22257 [CANDIDATE]: Term 1 pre-election: Election decided. Result: candidate won. Election summary: received 3 responses out of 3 voters: 2 yes votes; 1 no votes. yes voters: 230bae04bca94f7989168f2ce71830fd, 8c1e2674152e42d58837cd7e6ce22257; no voters: 191329c76027490f84db7a96fd5372b6
I0110 22:35:54.188591 996 raft_consensus.cc:2398] T 492ad3c286b1460db7471b6b0d1406e0 P 191329c76027490f84db7a96fd5372b6 [term 0 FOLLOWER]: Leader pre-election vote request: Granting yes vote for candidate 8c1e2674152e42d58837cd7e6ce22257 in term 0.
W0110 22:35:54.068815 913 tablet.cc:1793] T 492ad3c286b1460db7471b6b0d1406e0 P 8c1e2674152e42d58837cd7e6ce22257: Can't schedule compaction. Clean time has not been advanced past its initial value.
W0110 22:35:54.191834 996 rpcz_store.cc:253] Call kudu.consensus.ConsensusService.RequestConsensusVote from 127.0.115.129:57865 (request call id 1) took 298 ms (298 ms). Client timeout 91 ms (91 ms)
W0110 22:35:54.192708 996 rpcz_store.cc:259] Trace: 0110 22:35:53.893392 (+ 0us) service_pool.cc:162] Inserting onto call queue 0110 22:35:53.893501 (+ 109us) service_pool.cc:221] Handling call 0110 22:35:54.191708 (+298207us) spinlock_profiling.cc:244] Waited 287 ms on lock 0x7b50000812ac. stack: 00007f6ff5f14bb3 00007f6ff5f14ab0 00007f6ff57bc584 00007f6ffea85694 00007f6ffea85629 00007f6ffd3ad231 00007f6ffd41ee15 00007f6ffeaffb92 00007f6ff8722e34 00007f6ff8722d8d 00007f6ff8722cac 00007f6ff8722c1c 00007f6ff8721c72 00007f6ff7d1876c 00007f6ff7d17c46 00007f6ff7d176db 0110 22:35:54.191786 (+ 78us) inbound_call.cc:162] Queueing success response Metrics: {"spinlock_wait_cycles":660000128}
I0110 22:35:54.190161 1202 leader_election.cc:293] T 492ad3c286b1460db7471b6b0d1406e0 P 191329c76027490f84db7a96fd5372b6 [CANDIDATE]: Term 1 pre-election: Requested pre-vote from peers 230bae04bca94f7989168f2ce71830fd (127.0.115.131:34875), 8c1e2674152e42d58837cd7e6ce22257 (127.0.115.129:41757)
W0110 22:35:54.196527 1053 leader_election.cc:339] T 492ad3c286b1460db7471b6b0d1406e0 P 230bae04bca94f7989168f2ce71830fd [CANDIDATE]: Term 1 pre-election: RPC error from VoteRequest() call to peer 8c1e2674152e42d58837cd7e6ce22257 (127.0.115.129:41757): Timed out: RequestConsensusVote RPC to 127.0.115.129:41757 timed out after 0.097s (SENT)
I0110 22:35:54.196893 1053 leader_election.cc:307] T 492ad3c286b1460db7471b6b0d1406e0 P 230bae04bca94f7989168f2ce71830fd [CANDIDATE]: Term 1 pre-election: Election decided. Result: candidate lost. Election summary: received 3 responses out of 3 voters: 1 yes votes; 2 no votes. yes voters: 230bae04bca94f7989168f2ce71830fd; no voters: 191329c76027490f84db7a96fd5372b6, 8c1e2674152e42d58837cd7e6ce22257
I0110 22:35:54.197896 1198 raft_consensus.cc:2646] T 492ad3c286b1460db7471b6b0d1406e0 P 230bae04bca94f7989168f2ce71830fd [term 0 FOLLOWER]: Leader pre-election lost for term 1. Reason: could not achieve majority
W0110 22:35:53.958961 1040 tablet.cc:1793] T 492ad3c286b1460db7471b6b0d1406e0 P 191329c76027490f84db7a96fd5372b6: Can't schedule compaction. Clean time has not been advanced past its initial value.
I0110 22:35:54.252355 1122 tablet_service.cc:1319] Received RequestConsensusVote() RPC: tablet_id: "492ad3c286b1460db7471b6b0d1406e0" candidate_uuid: "191329c76027490f84db7a96fd5372b6" candidate_term: 1 candidate_status { last_received { term: 0 index: 0 } } ignore_live_leader: false dest_uuid: "230bae04bca94f7989168f2ce71830fd" is_pre_election: true
I0110 22:35:54.252941 1122 raft_consensus.cc:2398] T 492ad3c286b1460db7471b6b0d1406e0 P 230bae04bca94f7989168f2ce71830fd [term 0 FOLLOWER]: Leader pre-election vote request: Granting yes vote for candidate 191329c76027490f84db7a96fd5372b6 in term 0.
I0110 22:35:54.254011 925 leader_election.cc:307] T 492ad3c286b1460db7471b6b0d1406e0 P 191329c76027490f84db7a96fd5372b6 [CANDIDATE]: Term 1 pre-election: Election decided. Result: candidate won. Election summary: received 2 responses out of 3 voters: 2 yes votes; 0 no votes. yes voters: 191329c76027490f84db7a96fd5372b6, 230bae04bca94f7989168f2ce71830fd; no voters:
I0110 22:35:54.254880 1202 raft_consensus.cc:2698] T 492ad3c286b1460db7471b6b0d1406e0 P 191329c76027490f84db7a96fd5372b6 [term 0 FOLLOWER]: Leader pre-election won for term 1
I0110 22:35:54.255134 1202 raft_consensus.cc:479] T 492ad3c286b1460db7471b6b0d1406e0 P 191329c76027490f84db7a96fd5372b6 [term 0 FOLLOWER]: Starting leader election (no leader contacted us within the election timeout)
I0110 22:35:54.255390 1202 raft_consensus.cc:2951] T 492ad3c286b1460db7471b6b0d1406e0 P 191329c76027490f84db7a96fd5372b6 [term 0 FOLLOWER]: Advancing to term 1
I0110 22:35:54.256701 868 tablet_service.cc:1319] Received RequestConsensusVote() RPC: tablet_id: "492ad3c286b1460db7471b6b0d1406e0" candidate_uuid: "191329c76027490f84db7a96fd5372b6" candidate_term: 1 candidate_status { last_received { term: 0 index: 0 } } ignore_live_leader: false dest_uuid: "8c1e2674152e42d58837cd7e6ce22257" is_pre_election: true
I0110 22:35:54.338465 1199 raft_consensus.cc:501] T 492ad3c286b1460db7471b6b0d1406e0 P 8c1e2674152e42d58837cd7e6ce22257 [term 1 FOLLOWER]: Starting leader election with config: opid_index: -1 OBSOLETE_local: false peers { permanent_uuid: "191329c76027490f84db7a96fd5372b6" member_type: VOTER last_known_addr { host: "127.0.115.130" port: 35585 } } peers { permanent_uuid: "230bae04bca94f7989168f2ce71830fd" member_type: VOTER last_known_addr { host: "127.0.115.131" port: 34875 } } peers { permanent_uuid: "8c1e2674152e42d58837cd7e6ce22257" member_type: VOTER last_known_addr { host: "127.0.115.129" port: 41757 } }
I0110 22:35:54.339607 869 raft_consensus.cc:2323] T 492ad3c286b1460db7471b6b0d1406e0 P 8c1e2674152e42d58837cd7e6ce22257 [term 1 FOLLOWER]: Leader pre-election vote request: Denying vote to candidate 230bae04bca94f7989168f2ce71830fd in current term 1: Already voted for candidate 8c1e2674152e42d58837cd7e6ce22257 in this term.
I0110 22:35:54.339927 1197 raft_consensus.cc:2661] T 492ad3c286b1460db7471b6b0d1406e0 P 8c1e2674152e42d58837cd7e6ce22257 [term 1 FOLLOWER]: Leader pre-election decision vote started in defunct term 0: won
W0110 22:35:54.340386 869 rpcz_store.cc:253] Call kudu.consensus.ConsensusService.RequestConsensusVote from 127.0.115.131:45331 (request call id 2) took 160 ms (160 ms). Client timeout 97 ms (97 ms)
I0110 22:35:54.340811 1206 raft_consensus.cc:2661] T 492ad3c286b1460db7471b6b0d1406e0 P 8c1e2674152e42d58837cd7e6ce22257 [term 1 FOLLOWER]: Leader pre-election decision vote started in defunct term 0: won
I0110 22:35:54.341764 1209 raft_consensus.cc:479] T 492ad3c286b1460db7471b6b0d1406e0 P 8c1e2674152e42d58837cd7e6ce22257 [term 1 FOLLOWER]: Starting pre-election (no leader contacted us within the election timeout)
W0110 22:35:54.342628 869 rpcz_store.cc:259] Trace: 0110 22:35:54.179638 (+ 0us) service_pool.cc:162] Inserting onto call queue 0110 22:35:54.179784 (+ 146us) service_pool.cc:221] Handling call 0110 22:35:54.340204 (+160420us) spinlock_profiling.cc:244] Waited 158 ms on lock 0x7b50000812ac. stack: 00007f989314dbb3 00007f989314dab0 00007f98929f5584 00007f989bcbe694 00007f989bcbe629 00007f989a5e6231 00007f989a657e15 00007f989bd38b92 00007f989595be34 00007f989595bd8d 00007f989595bcac 00007f989595bc1c 00007f989595ac72 00007f9894f5176c 00007f9894f50c46 00007f9894f506db 0110 22:35:54.340333 (+ 129us) inbound_call.cc:162] Queueing success response Metrics: {"spinlock_wait_cycles":362561920}
I0110 22:35:54.342659 1199 leader_election.cc:293] T 492ad3c286b1460db7471b6b0d1406e0 P 8c1e2674152e42d58837cd7e6ce22257 [CANDIDATE]: Term 1 election: Requested vote from peers 191329c76027490f84db7a96fd5372b6 (127.0.115.130:35585), 230bae04bca94f7989168f2ce71830fd (127.0.115.131:34875)
I0110 22:35:54.343951 1122 tablet_service.cc:1319] Received RequestConsensusVote() RPC: tablet_id: "492ad3c286b1460db7471b6b0d1406e0" candidate_uuid: "8c1e2674152e42d58837cd7e6ce22257" candidate_term: 1 candidate_status { last_received { term: 0 index: 0 } } ignore_live_leader: false dest_uuid: "230bae04bca94f7989168f2ce71830fd"
I0110 22:35:54.342170 1209 raft_consensus.cc:501] T 492ad3c286b1460db7471b6b0d1406e0 P 8c1e2674152e42d58837cd7e6ce22257 [term 1 FOLLOWER]: Starting pre-election with config: opid_index: -1 OBSOLETE_local: false peers { permanent_uuid: "191329c76027490f84db7a96fd5372b6" member_type: VOTER last_known_addr { host: "127.0.115.130" port: 35585 } } peers { permanent_uuid: "230bae04bca94f7989168f2ce71830fd" member_type: VOTER last_known_addr { host: "127.0.115.131" port: 34875 } } peers { permanent_uuid: "8c1e2674152e42d58837cd7e6ce22257" member_type: VOTER last_known_addr { host: "127.0.115.129" port: 41757 } }
I0110 22:35:54.344012 996 tablet_service.cc:1319] Received RequestConsensusVote() RPC: tablet_id: "492ad3c286b1460db7471b6b0d1406e0" candidate_uuid: "8c1e2674152e42d58837cd7e6ce22257" candidate_term: 1 candidate_status { last_received { term: 0 index: 0 } } ignore_live_leader: false dest_uuid: "191329c76027490f84db7a96fd5372b6"
I0110 22:35:54.347193 1209 leader_election.cc:293] T 492ad3c286b1460db7471b6b0d1406e0 P 8c1e2674152e42d58837cd7e6ce22257 [CANDIDATE]: Term 2 pre-election: Requested pre-vote from peers 191329c76027490f84db7a96fd5372b6 (127.0.115.130:35585), 230bae04bca94f7989168f2ce71830fd (127.0.115.131:34875)
I0110 22:35:54.347451 1122 raft_consensus.cc:2951] T 492ad3c286b1460db7471b6b0d1406e0 P 230bae04bca94f7989168f2ce71830fd [term 0 FOLLOWER]: Advancing to term 1
I0110 22:35:54.348505 1121 tablet_service.cc:1319] Received RequestConsensusVote() RPC: tablet_id: "492ad3c286b1460db7471b6b0d1406e0" candidate_uuid: "8c1e2674152e42d58837cd7e6ce22257" candidate_term: 2 candidate_status { last_received { term: 0 index: 0 } } ignore_live_leader: false dest_uuid: "230bae04bca94f7989168f2ce71830fd" is_pre_election: true
I0110 22:35:54.348639 995 tablet_service.cc:1319] Received RequestConsensusVote() RPC: tablet_id: "492ad3c286b1460db7471b6b0d1406e0" candidate_uuid: "8c1e2674152e42d58837cd7e6ce22257" candidate_term: 2 candidate_status { last_received { term: 0 index: 0 } } ignore_live_leader: false dest_uuid: "191329c76027490f84db7a96fd5372b6" is_pre_election: true
I0110 22:35:54.352228 789 leader_election.cc:307] T 492ad3c286b1460db7471b6b0d1406e0 P 8c1e2674152e42d58837cd7e6ce22257 [CANDIDATE]: Term 2 pre-election: Election decided. Result: candidate lost. Election summary: received 3 responses out of 3 voters: 1 yes votes; 2 no votes. yes voters: 8c1e2674152e42d58837cd7e6ce22257; no voters: 191329c76027490f84db7a96fd5372b6, 230bae04bca94f7989168f2ce71830fd
I0110 22:35:54.353847 1209 raft_consensus.cc:2646] T 492ad3c286b1460db7471b6b0d1406e0 P 8c1e2674152e42d58837cd7e6ce22257 [term 1 FOLLOWER]: Leader pre-election lost for term 2. Reason: could not achieve majority
I0110 22:35:54.435202 1209 raft_consensus.cc:479] T 492ad3c286b1460db7471b6b0d1406e0 P 8c1e2674152e42d58837cd7e6ce22257 [term 1 FOLLOWER]: Starting pre-election (no leader contacted us within the election timeout)
I0110 22:35:54.435518 1209 raft_consensus.cc:501] T 492ad3c286b1460db7471b6b0d1406e0 P 8c1e2674152e42d58837cd7e6ce22257 [term 1 FOLLOWER]: Starting pre-election with config: opid_index: -1 OBSOLETE_local: false peers { permanent_uuid: "191329c76027490f84db7a96fd5372b6" member_type: VOTER last_known_addr { host: "127.0.115.130" port: 35585 } } peers { permanent_uuid: "230bae04bca94f7989168f2ce71830fd" member_type: VOTER last_known_addr { host: "127.0.115.131" port: 34875 } } peers { permanent_uuid: "8c1e2674152e42d58837cd7e6ce22257" member_type: VOTER last_known_addr { host: "127.0.115.129" port: 41757 } }
I0110 22:35:54.437363 1209 leader_election.cc:293] T 492ad3c286b1460db7471b6b0d1406e0 P 8c1e2674152e42d58837cd7e6ce22257 [CANDIDATE]: Term 2 pre-election: Requested pre-vote from peers 191329c76027490f84db7a96fd5372b6 (127.0.115.130:35585), 230bae04bca94f7989168f2ce71830fd (127.0.115.131:34875)
I0110 22:35:54.438244 995 tablet_service.cc:1319] Received RequestConsensusVote() RPC: tablet_id: "492ad3c286b1460db7471b6b0d1406e0" candidate_uuid: "8c1e2674152e42d58837cd7e6ce22257" candidate_term: 2 candidate_status { last_received { term: 0 index: 0 } } ignore_live_leader: false dest_uuid: "191329c76027490f84db7a96fd5372b6" is_pre_election: true
I0110 22:35:54.438352 1121 tablet_service.cc:1319] Received RequestConsensusVote() RPC: tablet_id: "492ad3c286b1460db7471b6b0d1406e0" candidate_uuid: "8c1e2674152e42d58837cd7e6ce22257" candidate_term: 2 candidate_status { last_received { term: 0 index: 0 } } ignore_live_leader: false dest_uuid: "230bae04bca94f7989168f2ce71830fd" is_pre_election: true
I0110 22:35:54.439651 789 leader_election.cc:307] T 492ad3c286b1460db7471b6b0d1406e0 P 8c1e2674152e42d58837cd7e6ce22257 [CANDIDATE]: Term 2 pre-election: Election decided. Result: candidate lost. Election summary: received 3 responses out of 3 voters: 1 yes votes; 2 no votes. yes voters: 8c1e2674152e42d58837cd7e6ce22257; no voters: 191329c76027490f84db7a96fd5372b6, 230bae04bca94f7989168f2ce71830fd
I0110 22:35:54.440237 1209 raft_consensus.cc:2646] T 492ad3c286b1460db7471b6b0d1406e0 P 8c1e2674152e42d58837cd7e6ce22257 [term 1 FOLLOWER]: Leader pre-election lost for term 2. Reason: could not achieve majority
W0110 22:35:54.458815 789 leader_election.cc:339] T 492ad3c286b1460db7471b6b0d1406e0 P 8c1e2674152e42d58837cd7e6ce22257 [CANDIDATE]: Term 1 election: RPC error from VoteRequest() call to peer 191329c76027490f84db7a96fd5372b6 (127.0.115.130:35585): Timed out: RequestConsensusVote RPC to 127.0.115.130:35585 timed out after 0.117s (SENT)
W0110 22:35:54.460445 789 leader_election.cc:339] T 492ad3c286b1460db7471b6b0d1406e0 P 8c1e2674152e42d58837cd7e6ce22257 [CANDIDATE]: Term 1 election: RPC error from VoteRequest() call to peer 230bae04bca94f7989168f2ce71830fd (127.0.115.131:34875): Timed out: RequestConsensusVote RPC to 127.0.115.131:34875 timed out after 0.117s (SENT)
I0110 22:35:54.460697 789 leader_election.cc:307] T 492ad3c286b1460db7471b6b0d1406e0 P 8c1e2674152e42d58837cd7e6ce22257 [CANDIDATE]: Term 1 election: Election decided. Result: candidate lost. Election summary: received 3 responses out of 3 voters: 1 yes votes; 2 no votes. yes voters: 8c1e2674152e42d58837cd7e6ce22257; no voters: 191329c76027490f84db7a96fd5372b6, 230bae04bca94f7989168f2ce71830fd
I0110 22:35:54.461357 1209 raft_consensus.cc:2646] T 492ad3c286b1460db7471b6b0d1406e0 P 8c1e2674152e42d58837cd7e6ce22257 [term 1 FOLLOWER]: Leader election lost for term 1. Reason: could not achieve majority
I0110 22:35:54.654294 1209 raft_consensus.cc:479] T 492ad3c286b1460db7471b6b0d1406e0 P 8c1e2674152e42d58837cd7e6ce22257 [term 1 FOLLOWER]: Starting pre-election (no leader contacted us within the election timeout)
I0110 22:35:54.654701 1209 raft_consensus.cc:501] T 492ad3c286b1460db7471b6b0d1406e0 P 8c1e2674152e42d58837cd7e6ce22257 [term 1 FOLLOWER]: Starting pre-election with config: opid_index: -1 OBSOLETE_local: false peers { permanent_uuid: "191329c76027490f84db7a96fd5372b6" member_type: VOTER last_known_addr { host: "127.0.115.130" port: 35585 } } peers { permanent_uuid: "230bae04bca94f7989168f2ce71830fd" member_type: VOTER last_known_addr { host: "127.0.115.131" port: 34875 } } peers { permanent_uuid: "8c1e2674152e42d58837cd7e6ce22257" member_type: VOTER last_known_addr { host: "127.0.115.129" port: 41757 } }
I0110 22:35:54.656402 1209 leader_election.cc:293] T 492ad3c286b1460db7471b6b0d1406e0 P 8c1e2674152e42d58837cd7e6ce22257 [CANDIDATE]: Term 2 pre-election: Requested pre-vote from peers 191329c76027490f84db7a96fd5372b6 (127.0.115.130:35585), 230bae04bca94f7989168f2ce71830fd (127.0.115.131:34875)
I0110 22:35:54.657065 995 tablet_service.cc:1319] Received RequestConsensusVote() RPC: tablet_id: "492ad3c286b1460db7471b6b0d1406e0" candidate_uuid: "8c1e2674152e42d58837cd7e6ce22257" candidate_term: 2 candidate_status { last_received { term: 0 index: 0 } } ignore_live_leader: false dest_uuid: "191329c76027490f84db7a96fd5372b6" is_pre_election: true
I0110 22:35:54.657373 1121 tablet_service.cc:1319] Received RequestConsensusVote() RPC: tablet_id: "492ad3c286b1460db7471b6b0d1406e0" candidate_uuid: "8c1e2674152e42d58837cd7e6ce22257" candidate_term: 2 candidate_status { last_received { term: 0 index: 0 } } ignore_live_leader: false dest_uuid: "230bae04bca94f7989168f2ce71830fd" is_pre_election: true
I0110 22:35:54.658517 789 leader_election.cc:307] T 492ad3c286b1460db7471b6b0d1406e0 P 8c1e2674152e42d58837cd7e6ce22257 [CANDIDATE]: Term 2 pre-election: Election decided. Result: candidate lost. Election summary: received 3 responses out of 3 voters: 1 yes votes; 2 no votes. yes voters: 8c1e2674152e42d58837cd7e6ce22257; no voters: 191329c76027490f84db7a96fd5372b6, 230bae04bca94f7989168f2ce71830fd
I0110 22:35:54.659085 1209 raft_consensus.cc:2646] T 492ad3c286b1460db7471b6b0d1406e0 P 8c1e2674152e42d58837cd7e6ce22257 [term 1 FOLLOWER]: Leader pre-election lost for term 2. Reason: could not achieve majority
I0110 22:35:54.977778 1209 raft_consensus.cc:479] T 492ad3c286b1460db7471b6b0d1406e0 P 8c1e2674152e42d58837cd7e6ce22257 [term 1 FOLLOWER]: Starting pre-election (no leader contacted us within the election timeout)
I0110 22:35:54.978137 1209 raft_consensus.cc:501] T 492ad3c286b1460db7471b6b0d1406e0 P 8c1e2674152e42d58837cd7e6ce22257 [term 1 FOLLOWER]: Starting pre-election with config: opid_index: -1 OBSOLETE_local: false peers { permanent_uuid: "191329c76027490f84db7a96fd5372b6" member_type: VOTER last_known_addr { host: "127.0.115.130" port: 35585 } } peers { permanent_uuid: "230bae04bca94f7989168f2ce71830fd" member_type: VOTER last_known_addr { host: "127.0.115.131" port: 34875 } } peers { permanent_uuid: "8c1e2674152e42d58837cd7e6ce22257" member_type: VOTER last_known_addr { host: "127.0.115.129" port: 41757 } }
I0110 22:35:54.979496 1209 leader_election.cc:293] T 492ad3c286b1460db7471b6b0d1406e0 P 8c1e2674152e42d58837cd7e6ce22257 [CANDIDATE]: Term 2 pre-election: Requested pre-vote from peers 191329c76027490f84db7a96fd5372b6 (127.0.115.130:35585), 230bae04bca94f7989168f2ce71830fd (127.0.115.131:34875)
I0110 22:35:54.980422 995 tablet_service.cc:1319] Received RequestConsensusVote() RPC: tablet_id: "492ad3c286b1460db7471b6b0d1406e0" candidate_uuid: "8c1e2674152e42d58837cd7e6ce22257" candidate_term: 2 candidate_status { last_received { term: 0 index: 0 } } ignore_live_leader: false dest_uuid: "191329c76027490f84db7a96fd5372b6" is_pre_election: true
I0110 22:35:54.980592 1121 tablet_service.cc:1319] Received RequestConsensusVote() RPC: tablet_id: "492ad3c286b1460db7471b6b0d1406e0" candidate_uuid: "8c1e2674152e42d58837cd7e6ce22257" candidate_term: 2 candidate_status { last_received { term: 0 index: 0 } } ignore_live_leader: false dest_uuid: "230bae04bca94f7989168f2ce71830fd" is_pre_election: true
I0110 22:35:54.981834 789 leader_election.cc:307] T 492ad3c286b1460db7471b6b0d1406e0 P 8c1e2674152e42d58837cd7e6ce22257 [CANDIDATE]: Term 2 pre-election: Election decided. Result: candidate lost. Election summary: received 3 responses out of 3 voters: 1 yes votes; 2 no votes. yes voters: 8c1e2674152e42d58837cd7e6ce22257; no voters: 191329c76027490f84db7a96fd5372b6, 230bae04bca94f7989168f2ce71830fd
I0110 22:35:54.982482 1209 raft_consensus.cc:2646] T 492ad3c286b1460db7471b6b0d1406e0 P 8c1e2674152e42d58837cd7e6ce22257 [term 1 FOLLOWER]: Leader pre-election lost for term 2. Reason: could not achieve majority
W0110 22:35:55.130470 1122 consensus_meta.cc:220] T 492ad3c286b1460db7471b6b0d1406e0 P 230bae04bca94f7989168f2ce71830fd: Time spent flushing consensus metadata: real 0.782s user 0.005s sys 0.003s
W0110 22:35:55.130467 1202 consensus_meta.cc:220] T 492ad3c286b1460db7471b6b0d1406e0 P 191329c76027490f84db7a96fd5372b6: Time spent flushing consensus metadata: real 0.875s user 0.004s sys 0.003s
I0110 22:35:55.130715 1122 raft_consensus.cc:2398] T 492ad3c286b1460db7471b6b0d1406e0 P 230bae04bca94f7989168f2ce71830fd [term 1 FOLLOWER]: Leader election vote request: Granting yes vote for candidate 8c1e2674152e42d58837cd7e6ce22257 in term 1.
I0110 22:35:55.131022 1198 raft_consensus.cc:479] T 492ad3c286b1460db7471b6b0d1406e0 P 230bae04bca94f7989168f2ce71830fd [term 1 FOLLOWER]: Starting pre-election (no leader contacted us within the election timeout)
I0110 22:35:55.130751 1202 raft_consensus.cc:501] T 492ad3c286b1460db7471b6b0d1406e0 P 191329c76027490f84db7a96fd5372b6 [term 1 FOLLOWER]: Starting leader election with config: opid_index: -1 OBSOLETE_local: false peers { permanent_uuid: "191329c76027490f84db7a96fd5372b6" member_type: VOTER last_known_addr { host: "127.0.115.130" port: 35585 } } peers { permanent_uuid: "230bae04bca94f7989168f2ce71830fd" member_type: VOTER last_known_addr { host: "127.0.115.131" port: 34875 } } peers { permanent_uuid: "8c1e2674152e42d58837cd7e6ce22257" member_type: VOTER last_known_addr { host: "127.0.115.129" port: 41757 } }
W0110 22:35:55.131103 1122 rpcz_store.cc:253] Call kudu.consensus.ConsensusService.RequestConsensusVote from 127.0.115.129:47329 (request call id 5) took 787 ms (787 ms). Client timeout 117 ms (117 ms)
W0110 22:35:55.131772 1122 rpcz_store.cc:259] Trace: 0110 22:35:54.343572 (+ 0us) service_pool.cc:162] Inserting onto call queue 0110 22:35:54.343694 (+ 122us) service_pool.cc:221] Handling call 0110 22:35:55.131045 (+787351us) inbound_call.cc:162] Queueing success response Metrics: {}
I0110 22:35:55.131358 1198 raft_consensus.cc:501] T 492ad3c286b1460db7471b6b0d1406e0 P 230bae04bca94f7989168f2ce71830fd [term 1 FOLLOWER]: Starting pre-election with config: opid_index: -1 OBSOLETE_local: false peers { permanent_uuid: "191329c76027490f84db7a96fd5372b6" member_type: VOTER last_known_addr { host: "127.0.115.130" port: 35585 } } peers { permanent_uuid: "230bae04bca94f7989168f2ce71830fd" member_type: VOTER last_known_addr { host: "127.0.115.131" port: 34875 } } peers { permanent_uuid: "8c1e2674152e42d58837cd7e6ce22257" member_type: VOTER last_known_addr { host: "127.0.115.129" port: 41757 } }
I0110 22:35:55.134145 1202 leader_election.cc:293] T 492ad3c286b1460db7471b6b0d1406e0 P 191329c76027490f84db7a96fd5372b6 [CANDIDATE]: Term 1 election: Requested vote from peers 230bae04bca94f7989168f2ce71830fd (127.0.115.131:34875), 8c1e2674152e42d58837cd7e6ce22257 (127.0.115.129:41757)
I0110 22:35:55.134690 1203 raft_consensus.cc:479] T 492ad3c286b1460db7471b6b0d1406e0 P 191329c76027490f84db7a96fd5372b6 [term 1 FOLLOWER]: Starting pre-election (no leader contacted us within the election timeout)
I0110 22:35:55.135059 1203 raft_consensus.cc:501] T 492ad3c286b1460db7471b6b0d1406e0 P 191329c76027490f84db7a96fd5372b6 [term 1 FOLLOWER]: Starting pre-election with config: opid_index: -1 OBSOLETE_local: false peers { permanent_uuid: "191329c76027490f84db7a96fd5372b6" member_type: VOTER last_known_addr { host: "127.0.115.130" port: 35585 } } peers { permanent_uuid: "230bae04bca94f7989168f2ce71830fd" member_type: VOTER last_known_addr { host: "127.0.115.131" port: 34875 } } peers { permanent_uuid: "8c1e2674152e42d58837cd7e6ce22257" member_type: VOTER last_known_addr { host: "127.0.115.129" port: 41757 } }
I0110 22:35:55.135720 1122 tablet_service.cc:1319] Received RequestConsensusVote() RPC: tablet_id: "492ad3c286b1460db7471b6b0d1406e0" candidate_uuid: "191329c76027490f84db7a96fd5372b6" candidate_term: 1 candidate_status { last_received { term: 0 index: 0 } } ignore_live_leader: false dest_uuid: "230bae04bca94f7989168f2ce71830fd"
I0110 22:35:55.135710 869 tablet_service.cc:1319] Received RequestConsensusVote() RPC: tablet_id: "492ad3c286b1460db7471b6b0d1406e0" candidate_uuid: "191329c76027490f84db7a96fd5372b6" candidate_term: 1 candidate_status { last_received { term: 0 index: 0 } } ignore_live_leader: false dest_uuid: "8c1e2674152e42d58837cd7e6ce22257"
I0110 22:35:55.136370 1122 raft_consensus.cc:2323] T 492ad3c286b1460db7471b6b0d1406e0 P 230bae04bca94f7989168f2ce71830fd [term 1 FOLLOWER]: Leader election vote request: Denying vote to candidate 191329c76027490f84db7a96fd5372b6 in current term 1: Already voted for candidate 8c1e2674152e42d58837cd7e6ce22257 in this term.
I0110 22:35:55.136401 869 raft_consensus.cc:2323] T 492ad3c286b1460db7471b6b0d1406e0 P 8c1e2674152e42d58837cd7e6ce22257 [term 1 FOLLOWER]: Leader election vote request: Denying vote to candidate 191329c76027490f84db7a96fd5372b6 in current term 1: Already voted for candidate 8c1e2674152e42d58837cd7e6ce22257 in this term.
I0110 22:35:55.137086 1203 leader_election.cc:293] T 492ad3c286b1460db7471b6b0d1406e0 P 191329c76027490f84db7a96fd5372b6 [CANDIDATE]: Term 2 pre-election: Requested pre-vote from peers 230bae04bca94f7989168f2ce71830fd (127.0.115.131:34875), 8c1e2674152e42d58837cd7e6ce22257 (127.0.115.129:41757)
I0110 22:35:55.137636 996 raft_consensus.cc:2323] T 492ad3c286b1460db7471b6b0d1406e0 P 191329c76027490f84db7a96fd5372b6 [term 1 FOLLOWER]: Leader election vote request: Denying vote to candidate 8c1e2674152e42d58837cd7e6ce22257 in current term 1: Already voted for candidate 191329c76027490f84db7a96fd5372b6 in this term.
W0110 22:35:55.138217 996 rpcz_store.cc:253] Call kudu.consensus.ConsensusService.RequestConsensusVote from 127.0.115.129:57865 (request call id 5) took 795 ms (795 ms). Client timeout 117 ms (117 ms)
W0110 22:35:55.139091 996 rpcz_store.cc:259] Trace: 0110 22:35:54.342612 (+ 0us) service_pool.cc:162] Inserting onto call queue 0110 22:35:54.343764 (+ 1152us) service_pool.cc:221] Handling call 0110 22:35:55.138049 (+794285us) spinlock_profiling.cc:244] Waited 793 ms on lock 0x7b50000812ac. stack: 00007f6ff5f14bb3 00007f6ff5f14ab0 00007f6ff57bc584 00007f6ffea85694 00007f6ffea85629 00007f6ffd3ad231 00007f6ffd41ee15 00007f6ffeaffb92 00007f6ff8722e34 00007f6ff8722d8d 00007f6ff8722cac 00007f6ff8722c1c 00007f6ff8721c72 00007f6ff7d1876c 00007f6ff7d17c46 00007f6ff7d176db 0110 22:35:55.138159 (+ 110us) inbound_call.cc:162] Queueing success response Metrics: {"spinlock_wait_cycles":1823771904}
