I0110 22:35:46.244884 683 batcher.cc:799] Result: tablet_id = e2eec0c9b766478ca568b8ccb01f7685
I0110 22:35:46.245084 705 batcher.cc:859] FlushBuffersIfReady: batcher not yet in flushing state
I0110 22:35:46.245270 683 batcher.cc:859] FlushBuffersIfReady: batcher not yet in flushing state
W0110 22:35:46.245165 681 outbound_call.cc:287] RPC callback for RPC call kudu.master.MasterService.GetTableLocations -> {remote=127.0.115.190:34625, user_credentials={real_user=slave}} blocked reactor thread for 68155.3us
I0110 22:35:46.245395 703 batcher.cc:723] Looking up tablet for op[state=1, write_op=INSERT int32 key=1088595650, int32 int_val=-35922359, string string_val="5ef677070e00f8e5"]
I0110 22:35:46.245505 705 batcher.cc:723] Looking up tablet for op[state=1, write_op=INSERT int32 key=1217642692, int32 int_val=-1171730162, string string_val="549235aa9602ae8d"]
I0110 22:35:46.245716 703 batcher.cc:796] TabletLookupFinished for op[state=1, write_op=INSERT int32 key=1088595650, int32 int_val=-35922359, string string_val="5ef677070e00f8e5"]: OK
I0110 22:35:46.245698 683 batcher.cc:796] TabletLookupFinished for op[state=1, write_op=INSERT int32 key=990135457, int32 int_val=2095735924, string string_val="be689b938b7c2176"]: OK
I0110 22:35:46.245838 705 batcher.cc:796] TabletLookupFinished for op[state=1, write_op=INSERT int32 key=1217642692, int32 int_val=-1171730162, string string_val="549235aa9602ae8d"]: OK
I0110 22:35:46.245812 681 outbound_call.cc:212] OutboundCall 0x7b5000081600 (RPC call kudu.master.MasterService.GetTableLocations -> {remote=127.0.115.190:34625, user_credentials={real_user=slave}}) switching from READY to ON_OUTBOUND_QUEUE
I0110 22:35:46.246016 703 batcher.cc:799] Result: tablet_id = e2eec0c9b766478ca568b8ccb01f7685
I0110 22:35:46.246114 705 batcher.cc:799] Result: tablet_id = e2eec0c9b766478ca568b8ccb01f7685
I0110 22:35:46.246107 683 batcher.cc:799] Result: tablet_id = e2eec0c9b766478ca568b8ccb01f7685
I0110 22:35:46.246225 703 batcher.cc:859] FlushBuffersIfReady: batcher not yet in flushing state
I0110 22:35:46.246487 702 batcher.cc:796] TabletLookupFinished for op[state=1, write_op=INSERT int32 key=1695952170, int32 int_val=-1635516977, string string_val="9938805e18e75083"]: OK
I0110 22:35:46.246515 704 batcher.cc:796] TabletLookupFinished for op[state=1, write_op=INSERT int32 key=1511675274, int32 int_val=-27202109, string string_val="785fd24535cb99da"]: OK
I0110 22:35:46.246774 702 batcher.cc:799] Result: tablet_id = e2eec0c9b766478ca568b8ccb01f7685
I0110 22:35:46.246688 703 batcher.cc:723] Looking up tablet for op[state=1, write_op=INSERT int32 key=282423597, int32 int_val=-1570203620, string string_val="016e1a0b46df91d1"]
I0110 22:35:46.246304 705 batcher.cc:859] FlushBuffersIfReady: batcher not yet in flushing state
I0110 22:35:46.246994 683 batcher.cc:859] FlushBuffersIfReady: batcher not yet in flushing state
I0110 22:35:46.246781 704 batcher.cc:799] Result: tablet_id = e2eec0c9b766478ca568b8ccb01f7685
I0110 22:35:46.247552 682 batcher.cc:796] TabletLookupFinished for op[state=1, write_op=INSERT int32 key=1148859128, int32 int_val=-890761812, string string_val="e7981b8b6670adf7"]: OK
I0110 22:35:46.247684 683 batcher.cc:796] TabletLookupFinished for op[state=1, write_op=INSERT int32 key=787465480, int32 int_val=1027134371, string string_val="d59230e86191b4d0"]: OK
I0110 22:35:46.247906 682 batcher.cc:799] Result: tablet_id = e2eec0c9b766478ca568b8ccb01f7685
I0110 22:35:46.248103 683 batcher.cc:799] Result: tablet_id = e2eec0c9b766478ca568b8ccb01f7685
I0110 22:35:46.248189 705 batcher.cc:723] Looking up tablet for op[state=1, write_op=INSERT int32 key=1569337445, int32 int_val=-1362475715, string string_val="8ba04c6611ef8501"]
I0110 22:35:46.248268 683 batcher.cc:859] FlushBuffersIfReady: batcher not yet in flushing state
I0110 22:35:46.246222 681 connection.cc:342] Queueing transfer: \x00\x00\x00e5\x1862.\x0a\x19kudu.master.MasterService\x12\x11GetTableLocationsP\xe7\x07.\x0a"\x0a\x207e9e4137de7940ce9e23ddc965ca0748\x1a\x04\x96\x0c\xe9\xec(\x0a8\x01
I0110 22:35:46.249397 705 batcher.cc:796] TabletLookupFinished for op[state=1, write_op=INSERT int32 key=1569337445, int32 int_val=-1362475715, string string_val="8ba04c6611ef8501"]: OK
I0110 22:35:46.249703 705 batcher.cc:799] Result: tablet_id = e2eec0c9b766478ca568b8ccb01f7685
I0110 22:35:46.249876 705 batcher.cc:859] FlushBuffersIfReady: batcher not yet in flushing state
I0110 22:35:46.250053 682 batcher.cc:859] FlushBuffersIfReady: batcher not yet in flushing state
I0110 22:35:46.247077 703 batcher.cc:796] TabletLookupFinished for op[state=1, write_op=INSERT int32 key=282423597, int32 int_val=-1570203620, string string_val="016e1a0b46df91d1"]: OK
I0110 22:35:46.250310 703 batcher.cc:799] Result: tablet_id = e2eec0c9b766478ca568b8ccb01f7685
I0110 22:35:46.250284 705 batcher.cc:723] Looking up tablet for op[state=1, write_op=INSERT int32 key=1741710661, int32 int_val=2004272340, string string_val="5c2b0ee11dbbc873"]
I0110 22:35:46.250596 703 batcher.cc:859] FlushBuffersIfReady: batcher not yet in flushing state
I0110 22:35:46.250721 702 batcher.cc:859] FlushBuffersIfReady: batcher not yet in flushing state
I0110 22:35:46.250602 680 batcher.cc:796] TabletLookupFinished for op[state=1, write_op=INSERT int32 key=1068123358, int32 int_val=-52889707, string string_val="43a97439d41ad9c6"]: OK
I0110 22:35:46.250739 705 batcher.cc:796] TabletLookupFinished for op[state=1, write_op=INSERT int32 key=1741710661, int32 int_val=2004272340, string string_val="5c2b0ee11dbbc873"]: OK
I0110 22:35:46.250917 680 batcher.cc:799] Result: tablet_id = e2eec0c9b766478ca568b8ccb01f7685
I0110 22:35:46.250985 702 batcher.cc:863] FlushBuffersIfReady: 46 ops still in lookup
I0110 22:35:46.251031 705 batcher.cc:799] Result: tablet_id = e2eec0c9b766478ca568b8ccb01f7685
I0110 22:35:46.251019 703 batcher.cc:723] Looking up tablet for op[state=1, write_op=INSERT int32 key=1295843061, int32 int_val=52849679, string string_val="b84d99a85d4602f1"]
I0110 22:35:46.251224 705 batcher.cc:859] FlushBuffersIfReady: batcher not yet in flushing state
I0110 22:35:46.251307 680 batcher.cc:859] FlushBuffersIfReady: batcher not yet in flushing state
I0110 22:35:46.251374 703 batcher.cc:796] TabletLookupFinished for op[state=1, write_op=INSERT int32 key=1295843061, int32 int_val=52849679, string string_val="b84d99a85d4602f1"]: OK
I0110 22:35:46.251515 680 batcher.cc:796] TabletLookupFinished for op[state=1, write_op=INSERT int32 key=460152968, int32 int_val=-819838057, string string_val="de9a48a9c630ff89"]: OK
I0110 22:35:46.251617 703 batcher.cc:799] Result: tablet_id = e2eec0c9b766478ca568b8ccb01f7685
I0110 22:35:46.251695 680 batcher.cc:799] Result: tablet_id = e2eec0c9b766478ca568b8ccb01f7685
I0110 22:35:46.251618 705 batcher.cc:723] Looking up tablet for op[state=1, write_op=INSERT int32 key=1028537151, int32 int_val=1858891452, string string_val="7fa2ead0c1cc7e4e"]
I0110 22:35:46.251823 680 batcher.cc:863] FlushBuffersIfReady: 45 ops still in lookup
I0110 22:35:46.251817 703 batcher.cc:859] FlushBuffersIfReady: batcher not yet in flushing state
I0110 22:35:46.251945 705 batcher.cc:796] TabletLookupFinished for op[state=1, write_op=INSERT int32 key=1028537151, int32 int_val=1858891452, string string_val="7fa2ead0c1cc7e4e"]: OK
I0110 22:35:46.252040 680 batcher.cc:796] TabletLookupFinished for op[state=1, write_op=INSERT int32 key=1484182656, int32 int_val=-492439945, string string_val="be43eadd39e0e635"]: OK
I0110 22:35:46.252177 705 batcher.cc:799] Result: tablet_id = e2eec0c9b766478ca568b8ccb01f7685
I0110 22:35:46.252228 680 batcher.cc:799] Result: tablet_id = e2eec0c9b766478ca568b8ccb01f7685
I0110 22:35:46.252348 705 batcher.cc:859] FlushBuffersIfReady: batcher not yet in flushing state
I0110 22:35:46.252360 682 batcher.cc:796] TabletLookupFinished for op[state=1, write_op=INSERT int32 key=308902727, int32 int_val=989930516, string string_val="5f5d32353f168b52"]: OK
I0110 22:35:46.249876 681 outbound_call.cc:212] OutboundCall 0x7b5000060c00 (RPC call kudu.master.MasterService.GetTableLocations -> {remote=127.0.115.190:34625, user_credentials={real_user=slave}}) switching from READY to ON_OUTBOUND_QUEUE
I0110 22:35:46.252642 682 batcher.cc:799] Result: tablet_id = e2eec0c9b766478ca568b8ccb01f7685
I0110 22:35:46.252827 705 batcher.cc:723] Looking up tablet for op[state=1, write_op=INSERT int32 key=141674442, int32 int_val=1582904384, string string_val="20dcdfae89c29461"]
I0110 22:35:46.253124 704 batcher.cc:859] FlushBuffersIfReady: batcher not yet in flushing state
I0110 22:35:46.253152 680 batcher.cc:859] FlushBuffersIfReady: batcher not yet in flushing state
I0110 22:35:46.253223 705 batcher.cc:796] TabletLookupFinished for op[state=1, write_op=INSERT int32 key=141674442, int32 int_val=1582904384, string string_val="20dcdfae89c29461"]: OK
I0110 22:35:46.252821 683 batcher.cc:796] TabletLookupFinished for op[state=1, write_op=INSERT int32 key=2073691079, int32 int_val=869924921, string string_val="7d5f94041bdd642d"]: OK
I0110 22:35:46.253501 705 batcher.cc:799] Result: tablet_id = e2eec0c9b766478ca568b8ccb01f7685
I0110 22:35:46.253526 683 batcher.cc:799] Result: tablet_id = e2eec0c9b766478ca568b8ccb01f7685
I0110 22:35:46.253686 705 batcher.cc:859] FlushBuffersIfReady: batcher not yet in flushing state
I0110 22:35:46.253758 683 batcher.cc:863] FlushBuffersIfReady: 44 ops still in lookup
I0110 22:35:46.253687 704 batcher.cc:723] Looking up tablet for op[state=1, write_op=INSERT int32 key=1613386155, int32 int_val=-1611670215, string string_val="f563ce0556d58b4a"]
I0110 22:35:46.253863 680 batcher.cc:796] TabletLookupFinished for op[state=1, write_op=INSERT int32 key=1726996707, int32 int_val=-65902527, string string_val="5fcd6a10cddce326"]: OK
I0110 22:35:46.254041 704 batcher.cc:796] TabletLookupFinished for op[state=1, write_op=INSERT int32 key=1613386155, int32 int_val=-1611670215, string string_val="f563ce0556d58b4a"]: OK
I0110 22:35:46.254451 680 batcher.cc:799] Result: tablet_id = e2eec0c9b766478ca568b8ccb01f7685
I0110 22:35:46.254698 680 batcher.cc:859] FlushBuffersIfReady: batcher not yet in flushing state
I0110 22:35:46.254475 704 batcher.cc:799] Result: tablet_id = e2eec0c9b766478ca568b8ccb01f7685
I0110 22:35:46.254914 704 batcher.cc:859] FlushBuffersIfReady: batcher not yet in flushing state
I0110 22:35:46.255244 704 batcher.cc:723] Looking up tablet for op[state=1, write_op=INSERT int32 key=1018199402, int32 int_val=489142139, string string_val="034eadc744e5cb06"]
I0110 22:35:46.255240 703 batcher.cc:723] Looking up tablet for op[state=1, write_op=INSERT int32 key=1140605799, int32 int_val=-120841358, string string_val="4bc6ad4f41384726"]
I0110 22:35:46.252800 681 connection.cc:342] Queueing transfer: \x00\x00\x00e5\x1872.\x0a\x19kudu.master.MasterService\x12\x11GetTableLocationsP\xe7\x07.\x0a"\x0a\x207e9e4137de7940ce9e23ddc965ca0748\x1a\x04\xb7\x91\x9c\x1a(\x0a8\x01
I0110 22:35:46.254235 682 batcher.cc:859] FlushBuffersIfReady: batcher not yet in flushing state
I0110 22:35:46.255754 681 outbound_call.cc:212] OutboundCall 0x7b5000081800 (RPC call kudu.master.MasterService.GetTableLocations -> {remote=127.0.115.190:34625, user_credentials={real_user=slave}}) switching from READY to ON_OUTBOUND_QUEUE
I0110 22:35:46.256089 681 connection.cc:342] Queueing transfer: \x00\x00\x00e5\x1882.\x0a\x19kudu.master.MasterService\x12\x11GetTableLocationsP\xe7\x07.\x0a"\x0a\x207e9e4137de7940ce9e23ddc965ca0748\x1a\x04\xe3\xd6\x8em(\x0a8\x01
I0110 22:35:46.256397 705 batcher.cc:723] Looking up tablet for op[state=1, write_op=INSERT int32 key=1004464916, int32 int_val=-1464473735, string string_val="0f18995b2ff85a36"]
I0110 22:35:46.256407 681 outbound_call.cc:212] OutboundCall 0x7b5000030c00 (RPC call kudu.master.MasterService.GetTableLocations -> {remote=127.0.115.190:34625, user_credentials={real_user=slave}}) switching from READY to ON_OUTBOUND_QUEUE
I0110 22:35:46.256707 681 connection.cc:342] Queueing transfer: \x00\x00\x00e5\x1892.\x0a\x19kudu.master.MasterService\x12\x11GetTableLocationsP\xe7\x07.\x0a"\x0a\x207e9e4137de7940ce9e23ddc965ca0748\x1a\x04\x83\x8a\xc6G(\x0a8\x01
I0110 22:35:46.256785 680 batcher.cc:796] TabletLookupFinished for op[state=1, write_op=INSERT int32 key=959577661, int32 int_val=-1976687840, string string_val="f3bd8fab44467c2d"]: OK
I0110 22:35:46.257073 680 batcher.cc:799] Result: tablet_id = e2eec0c9b766478ca568b8ccb01f7685
I0110 22:35:46.257053 681 outbound_call.cc:212] OutboundCall 0x7b5000081a00 (RPC call kudu.master.MasterService.GetTableLocations -> {remote=127.0.115.190:34625, user_credentials={real_user=slave}}) switching from READY to ON_OUTBOUND_QUEUE
I0110 22:35:46.257272 680 batcher.cc:863] FlushBuffersIfReady: 43 ops still in lookup
I0110 22:35:46.257319 703 batcher.cc:796] TabletLookupFinished for op[state=1, write_op=INSERT int32 key=1140605799, int32 int_val=-120841358, string string_val="4bc6ad4f41384726"]: OK
I0110 22:35:46.257433 681 connection.cc:342] Queueing transfer: \x00\x00\x00e5\x18:2.\x0a\x19kudu.master.MasterService\x12\x11GetTableLocationsP\xe7\x07.\x0a"\x0a\x207e9e4137de7940ce9e23ddc965ca0748\x1a\x04\xe0&4\xe2(\x0a8\x01
I0110 22:35:46.257604 703 batcher.cc:799] Result: tablet_id = e2eec0c9b766478ca568b8ccb01f7685
I0110 22:35:46.257768 703 batcher.cc:859] FlushBuffersIfReady: batcher not yet in flushing state
I0110 22:35:46.257776 681 outbound_call.cc:212] OutboundCall 0x7b5000030e00 (RPC call kudu.master.MasterService.GetTableLocations -> {remote=127.0.115.190:34625, user_credentials={real_user=slave}}) switching from READY to ON_OUTBOUND_QUEUE
I0110 22:35:46.257509 680 batcher.cc:796] TabletLookupFinished for op[state=1, write_op=INSERT int32 key=1816968517, int32 int_val=-2005584380, string string_val="0033ebdca183b2e4"]: OK
I0110 22:35:46.258146 681 connection.cc:342] Queueing transfer: \x00\x00\x00e5\x18;2.\x0a\x19kudu.master.MasterService\x12\x11GetTableLocationsP\xe7\x07.\x0a"\x0a\x207e9e4137de7940ce9e23ddc965ca0748\x1a\x04\xaa\x81\xf1\xf5(\x0a8\x01
I0110 22:35:46.258474 680 batcher.cc:799] Result: tablet_id = e2eec0c9b766478ca568b8ccb01f7685
I0110 22:35:46.258287 705 batcher.cc:796] TabletLookupFinished for op[state=1, write_op=INSERT int32 key=1004464916, int32 int_val=-1464473735, string string_val="0f18995b2ff85a36"]: OK
I0110 22:35:46.258286 703 batcher.cc:723] Looking up tablet for op[state=1, write_op=INSERT int32 key=208111088, int32 int_val=437201528, string string_val="bdd1d6d0b6dc6471"]
I0110 22:35:46.258671 680 batcher.cc:859] FlushBuffersIfReady: batcher not yet in flushing state
I0110 22:35:46.258565 681 outbound_call.cc:212] OutboundCall 0x7b5000060e00 (RPC call kudu.master.MasterService.GetTableLocations -> {remote=127.0.115.190:34625, user_credentials={real_user=slave}}) switching from READY to ON_OUTBOUND_QUEUE
I0110 22:35:46.258787 705 batcher.cc:799] Result: tablet_id = e2eec0c9b766478ca568b8ccb01f7685
I0110 22:35:46.258870 703 batcher.cc:796] TabletLookupFinished for op[state=1, write_op=INSERT int32 key=208111088, int32 int_val=437201528, string string_val="bdd1d6d0b6dc6471"]: OK
I0110 22:35:46.258941 681 connection.cc:342] Queueing transfer: \x00\x00\x00e5\x18<2.\x0a\x19kudu.master.MasterService\x12\x11GetTableLocationsP\xe7\x07.\x0a"\x0a\x207e9e4137de7940ce9e23ddc965ca0748\x1a\x04\x9b\x20\xc9P(\x0a8\x01
I0110 22:35:46.258958 680 batcher.cc:796] TabletLookupFinished for op[state=1, write_op=INSERT int32 key=1314739525, int32 int_val=1347288288, string string_val="d942faecf8cf9378"]: OK
I0110 22:35:46.259150 703 batcher.cc:799] Result: tablet_id = e2eec0c9b766478ca568b8ccb01f7685
I0110 22:35:46.259251 680 batcher.cc:799] Result: tablet_id = e2eec0c9b766478ca568b8ccb01f7685
I0110 22:35:46.259037 705 batcher.cc:859] FlushBuffersIfReady: batcher not yet in flushing state
I0110 22:35:46.259341 703 batcher.cc:859] FlushBuffersIfReady: batcher not yet in flushing state
I0110 22:35:46.259428 680 batcher.cc:863] FlushBuffersIfReady: 42 ops still in lookup
I0110 22:35:46.259311 681 outbound_call.cc:212] OutboundCall 0x7b5000031000 (RPC call kudu.master.MasterService.GetTableLocations -> {remote=127.0.115.190:34625, user_credentials={real_user=slave}}) switching from READY to ON_OUTBOUND_QUEUE
I0110 22:35:46.259519 683 batcher.cc:796] TabletLookupFinished for op[state=1, write_op=INSERT int32 key=1413536187, int32 int_val=-1077381766, string string_val="695a05862a416b3f"]: OK
I0110 22:35:46.259707 680 batcher.cc:796] TabletLookupFinished for op[state=1, write_op=INSERT int32 key=1957834890, int32 int_val=2104789920, string string_val="a54d1dd953c54961"]: OK
I0110 22:35:46.259688 681 connection.cc:342] Queueing transfer: \x00\x00\x00e5\x18=2.\x0a\x19kudu.master.MasterService\x12\x11GetTableLocationsP\xe7\x07.\x0a"\x0a\x207e9e4137de7940ce9e23ddc965ca0748\x1a\x04\x99\x88g\x83(\x0a8\x01
I0110 22:35:46.259881 683 batcher.cc:799] Result: tablet_id = e2eec0c9b766478ca568b8ccb01f7685
I0110 22:35:46.260102 704 batcher.cc:796] TabletLookupFinished for op[state=1, write_op=INSERT int32 key=1018199402, int32 int_val=489142139, string string_val="034eadc744e5cb06"]: OK
I0110 22:35:46.260159 681 outbound_call.cc:212] OutboundCall 0x7b5000081c00 (RPC call kudu.master.MasterService.GetTableLocations -> {remote=127.0.115.190:34625, user_credentials={real_user=slave}}) switching from READY to ON_OUTBOUND_QUEUE
I0110 22:35:46.260318 683 batcher.cc:859] FlushBuffersIfReady: batcher not yet in flushing state
I0110 22:35:46.260433 681 connection.cc:342] Queueing transfer: \x00\x00\x00e5\x18>2.\x0a\x19kudu.master.MasterService\x12\x11GetTableLocationsP\xe7\x07.\x0a"\x0a\x207e9e4137de7940ce9e23ddc965ca0748\x1a\x04\xeb\xa2\xfc\x92(\x0a8\x01
I0110 22:35:46.260391 704 batcher.cc:799] Result: tablet_id = e2eec0c9b766478ca568b8ccb01f7685
I0110 22:35:46.261873 681 outbound_call.cc:212] OutboundCall 0x7b5000031200 (RPC call kudu.master.MasterService.GetTableLocations -> {remote=127.0.115.190:34625, user_credentials={real_user=slave}}) switching from READY to ON_OUTBOUND_QUEUE
I0110 22:35:46.261903 682 batcher.cc:796] TabletLookupFinished for op[state=1, write_op=INSERT int32 key=1699240203, int32 int_val=-372449260, string string_val="11a3150ad374daca"]: OK
I0110 22:35:46.262148 681 connection.cc:342] Queueing transfer: \x00\x00\x00e5\x18?2.\x0a\x19kudu.master.MasterService\x12\x11GetTableLocationsP\xe7\x07.\x0a"\x0a\x207e9e4137de7940ce9e23ddc965ca0748\x1a\x04\xf3\x1el\xd5(\x0a8\x01
I0110 22:35:46.262213 682 batcher.cc:799] Result: tablet_id = e2eec0c9b766478ca568b8ccb01f7685
I0110 22:35:46.262456 705 batcher.cc:723] Looking up tablet for op[state=1, write_op=INSERT int32 key=1151751863, int32 int_val=-968963885, string string_val="ba1d23869e0ee218"]
I0110 22:35:46.262460 683 batcher.cc:796] TabletLookupFinished for op[state=1, write_op=INSERT int32 key=952874323, int32 int_val=1773471367, string string_val="bcd3a39dd535b0e2"]: OK
I0110 22:35:46.262502 681 outbound_call.cc:212] OutboundCall 0x7b5000081e00 (RPC call kudu.master.MasterService.GetTableLocations -> {remote=127.0.115.190:34625, user_credentials={real_user=slave}}) switching from READY to ON_OUTBOUND_QUEUE
I0110 22:35:46.262821 683 batcher.cc:799] Result: tablet_id = e2eec0c9b766478ca568b8ccb01f7685
I0110 22:35:46.262888 681 connection.cc:342] Queueing transfer: \x00\x00\x00e5\x18@2.\x0a\x19kudu.master.MasterService\x12\x11GetTableLocationsP\xe7\x07.\x0a"\x0a\x207e9e4137de7940ce9e23ddc965ca0748\x1a\x04\xa5\x9dfz(\x0a8\x01
I0110 22:35:46.262884 705 batcher.cc:796] TabletLookupFinished for op[state=1, write_op=INSERT int32 key=1151751863, int32 int_val=-968963885, string string_val="ba1d23869e0ee218"]: OK
I0110 22:35:46.263017 704 batcher.cc:859] FlushBuffersIfReady: batcher not yet in flushing state
I0110 22:35:46.263176 705 batcher.cc:799] Result: tablet_id = e2eec0c9b766478ca568b8ccb01f7685
I0110 22:35:46.263262 683 batcher.cc:859] FlushBuffersIfReady: batcher not yet in flushing state
I0110 22:35:46.263345 705 batcher.cc:859] FlushBuffersIfReady: batcher not yet in flushing state
I0110 22:35:46.263254 681 outbound_call.cc:212] OutboundCall 0x7b5000082000 (RPC call kudu.master.MasterService.GetTableLocations -> {remote=127.0.115.190:34625, user_credentials={real_user=slave}}) switching from READY to ON_OUTBOUND_QUEUE
I0110 22:35:46.263566 683 batcher.cc:796] TabletLookupFinished for op[state=1, write_op=INSERT int32 key=2120289212, int32 int_val=365709797, string string_val="3f7dff04d1e34200"]: OK
I0110 22:35:46.263646 681 connection.cc:342] Queueing transfer: \x00\x00\x00e5\x18A2.\x0a\x19kudu.master.MasterService\x12\x11GetTableLocationsP\xe7\x07.\x0a"\x0a\x207e9e4137de7940ce9e23ddc965ca0748\x1a\x04\x80c\xbeT(\x0a8\x01
I0110 22:35:46.263833 683 batcher.cc:799] Result: tablet_id = e2eec0c9b766478ca568b8ccb01f7685
I0110 22:35:46.263861 705 batcher.cc:723] Looking up tablet for op[state=1, write_op=INSERT int32 key=792753044, int32 int_val=2043378249, string string_val="8ced0a7cbc96f4b1"]
I0110 22:35:46.264044 683 batcher.cc:859] FlushBuffersIfReady: batcher not yet in flushing state
I0110 22:35:46.264016 681 outbound_call.cc:212] OutboundCall 0x7b5000031400 (RPC call kudu.master.MasterService.GetTableLocations -> {remote=127.0.115.190:34625, user_credentials={real_user=slave}}) switching from READY to ON_OUTBOUND_QUEUE
I0110 22:35:46.264050 704 batcher.cc:723] Looking up tablet for op[state=1, write_op=INSERT int32 key=458092616, int32 int_val=1084981041, string string_val="d3ddc1c387b82872"]
I0110 22:35:46.264209 705 batcher.cc:796] TabletLookupFinished for op[state=1, write_op=INSERT int32 key=792753044, int32 int_val=2043378249, string string_val="8ced0a7cbc96f4b1"]: OK
I0110 22:35:46.264397 681 connection.cc:342] Queueing transfer: \x00\x00\x00e5\x18B2.\x0a\x19kudu.master.MasterService\x12\x11GetTableLocationsP\xe7\x07.\x0a"\x0a\x207e9e4137de7940ce9e23ddc965ca0748\x1a\x04\xe9\xcd%\xdd(\x0a8\x01
I0110 22:35:46.264464 682 batcher.cc:859] FlushBuffersIfReady: batcher not yet in flushing state
I0110 22:35:46.264510 705 batcher.cc:799] Result: tablet_id = e2eec0c9b766478ca568b8ccb01f7685
I0110 22:35:46.264672 705 batcher.cc:859] FlushBuffersIfReady: batcher not yet in flushing state
I0110 22:35:46.264662 704 batcher.cc:796] TabletLookupFinished for op[state=1, write_op=INSERT int32 key=458092616, int32 int_val=1084981041, string string_val="d3ddc1c387b82872"]: OK
I0110 22:35:46.264750 681 outbound_call.cc:212] OutboundCall 0x7b5000082200 (RPC call kudu.master.MasterService.GetTableLocations -> {remote=127.0.115.190:34625, user_credentials={real_user=slave}}) switching from READY to ON_OUTBOUND_QUEUE
I0110 22:35:46.265103 705 batcher.cc:723] Looking up tablet for op[state=1, write_op=INSERT int32 key=1842862033, int32 int_val=-700426196, string string_val="e356afde206853e4"]
I0110 22:35:46.265161 704 batcher.cc:799] Result: tablet_id = e2eec0c9b766478ca568b8ccb01f7685
I0110 22:35:46.265209 681 connection.cc:342] Queueing transfer: \x00\x00\x00e5\x18C2.\x0a\x19kudu.master.MasterService\x12\x11GetTableLocationsP\xe7\x07.\x0a"\x0a\x207e9e4137de7940ce9e23ddc965ca0748\x1a\x04\xd7c\xe0\x20(\x0a8\x01
I0110 22:35:46.265353 705 batcher.cc:796] TabletLookupFinished for op[state=1, write_op=INSERT int32 key=1842862033, int32 int_val=-700426196, string string_val="e356afde206853e4"]: OK
I0110 22:35:46.265499 704 batcher.cc:859] FlushBuffersIfReady: batcher not yet in flushing state
I0110 22:35:46.265633 705 batcher.cc:799] Result: tablet_id = e2eec0c9b766478ca568b8ccb01f7685
I0110 22:35:46.265584 681 outbound_call.cc:212] OutboundCall 0x7b5000031600 (RPC call kudu.master.MasterService.GetTableLocations -> {remote=127.0.115.190:34625, user_credentials={real_user=slave}}) switching from READY to ON_OUTBOUND_QUEUE
I0110 22:35:46.265822 705 batcher.cc:859] FlushBuffersIfReady: batcher not yet in flushing state
I0110 22:35:46.265753 682 batcher.cc:796] TabletLookupFinished for op[state=1, write_op=INSERT int32 key=881925286, int32 int_val=919057067, string string_val="f1504b341cf2b86e"]: OK
I0110 22:35:46.266029 682 batcher.cc:799] Result: tablet_id = e2eec0c9b766478ca568b8ccb01f7685
I0110 22:35:46.265978 681 connection.cc:342] Queueing transfer: \x00\x00\x00e5\x18D2.\x0a\x19kudu.master.MasterService\x12\x11GetTableLocationsP\xe7\x07.\x0a"\x0a\x207e9e4137de7940ce9e23ddc965ca0748\x1a\x04\xc7ST\xee(\x0a8\x01
I0110 22:35:46.266214 682 batcher.cc:859] FlushBuffersIfReady: batcher not yet in flushing state
I0110 22:35:46.259994 680 batcher.cc:799] Result: tablet_id = e2eec0c9b766478ca568b8ccb01f7685
I0110 22:35:46.266515 680 batcher.cc:859] FlushBuffersIfReady: batcher not yet in flushing state
I0110 22:35:46.266358 681 outbound_call.cc:212] OutboundCall 0x7b5000082400 (RPC call kudu.master.MasterService.GetTableLocations -> {remote=127.0.115.190:34625, user_credentials={real_user=slave}}) switching from READY to ON_OUTBOUND_QUEUE
I0110 22:35:46.266539 682 batcher.cc:796] TabletLookupFinished for op[state=1, write_op=INSERT int32 key=1137086623, int32 int_val=679898354, string string_val="696e026beac1e9c0"]: OK
I0110 22:35:46.266849 682 batcher.cc:799] Result: tablet_id = e2eec0c9b766478ca568b8ccb01f7685
I0110 22:35:46.266829 681 connection.cc:342] Queueing transfer: \x00\x00\x00e5\x18E2.\x0a\x19kudu.master.MasterService\x12\x11GetTableLocationsP\xe7\x07.\x0a"\x0a\x207e9e4137de7940ce9e23ddc965ca0748\x1a\x04\xa7l\xad\xa5(\x0a8\x01
I0110 22:35:46.266816 680 batcher.cc:796] TabletLookupFinished for op[state=1, write_op=INSERT int32 key=587289614, int32 int_val=1771703814, string string_val="3c0e47cb1b16fe75"]: OK
I0110 22:35:46.267102 680 batcher.cc:799] Result: tablet_id = e2eec0c9b766478ca568b8ccb01f7685
I0110 22:35:46.267272 680 batcher.cc:859] FlushBuffersIfReady: batcher not yet in flushing state
I0110 22:35:46.267051 682 batcher.cc:863] FlushBuffersIfReady: 41 ops still in lookup
I0110 22:35:46.268764 681 outbound_call.cc:212] OutboundCall 0x7b5000031800 (RPC call kudu.master.MasterService.GetTableLocations -> {remote=127.0.115.190:34625, user_credentials={real_user=slave}}) switching from READY to ON_OUTBOUND_QUEUE
I0110 22:35:46.268945 682 batcher.cc:796] TabletLookupFinished for op[state=1, write_op=INSERT int32 key=1758347052, int32 int_val=1426277947, string string_val="9b3f9678d75f9e2a"]: OK
I0110 22:35:46.269098 681 connection.cc:342] Queueing transfer: \x00\x00\x00e5\x18F2.\x0a\x19kudu.master.MasterService\x12\x11GetTableLocationsP\xe7\x07.\x0a"\x0a\x207e9e4137de7940ce9e23ddc965ca0748\x1a\x04\xd0\x17\xd7\x99(\x0a8\x01
I0110 22:35:46.269194 682 batcher.cc:799] Result: tablet_id = e2eec0c9b766478ca568b8ccb01f7685
I0110 22:35:46.269371 682 batcher.cc:859] FlushBuffersIfReady: batcher not yet in flushing state
I0110 22:35:46.267501 680 batcher.cc:796] TabletLookupFinished for op[state=1, write_op=INSERT int32 key=1488454277, int32 int_val=749075972, string string_val="608441cc15f79183"]: OK
I0110 22:35:46.269454 681 outbound_call.cc:212] OutboundCall 0x7b5000082600 (RPC call kudu.master.MasterService.GetTableLocations -> {remote=127.0.115.190:34625, user_credentials={real_user=slave}}) switching from READY to ON_OUTBOUND_QUEUE
I0110 22:35:46.269618 682 batcher.cc:796] TabletLookupFinished for op[state=1, write_op=INSERT int32 key=988334857, int32 int_val=74243886, string string_val="230bc52133761701"]: OK
I0110 22:35:46.269759 680 batcher.cc:799] Result: tablet_id = e2eec0c9b766478ca568b8ccb01f7685
I0110 22:35:46.269865 682 batcher.cc:799] Result: tablet_id = e2eec0c9b766478ca568b8ccb01f7685
I0110 22:35:46.269811 681 connection.cc:342] Queueing transfer: \x00\x00\x00e5\x18G2.\x0a\x19kudu.master.MasterService\x12\x11GetTableLocationsP\xe7\x07.\x0a"\x0a\x207e9e4137de7940ce9e23ddc965ca0748\x1a\x04\x9dv_\x83(\x0a8\x01
I0110 22:35:46.269932 680 batcher.cc:859] FlushBuffersIfReady: batcher not yet in flushing state
I0110 22:35:46.270042 682 batcher.cc:859] FlushBuffersIfReady: batcher not yet in flushing state
I0110 22:35:46.270148 681 outbound_call.cc:212] OutboundCall 0x7b5000031a00 (RPC call kudu.master.MasterService.GetTableLocations -> {remote=127.0.115.190:34625, user_credentials={real_user=slave}}) switching from READY to ON_OUTBOUND_QUEUE
I0110 22:35:46.270470 681 connection.cc:342] Queueing transfer: \x00\x00\x00e5\x18H2.\x0a\x19kudu.master.MasterService\x12\x11GetTableLocationsP\xe7\x07.\x0a"\x0a\x207e9e4137de7940ce9e23ddc965ca0748\x1a\x04\xf5\xcd\x14\x82(\x0a8\x01
I0110 22:35:46.270449 683 batcher.cc:796] TabletLookupFinished for op[state=1, write_op=INSERT int32 key=1219397700, int32 int_val=-1449843120, string string_val="3e37b74df7c6c1ef"]: OK
I0110 22:35:46.270575 704 batcher.cc:723] Looking up tablet for op[state=1, write_op=INSERT int32 key=169077113, int32 int_val=1008570374, string string_val="cbb1206133898c8c"]
I0110 22:35:46.270756 683 batcher.cc:799] Result: tablet_id = e2eec0c9b766478ca568b8ccb01f7685
I0110 22:35:46.270792 681 outbound_call.cc:212] OutboundCall 0x7b5000070a00 (RPC call kudu.master.MasterService.GetTableLocations -> {remote=127.0.115.190:34625, user_credentials={real_user=slave}}) switching from READY to ON_OUTBOUND_QUEUE
I0110 22:35:46.270910 704 batcher.cc:796] TabletLookupFinished for op[state=1, write_op=INSERT int32 key=169077113, int32 int_val=1008570374, string string_val="cbb1206133898c8c"]: OK
I0110 22:35:46.271095 683 batcher.cc:859] FlushBuffersIfReady: batcher not yet in flushing state
I0110 22:35:46.271165 704 batcher.cc:799] Result: tablet_id = e2eec0c9b766478ca568b8ccb01f7685
I0110 22:35:46.271126 681 connection.cc:342] Queueing transfer: \x00\x00\x00e5\x18I2.\x0a\x19kudu.master.MasterService\x12\x11GetTableLocationsP\xe7\x07.\x0a"\x0a\x207e9e4137de7940ce9e23ddc965ca0748\x1a\x04\xa9\xd1\x90C(\x0a8\x01
I0110 22:35:46.271401 704 batcher.cc:859] FlushBuffersIfReady: batcher not yet in flushing state
I0110 22:35:46.266281 705 batcher.cc:723] Looking up tablet for op[state=1, write_op=INSERT int32 key=1914993423, int32 int_val=365352974, string string_val="45daef54512ced99"]
I0110 22:35:46.271481 681 outbound_call.cc:212] OutboundCall 0x7b5000031c00 (RPC call kudu.master.MasterService.GetTableLocations -> {remote=127.0.115.190:34625, user_credentials={real_user=slave}}) switching from READY to ON_OUTBOUND_QUEUE
I0110 22:35:46.271725 705 batcher.cc:796] TabletLookupFinished for op[state=1, write_op=INSERT int32 key=1914993423, int32 int_val=365352974, string string_val="45daef54512ced99"]: OK
I0110 22:35:46.271827 681 connection.cc:342] Queueing transfer: \x00\x00\x00e5\x18J2.\x0a\x19kudu.master.MasterService\x12\x11GetTableLocationsP\xe7\x07.\x0a"\x0a\x207e9e4137de7940ce9e23ddc965ca0748\x1a\x04\xebu~\xdc(\x0a8\x01
I0110 22:35:46.271996 705 batcher.cc:799] Result: tablet_id = e2eec0c9b766478ca568b8ccb01f7685
I0110 22:35:46.271932 704 batcher.cc:723] Looking up tablet for op[state=1, write_op=INSERT int32 key=1370739002, int32 int_val=-1192602622, string string_val="06650b2e2781f893"]
I0110 22:35:46.272161 705 batcher.cc:859] FlushBuffersIfReady: batcher not yet in flushing state
I0110 22:35:46.272133 681 outbound_call.cc:212] OutboundCall 0x7b5000070c00 (RPC call kudu.master.MasterService.GetTableLocations -> {remote=127.0.115.190:34625, user_credentials={real_user=slave}}) switching from READY to ON_OUTBOUND_QUEUE
I0110 22:35:46.272364 705 batcher.cc:863] FlushBuffersIfReady: 35 ops still in lookup
I0110 22:35:46.270197 680 batcher.cc:796] TabletLookupFinished for op[state=1, write_op=INSERT int32 key=610951249, int32 int_val=2054636776, string string_val="3cf827680fc6783b"]: OK
I0110 22:35:46.272488 681 connection.cc:342] Queueing transfer: \x00\x00\x00e5\x18K2.\x0a\x19kudu.master.MasterService\x12\x11GetTableLocationsP\xe7\x07.\x0a"\x0a\x207e9e4137de7940ce9e23ddc965ca0748\x1a\x04\xfe\xdb>\x14(\x0a8\x01
I0110 22:35:46.272653 680 batcher.cc:799] Result: tablet_id = e2eec0c9b766478ca568b8ccb01f7685
I0110 22:35:46.272653 703 batcher.cc:723] Looking up tablet for op[state=1, write_op=INSERT int32 key=568952490, int32 int_val=200031466, string string_val="a62fec2d287523e2"]
I0110 22:35:46.272855 680 batcher.cc:863] FlushBuffersIfReady: 39 ops still in lookup
I0110 22:35:46.272814 681 outbound_call.cc:212] OutboundCall 0x7b5000031e00 (RPC call kudu.master.MasterService.GetTableLocations -> {remote=127.0.115.190:34625, user_credentials={real_user=slave}}) switching from READY to ON_OUTBOUND_QUEUE
I0110 22:35:46.272272 704 batcher.cc:796] TabletLookupFinished for op[state=1, write_op=INSERT int32 key=1370739002, int32 int_val=-1192602622, string string_val="06650b2e2781f893"]: OK
I0110 22:35:46.273181 681 connection.cc:342] Queueing transfer: \x00\x00\x00e5\x18L2.\x0a\x19kudu.master.MasterService\x12\x11GetTableLocationsP\xe7\x07.\x0a"\x0a\x207e9e4137de7940ce9e23ddc965ca0748\x1a\x04\xd9\xc7A\xea(\x0a8\x01
I0110 22:35:46.273303 704 batcher.cc:799] Result: tablet_id = e2eec0c9b766478ca568b8ccb01f7685
I0110 22:35:46.273459 704 batcher.cc:859] FlushBuffersIfReady: batcher not yet in flushing state
I0110 22:35:46.273644 683 batcher.cc:796] TabletLookupFinished for op[state=1, write_op=INSERT int32 key=1514811519, int32 int_val=1423888699, string string_val="a2b1452e4869c19a"]: OK
I0110 22:35:46.273003 703 batcher.cc:796] TabletLookupFinished for op[state=1, write_op=INSERT int32 key=568952490, int32 int_val=200031466, string string_val="a62fec2d287523e2"]: OK
I0110 22:35:46.273906 683 batcher.cc:799] Result: tablet_id = e2eec0c9b766478ca568b8ccb01f7685
I0110 22:35:46.273505 681 outbound_call.cc:212] OutboundCall 0x7b5000070e00 (RPC call kudu.master.MasterService.GetTableLocations -> {remote=127.0.115.190:34625, user_credentials={real_user=slave}}) switching from READY to ON_OUTBOUND_QUEUE
I0110 22:35:46.275365 703 batcher.cc:799] Result: tablet_id = e2eec0c9b766478ca568b8ccb01f7685
I0110 22:35:46.275535 703 batcher.cc:859] FlushBuffersIfReady: batcher not yet in flushing state
I0110 22:35:46.275490 680 batcher.cc:796] TabletLookupFinished for op[state=1, write_op=INSERT int32 key=879725018, int32 int_val=-2057445867, string string_val="a3f8c577c2d875cf"]: OK
I0110 22:35:46.275528 681 connection.cc:342] Queueing transfer: \x00\x00\x00e5\x18M2.\x0a\x19kudu.master.MasterService\x12\x11GetTableLocationsP\xe7\x07.\x0a"\x0a\x207e9e4137de7940ce9e23ddc965ca0748\x1a\x04\x90z\xa6\x80(\x0a8\x01
I0110 22:35:46.275761 680 batcher.cc:799] Result: tablet_id = e2eec0c9b766478ca568b8ccb01f7685
I0110 22:35:46.275882 681 outbound_call.cc:212] OutboundCall 0x7b5000071000 (RPC call kudu.master.MasterService.GetTableLocations -> {remote=127.0.115.190:34625, user_credentials={real_user=slave}}) switching from READY to ON_OUTBOUND_QUEUE
I0110 22:35:46.276007 703 batcher.cc:723] Looking up tablet for op[state=1, write_op=INSERT int32 key=604401104, int32 int_val=797678048, string string_val="4564d1333bc4dc12"]
I0110 22:35:46.276243 681 connection.cc:342] Queueing transfer: \x00\x00\x00e5\x18N2.\x0a\x19kudu.master.MasterService\x12\x11GetTableLocationsP\xe7\x07.\x0a"\x0a\x207e9e4137de7940ce9e23ddc965ca0748\x1a\x04\xb7HU\xff(\x0a8\x01
I0110 22:35:46.276384 703 batcher.cc:796] TabletLookupFinished for op[state=1, write_op=INSERT int32 key=604401104, int32 int_val=797678048, string string_val="4564d1333bc4dc12"]: OK
I0110 22:35:46.276643 703 batcher.cc:799] Result: tablet_id = e2eec0c9b766478ca568b8ccb01f7685
I0110 22:35:46.276778 703 batcher.cc:859] FlushBuffersIfReady: batcher not yet in flushing state
I0110 22:35:46.276567 681 outbound_call.cc:212] OutboundCall 0x7b5000032000 (RPC call kudu.master.MasterService.GetTableLocations -> {remote=127.0.115.190:34625, user_credentials={real_user=slave}}) switching from READY to ON_OUTBOUND_QUEUE
I0110 22:35:46.276901 703 batcher.cc:863] FlushBuffersIfReady: 35 ops still in lookup
I0110 22:35:46.276134 680 batcher.cc:859] FlushBuffersIfReady: batcher not yet in flushing state
I0110 22:35:46.276976 681 connection.cc:342] Queueing transfer: \x00\x00\x00e5\x18O2.\x0a\x19kudu.master.MasterService\x12\x11GetTableLocationsP\xe6\x07.\x0a"\x0a\x207e9e4137de7940ce9e23ddc965ca0748\x1a\x04\xb1\x1d\xf2\xfc(\x0a8\x01
I0110 22:35:46.277096 683 batcher.cc:859] FlushBuffersIfReady: batcher not yet in flushing state
I0110 22:35:46.277240 680 batcher.cc:796] TabletLookupFinished for op[state=1, write_op=INSERT int32 key=513942618, int32 int_val=438576757, string string_val="62fe7db6e3ded500"]: OK
I0110 22:35:46.277356 683 batcher.cc:796] TabletLookupFinished for op[state=1, write_op=INSERT int32 key=423783161, int32 int_val=2035313129, string string_val="40631725d3093e52"]: OK
I0110 22:35:46.277503 680 batcher.cc:799] Result: tablet_id = e2eec0c9b766478ca568b8ccb01f7685
I0110 22:35:46.277603 683 batcher.cc:799] Result: tablet_id = e2eec0c9b766478ca568b8ccb01f7685
I0110 22:35:46.277473 681 connection.cc:638] client connection to 127.0.115.190:34625 ReadHandler(revents=1)
I0110 22:35:46.277699 680 batcher.cc:859] FlushBuffersIfReady: batcher not yet in flushing state
I0110 22:35:46.277814 681 connection.cc:664] client connection to 127.0.115.190:34625: finished reading 121 bytes
I0110 22:35:46.277863 683 batcher.cc:863] FlushBuffersIfReady: 34 ops still in lookup
I0110 22:35:46.278069 680 batcher.cc:796] TabletLookupFinished for op[state=1, write_op=INSERT int32 key=715752207, int32 int_val=359423629, string string_val="ffaef325edba8740"]: OK
I0110 22:35:46.278209 681 outbound_call.cc:212] OutboundCall 0x7b5000060200 (RPC call kudu.master.MasterService.GetTableLocations -> {remote=127.0.115.190:34625, user_credentials={real_user=slave}}) switching from SENT to FINISHED_SUCCESS
I0110 22:35:46.278329 680 batcher.cc:799] Result: tablet_id = e2eec0c9b766478ca568b8ccb01f7685
I0110 22:35:46.278609 680 batcher.cc:863] FlushBuffersIfReady: 37 ops still in lookup
I0110 22:35:46.278808 683 batcher.cc:796] TabletLookupFinished for op[state=1, write_op=INSERT int32 key=1068401610, int32 int_val=-1704213326, string string_val="d0d7482acb85cdb9"]: OK
I0110 22:35:46.279084 683 batcher.cc:799] Result: tablet_id = e2eec0c9b766478ca568b8ccb01f7685
I0110 22:35:46.278618 681 meta_cache.cc:775] Processing master response for LookupRpc { table: 'test-workload', partition-key: (RANGE (key): 1739245577), attempt: 1 }. Response: tablet_locations { tablet_id: "e2eec0c9b766478ca568b8ccb01f7685" DEPRECATED_stale: false partition { partition_key_start: "" partition_key_end: "" } interned_replicas { ts_info_idx: 0 role: LEADER } } ttl_millis: 300000 ts_infos { permanent_uuid: "c1d680f550724b7c93db4804b4fae356" rpc_addresses { host: "127.0.115.129" port: 42925 } }
I0110 22:35:46.279279 683 batcher.cc:863] FlushBuffersIfReady: 36 ops still in lookup
I0110 22:35:46.279304 704 batcher.cc:723] Looking up tablet for op[state=1, write_op=INSERT int32 key=599830258, int32 int_val=856126027, string string_val="7da7f66b3c4614d9"]
I0110 22:35:46.279460 681 meta_cache.cc:874] Refreshing tablet e2eec0c9b766478ca568b8ccb01f7685: tablet_id: "e2eec0c9b766478ca568b8ccb01f7685" DEPRECATED_stale: false partition { partition_key_start: "" partition_key_end: "" } interned_replicas { ts_info_idx: 0 role: LEADER }
I0110 22:35:46.279639 680 batcher.cc:796] TabletLookupFinished for op[state=1, write_op=INSERT int32 key=1717270374, int32 int_val=-2049252099, string string_val="ab9b06ba9dada90e"]: OK
I0110 22:35:46.279904 680 batcher.cc:799] Result: tablet_id = e2eec0c9b766478ca568b8ccb01f7685
I0110 22:35:46.279871 681 batcher.cc:796] TabletLookupFinished for op[state=1, write_op=INSERT int32 key=1739245577, int32 int_val=1590375536, string string_val="42e21441113f71c3"]: OK
I0110 22:35:46.279954 683 batcher.cc:796] TabletLookupFinished for op[state=1, write_op=INSERT int32 key=484526100, int32 int_val=1055777223, string string_val="3011e60bce2c2b50"]: OK
I0110 22:35:46.280112 680 batcher.cc:863] FlushBuffersIfReady: 36 ops still in lookup
I0110 22:35:46.280128 681 batcher.cc:799] Result: tablet_id = e2eec0c9b766478ca568b8ccb01f7685
I0110 22:35:46.280238 683 batcher.cc:799] Result: tablet_id = e2eec0c9b766478ca568b8ccb01f7685
I0110 22:35:46.280323 681 batcher.cc:863] FlushBuffersIfReady: 34 ops still in lookup
I0110 22:35:46.280455 683 batcher.cc:859] FlushBuffersIfReady: batcher not yet in flushing state
I0110 22:35:46.280477 680 batcher.cc:796] TabletLookupFinished for op[state=1, write_op=INSERT int32 key=1678604371, int32 int_val=276576197, string string_val="cd362059390b73ab"]: OK
I0110 22:35:46.280625 681 connection.cc:746] client connection to 127.0.115.190:34625: writeHandler: revents = 2
I0110 22:35:46.280755 680 batcher.cc:799] Result: tablet_id = e2eec0c9b766478ca568b8ccb01f7685
I0110 22:35:46.280802 683 batcher.cc:796] TabletLookupFinished for op[state=1, write_op=INSERT int32 key=1618556228, int32 int_val=-1682625858, string string_val="9fdaa6ed980a858a"]: OK
I0110 22:35:46.280968 680 batcher.cc:863] FlushBuffersIfReady: 33 ops still in lookup
I0110 22:35:46.280875 681 outbound_call.cc:212] OutboundCall 0x7b5000060600 (RPC call kudu.master.MasterService.GetTableLocations -> {remote=127.0.115.190:34625, user_credentials={real_user=slave}}) switching from ON_OUTBOUND_QUEUE to SENDING
I0110 22:35:46.281085 683 batcher.cc:799] Result: tablet_id = e2eec0c9b766478ca568b8ccb01f7685
I0110 22:35:46.281253 683 batcher.cc:863] FlushBuffersIfReady: 35 ops still in lookup
I0110 22:35:46.281214 681 outbound_call.cc:212] OutboundCall 0x7b5000060600 (RPC call kudu.master.MasterService.GetTableLocations -> {remote=127.0.115.190:34625, user_credentials={real_user=slave}}) switching from SENDING to SENT
I0110 22:35:46.281270 680 batcher.cc:796] TabletLookupFinished for op[state=1, write_op=INSERT int32 key=1895454617, int32 int_val=-729839224, string string_val="5a10510bca71aebd"]: OK
I0110 22:35:46.281555 680 batcher.cc:799] Result: tablet_id = e2eec0c9b766478ca568b8ccb01f7685
I0110 22:35:46.281505 681 outbound_call.cc:212] OutboundCall 0x7b5000080600 (RPC call kudu.master.MasterService.GetTableLocations -> {remote=127.0.115.190:34625, user_credentials={real_user=slave}}) switching from ON_OUTBOUND_QUEUE to SENDING
I0110 22:35:46.281555 683 batcher.cc:796] TabletLookupFinished for op[state=1, write_op=INSERT int32 key=246726159, int32 int_val=-1649441068, string string_val="d7f4cac79059f7dc"]: OK
I0110 22:35:46.281740 680 batcher.cc:863] FlushBuffersIfReady: 32 ops still in lookup
I0110 22:35:46.281828 683 batcher.cc:799] Result: tablet_id = e2eec0c9b766478ca568b8ccb01f7685
I0110 22:35:46.282032 683 batcher.cc:863] FlushBuffersIfReady: 33 ops still in lookup
I0110 22:35:46.282213 681 outbound_call.cc:212] OutboundCall 0x7b5000080600 (RPC call kudu.master.MasterService.GetTableLocations -> {remote=127.0.115.190:34625, user_credentials={real_user=slave}}) switching from SENDING to SENT
I0110 22:35:46.282568 681 outbound_call.cc:212] OutboundCall 0x7b5000060800 (RPC call kudu.master.MasterService.GetTableLocations -> {remote=127.0.115.190:34625, user_credentials={real_user=slave}}) switching from ON_OUTBOUND_QUEUE to SENDING
I0110 22:35:46.283767 683 batcher.cc:796] TabletLookupFinished for op[state=1, write_op=INSERT int32 key=1367952692, int32 int_val=837883571, string string_val="0c839489a519ab3b"]: OK
I0110 22:35:46.284044 683 batcher.cc:799] Result: tablet_id = e2eec0c9b766478ca568b8ccb01f7685
I0110 22:35:46.284204 683 batcher.cc:863] FlushBuffersIfReady: 32 ops still in lookup
I0110 22:35:46.284476 683 batcher.cc:796] TabletLookupFinished for op[state=1, write_op=INSERT int32 key=1141493591, int32 int_val=300089485, string string_val="c685e34800191ea1"]: OK
I0110 22:35:46.284555 682 batcher.cc:796] TabletLookupFinished for op[state=1, write_op=INSERT int32 key=1113923612, int32 int_val=-1969400316, string string_val="e62c2839ba09d52d"]: OK
I0110 22:35:46.284731 683 batcher.cc:799] Result: tablet_id = e2eec0c9b766478ca568b8ccb01f7685
I0110 22:35:46.284870 682 batcher.cc:799] Result: tablet_id = e2eec0c9b766478ca568b8ccb01f7685
I0110 22:35:46.284917 683 batcher.cc:863] FlushBuffersIfReady: 31 ops still in lookup
I0110 22:35:46.285223 682 batcher.cc:863] FlushBuffersIfReady: 34 ops still in lookup
I0110 22:35:46.285198 681 outbound_call.cc:212] OutboundCall 0x7b5000060800 (RPC call kudu.master.MasterService.GetTableLocations -> {remote=127.0.115.190:34625, user_credentials={real_user=slave}}) switching from SENDING to SENT
I0110 22:35:46.282006 680 batcher.cc:796] TabletLookupFinished for op[state=1, write_op=INSERT int32 key=443155791, int32 int_val=-964273293, string string_val="c04e7ce641d3c064"]: OK
I0110 22:35:46.285429 683 batcher.cc:796] TabletLookupFinished for op[state=1, write_op=INSERT int32 key=534574260, int32 int_val=-518252513, string string_val="77cce2f1588eb1ab"]: OK
I0110 22:35:46.285465 681 outbound_call.cc:212] OutboundCall 0x7b5000030400 (RPC call kudu.master.MasterService.GetTableLocations -> {remote=127.0.115.190:34625, user_credentials={real_user=slave}}) switching from ON_OUTBOUND_QUEUE to SENDING
I0110 22:35:46.285620 680 batcher.cc:799] Result: tablet_id = e2eec0c9b766478ca568b8ccb01f7685
I0110 22:35:46.285678 683 batcher.cc:799] Result: tablet_id = e2eec0c9b766478ca568b8ccb01f7685
I0110 22:35:46.285792 680 batcher.cc:859] FlushBuffersIfReady: batcher not yet in flushing state
I0110 22:35:46.285848 683 batcher.cc:863] FlushBuffersIfReady: 34 ops still in lookup
I0110 22:35:46.286047 680 batcher.cc:796] TabletLookupFinished for op[state=1, write_op=INSERT int32 key=94945601, int32 int_val=750467351, string string_val="db261cb3464c7363"]: OK
I0110 22:35:46.286118 681 outbound_call.cc:212] OutboundCall 0x7b5000030400 (RPC call kudu.master.MasterService.GetTableLocations -> {remote=127.0.115.190:34625, user_credentials={real_user=slave}}) switching from SENDING to SENT
I0110 22:35:46.286312 680 batcher.cc:799] Result: tablet_id = e2eec0c9b766478ca568b8ccb01f7685
I0110 22:35:46.286170 683 batcher.cc:796] TabletLookupFinished for op[state=1, write_op=INSERT int32 key=1188668197, int32 int_val=-1040683175, string string_val="08973a3780de2c39"]: OK
I0110 22:35:46.286490 683 batcher.cc:799] Result: tablet_id = e2eec0c9b766478ca568b8ccb01f7685
I0110 22:35:46.286518 680 batcher.cc:863] FlushBuffersIfReady: 33 ops still in lookup
I0110 22:35:46.286464 681 outbound_call.cc:212] OutboundCall 0x7b5000060a00 (RPC call kudu.master.MasterService.GetTableLocations -> {remote=127.0.115.190:34625, user_credentials={real_user=slave}}) switching from ON_OUTBOUND_QUEUE to SENDING
I0110 22:35:46.286679 683 batcher.cc:863] FlushBuffersIfReady: 31 ops still in lookup
I0110 22:35:46.286811 680 batcher.cc:796] TabletLookupFinished for op[state=1, write_op=INSERT int32 key=997624366, int32 int_val=-1070802908, string string_val="c4dc52b7b9751f65"]: OK
I0110 22:35:46.287055 680 batcher.cc:799] Result: tablet_id = e2eec0c9b766478ca568b8ccb01f7685
I0110 22:35:46.286962 683 batcher.cc:796] TabletLookupFinished for op[state=1, write_op=INSERT int32 key=357188677, int32 int_val=1121767797, string string_val="b4f799a5d710b742"]: OK
I0110 22:35:46.287212 680 batcher.cc:859] FlushBuffersIfReady: batcher not yet in flushing state
I0110 22:35:46.287273 683 batcher.cc:799] Result: tablet_id = e2eec0c9b766478ca568b8ccb01f7685
I0110 22:35:46.287418 683 batcher.cc:863] FlushBuffersIfReady: 32 ops still in lookup
I0110 22:35:46.287472 680 batcher.cc:796] TabletLookupFinished for op[state=1, write_op=INSERT int32 key=454408232, int32 int_val=1613461877, string string_val="23731ea5b5c22b4a"]: OK
I0110 22:35:46.287729 680 batcher.cc:799] Result: tablet_id = e2eec0c9b766478ca568b8ccb01f7685
I0110 22:35:46.287681 683 batcher.cc:796] TabletLookupFinished for op[state=1, write_op=INSERT int32 key=907747979, int32 int_val=-1397820044, string string_val="949500fc04e755e5"]: OK
I0110 22:35:46.287899 680 batcher.cc:863] FlushBuffersIfReady: 30 ops still in lookup
I0110 22:35:46.287935 683 batcher.cc:799] Result: tablet_id = e2eec0c9b766478ca568b8ccb01f7685
I0110 22:35:46.288106 683 batcher.cc:863] FlushBuffersIfReady: 31 ops still in lookup
I0110 22:35:46.288170 680 batcher.cc:796] TabletLookupFinished for op[state=1, write_op=INSERT int32 key=1276552048, int32 int_val=1811507648, string string_val="41a6d1ba5e26165d"]: OK
I0110 22:35:46.288431 680 batcher.cc:799] Result: tablet_id = e2eec0c9b766478ca568b8ccb01f7685
I0110 22:35:46.288321 681 outbound_call.cc:212] OutboundCall 0x7b5000060a00 (RPC call kudu.master.MasterService.GetTableLocations -> {remote=127.0.115.190:34625, user_credentials={real_user=slave}}) switching from SENDING to SENT
I0110 22:35:46.288589 680 batcher.cc:863] FlushBuffersIfReady: 29 ops still in lookup
I0110 22:35:46.288655 681 outbound_call.cc:212] OutboundCall 0x7b5000080800 (RPC call kudu.master.MasterService.GetTableLocations -> {remote=127.0.115.190:34625, user_credentials={real_user=slave}}) switching from ON_OUTBOUND_QUEUE to SENDING
I0110 22:35:46.288763 683 batcher.cc:796] TabletLookupFinished for op[state=1, write_op=INSERT int32 key=1333039592, int32 int_val=942635295, string string_val="2eb80248653bb9dc"]: OK
I0110 22:35:46.288866 680 batcher.cc:796] TabletLookupFinished for op[state=1, write_op=INSERT int32 key=876579822, int32 int_val=-1850720658, string string_val="164d6aed694df216"]: OK
I0110 22:35:46.288945 681 outbound_call.cc:212] OutboundCall 0x7b5000080800 (RPC call kudu.master.MasterService.GetTableLocations -> {remote=127.0.115.190:34625, user_credentials={real_user=slave}}) switching from SENDING to SENT
I0110 22:35:46.289255 681 outbound_call.cc:212] OutboundCall 0x7b5000070200 (RPC call kudu.master.MasterService.GetTableLocations -> {remote=127.0.115.190:34625, user_credentials={real_user=slave}}) switching from ON_OUTBOUND_QUEUE to SENDING
I0110 22:35:46.289925 681 outbound_call.cc:212] OutboundCall 0x7b5000070200 (RPC call kudu.master.MasterService.GetTableLocations -> {remote=127.0.115.190:34625, user_credentials={real_user=slave}}) switching from SENDING to SENT
I0110 22:35:46.290205 681 outbound_call.cc:212] OutboundCall 0x7b5000070400 (RPC call kudu.master.MasterService.GetTableLocations -> {remote=127.0.115.190:34625, user_credentials={real_user=slave}}) switching from ON_OUTBOUND_QUEUE to SENDING
