I0110 22:36:00.087354 926 leader_election.cc:307] T 492ad3c286b1460db7471b6b0d1406e0 P 191329c76027490f84db7a96fd5372b6 [CANDIDATE]: Term 6 pre-election: Election decided. Result: candidate won. Election summary: received 2 responses out of 3 voters: 2 yes votes; 0 no votes. yes voters: 191329c76027490f84db7a96fd5372b6, 8c1e2674152e42d58837cd7e6ce22257; no voters:
I0110 22:36:00.087478 1122 tablet_service.cc:1319] Received RequestConsensusVote() RPC: tablet_id: "492ad3c286b1460db7471b6b0d1406e0" candidate_uuid: "191329c76027490f84db7a96fd5372b6" candidate_term: 6 candidate_status { last_received { term: 0 index: 0 } } ignore_live_leader: false dest_uuid: "230bae04bca94f7989168f2ce71830fd" is_pre_election: true
I0110 22:36:00.088209 1228 raft_consensus.cc:2698] T 492ad3c286b1460db7471b6b0d1406e0 P 191329c76027490f84db7a96fd5372b6 [term 5 FOLLOWER]: Leader pre-election won for term 6
I0110 22:36:00.088418 1228 raft_consensus.cc:479] T 492ad3c286b1460db7471b6b0d1406e0 P 191329c76027490f84db7a96fd5372b6 [term 5 FOLLOWER]: Starting leader election (no leader contacted us within the election timeout)
I0110 22:36:00.088639 1228 raft_consensus.cc:2951] T 492ad3c286b1460db7471b6b0d1406e0 P 191329c76027490f84db7a96fd5372b6 [term 5 FOLLOWER]: Advancing to term 6
I0110 22:36:00.877619 1232 raft_consensus.cc:479] T 492ad3c286b1460db7471b6b0d1406e0 P 8c1e2674152e42d58837cd7e6ce22257 [term 5 FOLLOWER]: Starting pre-election (no leader contacted us within the election timeout)
I0110 22:36:00.877955 1232 raft_consensus.cc:501] T 492ad3c286b1460db7471b6b0d1406e0 P 8c1e2674152e42d58837cd7e6ce22257 [term 5 FOLLOWER]: Starting pre-election with config: opid_index: -1 OBSOLETE_local: false peers { permanent_uuid: "191329c76027490f84db7a96fd5372b6" member_type: VOTER last_known_addr { host: "127.0.115.130" port: 35585 } } peers { permanent_uuid: "230bae04bca94f7989168f2ce71830fd" member_type: VOTER last_known_addr { host: "127.0.115.131" port: 34875 } } peers { permanent_uuid: "8c1e2674152e42d58837cd7e6ce22257" member_type: VOTER last_known_addr { host: "127.0.115.129" port: 41757 } }
I0110 22:36:00.879309 1232 leader_election.cc:293] T 492ad3c286b1460db7471b6b0d1406e0 P 8c1e2674152e42d58837cd7e6ce22257 [CANDIDATE]: Term 6 pre-election: Requested pre-vote from peers 191329c76027490f84db7a96fd5372b6 (127.0.115.130:35585), 230bae04bca94f7989168f2ce71830fd (127.0.115.131:34875)
I0110 22:36:00.880331 1121 tablet_service.cc:1319] Received RequestConsensusVote() RPC: tablet_id: "492ad3c286b1460db7471b6b0d1406e0" candidate_uuid: "8c1e2674152e42d58837cd7e6ce22257" candidate_term: 6 candidate_status { last_received { term: 0 index: 0 } } ignore_live_leader: false dest_uuid: "230bae04bca94f7989168f2ce71830fd" is_pre_election: true
W0110 22:36:00.951627 1226 consensus_meta.cc:220] T 492ad3c286b1460db7471b6b0d1406e0 P 230bae04bca94f7989168f2ce71830fd: Time spent flushing consensus metadata: real 0.868s user 0.004s sys 0.000s
I0110 22:36:00.951938 1226 raft_consensus.cc:501] T 492ad3c286b1460db7471b6b0d1406e0 P 230bae04bca94f7989168f2ce71830fd [term 6 FOLLOWER]: Starting leader election with config: opid_index: -1 OBSOLETE_local: false peers { permanent_uuid: "191329c76027490f84db7a96fd5372b6" member_type: VOTER last_known_addr { host: "127.0.115.130" port: 35585 } } peers { permanent_uuid: "230bae04bca94f7989168f2ce71830fd" member_type: VOTER last_known_addr { host: "127.0.115.131" port: 34875 } } peers { permanent_uuid: "8c1e2674152e42d58837cd7e6ce22257" member_type: VOTER last_known_addr { host: "127.0.115.129" port: 41757 } }
I0110 22:36:00.952934 1122 raft_consensus.cc:2323] T 492ad3c286b1460db7471b6b0d1406e0 P 230bae04bca94f7989168f2ce71830fd [term 6 FOLLOWER]: Leader pre-election vote request: Denying vote to candidate 191329c76027490f84db7a96fd5372b6 in current term 6: Already voted for candidate 230bae04bca94f7989168f2ce71830fd in this term.
W0110 22:36:00.953521 1122 rpcz_store.cc:253] Call kudu.consensus.ConsensusService.RequestConsensusVote from 127.0.115.130:57733 (request call id 15) took 866 ms (866 ms). Client timeout 894 ms (894 ms)
I0110 22:36:00.953646 1226 leader_election.cc:293] T 492ad3c286b1460db7471b6b0d1406e0 P 230bae04bca94f7989168f2ce71830fd [CANDIDATE]: Term 6 election: Requested vote from peers 191329c76027490f84db7a96fd5372b6 (127.0.115.130:35585), 8c1e2674152e42d58837cd7e6ce22257 (127.0.115.129:41757)
W0110 22:36:00.954418 1122 rpcz_store.cc:259] Trace: 0110 22:36:00.086865 (+ 0us) service_pool.cc:162] Inserting onto call queue 0110 22:36:00.087218 (+ 353us) service_pool.cc:221] Handling call 0110 22:36:00.953357 (+866139us) spinlock_profiling.cc:244] Waited 865 ms on lock 0x7b50000712ac. stack: 00007fefad7f7bb3 00007fefad7f7ab0 00007fefad09f584 00007fefb6368694 00007fefb6368629 00007fefb4c90231 00007fefb4d01e15 00007fefb63e2b92 00007fefb0005e34 00007fefb0005d8d 00007fefb0005cac 00007fefb0005c1c 00007fefb0004c72 00007fefaf5fb76c 00007fefaf5fac46 00007fefaf5fa6db 0110 22:36:00.953466 (+ 109us) inbound_call.cc:162] Queueing success response Metrics: {"spinlock_wait_cycles":1988872448}
I0110 22:36:00.955057 869 tablet_service.cc:1319] Received RequestConsensusVote() RPC: tablet_id: "492ad3c286b1460db7471b6b0d1406e0" candidate_uuid: "230bae04bca94f7989168f2ce71830fd" candidate_term: 6 candidate_status { last_received { term: 0 index: 0 } } ignore_live_leader: false dest_uuid: "8c1e2674152e42d58837cd7e6ce22257"
I0110 22:36:00.955562 869 raft_consensus.cc:2951] T 492ad3c286b1460db7471b6b0d1406e0 P 8c1e2674152e42d58837cd7e6ce22257 [term 5 FOLLOWER]: Advancing to term 6
W0110 22:36:00.964529 1228 consensus_meta.cc:220] T 492ad3c286b1460db7471b6b0d1406e0 P 191329c76027490f84db7a96fd5372b6: Time spent flushing consensus metadata: real 0.876s user 0.004s sys 0.000s
I0110 22:36:00.965123 1228 raft_consensus.cc:501] T 492ad3c286b1460db7471b6b0d1406e0 P 191329c76027490f84db7a96fd5372b6 [term 6 FOLLOWER]: Starting leader election with config: opid_index: -1 OBSOLETE_local: false peers { permanent_uuid: "191329c76027490f84db7a96fd5372b6" member_type: VOTER last_known_addr { host: "127.0.115.130" port: 35585 } } peers { permanent_uuid: "230bae04bca94f7989168f2ce71830fd" member_type: VOTER last_known_addr { host: "127.0.115.131" port: 34875 } } peers { permanent_uuid: "8c1e2674152e42d58837cd7e6ce22257" member_type: VOTER last_known_addr { host: "127.0.115.129" port: 41757 } }
I0110 22:36:00.966454 996 tablet_service.cc:1319] Received RequestConsensusVote() RPC: tablet_id: "492ad3c286b1460db7471b6b0d1406e0" candidate_uuid: "230bae04bca94f7989168f2ce71830fd" candidate_term: 6 candidate_status { last_received { term: 0 index: 0 } } ignore_live_leader: false dest_uuid: "191329c76027490f84db7a96fd5372b6"
I0110 22:36:00.966599 995 tablet_service.cc:1319] Received RequestConsensusVote() RPC: tablet_id: "492ad3c286b1460db7471b6b0d1406e0" candidate_uuid: "8c1e2674152e42d58837cd7e6ce22257" candidate_term: 6 candidate_status { last_received { term: 0 index: 0 } } ignore_live_leader: false dest_uuid: "191329c76027490f84db7a96fd5372b6" is_pre_election: true
I0110 22:36:00.967427 996 raft_consensus.cc:2323] T 492ad3c286b1460db7471b6b0d1406e0 P 191329c76027490f84db7a96fd5372b6 [term 6 FOLLOWER]: Leader election vote request: Denying vote to candidate 230bae04bca94f7989168f2ce71830fd in current term 6: Already voted for candidate 191329c76027490f84db7a96fd5372b6 in this term.
I0110 22:36:00.967754 1228 leader_election.cc:293] T 492ad3c286b1460db7471b6b0d1406e0 P 191329c76027490f84db7a96fd5372b6 [CANDIDATE]: Term 6 election: Requested vote from peers 230bae04bca94f7989168f2ce71830fd (127.0.115.131:34875), 8c1e2674152e42d58837cd7e6ce22257 (127.0.115.129:41757)
I0110 22:36:00.968291 1229 raft_consensus.cc:479] T 492ad3c286b1460db7471b6b0d1406e0 P 191329c76027490f84db7a96fd5372b6 [term 6 FOLLOWER]: Starting pre-election (no leader contacted us within the election timeout)
I0110 22:36:00.968552 1122 tablet_service.cc:1319] Received RequestConsensusVote() RPC: tablet_id: "492ad3c286b1460db7471b6b0d1406e0" candidate_uuid: "191329c76027490f84db7a96fd5372b6" candidate_term: 6 candidate_status { last_received { term: 0 index: 0 } } ignore_live_leader: false dest_uuid: "230bae04bca94f7989168f2ce71830fd"
I0110 22:36:00.968680 1229 raft_consensus.cc:501] T 492ad3c286b1460db7471b6b0d1406e0 P 191329c76027490f84db7a96fd5372b6 [term 6 FOLLOWER]: Starting pre-election with config: opid_index: -1 OBSOLETE_local: false peers { permanent_uuid: "191329c76027490f84db7a96fd5372b6" member_type: VOTER last_known_addr { host: "127.0.115.130" port: 35585 } } peers { permanent_uuid: "230bae04bca94f7989168f2ce71830fd" member_type: VOTER last_known_addr { host: "127.0.115.131" port: 34875 } } peers { permanent_uuid: "8c1e2674152e42d58837cd7e6ce22257" member_type: VOTER last_known_addr { host: "127.0.115.129" port: 41757 } }
I0110 22:36:00.969203 1122 raft_consensus.cc:2323] T 492ad3c286b1460db7471b6b0d1406e0 P 230bae04bca94f7989168f2ce71830fd [term 6 FOLLOWER]: Leader election vote request: Denying vote to candidate 191329c76027490f84db7a96fd5372b6 in current term 6: Already voted for candidate 230bae04bca94f7989168f2ce71830fd in this term.
I0110 22:36:00.969471 867 tablet_service.cc:1319] Received RequestConsensusVote() RPC: tablet_id: "492ad3c286b1460db7471b6b0d1406e0" candidate_uuid: "191329c76027490f84db7a96fd5372b6" candidate_term: 6 candidate_status { last_received { term: 0 index: 0 } } ignore_live_leader: false dest_uuid: "8c1e2674152e42d58837cd7e6ce22257"
I0110 22:36:00.970574 1229 leader_election.cc:293] T 492ad3c286b1460db7471b6b0d1406e0 P 191329c76027490f84db7a96fd5372b6 [CANDIDATE]: Term 7 pre-election: Requested pre-vote from peers 230bae04bca94f7989168f2ce71830fd (127.0.115.131:34875), 8c1e2674152e42d58837cd7e6ce22257 (127.0.115.129:41757)
I0110 22:36:00.970640 789 leader_election.cc:307] T 492ad3c286b1460db7471b6b0d1406e0 P 8c1e2674152e42d58837cd7e6ce22257 [CANDIDATE]: Term 6 pre-election: Election decided. Result: candidate lost. Election summary: received 3 responses out of 3 voters: 1 yes votes; 2 no votes. yes voters: 8c1e2674152e42d58837cd7e6ce22257; no voters: 191329c76027490f84db7a96fd5372b6, 230bae04bca94f7989168f2ce71830fd
I0110 22:36:00.971715 867 tablet_service.cc:1319] Received RequestConsensusVote() RPC: tablet_id: "492ad3c286b1460db7471b6b0d1406e0" candidate_uuid: "191329c76027490f84db7a96fd5372b6" candidate_term: 7 candidate_status { last_received { term: 0 index: 0 } } ignore_live_leader: false dest_uuid: "8c1e2674152e42d58837cd7e6ce22257" is_pre_election: true
I0110 22:36:00.972827 925 leader_election.cc:307] T 492ad3c286b1460db7471b6b0d1406e0 P 191329c76027490f84db7a96fd5372b6 [CANDIDATE]: Term 6 election: Election decided. Result: candidate lost. Election summary: received 3 responses out of 3 voters: 1 yes votes; 2 no votes. yes voters: 191329c76027490f84db7a96fd5372b6; no voters: 230bae04bca94f7989168f2ce71830fd, 8c1e2674152e42d58837cd7e6ce22257
I0110 22:36:00.973589 1229 raft_consensus.cc:2646] T 492ad3c286b1460db7471b6b0d1406e0 P 191329c76027490f84db7a96fd5372b6 [term 6 FOLLOWER]: Leader election lost for term 6. Reason: could not achieve majority
I0110 22:36:00.974503 1122 tablet_service.cc:1319] Received RequestConsensusVote() RPC: tablet_id: "492ad3c286b1460db7471b6b0d1406e0" candidate_uuid: "191329c76027490f84db7a96fd5372b6" candidate_term: 7 candidate_status { last_received { term: 0 index: 0 } } ignore_live_leader: false dest_uuid: "230bae04bca94f7989168f2ce71830fd" is_pre_election: true
I0110 22:36:00.974990 1122 raft_consensus.cc:2398] T 492ad3c286b1460db7471b6b0d1406e0 P 230bae04bca94f7989168f2ce71830fd [term 6 FOLLOWER]: Leader pre-election vote request: Granting yes vote for candidate 191329c76027490f84db7a96fd5372b6 in term 6.
I0110 22:36:00.975733 925 leader_election.cc:307] T 492ad3c286b1460db7471b6b0d1406e0 P 191329c76027490f84db7a96fd5372b6 [CANDIDATE]: Term 7 pre-election: Election decided. Result: candidate won. Election summary: received 3 responses out of 3 voters: 2 yes votes; 1 no votes. yes voters: 191329c76027490f84db7a96fd5372b6, 230bae04bca94f7989168f2ce71830fd; no voters: 8c1e2674152e42d58837cd7e6ce22257
I0110 22:36:00.976501 1229 raft_consensus.cc:2698] T 492ad3c286b1460db7471b6b0d1406e0 P 191329c76027490f84db7a96fd5372b6 [term 6 FOLLOWER]: Leader pre-election won for term 7
I0110 22:36:00.976752 1229 raft_consensus.cc:479] T 492ad3c286b1460db7471b6b0d1406e0 P 191329c76027490f84db7a96fd5372b6 [term 6 FOLLOWER]: Starting leader election (no leader contacted us within the election timeout)
I0110 22:36:00.976920 1229 raft_consensus.cc:2951] T 492ad3c286b1460db7471b6b0d1406e0 P 191329c76027490f84db7a96fd5372b6 [term 6 FOLLOWER]: Advancing to term 7
I0110 22:36:01.358799 1226 raft_consensus.cc:479] T 492ad3c286b1460db7471b6b0d1406e0 P 230bae04bca94f7989168f2ce71830fd [term 6 FOLLOWER]: Starting pre-election (no leader contacted us within the election timeout)
I0110 22:36:01.359191 1226 raft_consensus.cc:501] T 492ad3c286b1460db7471b6b0d1406e0 P 230bae04bca94f7989168f2ce71830fd [term 6 FOLLOWER]: Starting pre-election with config: opid_index: -1 OBSOLETE_local: false peers { permanent_uuid: "191329c76027490f84db7a96fd5372b6" member_type: VOTER last_known_addr { host: "127.0.115.130" port: 35585 } } peers { permanent_uuid: "230bae04bca94f7989168f2ce71830fd" member_type: VOTER last_known_addr { host: "127.0.115.131" port: 34875 } } peers { permanent_uuid: "8c1e2674152e42d58837cd7e6ce22257" member_type: VOTER last_known_addr { host: "127.0.115.129" port: 41757 } }
I0110 22:36:01.360893 1226 leader_election.cc:293] T 492ad3c286b1460db7471b6b0d1406e0 P 230bae04bca94f7989168f2ce71830fd [CANDIDATE]: Term 7 pre-election: Requested pre-vote from peers 191329c76027490f84db7a96fd5372b6 (127.0.115.130:35585), 8c1e2674152e42d58837cd7e6ce22257 (127.0.115.129:41757)
I0110 22:36:01.361884 867 tablet_service.cc:1319] Received RequestConsensusVote() RPC: tablet_id: "492ad3c286b1460db7471b6b0d1406e0" candidate_uuid: "230bae04bca94f7989168f2ce71830fd" candidate_term: 7 candidate_status { last_received { term: 0 index: 0 } } ignore_live_leader: false dest_uuid: "8c1e2674152e42d58837cd7e6ce22257" is_pre_election: true
I0110 22:36:01.362052 996 tablet_service.cc:1319] Received RequestConsensusVote() RPC: tablet_id: "492ad3c286b1460db7471b6b0d1406e0" candidate_uuid: "230bae04bca94f7989168f2ce71830fd" candidate_term: 7 candidate_status { last_received { term: 0 index: 0 } } ignore_live_leader: false dest_uuid: "191329c76027490f84db7a96fd5372b6" is_pre_election: true
W0110 22:36:01.857201 1053 leader_election.cc:339] T 492ad3c286b1460db7471b6b0d1406e0 P 230bae04bca94f7989168f2ce71830fd [CANDIDATE]: Term 6 election: RPC error from VoteRequest() call to peer 8c1e2674152e42d58837cd7e6ce22257 (127.0.115.129:41757): Timed out: RequestConsensusVote RPC to 127.0.115.129:41757 timed out after 0.902s (SENT)
I0110 22:36:01.857493 1053 leader_election.cc:307] T 492ad3c286b1460db7471b6b0d1406e0 P 230bae04bca94f7989168f2ce71830fd [CANDIDATE]: Term 6 election: Election decided. Result: candidate lost. Election summary: received 3 responses out of 3 voters: 1 yes votes; 2 no votes. yes voters: 230bae04bca94f7989168f2ce71830fd; no voters: 191329c76027490f84db7a96fd5372b6, 8c1e2674152e42d58837cd7e6ce22257
I0110 22:36:01.858111 1226 raft_consensus.cc:2646] T 492ad3c286b1460db7471b6b0d1406e0 P 230bae04bca94f7989168f2ce71830fd [term 6 FOLLOWER]: Leader election lost for term 6. Reason: could not achieve majority
W0110 22:36:01.899628 869 consensus_meta.cc:220] T 492ad3c286b1460db7471b6b0d1406e0 P 8c1e2674152e42d58837cd7e6ce22257: Time spent flushing consensus metadata: real 0.944s user 0.005s sys 0.000s
W0110 22:36:01.899616 1229 consensus_meta.cc:220] T 492ad3c286b1460db7471b6b0d1406e0 P 191329c76027490f84db7a96fd5372b6: Time spent flushing consensus metadata: real 0.922s user 0.004s sys 0.000s
I0110 22:36:01.899924 869 raft_consensus.cc:2398] T 492ad3c286b1460db7471b6b0d1406e0 P 8c1e2674152e42d58837cd7e6ce22257 [term 6 FOLLOWER]: Leader election vote request: Granting yes vote for candidate 230bae04bca94f7989168f2ce71830fd in term 6.
I0110 22:36:01.899966 1229 raft_consensus.cc:501] T 492ad3c286b1460db7471b6b0d1406e0 P 191329c76027490f84db7a96fd5372b6 [term 7 FOLLOWER]: Starting leader election with config: opid_index: -1 OBSOLETE_local: false peers { permanent_uuid: "191329c76027490f84db7a96fd5372b6" member_type: VOTER last_known_addr { host: "127.0.115.130" port: 35585 } } peers { permanent_uuid: "230bae04bca94f7989168f2ce71830fd" member_type: VOTER last_known_addr { host: "127.0.115.131" port: 34875 } } peers { permanent_uuid: "8c1e2674152e42d58837cd7e6ce22257" member_type: VOTER last_known_addr { host: "127.0.115.129" port: 41757 } }
I0110 22:36:01.900322 1233 raft_consensus.cc:479] T 492ad3c286b1460db7471b6b0d1406e0 P 8c1e2674152e42d58837cd7e6ce22257 [term 6 FOLLOWER]: Starting pre-election (no leader contacted us within the election timeout)
W0110 22:36:01.900414 869 rpcz_store.cc:253] Call kudu.consensus.ConsensusService.RequestConsensusVote from 127.0.115.131:45331 (request call id 12) took 946 ms (946 ms). Client timeout 902 ms (902 ms)
I0110 22:36:01.900688 1233 raft_consensus.cc:501] T 492ad3c286b1460db7471b6b0d1406e0 P 8c1e2674152e42d58837cd7e6ce22257 [term 6 FOLLOWER]: Starting pre-election with config: opid_index: -1 OBSOLETE_local: false peers { permanent_uuid: "191329c76027490f84db7a96fd5372b6" member_type: VOTER last_known_addr { host: "127.0.115.130" port: 35585 } } peers { permanent_uuid: "230bae04bca94f7989168f2ce71830fd" member_type: VOTER last_known_addr { host: "127.0.115.131" port: 34875 } } peers { permanent_uuid: "8c1e2674152e42d58837cd7e6ce22257" member_type: VOTER last_known_addr { host: "127.0.115.129" port: 41757 } }
W0110 22:36:01.901168 869 rpcz_store.cc:259] Trace: 0110 22:36:00.954535 (+ 0us) service_pool.cc:162] Inserting onto call queue 0110 22:36:00.954785 (+ 250us) service_pool.cc:221] Handling call 0110 22:36:01.900343 (+945558us) inbound_call.cc:162] Queueing success response Metrics: {}
I0110 22:36:01.901751 1229 leader_election.cc:293] T 492ad3c286b1460db7471b6b0d1406e0 P 191329c76027490f84db7a96fd5372b6 [CANDIDATE]: Term 7 election: Requested vote from peers 230bae04bca94f7989168f2ce71830fd (127.0.115.131:34875), 8c1e2674152e42d58837cd7e6ce22257 (127.0.115.129:41757)
I0110 22:36:01.901865 996 raft_consensus.cc:2323] T 492ad3c286b1460db7471b6b0d1406e0 P 191329c76027490f84db7a96fd5372b6 [term 7 FOLLOWER]: Leader pre-election vote request: Denying vote to candidate 230bae04bca94f7989168f2ce71830fd in current term 7: Already voted for candidate 191329c76027490f84db7a96fd5372b6 in this term.
I0110 22:36:01.902487 1232 raft_consensus.cc:2646] T 492ad3c286b1460db7471b6b0d1406e0 P 8c1e2674152e42d58837cd7e6ce22257 [term 6 FOLLOWER]: Leader pre-election lost for term 6. Reason: could not achieve majority
I0110 22:36:01.902861 1236 raft_consensus.cc:479] T 492ad3c286b1460db7471b6b0d1406e0 P 191329c76027490f84db7a96fd5372b6 [term 7 FOLLOWER]: Starting pre-election (no leader contacted us within the election timeout)
I0110 22:36:01.903225 1233 leader_election.cc:293] T 492ad3c286b1460db7471b6b0d1406e0 P 8c1e2674152e42d58837cd7e6ce22257 [CANDIDATE]: Term 7 pre-election: Requested pre-vote from peers 191329c76027490f84db7a96fd5372b6 (127.0.115.130:35585), 230bae04bca94f7989168f2ce71830fd (127.0.115.131:34875)
I0110 22:36:01.903218 1236 raft_consensus.cc:501] T 492ad3c286b1460db7471b6b0d1406e0 P 191329c76027490f84db7a96fd5372b6 [term 7 FOLLOWER]: Starting pre-election with config: opid_index: -1 OBSOLETE_local: false peers { permanent_uuid: "191329c76027490f84db7a96fd5372b6" member_type: VOTER last_known_addr { host: "127.0.115.130" port: 35585 } } peers { permanent_uuid: "230bae04bca94f7989168f2ce71830fd" member_type: VOTER last_known_addr { host: "127.0.115.131" port: 34875 } } peers { permanent_uuid: "8c1e2674152e42d58837cd7e6ce22257" member_type: VOTER last_known_addr { host: "127.0.115.129" port: 41757 } }
I0110 22:36:01.904739 1122 tablet_service.cc:1319] Received RequestConsensusVote() RPC: tablet_id: "492ad3c286b1460db7471b6b0d1406e0" candidate_uuid: "191329c76027490f84db7a96fd5372b6" candidate_term: 7 candidate_status { last_received { term: 0 index: 0 } } ignore_live_leader: false dest_uuid: "230bae04bca94f7989168f2ce71830fd"
I0110 22:36:01.904781 869 tablet_service.cc:1319] Received RequestConsensusVote() RPC: tablet_id: "492ad3c286b1460db7471b6b0d1406e0" candidate_uuid: "191329c76027490f84db7a96fd5372b6" candidate_term: 7 candidate_status { last_received { term: 0 index: 0 } } ignore_live_leader: false dest_uuid: "8c1e2674152e42d58837cd7e6ce22257"
I0110 22:36:01.905072 1236 leader_election.cc:293] T 492ad3c286b1460db7471b6b0d1406e0 P 191329c76027490f84db7a96fd5372b6 [CANDIDATE]: Term 8 pre-election: Requested pre-vote from peers 230bae04bca94f7989168f2ce71830fd (127.0.115.131:34875), 8c1e2674152e42d58837cd7e6ce22257 (127.0.115.129:41757)
I0110 22:36:01.905256 1122 raft_consensus.cc:2951] T 492ad3c286b1460db7471b6b0d1406e0 P 230bae04bca94f7989168f2ce71830fd [term 6 FOLLOWER]: Advancing to term 7
I0110 22:36:01.905275 869 raft_consensus.cc:2951] T 492ad3c286b1460db7471b6b0d1406e0 P 8c1e2674152e42d58837cd7e6ce22257 [term 6 FOLLOWER]: Advancing to term 7
I0110 22:36:01.905489 1052 leader_election.cc:307] T 492ad3c286b1460db7471b6b0d1406e0 P 230bae04bca94f7989168f2ce71830fd [CANDIDATE]: Term 7 pre-election: Election decided. Result: candidate lost. Election summary: received 3 responses out of 3 voters: 1 yes votes; 2 no votes. yes voters: 230bae04bca94f7989168f2ce71830fd; no voters: 191329c76027490f84db7a96fd5372b6, 8c1e2674152e42d58837cd7e6ce22257
I0110 22:36:01.905710 1121 tablet_service.cc:1319] Received RequestConsensusVote() RPC: tablet_id: "492ad3c286b1460db7471b6b0d1406e0" candidate_uuid: "8c1e2674152e42d58837cd7e6ce22257" candidate_term: 7 candidate_status { last_received { term: 0 index: 0 } } ignore_live_leader: false dest_uuid: "230bae04bca94f7989168f2ce71830fd" is_pre_election: true
I0110 22:36:01.908218 867 tablet_service.cc:1319] Received RequestConsensusVote() RPC: tablet_id: "492ad3c286b1460db7471b6b0d1406e0" candidate_uuid: "191329c76027490f84db7a96fd5372b6" candidate_term: 8 candidate_status { last_received { term: 0 index: 0 } } ignore_live_leader: false dest_uuid: "8c1e2674152e42d58837cd7e6ce22257" is_pre_election: true
I0110 22:36:01.910027 996 tablet_service.cc:1319] Received RequestConsensusVote() RPC: tablet_id: "492ad3c286b1460db7471b6b0d1406e0" candidate_uuid: "8c1e2674152e42d58837cd7e6ce22257" candidate_term: 7 candidate_status { last_received { term: 0 index: 0 } } ignore_live_leader: false dest_uuid: "191329c76027490f84db7a96fd5372b6" is_pre_election: true
I0110 22:36:01.910338 1121 tablet_service.cc:1319] Received RequestConsensusVote() RPC: tablet_id: "492ad3c286b1460db7471b6b0d1406e0" candidate_uuid: "191329c76027490f84db7a96fd5372b6" candidate_term: 8 candidate_status { last_received { term: 0 index: 0 } } ignore_live_leader: false dest_uuid: "230bae04bca94f7989168f2ce71830fd" is_pre_election: true
I0110 22:36:01.910776 996 raft_consensus.cc:2323] T 492ad3c286b1460db7471b6b0d1406e0 P 191329c76027490f84db7a96fd5372b6 [term 7 FOLLOWER]: Leader pre-election vote request: Denying vote to candidate 8c1e2674152e42d58837cd7e6ce22257 in current term 7: Already voted for candidate 191329c76027490f84db7a96fd5372b6 in this term.
I0110 22:36:01.911587 789 leader_election.cc:307] T 492ad3c286b1460db7471b6b0d1406e0 P 8c1e2674152e42d58837cd7e6ce22257 [CANDIDATE]: Term 7 pre-election: Election decided. Result: candidate lost. Election summary: received 3 responses out of 3 voters: 1 yes votes; 2 no votes. yes voters: 8c1e2674152e42d58837cd7e6ce22257; no voters: 191329c76027490f84db7a96fd5372b6, 230bae04bca94f7989168f2ce71830fd
I0110 22:36:01.911723 925 leader_election.cc:307] T 492ad3c286b1460db7471b6b0d1406e0 P 191329c76027490f84db7a96fd5372b6 [CANDIDATE]: Term 8 pre-election: Election decided. Result: candidate lost. Election summary: received 3 responses out of 3 voters: 1 yes votes; 2 no votes. yes voters: 191329c76027490f84db7a96fd5372b6; no voters: 230bae04bca94f7989168f2ce71830fd, 8c1e2674152e42d58837cd7e6ce22257
I0110 22:36:01.912672 1236 raft_consensus.cc:2646] T 492ad3c286b1460db7471b6b0d1406e0 P 191329c76027490f84db7a96fd5372b6 [term 7 FOLLOWER]: Leader pre-election lost for term 8. Reason: could not achieve majority
W0110 22:36:02.712615 926 leader_election.cc:339] T 492ad3c286b1460db7471b6b0d1406e0 P 191329c76027490f84db7a96fd5372b6 [CANDIDATE]: Term 7 election: RPC error from VoteRequest() call to peer 8c1e2674152e42d58837cd7e6ce22257 (127.0.115.129:41757): Timed out: RequestConsensusVote RPC to 127.0.115.129:41757 timed out after 0.809s (SENT)
W0110 22:36:02.713117 925 leader_election.cc:339] T 492ad3c286b1460db7471b6b0d1406e0 P 191329c76027490f84db7a96fd5372b6 [CANDIDATE]: Term 7 election: RPC error from VoteRequest() call to peer 230bae04bca94f7989168f2ce71830fd (127.0.115.131:34875): Timed out: RequestConsensusVote RPC to 127.0.115.131:34875 timed out after 0.809s (SENT)
I0110 22:36:02.713372 925 leader_election.cc:307] T 492ad3c286b1460db7471b6b0d1406e0 P 191329c76027490f84db7a96fd5372b6 [CANDIDATE]: Term 7 election: Election decided. Result: candidate lost. Election summary: received 3 responses out of 3 voters: 1 yes votes; 2 no votes. yes voters: 191329c76027490f84db7a96fd5372b6; no voters: 230bae04bca94f7989168f2ce71830fd, 8c1e2674152e42d58837cd7e6ce22257
I0110 22:36:02.714478 1239 raft_consensus.cc:2646] T 492ad3c286b1460db7471b6b0d1406e0 P 191329c76027490f84db7a96fd5372b6 [term 7 FOLLOWER]: Leader election lost for term 7. Reason: could not achieve majority
I0110 22:36:02.835991 1239 raft_consensus.cc:479] T 492ad3c286b1460db7471b6b0d1406e0 P 191329c76027490f84db7a96fd5372b6 [term 7 FOLLOWER]: Starting pre-election (no leader contacted us within the election timeout)
I0110 22:36:02.836304 1239 raft_consensus.cc:501] T 492ad3c286b1460db7471b6b0d1406e0 P 191329c76027490f84db7a96fd5372b6 [term 7 FOLLOWER]: Starting pre-election with config: opid_index: -1 OBSOLETE_local: false peers { permanent_uuid: "191329c76027490f84db7a96fd5372b6" member_type: VOTER last_known_addr { host: "127.0.115.130" port: 35585 } } peers { permanent_uuid: "230bae04bca94f7989168f2ce71830fd" member_type: VOTER last_known_addr { host: "127.0.115.131" port: 34875 } } peers { permanent_uuid: "8c1e2674152e42d58837cd7e6ce22257" member_type: VOTER last_known_addr { host: "127.0.115.129" port: 41757 } }
I0110 22:36:02.837674 1239 leader_election.cc:293] T 492ad3c286b1460db7471b6b0d1406e0 P 191329c76027490f84db7a96fd5372b6 [CANDIDATE]: Term 8 pre-election: Requested pre-vote from peers 230bae04bca94f7989168f2ce71830fd (127.0.115.131:34875), 8c1e2674152e42d58837cd7e6ce22257 (127.0.115.129:41757)
I0110 22:36:02.838682 867 tablet_service.cc:1319] Received RequestConsensusVote() RPC: tablet_id: "492ad3c286b1460db7471b6b0d1406e0" candidate_uuid: "191329c76027490f84db7a96fd5372b6" candidate_term: 8 candidate_status { last_received { term: 0 index: 0 } } ignore_live_leader: false dest_uuid: "8c1e2674152e42d58837cd7e6ce22257" is_pre_election: true
W0110 22:36:02.867221 869 consensus_meta.cc:220] T 492ad3c286b1460db7471b6b0d1406e0 P 8c1e2674152e42d58837cd7e6ce22257: Time spent flushing consensus metadata: real 0.961s user 0.006s sys 0.000s
I0110 22:36:02.867648 869 raft_consensus.cc:2398] T 492ad3c286b1460db7471b6b0d1406e0 P 8c1e2674152e42d58837cd7e6ce22257 [term 7 FOLLOWER]: Leader election vote request: Granting yes vote for candidate 191329c76027490f84db7a96fd5372b6 in term 7.
I0110 22:36:02.868048 1233 raft_consensus.cc:2646] T 492ad3c286b1460db7471b6b0d1406e0 P 8c1e2674152e42d58837cd7e6ce22257 [term 7 FOLLOWER]: Leader pre-election lost for term 7. Reason: could not achieve majority
W0110 22:36:02.868064 869 rpcz_store.cc:253] Call kudu.consensus.ConsensusService.RequestConsensusVote from 127.0.115.130:43327 (request call id 18) took 964 ms (964 ms). Client timeout 809 ms (809 ms)
I0110 22:36:02.868494 1232 raft_consensus.cc:479] T 492ad3c286b1460db7471b6b0d1406e0 P 8c1e2674152e42d58837cd7e6ce22257 [term 7 FOLLOWER]: Starting pre-election (no leader contacted us within the election timeout)
W0110 22:36:02.868847 869 rpcz_store.cc:259] Trace: 0110 22:36:01.903967 (+ 0us) service_pool.cc:162] Inserting onto call queue 0110 22:36:01.904498 (+ 531us) service_pool.cc:221] Handling call 0110 22:36:02.868019 (+963521us) inbound_call.cc:162] Queueing success response Metrics: {}
I0110 22:36:02.868896 1232 raft_consensus.cc:501] T 492ad3c286b1460db7471b6b0d1406e0 P 8c1e2674152e42d58837cd7e6ce22257 [term 7 FOLLOWER]: Starting pre-election with config: opid_index: -1 OBSOLETE_local: false peers { permanent_uuid: "191329c76027490f84db7a96fd5372b6" member_type: VOTER last_known_addr { host: "127.0.115.130" port: 35585 } } peers { permanent_uuid: "230bae04bca94f7989168f2ce71830fd" member_type: VOTER last_known_addr { host: "127.0.115.131" port: 34875 } } peers { permanent_uuid: "8c1e2674152e42d58837cd7e6ce22257" member_type: VOTER last_known_addr { host: "127.0.115.129" port: 41757 } }
I0110 22:36:02.870663 1232 leader_election.cc:293] T 492ad3c286b1460db7471b6b0d1406e0 P 8c1e2674152e42d58837cd7e6ce22257 [CANDIDATE]: Term 8 pre-election: Requested pre-vote from peers 191329c76027490f84db7a96fd5372b6 (127.0.115.130:35585), 230bae04bca94f7989168f2ce71830fd (127.0.115.131:34875)
I0110 22:36:02.872362 996 tablet_service.cc:1319] Received RequestConsensusVote() RPC: tablet_id: "492ad3c286b1460db7471b6b0d1406e0" candidate_uuid: "8c1e2674152e42d58837cd7e6ce22257" candidate_term: 8 candidate_status { last_received { term: 0 index: 0 } } ignore_live_leader: false dest_uuid: "191329c76027490f84db7a96fd5372b6" is_pre_election: true
I0110 22:36:02.872860 996 raft_consensus.cc:2398] T 492ad3c286b1460db7471b6b0d1406e0 P 191329c76027490f84db7a96fd5372b6 [term 7 FOLLOWER]: Leader pre-election vote request: Granting yes vote for candidate 8c1e2674152e42d58837cd7e6ce22257 in term 7.
I0110 22:36:02.873790 789 leader_election.cc:307] T 492ad3c286b1460db7471b6b0d1406e0 P 8c1e2674152e42d58837cd7e6ce22257 [CANDIDATE]: Term 8 pre-election: Election decided. Result: candidate won. Election summary: received 2 responses out of 3 voters: 2 yes votes; 0 no votes. yes voters: 191329c76027490f84db7a96fd5372b6, 8c1e2674152e42d58837cd7e6ce22257; no voters:
I0110 22:36:02.874655 1232 raft_consensus.cc:2698] T 492ad3c286b1460db7471b6b0d1406e0 P 8c1e2674152e42d58837cd7e6ce22257 [term 7 FOLLOWER]: Leader pre-election won for term 8
I0110 22:36:02.874853 1232 raft_consensus.cc:479] T 492ad3c286b1460db7471b6b0d1406e0 P 8c1e2674152e42d58837cd7e6ce22257 [term 7 FOLLOWER]: Starting leader election (no leader contacted us within the election timeout)
I0110 22:36:02.875066 1232 raft_consensus.cc:2951] T 492ad3c286b1460db7471b6b0d1406e0 P 8c1e2674152e42d58837cd7e6ce22257 [term 7 FOLLOWER]: Advancing to term 8
W0110 22:36:02.888227 1122 consensus_meta.cc:220] T 492ad3c286b1460db7471b6b0d1406e0 P 230bae04bca94f7989168f2ce71830fd: Time spent flushing consensus metadata: real 0.982s user 0.005s sys 0.000s
I0110 22:36:02.888952 1121 tablet_service.cc:1319] Received RequestConsensusVote() RPC: tablet_id: "492ad3c286b1460db7471b6b0d1406e0" candidate_uuid: "191329c76027490f84db7a96fd5372b6" candidate_term: 8 candidate_status { last_received { term: 0 index: 0 } } ignore_live_leader: false dest_uuid: "230bae04bca94f7989168f2ce71830fd" is_pre_election: true
I0110 22:36:02.888644 1120 tablet_service.cc:1319] Received RequestConsensusVote() RPC: tablet_id: "492ad3c286b1460db7471b6b0d1406e0" candidate_uuid: "8c1e2674152e42d58837cd7e6ce22257" candidate_term: 8 candidate_status { last_received { term: 0 index: 0 } } ignore_live_leader: false dest_uuid: "230bae04bca94f7989168f2ce71830fd" is_pre_election: true
I0110 22:36:02.889226 1122 raft_consensus.cc:2398] T 492ad3c286b1460db7471b6b0d1406e0 P 230bae04bca94f7989168f2ce71830fd [term 7 FOLLOWER]: Leader election vote request: Granting yes vote for candidate 191329c76027490f84db7a96fd5372b6 in term 7.
W0110 22:36:02.889868 1122 rpcz_store.cc:253] Call kudu.consensus.ConsensusService.RequestConsensusVote from 127.0.115.130:57733 (request call id 18) took 985 ms (985 ms). Client timeout 809 ms (809 ms)
W0110 22:36:02.890774 1122 rpcz_store.cc:259] Trace: 0110 22:36:01.904322 (+ 0us) service_pool.cc:162] Inserting onto call queue 0110 22:36:01.904481 (+ 159us) service_pool.cc:221] Handling call 0110 22:36:02.889794 (+985313us) inbound_call.cc:162] Queueing success response Metrics: {}
I0110 22:36:02.890224 1240 raft_consensus.cc:479] T 492ad3c286b1460db7471b6b0d1406e0 P 230bae04bca94f7989168f2ce71830fd [term 7 FOLLOWER]: Starting pre-election (no leader contacted us within the election timeout)
I0110 22:36:02.890959 925 leader_election.cc:307] T 492ad3c286b1460db7471b6b0d1406e0 P 191329c76027490f84db7a96fd5372b6 [CANDIDATE]: Term 8 pre-election: Election decided. Result: candidate lost. Election summary: received 3 responses out of 3 voters: 1 yes votes; 2 no votes. yes voters: 191329c76027490f84db7a96fd5372b6; no voters: 230bae04bca94f7989168f2ce71830fd, 8c1e2674152e42d58837cd7e6ce22257
I0110 22:36:02.891664 1239 raft_consensus.cc:2646] T 492ad3c286b1460db7471b6b0d1406e0 P 191329c76027490f84db7a96fd5372b6 [term 7 FOLLOWER]: Leader pre-election lost for term 8. Reason: could not achieve majority
I0110 22:36:02.891285 1240 raft_consensus.cc:501] T 492ad3c286b1460db7471b6b0d1406e0 P 230bae04bca94f7989168f2ce71830fd [term 7 FOLLOWER]: Starting pre-election with config: opid_index: -1 OBSOLETE_local: false peers { permanent_uuid: "191329c76027490f84db7a96fd5372b6" member_type: VOTER last_known_addr { host: "127.0.115.130" port: 35585 } } peers { permanent_uuid: "230bae04bca94f7989168f2ce71830fd" member_type: VOTER last_known_addr { host: "127.0.115.131" port: 34875 } } peers { permanent_uuid: "8c1e2674152e42d58837cd7e6ce22257" member_type: VOTER last_known_addr { host: "127.0.115.129" port: 41757 } }
I0110 22:36:02.892395 1226 raft_consensus.cc:2646] T 492ad3c286b1460db7471b6b0d1406e0 P 230bae04bca94f7989168f2ce71830fd [term 7 FOLLOWER]: Leader pre-election lost for term 7. Reason: could not achieve majority
I0110 22:36:02.893476 1240 leader_election.cc:293] T 492ad3c286b1460db7471b6b0d1406e0 P 230bae04bca94f7989168f2ce71830fd [CANDIDATE]: Term 8 pre-election: Requested pre-vote from peers 191329c76027490f84db7a96fd5372b6 (127.0.115.130:35585), 8c1e2674152e42d58837cd7e6ce22257 (127.0.115.129:41757)
I0110 22:36:02.894306 996 tablet_service.cc:1319] Received RequestConsensusVote() RPC: tablet_id: "492ad3c286b1460db7471b6b0d1406e0" candidate_uuid: "230bae04bca94f7989168f2ce71830fd" candidate_term: 8 candidate_status { last_received { term: 0 index: 0 } } ignore_live_leader: false dest_uuid: "191329c76027490f84db7a96fd5372b6" is_pre_election: true
I0110 22:36:02.894479 869 tablet_service.cc:1319] Received RequestConsensusVote() RPC: tablet_id: "492ad3c286b1460db7471b6b0d1406e0" candidate_uuid: "230bae04bca94f7989168f2ce71830fd" candidate_term: 8 candidate_status { last_received { term: 0 index: 0 } } ignore_live_leader: false dest_uuid: "8c1e2674152e42d58837cd7e6ce22257" is_pre_election: true
I0110 22:36:02.894759 996 raft_consensus.cc:2398] T 492ad3c286b1460db7471b6b0d1406e0 P 191329c76027490f84db7a96fd5372b6 [term 7 FOLLOWER]: Leader pre-election vote request: Granting yes vote for candidate 230bae04bca94f7989168f2ce71830fd in term 7.
I0110 22:36:02.895507 1052 leader_election.cc:307] T 492ad3c286b1460db7471b6b0d1406e0 P 230bae04bca94f7989168f2ce71830fd [CANDIDATE]: Term 8 pre-election: Election decided. Result: candidate won. Election summary: received 2 responses out of 3 voters: 2 yes votes; 0 no votes. yes voters: 191329c76027490f84db7a96fd5372b6, 230bae04bca94f7989168f2ce71830fd; no voters:
I0110 22:36:02.896160 1240 raft_consensus.cc:2698] T 492ad3c286b1460db7471b6b0d1406e0 P 230bae04bca94f7989168f2ce71830fd [term 7 FOLLOWER]: Leader pre-election won for term 8
I0110 22:36:02.896355 1240 raft_consensus.cc:479] T 492ad3c286b1460db7471b6b0d1406e0 P 230bae04bca94f7989168f2ce71830fd [term 7 FOLLOWER]: Starting leader election (no leader contacted us within the election timeout)
I0110 22:36:02.896540 1240 raft_consensus.cc:2951] T 492ad3c286b1460db7471b6b0d1406e0 P 230bae04bca94f7989168f2ce71830fd [term 7 FOLLOWER]: Advancing to term 8
I0110 22:36:03.208094 1239 raft_consensus.cc:479] T 492ad3c286b1460db7471b6b0d1406e0 P 191329c76027490f84db7a96fd5372b6 [term 7 FOLLOWER]: Starting pre-election (no leader contacted us within the election timeout)
I0110 22:36:03.208396 1239 raft_consensus.cc:501] T 492ad3c286b1460db7471b6b0d1406e0 P 191329c76027490f84db7a96fd5372b6 [term 7 FOLLOWER]: Starting pre-election with config: opid_index: -1 OBSOLETE_local: false peers { permanent_uuid: "191329c76027490f84db7a96fd5372b6" member_type: VOTER last_known_addr { host: "127.0.115.130" port: 35585 } } peers { permanent_uuid: "230bae04bca94f7989168f2ce71830fd" member_type: VOTER last_known_addr { host: "127.0.115.131" port: 34875 } } peers { permanent_uuid: "8c1e2674152e42d58837cd7e6ce22257" member_type: VOTER last_known_addr { host: "127.0.115.129" port: 41757 } }
I0110 22:36:03.209672 1239 leader_election.cc:293] T 492ad3c286b1460db7471b6b0d1406e0 P 191329c76027490f84db7a96fd5372b6 [CANDIDATE]: Term 8 pre-election: Requested pre-vote from peers 230bae04bca94f7989168f2ce71830fd (127.0.115.131:34875), 8c1e2674152e42d58837cd7e6ce22257 (127.0.115.129:41757)
I0110 22:36:03.210649 1122 tablet_service.cc:1319] Received RequestConsensusVote() RPC: tablet_id: "492ad3c286b1460db7471b6b0d1406e0" candidate_uuid: "191329c76027490f84db7a96fd5372b6" candidate_term: 8 candidate_status { last_received { term: 0 index: 0 } } ignore_live_leader: false dest_uuid: "230bae04bca94f7989168f2ce71830fd" is_pre_election: true
I0110 22:36:03.210722 867 tablet_service.cc:1319] Received RequestConsensusVote() RPC: tablet_id: "492ad3c286b1460db7471b6b0d1406e0" candidate_uuid: "191329c76027490f84db7a96fd5372b6" candidate_term: 8 candidate_status { last_received { term: 0 index: 0 } } ignore_live_leader: false dest_uuid: "8c1e2674152e42d58837cd7e6ce22257" is_pre_election: true
W0110 22:36:03.270228 1053 leader_election.cc:339] T 492ad3c286b1460db7471b6b0d1406e0 P 230bae04bca94f7989168f2ce71830fd [CANDIDATE]: Term 8 pre-election: RPC error from VoteRequest() call to peer 8c1e2674152e42d58837cd7e6ce22257 (127.0.115.129:41757): Timed out: RequestConsensusVote RPC to 127.0.115.129:41757 timed out after 0.376s (SENT)
I0110 22:36:03.647425 1239 raft_consensus.cc:479] T 492ad3c286b1460db7471b6b0d1406e0 P 191329c76027490f84db7a96fd5372b6 [term 7 FOLLOWER]: Starting pre-election (no leader contacted us within the election timeout)
I0110 22:36:03.647752 1239 raft_consensus.cc:501] T 492ad3c286b1460db7471b6b0d1406e0 P 191329c76027490f84db7a96fd5372b6 [term 7 FOLLOWER]: Starting pre-election with config: opid_index: -1 OBSOLETE_local: false peers { permanent_uuid: "191329c76027490f84db7a96fd5372b6" member_type: VOTER last_known_addr { host: "127.0.115.130" port: 35585 } } peers { permanent_uuid: "230bae04bca94f7989168f2ce71830fd" member_type: VOTER last_known_addr { host: "127.0.115.131" port: 34875 } } peers { permanent_uuid: "8c1e2674152e42d58837cd7e6ce22257" member_type: VOTER last_known_addr { host: "127.0.115.129" port: 41757 } }
W0110 22:36:03.648349 925 leader_election.cc:339] T 492ad3c286b1460db7471b6b0d1406e0 P 191329c76027490f84db7a96fd5372b6 [CANDIDATE]: Term 8 pre-election: RPC error from VoteRequest() call to peer 230bae04bca94f7989168f2ce71830fd (127.0.115.131:34875): Timed out: RequestConsensusVote RPC to 127.0.115.131:34875 timed out after 0.438s (SENT)
I0110 22:36:03.648622 925 leader_election.cc:307] T 492ad3c286b1460db7471b6b0d1406e0 P 191329c76027490f84db7a96fd5372b6 [CANDIDATE]: Term 8 pre-election: Election decided. Result: candidate lost. Election summary: received 3 responses out of 3 voters: 1 yes votes; 2 no votes. yes voters: 191329c76027490f84db7a96fd5372b6; no voters: 230bae04bca94f7989168f2ce71830fd, 8c1e2674152e42d58837cd7e6ce22257
I0110 22:36:03.649052 1239 leader_election.cc:293] T 492ad3c286b1460db7471b6b0d1406e0 P 191329c76027490f84db7a96fd5372b6 [CANDIDATE]: Term 8 pre-election: Requested pre-vote from peers 230bae04bca94f7989168f2ce71830fd (127.0.115.131:34875), 8c1e2674152e42d58837cd7e6ce22257 (127.0.115.129:41757)
I0110 22:36:03.649439 1239 raft_consensus.cc:2646] T 492ad3c286b1460db7471b6b0d1406e0 P 191329c76027490f84db7a96fd5372b6 [term 7 FOLLOWER]: Leader pre-election lost for term 8. Reason: could not achieve majority
I0110 22:36:03.650133 867 tablet_service.cc:1319] Received RequestConsensusVote() RPC: tablet_id: "492ad3c286b1460db7471b6b0d1406e0" candidate_uuid: "191329c76027490f84db7a96fd5372b6" candidate_term: 8 candidate_status { last_received { term: 0 index: 0 } } ignore_live_leader: false dest_uuid: "8c1e2674152e42d58837cd7e6ce22257" is_pre_election: true
I0110 22:36:03.651356 1121 tablet_service.cc:1319] Received RequestConsensusVote() RPC: tablet_id: "492ad3c286b1460db7471b6b0d1406e0" candidate_uuid: "191329c76027490f84db7a96fd5372b6" candidate_term: 8 candidate_status { last_received { term: 0 index: 0 } } ignore_live_leader: false dest_uuid: "230bae04bca94f7989168f2ce71830fd" is_pre_election: true
I0110 22:36:03.652405 925 leader_election.cc:307] T 492ad3c286b1460db7471b6b0d1406e0 P 191329c76027490f84db7a96fd5372b6 [CANDIDATE]: Term 8 pre-election: Election decided. Result: candidate lost. Election summary: received 3 responses out of 3 voters: 1 yes votes; 2 no votes. yes voters: 191329c76027490f84db7a96fd5372b6; no voters: 230bae04bca94f7989168f2ce71830fd, 8c1e2674152e42d58837cd7e6ce22257
I0110 22:36:03.652971 1241 raft_consensus.cc:2646] T 492ad3c286b1460db7471b6b0d1406e0 P 191329c76027490f84db7a96fd5372b6 [term 7 FOLLOWER]: Leader pre-election lost for term 8. Reason: could not achieve majority
W0110 22:36:03.835012 1240 consensus_meta.cc:220] T 492ad3c286b1460db7471b6b0d1406e0 P 230bae04bca94f7989168f2ce71830fd: Time spent flushing consensus metadata: real 0.938s user 0.005s sys 0.000s
W0110 22:36:03.835012 1232 consensus_meta.cc:220] T 492ad3c286b1460db7471b6b0d1406e0 P 8c1e2674152e42d58837cd7e6ce22257: Time spent flushing consensus metadata: real 0.960s user 0.004s sys 0.000s
I0110 22:36:03.835338 1232 raft_consensus.cc:501] T 492ad3c286b1460db7471b6b0d1406e0 P 8c1e2674152e42d58837cd7e6ce22257 [term 8 FOLLOWER]: Starting leader election with config: opid_index: -1 OBSOLETE_local: false peers { permanent_uuid: "191329c76027490f84db7a96fd5372b6" member_type: VOTER last_known_addr { host: "127.0.115.130" port: 35585 } } peers { permanent_uuid: "230bae04bca94f7989168f2ce71830fd" member_type: VOTER last_known_addr { host: "127.0.115.131" port: 34875 } } peers { permanent_uuid: "8c1e2674152e42d58837cd7e6ce22257" member_type: VOTER last_known_addr { host: "127.0.115.129" port: 41757 } }
I0110 22:36:03.835338 1240 raft_consensus.cc:501] T 492ad3c286b1460db7471b6b0d1406e0 P 230bae04bca94f7989168f2ce71830fd [term 8 FOLLOWER]: Starting leader election with config: opid_index: -1 OBSOLETE_local: false peers { permanent_uuid: "191329c76027490f84db7a96fd5372b6" member_type: VOTER last_known_addr { host: "127.0.115.130" port: 35585 } } peers { permanent_uuid: "230bae04bca94f7989168f2ce71830fd" member_type: VOTER last_known_addr { host: "127.0.115.131" port: 34875 } } peers { permanent_uuid: "8c1e2674152e42d58837cd7e6ce22257" member_type: VOTER last_known_addr { host: "127.0.115.129" port: 41757 } }
I0110 22:36:03.836417 1122 raft_consensus.cc:2323] T 492ad3c286b1460db7471b6b0d1406e0 P 230bae04bca94f7989168f2ce71830fd [term 8 FOLLOWER]: Leader pre-election vote request: Denying vote to candidate 191329c76027490f84db7a96fd5372b6 in current term 8: Already voted for candidate 230bae04bca94f7989168f2ce71830fd in this term.
I0110 22:36:03.837033 1232 leader_election.cc:293] T 492ad3c286b1460db7471b6b0d1406e0 P 8c1e2674152e42d58837cd7e6ce22257 [CANDIDATE]: Term 8 election: Requested vote from peers 191329c76027490f84db7a96fd5372b6 (127.0.115.130:35585), 230bae04bca94f7989168f2ce71830fd (127.0.115.131:34875)
I0110 22:36:03.837047 1240 leader_election.cc:293] T 492ad3c286b1460db7471b6b0d1406e0 P 230bae04bca94f7989168f2ce71830fd [CANDIDATE]: Term 8 election: Requested vote from peers 191329c76027490f84db7a96fd5372b6 (127.0.115.130:35585), 8c1e2674152e42d58837cd7e6ce22257 (127.0.115.129:41757)
W0110 22:36:03.837083 1122 rpcz_store.cc:253] Call kudu.consensus.ConsensusService.RequestConsensusVote from 127.0.115.130:57733 (request call id 21) took 627 ms (627 ms). Client timeout 438 ms (438 ms)
I0110 22:36:03.837605 869 raft_consensus.cc:2323] T 492ad3c286b1460db7471b6b0d1406e0 P 8c1e2674152e42d58837cd7e6ce22257 [term 8 FOLLOWER]: Leader pre-election vote request: Denying vote to candidate 230bae04bca94f7989168f2ce71830fd in current term 8: Already voted for candidate 8c1e2674152e42d58837cd7e6ce22257 in this term.
W0110 22:36:03.837971 1122 rpcz_store.cc:259] Trace: 0110 22:36:03.210147 (+ 0us) service_pool.cc:162] Inserting onto call queue 0110 22:36:03.210341 (+ 194us) service_pool.cc:221] Handling call 0110 22:36:03.836911 (+626570us) spinlock_profiling.cc:244] Waited 625 ms on lock 0x7b50000712ac. stack: 00007fefad7f7bb3 00007fefad7f7ab0 00007fefad09f584 00007fefb6368694 00007fefb6368629 00007fefb4c90231 00007fefb4d01e15 00007fefb63e2b92 00007fefb0005e34 00007fefb0005d8d 00007fefb0005cac 00007fefb0005c1c 00007fefb0004c72 00007fefaf5fb76c 00007fefaf5fac46 00007fefaf5fa6db 0110 22:36:03.837029 (+ 118us) inbound_call.cc:162] Queueing success response Metrics: {"spinlock_wait_cycles":1437582720}
I0110 22:36:03.837886 1243 raft_consensus.cc:479] T 492ad3c286b1460db7471b6b0d1406e0 P 8c1e2674152e42d58837cd7e6ce22257 [term 8 FOLLOWER]: Starting pre-election (no leader contacted us within the election timeout)
W0110 22:36:03.838238 869 rpcz_store.cc:253] Call kudu.consensus.ConsensusService.RequestConsensusVote from 127.0.115.131:45331 (request call id 14) took 944 ms (944 ms). Client timeout 376 ms (376 ms)
W0110 22:36:03.839180 869 rpcz_store.cc:259] Trace: 0110 22:36:02.894109 (+ 0us) service_pool.cc:162] Inserting onto call queue 0110 22:36:02.894223 (+ 114us) service_pool.cc:221] Handling call 0110 22:36:03.838069 (+943846us) spinlock_profiling.cc:244] Waited 943 ms on lock 0x7b50000812ac. stack: 00007f989314dbb3 00007f989314dab0 00007f98929f5584 00007f989bcbe694 00007f989bcbe629 00007f989a5e6231 00007f989a657e15 00007f989bd38b92 00007f989595be34 00007f989595bd8d 00007f989595bcac 00007f989595bc1c 00007f989595ac72 00007f9894f5176c 00007f9894f50c46 00007f9894f506db 0110 22:36:03.838179 (+ 110us) inbound_call.cc:162] Queueing success response Metrics: {"spinlock_wait_cycles":2167849216}
I0110 22:36:03.839676 867 tablet_service.cc:1319] Received RequestConsensusVote() RPC: tablet_id: "492ad3c286b1460db7471b6b0d1406e0" candidate_uuid: "230bae04bca94f7989168f2ce71830fd" candidate_term: 8 candidate_status { last_received { term: 0 index: 0 } } ignore_live_leader: false dest_uuid: "8c1e2674152e42d58837cd7e6ce22257"
I0110 22:36:03.840126 1122 tablet_service.cc:1319] Received RequestConsensusVote() RPC: tablet_id: "492ad3c286b1460db7471b6b0d1406e0" candidate_uuid: "8c1e2674152e42d58837cd7e6ce22257" candidate_term: 8 candidate_status { last_received { term: 0 index: 0 } } ignore_live_leader: false dest_uuid: "230bae04bca94f7989168f2ce71830fd"
I0110 22:36:03.840766 1122 raft_consensus.cc:2323] T 492ad3c286b1460db7471b6b0d1406e0 P 230bae04bca94f7989168f2ce71830fd [term 8 FOLLOWER]: Leader election vote request: Denying vote to candidate 8c1e2674152e42d58837cd7e6ce22257 in current term 8: Already voted for candidate 230bae04bca94f7989168f2ce71830fd in this term.
I0110 22:36:03.840567 995 tablet_service.cc:1319] Received RequestConsensusVote() RPC: tablet_id: "492ad3c286b1460db7471b6b0d1406e0" candidate_uuid: "8c1e2674152e42d58837cd7e6ce22257" candidate_term: 8 candidate_status { last_received { term: 0 index: 0 } } ignore_live_leader: false dest_uuid: "191329c76027490f84db7a96fd5372b6"
I0110 22:36:03.841001 1242 raft_consensus.cc:479] T 492ad3c286b1460db7471b6b0d1406e0 P 230bae04bca94f7989168f2ce71830fd [term 8 FOLLOWER]: Starting pre-election (no leader contacted us within the election timeout)
I0110 22:36:03.841078 995 raft_consensus.cc:2951] T 492ad3c286b1460db7471b6b0d1406e0 P 191329c76027490f84db7a96fd5372b6 [term 7 FOLLOWER]: Advancing to term 8
I0110 22:36:03.841346 1242 raft_consensus.cc:501] T 492ad3c286b1460db7471b6b0d1406e0 P 230bae04bca94f7989168f2ce71830fd [term 8 FOLLOWER]: Starting pre-election with config: opid_index: -1 OBSOLETE_local: false peers { permanent_uuid: "191329c76027490f84db7a96fd5372b6" member_type: VOTER last_known_addr { host: "127.0.115.130" port: 35585 } } peers { permanent_uuid: "230bae04bca94f7989168f2ce71830fd" member_type: VOTER last_known_addr { host: "127.0.115.131" port: 34875 } } peers { permanent_uuid: "8c1e2674152e42d58837cd7e6ce22257" member_type: VOTER last_known_addr { host: "127.0.115.129" port: 41757 } }
I0110 22:36:03.838788 1243 raft_consensus.cc:501] T 492ad3c286b1460db7471b6b0d1406e0 P 8c1e2674152e42d58837cd7e6ce22257 [term 8 FOLLOWER]: Starting pre-election with config: opid_index: -1 OBSOLETE_local: false peers { permanent_uuid: "191329c76027490f84db7a96fd5372b6" member_type: VOTER last_known_addr { host: "127.0.115.130" port: 35585 } } peers { permanent_uuid: "230bae04bca94f7989168f2ce71830fd" member_type: VOTER last_known_addr { host: "127.0.115.131" port: 34875 } } peers { permanent_uuid: "8c1e2674152e42d58837cd7e6ce22257" member_type: VOTER last_known_addr { host: "127.0.115.129" port: 41757 } }
