I0110 22:35:45.543138 681 outbound_call.cc:212] OutboundCall 0x7b5000002a00 (RPC call kudu.master.MasterService.IsCreateTableDone -> {remote=127.0.115.190:34625, user_credentials={real_user=slave}}) switching from READY to ON_OUTBOUND_QUEUE
I0110 22:35:45.543499 681 connection.cc:342] Queueing transfer: \x00\x00\x00[5\x18\x0c2.\x0a\x19kudu.master.MasterService\x12\x11IsCreateTableDoneP\x8fN$\x0a"\x0a\x207e9e4137de7940ce9e23ddc965ca0748
I0110 22:35:45.543759 681 connection.cc:746] client connection to 127.0.115.190:34625: writeHandler: revents = 2
I0110 22:35:45.543964 681 outbound_call.cc:212] OutboundCall 0x7b5000002a00 (RPC call kudu.master.MasterService.IsCreateTableDone -> {remote=127.0.115.190:34625, user_credentials={real_user=slave}}) switching from ON_OUTBOUND_QUEUE to SENDING
I0110 22:35:45.544298 681 outbound_call.cc:212] OutboundCall 0x7b5000002a00 (RPC call kudu.master.MasterService.IsCreateTableDone -> {remote=127.0.115.190:34625, user_credentials={real_user=slave}}) switching from SENDING to SENT
I0110 22:35:45.545580 681 connection.cc:638] client connection to 127.0.115.190:34625 ReadHandler(revents=1)
I0110 22:35:45.545828 681 connection.cc:664] client connection to 127.0.115.190:34625: finished reading 12 bytes
I0110 22:35:45.546092 681 outbound_call.cc:212] OutboundCall 0x7b5000002a00 (RPC call kudu.master.MasterService.IsCreateTableDone -> {remote=127.0.115.190:34625, user_credentials={real_user=slave}}) switching from SENT to FINISHED_SUCCESS
I0110 22:35:45.546681 462 client-internal.cc:141] Waiting on Create Table to be completed status=OK
I0110 22:35:45.546857 462 client-internal.cc:155] Waiting for 7.45 ms before retrying...
I0110 22:35:45.550233 692 raft_consensus.cc:343] T e2eec0c9b766478ca568b8ccb01f7685 P c1d680f550724b7c93db4804b4fae356 [term 0 FOLLOWER]: Replica starting. Triggering 0 pending transactions. Active config: opid_index: -1 OBSOLETE_local: true peers { permanent_uuid: "c1d680f550724b7c93db4804b4fae356" member_type: VOTER last_known_addr { host: "127.0.115.129" port: 42925 } }
I0110 22:35:45.550770 692 raft_consensus.cc:369] T e2eec0c9b766478ca568b8ccb01f7685 P c1d680f550724b7c93db4804b4fae356 [term 0 FOLLOWER]: Consensus starting up: Expiring failure detector timer to make a prompt election more likely
I0110 22:35:45.550964 692 raft_consensus.cc:714] T e2eec0c9b766478ca568b8ccb01f7685 P c1d680f550724b7c93db4804b4fae356 [term 0 FOLLOWER]: Becoming Follower/Learner. State: Replica: c1d680f550724b7c93db4804b4fae356, State: Initialized, Role: FOLLOWER
I0110 22:35:45.551504 692 consensus_queue.cc:229] T e2eec0c9b766478ca568b8ccb01f7685 P c1d680f550724b7c93db4804b4fae356 [NON_LEADER]: Queue going to NON_LEADER mode. State: All replicated index: 0, Majority replicated index: 0, Committed index: 0, Last appended: 0.0, Last appended by leader: 0, Current term: 0, Majority size: -1, State: 0, Mode: NON_LEADER, active raft config: opid_index: -1 OBSOLETE_local: true peers { permanent_uuid: "c1d680f550724b7c93db4804b4fae356" member_type: VOTER last_known_addr { host: "127.0.115.129" port: 42925 } }
I0110 22:35:45.551916 692 raft_consensus.cc:383] T e2eec0c9b766478ca568b8ccb01f7685 P c1d680f550724b7c93db4804b4fae356 [term 0 FOLLOWER]: Only one voter in the Raft config. Triggering election immediately
I0110 22:35:45.552127 692 raft_consensus.cc:479] T e2eec0c9b766478ca568b8ccb01f7685 P c1d680f550724b7c93db4804b4fae356 [term 0 FOLLOWER]: Starting leader election (initial election of a single-replica configuration)
I0110 22:35:45.552347 692 raft_consensus.cc:2951] T e2eec0c9b766478ca568b8ccb01f7685 P c1d680f550724b7c93db4804b4fae356 [term 0 FOLLOWER]: Advancing to term 1
I0110 22:35:45.554850 462 reactor.cc:897] client_R001: queueing outbound call RPC call kudu.master.MasterService.IsCreateTableDone -> {remote=127.0.115.190:34625, user_credentials={real_user=slave}} to remote 127.0.115.190:34625
I0110 22:35:45.555404 681 outbound_call.cc:212] OutboundCall 0x7b5000002a00 (RPC call kudu.master.MasterService.IsCreateTableDone -> {remote=127.0.115.190:34625, user_credentials={real_user=slave}}) switching from READY to ON_OUTBOUND_QUEUE
I0110 22:35:45.555766 681 connection.cc:342] Queueing transfer: \x00\x00\x00[5\x18\x0d2.\x0a\x19kudu.master.MasterService\x12\x11IsCreateTableDoneP\x8fN$\x0a"\x0a\x207e9e4137de7940ce9e23ddc965ca0748
I0110 22:35:45.556039 681 connection.cc:746] client connection to 127.0.115.190:34625: writeHandler: revents = 2
I0110 22:35:45.556252 681 outbound_call.cc:212] OutboundCall 0x7b5000002a00 (RPC call kudu.master.MasterService.IsCreateTableDone -> {remote=127.0.115.190:34625, user_credentials={real_user=slave}}) switching from ON_OUTBOUND_QUEUE to SENDING
I0110 22:35:45.556612 681 outbound_call.cc:212] OutboundCall 0x7b5000002a00 (RPC call kudu.master.MasterService.IsCreateTableDone -> {remote=127.0.115.190:34625, user_credentials={real_user=slave}}) switching from SENDING to SENT
I0110 22:35:45.557744 681 connection.cc:638] client connection to 127.0.115.190:34625 ReadHandler(revents=1)
I0110 22:35:45.557934 681 connection.cc:664] client connection to 127.0.115.190:34625: finished reading 12 bytes
I0110 22:35:45.558133 681 outbound_call.cc:212] OutboundCall 0x7b5000002a00 (RPC call kudu.master.MasterService.IsCreateTableDone -> {remote=127.0.115.190:34625, user_credentials={real_user=slave}}) switching from SENT to FINISHED_SUCCESS
I0110 22:35:45.558604 462 client-internal.cc:141] Waiting on Create Table to be completed status=OK
I0110 22:35:45.558720 462 client-internal.cc:155] Waiting for 9.31 ms before retrying...
I0110 22:35:45.568534 462 reactor.cc:897] client_R001: queueing outbound call RPC call kudu.master.MasterService.IsCreateTableDone -> {remote=127.0.115.190:34625, user_credentials={real_user=slave}} to remote 127.0.115.190:34625
I0110 22:35:45.569072 681 outbound_call.cc:212] OutboundCall 0x7b5000002a00 (RPC call kudu.master.MasterService.IsCreateTableDone -> {remote=127.0.115.190:34625, user_credentials={real_user=slave}}) switching from READY to ON_OUTBOUND_QUEUE
I0110 22:35:45.569372 681 connection.cc:342] Queueing transfer: \x00\x00\x00[5\x18\x0e2.\x0a\x19kudu.master.MasterService\x12\x11IsCreateTableDoneP\x8fN$\x0a"\x0a\x207e9e4137de7940ce9e23ddc965ca0748
I0110 22:35:45.569586 681 connection.cc:746] client connection to 127.0.115.190:34625: writeHandler: revents = 2
I0110 22:35:45.569739 681 outbound_call.cc:212] OutboundCall 0x7b5000002a00 (RPC call kudu.master.MasterService.IsCreateTableDone -> {remote=127.0.115.190:34625, user_credentials={real_user=slave}}) switching from ON_OUTBOUND_QUEUE to SENDING
I0110 22:35:45.570061 681 outbound_call.cc:212] OutboundCall 0x7b5000002a00 (RPC call kudu.master.MasterService.IsCreateTableDone -> {remote=127.0.115.190:34625, user_credentials={real_user=slave}}) switching from SENDING to SENT
I0110 22:35:45.571174 681 connection.cc:638] client connection to 127.0.115.190:34625 ReadHandler(revents=1)
I0110 22:35:45.571358 681 connection.cc:664] client connection to 127.0.115.190:34625: finished reading 12 bytes
I0110 22:35:45.571563 681 outbound_call.cc:212] OutboundCall 0x7b5000002a00 (RPC call kudu.master.MasterService.IsCreateTableDone -> {remote=127.0.115.190:34625, user_credentials={real_user=slave}}) switching from SENT to FINISHED_SUCCESS
I0110 22:35:45.571997 462 client-internal.cc:141] Waiting on Create Table to be completed status=OK
I0110 22:35:45.572120 462 client-internal.cc:155] Waiting for 11.6 ms before retrying...
I0110 22:35:45.584220 462 reactor.cc:897] client_R001: queueing outbound call RPC call kudu.master.MasterService.IsCreateTableDone -> {remote=127.0.115.190:34625, user_credentials={real_user=slave}} to remote 127.0.115.190:34625
I0110 22:35:45.584697 681 outbound_call.cc:212] OutboundCall 0x7b5000002a00 (RPC call kudu.master.MasterService.IsCreateTableDone -> {remote=127.0.115.190:34625, user_credentials={real_user=slave}}) switching from READY to ON_OUTBOUND_QUEUE
I0110 22:35:45.584996 681 connection.cc:342] Queueing transfer: \x00\x00\x00[5\x18\x0f2.\x0a\x19kudu.master.MasterService\x12\x11IsCreateTableDoneP\x8fN$\x0a"\x0a\x207e9e4137de7940ce9e23ddc965ca0748
I0110 22:35:45.585201 681 connection.cc:746] client connection to 127.0.115.190:34625: writeHandler: revents = 2
I0110 22:35:45.585381 681 outbound_call.cc:212] OutboundCall 0x7b5000002a00 (RPC call kudu.master.MasterService.IsCreateTableDone -> {remote=127.0.115.190:34625, user_credentials={real_user=slave}}) switching from ON_OUTBOUND_QUEUE to SENDING
I0110 22:35:45.585657 681 outbound_call.cc:212] OutboundCall 0x7b5000002a00 (RPC call kudu.master.MasterService.IsCreateTableDone -> {remote=127.0.115.190:34625, user_credentials={real_user=slave}}) switching from SENDING to SENT
I0110 22:35:45.586874 681 connection.cc:638] client connection to 127.0.115.190:34625 ReadHandler(revents=1)
I0110 22:35:45.587157 681 connection.cc:664] client connection to 127.0.115.190:34625: finished reading 12 bytes
I0110 22:35:45.587383 681 outbound_call.cc:212] OutboundCall 0x7b5000002a00 (RPC call kudu.master.MasterService.IsCreateTableDone -> {remote=127.0.115.190:34625, user_credentials={real_user=slave}}) switching from SENT to FINISHED_SUCCESS
I0110 22:35:45.587893 462 client-internal.cc:141] Waiting on Create Table to be completed status=OK
I0110 22:35:45.588096 462 client-internal.cc:155] Waiting for 14.6 ms before retrying...
I0110 22:35:45.603289 462 reactor.cc:897] client_R001: queueing outbound call RPC call kudu.master.MasterService.IsCreateTableDone -> {remote=127.0.115.190:34625, user_credentials={real_user=slave}} to remote 127.0.115.190:34625
I0110 22:35:45.603899 681 outbound_call.cc:212] OutboundCall 0x7b5000002a00 (RPC call kudu.master.MasterService.IsCreateTableDone -> {remote=127.0.115.190:34625, user_credentials={real_user=slave}}) switching from READY to ON_OUTBOUND_QUEUE
I0110 22:35:45.604212 681 connection.cc:342] Queueing transfer: \x00\x00\x00[5\x18\x102.\x0a\x19kudu.master.MasterService\x12\x11IsCreateTableDoneP\x8fN$\x0a"\x0a\x207e9e4137de7940ce9e23ddc965ca0748
I0110 22:35:45.604449 681 connection.cc:746] client connection to 127.0.115.190:34625: writeHandler: revents = 2
I0110 22:35:45.604612 681 outbound_call.cc:212] OutboundCall 0x7b5000002a00 (RPC call kudu.master.MasterService.IsCreateTableDone -> {remote=127.0.115.190:34625, user_credentials={real_user=slave}}) switching from ON_OUTBOUND_QUEUE to SENDING
I0110 22:35:45.606097 681 outbound_call.cc:212] OutboundCall 0x7b5000002a00 (RPC call kudu.master.MasterService.IsCreateTableDone -> {remote=127.0.115.190:34625, user_credentials={real_user=slave}}) switching from SENDING to SENT
I0110 22:35:45.607534 681 connection.cc:638] client connection to 127.0.115.190:34625 ReadHandler(revents=1)
I0110 22:35:45.607758 681 connection.cc:664] client connection to 127.0.115.190:34625: finished reading 12 bytes
I0110 22:35:45.607977 681 outbound_call.cc:212] OutboundCall 0x7b5000002a00 (RPC call kudu.master.MasterService.IsCreateTableDone -> {remote=127.0.115.190:34625, user_credentials={real_user=slave}}) switching from SENT to FINISHED_SUCCESS
I0110 22:35:45.608464 462 client-internal.cc:141] Waiting on Create Table to be completed status=OK
I0110 22:35:45.608633 462 client-internal.cc:155] Waiting for 18.2 ms before retrying...
I0110 22:35:45.627436 462 reactor.cc:897] client_R001: queueing outbound call RPC call kudu.master.MasterService.IsCreateTableDone -> {remote=127.0.115.190:34625, user_credentials={real_user=slave}} to remote 127.0.115.190:34625
I0110 22:35:45.628087 681 outbound_call.cc:212] OutboundCall 0x7b5000002a00 (RPC call kudu.master.MasterService.IsCreateTableDone -> {remote=127.0.115.190:34625, user_credentials={real_user=slave}}) switching from READY to ON_OUTBOUND_QUEUE
I0110 22:35:45.628415 681 connection.cc:342] Queueing transfer: \x00\x00\x00[5\x18\x112.\x0a\x19kudu.master.MasterService\x12\x11IsCreateTableDoneP\x8fN$\x0a"\x0a\x207e9e4137de7940ce9e23ddc965ca0748
I0110 22:35:45.628634 681 connection.cc:746] client connection to 127.0.115.190:34625: writeHandler: revents = 2
I0110 22:35:45.628795 681 outbound_call.cc:212] OutboundCall 0x7b5000002a00 (RPC call kudu.master.MasterService.IsCreateTableDone -> {remote=127.0.115.190:34625, user_credentials={real_user=slave}}) switching from ON_OUTBOUND_QUEUE to SENDING
I0110 22:35:45.629093 681 outbound_call.cc:212] OutboundCall 0x7b5000002a00 (RPC call kudu.master.MasterService.IsCreateTableDone -> {remote=127.0.115.190:34625, user_credentials={real_user=slave}}) switching from SENDING to SENT
I0110 22:35:45.630582 681 connection.cc:638] client connection to 127.0.115.190:34625 ReadHandler(revents=1)
I0110 22:35:45.630780 681 connection.cc:664] client connection to 127.0.115.190:34625: finished reading 12 bytes
I0110 22:35:45.630988 681 outbound_call.cc:212] OutboundCall 0x7b5000002a00 (RPC call kudu.master.MasterService.IsCreateTableDone -> {remote=127.0.115.190:34625, user_credentials={real_user=slave}}) switching from SENT to FINISHED_SUCCESS
I0110 22:35:45.631484 462 client-internal.cc:141] Waiting on Create Table to be completed status=OK
I0110 22:35:45.631659 462 client-internal.cc:155] Waiting for 22.7 ms before retrying...
I0110 22:35:45.655133 462 reactor.cc:897] client_R001: queueing outbound call RPC call kudu.master.MasterService.IsCreateTableDone -> {remote=127.0.115.190:34625, user_credentials={real_user=slave}} to remote 127.0.115.190:34625
I0110 22:35:45.655916 681 outbound_call.cc:212] OutboundCall 0x7b5000002a00 (RPC call kudu.master.MasterService.IsCreateTableDone -> {remote=127.0.115.190:34625, user_credentials={real_user=slave}}) switching from READY to ON_OUTBOUND_QUEUE
I0110 22:35:45.656314 681 connection.cc:342] Queueing transfer: \x00\x00\x00[5\x18\x122.\x0a\x19kudu.master.MasterService\x12\x11IsCreateTableDoneP\x8fN$\x0a"\x0a\x207e9e4137de7940ce9e23ddc965ca0748
I0110 22:35:45.656595 681 connection.cc:746] client connection to 127.0.115.190:34625: writeHandler: revents = 2
I0110 22:35:45.656807 681 outbound_call.cc:212] OutboundCall 0x7b5000002a00 (RPC call kudu.master.MasterService.IsCreateTableDone -> {remote=127.0.115.190:34625, user_credentials={real_user=slave}}) switching from ON_OUTBOUND_QUEUE to SENDING
I0110 22:35:45.657182 681 outbound_call.cc:212] OutboundCall 0x7b5000002a00 (RPC call kudu.master.MasterService.IsCreateTableDone -> {remote=127.0.115.190:34625, user_credentials={real_user=slave}}) switching from SENDING to SENT
I0110 22:35:45.658360 681 connection.cc:638] client connection to 127.0.115.190:34625 ReadHandler(revents=1)
I0110 22:35:45.658653 681 connection.cc:664] client connection to 127.0.115.190:34625: finished reading 12 bytes
I0110 22:35:45.658936 681 outbound_call.cc:212] OutboundCall 0x7b5000002a00 (RPC call kudu.master.MasterService.IsCreateTableDone -> {remote=127.0.115.190:34625, user_credentials={real_user=slave}}) switching from SENT to FINISHED_SUCCESS
I0110 22:35:45.659498 462 client-internal.cc:141] Waiting on Create Table to be completed status=OK
I0110 22:35:45.659631 462 client-internal.cc:155] Waiting for 28.4 ms before retrying...
I0110 22:35:45.688591 462 reactor.cc:897] client_R001: queueing outbound call RPC call kudu.master.MasterService.IsCreateTableDone -> {remote=127.0.115.190:34625, user_credentials={real_user=slave}} to remote 127.0.115.190:34625
I0110 22:35:45.689127 681 outbound_call.cc:212] OutboundCall 0x7b5000002a00 (RPC call kudu.master.MasterService.IsCreateTableDone -> {remote=127.0.115.190:34625, user_credentials={real_user=slave}}) switching from READY to ON_OUTBOUND_QUEUE
I0110 22:35:45.689445 681 connection.cc:342] Queueing transfer: \x00\x00\x00[5\x18\x132.\x0a\x19kudu.master.MasterService\x12\x11IsCreateTableDoneP\x8fN$\x0a"\x0a\x207e9e4137de7940ce9e23ddc965ca0748
I0110 22:35:45.689682 681 connection.cc:746] client connection to 127.0.115.190:34625: writeHandler: revents = 2
I0110 22:35:45.689848 681 outbound_call.cc:212] OutboundCall 0x7b5000002a00 (RPC call kudu.master.MasterService.IsCreateTableDone -> {remote=127.0.115.190:34625, user_credentials={real_user=slave}}) switching from ON_OUTBOUND_QUEUE to SENDING
I0110 22:35:45.690131 681 outbound_call.cc:212] OutboundCall 0x7b5000002a00 (RPC call kudu.master.MasterService.IsCreateTableDone -> {remote=127.0.115.190:34625, user_credentials={real_user=slave}}) switching from SENDING to SENT
I0110 22:35:45.691556 681 connection.cc:638] client connection to 127.0.115.190:34625 ReadHandler(revents=1)
I0110 22:35:45.691767 681 connection.cc:664] client connection to 127.0.115.190:34625: finished reading 12 bytes
I0110 22:35:45.691963 681 outbound_call.cc:212] OutboundCall 0x7b5000002a00 (RPC call kudu.master.MasterService.IsCreateTableDone -> {remote=127.0.115.190:34625, user_credentials={real_user=slave}}) switching from SENT to FINISHED_SUCCESS
I0110 22:35:45.693433 462 client-internal.cc:141] Waiting on Create Table to be completed status=OK
I0110 22:35:45.693557 462 client-internal.cc:155] Waiting for 35.5 ms before retrying...
I0110 22:35:45.586330 668 heartbeater.cc:447] Master 127.0.115.190:34625 was elected leader, sending a full tablet report...
I0110 22:35:45.729619 462 reactor.cc:897] client_R001: queueing outbound call RPC call kudu.master.MasterService.IsCreateTableDone -> {remote=127.0.115.190:34625, user_credentials={real_user=slave}} to remote 127.0.115.190:34625
I0110 22:35:45.730190 681 outbound_call.cc:212] OutboundCall 0x7b5000002a00 (RPC call kudu.master.MasterService.IsCreateTableDone -> {remote=127.0.115.190:34625, user_credentials={real_user=slave}}) switching from READY to ON_OUTBOUND_QUEUE
I0110 22:35:45.731822 681 connection.cc:342] Queueing transfer: \x00\x00\x00[5\x18\x142.\x0a\x19kudu.master.MasterService\x12\x11IsCreateTableDoneP\x8fN$\x0a"\x0a\x207e9e4137de7940ce9e23ddc965ca0748
I0110 22:35:45.732054 681 connection.cc:746] client connection to 127.0.115.190:34625: writeHandler: revents = 2
I0110 22:35:45.732219 681 outbound_call.cc:212] OutboundCall 0x7b5000002a00 (RPC call kudu.master.MasterService.IsCreateTableDone -> {remote=127.0.115.190:34625, user_credentials={real_user=slave}}) switching from ON_OUTBOUND_QUEUE to SENDING
I0110 22:35:45.732511 681 outbound_call.cc:212] OutboundCall 0x7b5000002a00 (RPC call kudu.master.MasterService.IsCreateTableDone -> {remote=127.0.115.190:34625, user_credentials={real_user=slave}}) switching from SENDING to SENT
I0110 22:35:45.733675 681 connection.cc:638] client connection to 127.0.115.190:34625 ReadHandler(revents=1)
I0110 22:35:45.733868 681 connection.cc:664] client connection to 127.0.115.190:34625: finished reading 12 bytes
I0110 22:35:45.734074 681 outbound_call.cc:212] OutboundCall 0x7b5000002a00 (RPC call kudu.master.MasterService.IsCreateTableDone -> {remote=127.0.115.190:34625, user_credentials={real_user=slave}}) switching from SENT to FINISHED_SUCCESS
I0110 22:35:45.734558 462 client-internal.cc:141] Waiting on Create Table to be completed status=OK
I0110 22:35:45.734681 462 client-internal.cc:155] Waiting for 44.4 ms before retrying...
I0110 22:35:45.779636 462 reactor.cc:897] client_R001: queueing outbound call RPC call kudu.master.MasterService.IsCreateTableDone -> {remote=127.0.115.190:34625, user_credentials={real_user=slave}} to remote 127.0.115.190:34625
I0110 22:35:45.780180 681 outbound_call.cc:212] OutboundCall 0x7b5000002a00 (RPC call kudu.master.MasterService.IsCreateTableDone -> {remote=127.0.115.190:34625, user_credentials={real_user=slave}}) switching from READY to ON_OUTBOUND_QUEUE
I0110 22:35:45.780499 681 connection.cc:342] Queueing transfer: \x00\x00\x00[5\x18\x152.\x0a\x19kudu.master.MasterService\x12\x11IsCreateTableDoneP\x8fN$\x0a"\x0a\x207e9e4137de7940ce9e23ddc965ca0748
I0110 22:35:45.780716 681 connection.cc:746] client connection to 127.0.115.190:34625: writeHandler: revents = 2
I0110 22:35:45.780887 681 outbound_call.cc:212] OutboundCall 0x7b5000002a00 (RPC call kudu.master.MasterService.IsCreateTableDone -> {remote=127.0.115.190:34625, user_credentials={real_user=slave}}) switching from ON_OUTBOUND_QUEUE to SENDING
I0110 22:35:45.781167 681 outbound_call.cc:212] OutboundCall 0x7b5000002a00 (RPC call kudu.master.MasterService.IsCreateTableDone -> {remote=127.0.115.190:34625, user_credentials={real_user=slave}}) switching from SENDING to SENT
I0110 22:35:45.782493 681 connection.cc:638] client connection to 127.0.115.190:34625 ReadHandler(revents=1)
I0110 22:35:45.782716 681 connection.cc:664] client connection to 127.0.115.190:34625: finished reading 12 bytes
I0110 22:35:45.783041 681 outbound_call.cc:212] OutboundCall 0x7b5000002a00 (RPC call kudu.master.MasterService.IsCreateTableDone -> {remote=127.0.115.190:34625, user_credentials={real_user=slave}}) switching from SENT to FINISHED_SUCCESS
I0110 22:35:45.783509 462 client-internal.cc:141] Waiting on Create Table to be completed status=OK
I0110 22:35:45.783628 462 client-internal.cc:155] Waiting for 55.5 ms before retrying...
I0110 22:35:45.839669 462 reactor.cc:897] client_R001: queueing outbound call RPC call kudu.master.MasterService.IsCreateTableDone -> {remote=127.0.115.190:34625, user_credentials={real_user=slave}} to remote 127.0.115.190:34625
I0110 22:35:45.840199 681 outbound_call.cc:212] OutboundCall 0x7b5000002a00 (RPC call kudu.master.MasterService.IsCreateTableDone -> {remote=127.0.115.190:34625, user_credentials={real_user=slave}}) switching from READY to ON_OUTBOUND_QUEUE
I0110 22:35:45.840605 681 connection.cc:342] Queueing transfer: \x00\x00\x00[5\x18\x162.\x0a\x19kudu.master.MasterService\x12\x11IsCreateTableDoneP\x8fN$\x0a"\x0a\x207e9e4137de7940ce9e23ddc965ca0748
I0110 22:35:45.840862 681 connection.cc:746] client connection to 127.0.115.190:34625: writeHandler: revents = 2
I0110 22:35:45.841044 681 outbound_call.cc:212] OutboundCall 0x7b5000002a00 (RPC call kudu.master.MasterService.IsCreateTableDone -> {remote=127.0.115.190:34625, user_credentials={real_user=slave}}) switching from ON_OUTBOUND_QUEUE to SENDING
I0110 22:35:45.841341 681 outbound_call.cc:212] OutboundCall 0x7b5000002a00 (RPC call kudu.master.MasterService.IsCreateTableDone -> {remote=127.0.115.190:34625, user_credentials={real_user=slave}}) switching from SENDING to SENT
I0110 22:35:45.842522 681 connection.cc:638] client connection to 127.0.115.190:34625 ReadHandler(revents=1)
I0110 22:35:45.842764 681 connection.cc:664] client connection to 127.0.115.190:34625: finished reading 12 bytes
I0110 22:35:45.843034 681 outbound_call.cc:212] OutboundCall 0x7b5000002a00 (RPC call kudu.master.MasterService.IsCreateTableDone -> {remote=127.0.115.190:34625, user_credentials={real_user=slave}}) switching from SENT to FINISHED_SUCCESS
I0110 22:35:45.843530 462 client-internal.cc:141] Waiting on Create Table to be completed status=OK
I0110 22:35:45.843653 462 client-internal.cc:155] Waiting for 69.4 ms before retrying...
I0110 22:35:45.913573 462 reactor.cc:897] client_R001: queueing outbound call RPC call kudu.master.MasterService.IsCreateTableDone -> {remote=127.0.115.190:34625, user_credentials={real_user=slave}} to remote 127.0.115.190:34625
I0110 22:35:45.914085 681 outbound_call.cc:212] OutboundCall 0x7b5000002a00 (RPC call kudu.master.MasterService.IsCreateTableDone -> {remote=127.0.115.190:34625, user_credentials={real_user=slave}}) switching from READY to ON_OUTBOUND_QUEUE
I0110 22:35:45.914466 681 connection.cc:342] Queueing transfer: \x00\x00\x00[5\x18\x172.\x0a\x19kudu.master.MasterService\x12\x11IsCreateTableDoneP\x8fN$\x0a"\x0a\x207e9e4137de7940ce9e23ddc965ca0748
I0110 22:35:45.914687 681 connection.cc:746] client connection to 127.0.115.190:34625: writeHandler: revents = 2
I0110 22:35:45.914861 681 outbound_call.cc:212] OutboundCall 0x7b5000002a00 (RPC call kudu.master.MasterService.IsCreateTableDone -> {remote=127.0.115.190:34625, user_credentials={real_user=slave}}) switching from ON_OUTBOUND_QUEUE to SENDING
I0110 22:35:45.915153 681 outbound_call.cc:212] OutboundCall 0x7b5000002a00 (RPC call kudu.master.MasterService.IsCreateTableDone -> {remote=127.0.115.190:34625, user_credentials={real_user=slave}}) switching from SENDING to SENT
I0110 22:35:45.916354 681 connection.cc:638] client connection to 127.0.115.190:34625 ReadHandler(revents=1)
I0110 22:35:45.916576 681 connection.cc:664] client connection to 127.0.115.190:34625: finished reading 12 bytes
I0110 22:35:45.916822 681 outbound_call.cc:212] OutboundCall 0x7b5000002a00 (RPC call kudu.master.MasterService.IsCreateTableDone -> {remote=127.0.115.190:34625, user_credentials={real_user=slave}}) switching from SENT to FINISHED_SUCCESS
I0110 22:35:45.917287 462 client-internal.cc:141] Waiting on Create Table to be completed status=OK
I0110 22:35:45.917407 462 client-internal.cc:155] Waiting for 86.7 ms before retrying...
I0110 22:35:45.934571 685 threadpool.cc:641] Releasing worker thread from pool client-negotiator after 500ms of idle time.
I0110 22:35:45.934871 685 thread.cc:693] Ended thread 685 - thread pool:client-negotiator [worker]
I0110 22:35:46.004659 462 reactor.cc:897] client_R001: queueing outbound call RPC call kudu.master.MasterService.IsCreateTableDone -> {remote=127.0.115.190:34625, user_credentials={real_user=slave}} to remote 127.0.115.190:34625
I0110 22:35:46.005174 681 outbound_call.cc:212] OutboundCall 0x7b5000002a00 (RPC call kudu.master.MasterService.IsCreateTableDone -> {remote=127.0.115.190:34625, user_credentials={real_user=slave}}) switching from READY to ON_OUTBOUND_QUEUE
I0110 22:35:46.005470 681 connection.cc:342] Queueing transfer: \x00\x00\x00[5\x18\x182.\x0a\x19kudu.master.MasterService\x12\x11IsCreateTableDoneP\x8fN$\x0a"\x0a\x207e9e4137de7940ce9e23ddc965ca0748
I0110 22:35:46.005676 681 connection.cc:746] client connection to 127.0.115.190:34625: writeHandler: revents = 2
I0110 22:35:46.005823 681 outbound_call.cc:212] OutboundCall 0x7b5000002a00 (RPC call kudu.master.MasterService.IsCreateTableDone -> {remote=127.0.115.190:34625, user_credentials={real_user=slave}}) switching from ON_OUTBOUND_QUEUE to SENDING
I0110 22:35:46.006086 681 outbound_call.cc:212] OutboundCall 0x7b5000002a00 (RPC call kudu.master.MasterService.IsCreateTableDone -> {remote=127.0.115.190:34625, user_credentials={real_user=slave}}) switching from SENDING to SENT
I0110 22:35:46.007320 681 connection.cc:638] client connection to 127.0.115.190:34625 ReadHandler(revents=1)
I0110 22:35:46.007540 681 connection.cc:664] client connection to 127.0.115.190:34625: finished reading 12 bytes
I0110 22:35:46.007752 681 outbound_call.cc:212] OutboundCall 0x7b5000002a00 (RPC call kudu.master.MasterService.IsCreateTableDone -> {remote=127.0.115.190:34625, user_credentials={real_user=slave}}) switching from SENT to FINISHED_SUCCESS
I0110 22:35:46.008229 462 client-internal.cc:141] Waiting on Create Table to be completed status=OK
I0110 22:35:46.008352 462 client-internal.cc:155] Waiting for 108 ms before retrying...
W0110 22:35:46.060511 692 consensus_meta.cc:220] T e2eec0c9b766478ca568b8ccb01f7685 P c1d680f550724b7c93db4804b4fae356: Time spent flushing consensus metadata: real 0.508s user 0.003s sys 0.004s
I0110 22:35:46.060809 692 raft_consensus.cc:501] T e2eec0c9b766478ca568b8ccb01f7685 P c1d680f550724b7c93db4804b4fae356 [term 1 FOLLOWER]: Starting leader election with config: opid_index: -1 OBSOLETE_local: true peers { permanent_uuid: "c1d680f550724b7c93db4804b4fae356" member_type: VOTER last_known_addr { host: "127.0.115.129" port: 42925 } }
I0110 22:35:46.061535 692 leader_election.cc:307] T e2eec0c9b766478ca568b8ccb01f7685 P c1d680f550724b7c93db4804b4fae356 [CANDIDATE]: Term 1 election: Election decided. Result: candidate won. Election summary: received 1 responses out of 1 voters: 1 yes votes; 0 no votes. yes voters: c1d680f550724b7c93db4804b4fae356; no voters:
I0110 22:35:46.063300 692 leader_election.cc:293] T e2eec0c9b766478ca568b8ccb01f7685 P c1d680f550724b7c93db4804b4fae356 [CANDIDATE]: Term 1 election: Requested vote from peers
I0110 22:35:46.064968 694 raft_consensus.cc:2698] T e2eec0c9b766478ca568b8ccb01f7685 P c1d680f550724b7c93db4804b4fae356 [term 1 FOLLOWER]: Leader election won for term 1
I0110 22:35:46.067250 694 raft_consensus.cc:674] T e2eec0c9b766478ca568b8ccb01f7685 P c1d680f550724b7c93db4804b4fae356 [term 1 LEADER]: Becoming Leader. State: Replica: c1d680f550724b7c93db4804b4fae356, State: Running, Role: LEADER
I0110 22:35:46.068662 694 consensus_queue.cc:206] T e2eec0c9b766478ca568b8ccb01f7685 P c1d680f550724b7c93db4804b4fae356 [LEADER]: Queue going to LEADER mode. State: All replicated index: 0, Majority replicated index: 0, Committed index: 0, Last appended: 0.0, Last appended by leader: 0, Current term: 1, Majority size: 1, State: 0, Mode: LEADER, active raft config: opid_index: -1 OBSOLETE_local: true peers { permanent_uuid: "c1d680f550724b7c93db4804b4fae356" member_type: VOTER last_known_addr { host: "127.0.115.129" port: 42925 } }
I0110 22:35:46.069787 692 ts_tablet_manager.cc:1132] T e2eec0c9b766478ca568b8ccb01f7685 P c1d680f550724b7c93db4804b4fae356: Time spent starting tablet: real 0.534s user 0.020s sys 0.009s
W0110 22:35:46.069984 692 ts_tablet_manager.cc:1156] T e2eec0c9b766478ca568b8ccb01f7685 P c1d680f550724b7c93db4804b4fae356: Tablet startup took 534ms
W0110 22:35:46.070128 692 ts_tablet_manager.cc:1158] T e2eec0c9b766478ca568b8ccb01f7685 P c1d680f550724b7c93db4804b4fae356: Trace: 0110 22:35:45.497080 (+ 0us) service_pool.cc:162] Inserting onto call queue 0110 22:35:45.497253 (+ 173us) service_pool.cc:221] Handling call 0110 22:35:45.501663 (+ 4410us) ts_tablet_manager.cc:460] Acquired tablet manager lock 0110 22:35:45.501771 (+ 108us) ts_tablet_manager.cc:473] Creating new metadata... 0110 22:35:45.513083 (+ 11312us) tablet_metadata.cc:586] Metadata flushed 0110 22:35:45.519488 (+ 6405us) tablet_replica.cc:155] Creating consensus instance 0110 22:35:45.522469 (+ 2981us) inbound_call.cc:162] Queueing success response 0110 22:35:45.522599 (+ 130us) ts_tablet_manager.cc:1082] Bootstrapping tablet 0110 22:35:45.535688 (+ 13089us) ts_tablet_manager.cc:1133] Starting tablet replica 0110 22:35:45.536158 (+ 470us) tablet_replica.cc:208] Starting instrumentation 0110 22:35:45.536579 (+ 421us) tablet_replica.cc:228] Starting consensus 0110 22:35:46.070029 (+533450us) log.cc:835] Serialized 26 byte log entry Metrics: {"raft.queue_time_us":8721,"raft.run_cpu_time_us":1721,"raft.run_wall_time_us":1693,"spinlock_wait_cycles":26880,"tablet-open.queue_time_us":2597,"thread_start_us":10038,"threads_started":5}
I0110 22:35:46.075387 500 catalog_manager.cc:4143] T e2eec0c9b766478ca568b8ccb01f7685 P c1d680f550724b7c93db4804b4fae356 reported cstate change: term changed from 0 to 1, leader changed from to c1d680f550724b7c93db4804b4fae356 (127.0.115.129). New cstate: current_term: 1 leader_uuid: "c1d680f550724b7c93db4804b4fae356" committed_config { opid_index: -1 OBSOLETE_local: true peers { permanent_uuid: "c1d680f550724b7c93db4804b4fae356" member_type: VOTER last_known_addr { host: "127.0.115.129" port: 42925 } health_report { overall_health: HEALTHY } } }
I0110 22:35:46.117290 462 reactor.cc:897] client_R001: queueing outbound call RPC call kudu.master.MasterService.IsCreateTableDone -> {remote=127.0.115.190:34625, user_credentials={real_user=slave}} to remote 127.0.115.190:34625
I0110 22:35:46.117861 681 outbound_call.cc:212] OutboundCall 0x7b5000002a00 (RPC call kudu.master.MasterService.IsCreateTableDone -> {remote=127.0.115.190:34625, user_credentials={real_user=slave}}) switching from READY to ON_OUTBOUND_QUEUE
I0110 22:35:46.118175 681 connection.cc:342] Queueing transfer: \x00\x00\x00[5\x18\x192.\x0a\x19kudu.master.MasterService\x12\x11IsCreateTableDoneP\x8fN$\x0a"\x0a\x207e9e4137de7940ce9e23ddc965ca0748
I0110 22:35:46.118463 681 connection.cc:746] client connection to 127.0.115.190:34625: writeHandler: revents = 2
I0110 22:35:46.118624 681 outbound_call.cc:212] OutboundCall 0x7b5000002a00 (RPC call kudu.master.MasterService.IsCreateTableDone -> {remote=127.0.115.190:34625, user_credentials={real_user=slave}}) switching from ON_OUTBOUND_QUEUE to SENDING
I0110 22:35:46.118899 681 outbound_call.cc:212] OutboundCall 0x7b5000002a00 (RPC call kudu.master.MasterService.IsCreateTableDone -> {remote=127.0.115.190:34625, user_credentials={real_user=slave}}) switching from SENDING to SENT
I0110 22:35:46.120050 681 connection.cc:638] client connection to 127.0.115.190:34625 ReadHandler(revents=1)
I0110 22:35:46.120265 681 connection.cc:664] client connection to 127.0.115.190:34625: finished reading 12 bytes
I0110 22:35:46.120473 681 outbound_call.cc:212] OutboundCall 0x7b5000002a00 (RPC call kudu.master.MasterService.IsCreateTableDone -> {remote=127.0.115.190:34625, user_credentials={real_user=slave}}) switching from SENT to FINISHED_SUCCESS
I0110 22:35:46.123401 702 reactor.cc:897] client_R001: queueing outbound call RPC call kudu.master.MasterService.GetTableSchema -> {remote=127.0.115.190:34625, user_credentials={real_user=slave}} to remote 127.0.115.190:34625
I0110 22:35:46.124130 681 outbound_call.cc:212] OutboundCall 0x7b5000030000 (RPC call kudu.master.MasterService.GetTableSchema -> {remote=127.0.115.190:34625, user_credentials={real_user=slave}}) switching from READY to ON_OUTBOUND_QUEUE
I0110 22:35:46.124436 681 connection.cc:342] Queueing transfer: \x00\x00\x00E2\x18\x1a2+\x0a\x19kudu.master.MasterService\x12\x0eGetTableSchemaP\x8fN\x11\x0a\x0f\x12\x0dtest-workload
I0110 22:35:46.125542 681 connection.cc:746] client connection to 127.0.115.190:34625: writeHandler: revents = 2
I0110 22:35:46.125788 681 outbound_call.cc:212] OutboundCall 0x7b5000030000 (RPC call kudu.master.MasterService.GetTableSchema -> {remote=127.0.115.190:34625, user_credentials={real_user=slave}}) switching from ON_OUTBOUND_QUEUE to SENDING
I0110 22:35:46.126168 681 outbound_call.cc:212] OutboundCall 0x7b5000030000 (RPC call kudu.master.MasterService.GetTableSchema -> {remote=127.0.115.190:34625, user_credentials={real_user=slave}}) switching from SENDING to SENT
I0110 22:35:46.127307 703 reactor.cc:897] client_R001: queueing outbound call RPC call kudu.master.MasterService.GetTableSchema -> {remote=127.0.115.190:34625, user_credentials={real_user=slave}} to remote 127.0.115.190:34625
I0110 22:35:46.128630 681 outbound_call.cc:212] OutboundCall 0x7b5000060000 (RPC call kudu.master.MasterService.GetTableSchema -> {remote=127.0.115.190:34625, user_credentials={real_user=slave}}) switching from READY to ON_OUTBOUND_QUEUE
I0110 22:35:46.128634 704 reactor.cc:897] client_R001: queueing outbound call RPC call kudu.master.MasterService.GetTableSchema -> {remote=127.0.115.190:34625, user_credentials={real_user=slave}} to remote 127.0.115.190:34625
I0110 22:35:46.129016 681 connection.cc:342] Queueing transfer: \x00\x00\x00E2\x18\x1b2+\x0a\x19kudu.master.MasterService\x12\x0eGetTableSchemaP\x8fN\x11\x0a\x0f\x12\x0dtest-workload
I0110 22:35:46.129380 681 outbound_call.cc:212] OutboundCall 0x7b5000070000 (RPC call kudu.master.MasterService.GetTableSchema -> {remote=127.0.115.190:34625, user_credentials={real_user=slave}}) switching from READY to ON_OUTBOUND_QUEUE
I0110 22:35:46.129732 681 connection.cc:342] Queueing transfer: \x00\x00\x00E2\x18\x1c2+\x0a\x19kudu.master.MasterService\x12\x0eGetTableSchemaP\x8fN\x11\x0a\x0f\x12\x0dtest-workload
I0110 22:35:46.129904 681 connection.cc:638] client connection to 127.0.115.190:34625 ReadHandler(revents=1)
I0110 22:35:46.130079 681 connection.cc:664] client connection to 127.0.115.190:34625: finished reading 278 bytes
I0110 22:35:46.130280 705 reactor.cc:897] client_R001: queueing outbound call RPC call kudu.master.MasterService.GetTableSchema -> {remote=127.0.115.190:34625, user_credentials={real_user=slave}} to remote 127.0.115.190:34625
I0110 22:35:46.130645 681 outbound_call.cc:212] OutboundCall 0x7b5000030000 (RPC call kudu.master.MasterService.GetTableSchema -> {remote=127.0.115.190:34625, user_credentials={real_user=slave}}) switching from SENT to FINISHED_SUCCESS
I0110 22:35:46.131016 681 connection.cc:746] client connection to 127.0.115.190:34625: writeHandler: revents = 2
I0110 22:35:46.132268 681 outbound_call.cc:212] OutboundCall 0x7b5000060000 (RPC call kudu.master.MasterService.GetTableSchema -> {remote=127.0.115.190:34625, user_credentials={real_user=slave}}) switching from ON_OUTBOUND_QUEUE to SENDING
I0110 22:35:46.132601 681 outbound_call.cc:212] OutboundCall 0x7b5000060000 (RPC call kudu.master.MasterService.GetTableSchema -> {remote=127.0.115.190:34625, user_credentials={real_user=slave}}) switching from SENDING to SENT
I0110 22:35:46.132820 702 authz_token_cache.cc:103] Putting new token for table 7e9e4137de7940ce9e23ddc965ca0748 into the token cache
I0110 22:35:46.132926 681 outbound_call.cc:212] OutboundCall 0x7b5000070000 (RPC call kudu.master.MasterService.GetTableSchema -> {remote=127.0.115.190:34625, user_credentials={real_user=slave}}) switching from ON_OUTBOUND_QUEUE to SENDING
I0110 22:35:46.133252 681 outbound_call.cc:212] OutboundCall 0x7b5000070000 (RPC call kudu.master.MasterService.GetTableSchema -> {remote=127.0.115.190:34625, user_credentials={real_user=slave}}) switching from SENDING to SENT
I0110 22:35:46.133648 702 meta_cache.cc:984] Clearing non-covered range entries of table 7e9e4137de7940ce9e23ddc965ca0748
I0110 22:35:46.133699 681 outbound_call.cc:212] OutboundCall 0x7b5000080000 (RPC call kudu.master.MasterService.GetTableSchema -> {remote=127.0.115.190:34625, user_credentials={real_user=slave}}) switching from READY to ON_OUTBOUND_QUEUE
I0110 22:35:46.134027 681 connection.cc:342] Queueing transfer: \x00\x00\x00E2\x18\x1d2+\x0a\x19kudu.master.MasterService\x12\x0eGetTableSchemaP\x8fN\x11\x0a\x0f\x12\x0dtest-workload
I0110 22:35:46.134200 681 connection.cc:746] client connection to 127.0.115.190:34625: writeHandler: revents = 2
I0110 22:35:46.134359 681 outbound_call.cc:212] OutboundCall 0x7b5000080000 (RPC call kudu.master.MasterService.GetTableSchema -> {remote=127.0.115.190:34625, user_credentials={real_user=slave}}) switching from ON_OUTBOUND_QUEUE to SENDING
I0110 22:35:46.134696 681 outbound_call.cc:212] OutboundCall 0x7b5000080000 (RPC call kudu.master.MasterService.GetTableSchema -> {remote=127.0.115.190:34625, user_credentials={real_user=slave}}) switching from SENDING to SENT
I0110 22:35:46.135031 681 connection.cc:638] client connection to 127.0.115.190:34625 ReadHandler(revents=1)
I0110 22:35:46.135263 681 connection.cc:664] client connection to 127.0.115.190:34625: finished reading 278 bytes
I0110 22:35:46.135679 681 outbound_call.cc:212] OutboundCall 0x7b5000060000 (RPC call kudu.master.MasterService.GetTableSchema -> {remote=127.0.115.190:34625, user_credentials={real_user=slave}}) switching from SENT to FINISHED_SUCCESS
I0110 22:35:46.136166 681 connection.cc:638] client connection to 127.0.115.190:34625 ReadHandler(revents=1)
I0110 22:35:46.136402 681 connection.cc:664] client connection to 127.0.115.190:34625: finished reading 278 bytes
I0110 22:35:46.136658 703 authz_token_cache.cc:103] Putting new token for table 7e9e4137de7940ce9e23ddc965ca0748 into the token cache
I0110 22:35:46.136708 681 outbound_call.cc:212] OutboundCall 0x7b5000070000 (RPC call kudu.master.MasterService.GetTableSchema -> {remote=127.0.115.190:34625, user_credentials={real_user=slave}}) switching from SENT to FINISHED_SUCCESS
I0110 22:35:46.137097 681 connection.cc:638] client connection to 127.0.115.190:34625 ReadHandler(revents=1)
I0110 22:35:46.137184 703 meta_cache.cc:984] Clearing non-covered range entries of table 7e9e4137de7940ce9e23ddc965ca0748
I0110 22:35:46.137362 681 connection.cc:664] client connection to 127.0.115.190:34625: finished reading 278 bytes
I0110 22:35:46.137761 681 outbound_call.cc:212] OutboundCall 0x7b5000080000 (RPC call kudu.master.MasterService.GetTableSchema -> {remote=127.0.115.190:34625, user_credentials={real_user=slave}}) switching from SENT to FINISHED_SUCCESS
I0110 22:35:46.138726 704 authz_token_cache.cc:103] Putting new token for table 7e9e4137de7940ce9e23ddc965ca0748 into the token cache
I0110 22:35:46.139058 705 authz_token_cache.cc:103] Putting new token for table 7e9e4137de7940ce9e23ddc965ca0748 into the token cache
I0110 22:35:46.139183 704 meta_cache.cc:984] Clearing non-covered range entries of table 7e9e4137de7940ce9e23ddc965ca0748
I0110 22:35:46.139515 705 meta_cache.cc:984] Clearing non-covered range entries of table 7e9e4137de7940ce9e23ddc965ca0748
I0110 22:35:46.141036 702 batcher.cc:723] Looking up tablet for op[state=1, write_op=INSERT int32 key=2100493322, int32 int_val=-890407985, string string_val="54a2e5b0252b20cb"]
I0110 22:35:46.140965 704 batcher.cc:723] Looking up tablet for op[state=1, write_op=INSERT int32 key=1680831745, int32 int_val=694334528, string string_val="b0cebb3628c9de85"]
I0110 22:35:46.141058 703 batcher.cc:723] Looking up tablet for op[state=1, write_op=INSERT int32 key=1739245577, int32 int_val=1590375536, string string_val="42e21441113f71c3"]
I0110 22:35:46.140992 705 batcher.cc:723] Looking up tablet for op[state=1, write_op=INSERT int32 key=2013677374, int32 int_val=-1364403716, string string_val="fd800ea6c483e951"]
I0110 22:35:46.142071 702 reactor.cc:897] client_R001: queueing outbound call RPC call kudu.master.MasterService.GetTableLocations -> {remote=127.0.115.190:34625, user_credentials={real_user=slave}} to remote 127.0.115.190:34625
I0110 22:35:46.142138 703 reactor.cc:897] client_R001: queueing outbound call RPC call kudu.master.MasterService.GetTableLocations -> {remote=127.0.115.190:34625, user_credentials={real_user=slave}} to remote 127.0.115.190:34625
I0110 22:35:46.142213 705 reactor.cc:897] client_R001: queueing outbound call RPC call kudu.master.MasterService.GetTableLocations -> {remote=127.0.115.190:34625, user_credentials={real_user=slave}} to remote 127.0.115.190:34625
I0110 22:35:46.142777 703 batcher.cc:723] Looking up tablet for op[state=1, write_op=INSERT int32 key=1050920860, int32 int_val=-2100708433, string string_val="059872eeb74315e8"]
I0110 22:35:46.142834 705 batcher.cc:723] Looking up tablet for op[state=1, write_op=INSERT int32 key=1921381092, int32 int_val=35909119, string string_val="79c9892dbc9a4fa4"]
I0110 22:35:46.143199 703 reactor.cc:897] client_R001: queueing outbound call RPC call kudu.master.MasterService.GetTableLocations -> {remote=127.0.115.190:34625, user_credentials={real_user=slave}} to remote 127.0.115.190:34625
I0110 22:35:46.143250 681 outbound_call.cc:212] OutboundCall 0x7b5000030200 (RPC call kudu.master.MasterService.GetTableLocations -> {remote=127.0.115.190:34625, user_credentials={real_user=slave}}) switching from READY to ON_OUTBOUND_QUEUE
I0110 22:35:46.143371 705 reactor.cc:897] client_R001: queueing outbound call RPC call kudu.master.MasterService.GetTableLocations -> {remote=127.0.115.190:34625, user_credentials={real_user=slave}} to remote 127.0.115.190:34625
I0110 22:35:46.143649 681 connection.cc:342] Queueing transfer: \x00\x00\x00e5\x18\x1e2.\x0a\x19kudu.master.MasterService\x12\x11GetTableLocationsP\xe7\x07.\x0a"\x0a\x207e9e4137de7940ce9e23ddc965ca0748\x1a\x04\xfd2\xfc\x0a(\x0a8\x01
I0110 22:35:46.143721 703 batcher.cc:723] Looking up tablet for op[state=1, write_op=INSERT int32 key=1583405373, int32 int_val=-1077123851, string string_val="0dbe702ea36e07c4"]
I0110 22:35:46.143971 705 batcher.cc:723] Looking up tablet for op[state=1, write_op=INSERT int32 key=181978306, int32 int_val=1849585313, string string_val="437678452da3f793"]
I0110 22:35:46.144022 681 outbound_call.cc:212] OutboundCall 0x7b5000060200 (RPC call kudu.master.MasterService.GetTableLocations -> {remote=127.0.115.190:34625, user_credentials={real_user=slave}}) switching from READY to ON_OUTBOUND_QUEUE
I0110 22:35:46.144371 681 connection.cc:342] Queueing transfer: \x00\x00\x00e5\x18\x1f2.\x0a\x19kudu.master.MasterService\x12\x11GetTableLocationsP\xe7\x07.\x0a"\x0a\x207e9e4137de7940ce9e23ddc965ca0748\x1a\x04\xe7\xaa\xc8\x09(\x0a8\x01
I0110 22:35:46.144718 681 outbound_call.cc:212] OutboundCall 0x7b5000080200 (RPC call kudu.master.MasterService.GetTableLocations -> {remote=127.0.115.190:34625, user_credentials={real_user=slave}}) switching from READY to ON_OUTBOUND_QUEUE
I0110 22:35:46.145062 681 connection.cc:342] Queueing transfer: \x00\x00\x00e5\x18\x202.\x0a\x19kudu.master.MasterService\x12\x11GetTableLocationsP\xe7\x07.\x0a"\x0a\x207e9e4137de7940ce9e23ddc965ca0748\x1a\x04\xf8\x06G>(\x0a8\x01
I0110 22:35:46.144150 703 reactor.cc:897] client_R001: queueing outbound call RPC call kudu.master.MasterService.GetTableLocations -> {remote=127.0.115.190:34625, user_credentials={real_user=slave}} to remote 127.0.115.190:34625
I0110 22:35:46.144498 705 reactor.cc:897] client_R001: queueing outbound call RPC call kudu.master.MasterService.GetTableLocations -> {remote=127.0.115.190:34625, user_credentials={real_user=slave}} to remote 127.0.115.190:34625
I0110 22:35:46.145578 681 outbound_call.cc:212] OutboundCall 0x7b5000060400 (RPC call kudu.master.MasterService.GetTableLocations -> {remote=127.0.115.190:34625, user_credentials={real_user=slave}}) switching from READY to ON_OUTBOUND_QUEUE
I0110 22:35:46.145804 703 batcher.cc:723] Looking up tablet for op[state=1, write_op=INSERT int32 key=1213612411, int32 int_val=-1705026433, string string_val="9a2e74593fb118f9"]
I0110 22:35:46.145917 681 connection.cc:342] Queueing transfer: \x00\x00\x00e5\x18!2.\x0a\x19kudu.master.MasterService\x12\x11GetTableLocationsP\xe7\x07.\x0a"\x0a\x207e9e4137de7940ce9e23ddc965ca0748\x1a\x04\xbe\xa3\xc7\x9c(\x0a8\x01
I0110 22:35:46.146042 705 batcher.cc:723] Looking up tablet for op[state=1, write_op=INSERT int32 key=233285874, int32 int_val=-277013851, string string_val="78b3d9944f234142"]
I0110 22:35:46.142834 702 batcher.cc:723] Looking up tablet for op[state=1, write_op=INSERT int32 key=1741099726, int32 int_val=-1286735800, string string_val="882987e03d2f0e9f"]
I0110 22:35:46.146277 703 reactor.cc:897] client_R001: queueing outbound call RPC call kudu.master.MasterService.GetTableLocations -> {remote=127.0.115.190:34625, user_credentials={real_user=slave}} to remote 127.0.115.190:34625
I0110 22:35:46.146286 681 outbound_call.cc:212] OutboundCall 0x7b5000080400 (RPC call kudu.master.MasterService.GetTableLocations -> {remote=127.0.115.190:34625, user_credentials={real_user=slave}}) switching from READY to ON_OUTBOUND_QUEUE
I0110 22:35:46.146700 681 connection.cc:342] Queueing transfer: \x00\x00\x00e5\x18"2.\x0a\x19kudu.master.MasterService\x12\x11GetTableLocationsP\xe7\x07.\x0a"\x0a\x207e9e4137de7940ce9e23ddc965ca0748\x1a\x04\xf2\x85\xf2\xe4(\x0a8\x01
I0110 22:35:46.146667 702 reactor.cc:897] client_R001: queueing outbound call RPC call kudu.master.MasterService.GetTableLocations -> {remote=127.0.115.190:34625, user_credentials={real_user=slave}} to remote 127.0.115.190:34625
I0110 22:35:46.146847 703 batcher.cc:723] Looking up tablet for op[state=1, write_op=INSERT int32 key=881737388, int32 int_val=1590539717, string string_val="54fe9160a9f4c270"]
I0110 22:35:46.146971 681 connection.cc:746] client connection to 127.0.115.190:34625: writeHandler: revents = 2
I0110 22:35:46.147193 681 outbound_call.cc:212] OutboundCall 0x7b5000030200 (RPC call kudu.master.MasterService.GetTableLocations -> {remote=127.0.115.190:34625, user_credentials={real_user=slave}}) switching from ON_OUTBOUND_QUEUE to SENDING
I0110 22:35:46.147279 703 reactor.cc:897] client_R001: queueing outbound call RPC call kudu.master.MasterService.GetTableLocations -> {remote=127.0.115.190:34625, user_credentials={real_user=slave}} to remote 127.0.115.190:34625
I0110 22:35:46.147688 705 reactor.cc:897] client_R001: queueing outbound call RPC call kudu.master.MasterService.GetTableLocations -> {remote=127.0.115.190:34625, user_credentials={real_user=slave}} to remote 127.0.115.190:34625
I0110 22:35:46.147809 703 batcher.cc:723] Looking up tablet for op[state=1, write_op=INSERT int32 key=932289562, int32 int_val=1920797956, string string_val="e689b417351ccb8a"]
I0110 22:35:46.142074 704 reactor.cc:897] client_R001: queueing outbound call RPC call kudu.master.MasterService.GetTableLocations -> {remote=127.0.115.190:34625, user_credentials={real_user=slave}} to remote 127.0.115.190:34625
I0110 22:35:46.148046 681 outbound_call.cc:212] OutboundCall 0x7b5000030200 (RPC call kudu.master.MasterService.GetTableLocations -> {remote=127.0.115.190:34625, user_credentials={real_user=slave}}) switching from SENDING to SENT
I0110 22:35:46.148329 704 batcher.cc:723] Looking up tablet for op[state=1, write_op=INSERT int32 key=1385258740, int32 int_val=1205137248, string string_val="d4721a351e2d301f"]
I0110 22:35:46.148349 705 batcher.cc:723] Looking up tablet for op[state=1, write_op=INSERT int32 key=1173426053, int32 int_val=1211772758, string string_val="29a9bd520d98cfb9"]
I0110 22:35:46.148391 681 outbound_call.cc:212] OutboundCall 0x7b5000060200 (RPC call kudu.master.MasterService.GetTableLocations -> {remote=127.0.115.190:34625, user_credentials={real_user=slave}}) switching from ON_OUTBOUND_QUEUE to SENDING
I0110 22:35:46.148847 704 reactor.cc:897] client_R001: queueing outbound call RPC call kudu.master.MasterService.GetTableLocations -> {remote=127.0.115.190:34625, user_credentials={real_user=slave}} to remote 127.0.115.190:34625
I0110 22:35:46.148867 705 reactor.cc:897] client_R001: queueing outbound call RPC call kudu.master.MasterService.GetTableLocations -> {remote=127.0.115.190:34625, user_credentials={real_user=slave}} to remote 127.0.115.190:34625
I0110 22:35:46.149487 705 batcher.cc:723] Looking up tablet for op[state=1, write_op=INSERT int32 key=429751921, int32 int_val=297677130, string string_val="8c376e01162e13d6"]
I0110 22:35:46.149492 704 batcher.cc:723] Looking up tablet for op[state=1, write_op=INSERT int32 key=576410334, int32 int_val=-593257839, string string_val="24d70518411efb1a"]
