I0110 22:35:46.150004 705 reactor.cc:897] client_R001: queueing outbound call RPC call kudu.master.MasterService.GetTableLocations -> {remote=127.0.115.190:34625, user_credentials={real_user=slave}} to remote 127.0.115.190:34625
I0110 22:35:46.150182 681 outbound_call.cc:212] OutboundCall 0x7b5000060200 (RPC call kudu.master.MasterService.GetTableLocations -> {remote=127.0.115.190:34625, user_credentials={real_user=slave}}) switching from SENDING to SENT
I0110 22:35:46.147280 702 batcher.cc:723] Looking up tablet for op[state=1, write_op=INSERT int32 key=43859013, int32 int_val=1202939538, string string_val="464d889c188779ff"]
I0110 22:35:46.150544 681 outbound_call.cc:212] OutboundCall 0x7b5000080200 (RPC call kudu.master.MasterService.GetTableLocations -> {remote=127.0.115.190:34625, user_credentials={real_user=slave}}) switching from ON_OUTBOUND_QUEUE to SENDING
I0110 22:35:46.151558 705 batcher.cc:723] Looking up tablet for op[state=1, write_op=INSERT int32 key=1666917541, int32 int_val=773492747, string string_val="05734a0027fe9197"]
I0110 22:35:46.151669 681 outbound_call.cc:212] OutboundCall 0x7b5000080200 (RPC call kudu.master.MasterService.GetTableLocations -> {remote=127.0.115.190:34625, user_credentials={real_user=slave}}) switching from SENDING to SENT
I0110 22:35:46.151680 702 reactor.cc:897] client_R001: queueing outbound call RPC call kudu.master.MasterService.GetTableLocations -> {remote=127.0.115.190:34625, user_credentials={real_user=slave}} to remote 127.0.115.190:34625
I0110 22:35:46.152020 681 outbound_call.cc:212] OutboundCall 0x7b5000060400 (RPC call kudu.master.MasterService.GetTableLocations -> {remote=127.0.115.190:34625, user_credentials={real_user=slave}}) switching from ON_OUTBOUND_QUEUE to SENDING
I0110 22:35:46.152034 705 reactor.cc:897] client_R001: queueing outbound call RPC call kudu.master.MasterService.GetTableLocations -> {remote=127.0.115.190:34625, user_credentials={real_user=slave}} to remote 127.0.115.190:34625
I0110 22:35:46.152343 702 batcher.cc:723] Looking up tablet for op[state=1, write_op=INSERT int32 key=2099251039, int32 int_val=917627525, string string_val="fe94140dd76144ce"]
I0110 22:35:46.152685 705 batcher.cc:723] Looking up tablet for op[state=1, write_op=INSERT int32 key=1004198243, int32 int_val=1592302802, string string_val="a84590f35e5eac59"]
I0110 22:35:46.152889 702 reactor.cc:897] client_R001: queueing outbound call RPC call kudu.master.MasterService.GetTableLocations -> {remote=127.0.115.190:34625, user_credentials={real_user=slave}} to remote 127.0.115.190:34625
I0110 22:35:46.153245 705 reactor.cc:897] client_R001: queueing outbound call RPC call kudu.master.MasterService.GetTableLocations -> {remote=127.0.115.190:34625, user_credentials={real_user=slave}} to remote 127.0.115.190:34625
I0110 22:35:46.153533 702 batcher.cc:723] Looking up tablet for op[state=1, write_op=INSERT int32 key=2029793552, int32 int_val=-1680747638, string string_val="19bd197c1ba8522f"]
I0110 22:35:46.153872 705 batcher.cc:723] Looking up tablet for op[state=1, write_op=INSERT int32 key=1392597162, int32 int_val=996283288, string string_val="445243ee69d380f2"]
I0110 22:35:46.153981 702 reactor.cc:897] client_R001: queueing outbound call RPC call kudu.master.MasterService.GetTableLocations -> {remote=127.0.115.190:34625, user_credentials={real_user=slave}} to remote 127.0.115.190:34625
I0110 22:35:46.154172 681 outbound_call.cc:212] OutboundCall 0x7b5000060400 (RPC call kudu.master.MasterService.GetTableLocations -> {remote=127.0.115.190:34625, user_credentials={real_user=slave}}) switching from SENDING to SENT
I0110 22:35:46.150012 704 reactor.cc:897] client_R001: queueing outbound call RPC call kudu.master.MasterService.GetTableLocations -> {remote=127.0.115.190:34625, user_credentials={real_user=slave}} to remote 127.0.115.190:34625
I0110 22:35:46.154407 705 reactor.cc:897] client_R001: queueing outbound call RPC call kudu.master.MasterService.GetTableLocations -> {remote=127.0.115.190:34625, user_credentials={real_user=slave}} to remote 127.0.115.190:34625
I0110 22:35:46.154569 681 outbound_call.cc:212] OutboundCall 0x7b5000080400 (RPC call kudu.master.MasterService.GetTableLocations -> {remote=127.0.115.190:34625, user_credentials={real_user=slave}}) switching from ON_OUTBOUND_QUEUE to SENDING
I0110 22:35:46.154979 704 batcher.cc:723] Looking up tablet for op[state=1, write_op=INSERT int32 key=199188770, int32 int_val=1575141392, string string_val="edd9f4b300a05693"]
I0110 22:35:46.155037 705 batcher.cc:723] Looking up tablet for op[state=1, write_op=INSERT int32 key=1986135364, int32 int_val=-979219043, string string_val="46e3bbf5a291ec5e"]
I0110 22:35:46.156987 705 reactor.cc:897] client_R001: queueing outbound call RPC call kudu.master.MasterService.GetTableLocations -> {remote=127.0.115.190:34625, user_credentials={real_user=slave}} to remote 127.0.115.190:34625
I0110 22:35:46.157009 704 reactor.cc:897] client_R001: queueing outbound call RPC call kudu.master.MasterService.GetTableLocations -> {remote=127.0.115.190:34625, user_credentials={real_user=slave}} to remote 127.0.115.190:34625
I0110 22:35:46.157630 705 batcher.cc:723] Looking up tablet for op[state=1, write_op=INSERT int32 key=369945068, int32 int_val=-1501942598, string string_val="b60ec31286521e97"]
I0110 22:35:46.158033 681 outbound_call.cc:212] OutboundCall 0x7b5000080400 (RPC call kudu.master.MasterService.GetTableLocations -> {remote=127.0.115.190:34625, user_credentials={real_user=slave}}) switching from SENDING to SENT
I0110 22:35:46.158190 705 reactor.cc:897] client_R001: queueing outbound call RPC call kudu.master.MasterService.GetTableLocations -> {remote=127.0.115.190:34625, user_credentials={real_user=slave}} to remote 127.0.115.190:34625
I0110 22:35:46.158208 703 reactor.cc:897] client_R001: queueing outbound call RPC call kudu.master.MasterService.GetTableLocations -> {remote=127.0.115.190:34625, user_credentials={real_user=slave}} to remote 127.0.115.190:34625
I0110 22:35:46.158574 681 outbound_call.cc:212] OutboundCall 0x7b5000060600 (RPC call kudu.master.MasterService.GetTableLocations -> {remote=127.0.115.190:34625, user_credentials={real_user=slave}}) switching from READY to ON_OUTBOUND_QUEUE
I0110 22:35:46.158839 705 batcher.cc:723] Looking up tablet for op[state=1, write_op=INSERT int32 key=1675005549, int32 int_val=1139483848, string string_val="3195793e98961f68"]
I0110 22:35:46.158954 681 connection.cc:342] Queueing transfer: \x00\x00\x00e5\x18#2.\x0a\x19kudu.master.MasterService\x12\x11GetTableLocationsP\xe7\x07.\x0a"\x0a\x207e9e4137de7940ce9e23ddc965ca0748\x1a\x04\xde`\xd9=(\x0a8\x01
I0110 22:35:46.159343 702 batcher.cc:723] Looking up tablet for op[state=1, write_op=INSERT int32 key=59426375, int32 int_val=769212718, string string_val="a2635664cf79e365"]
I0110 22:35:46.159320 681 outbound_call.cc:212] OutboundCall 0x7b5000080600 (RPC call kudu.master.MasterService.GetTableLocations -> {remote=127.0.115.190:34625, user_credentials={real_user=slave}}) switching from READY to ON_OUTBOUND_QUEUE
I0110 22:35:46.159368 705 reactor.cc:897] client_R001: queueing outbound call RPC call kudu.master.MasterService.GetTableLocations -> {remote=127.0.115.190:34625, user_credentials={real_user=slave}} to remote 127.0.115.190:34625
I0110 22:35:46.159746 681 connection.cc:342] Queueing transfer: \x00\x00\x00e5\x18$2.\x0a\x19kudu.master.MasterService\x12\x11GetTableLocationsP\xe7\x07.\x0a"\x0a\x207e9e4137de7940ce9e23ddc965ca0748\x1a\x04\x8a\xd8\xc4\xc2(\x0a8\x01
I0110 22:35:46.159893 702 reactor.cc:897] client_R001: queueing outbound call RPC call kudu.master.MasterService.GetTableLocations -> {remote=127.0.115.190:34625, user_credentials={real_user=slave}} to remote 127.0.115.190:34625
I0110 22:35:46.160017 705 batcher.cc:723] Looking up tablet for op[state=1, write_op=INSERT int32 key=1613116642, int32 int_val=226799493, string string_val="ea514a1a7db00d54"]
I0110 22:35:46.160482 705 reactor.cc:897] client_R001: queueing outbound call RPC call kudu.master.MasterService.GetTableLocations -> {remote=127.0.115.190:34625, user_credentials={real_user=slave}} to remote 127.0.115.190:34625
I0110 22:35:46.160475 702 batcher.cc:723] Looking up tablet for op[state=1, write_op=INSERT int32 key=713159157, int32 int_val=227257527, string string_val="1c3097cff47d8ca3"]
I0110 22:35:46.160104 681 outbound_call.cc:212] OutboundCall 0x7b5000060800 (RPC call kudu.master.MasterService.GetTableLocations -> {remote=127.0.115.190:34625, user_credentials={real_user=slave}}) switching from READY to ON_OUTBOUND_QUEUE
I0110 22:35:46.161654 705 batcher.cc:723] Looking up tablet for op[state=1, write_op=INSERT int32 key=1805843602, int32 int_val=-1847763181, string string_val="5296308d049b0507"]
I0110 22:35:46.161834 681 connection.cc:342] Queueing transfer: \x00\x00\x00e5\x18%2.\x0a\x19kudu.master.MasterService\x12\x11GetTableLocationsP\xe7\x07.\x0a"\x0a\x207e9e4137de7940ce9e23ddc965ca0748\x1a\x04\xc8VA{(\x0a8\x01
I0110 22:35:46.161865 702 reactor.cc:897] client_R001: queueing outbound call RPC call kudu.master.MasterService.GetTableLocations -> {remote=127.0.115.190:34625, user_credentials={real_user=slave}} to remote 127.0.115.190:34625
I0110 22:35:46.158854 703 batcher.cc:723] Looking up tablet for op[state=1, write_op=INSERT int32 key=455133520, int32 int_val=223502084, string string_val="764e8591ba465e8a"]
I0110 22:35:46.162187 681 outbound_call.cc:212] OutboundCall 0x7b5000030400 (RPC call kudu.master.MasterService.GetTableLocations -> {remote=127.0.115.190:34625, user_credentials={real_user=slave}}) switching from READY to ON_OUTBOUND_QUEUE
I0110 22:35:46.162489 702 batcher.cc:723] Looking up tablet for op[state=1, write_op=INSERT int32 key=428369795, int32 int_val=-1413813998, string string_val="7f4805da22f09756"]
I0110 22:35:46.162578 681 connection.cc:342] Queueing transfer: \x00\x00\x00e5\x18&2.\x0a\x19kudu.master.MasterService\x12\x11GetTableLocationsP\xe7\x07.\x0a"\x0a\x207e9e4137de7940ce9e23ddc965ca0748\x1a\x04\xe7\xc7\x12\xce(\x0a8\x01
I0110 22:35:46.162686 703 reactor.cc:897] client_R001: queueing outbound call RPC call kudu.master.MasterService.GetTableLocations -> {remote=127.0.115.190:34625, user_credentials={real_user=slave}} to remote 127.0.115.190:34625
I0110 22:35:46.162981 681 outbound_call.cc:212] OutboundCall 0x7b5000060a00 (RPC call kudu.master.MasterService.GetTableLocations -> {remote=127.0.115.190:34625, user_credentials={real_user=slave}}) switching from READY to ON_OUTBOUND_QUEUE
I0110 22:35:46.163008 702 reactor.cc:897] client_R001: queueing outbound call RPC call kudu.master.MasterService.GetTableLocations -> {remote=127.0.115.190:34625, user_credentials={real_user=slave}} to remote 127.0.115.190:34625
I0110 22:35:46.163345 681 connection.cc:342] Queueing transfer: \x00\x00\x00e5\x18'2.\x0a\x19kudu.master.MasterService\x12\x11GetTableLocationsP\xe7\x07.\x0a"\x0a\x207e9e4137de7940ce9e23ddc965ca0748\x1a\x04\xb4\x8e>\xac(\x0a8\x01
I0110 22:35:46.162132 705 reactor.cc:897] client_R001: queueing outbound call RPC call kudu.master.MasterService.GetTableLocations -> {remote=127.0.115.190:34625, user_credentials={real_user=slave}} to remote 127.0.115.190:34625
I0110 22:35:46.163705 702 batcher.cc:723] Looking up tablet for op[state=1, write_op=INSERT int32 key=1931373781, int32 int_val=494874624, string string_val="dcbeba1cdb5967ab"]
I0110 22:35:46.163717 681 outbound_call.cc:212] OutboundCall 0x7b5000080800 (RPC call kudu.master.MasterService.GetTableLocations -> {remote=127.0.115.190:34625, user_credentials={real_user=slave}}) switching from READY to ON_OUTBOUND_QUEUE
I0110 22:35:46.163995 705 batcher.cc:723] Looking up tablet for op[state=1, write_op=INSERT int32 key=631072378, int32 int_val=-514605534, string string_val="9b11874cb7937a93"]
I0110 22:35:46.164167 681 connection.cc:342] Queueing transfer: \x00\x00\x00e5\x18(2.\x0a\x19kudu.master.MasterService\x12\x11GetTableLocationsP\xe6\x07.\x0a"\x0a\x207e9e4137de7940ce9e23ddc965ca0748\x1a\x04\x8d\xe7\xa8\xf2(\x0a8\x01
I0110 22:35:46.164237 702 reactor.cc:897] client_R001: queueing outbound call RPC call kudu.master.MasterService.GetTableLocations -> {remote=127.0.115.190:34625, user_credentials={real_user=slave}} to remote 127.0.115.190:34625
I0110 22:35:46.164485 705 reactor.cc:897] client_R001: queueing outbound call RPC call kudu.master.MasterService.GetTableLocations -> {remote=127.0.115.190:34625, user_credentials={real_user=slave}} to remote 127.0.115.190:34625
I0110 22:35:46.164538 681 outbound_call.cc:212] OutboundCall 0x7b5000070200 (RPC call kudu.master.MasterService.GetTableLocations -> {remote=127.0.115.190:34625, user_credentials={real_user=slave}}) switching from READY to ON_OUTBOUND_QUEUE
I0110 22:35:46.164892 681 connection.cc:342] Queueing transfer: \x00\x00\x00e5\x18)2.\x0a\x19kudu.master.MasterService\x12\x11GetTableLocationsP\xe7\x07.\x0a"\x0a\x207e9e4137de7940ce9e23ddc965ca0748\x1a\x04\xe4/u\x01(\x0a8\x01
I0110 22:35:46.165088 705 batcher.cc:723] Looking up tablet for op[state=1, write_op=INSERT int32 key=6536788, int32 int_val=-783658034, string string_val="6b6d748d3dfdd682"]
I0110 22:35:46.165295 681 outbound_call.cc:212] OutboundCall 0x7b5000070400 (RPC call kudu.master.MasterService.GetTableLocations -> {remote=127.0.115.190:34625, user_credentials={real_user=slave}}) switching from READY to ON_OUTBOUND_QUEUE
I0110 22:35:46.165619 681 connection.cc:342] Queueing transfer: \x00\x00\x00e5\x18*2.\x0a\x19kudu.master.MasterService\x12\x11GetTableLocationsP\xe7\x07.\x0a"\x0a\x207e9e4137de7940ce9e23ddc965ca0748\x1a\x04\xd2\x91^\xf4(\x0a8\x01
I0110 22:35:46.164877 702 batcher.cc:723] Looking up tablet for op[state=1, write_op=INSERT int32 key=1775052253, int32 int_val=-1721929860, string string_val="409b16c80be9498f"]
I0110 22:35:46.166311 705 reactor.cc:897] client_R001: queueing outbound call RPC call kudu.master.MasterService.GetTableLocations -> {remote=127.0.115.190:34625, user_credentials={real_user=slave}} to remote 127.0.115.190:34625
I0110 22:35:46.166414 681 outbound_call.cc:212] OutboundCall 0x7b5000080a00 (RPC call kudu.master.MasterService.GetTableLocations -> {remote=127.0.115.190:34625, user_credentials={real_user=slave}}) switching from READY to ON_OUTBOUND_QUEUE
I0110 22:35:46.166559 702 reactor.cc:897] client_R001: queueing outbound call RPC call kudu.master.MasterService.GetTableLocations -> {remote=127.0.115.190:34625, user_credentials={real_user=slave}} to remote 127.0.115.190:34625
I0110 22:35:46.166738 681 connection.cc:342] Queueing transfer: \x00\x00\x00e5\x18+2.\x0a\x19kudu.master.MasterService\x12\x11GetTableLocationsP\xe7\x07.\x0a"\x0a\x207e9e4137de7940ce9e23ddc965ca0748\x1a\x04\xc5\xf1\x0f\x85(\x0a8\x01
I0110 22:35:46.166975 705 batcher.cc:723] Looking up tablet for op[state=1, write_op=INSERT int32 key=1466163232, int32 int_val=1275854172, string string_val="31cc912bda9db0d6"]
I0110 22:35:46.167095 681 outbound_call.cc:212] OutboundCall 0x7b5000080c00 (RPC call kudu.master.MasterService.GetTableLocations -> {remote=127.0.115.190:34625, user_credentials={real_user=slave}}) switching from READY to ON_OUTBOUND_QUEUE
I0110 22:35:46.167163 702 batcher.cc:723] Looking up tablet for op[state=1, write_op=INSERT int32 key=1196643566, int32 int_val=-284775723, string string_val="5a51de12e9953c22"]
I0110 22:35:46.167444 681 connection.cc:342] Queueing transfer: \x00\x00\x00e5\x18,2.\x0a\x19kudu.master.MasterService\x12\x11GetTableLocationsP\xe7\x07.\x0a"\x0a\x207e9e4137de7940ce9e23ddc965ca0748\x1a\x04\x99\x9d~q(\x0a8\x01
I0110 22:35:46.167465 705 reactor.cc:897] client_R001: queueing outbound call RPC call kudu.master.MasterService.GetTableLocations -> {remote=127.0.115.190:34625, user_credentials={real_user=slave}} to remote 127.0.115.190:34625
I0110 22:35:46.167686 702 reactor.cc:897] client_R001: queueing outbound call RPC call kudu.master.MasterService.GetTableLocations -> {remote=127.0.115.190:34625, user_credentials={real_user=slave}} to remote 127.0.115.190:34625
I0110 22:35:46.167825 681 outbound_call.cc:212] OutboundCall 0x7b5000030600 (RPC call kudu.master.MasterService.GetTableLocations -> {remote=127.0.115.190:34625, user_credentials={real_user=slave}}) switching from READY to ON_OUTBOUND_QUEUE
I0110 22:35:46.168131 705 batcher.cc:723] Looking up tablet for op[state=1, write_op=INSERT int32 key=661433765, int32 int_val=-1178309661, string string_val="a4db1d96dae72d29"]
I0110 22:35:46.168179 681 connection.cc:342] Queueing transfer: \x00\x00\x00e5\x18-2.\x0a\x19kudu.master.MasterService\x12\x11GetTableLocationsP\xe7\x07.\x0a"\x0a\x207e9e4137de7940ce9e23ddc965ca0748\x1a\x04\x82\x9d {remote=127.0.115.190:34625, user_credentials={real_user=slave}}) switching from READY to ON_OUTBOUND_QUEUE
I0110 22:35:46.168633 705 reactor.cc:897] client_R001: queueing outbound call RPC call kudu.master.MasterService.GetTableLocations -> {remote=127.0.115.190:34625, user_credentials={real_user=slave}} to remote 127.0.115.190:34625
I0110 22:35:46.168833 702 reactor.cc:897] client_R001: queueing outbound call RPC call kudu.master.MasterService.GetTableLocations -> {remote=127.0.115.190:34625, user_credentials={real_user=slave}} to remote 127.0.115.190:34625
I0110 22:35:46.168923 681 connection.cc:342] Queueing transfer: \x00\x00\x00e5\x18.2.\x0a\x19kudu.master.MasterService\x12\x11GetTableLocationsP\xe7\x07.\x0a"\x0a\x207e9e4137de7940ce9e23ddc965ca0748\x1a\x04\xe3[$\xa5(\x0a8\x01
I0110 22:35:46.169211 705 batcher.cc:723] Looking up tablet for op[state=1, write_op=INSERT int32 key=494296963, int32 int_val=-1720339524, string string_val="12840f7ab82879d1"]
I0110 22:35:46.169314 681 outbound_call.cc:212] OutboundCall 0x7b5000030800 (RPC call kudu.master.MasterService.GetTableLocations -> {remote=127.0.115.190:34625, user_credentials={real_user=slave}}) switching from READY to ON_OUTBOUND_QUEUE
I0110 22:35:46.169440 702 batcher.cc:723] Looking up tablet for op[state=1, write_op=INSERT int32 key=1976374402, int32 int_val=-1327460849, string string_val="8d4680e81f720c4e"]
I0110 22:35:46.169648 681 connection.cc:342] Queueing transfer: \x00\x00\x00e5\x18/2.\x0a\x19kudu.master.MasterService\x12\x11GetTableLocationsP\xe7\x07.\x0a"\x0a\x207e9e4137de7940ce9e23ddc965ca0748\x1a\x04\xfd\x20\x07_(\x0a8\x01
I0110 22:35:46.169703 705 reactor.cc:897] client_R001: queueing outbound call RPC call kudu.master.MasterService.GetTableLocations -> {remote=127.0.115.190:34625, user_credentials={real_user=slave}} to remote 127.0.115.190:34625
I0110 22:35:46.157654 704 batcher.cc:723] Looking up tablet for op[state=1, write_op=INSERT int32 key=701599811, int32 int_val=-1985627689, string string_val="c8a5ed170ae10ae1"]
I0110 22:35:46.169935 702 reactor.cc:897] client_R001: queueing outbound call RPC call kudu.master.MasterService.GetTableLocations -> {remote=127.0.115.190:34625, user_credentials={real_user=slave}} to remote 127.0.115.190:34625
I0110 22:35:46.170672 681 outbound_call.cc:212] OutboundCall 0x7b5000081000 (RPC call kudu.master.MasterService.GetTableLocations -> {remote=127.0.115.190:34625, user_credentials={real_user=slave}}) switching from READY to ON_OUTBOUND_QUEUE
I0110 22:35:46.170902 704 reactor.cc:897] client_R001: queueing outbound call RPC call kudu.master.MasterService.GetTableLocations -> {remote=127.0.115.190:34625, user_credentials={real_user=slave}} to remote 127.0.115.190:34625
I0110 22:35:46.171052 702 batcher.cc:723] Looking up tablet for op[state=1, write_op=INSERT int32 key=1802862300, int32 int_val=-1570451741, string string_val="af072df780b5d827"]
I0110 22:35:46.171201 681 connection.cc:342] Queueing transfer: \x00\x00\x00e5\x1802.\x0a\x19kudu.master.MasterService\x12\x11GetTableLocationsP\xe7\x07.\x0a"\x0a\x207e9e4137de7940ce9e23ddc965ca0748\x1a\x04\xbb\xda\xd9c(\x0a8\x01
I0110 22:35:46.171515 704 batcher.cc:723] Looking up tablet for op[state=1, write_op=INSERT int32 key=2128297492, int32 int_val=1306374540, string string_val="de99f2be9a1f90ef"]
I0110 22:35:46.171650 681 outbound_call.cc:212] OutboundCall 0x7b5000030a00 (RPC call kudu.master.MasterService.GetTableLocations -> {remote=127.0.115.190:34625, user_credentials={real_user=slave}}) switching from READY to ON_OUTBOUND_QUEUE
I0110 22:35:46.171599 702 reactor.cc:897] client_R001: queueing outbound call RPC call kudu.master.MasterService.GetTableLocations -> {remote=127.0.115.190:34625, user_credentials={real_user=slave}} to remote 127.0.115.190:34625
I0110 22:35:46.172039 681 connection.cc:342] Queueing transfer: \x00\x00\x00e5\x1812.\x0a\x19kudu.master.MasterService\x12\x11GetTableLocationsP\xe7\x07.\x0a"\x0a\x207e9e4137de7940ce9e23ddc965ca0748\x1a\x04\xf8\xfc1\x10(\x0a8\x01
I0110 22:35:46.172021 704 reactor.cc:897] client_R001: queueing outbound call RPC call kudu.master.MasterService.GetTableLocations -> {remote=127.0.115.190:34625, user_credentials={real_user=slave}} to remote 127.0.115.190:34625
I0110 22:35:46.172323 702 batcher.cc:723] Looking up tablet for op[state=1, write_op=INSERT int32 key=1506230762, int32 int_val=1861172224, string string_val="acb38746fcec78d5"]
I0110 22:35:46.172415 681 outbound_call.cc:212] OutboundCall 0x7b5000070600 (RPC call kudu.master.MasterService.GetTableLocations -> {remote=127.0.115.190:34625, user_credentials={real_user=slave}}) switching from READY to ON_OUTBOUND_QUEUE
I0110 22:35:46.172641 704 batcher.cc:723] Looking up tablet for op[state=1, write_op=INSERT int32 key=276473472, int32 int_val=-27613196, string string_val="99fe19b972959c07"]
I0110 22:35:46.172767 681 connection.cc:342] Queueing transfer: \x00\x00\x00e5\x1822.\x0a\x19kudu.master.MasterService\x12\x11GetTableLocationsP\xe7\x07.\x0a"\x0a\x207e9e4137de7940ce9e23ddc965ca0748\x1a\x04\xa2[R\xde(\x0a8\x01
I0110 22:35:46.172948 702 reactor.cc:897] client_R001: queueing outbound call RPC call kudu.master.MasterService.GetTableLocations -> {remote=127.0.115.190:34625, user_credentials={real_user=slave}} to remote 127.0.115.190:34625
I0110 22:35:46.173110 681 outbound_call.cc:212] OutboundCall 0x7b5000081200 (RPC call kudu.master.MasterService.GetTableLocations -> {remote=127.0.115.190:34625, user_credentials={real_user=slave}}) switching from READY to ON_OUTBOUND_QUEUE
I0110 22:35:46.173132 704 reactor.cc:897] client_R001: queueing outbound call RPC call kudu.master.MasterService.GetTableLocations -> {remote=127.0.115.190:34625, user_credentials={real_user=slave}} to remote 127.0.115.190:34625
I0110 22:35:46.173498 681 connection.cc:342] Queueing transfer: \x00\x00\x00e5\x1832.\x0a\x19kudu.master.MasterService\x12\x11GetTableLocationsP\xe7\x07.\x0a"\x0a\x207e9e4137de7940ce9e23ddc965ca0748\x1a\x04\xd3\x01X\xaa(\x0a8\x01
I0110 22:35:46.173568 702 batcher.cc:723] Looking up tablet for op[state=1, write_op=INSERT int32 key=824046332, int32 int_val=-346240437, string string_val="b8805c3b664e84ef"]
I0110 22:35:46.173753 704 batcher.cc:723] Looking up tablet for op[state=1, write_op=INSERT int32 key=927487487, int32 int_val=-922465229, string string_val="5146042c1777db20"]
I0110 22:35:46.173873 681 outbound_call.cc:212] OutboundCall 0x7b5000081400 (RPC call kudu.master.MasterService.GetTableLocations -> {remote=127.0.115.190:34625, user_credentials={real_user=slave}}) switching from READY to ON_OUTBOUND_QUEUE
I0110 22:35:46.174299 681 connection.cc:342] Queueing transfer: \x00\x00\x00e5\x1842.\x0a\x19kudu.master.MasterService\x12\x11GetTableLocationsP\xe6\x07.\x0a"\x0a\x207e9e4137de7940ce9e23ddc965ca0748\x1a\x04\xf6b\x05D(\x0a8\x01
I0110 22:35:46.174273 704 reactor.cc:897] client_R001: queueing outbound call RPC call kudu.master.MasterService.GetTableLocations -> {remote=127.0.115.190:34625, user_credentials={real_user=slave}} to remote 127.0.115.190:34625
I0110 22:35:46.175110 681 outbound_call.cc:212] OutboundCall 0x7b5000070800 (RPC call kudu.master.MasterService.GetTableLocations -> {remote=127.0.115.190:34625, user_credentials={real_user=slave}}) switching from READY to ON_OUTBOUND_QUEUE
I0110 22:35:46.175194 702 reactor.cc:897] client_R001: queueing outbound call RPC call kudu.master.MasterService.GetTableLocations -> {remote=127.0.115.190:34625, user_credentials={real_user=slave}} to remote 127.0.115.190:34625
I0110 22:35:46.175371 704 batcher.cc:723] Looking up tablet for op[state=1, write_op=INSERT int32 key=1867566004, int32 int_val=810742849, string string_val="070ff55551674624"]
I0110 22:35:46.175500 681 connection.cc:342] Queueing transfer: \x00\x00\x00e5\x1852.\x0a\x19kudu.master.MasterService\x12\x11GetTableLocationsP\xe7\x07.\x0a"\x0a\x207e9e4137de7940ce9e23ddc965ca0748\x1a\x04\x8b\xdfa"(\x0a8\x01
I0110 22:35:46.175801 681 connection.cc:638] client connection to 127.0.115.190:34625 ReadHandler(revents=1)
I0110 22:35:46.176038 681 connection.cc:664] client connection to 127.0.115.190:34625: finished reading 121 bytes
I0110 22:35:46.175892 702 batcher.cc:723] Looking up tablet for op[state=1, write_op=INSERT int32 key=1961514701, int32 int_val=386212214, string string_val="988a33b93293868a"]
I0110 22:35:46.176254 704 batcher.cc:723] Looking up tablet for op[state=1, write_op=INSERT int32 key=660603562, int32 int_val=826731781, string string_val="b710cd4d602d2cf2"]
I0110 22:35:46.163309 703 batcher.cc:723] Looking up tablet for op[state=1, write_op=INSERT int32 key=1296335156, int32 int_val=-1905963977, string string_val="943ffba56944300b"]
I0110 22:35:46.176674 681 outbound_call.cc:212] OutboundCall 0x7b5000030200 (RPC call kudu.master.MasterService.GetTableLocations -> {remote=127.0.115.190:34625, user_credentials={real_user=slave}}) switching from SENT to FINISHED_SUCCESS
I0110 22:35:46.176908 702 batcher.cc:723] Looking up tablet for op[state=1, write_op=INSERT int32 key=94945601, int32 int_val=750467351, string string_val="db261cb3464c7363"]
I0110 22:35:46.177062 703 batcher.cc:723] Looking up tablet for op[state=1, write_op=INSERT int32 key=773735631, int32 int_val=1093707088, string string_val="0ed97829cebfe860"]
I0110 22:35:46.178110 703 batcher.cc:723] Looking up tablet for op[state=1, write_op=INSERT int32 key=1619132071, int32 int_val=710825682, string string_val="9e371e9b6974c338"]
I0110 22:35:46.178206 702 batcher.cc:723] Looking up tablet for op[state=1, write_op=INSERT int32 key=2073691079, int32 int_val=869924921, string string_val="7d5f94041bdd642d"]
I0110 22:35:46.180239 703 batcher.cc:723] Looking up tablet for op[state=1, write_op=INSERT int32 key=1969606618, int32 int_val=94193276, string string_val="8bb64089d48e1268"]
I0110 22:35:46.180554 702 batcher.cc:723] Looking up tablet for op[state=1, write_op=INSERT int32 key=939141803, int32 int_val=-1032069546, string string_val="75cf463af6178c85"]
I0110 22:35:46.181028 703 batcher.cc:723] Looking up tablet for op[state=1, write_op=INSERT int32 key=1488454277, int32 int_val=749075972, string string_val="608441cc15f79183"]
I0110 22:35:46.181270 702 batcher.cc:723] Looking up tablet for op[state=1, write_op=INSERT int32 key=460152968, int32 int_val=-819838057, string string_val="de9a48a9c630ff89"]
I0110 22:35:46.181988 703 batcher.cc:723] Looking up tablet for op[state=1, write_op=INSERT int32 key=1673999399, int32 int_val=638768185, string string_val="8c3b63999e0ff1d1"]
I0110 22:35:46.182657 702 batcher.cc:723] Looking up tablet for op[state=1, write_op=INSERT int32 key=578178683, int32 int_val=243414852, string string_val="ab0a81ecfdafc7b5"]
I0110 22:35:46.182761 703 batcher.cc:723] Looking up tablet for op[state=1, write_op=INSERT int32 key=500956751, int32 int_val=-1517742786, string string_val="45d0803f77275628"]
I0110 22:35:46.184705 704 batcher.cc:723] Looking up tablet for op[state=1, write_op=INSERT int32 key=1743473799, int32 int_val=442431462, string string_val="3aa6beb6b265bb45"]
I0110 22:35:46.184808 702 batcher.cc:723] Looking up tablet for op[state=1, write_op=INSERT int32 key=715752207, int32 int_val=359423629, string string_val="ffaef325edba8740"]
I0110 22:35:46.183475 703 batcher.cc:723] Looking up tablet for op[state=1, write_op=INSERT int32 key=354442138, int32 int_val=-677052534, string string_val="168e9289546cd7e1"]
I0110 22:35:46.185421 704 batcher.cc:723] Looking up tablet for op[state=1, write_op=INSERT int32 key=881925286, int32 int_val=919057067, string string_val="f1504b341cf2b86e"]
I0110 22:35:46.186022 702 batcher.cc:723] Looking up tablet for op[state=1, write_op=INSERT int32 key=1309365692, int32 int_val=-8104042, string string_val="97cc3391be9b433e"]
I0110 22:35:46.186628 704 batcher.cc:723] Looking up tablet for op[state=1, write_op=INSERT int32 key=997624366, int32 int_val=-1070802908, string string_val="c4dc52b7b9751f65"]
I0110 22:35:46.187325 702 batcher.cc:723] Looking up tablet for op[state=1, write_op=INSERT int32 key=912014919, int32 int_val=426981856, string string_val="3a979dbc6fe97f62"]
I0110 22:35:46.189294 702 batcher.cc:723] Looking up tablet for op[state=1, write_op=INSERT int32 key=1446988531, int32 int_val=-351608919, string string_val="e8a1adc31d2de418"]
I0110 22:35:46.189522 703 batcher.cc:723] Looking up tablet for op[state=1, write_op=INSERT int32 key=296880808, int32 int_val=-372639924, string string_val="304da9eaf59cf67f"]
I0110 22:35:46.190548 704 batcher.cc:723] Looking up tablet for op[state=1, write_op=INSERT int32 key=1817287959, int32 int_val=-974809443, string string_val="46e3dea2345ac26d"]
I0110 22:35:46.190091 702 batcher.cc:723] Looking up tablet for op[state=1, write_op=INSERT int32 key=931050179, int32 int_val=-1726664884, string string_val="5b3eafb6e104090d"]
I0110 22:35:46.191280 704 batcher.cc:723] Looking up tablet for op[state=1, write_op=INSERT int32 key=1492502775, int32 int_val=-384318584, string string_val="69975fcc2224bed2"]
I0110 22:35:46.191495 702 batcher.cc:723] Looking up tablet for op[state=1, write_op=INSERT int32 key=534574260, int32 int_val=-518252513, string string_val="77cce2f1588eb1ab"]
I0110 22:35:46.191983 705 batcher.cc:723] Looking up tablet for op[state=1, write_op=INSERT int32 key=511583263, int32 int_val=1417320139, string string_val="8b3054e7a42c6083"]
I0110 22:35:46.194501 702 batcher.cc:723] Looking up tablet for op[state=1, write_op=INSERT int32 key=2112397372, int32 int_val=2130984809, string string_val="55ec4cae993cbf28"]
I0110 22:35:46.194710 705 batcher.cc:723] Looking up tablet for op[state=1, write_op=INSERT int32 key=1413536187, int32 int_val=-1077381766, string string_val="695a05862a416b3f"]
I0110 22:35:46.195185 702 batcher.cc:723] Looking up tablet for op[state=1, write_op=INSERT int32 key=907747979, int32 int_val=-1397820044, string string_val="949500fc04e755e5"]
I0110 22:35:46.190248 703 batcher.cc:723] Looking up tablet for op[state=1, write_op=INSERT int32 key=746215370, int32 int_val=533079337, string string_val="b9341c12983e3fd1"]
I0110 22:35:46.195610 704 batcher.cc:723] Looking up tablet for op[state=1, write_op=INSERT int32 key=626056791, int32 int_val=1159960084, string string_val="72287d7580898dc1"]
I0110 22:35:46.198515 703 batcher.cc:723] Looking up tablet for op[state=1, write_op=INSERT int32 key=1234630934, int32 int_val=497124132, string string_val="3060327a772400cb"]
I0110 22:35:46.196525 702 batcher.cc:723] Looking up tablet for op[state=1, write_op=INSERT int32 key=990135457, int32 int_val=2095735924, string string_val="be689b938b7c2176"]
I0110 22:35:46.199267 702 batcher.cc:723] Looking up tablet for op[state=1, write_op=INSERT int32 key=876579822, int32 int_val=-1850720658, string string_val="164d6aed694df216"]
I0110 22:35:46.199255 703 batcher.cc:723] Looking up tablet for op[state=1, write_op=INSERT int32 key=238093569, int32 int_val=1968835288, string string_val="13abaa14d65663ec"]
I0110 22:35:46.199924 705 batcher.cc:723] Looking up tablet for op[state=1, write_op=INSERT int32 key=393732039, int32 int_val=1140654984, string string_val="a84f46e4d96eb078"]
I0110 22:35:46.200199 703 batcher.cc:723] Looking up tablet for op[state=1, write_op=INSERT int32 key=1430443332, int32 int_val=-95733077, string string_val="3b92873321d487a6"]
I0110 22:35:46.200546 702 batcher.cc:723] Looking up tablet for op[state=1, write_op=INSERT int32 key=1225162529, int32 int_val=-1759760270, string string_val="3d32fb3cbc18c0b6"]
I0110 22:35:46.200623 705 batcher.cc:723] Looking up tablet for op[state=1, write_op=INSERT int32 key=1188668197, int32 int_val=-1040683175, string string_val="08973a3780de2c39"]
I0110 22:35:46.202898 702 batcher.cc:723] Looking up tablet for op[state=1, write_op=INSERT int32 key=787465480, int32 int_val=1027134371, string string_val="d59230e86191b4d0"]
I0110 22:35:46.203565 702 batcher.cc:723] Looking up tablet for op[state=1, write_op=INSERT int32 key=1932500335, int32 int_val=-747694126, string string_val="25c043e9e355545e"]
I0110 22:35:46.203689 703 batcher.cc:723] Looking up tablet for op[state=1, write_op=INSERT int32 key=1141493591, int32 int_val=300089485, string string_val="c685e34800191ea1"]
I0110 22:35:46.204443 703 batcher.cc:723] Looking up tablet for op[state=1, write_op=INSERT int32 key=1276552048, int32 int_val=1811507648, string string_val="41a6d1ba5e26165d"]
I0110 22:35:46.204531 702 batcher.cc:723] Looking up tablet for op[state=1, write_op=INSERT int32 key=477491629, int32 int_val=149822258, string string_val="9ba4d1d543980a41"]
I0110 22:35:46.203080 704 batcher.cc:723] Looking up tablet for op[state=1, write_op=INSERT int32 key=980460610, int32 int_val=-2145551898, string string_val="47d2df0c4a6321ae"]
I0110 22:35:46.207974 703 batcher.cc:723] Looking up tablet for op[state=1, write_op=INSERT int32 key=61226061, int32 int_val=1375803809, string string_val="3d1b7eaf30346501"]
I0110 22:35:46.208683 703 batcher.cc:723] Looking up tablet for op[state=1, write_op=INSERT int32 key=2082977114, int32 int_val=705224692, string string_val="884bc9724f2cbf3e"]
I0110 22:35:46.210036 703 batcher.cc:723] Looking up tablet for op[state=1, write_op=INSERT int32 key=1957834890, int32 int_val=2104789920, string string_val="a54d1dd953c54961"]
I0110 22:35:46.210431 705 batcher.cc:723] Looking up tablet for op[state=1, write_op=INSERT int32 key=616676378, int32 int_val=610749950, string string_val="2d2731b7d0623aba"]
I0110 22:35:46.208492 704 batcher.cc:723] Looking up tablet for op[state=1, write_op=INSERT int32 key=1514811519, int32 int_val=1423888699, string string_val="a2b1452e4869c19a"]
I0110 22:35:46.211114 705 batcher.cc:723] Looking up tablet for op[state=1, write_op=INSERT int32 key=24439783, int32 int_val=2144303129, string string_val="ac9dc921d5ff9a79"]
I0110 22:35:46.211921 702 batcher.cc:723] Looking up tablet for op[state=1, write_op=INSERT int32 key=1068401610, int32 int_val=-1704213326, string string_val="d0d7482acb85cdb9"]
I0110 22:35:46.211788 705 batcher.cc:723] Looking up tablet for op[state=1, write_op=INSERT int32 key=454408232, int32 int_val=1613461877, string string_val="23731ea5b5c22b4a"]
I0110 22:35:46.212610 704 batcher.cc:723] Looking up tablet for op[state=1, write_op=INSERT int32 key=1887945588, int32 int_val=-472082578, string string_val="40081822a6d1020b"]
I0110 22:35:46.212987 705 batcher.cc:723] Looking up tablet for op[state=1, write_op=INSERT int32 key=1334215147, int32 int_val=-1409845768, string string_val="8be46197fd864edb"]
I0110 22:35:46.213263 704 batcher.cc:723] Looking up tablet for op[state=1, write_op=INSERT int32 key=1155709535, int32 int_val=2082773890, string string_val="ec5919981b3ec1ce"]
I0110 22:35:46.213681 705 batcher.cc:723] Looking up tablet for op[state=1, write_op=INSERT int32 key=1678604371, int32 int_val=276576197, string string_val="cd362059390b73ab"]
I0110 22:35:46.213882 704 batcher.cc:723] Looking up tablet for op[state=1, write_op=INSERT int32 key=879725018, int32 int_val=-2057445867, string string_val="a3f8c577c2d875cf"]
I0110 22:35:46.215445 704 batcher.cc:723] Looking up tablet for op[state=1, write_op=INSERT int32 key=1816968517, int32 int_val=-2005584380, string string_val="0033ebdca183b2e4"]
I0110 22:35:46.215510 705 batcher.cc:723] Looking up tablet for op[state=1, write_op=INSERT int32 key=572404879, int32 int_val=1516159334, string string_val="7684c82f8ee584e6"]
I0110 22:35:46.215643 702 batcher.cc:723] Looking up tablet for op[state=1, write_op=INSERT int32 key=1137086623, int32 int_val=679898354, string string_val="696e026beac1e9c0"]
I0110 22:35:46.216141 704 batcher.cc:723] Looking up tablet for op[state=1, write_op=INSERT int32 key=847486622, int32 int_val=380237477, string string_val="8ba3a5b049a59790"]
I0110 22:35:46.216141 705 batcher.cc:723] Looking up tablet for op[state=1, write_op=INSERT int32 key=1596109050, int32 int_val=-1992241336, string string_val="ac65e060a8dbec72"]
I0110 22:35:46.216889 705 batcher.cc:723] Looking up tablet for op[state=1, write_op=INSERT int32 key=1471787327, int32 int_val=-1580481534, string string_val="bcad014e8461cfa9"]
I0110 22:35:46.216873 704 batcher.cc:723] Looking up tablet for op[state=1, write_op=INSERT int32 key=484526100, int32 int_val=1055777223, string string_val="3011e60bce2c2b50"]
I0110 22:35:46.216579 702 batcher.cc:723] Looking up tablet for op[state=1, write_op=INSERT int32 key=357188677, int32 int_val=1121767797, string string_val="b4f799a5d710b742"]
I0110 22:35:46.217559 704 batcher.cc:723] Looking up tablet for op[state=1, write_op=INSERT int32 key=1133328321, int32 int_val=1254878429, string string_val="ba03532de093dbdf"]
I0110 22:35:46.217561 705 batcher.cc:723] Looking up tablet for op[state=1, write_op=INSERT int32 key=1895454617, int32 int_val=-729839224, string string_val="5a10510bca71aebd"]
I0110 22:35:46.217876 702 batcher.cc:723] Looking up tablet for op[state=1, write_op=INSERT int32 key=1113923612, int32 int_val=-1969400316, string string_val="e62c2839ba09d52d"]
I0110 22:35:46.218703 702 batcher.cc:723] Looking up tablet for op[state=1, write_op=INSERT int32 key=1314739525, int32 int_val=1347288288, string string_val="d942faecf8cf9378"]
I0110 22:35:46.218984 704 batcher.cc:723] Looking up tablet for op[state=1, write_op=INSERT int32 key=1758347052, int32 int_val=1426277947, string string_val="9b3f9678d75f9e2a"]
I0110 22:35:46.219612 704 batcher.cc:723] Looking up tablet for op[state=1, write_op=INSERT int32 key=1699240203, int32 int_val=-372449260, string string_val="11a3150ad374daca"]
I0110 22:35:46.220573 702 batcher.cc:723] Looking up tablet for op[state=1, write_op=INSERT int32 key=1299421543, int32 int_val=1356780562, string string_val="c7c0769e59570617"]
I0110 22:35:46.221088 704 batcher.cc:723] Looking up tablet for op[state=1, write_op=INSERT int32 key=443155791, int32 int_val=-964273293, string string_val="c04e7ce641d3c064"]
I0110 22:35:46.221225 702 batcher.cc:723] Looking up tablet for op[state=1, write_op=INSERT int32 key=237988486, int32 int_val=111628101, string string_val="6002a7531c6e9520"]
I0110 22:35:46.221837 702 batcher.cc:723] Looking up tablet for op[state=1, write_op=INSERT int32 key=1717270374, int32 int_val=-2049252099, string string_val="ab9b06ba9dada90e"]
I0110 22:35:46.218703 703 batcher.cc:723] Looking up tablet for op[state=1, write_op=INSERT int32 key=1367952692, int32 int_val=837883571, string string_val="0c839489a519ab3b"]
I0110 22:35:46.218359 705 batcher.cc:723] Looking up tablet for op[state=1, write_op=INSERT int32 key=1016436597, int32 int_val=1625960466, string string_val="9393678ee4e78cff"]
I0110 22:35:46.222569 702 batcher.cc:723] Looking up tablet for op[state=1, write_op=INSERT int32 key=2120528720, int32 int_val=1122832201, string string_val="cb3ac96480f7d5a4"]
I0110 22:35:46.223057 705 batcher.cc:723] Looking up tablet for op[state=1, write_op=INSERT int32 key=1726996707, int32 int_val=-65902527, string string_val="5fcd6a10cddce326"]
I0110 22:35:46.221841 704 batcher.cc:723] Looking up tablet for op[state=1, write_op=INSERT int32 key=2120289212, int32 int_val=365709797, string string_val="3f7dff04d1e34200"]
I0110 22:35:46.223261 702 batcher.cc:723] Looking up tablet for op[state=1, write_op=INSERT int32 key=610951249, int32 int_val=2054636776, string string_val="3cf827680fc6783b"]
I0110 22:35:46.224429 702 batcher.cc:723] Looking up tablet for op[state=1, write_op=INSERT int32 key=1634813140, int32 int_val=994251372, string string_val="953230b324368548"]
I0110 22:35:46.224236 705 batcher.cc:723] Looking up tablet for op[state=1, write_op=INSERT int32 key=1148859128, int32 int_val=-890761812, string string_val="e7981b8b6670adf7"]
I0110 22:35:46.223807 703 batcher.cc:723] Looking up tablet for op[state=1, write_op=INSERT int32 key=75088807, int32 int_val=1260764238, string string_val="110594630aa1f0a0"]
I0110 22:35:46.226521 703 batcher.cc:723] Looking up tablet for op[state=1, write_op=INSERT int32 key=1219397700, int32 int_val=-1449843120, string string_val="3e37b74df7c6c1ef"]
I0110 22:35:46.223871 704 batcher.cc:723] Looking up tablet for op[state=1, write_op=INSERT int32 key=507932329, int32 int_val=-614912519, string string_val="1ec45d28db803b66"]
I0110 22:35:46.227454 703 batcher.cc:723] Looking up tablet for op[state=1, write_op=INSERT int32 key=1738016688, int32 int_val=1922924422, string string_val="cf207697b893b82d"]
I0110 22:35:46.227865 704 batcher.cc:723] Looking up tablet for op[state=1, write_op=INSERT int32 key=131710056, int32 int_val=950159641, string string_val="a3d7c6895656bd82"]
I0110 22:35:46.228101 703 batcher.cc:723] Looking up tablet for op[state=1, write_op=INSERT int32 key=77542361, int32 int_val=-744449009, string string_val="068c2d5439e7d24f"]
I0110 22:35:46.228734 703 batcher.cc:723] Looking up tablet for op[state=1, write_op=INSERT int32 key=1153131408, int32 int_val=1818349554, string string_val="99df9b204e82be4a"]
I0110 22:35:46.228955 704 batcher.cc:723] Looking up tablet for op[state=1, write_op=INSERT int32 key=1317717734, int32 int_val=273557394, string string_val="2230d31866e5bc62"]
I0110 22:35:46.229409 703 batcher.cc:723] Looking up tablet for op[state=1, write_op=INSERT int32 key=308902727, int32 int_val=989930516, string string_val="5f5d32353f168b52"]
I0110 22:35:46.229624 704 batcher.cc:723] Looking up tablet for op[state=1, write_op=INSERT int32 key=513942618, int32 int_val=438576757, string string_val="62fe7db6e3ded500"]
I0110 22:35:46.230274 703 batcher.cc:723] Looking up tablet for op[state=1, write_op=INSERT int32 key=472614441, int32 int_val=-1688654565, string string_val="6dab3fde8bdc8024"]
I0110 22:35:46.230772 704 batcher.cc:723] Looking up tablet for op[state=1, write_op=INSERT int32 key=2135176196, int32 int_val=252929766, string string_val="be69d161aa62f03b"]
I0110 22:35:46.232121 703 batcher.cc:723] Looking up tablet for op[state=1, write_op=INSERT int32 key=1484182656, int32 int_val=-492439945, string string_val="be43eadd39e0e635"]
I0110 22:35:46.232388 704 batcher.cc:723] Looking up tablet for op[state=1, write_op=INSERT int32 key=952874323, int32 int_val=1773471367, string string_val="bcd3a39dd535b0e2"]
I0110 22:35:46.232719 703 batcher.cc:723] Looking up tablet for op[state=1, write_op=INSERT int32 key=1774193630, int32 int_val=-369592513, string string_val="5d4379b571d6d22a"]
I0110 22:35:46.233351 703 batcher.cc:723] Looking up tablet for op[state=1, write_op=INSERT int32 key=888061794, int32 int_val=251711158, string string_val="fe5a85b75201a2b8"]
I0110 22:35:46.233978 703 batcher.cc:723] Looking up tablet for op[state=1, write_op=INSERT int32 key=587289614, int32 int_val=1771703814, string string_val="3c0e47cb1b16fe75"]
I0110 22:35:46.227044 702 batcher.cc:723] Looking up tablet for op[state=1, write_op=INSERT int32 key=1618556228, int32 int_val=-1682625858, string string_val="9fdaa6ed980a858a"]
I0110 22:35:46.234345 704 batcher.cc:723] Looking up tablet for op[state=1, write_op=INSERT int32 key=1068123358, int32 int_val=-52889707, string string_val="43a97439d41ad9c6"]
I0110 22:35:46.235049 702 batcher.cc:723] Looking up tablet for op[state=1, write_op=INSERT int32 key=959577661, int32 int_val=-1976687840, string string_val="f3bd8fab44467c2d"]
I0110 22:35:46.235803 704 batcher.cc:723] Looking up tablet for op[state=1, write_op=INSERT int32 key=1087400018, int32 int_val=-962495549, string string_val="612e0b462bcc635d"]
I0110 22:35:46.236225 703 batcher.cc:723] Looking up tablet for op[state=1, write_op=INSERT int32 key=1869444825, int32 int_val=-1425524362, string string_val="6707f06af471e7fc"]
I0110 22:35:46.236611 704 batcher.cc:723] Looking up tablet for op[state=1, write_op=INSERT int32 key=700685642, int32 int_val=-1004261223, string string_val="88f87dff642fe9e5"]
I0110 22:35:46.236935 703 batcher.cc:723] Looking up tablet for op[state=1, write_op=INSERT int32 key=246726159, int32 int_val=-1649441068, string string_val="d7f4cac79059f7dc"]
I0110 22:35:46.237262 704 batcher.cc:723] Looking up tablet for op[state=1, write_op=INSERT int32 key=988334857, int32 int_val=74243886, string string_val="230bc52133761701"]
I0110 22:35:46.238871 704 batcher.cc:723] Looking up tablet for op[state=1, write_op=INSERT int32 key=1858136491, int32 int_val=-1945095497, string string_val="aea6b5a005bc669b"]
I0110 22:35:46.238678 705 batcher.cc:723] Looking up tablet for op[state=1, write_op=INSERT int32 key=1963544807, int32 int_val=1788381963, string string_val="71296e6d2e219ea4"]
I0110 22:35:46.237617 703 batcher.cc:723] Looking up tablet for op[state=1, write_op=INSERT int32 key=83674610, int32 int_val=264445559, string string_val="3a91b4a767d6bbf6"]
I0110 22:35:46.239518 704 batcher.cc:723] Looking up tablet for op[state=1, write_op=INSERT int32 key=200203358, int32 int_val=1911592160, string string_val="23b9d6167b2ca159"]
I0110 22:35:46.239632 705 batcher.cc:723] Looking up tablet for op[state=1, write_op=INSERT int32 key=304859722, int32 int_val=-1018292601, string string_val="2da919b9f1aff1db"]
I0110 22:35:46.240061 703 batcher.cc:723] Looking up tablet for op[state=1, write_op=INSERT int32 key=1333039592, int32 int_val=942635295, string string_val="2eb80248653bb9dc"]
I0110 22:35:46.240221 705 batcher.cc:723] Looking up tablet for op[state=1, write_op=INSERT int32 key=423783161, int32 int_val=2035313129, string string_val="40631725d3093e52"]
I0110 22:35:46.240200 704 batcher.cc:723] Looking up tablet for op[state=1, write_op=INSERT int32 key=9352656, int32 int_val=-751062412, string string_val="4ab6caf24d8bb6b9"]
I0110 22:35:46.177140 681 meta_cache.cc:775] Processing master response for LookupRpc { table: 'test-workload', partition-key: (RANGE (key): 2100493322), attempt: 1 }. Response: tablet_locations { tablet_id: "e2eec0c9b766478ca568b8ccb01f7685" DEPRECATED_stale: false partition { partition_key_start: "" partition_key_end: "" } interned_replicas { ts_info_idx: 0 role: LEADER } } ttl_millis: 300000 ts_infos { permanent_uuid: "c1d680f550724b7c93db4804b4fae356" rpc_addresses { host: "127.0.115.129" port: 42925 } }
I0110 22:35:46.240723 703 batcher.cc:723] Looking up tablet for op[state=1, write_op=INSERT int32 key=122314925, int32 int_val=1484764327, string string_val="1f327e0757e01b22"]
I0110 22:35:46.240886 705 batcher.cc:723] Looking up tablet for op[state=1, write_op=INSERT int32 key=1994786108, int32 int_val=-1148828300, string string_val="c46b5b50486fc6e8"]
I0110 22:35:46.240886 704 batcher.cc:723] Looking up tablet for op[state=1, write_op=INSERT int32 key=1511675274, int32 int_val=-27202109, string string_val="785fd24535cb99da"]
I0110 22:35:46.241180 681 meta_cache.cc:541] Client caching new TabletServer c1d680f550724b7c93db4804b4fae356
I0110 22:35:46.241740 681 meta_cache.cc:900] Caching 'test-workload' entry Tablet { id: e2eec0c9b766478ca568b8ccb01f7685, lower_bound: (), upper_bound: (), ttl: 299999ms }
I0110 22:35:46.242493 703 batcher.cc:796] TabletLookupFinished for op[state=1, write_op=INSERT int32 key=122314925, int32 int_val=1484764327, string string_val="1f327e0757e01b22"]: OK
I0110 22:35:46.242321 705 batcher.cc:796] TabletLookupFinished for op[state=1, write_op=INSERT int32 key=1994786108, int32 int_val=-1148828300, string string_val="c46b5b50486fc6e8"]: OK
I0110 22:35:46.242872 703 batcher.cc:799] Result: tablet_id = e2eec0c9b766478ca568b8ccb01f7685
I0110 22:35:46.235733 702 batcher.cc:723] Looking up tablet for op[state=1, write_op=INSERT int32 key=1695952170, int32 int_val=-1635516977, string string_val="9938805e18e75083"]
I0110 22:35:46.242967 705 batcher.cc:799] Result: tablet_id = e2eec0c9b766478ca568b8ccb01f7685
I0110 22:35:46.243161 703 batcher.cc:859] FlushBuffersIfReady: batcher not yet in flushing state
I0110 22:35:46.243270 705 batcher.cc:859] FlushBuffersIfReady: batcher not yet in flushing state
I0110 22:35:46.244025 705 batcher.cc:723] Looking up tablet for op[state=1, write_op=INSERT int32 key=1727480181, int32 int_val=1536833909, string string_val="4887982d7c2f6d75"]
I0110 22:35:46.244065 703 batcher.cc:723] Looking up tablet for op[state=1, write_op=INSERT int32 key=1405224320, int32 int_val=150101535, string string_val="43cb29a71e3729c6"]
I0110 22:35:46.244271 705 batcher.cc:796] TabletLookupFinished for op[state=1, write_op=INSERT int32 key=1727480181, int32 int_val=1536833909, string string_val="4887982d7c2f6d75"]: OK
I0110 22:35:46.242220 681 batcher.cc:796] TabletLookupFinished for op[state=1, write_op=INSERT int32 key=2100493322, int32 int_val=-890407985, string string_val="54a2e5b0252b20cb"]: OK
I0110 22:35:46.244560 681 batcher.cc:799] Result: tablet_id = e2eec0c9b766478ca568b8ccb01f7685
I0110 22:35:46.244410 703 batcher.cc:796] TabletLookupFinished for op[state=1, write_op=INSERT int32 key=1405224320, int32 int_val=150101535, string string_val="43cb29a71e3729c6"]: OK
I0110 22:35:46.244391 683 batcher.cc:796] TabletLookupFinished for op[state=1, write_op=INSERT int32 key=1087400018, int32 int_val=-962495549, string string_val="612e0b462bcc635d"]: OK
I0110 22:35:46.244724 703 batcher.cc:799] Result: tablet_id = e2eec0c9b766478ca568b8ccb01f7685
I0110 22:35:46.244721 681 batcher.cc:859] FlushBuffersIfReady: batcher not yet in flushing state
I0110 22:35:46.244890 705 batcher.cc:799] Result: tablet_id = e2eec0c9b766478ca568b8ccb01f7685
I0110 22:35:46.244956 703 batcher.cc:859] FlushBuffersIfReady: batcher not yet in flushing state
