I0110 22:35:57.607918 1216 raft_consensus.cc:501] T 492ad3c286b1460db7471b6b0d1406e0 P 230bae04bca94f7989168f2ce71830fd [term 3 FOLLOWER]: Starting pre-election with config: opid_index: -1 OBSOLETE_local: false peers { permanent_uuid: "191329c76027490f84db7a96fd5372b6" member_type: VOTER last_known_addr { host: "127.0.115.130" port: 35585 } } peers { permanent_uuid: "230bae04bca94f7989168f2ce71830fd" member_type: VOTER last_known_addr { host: "127.0.115.131" port: 34875 } } peers { permanent_uuid: "8c1e2674152e42d58837cd7e6ce22257" member_type: VOTER last_known_addr { host: "127.0.115.129" port: 41757 } }
I0110 22:35:57.608961 1215 raft_consensus.cc:501] T 492ad3c286b1460db7471b6b0d1406e0 P 8c1e2674152e42d58837cd7e6ce22257 [term 3 FOLLOWER]: Starting pre-election with config: opid_index: -1 OBSOLETE_local: false peers { permanent_uuid: "191329c76027490f84db7a96fd5372b6" member_type: VOTER last_known_addr { host: "127.0.115.130" port: 35585 } } peers { permanent_uuid: "230bae04bca94f7989168f2ce71830fd" member_type: VOTER last_known_addr { host: "127.0.115.131" port: 34875 } } peers { permanent_uuid: "8c1e2674152e42d58837cd7e6ce22257" member_type: VOTER last_known_addr { host: "127.0.115.129" port: 41757 } }
I0110 22:35:57.611114 1215 leader_election.cc:293] T 492ad3c286b1460db7471b6b0d1406e0 P 8c1e2674152e42d58837cd7e6ce22257 [CANDIDATE]: Term 4 pre-election: Requested pre-vote from peers 191329c76027490f84db7a96fd5372b6 (127.0.115.130:35585), 230bae04bca94f7989168f2ce71830fd (127.0.115.131:34875)
I0110 22:35:57.611378 1216 leader_election.cc:293] T 492ad3c286b1460db7471b6b0d1406e0 P 230bae04bca94f7989168f2ce71830fd [CANDIDATE]: Term 4 pre-election: Requested pre-vote from peers 191329c76027490f84db7a96fd5372b6 (127.0.115.130:35585), 8c1e2674152e42d58837cd7e6ce22257 (127.0.115.129:41757)
I0110 22:35:57.612164 1121 tablet_service.cc:1319] Received RequestConsensusVote() RPC: tablet_id: "492ad3c286b1460db7471b6b0d1406e0" candidate_uuid: "8c1e2674152e42d58837cd7e6ce22257" candidate_term: 4 candidate_status { last_received { term: 0 index: 0 } } ignore_live_leader: false dest_uuid: "230bae04bca94f7989168f2ce71830fd" is_pre_election: true
I0110 22:35:57.612176 996 tablet_service.cc:1319] Received RequestConsensusVote() RPC: tablet_id: "492ad3c286b1460db7471b6b0d1406e0" candidate_uuid: "8c1e2674152e42d58837cd7e6ce22257" candidate_term: 4 candidate_status { last_received { term: 0 index: 0 } } ignore_live_leader: false dest_uuid: "191329c76027490f84db7a96fd5372b6" is_pre_election: true
I0110 22:35:57.612247 869 tablet_service.cc:1319] Received RequestConsensusVote() RPC: tablet_id: "492ad3c286b1460db7471b6b0d1406e0" candidate_uuid: "230bae04bca94f7989168f2ce71830fd" candidate_term: 4 candidate_status { last_received { term: 0 index: 0 } } ignore_live_leader: false dest_uuid: "8c1e2674152e42d58837cd7e6ce22257" is_pre_election: true
I0110 22:35:57.612727 1121 raft_consensus.cc:2398] T 492ad3c286b1460db7471b6b0d1406e0 P 230bae04bca94f7989168f2ce71830fd [term 3 FOLLOWER]: Leader pre-election vote request: Granting yes vote for candidate 8c1e2674152e42d58837cd7e6ce22257 in term 3.
I0110 22:35:57.612756 996 raft_consensus.cc:2398] T 492ad3c286b1460db7471b6b0d1406e0 P 191329c76027490f84db7a96fd5372b6 [term 3 FOLLOWER]: Leader pre-election vote request: Granting yes vote for candidate 8c1e2674152e42d58837cd7e6ce22257 in term 3.
I0110 22:35:57.612785 869 raft_consensus.cc:2398] T 492ad3c286b1460db7471b6b0d1406e0 P 8c1e2674152e42d58837cd7e6ce22257 [term 3 FOLLOWER]: Leader pre-election vote request: Granting yes vote for candidate 230bae04bca94f7989168f2ce71830fd in term 3.
I0110 22:35:57.613718 789 leader_election.cc:307] T 492ad3c286b1460db7471b6b0d1406e0 P 8c1e2674152e42d58837cd7e6ce22257 [CANDIDATE]: Term 4 pre-election: Election decided. Result: candidate won. Election summary: received 2 responses out of 3 voters: 2 yes votes; 0 no votes. yes voters: 230bae04bca94f7989168f2ce71830fd, 8c1e2674152e42d58837cd7e6ce22257; no voters:
I0110 22:35:57.614346 1053 leader_election.cc:307] T 492ad3c286b1460db7471b6b0d1406e0 P 230bae04bca94f7989168f2ce71830fd [CANDIDATE]: Term 4 pre-election: Election decided. Result: candidate won. Election summary: received 2 responses out of 3 voters: 2 yes votes; 0 no votes. yes voters: 230bae04bca94f7989168f2ce71830fd, 8c1e2674152e42d58837cd7e6ce22257; no voters:
I0110 22:35:57.614336 996 tablet_service.cc:1319] Received RequestConsensusVote() RPC: tablet_id: "492ad3c286b1460db7471b6b0d1406e0" candidate_uuid: "230bae04bca94f7989168f2ce71830fd" candidate_term: 4 candidate_status { last_received { term: 0 index: 0 } } ignore_live_leader: false dest_uuid: "191329c76027490f84db7a96fd5372b6" is_pre_election: true
I0110 22:35:57.614565 1215 raft_consensus.cc:2698] T 492ad3c286b1460db7471b6b0d1406e0 P 8c1e2674152e42d58837cd7e6ce22257 [term 3 FOLLOWER]: Leader pre-election won for term 4
I0110 22:35:57.614799 1215 raft_consensus.cc:479] T 492ad3c286b1460db7471b6b0d1406e0 P 8c1e2674152e42d58837cd7e6ce22257 [term 3 FOLLOWER]: Starting leader election (no leader contacted us within the election timeout)
I0110 22:35:57.614877 996 raft_consensus.cc:2398] T 492ad3c286b1460db7471b6b0d1406e0 P 191329c76027490f84db7a96fd5372b6 [term 3 FOLLOWER]: Leader pre-election vote request: Granting yes vote for candidate 230bae04bca94f7989168f2ce71830fd in term 3.
I0110 22:35:57.615051 1215 raft_consensus.cc:2951] T 492ad3c286b1460db7471b6b0d1406e0 P 8c1e2674152e42d58837cd7e6ce22257 [term 3 FOLLOWER]: Advancing to term 4
I0110 22:35:57.615198 1216 raft_consensus.cc:2698] T 492ad3c286b1460db7471b6b0d1406e0 P 230bae04bca94f7989168f2ce71830fd [term 3 FOLLOWER]: Leader pre-election won for term 4
I0110 22:35:57.615541 1216 raft_consensus.cc:479] T 492ad3c286b1460db7471b6b0d1406e0 P 230bae04bca94f7989168f2ce71830fd [term 3 FOLLOWER]: Starting leader election (no leader contacted us within the election timeout)
I0110 22:35:57.617041 1216 raft_consensus.cc:2951] T 492ad3c286b1460db7471b6b0d1406e0 P 230bae04bca94f7989168f2ce71830fd [term 3 FOLLOWER]: Advancing to term 4
I0110 22:35:57.705704 1202 raft_consensus.cc:479] T 492ad3c286b1460db7471b6b0d1406e0 P 191329c76027490f84db7a96fd5372b6 [term 3 FOLLOWER]: Starting pre-election (no leader contacted us within the election timeout)
I0110 22:35:57.706050 1202 raft_consensus.cc:501] T 492ad3c286b1460db7471b6b0d1406e0 P 191329c76027490f84db7a96fd5372b6 [term 3 FOLLOWER]: Starting pre-election with config: opid_index: -1 OBSOLETE_local: false peers { permanent_uuid: "191329c76027490f84db7a96fd5372b6" member_type: VOTER last_known_addr { host: "127.0.115.130" port: 35585 } } peers { permanent_uuid: "230bae04bca94f7989168f2ce71830fd" member_type: VOTER last_known_addr { host: "127.0.115.131" port: 34875 } } peers { permanent_uuid: "8c1e2674152e42d58837cd7e6ce22257" member_type: VOTER last_known_addr { host: "127.0.115.129" port: 41757 } }
I0110 22:35:57.707718 1202 leader_election.cc:293] T 492ad3c286b1460db7471b6b0d1406e0 P 191329c76027490f84db7a96fd5372b6 [CANDIDATE]: Term 4 pre-election: Requested pre-vote from peers 230bae04bca94f7989168f2ce71830fd (127.0.115.131:34875), 8c1e2674152e42d58837cd7e6ce22257 (127.0.115.129:41757)
I0110 22:35:57.708856 869 tablet_service.cc:1319] Received RequestConsensusVote() RPC: tablet_id: "492ad3c286b1460db7471b6b0d1406e0" candidate_uuid: "191329c76027490f84db7a96fd5372b6" candidate_term: 4 candidate_status { last_received { term: 0 index: 0 } } ignore_live_leader: false dest_uuid: "8c1e2674152e42d58837cd7e6ce22257" is_pre_election: true
I0110 22:35:57.709162 1121 tablet_service.cc:1319] Received RequestConsensusVote() RPC: tablet_id: "492ad3c286b1460db7471b6b0d1406e0" candidate_uuid: "191329c76027490f84db7a96fd5372b6" candidate_term: 4 candidate_status { last_received { term: 0 index: 0 } } ignore_live_leader: false dest_uuid: "230bae04bca94f7989168f2ce71830fd" is_pre_election: true
I0110 22:35:57.971434 1202 raft_consensus.cc:479] T 492ad3c286b1460db7471b6b0d1406e0 P 191329c76027490f84db7a96fd5372b6 [term 3 FOLLOWER]: Starting pre-election (no leader contacted us within the election timeout)
I0110 22:35:57.971799 1202 raft_consensus.cc:501] T 492ad3c286b1460db7471b6b0d1406e0 P 191329c76027490f84db7a96fd5372b6 [term 3 FOLLOWER]: Starting pre-election with config: opid_index: -1 OBSOLETE_local: false peers { permanent_uuid: "191329c76027490f84db7a96fd5372b6" member_type: VOTER last_known_addr { host: "127.0.115.130" port: 35585 } } peers { permanent_uuid: "230bae04bca94f7989168f2ce71830fd" member_type: VOTER last_known_addr { host: "127.0.115.131" port: 34875 } } peers { permanent_uuid: "8c1e2674152e42d58837cd7e6ce22257" member_type: VOTER last_known_addr { host: "127.0.115.129" port: 41757 } }
W0110 22:35:57.972525 926 leader_election.cc:339] T 492ad3c286b1460db7471b6b0d1406e0 P 191329c76027490f84db7a96fd5372b6 [CANDIDATE]: Term 4 pre-election: RPC error from VoteRequest() call to peer 8c1e2674152e42d58837cd7e6ce22257 (127.0.115.129:41757): Timed out: RequestConsensusVote RPC to 127.0.115.129:41757 timed out after 0.264s (SENT)
W0110 22:35:57.972863 925 leader_election.cc:339] T 492ad3c286b1460db7471b6b0d1406e0 P 191329c76027490f84db7a96fd5372b6 [CANDIDATE]: Term 4 pre-election: RPC error from VoteRequest() call to peer 230bae04bca94f7989168f2ce71830fd (127.0.115.131:34875): Timed out: RequestConsensusVote RPC to 127.0.115.131:34875 timed out after 0.264s (SENT)
I0110 22:35:57.973275 1202 leader_election.cc:293] T 492ad3c286b1460db7471b6b0d1406e0 P 191329c76027490f84db7a96fd5372b6 [CANDIDATE]: Term 4 pre-election: Requested pre-vote from peers 230bae04bca94f7989168f2ce71830fd (127.0.115.131:34875), 8c1e2674152e42d58837cd7e6ce22257 (127.0.115.129:41757)
I0110 22:35:57.973174 925 leader_election.cc:307] T 492ad3c286b1460db7471b6b0d1406e0 P 191329c76027490f84db7a96fd5372b6 [CANDIDATE]: Term 4 pre-election: Election decided. Result: candidate lost. Election summary: received 3 responses out of 3 voters: 1 yes votes; 2 no votes. yes voters: 191329c76027490f84db7a96fd5372b6; no voters: 230bae04bca94f7989168f2ce71830fd, 8c1e2674152e42d58837cd7e6ce22257
I0110 22:35:57.973906 1202 raft_consensus.cc:2646] T 492ad3c286b1460db7471b6b0d1406e0 P 191329c76027490f84db7a96fd5372b6 [term 3 FOLLOWER]: Leader pre-election lost for term 4. Reason: could not achieve majority
I0110 22:35:57.974303 867 tablet_service.cc:1319] Received RequestConsensusVote() RPC: tablet_id: "492ad3c286b1460db7471b6b0d1406e0" candidate_uuid: "191329c76027490f84db7a96fd5372b6" candidate_term: 4 candidate_status { last_received { term: 0 index: 0 } } ignore_live_leader: false dest_uuid: "8c1e2674152e42d58837cd7e6ce22257" is_pre_election: true
I0110 22:35:57.975082 1122 tablet_service.cc:1319] Received RequestConsensusVote() RPC: tablet_id: "492ad3c286b1460db7471b6b0d1406e0" candidate_uuid: "191329c76027490f84db7a96fd5372b6" candidate_term: 4 candidate_status { last_received { term: 0 index: 0 } } ignore_live_leader: false dest_uuid: "230bae04bca94f7989168f2ce71830fd" is_pre_election: true
I0110 22:35:57.976286 925 leader_election.cc:307] T 492ad3c286b1460db7471b6b0d1406e0 P 191329c76027490f84db7a96fd5372b6 [CANDIDATE]: Term 4 pre-election: Election decided. Result: candidate lost. Election summary: received 3 responses out of 3 voters: 1 yes votes; 2 no votes. yes voters: 191329c76027490f84db7a96fd5372b6; no voters: 230bae04bca94f7989168f2ce71830fd, 8c1e2674152e42d58837cd7e6ce22257
I0110 22:35:57.977066 1202 raft_consensus.cc:2646] T 492ad3c286b1460db7471b6b0d1406e0 P 191329c76027490f84db7a96fd5372b6 [term 3 FOLLOWER]: Leader pre-election lost for term 4. Reason: could not achieve majority
I0110 22:35:58.370501 1202 raft_consensus.cc:479] T 492ad3c286b1460db7471b6b0d1406e0 P 191329c76027490f84db7a96fd5372b6 [term 3 FOLLOWER]: Starting pre-election (no leader contacted us within the election timeout)
I0110 22:35:58.370820 1202 raft_consensus.cc:501] T 492ad3c286b1460db7471b6b0d1406e0 P 191329c76027490f84db7a96fd5372b6 [term 3 FOLLOWER]: Starting pre-election with config: opid_index: -1 OBSOLETE_local: false peers { permanent_uuid: "191329c76027490f84db7a96fd5372b6" member_type: VOTER last_known_addr { host: "127.0.115.130" port: 35585 } } peers { permanent_uuid: "230bae04bca94f7989168f2ce71830fd" member_type: VOTER last_known_addr { host: "127.0.115.131" port: 34875 } } peers { permanent_uuid: "8c1e2674152e42d58837cd7e6ce22257" member_type: VOTER last_known_addr { host: "127.0.115.129" port: 41757 } }
I0110 22:35:58.372236 1202 leader_election.cc:293] T 492ad3c286b1460db7471b6b0d1406e0 P 191329c76027490f84db7a96fd5372b6 [CANDIDATE]: Term 4 pre-election: Requested pre-vote from peers 230bae04bca94f7989168f2ce71830fd (127.0.115.131:34875), 8c1e2674152e42d58837cd7e6ce22257 (127.0.115.129:41757)
I0110 22:35:58.373157 1122 tablet_service.cc:1319] Received RequestConsensusVote() RPC: tablet_id: "492ad3c286b1460db7471b6b0d1406e0" candidate_uuid: "191329c76027490f84db7a96fd5372b6" candidate_term: 4 candidate_status { last_received { term: 0 index: 0 } } ignore_live_leader: false dest_uuid: "230bae04bca94f7989168f2ce71830fd" is_pre_election: true
I0110 22:35:58.373690 867 tablet_service.cc:1319] Received RequestConsensusVote() RPC: tablet_id: "492ad3c286b1460db7471b6b0d1406e0" candidate_uuid: "191329c76027490f84db7a96fd5372b6" candidate_term: 4 candidate_status { last_received { term: 0 index: 0 } } ignore_live_leader: false dest_uuid: "8c1e2674152e42d58837cd7e6ce22257" is_pre_election: true
I0110 22:35:58.375170 926 leader_election.cc:307] T 492ad3c286b1460db7471b6b0d1406e0 P 191329c76027490f84db7a96fd5372b6 [CANDIDATE]: Term 4 pre-election: Election decided. Result: candidate lost. Election summary: received 3 responses out of 3 voters: 1 yes votes; 2 no votes. yes voters: 191329c76027490f84db7a96fd5372b6; no voters: 230bae04bca94f7989168f2ce71830fd, 8c1e2674152e42d58837cd7e6ce22257
I0110 22:35:58.376082 1202 raft_consensus.cc:2646] T 492ad3c286b1460db7471b6b0d1406e0 P 191329c76027490f84db7a96fd5372b6 [term 3 FOLLOWER]: Leader pre-election lost for term 4. Reason: could not achieve majority
W0110 22:35:58.413286 1216 consensus_meta.cc:220] T 492ad3c286b1460db7471b6b0d1406e0 P 230bae04bca94f7989168f2ce71830fd: Time spent flushing consensus metadata: real 0.795s user 0.003s sys 0.000s
W0110 22:35:58.413540 1215 consensus_meta.cc:220] T 492ad3c286b1460db7471b6b0d1406e0 P 8c1e2674152e42d58837cd7e6ce22257: Time spent flushing consensus metadata: real 0.798s user 0.005s sys 0.001s
I0110 22:35:58.413602 1216 raft_consensus.cc:501] T 492ad3c286b1460db7471b6b0d1406e0 P 230bae04bca94f7989168f2ce71830fd [term 4 FOLLOWER]: Starting leader election with config: opid_index: -1 OBSOLETE_local: false peers { permanent_uuid: "191329c76027490f84db7a96fd5372b6" member_type: VOTER last_known_addr { host: "127.0.115.130" port: 35585 } } peers { permanent_uuid: "230bae04bca94f7989168f2ce71830fd" member_type: VOTER last_known_addr { host: "127.0.115.131" port: 34875 } } peers { permanent_uuid: "8c1e2674152e42d58837cd7e6ce22257" member_type: VOTER last_known_addr { host: "127.0.115.129" port: 41757 } }
I0110 22:35:58.413852 1215 raft_consensus.cc:501] T 492ad3c286b1460db7471b6b0d1406e0 P 8c1e2674152e42d58837cd7e6ce22257 [term 4 FOLLOWER]: Starting leader election with config: opid_index: -1 OBSOLETE_local: false peers { permanent_uuid: "191329c76027490f84db7a96fd5372b6" member_type: VOTER last_known_addr { host: "127.0.115.130" port: 35585 } } peers { permanent_uuid: "230bae04bca94f7989168f2ce71830fd" member_type: VOTER last_known_addr { host: "127.0.115.131" port: 34875 } } peers { permanent_uuid: "8c1e2674152e42d58837cd7e6ce22257" member_type: VOTER last_known_addr { host: "127.0.115.129" port: 41757 } }
I0110 22:35:58.415400 1216 leader_election.cc:293] T 492ad3c286b1460db7471b6b0d1406e0 P 230bae04bca94f7989168f2ce71830fd [CANDIDATE]: Term 4 election: Requested vote from peers 191329c76027490f84db7a96fd5372b6 (127.0.115.130:35585), 8c1e2674152e42d58837cd7e6ce22257 (127.0.115.129:41757)
I0110 22:35:58.416085 1215 leader_election.cc:293] T 492ad3c286b1460db7471b6b0d1406e0 P 8c1e2674152e42d58837cd7e6ce22257 [CANDIDATE]: Term 4 election: Requested vote from peers 191329c76027490f84db7a96fd5372b6 (127.0.115.130:35585), 230bae04bca94f7989168f2ce71830fd (127.0.115.131:34875)
I0110 22:35:58.416847 869 raft_consensus.cc:2323] T 492ad3c286b1460db7471b6b0d1406e0 P 8c1e2674152e42d58837cd7e6ce22257 [term 4 FOLLOWER]: Leader pre-election vote request: Denying vote to candidate 191329c76027490f84db7a96fd5372b6 in current term 4: Already voted for candidate 8c1e2674152e42d58837cd7e6ce22257 in this term.
I0110 22:35:58.417256 996 tablet_service.cc:1319] Received RequestConsensusVote() RPC: tablet_id: "492ad3c286b1460db7471b6b0d1406e0" candidate_uuid: "8c1e2674152e42d58837cd7e6ce22257" candidate_term: 4 candidate_status { last_received { term: 0 index: 0 } } ignore_live_leader: false dest_uuid: "191329c76027490f84db7a96fd5372b6"
W0110 22:35:58.417469 869 rpcz_store.cc:253] Call kudu.consensus.ConsensusService.RequestConsensusVote from 127.0.115.130:43327 (request call id 10) took 709 ms (709 ms). Client timeout 264 ms (264 ms)
I0110 22:35:58.417721 1121 raft_consensus.cc:2323] T 492ad3c286b1460db7471b6b0d1406e0 P 230bae04bca94f7989168f2ce71830fd [term 4 FOLLOWER]: Leader pre-election vote request: Denying vote to candidate 191329c76027490f84db7a96fd5372b6 in current term 4: Already voted for candidate 230bae04bca94f7989168f2ce71830fd in this term.
I0110 22:35:58.417778 996 raft_consensus.cc:2951] T 492ad3c286b1460db7471b6b0d1406e0 P 191329c76027490f84db7a96fd5372b6 [term 3 FOLLOWER]: Advancing to term 4
W0110 22:35:58.418303 869 rpcz_store.cc:259] Trace: 0110 22:35:57.708423 (+ 0us) service_pool.cc:162] Inserting onto call queue 0110 22:35:57.708561 (+ 138us) service_pool.cc:221] Handling call 0110 22:35:58.417299 (+708738us) spinlock_profiling.cc:244] Waited 707 ms on lock 0x7b50000812ac. stack: 00007f989314dbb3 00007f989314dab0 00007f98929f5584 00007f989bcbe694 00007f989bcbe629 00007f989a5e6231 00007f989a657e15 00007f989bd38b92 00007f989595be34 00007f989595bd8d 00007f989595bcac 00007f989595bc1c 00007f989595ac72 00007f9894f5176c 00007f9894f50c46 00007f9894f506db 0110 22:35:58.417415 (+ 116us) inbound_call.cc:162] Queueing success response Metrics: {"spinlock_wait_cycles":1626747648}
W0110 22:35:58.418335 1121 rpcz_store.cc:253] Call kudu.consensus.ConsensusService.RequestConsensusVote from 127.0.115.130:57733 (request call id 10) took 709 ms (709 ms). Client timeout 264 ms (264 ms)
I0110 22:35:58.418725 867 tablet_service.cc:1319] Received RequestConsensusVote() RPC: tablet_id: "492ad3c286b1460db7471b6b0d1406e0" candidate_uuid: "230bae04bca94f7989168f2ce71830fd" candidate_term: 4 candidate_status { last_received { term: 0 index: 0 } } ignore_live_leader: false dest_uuid: "8c1e2674152e42d58837cd7e6ce22257"
W0110 22:35:58.419180 1121 rpcz_store.cc:259] Trace: 0110 22:35:57.708791 (+ 0us) service_pool.cc:162] Inserting onto call queue 0110 22:35:57.708931 (+ 140us) service_pool.cc:221] Handling call 0110 22:35:58.418149 (+709218us) spinlock_profiling.cc:244] Waited 708 ms on lock 0x7b50000712ac. stack: 00007fefad7f7bb3 00007fefad7f7ab0 00007fefad09f584 00007fefb6368694 00007fefb6368629 00007fefb4c90231 00007fefb4d01e15 00007fefb63e2b92 00007fefb0005e34 00007fefb0005d8d 00007fefb0005cac 00007fefb0005c1c 00007fefb0004c72 00007fefaf5fb76c 00007fefaf5fac46 00007fefaf5fa6db 0110 22:35:58.418270 (+ 121us) inbound_call.cc:162] Queueing success response Metrics: {"spinlock_wait_cycles":1628092800}
I0110 22:35:58.419359 867 raft_consensus.cc:2323] T 492ad3c286b1460db7471b6b0d1406e0 P 8c1e2674152e42d58837cd7e6ce22257 [term 4 FOLLOWER]: Leader election vote request: Denying vote to candidate 230bae04bca94f7989168f2ce71830fd in current term 4: Already voted for candidate 8c1e2674152e42d58837cd7e6ce22257 in this term.
I0110 22:35:58.419728 1122 tablet_service.cc:1319] Received RequestConsensusVote() RPC: tablet_id: "492ad3c286b1460db7471b6b0d1406e0" candidate_uuid: "8c1e2674152e42d58837cd7e6ce22257" candidate_term: 4 candidate_status { last_received { term: 0 index: 0 } } ignore_live_leader: false dest_uuid: "230bae04bca94f7989168f2ce71830fd"
I0110 22:35:58.420351 1122 raft_consensus.cc:2323] T 492ad3c286b1460db7471b6b0d1406e0 P 230bae04bca94f7989168f2ce71830fd [term 4 FOLLOWER]: Leader election vote request: Denying vote to candidate 8c1e2674152e42d58837cd7e6ce22257 in current term 4: Already voted for candidate 230bae04bca94f7989168f2ce71830fd in this term.
I0110 22:35:58.420621 995 tablet_service.cc:1319] Received RequestConsensusVote() RPC: tablet_id: "492ad3c286b1460db7471b6b0d1406e0" candidate_uuid: "230bae04bca94f7989168f2ce71830fd" candidate_term: 4 candidate_status { last_received { term: 0 index: 0 } } ignore_live_leader: false dest_uuid: "191329c76027490f84db7a96fd5372b6"
I0110 22:35:58.422083 1052 leader_election.cc:307] T 492ad3c286b1460db7471b6b0d1406e0 P 230bae04bca94f7989168f2ce71830fd [CANDIDATE]: Term 4 election: Election decided. Result: candidate lost. Election summary: received 3 responses out of 3 voters: 1 yes votes; 2 no votes. yes voters: 230bae04bca94f7989168f2ce71830fd; no voters: 191329c76027490f84db7a96fd5372b6, 8c1e2674152e42d58837cd7e6ce22257
I0110 22:35:58.422905 1216 raft_consensus.cc:2646] T 492ad3c286b1460db7471b6b0d1406e0 P 230bae04bca94f7989168f2ce71830fd [term 4 FOLLOWER]: Leader election lost for term 4. Reason: could not achieve majority
I0110 22:35:58.484176 1215 raft_consensus.cc:479] T 492ad3c286b1460db7471b6b0d1406e0 P 8c1e2674152e42d58837cd7e6ce22257 [term 4 FOLLOWER]: Starting pre-election (no leader contacted us within the election timeout)
I0110 22:35:58.484547 1215 raft_consensus.cc:501] T 492ad3c286b1460db7471b6b0d1406e0 P 8c1e2674152e42d58837cd7e6ce22257 [term 4 FOLLOWER]: Starting pre-election with config: opid_index: -1 OBSOLETE_local: false peers { permanent_uuid: "191329c76027490f84db7a96fd5372b6" member_type: VOTER last_known_addr { host: "127.0.115.130" port: 35585 } } peers { permanent_uuid: "230bae04bca94f7989168f2ce71830fd" member_type: VOTER last_known_addr { host: "127.0.115.131" port: 34875 } } peers { permanent_uuid: "8c1e2674152e42d58837cd7e6ce22257" member_type: VOTER last_known_addr { host: "127.0.115.129" port: 41757 } }
I0110 22:35:58.486271 1215 leader_election.cc:293] T 492ad3c286b1460db7471b6b0d1406e0 P 8c1e2674152e42d58837cd7e6ce22257 [CANDIDATE]: Term 5 pre-election: Requested pre-vote from peers 191329c76027490f84db7a96fd5372b6 (127.0.115.130:35585), 230bae04bca94f7989168f2ce71830fd (127.0.115.131:34875)
I0110 22:35:58.487237 995 tablet_service.cc:1319] Received RequestConsensusVote() RPC: tablet_id: "492ad3c286b1460db7471b6b0d1406e0" candidate_uuid: "8c1e2674152e42d58837cd7e6ce22257" candidate_term: 5 candidate_status { last_received { term: 0 index: 0 } } ignore_live_leader: false dest_uuid: "191329c76027490f84db7a96fd5372b6" is_pre_election: true
I0110 22:35:58.487365 1122 tablet_service.cc:1319] Received RequestConsensusVote() RPC: tablet_id: "492ad3c286b1460db7471b6b0d1406e0" candidate_uuid: "8c1e2674152e42d58837cd7e6ce22257" candidate_term: 5 candidate_status { last_received { term: 0 index: 0 } } ignore_live_leader: false dest_uuid: "230bae04bca94f7989168f2ce71830fd" is_pre_election: true
I0110 22:35:58.487918 1122 raft_consensus.cc:2398] T 492ad3c286b1460db7471b6b0d1406e0 P 230bae04bca94f7989168f2ce71830fd [term 4 FOLLOWER]: Leader pre-election vote request: Granting yes vote for candidate 8c1e2674152e42d58837cd7e6ce22257 in term 4.
I0110 22:35:58.488664 789 leader_election.cc:307] T 492ad3c286b1460db7471b6b0d1406e0 P 8c1e2674152e42d58837cd7e6ce22257 [CANDIDATE]: Term 5 pre-election: Election decided. Result: candidate won. Election summary: received 3 responses out of 3 voters: 2 yes votes; 1 no votes. yes voters: 230bae04bca94f7989168f2ce71830fd, 8c1e2674152e42d58837cd7e6ce22257; no voters: 191329c76027490f84db7a96fd5372b6
I0110 22:35:58.489295 1215 raft_consensus.cc:2698] T 492ad3c286b1460db7471b6b0d1406e0 P 8c1e2674152e42d58837cd7e6ce22257 [term 4 FOLLOWER]: Leader pre-election won for term 5
I0110 22:35:58.489500 1215 raft_consensus.cc:479] T 492ad3c286b1460db7471b6b0d1406e0 P 8c1e2674152e42d58837cd7e6ce22257 [term 4 FOLLOWER]: Starting leader election (no leader contacted us within the election timeout)
I0110 22:35:58.489758 1215 raft_consensus.cc:2951] T 492ad3c286b1460db7471b6b0d1406e0 P 8c1e2674152e42d58837cd7e6ce22257 [term 4 FOLLOWER]: Advancing to term 5
W0110 22:35:59.237644 996 consensus_meta.cc:220] T 492ad3c286b1460db7471b6b0d1406e0 P 191329c76027490f84db7a96fd5372b6: Time spent flushing consensus metadata: real 0.820s user 0.005s sys 0.000s
I0110 22:35:59.237941 996 raft_consensus.cc:2398] T 492ad3c286b1460db7471b6b0d1406e0 P 191329c76027490f84db7a96fd5372b6 [term 4 FOLLOWER]: Leader election vote request: Granting yes vote for candidate 8c1e2674152e42d58837cd7e6ce22257 in term 4.
I0110 22:35:59.238291 1220 raft_consensus.cc:479] T 492ad3c286b1460db7471b6b0d1406e0 P 191329c76027490f84db7a96fd5372b6 [term 4 FOLLOWER]: Starting pre-election (no leader contacted us within the election timeout)
W0110 22:35:59.238415 996 rpcz_store.cc:253] Call kudu.consensus.ConsensusService.RequestConsensusVote from 127.0.115.129:57865 (request call id 14) took 821 ms (821 ms). Client timeout 868 ms (868 ms)
W0110 22:35:59.239084 996 rpcz_store.cc:259] Trace: 0110 22:35:58.416796 (+ 0us) service_pool.cc:162] Inserting onto call queue 0110 22:35:58.417014 (+ 218us) service_pool.cc:221] Handling call 0110 22:35:59.238320 (+821306us) inbound_call.cc:162] Queueing success response Metrics: {}
I0110 22:35:59.238714 1220 raft_consensus.cc:501] T 492ad3c286b1460db7471b6b0d1406e0 P 191329c76027490f84db7a96fd5372b6 [term 4 FOLLOWER]: Starting pre-election with config: opid_index: -1 OBSOLETE_local: false peers { permanent_uuid: "191329c76027490f84db7a96fd5372b6" member_type: VOTER last_known_addr { host: "127.0.115.130" port: 35585 } } peers { permanent_uuid: "230bae04bca94f7989168f2ce71830fd" member_type: VOTER last_known_addr { host: "127.0.115.131" port: 34875 } } peers { permanent_uuid: "8c1e2674152e42d58837cd7e6ce22257" member_type: VOTER last_known_addr { host: "127.0.115.129" port: 41757 } }
I0110 22:35:59.241080 1220 leader_election.cc:293] T 492ad3c286b1460db7471b6b0d1406e0 P 191329c76027490f84db7a96fd5372b6 [CANDIDATE]: Term 5 pre-election: Requested pre-vote from peers 230bae04bca94f7989168f2ce71830fd (127.0.115.131:34875), 8c1e2674152e42d58837cd7e6ce22257 (127.0.115.129:41757)
I0110 22:35:59.241576 1122 tablet_service.cc:1319] Received RequestConsensusVote() RPC: tablet_id: "492ad3c286b1460db7471b6b0d1406e0" candidate_uuid: "191329c76027490f84db7a96fd5372b6" candidate_term: 5 candidate_status { last_received { term: 0 index: 0 } } ignore_live_leader: false dest_uuid: "230bae04bca94f7989168f2ce71830fd" is_pre_election: true
I0110 22:35:59.242103 1122 raft_consensus.cc:2398] T 492ad3c286b1460db7471b6b0d1406e0 P 230bae04bca94f7989168f2ce71830fd [term 4 FOLLOWER]: Leader pre-election vote request: Granting yes vote for candidate 191329c76027490f84db7a96fd5372b6 in term 4.
I0110 22:35:59.243119 925 leader_election.cc:307] T 492ad3c286b1460db7471b6b0d1406e0 P 191329c76027490f84db7a96fd5372b6 [CANDIDATE]: Term 5 pre-election: Election decided. Result: candidate won. Election summary: received 2 responses out of 3 voters: 2 yes votes; 0 no votes. yes voters: 191329c76027490f84db7a96fd5372b6, 230bae04bca94f7989168f2ce71830fd; no voters:
I0110 22:35:59.243885 1220 raft_consensus.cc:2698] T 492ad3c286b1460db7471b6b0d1406e0 P 191329c76027490f84db7a96fd5372b6 [term 4 FOLLOWER]: Leader pre-election won for term 5
I0110 22:35:59.244139 1220 raft_consensus.cc:479] T 492ad3c286b1460db7471b6b0d1406e0 P 191329c76027490f84db7a96fd5372b6 [term 4 FOLLOWER]: Starting leader election (no leader contacted us within the election timeout)
I0110 22:35:59.244401 1220 raft_consensus.cc:2951] T 492ad3c286b1460db7471b6b0d1406e0 P 191329c76027490f84db7a96fd5372b6 [term 4 FOLLOWER]: Advancing to term 5
I0110 22:35:59.250525 789 leader_election.cc:307] T 492ad3c286b1460db7471b6b0d1406e0 P 8c1e2674152e42d58837cd7e6ce22257 [CANDIDATE]: Term 4 election: Election decided. Result: candidate won. Election summary: received 3 responses out of 3 voters: 2 yes votes; 1 no votes. yes voters: 191329c76027490f84db7a96fd5372b6, 8c1e2674152e42d58837cd7e6ce22257; no voters: 230bae04bca94f7989168f2ce71830fd
I0110 22:35:59.250581 867 tablet_service.cc:1319] Received RequestConsensusVote() RPC: tablet_id: "492ad3c286b1460db7471b6b0d1406e0" candidate_uuid: "191329c76027490f84db7a96fd5372b6" candidate_term: 5 candidate_status { last_received { term: 0 index: 0 } } ignore_live_leader: false dest_uuid: "8c1e2674152e42d58837cd7e6ce22257" is_pre_election: true
W0110 22:35:59.251370 1215 consensus_meta.cc:220] T 492ad3c286b1460db7471b6b0d1406e0 P 8c1e2674152e42d58837cd7e6ce22257: Time spent flushing consensus metadata: real 0.761s user 0.001s sys 0.003s
I0110 22:35:59.251883 1215 raft_consensus.cc:501] T 492ad3c286b1460db7471b6b0d1406e0 P 8c1e2674152e42d58837cd7e6ce22257 [term 5 FOLLOWER]: Starting leader election with config: opid_index: -1 OBSOLETE_local: false peers { permanent_uuid: "191329c76027490f84db7a96fd5372b6" member_type: VOTER last_known_addr { host: "127.0.115.130" port: 35585 } } peers { permanent_uuid: "230bae04bca94f7989168f2ce71830fd" member_type: VOTER last_known_addr { host: "127.0.115.131" port: 34875 } } peers { permanent_uuid: "8c1e2674152e42d58837cd7e6ce22257" member_type: VOTER last_known_addr { host: "127.0.115.129" port: 41757 } }
I0110 22:35:59.254720 867 raft_consensus.cc:2323] T 492ad3c286b1460db7471b6b0d1406e0 P 8c1e2674152e42d58837cd7e6ce22257 [term 5 FOLLOWER]: Leader pre-election vote request: Denying vote to candidate 191329c76027490f84db7a96fd5372b6 in current term 5: Already voted for candidate 8c1e2674152e42d58837cd7e6ce22257 in this term.
I0110 22:35:59.255230 1222 raft_consensus.cc:479] T 492ad3c286b1460db7471b6b0d1406e0 P 8c1e2674152e42d58837cd7e6ce22257 [term 5 FOLLOWER]: Starting pre-election (no leader contacted us within the election timeout)
I0110 22:35:59.255677 1215 leader_election.cc:293] T 492ad3c286b1460db7471b6b0d1406e0 P 8c1e2674152e42d58837cd7e6ce22257 [CANDIDATE]: Term 5 election: Requested vote from peers 191329c76027490f84db7a96fd5372b6 (127.0.115.130:35585), 230bae04bca94f7989168f2ce71830fd (127.0.115.131:34875)
I0110 22:35:59.255666 1222 raft_consensus.cc:501] T 492ad3c286b1460db7471b6b0d1406e0 P 8c1e2674152e42d58837cd7e6ce22257 [term 5 FOLLOWER]: Starting pre-election with config: opid_index: -1 OBSOLETE_local: false peers { permanent_uuid: "191329c76027490f84db7a96fd5372b6" member_type: VOTER last_known_addr { host: "127.0.115.130" port: 35585 } } peers { permanent_uuid: "230bae04bca94f7989168f2ce71830fd" member_type: VOTER last_known_addr { host: "127.0.115.131" port: 34875 } } peers { permanent_uuid: "8c1e2674152e42d58837cd7e6ce22257" member_type: VOTER last_known_addr { host: "127.0.115.129" port: 41757 } }
I0110 22:35:59.257803 1222 leader_election.cc:293] T 492ad3c286b1460db7471b6b0d1406e0 P 8c1e2674152e42d58837cd7e6ce22257 [CANDIDATE]: Term 6 pre-election: Requested pre-vote from peers 191329c76027490f84db7a96fd5372b6 (127.0.115.130:35585), 230bae04bca94f7989168f2ce71830fd (127.0.115.131:34875)
I0110 22:35:59.257663 1122 tablet_service.cc:1319] Received RequestConsensusVote() RPC: tablet_id: "492ad3c286b1460db7471b6b0d1406e0" candidate_uuid: "8c1e2674152e42d58837cd7e6ce22257" candidate_term: 5 candidate_status { last_received { term: 0 index: 0 } } ignore_live_leader: false dest_uuid: "230bae04bca94f7989168f2ce71830fd"
I0110 22:35:59.258173 1122 raft_consensus.cc:2951] T 492ad3c286b1460db7471b6b0d1406e0 P 230bae04bca94f7989168f2ce71830fd [term 4 FOLLOWER]: Advancing to term 5
I0110 22:35:59.258215 1224 raft_consensus.cc:2661] T 492ad3c286b1460db7471b6b0d1406e0 P 8c1e2674152e42d58837cd7e6ce22257 [term 5 FOLLOWER]: Leader election decision vote started in defunct term 4: won
I0110 22:35:59.259526 996 tablet_service.cc:1319] Received RequestConsensusVote() RPC: tablet_id: "492ad3c286b1460db7471b6b0d1406e0" candidate_uuid: "8c1e2674152e42d58837cd7e6ce22257" candidate_term: 5 candidate_status { last_received { term: 0 index: 0 } } ignore_live_leader: false dest_uuid: "191329c76027490f84db7a96fd5372b6"
I0110 22:35:59.261485 1121 tablet_service.cc:1319] Received RequestConsensusVote() RPC: tablet_id: "492ad3c286b1460db7471b6b0d1406e0" candidate_uuid: "8c1e2674152e42d58837cd7e6ce22257" candidate_term: 6 candidate_status { last_received { term: 0 index: 0 } } ignore_live_leader: false dest_uuid: "230bae04bca94f7989168f2ce71830fd" is_pre_election: true
I0110 22:35:59.263216 995 tablet_service.cc:1319] Received RequestConsensusVote() RPC: tablet_id: "492ad3c286b1460db7471b6b0d1406e0" candidate_uuid: "8c1e2674152e42d58837cd7e6ce22257" candidate_term: 6 candidate_status { last_received { term: 0 index: 0 } } ignore_live_leader: false dest_uuid: "191329c76027490f84db7a96fd5372b6" is_pre_election: true
I0110 22:35:59.264362 789 leader_election.cc:307] T 492ad3c286b1460db7471b6b0d1406e0 P 8c1e2674152e42d58837cd7e6ce22257 [CANDIDATE]: Term 6 pre-election: Election decided. Result: candidate lost. Election summary: received 3 responses out of 3 voters: 1 yes votes; 2 no votes. yes voters: 8c1e2674152e42d58837cd7e6ce22257; no voters: 191329c76027490f84db7a96fd5372b6, 230bae04bca94f7989168f2ce71830fd
I0110 22:35:59.265048 1224 raft_consensus.cc:2646] T 492ad3c286b1460db7471b6b0d1406e0 P 8c1e2674152e42d58837cd7e6ce22257 [term 5 FOLLOWER]: Leader pre-election lost for term 6. Reason: could not achieve majority
I0110 22:35:59.677912 1224 raft_consensus.cc:479] T 492ad3c286b1460db7471b6b0d1406e0 P 8c1e2674152e42d58837cd7e6ce22257 [term 5 FOLLOWER]: Starting pre-election (no leader contacted us within the election timeout)
I0110 22:35:59.678236 1224 raft_consensus.cc:501] T 492ad3c286b1460db7471b6b0d1406e0 P 8c1e2674152e42d58837cd7e6ce22257 [term 5 FOLLOWER]: Starting pre-election with config: opid_index: -1 OBSOLETE_local: false peers { permanent_uuid: "191329c76027490f84db7a96fd5372b6" member_type: VOTER last_known_addr { host: "127.0.115.130" port: 35585 } } peers { permanent_uuid: "230bae04bca94f7989168f2ce71830fd" member_type: VOTER last_known_addr { host: "127.0.115.131" port: 34875 } } peers { permanent_uuid: "8c1e2674152e42d58837cd7e6ce22257" member_type: VOTER last_known_addr { host: "127.0.115.129" port: 41757 } }
I0110 22:35:59.680066 1224 leader_election.cc:293] T 492ad3c286b1460db7471b6b0d1406e0 P 8c1e2674152e42d58837cd7e6ce22257 [CANDIDATE]: Term 6 pre-election: Requested pre-vote from peers 191329c76027490f84db7a96fd5372b6 (127.0.115.130:35585), 230bae04bca94f7989168f2ce71830fd (127.0.115.131:34875)
I0110 22:35:59.681598 1121 tablet_service.cc:1319] Received RequestConsensusVote() RPC: tablet_id: "492ad3c286b1460db7471b6b0d1406e0" candidate_uuid: "8c1e2674152e42d58837cd7e6ce22257" candidate_term: 6 candidate_status { last_received { term: 0 index: 0 } } ignore_live_leader: false dest_uuid: "230bae04bca94f7989168f2ce71830fd" is_pre_election: true
I0110 22:35:59.681622 995 tablet_service.cc:1319] Received RequestConsensusVote() RPC: tablet_id: "492ad3c286b1460db7471b6b0d1406e0" candidate_uuid: "8c1e2674152e42d58837cd7e6ce22257" candidate_term: 6 candidate_status { last_received { term: 0 index: 0 } } ignore_live_leader: false dest_uuid: "191329c76027490f84db7a96fd5372b6" is_pre_election: true
I0110 22:35:59.683089 789 leader_election.cc:307] T 492ad3c286b1460db7471b6b0d1406e0 P 8c1e2674152e42d58837cd7e6ce22257 [CANDIDATE]: Term 6 pre-election: Election decided. Result: candidate lost. Election summary: received 3 responses out of 3 voters: 1 yes votes; 2 no votes. yes voters: 8c1e2674152e42d58837cd7e6ce22257; no voters: 191329c76027490f84db7a96fd5372b6, 230bae04bca94f7989168f2ce71830fd
I0110 22:35:59.683701 1224 raft_consensus.cc:2646] T 492ad3c286b1460db7471b6b0d1406e0 P 8c1e2674152e42d58837cd7e6ce22257 [term 5 FOLLOWER]: Leader pre-election lost for term 6. Reason: could not achieve majority
I0110 22:35:59.759367 1224 raft_consensus.cc:479] T 492ad3c286b1460db7471b6b0d1406e0 P 8c1e2674152e42d58837cd7e6ce22257 [term 5 FOLLOWER]: Starting pre-election (no leader contacted us within the election timeout)
I0110 22:35:59.759776 1224 raft_consensus.cc:501] T 492ad3c286b1460db7471b6b0d1406e0 P 8c1e2674152e42d58837cd7e6ce22257 [term 5 FOLLOWER]: Starting pre-election with config: opid_index: -1 OBSOLETE_local: false peers { permanent_uuid: "191329c76027490f84db7a96fd5372b6" member_type: VOTER last_known_addr { host: "127.0.115.130" port: 35585 } } peers { permanent_uuid: "230bae04bca94f7989168f2ce71830fd" member_type: VOTER last_known_addr { host: "127.0.115.131" port: 34875 } } peers { permanent_uuid: "8c1e2674152e42d58837cd7e6ce22257" member_type: VOTER last_known_addr { host: "127.0.115.129" port: 41757 } }
I0110 22:35:59.761576 1224 leader_election.cc:293] T 492ad3c286b1460db7471b6b0d1406e0 P 8c1e2674152e42d58837cd7e6ce22257 [CANDIDATE]: Term 6 pre-election: Requested pre-vote from peers 191329c76027490f84db7a96fd5372b6 (127.0.115.130:35585), 230bae04bca94f7989168f2ce71830fd (127.0.115.131:34875)
I0110 22:35:59.762567 995 tablet_service.cc:1319] Received RequestConsensusVote() RPC: tablet_id: "492ad3c286b1460db7471b6b0d1406e0" candidate_uuid: "8c1e2674152e42d58837cd7e6ce22257" candidate_term: 6 candidate_status { last_received { term: 0 index: 0 } } ignore_live_leader: false dest_uuid: "191329c76027490f84db7a96fd5372b6" is_pre_election: true
I0110 22:35:59.762635 1121 tablet_service.cc:1319] Received RequestConsensusVote() RPC: tablet_id: "492ad3c286b1460db7471b6b0d1406e0" candidate_uuid: "8c1e2674152e42d58837cd7e6ce22257" candidate_term: 6 candidate_status { last_received { term: 0 index: 0 } } ignore_live_leader: false dest_uuid: "230bae04bca94f7989168f2ce71830fd" is_pre_election: true
I0110 22:35:59.763823 789 leader_election.cc:307] T 492ad3c286b1460db7471b6b0d1406e0 P 8c1e2674152e42d58837cd7e6ce22257 [CANDIDATE]: Term 6 pre-election: Election decided. Result: candidate lost. Election summary: received 3 responses out of 3 voters: 1 yes votes; 2 no votes. yes voters: 8c1e2674152e42d58837cd7e6ce22257; no voters: 191329c76027490f84db7a96fd5372b6, 230bae04bca94f7989168f2ce71830fd
I0110 22:35:59.764431 1224 raft_consensus.cc:2646] T 492ad3c286b1460db7471b6b0d1406e0 P 8c1e2674152e42d58837cd7e6ce22257 [term 5 FOLLOWER]: Leader pre-election lost for term 6. Reason: could not achieve majority
W0110 22:35:59.955562 789 leader_election.cc:339] T 492ad3c286b1460db7471b6b0d1406e0 P 8c1e2674152e42d58837cd7e6ce22257 [CANDIDATE]: Term 5 election: RPC error from VoteRequest() call to peer 191329c76027490f84db7a96fd5372b6 (127.0.115.130:35585): Timed out: RequestConsensusVote RPC to 127.0.115.130:35585 timed out after 0.698s (SENT)
W0110 22:35:59.956074 789 leader_election.cc:339] T 492ad3c286b1460db7471b6b0d1406e0 P 8c1e2674152e42d58837cd7e6ce22257 [CANDIDATE]: Term 5 election: RPC error from VoteRequest() call to peer 230bae04bca94f7989168f2ce71830fd (127.0.115.131:34875): Timed out: RequestConsensusVote RPC to 127.0.115.131:34875 timed out after 0.698s (SENT)
I0110 22:35:59.956347 789 leader_election.cc:307] T 492ad3c286b1460db7471b6b0d1406e0 P 8c1e2674152e42d58837cd7e6ce22257 [CANDIDATE]: Term 5 election: Election decided. Result: candidate lost. Election summary: received 3 responses out of 3 voters: 1 yes votes; 2 no votes. yes voters: 8c1e2674152e42d58837cd7e6ce22257; no voters: 191329c76027490f84db7a96fd5372b6, 230bae04bca94f7989168f2ce71830fd
I0110 22:35:59.957099 1224 raft_consensus.cc:2646] T 492ad3c286b1460db7471b6b0d1406e0 P 8c1e2674152e42d58837cd7e6ce22257 [term 5 FOLLOWER]: Leader election lost for term 5. Reason: could not achieve majority
W0110 22:36:00.074256 1122 consensus_meta.cc:220] T 492ad3c286b1460db7471b6b0d1406e0 P 230bae04bca94f7989168f2ce71830fd: Time spent flushing consensus metadata: real 0.816s user 0.004s sys 0.000s
W0110 22:36:00.074285 1220 consensus_meta.cc:220] T 492ad3c286b1460db7471b6b0d1406e0 P 191329c76027490f84db7a96fd5372b6: Time spent flushing consensus metadata: real 0.829s user 0.005s sys 0.000s
I0110 22:36:00.074653 1122 raft_consensus.cc:2398] T 492ad3c286b1460db7471b6b0d1406e0 P 230bae04bca94f7989168f2ce71830fd [term 5 FOLLOWER]: Leader election vote request: Granting yes vote for candidate 8c1e2674152e42d58837cd7e6ce22257 in term 5.
I0110 22:36:00.074651 1220 raft_consensus.cc:501] T 492ad3c286b1460db7471b6b0d1406e0 P 191329c76027490f84db7a96fd5372b6 [term 5 FOLLOWER]: Starting leader election with config: opid_index: -1 OBSOLETE_local: false peers { permanent_uuid: "191329c76027490f84db7a96fd5372b6" member_type: VOTER last_known_addr { host: "127.0.115.130" port: 35585 } } peers { permanent_uuid: "230bae04bca94f7989168f2ce71830fd" member_type: VOTER last_known_addr { host: "127.0.115.131" port: 34875 } } peers { permanent_uuid: "8c1e2674152e42d58837cd7e6ce22257" member_type: VOTER last_known_addr { host: "127.0.115.129" port: 41757 } }
I0110 22:36:00.075052 1226 raft_consensus.cc:479] T 492ad3c286b1460db7471b6b0d1406e0 P 230bae04bca94f7989168f2ce71830fd [term 5 FOLLOWER]: Starting pre-election (no leader contacted us within the election timeout)
W0110 22:36:00.075126 1122 rpcz_store.cc:253] Call kudu.consensus.ConsensusService.RequestConsensusVote from 127.0.115.129:47329 (request call id 16) took 817 ms (817 ms). Client timeout 698 ms (698 ms)
W0110 22:36:00.075871 1122 rpcz_store.cc:259] Trace: 0110 22:35:59.257294 (+ 0us) service_pool.cc:162] Inserting onto call queue 0110 22:35:59.257424 (+ 130us) service_pool.cc:221] Handling call 0110 22:36:00.075060 (+817636us) inbound_call.cc:162] Queueing success response Metrics: {}
I0110 22:36:00.075479 1226 raft_consensus.cc:501] T 492ad3c286b1460db7471b6b0d1406e0 P 230bae04bca94f7989168f2ce71830fd [term 5 FOLLOWER]: Starting pre-election with config: opid_index: -1 OBSOLETE_local: false peers { permanent_uuid: "191329c76027490f84db7a96fd5372b6" member_type: VOTER last_known_addr { host: "127.0.115.130" port: 35585 } } peers { permanent_uuid: "230bae04bca94f7989168f2ce71830fd" member_type: VOTER last_known_addr { host: "127.0.115.131" port: 34875 } } peers { permanent_uuid: "8c1e2674152e42d58837cd7e6ce22257" member_type: VOTER last_known_addr { host: "127.0.115.129" port: 41757 } }
I0110 22:36:00.076563 996 raft_consensus.cc:2323] T 492ad3c286b1460db7471b6b0d1406e0 P 191329c76027490f84db7a96fd5372b6 [term 5 FOLLOWER]: Leader election vote request: Denying vote to candidate 8c1e2674152e42d58837cd7e6ce22257 in current term 5: Already voted for candidate 191329c76027490f84db7a96fd5372b6 in this term.
I0110 22:36:00.076529 1220 leader_election.cc:293] T 492ad3c286b1460db7471b6b0d1406e0 P 191329c76027490f84db7a96fd5372b6 [CANDIDATE]: Term 5 election: Requested vote from peers 230bae04bca94f7989168f2ce71830fd (127.0.115.131:34875), 8c1e2674152e42d58837cd7e6ce22257 (127.0.115.129:41757)
W0110 22:36:00.077185 996 rpcz_store.cc:253] Call kudu.consensus.ConsensusService.RequestConsensusVote from 127.0.115.129:57865 (request call id 16) took 818 ms (818 ms). Client timeout 698 ms (698 ms)
I0110 22:36:00.077421 1226 leader_election.cc:293] T 492ad3c286b1460db7471b6b0d1406e0 P 230bae04bca94f7989168f2ce71830fd [CANDIDATE]: Term 6 pre-election: Requested pre-vote from peers 191329c76027490f84db7a96fd5372b6 (127.0.115.130:35585), 8c1e2674152e42d58837cd7e6ce22257 (127.0.115.129:41757)
W0110 22:36:00.078064 996 rpcz_store.cc:259] Trace: 0110 22:35:59.259182 (+ 0us) service_pool.cc:162] Inserting onto call queue 0110 22:35:59.259298 (+ 116us) service_pool.cc:221] Handling call 0110 22:36:00.076999 (+817701us) spinlock_profiling.cc:244] Waited 816 ms on lock 0x7b50000812ac. stack: 00007f6ff5f14bb3 00007f6ff5f14ab0 00007f6ff57bc584 00007f6ffea85694 00007f6ffea85629 00007f6ffd3ad231 00007f6ffd41ee15 00007f6ffeaffb92 00007f6ff8722e34 00007f6ff8722d8d 00007f6ff8722cac 00007f6ff8722c1c 00007f6ff8721c72 00007f6ff7d1876c 00007f6ff7d17c46 00007f6ff7d176db 0110 22:36:00.077129 (+ 130us) inbound_call.cc:162] Queueing success response Metrics: {"spinlock_wait_cycles":1877752192}
I0110 22:36:00.078938 1122 tablet_service.cc:1319] Received RequestConsensusVote() RPC: tablet_id: "492ad3c286b1460db7471b6b0d1406e0" candidate_uuid: "191329c76027490f84db7a96fd5372b6" candidate_term: 5 candidate_status { last_received { term: 0 index: 0 } } ignore_live_leader: false dest_uuid: "230bae04bca94f7989168f2ce71830fd"
I0110 22:36:00.079095 867 tablet_service.cc:1319] Received RequestConsensusVote() RPC: tablet_id: "492ad3c286b1460db7471b6b0d1406e0" candidate_uuid: "230bae04bca94f7989168f2ce71830fd" candidate_term: 6 candidate_status { last_received { term: 0 index: 0 } } ignore_live_leader: false dest_uuid: "8c1e2674152e42d58837cd7e6ce22257" is_pre_election: true
I0110 22:36:00.079810 1122 raft_consensus.cc:2323] T 492ad3c286b1460db7471b6b0d1406e0 P 230bae04bca94f7989168f2ce71830fd [term 5 FOLLOWER]: Leader election vote request: Denying vote to candidate 191329c76027490f84db7a96fd5372b6 in current term 5: Already voted for candidate 8c1e2674152e42d58837cd7e6ce22257 in this term.
I0110 22:36:00.079784 867 raft_consensus.cc:2398] T 492ad3c286b1460db7471b6b0d1406e0 P 8c1e2674152e42d58837cd7e6ce22257 [term 5 FOLLOWER]: Leader pre-election vote request: Granting yes vote for candidate 230bae04bca94f7989168f2ce71830fd in term 5.
I0110 22:36:00.078464 1228 raft_consensus.cc:479] T 492ad3c286b1460db7471b6b0d1406e0 P 191329c76027490f84db7a96fd5372b6 [term 5 FOLLOWER]: Starting pre-election (no leader contacted us within the election timeout)
I0110 22:36:00.080945 869 tablet_service.cc:1319] Received RequestConsensusVote() RPC: tablet_id: "492ad3c286b1460db7471b6b0d1406e0" candidate_uuid: "191329c76027490f84db7a96fd5372b6" candidate_term: 5 candidate_status { last_received { term: 0 index: 0 } } ignore_live_leader: false dest_uuid: "8c1e2674152e42d58837cd7e6ce22257"
I0110 22:36:00.081094 996 tablet_service.cc:1319] Received RequestConsensusVote() RPC: tablet_id: "492ad3c286b1460db7471b6b0d1406e0" candidate_uuid: "230bae04bca94f7989168f2ce71830fd" candidate_term: 6 candidate_status { last_received { term: 0 index: 0 } } ignore_live_leader: false dest_uuid: "191329c76027490f84db7a96fd5372b6" is_pre_election: true
I0110 22:36:00.081636 869 raft_consensus.cc:2323] T 492ad3c286b1460db7471b6b0d1406e0 P 8c1e2674152e42d58837cd7e6ce22257 [term 5 FOLLOWER]: Leader election vote request: Denying vote to candidate 191329c76027490f84db7a96fd5372b6 in current term 5: Already voted for candidate 8c1e2674152e42d58837cd7e6ce22257 in this term.
I0110 22:36:00.080610 1228 raft_consensus.cc:501] T 492ad3c286b1460db7471b6b0d1406e0 P 191329c76027490f84db7a96fd5372b6 [term 5 FOLLOWER]: Starting pre-election with config: opid_index: -1 OBSOLETE_local: false peers { permanent_uuid: "191329c76027490f84db7a96fd5372b6" member_type: VOTER last_known_addr { host: "127.0.115.130" port: 35585 } } peers { permanent_uuid: "230bae04bca94f7989168f2ce71830fd" member_type: VOTER last_known_addr { host: "127.0.115.131" port: 34875 } } peers { permanent_uuid: "8c1e2674152e42d58837cd7e6ce22257" member_type: VOTER last_known_addr { host: "127.0.115.129" port: 41757 } }
I0110 22:36:00.082404 1053 leader_election.cc:307] T 492ad3c286b1460db7471b6b0d1406e0 P 230bae04bca94f7989168f2ce71830fd [CANDIDATE]: Term 6 pre-election: Election decided. Result: candidate won. Election summary: received 2 responses out of 3 voters: 2 yes votes; 0 no votes. yes voters: 230bae04bca94f7989168f2ce71830fd, 8c1e2674152e42d58837cd7e6ce22257; no voters:
I0110 22:36:00.082672 926 leader_election.cc:307] T 492ad3c286b1460db7471b6b0d1406e0 P 191329c76027490f84db7a96fd5372b6 [CANDIDATE]: Term 5 election: Election decided. Result: candidate lost. Election summary: received 3 responses out of 3 voters: 1 yes votes; 2 no votes. yes voters: 191329c76027490f84db7a96fd5372b6; no voters: 230bae04bca94f7989168f2ce71830fd, 8c1e2674152e42d58837cd7e6ce22257
I0110 22:36:00.083256 1226 raft_consensus.cc:2698] T 492ad3c286b1460db7471b6b0d1406e0 P 230bae04bca94f7989168f2ce71830fd [term 5 FOLLOWER]: Leader pre-election won for term 6
I0110 22:36:00.083235 996 raft_consensus.cc:2398] T 492ad3c286b1460db7471b6b0d1406e0 P 191329c76027490f84db7a96fd5372b6 [term 5 FOLLOWER]: Leader pre-election vote request: Granting yes vote for candidate 230bae04bca94f7989168f2ce71830fd in term 5.
I0110 22:36:00.083525 1226 raft_consensus.cc:479] T 492ad3c286b1460db7471b6b0d1406e0 P 230bae04bca94f7989168f2ce71830fd [term 5 FOLLOWER]: Starting leader election (no leader contacted us within the election timeout)
I0110 22:36:00.083735 1220 raft_consensus.cc:2646] T 492ad3c286b1460db7471b6b0d1406e0 P 191329c76027490f84db7a96fd5372b6 [term 5 FOLLOWER]: Leader election lost for term 5. Reason: could not achieve majority
I0110 22:36:00.083796 1226 raft_consensus.cc:2951] T 492ad3c286b1460db7471b6b0d1406e0 P 230bae04bca94f7989168f2ce71830fd [term 5 FOLLOWER]: Advancing to term 6
I0110 22:36:00.084499 1228 leader_election.cc:293] T 492ad3c286b1460db7471b6b0d1406e0 P 191329c76027490f84db7a96fd5372b6 [CANDIDATE]: Term 6 pre-election: Requested pre-vote from peers 230bae04bca94f7989168f2ce71830fd (127.0.115.131:34875), 8c1e2674152e42d58837cd7e6ce22257 (127.0.115.129:41757)
I0110 22:36:00.085678 869 tablet_service.cc:1319] Received RequestConsensusVote() RPC: tablet_id: "492ad3c286b1460db7471b6b0d1406e0" candidate_uuid: "191329c76027490f84db7a96fd5372b6" candidate_term: 6 candidate_status { last_received { term: 0 index: 0 } } ignore_live_leader: false dest_uuid: "8c1e2674152e42d58837cd7e6ce22257" is_pre_election: true
I0110 22:36:00.086279 869 raft_consensus.cc:2398] T 492ad3c286b1460db7471b6b0d1406e0 P 8c1e2674152e42d58837cd7e6ce22257 [term 5 FOLLOWER]: Leader pre-election vote request: Granting yes vote for candidate 191329c76027490f84db7a96fd5372b6 in term 5.
