I0110 22:36:20.969607 1315 raft_consensus.cc:501] T 492ad3c286b1460db7471b6b0d1406e0 P 230bae04bca94f7989168f2ce71830fd [term 20 FOLLOWER]: Starting pre-election with config: opid_index: -1 OBSOLETE_local: false peers { permanent_uuid: "191329c76027490f84db7a96fd5372b6" member_type: VOTER last_known_addr { host: "127.0.115.130" port: 35585 } } peers { permanent_uuid: "230bae04bca94f7989168f2ce71830fd" member_type: VOTER last_known_addr { host: "127.0.115.131" port: 34875 } } peers { permanent_uuid: "8c1e2674152e42d58837cd7e6ce22257" member_type: VOTER last_known_addr { host: "127.0.115.129" port: 41757 } }
I0110 22:36:20.971123 1315 leader_election.cc:293] T 492ad3c286b1460db7471b6b0d1406e0 P 230bae04bca94f7989168f2ce71830fd [CANDIDATE]: Term 21 pre-election: Requested pre-vote from peers 191329c76027490f84db7a96fd5372b6 (127.0.115.130:35585), 8c1e2674152e42d58837cd7e6ce22257 (127.0.115.129:41757)
I0110 22:36:20.971813 995 tablet_service.cc:1319] Received RequestConsensusVote() RPC: tablet_id: "492ad3c286b1460db7471b6b0d1406e0" candidate_uuid: "230bae04bca94f7989168f2ce71830fd" candidate_term: 21 candidate_status { last_received { term: 0 index: 0 } } ignore_live_leader: false dest_uuid: "191329c76027490f84db7a96fd5372b6" is_pre_election: true
I0110 22:36:20.972064 869 tablet_service.cc:1319] Received RequestConsensusVote() RPC: tablet_id: "492ad3c286b1460db7471b6b0d1406e0" candidate_uuid: "230bae04bca94f7989168f2ce71830fd" candidate_term: 21 candidate_status { last_received { term: 0 index: 0 } } ignore_live_leader: false dest_uuid: "8c1e2674152e42d58837cd7e6ce22257" is_pre_election: true
W0110 22:36:21.185431 1307 consensus_meta.cc:220] T 492ad3c286b1460db7471b6b0d1406e0 P 191329c76027490f84db7a96fd5372b6: Time spent flushing consensus metadata: real 1.082s user 0.003s sys 0.003s
I0110 22:36:21.185750 1307 raft_consensus.cc:501] T 492ad3c286b1460db7471b6b0d1406e0 P 191329c76027490f84db7a96fd5372b6 [term 21 FOLLOWER]: Starting leader election with config: opid_index: -1 OBSOLETE_local: false peers { permanent_uuid: "191329c76027490f84db7a96fd5372b6" member_type: VOTER last_known_addr { host: "127.0.115.130" port: 35585 } } peers { permanent_uuid: "230bae04bca94f7989168f2ce71830fd" member_type: VOTER last_known_addr { host: "127.0.115.131" port: 34875 } } peers { permanent_uuid: "8c1e2674152e42d58837cd7e6ce22257" member_type: VOTER last_known_addr { host: "127.0.115.129" port: 41757 } }
W0110 22:36:21.186080 1305 consensus_meta.cc:220] T 492ad3c286b1460db7471b6b0d1406e0 P 8c1e2674152e42d58837cd7e6ce22257: Time spent flushing consensus metadata: real 1.064s user 0.000s sys 0.004s
I0110 22:36:21.186740 996 raft_consensus.cc:2323] T 492ad3c286b1460db7471b6b0d1406e0 P 191329c76027490f84db7a96fd5372b6 [term 21 FOLLOWER]: Leader pre-election vote request: Denying vote to candidate 8c1e2674152e42d58837cd7e6ce22257 in current term 21: Already voted for candidate 191329c76027490f84db7a96fd5372b6 in this term.
I0110 22:36:21.186352 1305 raft_consensus.cc:501] T 492ad3c286b1460db7471b6b0d1406e0 P 8c1e2674152e42d58837cd7e6ce22257 [term 21 FOLLOWER]: Starting leader election with config: opid_index: -1 OBSOLETE_local: false peers { permanent_uuid: "191329c76027490f84db7a96fd5372b6" member_type: VOTER last_known_addr { host: "127.0.115.130" port: 35585 } } peers { permanent_uuid: "230bae04bca94f7989168f2ce71830fd" member_type: VOTER last_known_addr { host: "127.0.115.131" port: 34875 } } peers { permanent_uuid: "8c1e2674152e42d58837cd7e6ce22257" member_type: VOTER last_known_addr { host: "127.0.115.129" port: 41757 } }
I0110 22:36:21.187465 1307 leader_election.cc:293] T 492ad3c286b1460db7471b6b0d1406e0 P 191329c76027490f84db7a96fd5372b6 [CANDIDATE]: Term 21 election: Requested vote from peers 230bae04bca94f7989168f2ce71830fd (127.0.115.131:34875), 8c1e2674152e42d58837cd7e6ce22257 (127.0.115.129:41757)
W0110 22:36:21.187325 996 rpcz_store.cc:253] Call kudu.consensus.ConsensusService.RequestConsensusVote from 127.0.115.129:57865 (request call id 46) took 1068 ms (1.07 s). Client timeout 655 ms (655 ms)
I0110 22:36:21.188987 1305 leader_election.cc:293] T 492ad3c286b1460db7471b6b0d1406e0 P 8c1e2674152e42d58837cd7e6ce22257 [CANDIDATE]: Term 21 election: Requested vote from peers 191329c76027490f84db7a96fd5372b6 (127.0.115.130:35585), 230bae04bca94f7989168f2ce71830fd (127.0.115.131:34875)
W0110 22:36:21.189393 996 rpcz_store.cc:259] Trace: 0110 22:36:20.119137 (+ 0us) service_pool.cc:162] Inserting onto call queue 0110 22:36:20.120043 (+ 906us) service_pool.cc:221] Handling call 0110 22:36:21.187148 (+1067105us) spinlock_profiling.cc:244] Waited 1.07 s on lock 0x7b50000812ac. stack: 00007f6ff5f14bb3 00007f6ff5f14ab0 00007f6ff57bc584 00007f6ffea85694 00007f6ffea85629 00007f6ffd3ad231 00007f6ffd41ee15 00007f6ffeaffb92 00007f6ff8722e34 00007f6ff8722d8d 00007f6ff8722cac 00007f6ff8722c1c 00007f6ff8721c72 00007f6ff7d1876c 00007f6ff7d17c46 00007f6ff7d176db 0110 22:36:21.187270 (+ 122us) inbound_call.cc:162] Queueing success response Metrics: {"spinlock_wait_cycles":2451562752}
I0110 22:36:21.189412 1314 raft_consensus.cc:479] T 492ad3c286b1460db7471b6b0d1406e0 P 8c1e2674152e42d58837cd7e6ce22257 [term 21 FOLLOWER]: Starting pre-election (no leader contacted us within the election timeout)
I0110 22:36:21.190068 1316 raft_consensus.cc:479] T 492ad3c286b1460db7471b6b0d1406e0 P 191329c76027490f84db7a96fd5372b6 [term 21 FOLLOWER]: Starting pre-election (no leader contacted us within the election timeout)
I0110 22:36:21.189759 1314 raft_consensus.cc:501] T 492ad3c286b1460db7471b6b0d1406e0 P 8c1e2674152e42d58837cd7e6ce22257 [term 21 FOLLOWER]: Starting pre-election with config: opid_index: -1 OBSOLETE_local: false peers { permanent_uuid: "191329c76027490f84db7a96fd5372b6" member_type: VOTER last_known_addr { host: "127.0.115.130" port: 35585 } } peers { permanent_uuid: "230bae04bca94f7989168f2ce71830fd" member_type: VOTER last_known_addr { host: "127.0.115.131" port: 34875 } } peers { permanent_uuid: "8c1e2674152e42d58837cd7e6ce22257" member_type: VOTER last_known_addr { host: "127.0.115.129" port: 41757 } }
I0110 22:36:21.190471 1316 raft_consensus.cc:501] T 492ad3c286b1460db7471b6b0d1406e0 P 191329c76027490f84db7a96fd5372b6 [term 21 FOLLOWER]: Starting pre-election with config: opid_index: -1 OBSOLETE_local: false peers { permanent_uuid: "191329c76027490f84db7a96fd5372b6" member_type: VOTER last_known_addr { host: "127.0.115.130" port: 35585 } } peers { permanent_uuid: "230bae04bca94f7989168f2ce71830fd" member_type: VOTER last_known_addr { host: "127.0.115.131" port: 34875 } } peers { permanent_uuid: "8c1e2674152e42d58837cd7e6ce22257" member_type: VOTER last_known_addr { host: "127.0.115.129" port: 41757 } }
I0110 22:36:21.190716 868 tablet_service.cc:1319] Received RequestConsensusVote() RPC: tablet_id: "492ad3c286b1460db7471b6b0d1406e0" candidate_uuid: "191329c76027490f84db7a96fd5372b6" candidate_term: 21 candidate_status { last_received { term: 0 index: 0 } } ignore_live_leader: false dest_uuid: "8c1e2674152e42d58837cd7e6ce22257"
I0110 22:36:21.190943 1120 tablet_service.cc:1319] Received RequestConsensusVote() RPC: tablet_id: "492ad3c286b1460db7471b6b0d1406e0" candidate_uuid: "191329c76027490f84db7a96fd5372b6" candidate_term: 21 candidate_status { last_received { term: 0 index: 0 } } ignore_live_leader: false dest_uuid: "230bae04bca94f7989168f2ce71830fd"
I0110 22:36:21.191447 1120 raft_consensus.cc:2951] T 492ad3c286b1460db7471b6b0d1406e0 P 230bae04bca94f7989168f2ce71830fd [term 20 FOLLOWER]: Advancing to term 21
I0110 22:36:21.192382 869 raft_consensus.cc:2323] T 492ad3c286b1460db7471b6b0d1406e0 P 8c1e2674152e42d58837cd7e6ce22257 [term 21 FOLLOWER]: Leader pre-election vote request: Denying vote to candidate 230bae04bca94f7989168f2ce71830fd in current term 21: Already voted for candidate 8c1e2674152e42d58837cd7e6ce22257 in this term.
I0110 22:36:21.192771 1316 leader_election.cc:293] T 492ad3c286b1460db7471b6b0d1406e0 P 191329c76027490f84db7a96fd5372b6 [CANDIDATE]: Term 22 pre-election: Requested pre-vote from peers 230bae04bca94f7989168f2ce71830fd (127.0.115.131:34875), 8c1e2674152e42d58837cd7e6ce22257 (127.0.115.129:41757)
I0110 22:36:21.191648 1314 leader_election.cc:293] T 492ad3c286b1460db7471b6b0d1406e0 P 8c1e2674152e42d58837cd7e6ce22257 [CANDIDATE]: Term 22 pre-election: Requested pre-vote from peers 191329c76027490f84db7a96fd5372b6 (127.0.115.130:35585), 230bae04bca94f7989168f2ce71830fd (127.0.115.131:34875)
I0110 22:36:21.193724 1121 tablet_service.cc:1319] Received RequestConsensusVote() RPC: tablet_id: "492ad3c286b1460db7471b6b0d1406e0" candidate_uuid: "191329c76027490f84db7a96fd5372b6" candidate_term: 22 candidate_status { last_received { term: 0 index: 0 } } ignore_live_leader: false dest_uuid: "230bae04bca94f7989168f2ce71830fd" is_pre_election: true
I0110 22:36:21.194943 1053 leader_election.cc:307] T 492ad3c286b1460db7471b6b0d1406e0 P 230bae04bca94f7989168f2ce71830fd [CANDIDATE]: Term 21 pre-election: Election decided. Result: candidate lost. Election summary: received 3 responses out of 3 voters: 1 yes votes; 2 no votes. yes voters: 230bae04bca94f7989168f2ce71830fd; no voters: 191329c76027490f84db7a96fd5372b6, 8c1e2674152e42d58837cd7e6ce22257
I0110 22:36:21.197973 1121 tablet_service.cc:1319] Received RequestConsensusVote() RPC: tablet_id: "492ad3c286b1460db7471b6b0d1406e0" candidate_uuid: "8c1e2674152e42d58837cd7e6ce22257" candidate_term: 21 candidate_status { last_received { term: 0 index: 0 } } ignore_live_leader: false dest_uuid: "230bae04bca94f7989168f2ce71830fd"
I0110 22:36:21.197973 1122 tablet_service.cc:1319] Received RequestConsensusVote() RPC: tablet_id: "492ad3c286b1460db7471b6b0d1406e0" candidate_uuid: "8c1e2674152e42d58837cd7e6ce22257" candidate_term: 22 candidate_status { last_received { term: 0 index: 0 } } ignore_live_leader: false dest_uuid: "230bae04bca94f7989168f2ce71830fd" is_pre_election: true
I0110 22:36:21.198561 869 tablet_service.cc:1319] Received RequestConsensusVote() RPC: tablet_id: "492ad3c286b1460db7471b6b0d1406e0" candidate_uuid: "191329c76027490f84db7a96fd5372b6" candidate_term: 22 candidate_status { last_received { term: 0 index: 0 } } ignore_live_leader: false dest_uuid: "8c1e2674152e42d58837cd7e6ce22257" is_pre_election: true
I0110 22:36:21.199100 869 raft_consensus.cc:2398] T 492ad3c286b1460db7471b6b0d1406e0 P 8c1e2674152e42d58837cd7e6ce22257 [term 21 FOLLOWER]: Leader pre-election vote request: Granting yes vote for candidate 191329c76027490f84db7a96fd5372b6 in term 21.
I0110 22:36:21.199535 995 tablet_service.cc:1319] Received RequestConsensusVote() RPC: tablet_id: "492ad3c286b1460db7471b6b0d1406e0" candidate_uuid: "8c1e2674152e42d58837cd7e6ce22257" candidate_term: 22 candidate_status { last_received { term: 0 index: 0 } } ignore_live_leader: false dest_uuid: "191329c76027490f84db7a96fd5372b6" is_pre_election: true
I0110 22:36:21.200084 995 raft_consensus.cc:2398] T 492ad3c286b1460db7471b6b0d1406e0 P 191329c76027490f84db7a96fd5372b6 [term 21 FOLLOWER]: Leader pre-election vote request: Granting yes vote for candidate 8c1e2674152e42d58837cd7e6ce22257 in term 21.
I0110 22:36:21.200028 926 leader_election.cc:307] T 492ad3c286b1460db7471b6b0d1406e0 P 191329c76027490f84db7a96fd5372b6 [CANDIDATE]: Term 22 pre-election: Election decided. Result: candidate won. Election summary: received 3 responses out of 3 voters: 2 yes votes; 1 no votes. yes voters: 191329c76027490f84db7a96fd5372b6, 8c1e2674152e42d58837cd7e6ce22257; no voters: 230bae04bca94f7989168f2ce71830fd
I0110 22:36:21.200403 996 tablet_service.cc:1319] Received RequestConsensusVote() RPC: tablet_id: "492ad3c286b1460db7471b6b0d1406e0" candidate_uuid: "8c1e2674152e42d58837cd7e6ce22257" candidate_term: 21 candidate_status { last_received { term: 0 index: 0 } } ignore_live_leader: false dest_uuid: "191329c76027490f84db7a96fd5372b6"
I0110 22:36:21.200999 996 raft_consensus.cc:2323] T 492ad3c286b1460db7471b6b0d1406e0 P 191329c76027490f84db7a96fd5372b6 [term 21 FOLLOWER]: Leader election vote request: Denying vote to candidate 8c1e2674152e42d58837cd7e6ce22257 in current term 21: Already voted for candidate 191329c76027490f84db7a96fd5372b6 in this term.
I0110 22:36:21.200999 789 leader_election.cc:307] T 492ad3c286b1460db7471b6b0d1406e0 P 8c1e2674152e42d58837cd7e6ce22257 [CANDIDATE]: Term 22 pre-election: Election decided. Result: candidate won. Election summary: received 3 responses out of 3 voters: 2 yes votes; 1 no votes. yes voters: 191329c76027490f84db7a96fd5372b6, 8c1e2674152e42d58837cd7e6ce22257; no voters: 230bae04bca94f7989168f2ce71830fd
I0110 22:36:21.201596 1316 raft_consensus.cc:2698] T 492ad3c286b1460db7471b6b0d1406e0 P 191329c76027490f84db7a96fd5372b6 [term 21 FOLLOWER]: Leader pre-election won for term 22
I0110 22:36:21.201860 1316 raft_consensus.cc:479] T 492ad3c286b1460db7471b6b0d1406e0 P 191329c76027490f84db7a96fd5372b6 [term 21 FOLLOWER]: Starting leader election (no leader contacted us within the election timeout)
I0110 22:36:21.202157 1316 raft_consensus.cc:2951] T 492ad3c286b1460db7471b6b0d1406e0 P 191329c76027490f84db7a96fd5372b6 [term 21 FOLLOWER]: Advancing to term 22
I0110 22:36:21.202162 789 leader_election.cc:307] T 492ad3c286b1460db7471b6b0d1406e0 P 8c1e2674152e42d58837cd7e6ce22257 [CANDIDATE]: Term 21 election: Election decided. Result: candidate lost. Election summary: received 3 responses out of 3 voters: 1 yes votes; 2 no votes. yes voters: 8c1e2674152e42d58837cd7e6ce22257; no voters: 191329c76027490f84db7a96fd5372b6, 230bae04bca94f7989168f2ce71830fd
I0110 22:36:21.202519 1314 raft_consensus.cc:2698] T 492ad3c286b1460db7471b6b0d1406e0 P 8c1e2674152e42d58837cd7e6ce22257 [term 21 FOLLOWER]: Leader pre-election won for term 22
I0110 22:36:21.202761 1314 raft_consensus.cc:479] T 492ad3c286b1460db7471b6b0d1406e0 P 8c1e2674152e42d58837cd7e6ce22257 [term 21 FOLLOWER]: Starting leader election (no leader contacted us within the election timeout)
I0110 22:36:21.202987 1314 raft_consensus.cc:2951] T 492ad3c286b1460db7471b6b0d1406e0 P 8c1e2674152e42d58837cd7e6ce22257 [term 21 FOLLOWER]: Advancing to term 22
F0110 22:36:21.718308 462 test_workload.cc:314] Timed out: Timed out waiting for Table Creation *** Check failure stack trace: *** *** Aborted at 1578695781 (unix time) try "date -d @1578695781" if you are using GNU date *** PC: @ 0x7f9bc60c9c37 gsignal *** SIGABRT (@0x3e8000001ce) received by PID 462 (TID 0x7f9bd8bec400) from PID 462; stack trace: *** @ 0x4420bd __tsan::CallUserSignalHandler() at /home/jenkins-slave/workspace/kudu-master/0/thirdparty/src/llvm-9.0.0.src/projects/compiler-rt/lib/tsan/rtl/tsan_interceptors.cc:1916 @ 0x4431aa rtl_sigaction() at /home/jenkins-slave/workspace/kudu-master/0/thirdparty/src/llvm-9.0.0.src/projects/compiler-rt/lib/tsan/rtl/tsan_interceptors.cc:2006 @ 0x7f9bccbea330 (unknown) at ??:0 @ 0x7f9bc60c9c37 gsignal at ??:0 @ 0x7f9bc60cd028 abort at ??:0 @ 0x4459a1 abort at /home/jenkins-slave/workspace/kudu-master/0/thirdparty/src/llvm-9.0.0.src/projects/compiler-rt/lib/tsan/rtl/tsan_interceptors.cc:1777 @ 0x7f9bc9d30902 google::logging_fail() at ??:0 @ 0x7f9bc9d2f774 google::LogMessage::SendToLog() at ??:0 @ 0x7f9bc9d30212 google::LogMessage::Flush() at ??:0 @ 0x7f9bc9d3497b google::LogMessageFatal::~LogMessageFatal() at ??:0 @ 0x7f9bd879f801 kudu::TestWorkload::Setup() at ??:0 @ 0x4eed17 kudu::ClientFailoverTServerTimeoutITest_FailoverOnLeaderTimeout_Test::TestBody() at /home/jenkins-slave/workspace/kudu-master/0/src/kudu/integration-tests/client_failover-itest.cc:? @ 0x7f9bcade4fa0 testing::internal::HandleExceptionsInMethodIfSupported<>() at ??:0 @ 0x7f9bcadc3f39 testing::Test::Run() at ??:0 @ 0x7f9bcadc51dd testing::TestInfo::Run() at ??:0 @ 0x7f9bcadc5ef7 testing::TestCase::Run() at ??:0 @ 0x7f9bcadd23a7 testing::internal::UnitTestImpl::RunAllTests() at ??:0 @ 0x7f9bcade5e50 testing::internal::HandleExceptionsInMethodIfSupported<>() at ??:0 @ 0x7f9bcadd1c62 testing::UnitTest::Run() at ??:0 @ 0x7f9bd805c79c RUN_ALL_TESTS() at ??:0 @ 0x7f9bd805b617 main at ??:0 @ 0x7f9bc60b4f45 __libc_start_main at ??:0 @ 0x43a8ad (unknown) at ??:?