I1121 10:21:18.426467 7519 tablet_service.cc:1296] Received RequestConsensusVote() RPC: tablet_id: "605a58ce874c4170b0d24d922f017068" candidate_uuid: "81d8bacc3ca64d628a255ad416a77c3d" candidate_term: 1 candidate_status { last_received { term: 0 index: 0 } } ignore_live_leader: false dest_uuid: "41118f5c2e8f48179ffbebbfb6da2edf" is_pre_election: true
I1121 10:21:18.426517 7519 raft_consensus.cc:2359] T 605a58ce874c4170b0d24d922f017068 P 41118f5c2e8f48179ffbebbfb6da2edf [term 0 FOLLOWER]: Leader pre-election vote request: Granting yes vote for candidate 81d8bacc3ca64d628a255ad416a77c3d in term 0.
I1121 10:21:18.426873 8023 tablet_service.cc:1296] Received RequestConsensusVote() RPC: tablet_id: "605a58ce874c4170b0d24d922f017068" candidate_uuid: "81d8bacc3ca64d628a255ad416a77c3d" candidate_term: 1 candidate_status { last_received { term: 0 index: 0 } } ignore_live_leader: false dest_uuid: "c9e9c35ff1cb4b68ba7cf5c037a98347" is_pre_election: true
I1121 10:21:18.426913 8023 raft_consensus.cc:2359] T 605a58ce874c4170b0d24d922f017068 P c9e9c35ff1cb4b68ba7cf5c037a98347 [term 0 FOLLOWER]: Leader pre-election vote request: Granting yes vote for candidate 81d8bacc3ca64d628a255ad416a77c3d in term 0.
I1121 10:21:18.427069 7831 leader_election.cc:310] T 605a58ce874c4170b0d24d922f017068 P 81d8bacc3ca64d628a255ad416a77c3d [CANDIDATE]: Term 1 pre-election: Election decided. Result: candidate won. Election summary: received 3 responses out of 5 voters: 3 yes votes; 0 no votes. yes voters: 41118f5c2e8f48179ffbebbfb6da2edf, 81d8bacc3ca64d628a255ad416a77c3d, c9e9c35ff1cb4b68ba7cf5c037a98347; no voters:
I1121 10:21:18.427171 8266 raft_consensus.cc:2653] T 605a58ce874c4170b0d24d922f017068 P 81d8bacc3ca64d628a255ad416a77c3d [term 0 FOLLOWER]: Leader pre-election won for term 1
I1121 10:21:18.427202 8266 raft_consensus.cc:469] T 605a58ce874c4170b0d24d922f017068 P 81d8bacc3ca64d628a255ad416a77c3d [term 0 FOLLOWER]: Starting leader election (no leader contacted us within the election timeout)
I1121 10:21:18.427211 8266 raft_consensus.cc:2905] T 605a58ce874c4170b0d24d922f017068 P 81d8bacc3ca64d628a255ad416a77c3d [term 0 FOLLOWER]: Advancing to term 1
I1121 10:21:18.427624 7775 tablet_service.cc:1296] Received RequestConsensusVote() RPC: tablet_id: "605a58ce874c4170b0d24d922f017068" candidate_uuid: "81d8bacc3ca64d628a255ad416a77c3d" candidate_term: 1 candidate_status { last_received { term: 0 index: 0 } } ignore_live_leader: false dest_uuid: "1b3038ad6c564f438aa18383cddc769a" is_pre_election: true
I1121 10:21:18.427667 7775 raft_consensus.cc:2359] T 605a58ce874c4170b0d24d922f017068 P 1b3038ad6c564f438aa18383cddc769a [term 0 FOLLOWER]: Leader pre-election vote request: Granting yes vote for candidate 81d8bacc3ca64d628a255ad416a77c3d in term 0.
I1121 10:21:18.427726 7390 tablet_service.cc:1296] Received RequestConsensusVote() RPC: tablet_id: "605a58ce874c4170b0d24d922f017068" candidate_uuid: "81d8bacc3ca64d628a255ad416a77c3d" candidate_term: 1 candidate_status { last_received { term: 0 index: 0 } } ignore_live_leader: false dest_uuid: "63b9dc8cf49b47ebb644515af2f427e7" is_pre_election: true
I1121 10:21:18.427767 7390 raft_consensus.cc:2359] T 605a58ce874c4170b0d24d922f017068 P 63b9dc8cf49b47ebb644515af2f427e7 [term 0 FOLLOWER]: Leader pre-election vote request: Granting yes vote for candidate 81d8bacc3ca64d628a255ad416a77c3d in term 0.
I1121 10:21:18.428099 8266 raft_consensus.cc:491] T 605a58ce874c4170b0d24d922f017068 P 81d8bacc3ca64d628a255ad416a77c3d [term 1 FOLLOWER]: Starting leader election with config: opid_index: -1 OBSOLETE_local: false peers { permanent_uuid: "63b9dc8cf49b47ebb644515af2f427e7" member_type: VOTER last_known_addr { host: "127.5.70.1" port: 36995 } } peers { permanent_uuid: "1b3038ad6c564f438aa18383cddc769a" member_type: VOTER last_known_addr { host: "127.5.70.4" port: 32993 } } peers { permanent_uuid: "c9e9c35ff1cb4b68ba7cf5c037a98347" member_type: VOTER last_known_addr { host: "127.5.70.6" port: 32833 } } peers { permanent_uuid: "81d8bacc3ca64d628a255ad416a77c3d" member_type: VOTER last_known_addr { host: "127.5.70.5" port: 36445 } } peers { permanent_uuid: "41118f5c2e8f48179ffbebbfb6da2edf" member_type: VOTER last_known_addr { host: "127.5.70.2" port: 39291 } }
I1121 10:21:18.428189 8266 leader_election.cc:296] T 605a58ce874c4170b0d24d922f017068 P 81d8bacc3ca64d628a255ad416a77c3d [CANDIDATE]: Term 1 election: Requested vote from peers 63b9dc8cf49b47ebb644515af2f427e7 (127.5.70.1:36995), 1b3038ad6c564f438aa18383cddc769a (127.5.70.4:32993), c9e9c35ff1cb4b68ba7cf5c037a98347 (127.5.70.6:32833), 41118f5c2e8f48179ffbebbfb6da2edf (127.5.70.2:39291)
I1121 10:21:18.428344 7390 tablet_service.cc:1296] Received RequestConsensusVote() RPC: tablet_id: "605a58ce874c4170b0d24d922f017068" candidate_uuid: "81d8bacc3ca64d628a255ad416a77c3d" candidate_term: 1 candidate_status { last_received { term: 0 index: 0 } } ignore_live_leader: false dest_uuid: "63b9dc8cf49b47ebb644515af2f427e7"
I1121 10:21:18.428359 8023 tablet_service.cc:1296] Received RequestConsensusVote() RPC: tablet_id: "605a58ce874c4170b0d24d922f017068" candidate_uuid: "81d8bacc3ca64d628a255ad416a77c3d" candidate_term: 1 candidate_status { last_received { term: 0 index: 0 } } ignore_live_leader: false dest_uuid: "c9e9c35ff1cb4b68ba7cf5c037a98347"
I1121 10:21:18.428369 7390 raft_consensus.cc:2905] T 605a58ce874c4170b0d24d922f017068 P 63b9dc8cf49b47ebb644515af2f427e7 [term 0 FOLLOWER]: Advancing to term 1
I1121 10:21:18.428377 8023 raft_consensus.cc:2905] T 605a58ce874c4170b0d24d922f017068 P c9e9c35ff1cb4b68ba7cf5c037a98347 [term 0 FOLLOWER]: Advancing to term 1
I1121 10:21:18.428405 7519 tablet_service.cc:1296] Received RequestConsensusVote() RPC: tablet_id: "605a58ce874c4170b0d24d922f017068" candidate_uuid: "81d8bacc3ca64d628a255ad416a77c3d" candidate_term: 1 candidate_status { last_received { term: 0 index: 0 } } ignore_live_leader: false dest_uuid: "41118f5c2e8f48179ffbebbfb6da2edf"
I1121 10:21:18.428427 7519 raft_consensus.cc:2905] T 605a58ce874c4170b0d24d922f017068 P 41118f5c2e8f48179ffbebbfb6da2edf [term 0 FOLLOWER]: Advancing to term 1
I1121 10:21:18.428444 7775 tablet_service.cc:1296] Received RequestConsensusVote() RPC: tablet_id: "605a58ce874c4170b0d24d922f017068" candidate_uuid: "81d8bacc3ca64d628a255ad416a77c3d" candidate_term: 1 candidate_status { last_received { term: 0 index: 0 } } ignore_live_leader: false dest_uuid: "1b3038ad6c564f438aa18383cddc769a"
I1121 10:21:18.428462 7775 raft_consensus.cc:2905] T 605a58ce874c4170b0d24d922f017068 P 1b3038ad6c564f438aa18383cddc769a [term 0 FOLLOWER]: Advancing to term 1
I1121 10:21:18.429091 8023 raft_consensus.cc:2359] T 605a58ce874c4170b0d24d922f017068 P c9e9c35ff1cb4b68ba7cf5c037a98347 [term 1 FOLLOWER]: Leader election vote request: Granting yes vote for candidate 81d8bacc3ca64d628a255ad416a77c3d in term 1.
I1121 10:21:18.429124 7519 raft_consensus.cc:2359] T 605a58ce874c4170b0d24d922f017068 P 41118f5c2e8f48179ffbebbfb6da2edf [term 1 FOLLOWER]: Leader election vote request: Granting yes vote for candidate 81d8bacc3ca64d628a255ad416a77c3d in term 1.
I1121 10:21:18.429124 7775 raft_consensus.cc:2359] T 605a58ce874c4170b0d24d922f017068 P 1b3038ad6c564f438aa18383cddc769a [term 1 FOLLOWER]: Leader election vote request: Granting yes vote for candidate 81d8bacc3ca64d628a255ad416a77c3d in term 1.
I1121 10:21:18.429200 7390 raft_consensus.cc:2359] T 605a58ce874c4170b0d24d922f017068 P 63b9dc8cf49b47ebb644515af2f427e7 [term 1 FOLLOWER]: Leader election vote request: Granting yes vote for candidate 81d8bacc3ca64d628a255ad416a77c3d in term 1.
I1121 10:21:18.429309 7831 leader_election.cc:310] T 605a58ce874c4170b0d24d922f017068 P 81d8bacc3ca64d628a255ad416a77c3d [CANDIDATE]: Term 1 election: Election decided. Result: candidate won. Election summary: received 3 responses out of 5 voters: 3 yes votes; 0 no votes. yes voters: 63b9dc8cf49b47ebb644515af2f427e7, 81d8bacc3ca64d628a255ad416a77c3d, c9e9c35ff1cb4b68ba7cf5c037a98347; no voters:
I1121 10:21:18.429376 8266 raft_consensus.cc:2653] T 605a58ce874c4170b0d24d922f017068 P 81d8bacc3ca64d628a255ad416a77c3d [term 1 FOLLOWER]: Leader election won for term 1
I1121 10:21:18.429527 8266 raft_consensus.cc:664] T 605a58ce874c4170b0d24d922f017068 P 81d8bacc3ca64d628a255ad416a77c3d [term 1 LEADER]: Becoming Leader. State: Replica: 81d8bacc3ca64d628a255ad416a77c3d, State: Running, Role: LEADER
I1121 10:21:18.429613 8266 consensus_queue.cc:208] T 605a58ce874c4170b0d24d922f017068 P 81d8bacc3ca64d628a255ad416a77c3d [LEADER]: Queue going to LEADER mode. State: All replicated index: 0, Majority replicated index: 0, Committed index: 0, Last appended: 0.0, Last appended by leader: 0, Current term: 1, Majority size: 3, State: 0, Mode: LEADER, active raft config: opid_index: -1 OBSOLETE_local: false peers { permanent_uuid: "63b9dc8cf49b47ebb644515af2f427e7" member_type: VOTER last_known_addr { host: "127.5.70.1" port: 36995 } } peers { permanent_uuid: "1b3038ad6c564f438aa18383cddc769a" member_type: VOTER last_known_addr { host: "127.5.70.4" port: 32993 } } peers { permanent_uuid: "c9e9c35ff1cb4b68ba7cf5c037a98347" member_type: VOTER last_known_addr { host: "127.5.70.6" port: 32833 } } peers { permanent_uuid: "81d8bacc3ca64d628a255ad416a77c3d" member_type: VOTER last_known_addr { host: "127.5.70.5" port: 36445 } } peers { permanent_uuid: "41118f5c2e8f48179ffbebbfb6da2edf" member_type: VOTER last_known_addr { host: "127.5.70.2" port: 39291 } }
I1121 10:21:18.430454 7278 catalog_manager.cc:4143] T 605a58ce874c4170b0d24d922f017068 P 81d8bacc3ca64d628a255ad416a77c3d reported cstate change: term changed from 0 to 1, leader changed from to 81d8bacc3ca64d628a255ad416a77c3d (127.5.70.5). New cstate: current_term: 1 leader_uuid: "81d8bacc3ca64d628a255ad416a77c3d" committed_config { opid_index: -1 OBSOLETE_local: false peers { permanent_uuid: "63b9dc8cf49b47ebb644515af2f427e7" member_type: VOTER last_known_addr { host: "127.5.70.1" port: 36995 } health_report { overall_health: UNKNOWN } } peers { permanent_uuid: "1b3038ad6c564f438aa18383cddc769a" member_type: VOTER last_known_addr { host: "127.5.70.4" port: 32993 } health_report { overall_health: UNKNOWN } } peers { permanent_uuid: "c9e9c35ff1cb4b68ba7cf5c037a98347" member_type: VOTER last_known_addr { host: "127.5.70.6" port: 32833 } health_report { overall_health: UNKNOWN } } peers { permanent_uuid: "81d8bacc3ca64d628a255ad416a77c3d" member_type: VOTER last_known_addr { host: "127.5.70.5" port: 36445 } health_report { overall_health: HEALTHY } } peers { permanent_uuid: "41118f5c2e8f48179ffbebbfb6da2edf" member_type: VOTER last_known_addr { host: "127.5.70.2" port: 39291 } health_report { overall_health: UNKNOWN } } }
I1121 10:21:18.436391 8286 raft_consensus.cc:469] T 133fea61ffe5433785a3fe3736a2a668 P 63b9dc8cf49b47ebb644515af2f427e7 [term 0 FOLLOWER]: Starting pre-election (no leader contacted us within the election timeout)
I1121 10:21:18.436486 8286 raft_consensus.cc:491] T 133fea61ffe5433785a3fe3736a2a668 P 63b9dc8cf49b47ebb644515af2f427e7 [term 0 FOLLOWER]: Starting pre-election with config: opid_index: -1 OBSOLETE_local: false peers { permanent_uuid: "c9e9c35ff1cb4b68ba7cf5c037a98347" member_type: VOTER last_known_addr { host: "127.5.70.6" port: 32833 } } peers { permanent_uuid: "41118f5c2e8f48179ffbebbfb6da2edf" member_type: VOTER last_known_addr { host: "127.5.70.2" port: 39291 } } peers { permanent_uuid: "63b9dc8cf49b47ebb644515af2f427e7" member_type: VOTER last_known_addr { host: "127.5.70.1" port: 36995 } } peers { permanent_uuid: "81d8bacc3ca64d628a255ad416a77c3d" member_type: VOTER last_known_addr { host: "127.5.70.5" port: 36445 } } peers { permanent_uuid: "f5bc6d2f9c574b4db9396f9f900c1141" member_type: VOTER last_known_addr { host: "127.5.70.3" port: 43909 } }
I1121 10:21:18.436741 8286 leader_election.cc:296] T 133fea61ffe5433785a3fe3736a2a668 P 63b9dc8cf49b47ebb644515af2f427e7 [CANDIDATE]: Term 1 pre-election: Requested pre-vote from peers c9e9c35ff1cb4b68ba7cf5c037a98347 (127.5.70.6:32833), 41118f5c2e8f48179ffbebbfb6da2edf (127.5.70.2:39291), 81d8bacc3ca64d628a255ad416a77c3d (127.5.70.5:36445), f5bc6d2f9c574b4db9396f9f900c1141 (127.5.70.3:43909)
I1121 10:21:18.440629 7519 tablet_service.cc:1296] Received RequestConsensusVote() RPC: tablet_id: "133fea61ffe5433785a3fe3736a2a668" candidate_uuid: "63b9dc8cf49b47ebb644515af2f427e7" candidate_term: 1 candidate_status { last_received { term: 0 index: 0 } } ignore_live_leader: false dest_uuid: "41118f5c2e8f48179ffbebbfb6da2edf" is_pre_election: true
I1121 10:21:18.440673 7519 raft_consensus.cc:2359] T 133fea61ffe5433785a3fe3736a2a668 P 41118f5c2e8f48179ffbebbfb6da2edf [term 0 FOLLOWER]: Leader pre-election vote request: Granting yes vote for candidate 63b9dc8cf49b47ebb644515af2f427e7 in term 0.
I1121 10:21:18.440798 8023 tablet_service.cc:1296] Received RequestConsensusVote() RPC: tablet_id: "133fea61ffe5433785a3fe3736a2a668" candidate_uuid: "63b9dc8cf49b47ebb644515af2f427e7" candidate_term: 1 candidate_status { last_received { term: 0 index: 0 } } ignore_live_leader: false dest_uuid: "c9e9c35ff1cb4b68ba7cf5c037a98347" is_pre_election: true
I1121 10:21:18.440830 8023 raft_consensus.cc:2359] T 133fea61ffe5433785a3fe3736a2a668 P c9e9c35ff1cb4b68ba7cf5c037a98347 [term 0 FOLLOWER]: Leader pre-election vote request: Granting yes vote for candidate 63b9dc8cf49b47ebb644515af2f427e7 in term 0.
I1121 10:21:18.440863 7896 tablet_service.cc:1296] Received RequestConsensusVote() RPC: tablet_id: "133fea61ffe5433785a3fe3736a2a668" candidate_uuid: "63b9dc8cf49b47ebb644515af2f427e7" candidate_term: 1 candidate_status { last_received { term: 0 index: 0 } } ignore_live_leader: false dest_uuid: "81d8bacc3ca64d628a255ad416a77c3d" is_pre_election: true
I1121 10:21:18.440897 7896 raft_consensus.cc:2359] T 133fea61ffe5433785a3fe3736a2a668 P 81d8bacc3ca64d628a255ad416a77c3d [term 0 FOLLOWER]: Leader pre-election vote request: Granting yes vote for candidate 63b9dc8cf49b47ebb644515af2f427e7 in term 0.
I1121 10:21:18.441001 7333 leader_election.cc:310] T 133fea61ffe5433785a3fe3736a2a668 P 63b9dc8cf49b47ebb644515af2f427e7 [CANDIDATE]: Term 1 pre-election: Election decided. Result: candidate won. Election summary: received 3 responses out of 5 voters: 3 yes votes; 0 no votes. yes voters: 41118f5c2e8f48179ffbebbfb6da2edf, 63b9dc8cf49b47ebb644515af2f427e7, c9e9c35ff1cb4b68ba7cf5c037a98347; no voters:
I1121 10:21:18.441113 8286 raft_consensus.cc:2653] T 133fea61ffe5433785a3fe3736a2a668 P 63b9dc8cf49b47ebb644515af2f427e7 [term 0 FOLLOWER]: Leader pre-election won for term 1
I1121 10:21:18.441138 8286 raft_consensus.cc:469] T 133fea61ffe5433785a3fe3736a2a668 P 63b9dc8cf49b47ebb644515af2f427e7 [term 0 FOLLOWER]: Starting leader election (no leader contacted us within the election timeout)
I1121 10:21:18.441146 8286 raft_consensus.cc:2905] T 133fea61ffe5433785a3fe3736a2a668 P 63b9dc8cf49b47ebb644515af2f427e7 [term 0 FOLLOWER]: Advancing to term 1
I1121 10:21:18.441334 7651 tablet_service.cc:1296] Received RequestConsensusVote() RPC: tablet_id: "133fea61ffe5433785a3fe3736a2a668" candidate_uuid: "63b9dc8cf49b47ebb644515af2f427e7" candidate_term: 1 candidate_status { last_received { term: 0 index: 0 } } ignore_live_leader: false dest_uuid: "f5bc6d2f9c574b4db9396f9f900c1141" is_pre_election: true
I1121 10:21:18.441375 7651 raft_consensus.cc:2359] T 133fea61ffe5433785a3fe3736a2a668 P f5bc6d2f9c574b4db9396f9f900c1141 [term 0 FOLLOWER]: Leader pre-election vote request: Granting yes vote for candidate 63b9dc8cf49b47ebb644515af2f427e7 in term 0.
W1121 10:21:18.441622 8067 tablet.cc:1767] T 133fea61ffe5433785a3fe3736a2a668 P c9e9c35ff1cb4b68ba7cf5c037a98347: Can't schedule compaction. Clean time has not been advanced past its initial value.
I1121 10:21:18.441946 8286 raft_consensus.cc:491] T 133fea61ffe5433785a3fe3736a2a668 P 63b9dc8cf49b47ebb644515af2f427e7 [term 1 FOLLOWER]: Starting leader election with config: opid_index: -1 OBSOLETE_local: false peers { permanent_uuid: "c9e9c35ff1cb4b68ba7cf5c037a98347" member_type: VOTER last_known_addr { host: "127.5.70.6" port: 32833 } } peers { permanent_uuid: "41118f5c2e8f48179ffbebbfb6da2edf" member_type: VOTER last_known_addr { host: "127.5.70.2" port: 39291 } } peers { permanent_uuid: "63b9dc8cf49b47ebb644515af2f427e7" member_type: VOTER last_known_addr { host: "127.5.70.1" port: 36995 } } peers { permanent_uuid: "81d8bacc3ca64d628a255ad416a77c3d" member_type: VOTER last_known_addr { host: "127.5.70.5" port: 36445 } } peers { permanent_uuid: "f5bc6d2f9c574b4db9396f9f900c1141" member_type: VOTER last_known_addr { host: "127.5.70.3" port: 43909 } }
I1121 10:21:18.442116 8286 leader_election.cc:296] T 133fea61ffe5433785a3fe3736a2a668 P 63b9dc8cf49b47ebb644515af2f427e7 [CANDIDATE]: Term 1 election: Requested vote from peers c9e9c35ff1cb4b68ba7cf5c037a98347 (127.5.70.6:32833), 41118f5c2e8f48179ffbebbfb6da2edf (127.5.70.2:39291), 81d8bacc3ca64d628a255ad416a77c3d (127.5.70.5:36445), f5bc6d2f9c574b4db9396f9f900c1141 (127.5.70.3:43909)
I1121 10:21:18.442196 8023 tablet_service.cc:1296] Received RequestConsensusVote() RPC: tablet_id: "133fea61ffe5433785a3fe3736a2a668" candidate_uuid: "63b9dc8cf49b47ebb644515af2f427e7" candidate_term: 1 candidate_status { last_received { term: 0 index: 0 } } ignore_live_leader: false dest_uuid: "c9e9c35ff1cb4b68ba7cf5c037a98347"
I1121 10:21:18.442219 7896 tablet_service.cc:1296] Received RequestConsensusVote() RPC: tablet_id: "133fea61ffe5433785a3fe3736a2a668" candidate_uuid: "63b9dc8cf49b47ebb644515af2f427e7" candidate_term: 1 candidate_status { last_received { term: 0 index: 0 } } ignore_live_leader: false dest_uuid: "81d8bacc3ca64d628a255ad416a77c3d"
I1121 10:21:18.442230 7519 tablet_service.cc:1296] Received RequestConsensusVote() RPC: tablet_id: "133fea61ffe5433785a3fe3736a2a668" candidate_uuid: "63b9dc8cf49b47ebb644515af2f427e7" candidate_term: 1 candidate_status { last_received { term: 0 index: 0 } } ignore_live_leader: false dest_uuid: "41118f5c2e8f48179ffbebbfb6da2edf"
I1121 10:21:18.442237 7896 raft_consensus.cc:2905] T 133fea61ffe5433785a3fe3736a2a668 P 81d8bacc3ca64d628a255ad416a77c3d [term 0 FOLLOWER]: Advancing to term 1
I1121 10:21:18.442237 8023 raft_consensus.cc:2905] T 133fea61ffe5433785a3fe3736a2a668 P c9e9c35ff1cb4b68ba7cf5c037a98347 [term 0 FOLLOWER]: Advancing to term 1
I1121 10:21:18.442251 7519 raft_consensus.cc:2905] T 133fea61ffe5433785a3fe3736a2a668 P 41118f5c2e8f48179ffbebbfb6da2edf [term 0 FOLLOWER]: Advancing to term 1
I1121 10:21:18.442822 7519 raft_consensus.cc:2359] T 133fea61ffe5433785a3fe3736a2a668 P 41118f5c2e8f48179ffbebbfb6da2edf [term 1 FOLLOWER]: Leader election vote request: Granting yes vote for candidate 63b9dc8cf49b47ebb644515af2f427e7 in term 1.
I1121 10:21:18.442903 7896 raft_consensus.cc:2359] T 133fea61ffe5433785a3fe3736a2a668 P 81d8bacc3ca64d628a255ad416a77c3d [term 1 FOLLOWER]: Leader election vote request: Granting yes vote for candidate 63b9dc8cf49b47ebb644515af2f427e7 in term 1.
I1121 10:21:18.442903 8023 raft_consensus.cc:2359] T 133fea61ffe5433785a3fe3736a2a668 P c9e9c35ff1cb4b68ba7cf5c037a98347 [term 1 FOLLOWER]: Leader election vote request: Granting yes vote for candidate 63b9dc8cf49b47ebb644515af2f427e7 in term 1.
I1121 10:21:18.443063 7651 tablet_service.cc:1296] Received RequestConsensusVote() RPC: tablet_id: "133fea61ffe5433785a3fe3736a2a668" candidate_uuid: "63b9dc8cf49b47ebb644515af2f427e7" candidate_term: 1 candidate_status { last_received { term: 0 index: 0 } } ignore_live_leader: false dest_uuid: "f5bc6d2f9c574b4db9396f9f900c1141"
I1121 10:21:18.443073 7334 leader_election.cc:310] T 133fea61ffe5433785a3fe3736a2a668 P 63b9dc8cf49b47ebb644515af2f427e7 [CANDIDATE]: Term 1 election: Election decided. Result: candidate won. Election summary: received 3 responses out of 5 voters: 3 yes votes; 0 no votes. yes voters: 41118f5c2e8f48179ffbebbfb6da2edf, 63b9dc8cf49b47ebb644515af2f427e7, 81d8bacc3ca64d628a255ad416a77c3d; no voters:
I1121 10:21:18.443253 8286 raft_consensus.cc:2653] T 133fea61ffe5433785a3fe3736a2a668 P 63b9dc8cf49b47ebb644515af2f427e7 [term 1 FOLLOWER]: Leader election won for term 1
I1121 10:21:18.443259 7651 raft_consensus.cc:2905] T 133fea61ffe5433785a3fe3736a2a668 P f5bc6d2f9c574b4db9396f9f900c1141 [term 0 FOLLOWER]: Advancing to term 1
I1121 10:21:18.443378 8286 raft_consensus.cc:664] T 133fea61ffe5433785a3fe3736a2a668 P 63b9dc8cf49b47ebb644515af2f427e7 [term 1 LEADER]: Becoming Leader. State: Replica: 63b9dc8cf49b47ebb644515af2f427e7, State: Running, Role: LEADER
I1121 10:21:18.443486 8286 consensus_queue.cc:208] T 133fea61ffe5433785a3fe3736a2a668 P 63b9dc8cf49b47ebb644515af2f427e7 [LEADER]: Queue going to LEADER mode. State: All replicated index: 0, Majority replicated index: 0, Committed index: 0, Last appended: 0.0, Last appended by leader: 0, Current term: 1, Majority size: 3, State: 0, Mode: LEADER, active raft config: opid_index: -1 OBSOLETE_local: false peers { permanent_uuid: "c9e9c35ff1cb4b68ba7cf5c037a98347" member_type: VOTER last_known_addr { host: "127.5.70.6" port: 32833 } } peers { permanent_uuid: "41118f5c2e8f48179ffbebbfb6da2edf" member_type: VOTER last_known_addr { host: "127.5.70.2" port: 39291 } } peers { permanent_uuid: "63b9dc8cf49b47ebb644515af2f427e7" member_type: VOTER last_known_addr { host: "127.5.70.1" port: 36995 } } peers { permanent_uuid: "81d8bacc3ca64d628a255ad416a77c3d" member_type: VOTER last_known_addr { host: "127.5.70.5" port: 36445 } } peers { permanent_uuid: "f5bc6d2f9c574b4db9396f9f900c1141" member_type: VOTER last_known_addr { host: "127.5.70.3" port: 43909 } }
I1121 10:21:18.443897 7651 raft_consensus.cc:2359] T 133fea61ffe5433785a3fe3736a2a668 P f5bc6d2f9c574b4db9396f9f900c1141 [term 1 FOLLOWER]: Leader election vote request: Granting yes vote for candidate 63b9dc8cf49b47ebb644515af2f427e7 in term 1.
I1121 10:21:18.444290 7278 catalog_manager.cc:4143] T 133fea61ffe5433785a3fe3736a2a668 P 63b9dc8cf49b47ebb644515af2f427e7 reported cstate change: term changed from 0 to 1, leader changed from to 63b9dc8cf49b47ebb644515af2f427e7 (127.5.70.1). New cstate: current_term: 1 leader_uuid: "63b9dc8cf49b47ebb644515af2f427e7" committed_config { opid_index: -1 OBSOLETE_local: false peers { permanent_uuid: "c9e9c35ff1cb4b68ba7cf5c037a98347" member_type: VOTER last_known_addr { host: "127.5.70.6" port: 32833 } health_report { overall_health: UNKNOWN } } peers { permanent_uuid: "41118f5c2e8f48179ffbebbfb6da2edf" member_type: VOTER last_known_addr { host: "127.5.70.2" port: 39291 } health_report { overall_health: UNKNOWN } } peers { permanent_uuid: "63b9dc8cf49b47ebb644515af2f427e7" member_type: VOTER last_known_addr { host: "127.5.70.1" port: 36995 } health_report { overall_health: HEALTHY } } peers { permanent_uuid: "81d8bacc3ca64d628a255ad416a77c3d" member_type: VOTER last_known_addr { host: "127.5.70.5" port: 36445 } health_report { overall_health: UNKNOWN } } peers { permanent_uuid: "f5bc6d2f9c574b4db9396f9f900c1141" member_type: VOTER last_known_addr { host: "127.5.70.3" port: 43909 } health_report { overall_health: UNKNOWN } } }
W1121 10:21:18.523041 8309 flags.cc:404] Enabled unsafe flag: --never_fsync=true Using table 'rebalance_test_table_0'
I1121 10:21:18.555296 7519 raft_consensus.cc:1181] T 605a58ce874c4170b0d24d922f017068 P 41118f5c2e8f48179ffbebbfb6da2edf [term 1 FOLLOWER]: Refusing update from remote peer 81d8bacc3ca64d628a255ad416a77c3d: Log matching property violated. Preceding OpId in replica: term: 0 index: 0. Preceding OpId from leader: term: 1 index: 2. (index mismatch)
I1121 10:21:18.555514 7775 raft_consensus.cc:1181] T 605a58ce874c4170b0d24d922f017068 P 1b3038ad6c564f438aa18383cddc769a [term 1 FOLLOWER]: Refusing update from remote peer 81d8bacc3ca64d628a255ad416a77c3d: Log matching property violated. Preceding OpId in replica: term: 0 index: 0. Preceding OpId from leader: term: 1 index: 2. (index mismatch)
I1121 10:21:18.555554 8023 raft_consensus.cc:1181] T 605a58ce874c4170b0d24d922f017068 P c9e9c35ff1cb4b68ba7cf5c037a98347 [term 1 FOLLOWER]: Refusing update from remote peer 81d8bacc3ca64d628a255ad416a77c3d: Log matching property violated. Preceding OpId in replica: term: 0 index: 0. Preceding OpId from leader: term: 1 index: 2. (index mismatch)
I1121 10:21:18.555712 7390 raft_consensus.cc:1181] T 605a58ce874c4170b0d24d922f017068 P 63b9dc8cf49b47ebb644515af2f427e7 [term 1 FOLLOWER]: Refusing update from remote peer 81d8bacc3ca64d628a255ad416a77c3d: Log matching property violated. Preceding OpId in replica: term: 0 index: 0. Preceding OpId from leader: term: 1 index: 2. (index mismatch)
I1121 10:21:18.555867 8299 consensus_queue.cc:984] T 605a58ce874c4170b0d24d922f017068 P 81d8bacc3ca64d628a255ad416a77c3d [LEADER]: Connected to new peer: Peer: permanent_uuid: "c9e9c35ff1cb4b68ba7cf5c037a98347" member_type: VOTER last_known_addr { host: "127.5.70.6" port: 32833 }, Status: LMP_MISMATCH, Last received: 0.0, Next index: 1, Last known committed idx: 0, Time since last communication: 0.000s
I1121 10:21:18.556020 8266 consensus_queue.cc:984] T 605a58ce874c4170b0d24d922f017068 P 81d8bacc3ca64d628a255ad416a77c3d [LEADER]: Connected to new peer: Peer: permanent_uuid: "1b3038ad6c564f438aa18383cddc769a" member_type: VOTER last_known_addr { host: "127.5.70.4" port: 32993 }, Status: LMP_MISMATCH, Last received: 0.0, Next index: 1, Last known committed idx: 0, Time since last communication: 0.000s
I1121 10:21:18.556218 8266 consensus_queue.cc:984] T 605a58ce874c4170b0d24d922f017068 P 81d8bacc3ca64d628a255ad416a77c3d [LEADER]: Connected to new peer: Peer: permanent_uuid: "63b9dc8cf49b47ebb644515af2f427e7" member_type: VOTER last_known_addr { host: "127.5.70.1" port: 36995 }, Status: LMP_MISMATCH, Last received: 0.0, Next index: 1, Last known committed idx: 0, Time since last communication: 0.000s
I1121 10:21:18.559729 8327 consensus_queue.cc:984] T 605a58ce874c4170b0d24d922f017068 P 81d8bacc3ca64d628a255ad416a77c3d [LEADER]: Connected to new peer: Peer: permanent_uuid: "41118f5c2e8f48179ffbebbfb6da2edf" member_type: VOTER last_known_addr { host: "127.5.70.2" port: 39291 }, Status: LMP_MISMATCH, Last received: 0.0, Next index: 1, Last known committed idx: 0, Time since last communication: 0.000s
I1121 10:21:18.561007 8325 mvcc.cc:203] Tried to move safe_time back from 6448462555360202752 to 6448462554848141312. Current Snapshot: MvccSnapshot[committed={T|T < 6448462555360202752}]
I1121 10:21:18.561748 7390 raft_consensus.cc:1181] T d84faff8cd0f433d8de8664fd0054d2d P 63b9dc8cf49b47ebb644515af2f427e7 [term 1 FOLLOWER]: Refusing update from remote peer f5bc6d2f9c574b4db9396f9f900c1141: Log matching property violated. Preceding OpId in replica: term: 0 index: 0. Preceding OpId from leader: term: 1 index: 2. (index mismatch)
I1121 10:21:18.562129 8291 consensus_queue.cc:984] T d84faff8cd0f433d8de8664fd0054d2d P f5bc6d2f9c574b4db9396f9f900c1141 [LEADER]: Connected to new peer: Peer: permanent_uuid: "63b9dc8cf49b47ebb644515af2f427e7" member_type: VOTER last_known_addr { host: "127.5.70.1" port: 36995 }, Status: LMP_MISMATCH, Last received: 0.0, Next index: 1, Last known committed idx: 0, Time since last communication: 0.000s
I1121 10:21:18.562618 7775 raft_consensus.cc:1181] T d84faff8cd0f433d8de8664fd0054d2d P 1b3038ad6c564f438aa18383cddc769a [term 1 FOLLOWER]: Refusing update from remote peer f5bc6d2f9c574b4db9396f9f900c1141: Log matching property violated. Preceding OpId in replica: term: 0 index: 0. Preceding OpId from leader: term: 1 index: 2. (index mismatch)
I1121 10:21:18.562783 7527 raft_consensus.cc:1181] T d84faff8cd0f433d8de8664fd0054d2d P 41118f5c2e8f48179ffbebbfb6da2edf [term 1 FOLLOWER]: Refusing update from remote peer f5bc6d2f9c574b4db9396f9f900c1141: Log matching property violated. Preceding OpId in replica: term: 0 index: 0. Preceding OpId from leader: term: 1 index: 2. (index mismatch)
I1121 10:21:18.562932 8329 mvcc.cc:203] Tried to move safe_time back from 6448462555360202752 to 6448462554848141312. Current Snapshot: MvccSnapshot[committed={T|T < 6448462555360202752}]
I1121 10:21:18.563318 8273 consensus_queue.cc:984] T d84faff8cd0f433d8de8664fd0054d2d P f5bc6d2f9c574b4db9396f9f900c1141 [LEADER]: Connected to new peer: Peer: permanent_uuid: "41118f5c2e8f48179ffbebbfb6da2edf" member_type: VOTER last_known_addr { host: "127.5.70.2" port: 39291 }, Status: LMP_MISMATCH, Last received: 0.0, Next index: 1, Last known committed idx: 0, Time since last communication: 0.000s
I1121 10:21:18.563383 8022 raft_consensus.cc:1181] T d84faff8cd0f433d8de8664fd0054d2d P c9e9c35ff1cb4b68ba7cf5c037a98347 [term 1 FOLLOWER]: Refusing update from remote peer f5bc6d2f9c574b4db9396f9f900c1141: Log matching property violated. Preceding OpId in replica: term: 0 index: 0. Preceding OpId from leader: term: 1 index: 2. (index mismatch)
I1121 10:21:18.563441 8291 consensus_queue.cc:984] T d84faff8cd0f433d8de8664fd0054d2d P f5bc6d2f9c574b4db9396f9f900c1141 [LEADER]: Connected to new peer: Peer: permanent_uuid: "1b3038ad6c564f438aa18383cddc769a" member_type: VOTER last_known_addr { host: "127.5.70.4" port: 32993 }, Status: LMP_MISMATCH, Last received: 0.0, Next index: 1, Last known committed idx: 0, Time since last communication: 0.000s
I1121 10:21:18.564205 8273 consensus_queue.cc:984] T d84faff8cd0f433d8de8664fd0054d2d P f5bc6d2f9c574b4db9396f9f900c1141 [LEADER]: Connected to new peer: Peer: permanent_uuid: "c9e9c35ff1cb4b68ba7cf5c037a98347" member_type: VOTER last_known_addr { host: "127.5.70.6" port: 32833 }, Status: LMP_MISMATCH, Last received: 0.0, Next index: 1, Last known committed idx: 0, Time since last communication: 0.000s
I1121 10:21:18.564801 8331 mvcc.cc:203] Tried to move safe_time back from 6448462555368452096 to 6448462554848141312. Current Snapshot: MvccSnapshot[committed={T|T < 6448462555360202752}]
I1121 10:21:18.566740 8334 mvcc.cc:203] Tried to move safe_time back from 6448462555360202752 to 6448462554848141312. Current Snapshot: MvccSnapshot[committed={T|T < 6448462555360202752}]
I1121 10:21:18.567464 8346 mvcc.cc:203] Tried to move safe_time back from 6448462555360202752 to 6448462554848141312. Current Snapshot: MvccSnapshot[committed={T|T < 6448462555360202752}]
I1121 10:21:18.571504 8333 mvcc.cc:203] Tried to move safe_time back from 6448462555392638976 to 6448462554144649216. Current Snapshot: MvccSnapshot[committed={T|T < 6448462555384758272}]
I1121 10:21:18.575443 7651 raft_consensus.cc:1181] T 133fea61ffe5433785a3fe3736a2a668 P f5bc6d2f9c574b4db9396f9f900c1141 [term 1 FOLLOWER]: Refusing update from remote peer 63b9dc8cf49b47ebb644515af2f427e7: Log matching property violated. Preceding OpId in replica: term: 0 index: 0. Preceding OpId from leader: term: 1 index: 2. (index mismatch)
I1121 10:21:18.575546 7896 raft_consensus.cc:1181] T 133fea61ffe5433785a3fe3736a2a668 P 81d8bacc3ca64d628a255ad416a77c3d [term 1 FOLLOWER]: Refusing update from remote peer 63b9dc8cf49b47ebb644515af2f427e7: Log matching property violated. Preceding OpId in replica: term: 0 index: 0. Preceding OpId from leader: term: 1 index: 2. (index mismatch)
I1121 10:21:18.575814 8286 consensus_queue.cc:984] T 133fea61ffe5433785a3fe3736a2a668 P 63b9dc8cf49b47ebb644515af2f427e7 [LEADER]: Connected to new peer: Peer: permanent_uuid: "f5bc6d2f9c574b4db9396f9f900c1141" member_type: VOTER last_known_addr { host: "127.5.70.3" port: 43909 }, Status: LMP_MISMATCH, Last received: 0.0, Next index: 1, Last known committed idx: 0, Time since last communication: 0.000s
I1121 10:21:18.575927 8286 consensus_queue.cc:984] T 133fea61ffe5433785a3fe3736a2a668 P 63b9dc8cf49b47ebb644515af2f427e7 [LEADER]: Connected to new peer: Peer: permanent_uuid: "81d8bacc3ca64d628a255ad416a77c3d" member_type: VOTER last_known_addr { host: "127.5.70.5" port: 36445 }, Status: LMP_MISMATCH, Last received: 0.0, Next index: 1, Last known committed idx: 0, Time since last communication: 0.000s
I1121 10:21:18.576692 8022 raft_consensus.cc:1181] T 133fea61ffe5433785a3fe3736a2a668 P c9e9c35ff1cb4b68ba7cf5c037a98347 [term 1 FOLLOWER]: Refusing update from remote peer 63b9dc8cf49b47ebb644515af2f427e7: Log matching property violated. Preceding OpId in replica: term: 0 index: 0. Preceding OpId from leader: term: 1 index: 2. (index mismatch)
I1121 10:21:18.576941 8307 consensus_queue.cc:984] T 133fea61ffe5433785a3fe3736a2a668 P 63b9dc8cf49b47ebb644515af2f427e7 [LEADER]: Connected to new peer: Peer: permanent_uuid: "c9e9c35ff1cb4b68ba7cf5c037a98347" member_type: VOTER last_known_addr { host: "127.5.70.6" port: 32833 }, Status: LMP_MISMATCH, Last received: 0.0, Next index: 1, Last known committed idx: 0, Time since last communication: 0.000s
I1121 10:21:18.578413 7527 raft_consensus.cc:1181] T 133fea61ffe5433785a3fe3736a2a668 P 41118f5c2e8f48179ffbebbfb6da2edf [term 1 FOLLOWER]: Refusing update from remote peer 63b9dc8cf49b47ebb644515af2f427e7: Log matching property violated. Preceding OpId in replica: term: 0 index: 0. Preceding OpId from leader: term: 1 index: 2. (index mismatch)
I1121 10:21:18.578729 8286 consensus_queue.cc:984] T 133fea61ffe5433785a3fe3736a2a668 P 63b9dc8cf49b47ebb644515af2f427e7 [LEADER]: Connected to new peer: Peer: permanent_uuid: "41118f5c2e8f48179ffbebbfb6da2edf" member_type: VOTER last_known_addr { host: "127.5.70.2" port: 39291 }, Status: LMP_MISMATCH, Last received: 0.0, Next index: 1, Last known committed idx: 0, Time since last communication: 0.000s Generator report time total : 43.3911 ms time per row: 0.0216955 ms
I1121 10:21:18.586549 7278 catalog_manager.cc:1455] Servicing CreateTable request from {username='slave'} at 127.0.0.1:53014: name: "rebalance_test_table_1" schema { columns { name: "key" type: INT32 is_key: true is_nullable: false encoding: AUTO_ENCODING compression: DEFAULT_COMPRESSION cfile_block_size: 0 } columns { name: "int_val" type: INT32 is_key: false is_nullable: false encoding: AUTO_ENCODING compression: DEFAULT_COMPRESSION cfile_block_size: 0 } columns { name: "string_val" type: STRING is_key: false is_nullable: true encoding: AUTO_ENCODING compression: DEFAULT_COMPRESSION cfile_block_size: 0 } } num_replicas: 5 split_rows_range_bounds { } partition_schema { hash_bucket_schemas { columns { name: "key" } num_buckets: 3 seed: 0 } }
I1121 10:21:18.588017 7627 tablet_service.cc:1023] Processing CreateTablet for tablet 787130b10eda4a71b2212bdb7ed2f140 (table=rebalance_test_table_1 [id=1b28b579b64d471781f82b9f40e804ca]), partition=HASH (key) PARTITION 2, RANGE (key) PARTITION UNBOUNDED
I1121 10:21:18.588045 7629 tablet_service.cc:1023] Processing CreateTablet for tablet 7d59736e513f426095bedf84bbeec48d (table=rebalance_test_table_1 [id=1b28b579b64d471781f82b9f40e804ca]), partition=HASH (key) PARTITION 0, RANGE (key) PARTITION UNBOUNDED
I1121 10:21:18.588063 7370 tablet_service.cc:1023] Processing CreateTablet for tablet 7d59736e513f426095bedf84bbeec48d (table=rebalance_test_table_1 [id=1b28b579b64d471781f82b9f40e804ca]), partition=HASH (key) PARTITION 0, RANGE (key) PARTITION UNBOUNDED
I1121 10:21:18.588133 7627 data_dirs.cc:946] Could only allocate 1 dirs of requested 3 for tablet 787130b10eda4a71b2212bdb7ed2f140. 1 dirs total, 0 dirs full, 0 dirs failed
I1121 10:21:18.588156 7370 data_dirs.cc:946] Could only allocate 1 dirs of requested 3 for tablet 7d59736e513f426095bedf84bbeec48d. 1 dirs total, 0 dirs full, 0 dirs failed
I1121 10:21:18.588182 7628 tablet_service.cc:1023] Processing CreateTablet for tablet c5abf7a6c891418482e200e7115e2c2d (table=rebalance_test_table_1 [id=1b28b579b64d471781f82b9f40e804ca]), partition=HASH (key) PARTITION 1, RANGE (key) PARTITION UNBOUNDED
I1121 10:21:18.588284 8001 tablet_service.cc:1023] Processing CreateTablet for tablet 7d59736e513f426095bedf84bbeec48d (table=rebalance_test_table_1 [id=1b28b579b64d471781f82b9f40e804ca]), partition=HASH (key) PARTITION 0, RANGE (key) PARTITION UNBOUNDED
I1121 10:21:18.588367 8001 data_dirs.cc:946] Could only allocate 1 dirs of requested 3 for tablet 7d59736e513f426095bedf84bbeec48d. 1 dirs total, 0 dirs full, 0 dirs failed
I1121 10:21:18.588373 7503 tablet_service.cc:1023] Processing CreateTablet for tablet 787130b10eda4a71b2212bdb7ed2f140 (table=rebalance_test_table_1 [id=1b28b579b64d471781f82b9f40e804ca]), partition=HASH (key) PARTITION 2, RANGE (key) PARTITION UNBOUNDED
I1121 10:21:18.588456 7503 data_dirs.cc:946] Could only allocate 1 dirs of requested 3 for tablet 787130b10eda4a71b2212bdb7ed2f140. 1 dirs total, 0 dirs full, 0 dirs failed
I1121 10:21:18.588591 7628 data_dirs.cc:946] Could only allocate 1 dirs of requested 3 for tablet c5abf7a6c891418482e200e7115e2c2d. 1 dirs total, 0 dirs full, 0 dirs failed
I1121 10:21:18.588594 8002 tablet_service.cc:1023] Processing CreateTablet for tablet c5abf7a6c891418482e200e7115e2c2d (table=rebalance_test_table_1 [id=1b28b579b64d471781f82b9f40e804ca]), partition=HASH (key) PARTITION 1, RANGE (key) PARTITION UNBOUNDED
I1121 10:21:18.588611 7371 tablet_service.cc:1023] Processing CreateTablet for tablet c5abf7a6c891418482e200e7115e2c2d (table=rebalance_test_table_1 [id=1b28b579b64d471781f82b9f40e804ca]), partition=HASH (key) PARTITION 1, RANGE (key) PARTITION UNBOUNDED
I1121 10:21:18.588656 8002 data_dirs.cc:946] Could only allocate 1 dirs of requested 3 for tablet c5abf7a6c891418482e200e7115e2c2d. 1 dirs total, 0 dirs full, 0 dirs failed
I1121 10:21:18.588706 7874 tablet_service.cc:1023] Processing CreateTablet for tablet 7d59736e513f426095bedf84bbeec48d (table=rebalance_test_table_1 [id=1b28b579b64d471781f82b9f40e804ca]), partition=HASH (key) PARTITION 0, RANGE (key) PARTITION UNBOUNDED
I1121 10:21:18.588790 7874 data_dirs.cc:946] Could only allocate 1 dirs of requested 3 for tablet 7d59736e513f426095bedf84bbeec48d. 1 dirs total, 0 dirs full, 0 dirs failed
I1121 10:21:18.588929 7872 tablet_service.cc:1023] Processing CreateTablet for tablet c5abf7a6c891418482e200e7115e2c2d (table=rebalance_test_table_1 [id=1b28b579b64d471781f82b9f40e804ca]), partition=HASH (key) PARTITION 1, RANGE (key) PARTITION UNBOUNDED
I1121 10:21:18.589037 7372 tablet_service.cc:1023] Processing CreateTablet for tablet 787130b10eda4a71b2212bdb7ed2f140 (table=rebalance_test_table_1 [id=1b28b579b64d471781f82b9f40e804ca]), partition=HASH (key) PARTITION 2, RANGE (key) PARTITION UNBOUNDED
I1121 10:21:18.589303 7754 tablet_service.cc:1023] Processing CreateTablet for tablet c5abf7a6c891418482e200e7115e2c2d (table=rebalance_test_table_1 [id=1b28b579b64d471781f82b9f40e804ca]), partition=HASH (key) PARTITION 1, RANGE (key) PARTITION UNBOUNDED
I1121 10:21:18.589382 7754 data_dirs.cc:946] Could only allocate 1 dirs of requested 3 for tablet c5abf7a6c891418482e200e7115e2c2d. 1 dirs total, 0 dirs full, 0 dirs failed
I1121 10:21:18.589534 7753 tablet_service.cc:1023] Processing CreateTablet for tablet 787130b10eda4a71b2212bdb7ed2f140 (table=rebalance_test_table_1 [id=1b28b579b64d471781f82b9f40e804ca]), partition=HASH (key) PARTITION 2, RANGE (key) PARTITION UNBOUNDED
I1121 10:21:18.589649 7871 tablet_service.cc:1023] Processing CreateTablet for tablet 787130b10eda4a71b2212bdb7ed2f140 (table=rebalance_test_table_1 [id=1b28b579b64d471781f82b9f40e804ca]), partition=HASH (key) PARTITION 2, RANGE (key) PARTITION UNBOUNDED
I1121 10:21:18.589694 7755 tablet_service.cc:1023] Processing CreateTablet for tablet 7d59736e513f426095bedf84bbeec48d (table=rebalance_test_table_1 [id=1b28b579b64d471781f82b9f40e804ca]), partition=HASH (key) PARTITION 0, RANGE (key) PARTITION UNBOUNDED
I1121 10:21:18.589763 7371 data_dirs.cc:946] Could only allocate 1 dirs of requested 3 for tablet c5abf7a6c891418482e200e7115e2c2d. 1 dirs total, 0 dirs full, 0 dirs failed
I1121 10:21:18.589931 7629 data_dirs.cc:946] Could only allocate 1 dirs of requested 3 for tablet 7d59736e513f426095bedf84bbeec48d. 1 dirs total, 0 dirs full, 0 dirs failed
I1121 10:21:18.590082 7372 data_dirs.cc:946] Could only allocate 1 dirs of requested 3 for tablet 787130b10eda4a71b2212bdb7ed2f140. 1 dirs total, 0 dirs full, 0 dirs failed
I1121 10:21:18.591871 7753 data_dirs.cc:946] Could only allocate 1 dirs of requested 3 for tablet 787130b10eda4a71b2212bdb7ed2f140. 1 dirs total, 0 dirs full, 0 dirs failed
I1121 10:21:18.592012 7755 data_dirs.cc:946] Could only allocate 1 dirs of requested 3 for tablet 7d59736e513f426095bedf84bbeec48d. 1 dirs total, 0 dirs full, 0 dirs failed
I1121 10:21:18.592170 8258 tablet_bootstrap.cc:439] T 787130b10eda4a71b2212bdb7ed2f140 P f5bc6d2f9c574b4db9396f9f900c1141: Bootstrap starting.
I1121 10:21:18.592702 8258 tablet_bootstrap.cc:590] T 787130b10eda4a71b2212bdb7ed2f140 P f5bc6d2f9c574b4db9396f9f900c1141: No blocks or log segments found. Creating new log.
I1121 10:21:18.592865 8259 tablet_bootstrap.cc:439] T 787130b10eda4a71b2212bdb7ed2f140 P 41118f5c2e8f48179ffbebbfb6da2edf: Bootstrap starting.
I1121 10:21:18.593158 7872 data_dirs.cc:946] Could only allocate 1 dirs of requested 3 for tablet c5abf7a6c891418482e200e7115e2c2d. 1 dirs total, 0 dirs full, 0 dirs failed
I1121 10:21:18.593212 8259 tablet_bootstrap.cc:590] T 787130b10eda4a71b2212bdb7ed2f140 P 41118f5c2e8f48179ffbebbfb6da2edf: No blocks or log segments found. Creating new log.
I1121 10:21:18.593232 8264 tablet_bootstrap.cc:439] T 787130b10eda4a71b2212bdb7ed2f140 P 1b3038ad6c564f438aa18383cddc769a: Bootstrap starting.
I1121 10:21:18.593255 7871 data_dirs.cc:946] Could only allocate 1 dirs of requested 3 for tablet 787130b10eda4a71b2212bdb7ed2f140. 1 dirs total, 0 dirs full, 0 dirs failed
I1121 10:21:18.593551 8264 tablet_bootstrap.cc:590] T 787130b10eda4a71b2212bdb7ed2f140 P 1b3038ad6c564f438aa18383cddc769a: No blocks or log segments found. Creating new log.
I1121 10:21:18.594132 8259 tablet_bootstrap.cc:439] T 787130b10eda4a71b2212bdb7ed2f140 P 41118f5c2e8f48179ffbebbfb6da2edf: No bootstrap required, opened a new log
I1121 10:21:18.594167 8259 ts_tablet_manager.cc:1104] T 787130b10eda4a71b2212bdb7ed2f140 P 41118f5c2e8f48179ffbebbfb6da2edf: Time spent bootstrapping tablet: real 0.001s user 0.000s sys 0.000s
I1121 10:21:18.594274 8264 tablet_bootstrap.cc:439] T 787130b10eda4a71b2212bdb7ed2f140 P 1b3038ad6c564f438aa18383cddc769a: No bootstrap required, opened a new log
I1121 10:21:18.594295 8260 tablet_bootstrap.cc:439] T 787130b10eda4a71b2212bdb7ed2f140 P 81d8bacc3ca64d628a255ad416a77c3d: Bootstrap starting.
I1121 10:21:18.594323 8264 ts_tablet_manager.cc:1104] T 787130b10eda4a71b2212bdb7ed2f140 P 1b3038ad6c564f438aa18383cddc769a: Time spent bootstrapping tablet: real 0.001s user 0.001s sys 0.000s
I1121 10:21:18.594379 8259 raft_consensus.cc:337] T 787130b10eda4a71b2212bdb7ed2f140 P 41118f5c2e8f48179ffbebbfb6da2edf [term 0 FOLLOWER]: Replica starting. Triggering 0 pending transactions. Active config: opid_index: -1 OBSOLETE_local: false peers { permanent_uuid: "41118f5c2e8f48179ffbebbfb6da2edf" member_type: VOTER last_known_addr { host: "127.5.70.2" port: 39291 } } peers { permanent_uuid: "63b9dc8cf49b47ebb644515af2f427e7" member_type: VOTER last_known_addr { host: "127.5.70.1" port: 36995 } } peers { permanent_uuid: "f5bc6d2f9c574b4db9396f9f900c1141" member_type: VOTER last_known_addr { host: "127.5.70.3" port: 43909 } } peers { permanent_uuid: "1b3038ad6c564f438aa18383cddc769a" member_type: VOTER last_known_addr { host: "127.5.70.4" port: 32993 } } peers { permanent_uuid: "81d8bacc3ca64d628a255ad416a77c3d" member_type: VOTER last_known_addr { host: "127.5.70.5" port: 36445 } }
I1121 10:21:18.594395 8259 raft_consensus.cc:363] T 787130b10eda4a71b2212bdb7ed2f140 P 41118f5c2e8f48179ffbebbfb6da2edf [term 0 FOLLOWER]: Consensus starting up: Expiring failure detector timer to make a prompt election more likely
I1121 10:21:18.594403 8259 raft_consensus.cc:702] T 787130b10eda4a71b2212bdb7ed2f140 P 41118f5c2e8f48179ffbebbfb6da2edf [term 0 FOLLOWER]: Becoming Follower/Learner. State: Replica: 41118f5c2e8f48179ffbebbfb6da2edf, State: Initialized, Role: FOLLOWER
I1121 10:21:18.594466 8259 consensus_queue.cc:231] T 787130b10eda4a71b2212bdb7ed2f140 P 41118f5c2e8f48179ffbebbfb6da2edf [NON_LEADER]: Queue going to NON_LEADER mode. State: All replicated index: 0, Majority replicated index: 0, Committed index: 0, Last appended: 0.0, Last appended by leader: 0, Current term: 0, Majority size: -1, State: 0, Mode: NON_LEADER, active raft config: opid_index: -1 OBSOLETE_local: false peers { permanent_uuid: "41118f5c2e8f48179ffbebbfb6da2edf" member_type: VOTER last_known_addr { host: "127.5.70.2" port: 39291 } } peers { permanent_uuid: "63b9dc8cf49b47ebb644515af2f427e7" member_type: VOTER last_known_addr { host: "127.5.70.1" port: 36995 } } peers { permanent_uuid: "f5bc6d2f9c574b4db9396f9f900c1141" member_type: VOTER last_known_addr { host: "127.5.70.3" port: 43909 } } peers { permanent_uuid: "1b3038ad6c564f438aa18383cddc769a" member_type: VOTER last_known_addr { host: "127.5.70.4" port: 32993 } } peers { permanent_uuid: "81d8bacc3ca64d628a255ad416a77c3d" member_type: VOTER last_known_addr { host: "127.5.70.5" port: 36445 } }
I1121 10:21:18.594465 8264 raft_consensus.cc:337] T 787130b10eda4a71b2212bdb7ed2f140 P 1b3038ad6c564f438aa18383cddc769a [term 0 FOLLOWER]: Replica starting. Triggering 0 pending transactions. Active config: opid_index: -1 OBSOLETE_local: false peers { permanent_uuid: "41118f5c2e8f48179ffbebbfb6da2edf" member_type: VOTER last_known_addr { host: "127.5.70.2" port: 39291 } } peers { permanent_uuid: "63b9dc8cf49b47ebb644515af2f427e7" member_type: VOTER last_known_addr { host: "127.5.70.1" port: 36995 } } peers { permanent_uuid: "f5bc6d2f9c574b4db9396f9f900c1141" member_type: VOTER last_known_addr { host: "127.5.70.3" port: 43909 } } peers { permanent_uuid: "1b3038ad6c564f438aa18383cddc769a" member_type: VOTER last_known_addr { host: "127.5.70.4" port: 32993 } } peers { permanent_uuid: "81d8bacc3ca64d628a255ad416a77c3d" member_type: VOTER last_known_addr { host: "127.5.70.5" port: 36445 } }
I1121 10:21:18.594480 8264 raft_consensus.cc:363] T 787130b10eda4a71b2212bdb7ed2f140 P 1b3038ad6c564f438aa18383cddc769a [term 0 FOLLOWER]: Consensus starting up: Expiring failure detector timer to make a prompt election more likely
I1121 10:21:18.594486 8264 raft_consensus.cc:702] T 787130b10eda4a71b2212bdb7ed2f140 P 1b3038ad6c564f438aa18383cddc769a [term 0 FOLLOWER]: Becoming Follower/Learner. State: Replica: 1b3038ad6c564f438aa18383cddc769a, State: Initialized, Role: FOLLOWER
I1121 10:21:18.594535 8259 ts_tablet_manager.cc:1132] T 787130b10eda4a71b2212bdb7ed2f140 P 41118f5c2e8f48179ffbebbfb6da2edf: Time spent starting tablet: real 0.000s user 0.000s sys 0.000s
I1121 10:21:18.594550 8264 consensus_queue.cc:231] T 787130b10eda4a71b2212bdb7ed2f140 P 1b3038ad6c564f438aa18383cddc769a [NON_LEADER]: Queue going to NON_LEADER mode. State: All replicated index: 0, Majority replicated index: 0, Committed index: 0, Last appended: 0.0, Last appended by leader: 0, Current term: 0, Majority size: -1, State: 0, Mode: NON_LEADER, active raft config: opid_index: -1 OBSOLETE_local: false peers { permanent_uuid: "41118f5c2e8f48179ffbebbfb6da2edf" member_type: VOTER last_known_addr { host: "127.5.70.2" port: 39291 } } peers { permanent_uuid: "63b9dc8cf49b47ebb644515af2f427e7" member_type: VOTER last_known_addr { host: "127.5.70.1" port: 36995 } } peers { permanent_uuid: "f5bc6d2f9c574b4db9396f9f900c1141" member_type: VOTER last_known_addr { host: "127.5.70.3" port: 43909 } } peers { permanent_uuid: "1b3038ad6c564f438aa18383cddc769a" member_type: VOTER last_known_addr { host: "127.5.70.4" port: 32993 } } peers { permanent_uuid: "81d8bacc3ca64d628a255ad416a77c3d" member_type: VOTER last_known_addr { host: "127.5.70.5" port: 36445 } }
I1121 10:21:18.594611 8264 ts_tablet_manager.cc:1132] T 787130b10eda4a71b2212bdb7ed2f140 P 1b3038ad6c564f438aa18383cddc769a: Time spent starting tablet: real 0.000s user 0.000s sys 0.000s
I1121 10:21:18.594643 8260 tablet_bootstrap.cc:590] T 787130b10eda4a71b2212bdb7ed2f140 P 81d8bacc3ca64d628a255ad416a77c3d: No blocks or log segments found. Creating new log.
I1121 10:21:18.594916 8258 tablet_bootstrap.cc:439] T 787130b10eda4a71b2212bdb7ed2f140 P f5bc6d2f9c574b4db9396f9f900c1141: No bootstrap required, opened a new log
I1121 10:21:18.594943 8258 ts_tablet_manager.cc:1104] T 787130b10eda4a71b2212bdb7ed2f140 P f5bc6d2f9c574b4db9396f9f900c1141: Time spent bootstrapping tablet: real 0.003s user 0.000s sys 0.001s
I1121 10:21:18.595085 8258 raft_consensus.cc:337] T 787130b10eda4a71b2212bdb7ed2f140 P f5bc6d2f9c574b4db9396f9f900c1141 [term 0 FOLLOWER]: Replica starting. Triggering 0 pending transactions. Active config: opid_index: -1 OBSOLETE_local: false peers { permanent_uuid: "41118f5c2e8f48179ffbebbfb6da2edf" member_type: VOTER last_known_addr { host: "127.5.70.2" port: 39291 } } peers { permanent_uuid: "63b9dc8cf49b47ebb644515af2f427e7" member_type: VOTER last_known_addr { host: "127.5.70.1" port: 36995 } } peers { permanent_uuid: "f5bc6d2f9c574b4db9396f9f900c1141" member_type: VOTER last_known_addr { host: "127.5.70.3" port: 43909 } } peers { permanent_uuid: "1b3038ad6c564f438aa18383cddc769a" member_type: VOTER last_known_addr { host: "127.5.70.4" port: 32993 } } peers { permanent_uuid: "81d8bacc3ca64d628a255ad416a77c3d" member_type: VOTER last_known_addr { host: "127.5.70.5" port: 36445 } }
I1121 10:21:18.595096 8258 raft_consensus.cc:363] T 787130b10eda4a71b2212bdb7ed2f140 P f5bc6d2f9c574b4db9396f9f900c1141 [term 0 FOLLOWER]: Consensus starting up: Expiring failure detector timer to make a prompt election more likely
I1121 10:21:18.595100 8258 raft_consensus.cc:702] T 787130b10eda4a71b2212bdb7ed2f140 P f5bc6d2f9c574b4db9396f9f900c1141 [term 0 FOLLOWER]: Becoming Follower/Learner. State: Replica: f5bc6d2f9c574b4db9396f9f900c1141, State: Initialized, Role: FOLLOWER
