I1121 10:21:35.887416 11765 tablet_bootstrap.cc:439] T 69c25581de6e4945a167245a4dcbbfe0 P 5457a73f9ecb40ee9889513a8412937b: Bootstrap starting.
I1121 10:21:35.887415 11768 tablet_bootstrap.cc:439] T 7b34e50304ff46e59622de2e979ac7b8 P af0d02c642ed4eab8d971d9f05d32044: No bootstrap required, opened a new log
I1121 10:21:35.887446 11768 ts_tablet_manager.cc:1104] T 7b34e50304ff46e59622de2e979ac7b8 P af0d02c642ed4eab8d971d9f05d32044: Time spent bootstrapping tablet: real 0.003s user 0.001s sys 0.000s
I1121 10:21:35.887588 11768 raft_consensus.cc:337] T 7b34e50304ff46e59622de2e979ac7b8 P af0d02c642ed4eab8d971d9f05d32044 [term 0 FOLLOWER]: Replica starting. Triggering 0 pending transactions. Active config: opid_index: -1 OBSOLETE_local: false peers { permanent_uuid: "af0d02c642ed4eab8d971d9f05d32044" member_type: VOTER last_known_addr { host: "127.5.70.2" port: 43797 } } peers { permanent_uuid: "ca8a596d4c4a4b438860e5e0420e3ad6" member_type: VOTER last_known_addr { host: "127.5.70.3" port: 40217 } } peers { permanent_uuid: "5457a73f9ecb40ee9889513a8412937b" member_type: VOTER last_known_addr { host: "127.5.70.4" port: 37207 } }
I1121 10:21:35.887603 11768 raft_consensus.cc:363] T 7b34e50304ff46e59622de2e979ac7b8 P af0d02c642ed4eab8d971d9f05d32044 [term 0 FOLLOWER]: Consensus starting up: Expiring failure detector timer to make a prompt election more likely
I1121 10:21:35.887609 11768 raft_consensus.cc:702] T 7b34e50304ff46e59622de2e979ac7b8 P af0d02c642ed4eab8d971d9f05d32044 [term 0 FOLLOWER]: Becoming Follower/Learner. State: Replica: af0d02c642ed4eab8d971d9f05d32044, State: Initialized, Role: FOLLOWER
I1121 10:21:35.887665 11768 consensus_queue.cc:231] T 7b34e50304ff46e59622de2e979ac7b8 P af0d02c642ed4eab8d971d9f05d32044 [NON_LEADER]: Queue going to NON_LEADER mode. State: All replicated index: 0, Majority replicated index: 0, Committed index: 0, Last appended: 0.0, Last appended by leader: 0, Current term: 0, Majority size: -1, State: 0, Mode: NON_LEADER, active raft config: opid_index: -1 OBSOLETE_local: false peers { permanent_uuid: "af0d02c642ed4eab8d971d9f05d32044" member_type: VOTER last_known_addr { host: "127.5.70.2" port: 43797 } } peers { permanent_uuid: "ca8a596d4c4a4b438860e5e0420e3ad6" member_type: VOTER last_known_addr { host: "127.5.70.3" port: 40217 } } peers { permanent_uuid: "5457a73f9ecb40ee9889513a8412937b" member_type: VOTER last_known_addr { host: "127.5.70.4" port: 37207 } }
I1121 10:21:35.887722 11765 tablet_bootstrap.cc:590] T 69c25581de6e4945a167245a4dcbbfe0 P 5457a73f9ecb40ee9889513a8412937b: No blocks or log segments found. Creating new log.
I1121 10:21:35.887742 11768 ts_tablet_manager.cc:1132] T 7b34e50304ff46e59622de2e979ac7b8 P af0d02c642ed4eab8d971d9f05d32044: Time spent starting tablet: real 0.000s user 0.000s sys 0.000s
I1121 10:21:35.887794 11768 tablet_bootstrap.cc:439] T 69c25581de6e4945a167245a4dcbbfe0 P af0d02c642ed4eab8d971d9f05d32044: Bootstrap starting.
I1121 10:21:35.888072 11768 tablet_bootstrap.cc:590] T 69c25581de6e4945a167245a4dcbbfe0 P af0d02c642ed4eab8d971d9f05d32044: No blocks or log segments found. Creating new log.
I1121 10:21:35.887274 11766 tablet_bootstrap.cc:439] T 69c25581de6e4945a167245a4dcbbfe0 P ca8a596d4c4a4b438860e5e0420e3ad6: No bootstrap required, opened a new log
I1121 10:21:35.888572 11766 ts_tablet_manager.cc:1104] T 69c25581de6e4945a167245a4dcbbfe0 P ca8a596d4c4a4b438860e5e0420e3ad6: Time spent bootstrapping tablet: real 0.002s user 0.001s sys 0.000s
I1121 10:21:35.888721 11766 raft_consensus.cc:337] T 69c25581de6e4945a167245a4dcbbfe0 P ca8a596d4c4a4b438860e5e0420e3ad6 [term 0 FOLLOWER]: Replica starting. Triggering 0 pending transactions. Active config: opid_index: -1 OBSOLETE_local: false peers { permanent_uuid: "af0d02c642ed4eab8d971d9f05d32044" member_type: VOTER last_known_addr { host: "127.5.70.2" port: 43797 } } peers { permanent_uuid: "ca8a596d4c4a4b438860e5e0420e3ad6" member_type: VOTER last_known_addr { host: "127.5.70.3" port: 40217 } } peers { permanent_uuid: "5457a73f9ecb40ee9889513a8412937b" member_type: VOTER last_known_addr { host: "127.5.70.4" port: 37207 } }
I1121 10:21:35.888743 11766 raft_consensus.cc:363] T 69c25581de6e4945a167245a4dcbbfe0 P ca8a596d4c4a4b438860e5e0420e3ad6 [term 0 FOLLOWER]: Consensus starting up: Expiring failure detector timer to make a prompt election more likely
I1121 10:21:35.888751 11766 raft_consensus.cc:702] T 69c25581de6e4945a167245a4dcbbfe0 P ca8a596d4c4a4b438860e5e0420e3ad6 [term 0 FOLLOWER]: Becoming Follower/Learner. State: Replica: ca8a596d4c4a4b438860e5e0420e3ad6, State: Initialized, Role: FOLLOWER
I1121 10:21:35.888809 11766 consensus_queue.cc:231] T 69c25581de6e4945a167245a4dcbbfe0 P ca8a596d4c4a4b438860e5e0420e3ad6 [NON_LEADER]: Queue going to NON_LEADER mode. State: All replicated index: 0, Majority replicated index: 0, Committed index: 0, Last appended: 0.0, Last appended by leader: 0, Current term: 0, Majority size: -1, State: 0, Mode: NON_LEADER, active raft config: opid_index: -1 OBSOLETE_local: false peers { permanent_uuid: "af0d02c642ed4eab8d971d9f05d32044" member_type: VOTER last_known_addr { host: "127.5.70.2" port: 43797 } } peers { permanent_uuid: "ca8a596d4c4a4b438860e5e0420e3ad6" member_type: VOTER last_known_addr { host: "127.5.70.3" port: 40217 } } peers { permanent_uuid: "5457a73f9ecb40ee9889513a8412937b" member_type: VOTER last_known_addr { host: "127.5.70.4" port: 37207 } }
I1121 10:21:35.888873 11766 ts_tablet_manager.cc:1132] T 69c25581de6e4945a167245a4dcbbfe0 P ca8a596d4c4a4b438860e5e0420e3ad6: Time spent starting tablet: real 0.000s user 0.000s sys 0.000s
I1121 10:21:35.888906 11766 tablet_bootstrap.cc:439] T 7b34e50304ff46e59622de2e979ac7b8 P ca8a596d4c4a4b438860e5e0420e3ad6: Bootstrap starting.
I1121 10:21:35.888942 11768 tablet_bootstrap.cc:439] T 69c25581de6e4945a167245a4dcbbfe0 P af0d02c642ed4eab8d971d9f05d32044: No bootstrap required, opened a new log
I1121 10:21:35.888967 11768 ts_tablet_manager.cc:1104] T 69c25581de6e4945a167245a4dcbbfe0 P af0d02c642ed4eab8d971d9f05d32044: Time spent bootstrapping tablet: real 0.001s user 0.001s sys 0.000s
I1121 10:21:35.889115 11768 raft_consensus.cc:337] T 69c25581de6e4945a167245a4dcbbfe0 P af0d02c642ed4eab8d971d9f05d32044 [term 0 FOLLOWER]: Replica starting. Triggering 0 pending transactions. Active config: opid_index: -1 OBSOLETE_local: false peers { permanent_uuid: "af0d02c642ed4eab8d971d9f05d32044" member_type: VOTER last_known_addr { host: "127.5.70.2" port: 43797 } } peers { permanent_uuid: "ca8a596d4c4a4b438860e5e0420e3ad6" member_type: VOTER last_known_addr { host: "127.5.70.3" port: 40217 } } peers { permanent_uuid: "5457a73f9ecb40ee9889513a8412937b" member_type: VOTER last_known_addr { host: "127.5.70.4" port: 37207 } }
I1121 10:21:35.889148 11768 raft_consensus.cc:363] T 69c25581de6e4945a167245a4dcbbfe0 P af0d02c642ed4eab8d971d9f05d32044 [term 0 FOLLOWER]: Consensus starting up: Expiring failure detector timer to make a prompt election more likely
I1121 10:21:35.889156 11768 raft_consensus.cc:702] T 69c25581de6e4945a167245a4dcbbfe0 P af0d02c642ed4eab8d971d9f05d32044 [term 0 FOLLOWER]: Becoming Follower/Learner. State: Replica: af0d02c642ed4eab8d971d9f05d32044, State: Initialized, Role: FOLLOWER
I1121 10:21:35.889225 11768 consensus_queue.cc:231] T 69c25581de6e4945a167245a4dcbbfe0 P af0d02c642ed4eab8d971d9f05d32044 [NON_LEADER]: Queue going to NON_LEADER mode. State: All replicated index: 0, Majority replicated index: 0, Committed index: 0, Last appended: 0.0, Last appended by leader: 0, Current term: 0, Majority size: -1, State: 0, Mode: NON_LEADER, active raft config: opid_index: -1 OBSOLETE_local: false peers { permanent_uuid: "af0d02c642ed4eab8d971d9f05d32044" member_type: VOTER last_known_addr { host: "127.5.70.2" port: 43797 } } peers { permanent_uuid: "ca8a596d4c4a4b438860e5e0420e3ad6" member_type: VOTER last_known_addr { host: "127.5.70.3" port: 40217 } } peers { permanent_uuid: "5457a73f9ecb40ee9889513a8412937b" member_type: VOTER last_known_addr { host: "127.5.70.4" port: 37207 } }
I1121 10:21:35.889240 11766 tablet_bootstrap.cc:590] T 7b34e50304ff46e59622de2e979ac7b8 P ca8a596d4c4a4b438860e5e0420e3ad6: No blocks or log segments found. Creating new log.
I1121 10:21:35.889290 11768 ts_tablet_manager.cc:1132] T 69c25581de6e4945a167245a4dcbbfe0 P af0d02c642ed4eab8d971d9f05d32044: Time spent starting tablet: real 0.000s user 0.000s sys 0.000s
I1121 10:21:35.889340 11768 tablet_bootstrap.cc:439] T 51d8830759cc4842af19cc0d22bb8d65 P af0d02c642ed4eab8d971d9f05d32044: Bootstrap starting.
I1121 10:21:35.889660 11768 tablet_bootstrap.cc:590] T 51d8830759cc4842af19cc0d22bb8d65 P af0d02c642ed4eab8d971d9f05d32044: No blocks or log segments found. Creating new log.
I1121 10:21:35.890318 11766 tablet_bootstrap.cc:439] T 7b34e50304ff46e59622de2e979ac7b8 P ca8a596d4c4a4b438860e5e0420e3ad6: No bootstrap required, opened a new log
I1121 10:21:35.890354 11766 ts_tablet_manager.cc:1104] T 7b34e50304ff46e59622de2e979ac7b8 P ca8a596d4c4a4b438860e5e0420e3ad6: Time spent bootstrapping tablet: real 0.001s user 0.001s sys 0.000s
I1121 10:21:35.890417 11768 tablet_bootstrap.cc:439] T 51d8830759cc4842af19cc0d22bb8d65 P af0d02c642ed4eab8d971d9f05d32044: No bootstrap required, opened a new log
I1121 10:21:35.890417 11765 tablet_bootstrap.cc:439] T 69c25581de6e4945a167245a4dcbbfe0 P 5457a73f9ecb40ee9889513a8412937b: No bootstrap required, opened a new log
I1121 10:21:35.890444 11768 ts_tablet_manager.cc:1104] T 51d8830759cc4842af19cc0d22bb8d65 P af0d02c642ed4eab8d971d9f05d32044: Time spent bootstrapping tablet: real 0.001s user 0.001s sys 0.000s
I1121 10:21:35.890444 11765 ts_tablet_manager.cc:1104] T 69c25581de6e4945a167245a4dcbbfe0 P 5457a73f9ecb40ee9889513a8412937b: Time spent bootstrapping tablet: real 0.003s user 0.001s sys 0.000s
I1121 10:21:35.890483 11766 raft_consensus.cc:337] T 7b34e50304ff46e59622de2e979ac7b8 P ca8a596d4c4a4b438860e5e0420e3ad6 [term 0 FOLLOWER]: Replica starting. Triggering 0 pending transactions. Active config: opid_index: -1 OBSOLETE_local: false peers { permanent_uuid: "af0d02c642ed4eab8d971d9f05d32044" member_type: VOTER last_known_addr { host: "127.5.70.2" port: 43797 } } peers { permanent_uuid: "ca8a596d4c4a4b438860e5e0420e3ad6" member_type: VOTER last_known_addr { host: "127.5.70.3" port: 40217 } } peers { permanent_uuid: "5457a73f9ecb40ee9889513a8412937b" member_type: VOTER last_known_addr { host: "127.5.70.4" port: 37207 } }
I1121 10:21:35.890494 11766 raft_consensus.cc:363] T 7b34e50304ff46e59622de2e979ac7b8 P ca8a596d4c4a4b438860e5e0420e3ad6 [term 0 FOLLOWER]: Consensus starting up: Expiring failure detector timer to make a prompt election more likely
I1121 10:21:35.890498 11766 raft_consensus.cc:702] T 7b34e50304ff46e59622de2e979ac7b8 P ca8a596d4c4a4b438860e5e0420e3ad6 [term 0 FOLLOWER]: Becoming Follower/Learner. State: Replica: ca8a596d4c4a4b438860e5e0420e3ad6, State: Initialized, Role: FOLLOWER
I1121 10:21:35.890555 11766 consensus_queue.cc:231] T 7b34e50304ff46e59622de2e979ac7b8 P ca8a596d4c4a4b438860e5e0420e3ad6 [NON_LEADER]: Queue going to NON_LEADER mode. State: All replicated index: 0, Majority replicated index: 0, Committed index: 0, Last appended: 0.0, Last appended by leader: 0, Current term: 0, Majority size: -1, State: 0, Mode: NON_LEADER, active raft config: opid_index: -1 OBSOLETE_local: false peers { permanent_uuid: "af0d02c642ed4eab8d971d9f05d32044" member_type: VOTER last_known_addr { host: "127.5.70.2" port: 43797 } } peers { permanent_uuid: "ca8a596d4c4a4b438860e5e0420e3ad6" member_type: VOTER last_known_addr { host: "127.5.70.3" port: 40217 } } peers { permanent_uuid: "5457a73f9ecb40ee9889513a8412937b" member_type: VOTER last_known_addr { host: "127.5.70.4" port: 37207 } }
I1121 10:21:35.890573 11768 raft_consensus.cc:337] T 51d8830759cc4842af19cc0d22bb8d65 P af0d02c642ed4eab8d971d9f05d32044 [term 0 FOLLOWER]: Replica starting. Triggering 0 pending transactions. Active config: opid_index: -1 OBSOLETE_local: false peers { permanent_uuid: "cd693d36f0014dc3a7c3f26196124794" member_type: VOTER last_known_addr { host: "127.5.70.1" port: 43035 } } peers { permanent_uuid: "ca8a596d4c4a4b438860e5e0420e3ad6" member_type: VOTER last_known_addr { host: "127.5.70.3" port: 40217 } } peers { permanent_uuid: "af0d02c642ed4eab8d971d9f05d32044" member_type: VOTER last_known_addr { host: "127.5.70.2" port: 43797 } }
I1121 10:21:35.890588 11768 raft_consensus.cc:363] T 51d8830759cc4842af19cc0d22bb8d65 P af0d02c642ed4eab8d971d9f05d32044 [term 0 FOLLOWER]: Consensus starting up: Expiring failure detector timer to make a prompt election more likely
I1121 10:21:35.890586 11765 raft_consensus.cc:337] T 69c25581de