I1121 10:21:19.287369 8275 consensus_queue.cc:231] T 5c8cdc07bf6f4480b269ca34a9b3e426 P c9e9c35ff1cb4b68ba7cf5c037a98347 [NON_LEADER]: Queue going to NON_LEADER mode. State: All replicated index: 0, Majority replicated index: 0, Committed index: 0, Last appended: 0.0, Last appended by leader: 0, Current term: 0, Majority size: -1, State: 0, Mode: NON_LEADER, active raft config: opid_index: -1 OBSOLETE_local: false peers { permanent_uuid: "63b9dc8cf49b47ebb644515af2f427e7" member_type: VOTER last_known_addr { host: "127.5.70.1" port: 36995 } } peers { permanent_uuid: "c9e9c35ff1cb4b68ba7cf5c037a98347" member_type: VOTER last_known_addr { host: "127.5.70.6" port: 32833 } } peers { permanent_uuid: "41118f5c2e8f48179ffbebbfb6da2edf" member_type: VOTER last_known_addr { host: "127.5.70.2" port: 39291 } } peers { permanent_uuid: "f5bc6d2f9c574b4db9396f9f900c1141" member_type: VOTER last_known_addr { host: "127.5.70.3" port: 43909 } } peers { permanent_uuid: "81d8bacc3ca64d628a255ad416a77c3d" member_type: VOTER last_known_addr { host: "127.5.70.5" port: 36445 } }
I1121 10:21:19.287436 8272 ts_tablet_manager.cc:1132] T 5c8cdc07bf6f4480b269ca34a9b3e426 P 63b9dc8cf49b47ebb644515af2f427e7: Time spent starting tablet: real 0.000s user 0.000s sys 0.000s
I1121 10:21:19.287479 8272 tablet_bootstrap.cc:439] T f30bc779dfa840c6ae504b94d82eaa5a P 63b9dc8cf49b47ebb644515af2f427e7: Bootstrap starting.
I1121 10:21:19.287612 8275 ts_tablet_manager.cc:1132] T 5c8cdc07bf6f4480b269ca34a9b3e426 P c9e9c35ff1cb4b68ba7cf5c037a98347: Time spent starting tablet: real 0.000s user 0.000s sys 0.000s
I1121 10:21:19.287899 8272 tablet_bootstrap.cc:590] T f30bc779dfa840c6ae504b94d82eaa5a P 63b9dc8cf49b47ebb644515af2f427e7: No blocks or log segments found. Creating new log.
I1121 10:21:19.288450 8272 tablet_bootstrap.cc:439] T f30bc779dfa840c6ae504b94d82eaa5a P 63b9dc8cf49b47ebb644515af2f427e7: No bootstrap required, opened a new log
I1121 10:21:19.288493 8272 ts_tablet_manager.cc:1104] T f30bc779dfa840c6ae504b94d82eaa5a P 63b9dc8cf49b47ebb644515af2f427e7: Time spent bootstrapping tablet: real 0.001s user 0.001s sys 0.000s
I1121 10:21:19.288671 8272 raft_consensus.cc:337] T f30bc779dfa840c6ae504b94d82eaa5a P 63b9dc8cf49b47ebb644515af2f427e7 [term 0 FOLLOWER]: Replica starting. Triggering 0 pending transactions. Active config: opid_index: -1 OBSOLETE_local: false peers { permanent_uuid: "c9e9c35ff1cb4b68ba7cf5c037a98347" member_type: VOTER last_known_addr { host: "127.5.70.6" port: 32833 } } peers { permanent_uuid: "81d8bacc3ca64d628a255ad416a77c3d" member_type: VOTER last_known_addr { host: "127.5.70.5" port: 36445 } } peers { permanent_uuid: "63b9dc8cf49b47ebb644515af2f427e7" member_type: VOTER last_known_addr { host: "127.5.70.1" port: 36995 } } peers { permanent_uuid: "1b3038ad6c564f438aa18383cddc769a" member_type: VOTER last_known_addr { host: "127.5.70.4" port: 32993 } } peers { permanent_uuid: "41118f5c2e8f48179ffbebbfb6da2edf" member_type: VOTER last_known_addr { host: "127.5.70.2" port: 39291 } }
I1121 10:21:19.288693 8272 raft_consensus.cc:363] T f30bc779dfa840c6ae504b94d82eaa5a P 63b9dc8cf49b47ebb644515af2f427e7 [term 0 FOLLOWER]: Consensus starting up: Expiring failure detector timer to make a prompt election more likely
I1121 10:21:19.288734 8272 raft_consensus.cc:702] T f30bc779dfa840c6ae504b94d82eaa5a P 63b9dc8cf49b47ebb644515af2f427e7 [term 0 FOLLOWER]: Becoming Follower/Learner. State: Replica: 63b9dc8cf49b47ebb644515af2f427e7, State: Initialized, Role: FOLLOWER
I1121 10:21:19.288808 8272 consensus_queue.cc:231] T f30bc779dfa840c6ae504b94d82eaa5a P 63b9dc8cf49b47ebb644515af2f427e7 [NON_LEADER]: Queue going to NON_LEADER mode. State: All replicated index: 0, Majority replicated index: 0, Committed index: 0, Last appended: 0.0, Last appended by leader: 0, Current term: 0, Majority size: -1, State: 0, Mode: NON_LEADER, active raft config: opid_index: -1 OBSOLETE_local: false peers { permanent_uuid: "c9e9c35ff1cb4b68ba7cf5c037a98347" member_type: VOTER last_known_addr { host: "127.5.70.6" port: 32833 } } peers { permanent_uuid: "81d8bacc3ca64d628a255ad416a77c3d" member_type: VOTER last_known_addr { host: "127.5.70.5" port: 36445 } } peers { permanent_uuid: "63b9dc8cf49b47ebb644515af2f427e7" member_type: VOTER last_known_addr { host: "127.5.70.1" port: 36995 } } peers { permanent_uuid: "1b3038ad6c564f438aa18383cddc769a" member_type: VOTER last_known_addr { host: "127.5.70.4" port: 32993 } } peers { permanent_uuid: "41118f5c2e8f48179ffbebbfb6da2edf" member_type: VOTER last_known_addr { host: "127.5.70.2" port: 39291 } }
I1121 10:21:19.288889 8272 ts_tablet_manager.cc:1132] T f30bc779dfa840c6ae504b94d82eaa5a P 63b9dc8cf49b47ebb644515af2f427e7: Time spent starting tablet: real 0.000s user 0.000s sys 0.000s
I1121 10:21:19.290138 8363 raft_consensus.cc:469] T 55d18b1e7ede4cb28f5dfc4ded166a30 P 63b9dc8cf49b47ebb644515af2f427e7 [term 0 FOLLOWER]: Starting pre-election (no leader contacted us within the election timeout)
I1121 10:21:19.290197 8363 raft_consensus.cc:491] T 55d18b1e7ede4cb28f5dfc4ded166a30 P 63b9dc8cf49b47ebb644515af2f427e7 [term 0 FOLLOWER]: Starting pre-election with config: opid_index: -1 OBSOLETE_local: false peers { permanent_uuid: "41118f5c2e8f48179ffbebbfb6da2edf" member_type: VOTER last_known_addr { host: "127.5.70.2" port: 39291 } } peers { permanent_uuid: "1b3038ad6c564f438aa18383cddc769a" member_type: VOTER last_known_addr { host: "127.5.70.4" port: 32993 } } peers { permanent_uuid: "c9e9c35ff1cb4b68ba7cf5c037a98347" member_type: VOTER last_known_addr { host: "127.5.70.6" port: 32833 } } peers { permanent_uuid: "63b9dc8cf49b47ebb644515af2f427e7" member_type: VOTER last_known_addr { host: "127.5.70.1" port: 36995 } } peers { permanent_uuid: "f5bc6d2f9c574b4db9396f9f900c1141" member_type: VOTER last_known_addr { host: "127.5.70.3" port: 43909 } }
I1121 10:21:19.290345 8363 leader_election.cc:296] T 55d18b1e7ede4cb28f5dfc4ded166a30 P 63b9dc8cf49b47ebb644515af2f427e7 [CANDIDATE]: Term 1 pre-election: Requested pre-vote from peers 41118f5c2e8f48179ffbebbfb6da2edf (127.5.70.2:39291), 1b3038ad6c564f438aa18383cddc769a (127.5.70.4:32993), c9e9c35ff1cb4b68ba7cf5c037a98347 (127.5.70.6:32833), f5bc6d2f9c574b4db9396f9f900c1141 (127.5.70.3:43909)
I1121 10:21:19.290509 8022 tablet_service.cc:1296] Received RequestConsensusVote() RPC: tablet_id: "55d18b1e7ede4cb28f5dfc4ded166a30" candidate_uuid: "63b9dc8cf49b47ebb644515af2f427e7" candidate_term: 1 candidate_status { last_received { term: 0 index: 0 } } ignore_live_leader: false dest_uuid: "c9e9c35ff1cb4b68ba7cf5c037a98347" is_pre_election: true
I1121 10:21:19.290539 8022 raft_consensus.cc:2359] T 55d18b1e7ede4cb28f5dfc4ded166a30 P c9e9c35ff1cb4b68ba7cf5c037a98347 [term 0 FOLLOWER]: Leader pre-election vote request: Granting yes vote for candidate 63b9dc8cf49b47ebb644515af2f427e7 in term 0.
I1121 10:21:19.290551 7519 tablet_service.cc:1296] Received RequestConsensusVote() RPC: tablet_id: "55d18b1e7ede4cb28f5dfc4ded166a30" candidate_uuid: "63b9dc8cf49b47ebb644515af2f427e7" candidate_term: 1 candidate_status { last_received { term: 0 index: 0 } } ignore_live_leader: false dest_uuid: "41118f5c2e8f48179ffbebbfb6da2edf" is_pre_election: true
I1121 10:21:19.290550 7650 tablet_service.cc:1296] Received RequestConsensusVote() RPC: tablet_id: "55d18b1e7ede4cb28f5dfc4ded166a30" candidate_uuid: "63b9dc8cf49b47ebb644515af2f427e7" candidate_term: 1 candidate_status { last_received { term: 0 index: 0 } } ignore_live_leader: false dest_uuid: "f5bc6d2f9c574b4db9396f9f900c1141" is_pre_election: true
I1121 10:21:19.290585 7650 raft_consensus.cc:2359] T 55d18b1e7ede4cb28f5dfc4ded166a30 P f5bc6d2f9c574b4db9396f9f900c1141 [term 0 FOLLOWER]: Leader pre-election vote request: Granting yes vote for candidate 63b9dc8cf49b47ebb644515af2f427e7 in term 0.
I1121 10:21:19.290585 7519 raft_consensus.cc:2359] T 55d18b1e7ede4cb28f5dfc4ded166a30 P 41118f5c2e8f48179ffbebbfb6da2edf [term 0 FOLLOWER]: Leader pre-election vote request: Granting yes vote for candidate 63b9dc8cf49b47ebb644515af2f427e7 in term 0.
I1121 10:21:19.290715 7773 tablet_service.cc:1296] Received RequestConsensusVote() RPC: tablet_id: "55d18b1e7ede4cb28f5dfc4ded166a30" candidate_uuid: "63b9dc8cf49b47ebb644515af2f427e7" candidate_term: 1 candidate_status { last_received { term: 0 index: 0 } } ignore_live_leader: false dest_uuid: "1b3038ad6c564f438aa18383cddc769a" is_pre_election: true
I1121 10:21:19.290777 7773 raft_consensus.cc:2359] T 55d18b1e7ede4cb28f5dfc4ded166a30 P 1b3038ad6c564f438aa18383cddc769a [term 0 FOLLOWER]: Leader pre-election vote request: Granting yes vote for candidate 63b9dc8cf49b47ebb644515af2f427e7 in term 0.
I1121 10:21:19.290915 7333 leader_election.cc:310] T 55d18b1e7ede4cb28f5dfc4ded166a30 P 63b9dc8cf49b47ebb644515af2f427e7 [CANDIDATE]: Term 1 pre-election: Election decided. Result: candidate won. Election summary: received 3 responses out of 5 voters: 3 yes votes; 0 no votes. yes voters: 63b9dc8cf49b47ebb644515af2f427e7, c9e9c35ff1cb4b68ba7cf5c037a98347, f5bc6d2f9c574b4db9396f9f900c1141; no voters:
I1121 10:21:19.291002 8363 raft_consensus.cc:2653] T 55d18b1e7ede4cb28f5dfc4ded166a30 P 63b9dc8cf49b47ebb644515af2f427e7 [term 0 FOLLOWER]: Leader pre-election won for term 1
I1121 10:21:19.291023 8363 raft_consensus.cc:469] T 55d18b1e7ede4cb28f5dfc4ded166a30 P 63b9dc8cf49b47ebb644515af2f427e7 [term 0 FOLLOWER]: Starting leader election (no leader contacted us within the election timeout)
I1121 10:21:19.291049 8363 raft_consensus.cc:2905] T 55d18b1e7ede4cb28f5dfc4ded166a30 P 63b9dc8cf49b47ebb644515af2f427e7 [term 0 FOLLOWER]: Advancing to term 1
I1121 10:21:19.291800 8363 raft_consensus.cc:491] T 55d18b1e7ede4cb28f5dfc4ded166a30 P 63b9dc8cf49b47ebb644515af2f427e7 [term 1 FOLLOWER]: Starting leader election with config: opid_index: -1 OBSOLETE_local: false peers { permanent_uuid: "41118f5c2e8f48179ffbebbfb6da2edf" member_type: VOTER last_known_addr { host: "127.5.70.2" port: 39291 } } peers { permanent_uuid: "1b3038ad6c564f438aa18383cddc769a" member_type: VOTER last_known_addr { host: "127.5.70.4" port: 32993 } } peers { permanent_uuid: "c9e9c35ff1cb4b68ba7cf5c037a98347" member_type: VOTER last_known_addr { host: "127.5.70.6" port: 32833 } } peers { permanent_uuid: "63b9dc8cf49b47ebb644515af2f427e7" member_type: VOTER last_known_addr { host: "127.5.70.1" port: 36995 } } peers { permanent_uuid: "f5bc6d2f9c574b4db9396f9f900c1141" member_type: VOTER last_known_addr { host: "127.5.70.3" port: 43909 } }
I1121 10:21:19.291883 8363 leader_election.cc:296] T 55d18b1e7ede4cb28f5dfc4ded166a30 P 63b9dc8cf49b47ebb644515af2f427e7 [CANDIDATE]: Term 1 election: Requested vote from peers 41118f5c2e8f48179ffbebbfb6da2edf (127.5.70.2:39291), 1b3038ad6c564f438aa18383cddc769a (127.5.70.4:32993), c9e9c35ff1cb4b68ba7cf5c037a98347 (127.5.70.6:32833), f5bc6d2f9c574b4db9396f9f900c1141 (127.5.70.3:43909)
I1121 10:21:19.292043 7773 tablet_service.cc:1296] Received RequestConsensusVote() RPC: tablet_id: "55d18b1e7ede4cb28f5dfc4ded166a30" candidate_uuid: "63b9dc8cf49b47ebb644515af2f427e7" candidate_term: 1 candidate_status { last_received { term: 0 index: 0 } } ignore_live_leader: false dest_uuid: "1b3038ad6c564f438aa18383cddc769a"
I1121 10:21:19.292044 8022 tablet_service.cc:1296] Received RequestConsensusVote() RPC: tablet_id: "55d18b1e7ede4cb28f5dfc4ded166a30" candidate_uuid: "63b9dc8cf49b47ebb644515af2f427e7" candidate_term: 1 candidate_status { last_received { term: 0 index: 0 } } ignore_live_leader: false dest_uuid: "c9e9c35ff1cb4b68ba7cf5c037a98347"
I1121 10:21:19.292045 7650 tablet_service.cc:1296] Received RequestConsensusVote() RPC: tablet_id: "55d18b1e7ede4cb28f5dfc4ded166a30" candidate_uuid: "63b9dc8cf49b47ebb644515af2f427e7" candidate_term: 1 candidate_status { last_received { term: 0 index: 0 } } ignore_live_leader: false dest_uuid: "f5bc6d2f9c574b4db9396f9f900c1141"
I1121 10:21:19.292071 8022 raft_consensus.cc:2905] T 55d18b1e7ede4cb28f5dfc4ded166a30 P c9e9c35ff1cb4b68ba7cf5c037a98347 [term 0 FOLLOWER]: Advancing to term 1
I1121 10:21:19.292071 7650 raft_consensus.cc:2905] T 55d18b1e7ede4cb28f5dfc4ded166a30 P f5bc6d2f9c574b4db9396f9f900c1141 [term 0 FOLLOWER]: Advancing to term 1
I1121 10:21:19.292073 7773 raft_consensus.cc:2905] T 55d18b1e7ede4cb28f5dfc4ded166a30 P 1b3038ad6c564f438aa18383cddc769a [term 0 FOLLOWER]: Advancing to term 1
I1121 10:21:19.292603 7519 tablet_service.cc:1296] Received RequestConsensusVote() RPC: tablet_id: "55d18b1e7ede4cb28f5dfc4ded166a30" candidate_uuid: "63b9dc8cf49b47ebb644515af2f427e7" candidate_term: 1 candidate_status { last_received { term: 0 index: 0 } } ignore_live_leader: false dest_uuid: "41118f5c2e8f48179ffbebbfb6da2edf"
I1121 10:21:19.292650 7519 raft_consensus.cc:2905] T 55d18b1e7ede4cb28f5dfc4ded166a30 P 41118f5c2e8f48179ffbebbfb6da2edf [term 0 FOLLOWER]: Advancing to term 1
I1121 10:21:19.292824 7773 raft_consensus.cc:2359] T 55d18b1e7ede4cb28f5dfc4ded166a30 P 1b3038ad6c564f438aa18383cddc769a [term 1 FOLLOWER]: Leader election vote request: Granting yes vote for candidate 63b9dc8cf49b47ebb644515af2f427e7 in term 1.
I1121 10:21:19.292883 8022 raft_consensus.cc:2359] T 55d18b1e7ede4cb28f5dfc4ded166a30 P c9e9c35ff1cb4b68ba7cf5c037a98347 [term 1 FOLLOWER]: Leader election vote request: Granting yes vote for candidate 63b9dc8cf49b47ebb644515af2f427e7 in term 1.
I1121 10:21:19.293035 7333 leader_election.cc:310] T 55d18b1e7ede4cb28f5dfc4ded166a30 P 63b9dc8cf49b47ebb644515af2f427e7 [CANDIDATE]: Term 1 election: Election decided. Result: candidate won. Election summary: received 3 responses out of 5 voters: 3 yes votes; 0 no votes. yes voters: 1b3038ad6c564f438aa18383cddc769a, 63b9dc8cf49b47ebb644515af2f427e7, c9e9c35ff1cb4b68ba7cf5c037a98347; no voters:
I1121 10:21:19.293103 8363 raft_consensus.cc:2653] T 55d18b1e7ede4cb28f5dfc4ded166a30 P 63b9dc8cf49b47ebb644515af2f427e7 [term 1 FOLLOWER]: Leader election won for term 1
I1121 10:21:19.293135 8363 raft_consensus.cc:664] T 55d18b1e7ede4cb28f5dfc4ded166a30 P 63b9dc8cf49b47ebb644515af2f427e7 [term 1 LEADER]: Becoming Leader. State: Replica: 63b9dc8cf49b47ebb644515af2f427e7, State: Running, Role: LEADER
I1121 10:21:19.293210 8363 consensus_queue.cc:208] T 55d18b1e7ede4cb28f5dfc4ded166a30 P 63b9dc8cf49b47ebb644515af2f427e7 [LEADER]: Queue going to LEADER mode. State: All replicated index: 0, Majority replicated index: 0, Committed index: 0, Last appended: 0.0, Last appended by leader: 0, Current term: 1, Majority size: 3, State: 0, Mode: LEADER, active raft config: opid_index: -1 OBSOLETE_local: false peers { permanent_uuid: "41118f5c2e8f48179ffbebbfb6da2edf" member_type: VOTER last_known_addr { host: "127.5.70.2" port: 39291 } } peers { permanent_uuid: "1b3038ad6c564f438aa18383cddc769a" member_type: VOTER last_known_addr { host: "127.5.70.4" port: 32993 } } peers { permanent_uuid: "c9e9c35ff1cb4b68ba7cf5c037a98347" member_type: VOTER last_known_addr { host: "127.5.70.6" port: 32833 } } peers { permanent_uuid: "63b9dc8cf49b47ebb644515af2f427e7" member_type: VOTER last_known_addr { host: "127.5.70.1" port: 36995 } } peers { permanent_uuid: "f5bc6d2f9c574b4db9396f9f900c1141" member_type: VOTER last_known_addr { host: "127.5.70.3" port: 43909 } }
I1121 10:21:19.293359 7519 raft_consensus.cc:2359] T 55d18b1e7ede4cb28f5dfc4ded166a30 P 41118f5c2e8f48179ffbebbfb6da2edf [term 1 FOLLOWER]: Leader election vote request: Granting yes vote for candidate 63b9dc8cf49b47ebb644515af2f427e7 in term 1.
I1121 10:21:19.293686 7650 raft_consensus.cc:2359] T 55d18b1e7ede4cb28f5dfc4ded166a30 P f5bc6d2f9c574b4db9396f9f900c1141 [term 1 FOLLOWER]: Leader election vote request: Granting yes vote for candidate 63b9dc8cf49b47ebb644515af2f427e7 in term 1.
I1121 10:21:19.293913 7274 catalog_manager.cc:4143] T 55d18b1e7ede4cb28f5dfc4ded166a30 P 63b9dc8cf49b47ebb644515af2f427e7 reported cstate change: term changed from 0 to 1, leader changed from to 63b9dc8cf49b47ebb644515af2f427e7 (127.5.70.1). New cstate: current_term: 1 leader_uuid: "63b9dc8cf49b47ebb644515af2f427e7" committed_config { opid_index: -1 OBSOLETE_local: false peers { permanent_uuid: "41118f5c2e8f48179ffbebbfb6da2edf" member_type: VOTER last_known_addr { host: "127.5.70.2" port: 39291 } health_report { overall_health: UNKNOWN } } peers { permanent_uuid: "1b3038ad6c564f438aa18383cddc769a" member_type: VOTER last_known_addr { host: "127.5.70.4" port: 32993 } health_report { overall_health: UNKNOWN } } peers { permanent_uuid: "c9e9c35ff1cb4b68ba7cf5c037a98347" member_type: VOTER last_known_addr { host: "127.5.70.6" port: 32833 } health_report { overall_health: UNKNOWN } } peers { permanent_uuid: "63b9dc8cf49b47ebb644515af2f427e7" member_type: VOTER last_known_addr { host: "127.5.70.1" port: 36995 } health_report { overall_health: HEALTHY } } peers { permanent_uuid: "f5bc6d2f9c574b4db9396f9f900c1141" member_type: VOTER last_known_addr { host: "127.5.70.3" port: 43909 } health_report { overall_health: UNKNOWN } } }
I1121 10:21:19.369704 8502 raft_consensus.cc:469] T 5c8cdc07bf6f4480b269ca34a9b3e426 P 81d8bacc3ca64d628a255ad416a77c3d [term 0 FOLLOWER]: Starting pre-election (no leader contacted us within the election timeout)
I1121 10:21:19.369832 8502 raft_consensus.cc:491] T 5c8cdc07bf6f4480b269ca34a9b3e426 P 81d8bacc3ca64d628a255ad416a77c3d [term 0 FOLLOWER]: Starting pre-election with config: opid_index: -1 OBSOLETE_local: false peers { permanent_uuid: "63b9dc8cf49b47ebb644515af2f427e7" member_type: VOTER last_known_addr { host: "127.5.70.1" port: 36995 } } peers { permanent_uuid: "c9e9c35ff1cb4b68ba7cf5c037a98347" member_type: VOTER last_known_addr { host: "127.5.70.6" port: 32833 } } peers { permanent_uuid: "41118f5c2e8f48179ffbebbfb6da2edf" member_type: VOTER last_known_addr { host: "127.5.70.2" port: 39291 } } peers { permanent_uuid: "f5bc6d2f9c574b4db9396f9f900c1141" member_type: VOTER last_known_addr { host: "127.5.70.3" port: 43909 } } peers { permanent_uuid: "81d8bacc3ca64d628a255ad416a77c3d" member_type: VOTER last_known_addr { host: "127.5.70.5" port: 36445 } }
I1121 10:21:19.370105 8502 leader_election.cc:296] T 5c8cdc07bf6f4480b269ca34a9b3e426 P 81d8bacc3ca64d628a255ad416a77c3d [CANDIDATE]: Term 1 pre-election: Requested pre-vote from peers 63b9dc8cf49b47ebb644515af2f427e7 (127.5.70.1:36995), c9e9c35ff1cb4b68ba7cf5c037a98347 (127.5.70.6:32833), 41118f5c2e8f48179ffbebbfb6da2edf (127.5.70.2:39291), f5bc6d2f9c574b4db9396f9f900c1141 (127.5.70.3:43909)
I1121 10:21:19.370112 7402 tablet_service.cc:1296] Received RequestConsensusVote() RPC: tablet_id: "5c8cdc07bf6f4480b269ca34a9b3e426" candidate_uuid: "81d8bacc3ca64d628a255ad416a77c3d" candidate_term: 1 candidate_status { last_received { term: 0 index: 0 } } ignore_live_leader: false dest_uuid: "63b9dc8cf49b47ebb644515af2f427e7" is_pre_election: true
I1121 10:21:19.370155 7402 raft_consensus.cc:2359] T 5c8cdc07bf6f4480b269ca34a9b3e426 P 63b9dc8cf49b47ebb644515af2f427e7 [term 0 FOLLOWER]: Leader pre-election vote request: Granting yes vote for candidate 81d8bacc3ca64d628a255ad416a77c3d in term 0.
I1121 10:21:19.370297 7519 tablet_service.cc:1296] Received RequestConsensusVote() RPC: tablet_id: "5c8cdc07bf6f4480b269ca34a9b3e426" candidate_uuid: "81d8bacc3ca64d628a255ad416a77c3d" candidate_term: 1 candidate_status { last_received { term: 0 index: 0 } } ignore_live_leader: false dest_uuid: "41118f5c2e8f48179ffbebbfb6da2edf" is_pre_election: true
I1121 10:21:19.370357 7519 raft_consensus.cc:2359] T 5c8cdc07bf6f4480b269ca34a9b3e426 P 41118f5c2e8f48179ffbebbfb6da2edf [term 0 FOLLOWER]: Leader pre-election vote request: Granting yes vote for candidate 81d8bacc3ca64d628a255ad416a77c3d in term 0.
I1121 10:21:19.370416 8022 tablet_service.cc:1296] Received RequestConsensusVote() RPC: tablet_id: "5c8cdc07bf6f4480b269ca34a9b3e426" candidate_uuid: "81d8bacc3ca64d628a255ad416a77c3d" candidate_term: 1 candidate_status { last_received { term: 0 index: 0 } } ignore_live_leader: false dest_uuid: "c9e9c35ff1cb4b68ba7cf5c037a98347" is_pre_election: true
I1121 10:21:19.370453 8022 raft_consensus.cc:2359] T 5c8cdc07bf6f4480b269ca34a9b3e426 P c9e9c35ff1cb4b68ba7cf5c037a98347 [term 0 FOLLOWER]: Leader pre-election vote request: Granting yes vote for candidate 81d8bacc3ca64d628a255ad416a77c3d in term 0.
I1121 10:21:19.370488 7650 tablet_service.cc:1296] Received RequestConsensusVote() RPC: tablet_id: "5c8cdc07bf6f4480b269ca34a9b3e426" candidate_uuid: "81d8bacc3ca64d628a255ad416a77c3d" candidate_term: 1 candidate_status { last_received { term: 0 index: 0 } } ignore_live_leader: false dest_uuid: "f5bc6d2f9c574b4db9396f9f900c1141" is_pre_election: true
I1121 10:21:19.370496 7832 leader_election.cc:310] T 5c8cdc07bf6f4480b269ca34a9b3e426 P 81d8bacc3ca64d628a255ad416a77c3d [CANDIDATE]: Term 1 pre-election: Election decided. Result: candidate won. Election summary: received 3 responses out of 5 voters: 3 yes votes; 0 no votes. yes voters: 41118f5c2e8f48179ffbebbfb6da2edf, 63b9dc8cf49b47ebb644515af2f427e7, 81d8bacc3ca64d628a255ad416a77c3d; no voters:
I1121 10:21:19.370527 7650 raft_consensus.cc:2359] T 5c8cdc07bf6f4480b269ca34a9b3e426 P f5bc6d2f9c574b4db9396f9f900c1141 [term 0 FOLLOWER]: Leader pre-election vote request: Granting yes vote for candidate 81d8bacc3ca64d628a255ad416a77c3d in term 0.
I1121 10:21:19.370568 8502 raft_consensus.cc:2653] T 5c8cdc07bf6f4480b269ca34a9b3e426 P 81d8bacc3ca64d628a255ad416a77c3d [term 0 FOLLOWER]: Leader pre-election won for term 1
I1121 10:21:19.370581 8502 raft_consensus.cc:469] T 5c8cdc07bf6f4480b269ca34a9b3e426 P 81d8bacc3ca64d628a255ad416a77c3d [term 0 FOLLOWER]: Starting leader election (no leader contacted us within the election timeout)
I1121 10:21:19.370589 8502 raft_consensus.cc:2905] T 5c8cdc07bf6f4480b269ca34a9b3e426 P 81d8bacc3ca64d628a255ad416a77c3d [term 0 FOLLOWER]: Advancing to term 1
I1121 10:21:19.371353 8502 raft_consensus.cc:491] T 5c8cdc07bf6f4480b269ca34a9b3e426 P 81d8bacc3ca64d628a255ad416a77c3d [term 1 FOLLOWER]: Starting leader election with config: opid_index: -1 OBSOLETE_local: false peers { permanent_uuid: "63b9dc8cf49b47ebb644515af2f427e7" member_type: VOTER last_known_addr { host: "127.5.70.1" port: 36995 } } peers { permanent_uuid: "c9e9c35ff1cb4b68ba7cf5c037a98347" member_type: VOTER last_known_addr { host: "127.5.70.6" port: 32833 } } peers { permanent_uuid: "41118f5c2e8f48179ffbebbfb6da2edf" member_type: VOTER last_known_addr { host: "127.5.70.2" port: 39291 } } peers { permanent_uuid: "f5bc6d2f9c574b4db9396f9f900c1141" member_type: VOTER last_known_addr { host: "127.5.70.3" port: 43909 } } peers { permanent_uuid: "81d8bacc3ca64d628a255ad416a77c3d" member_type: VOTER last_known_addr { host: "127.5.70.5" port: 36445 } }
I1121 10:21:19.371598 8022 tablet_service.cc:1296] Received RequestConsensusVote() RPC: tablet_id: "5c8cdc07bf6f4480b269ca34a9b3e426" candidate_uuid: "81d8bacc3ca64d628a255ad416a77c3d" candidate_term: 1 candidate_status { last_received { term: 0 index: 0 } } ignore_live_leader: false dest_uuid: "c9e9c35ff1cb4b68ba7cf5c037a98347"
I1121 10:21:19.371608 7519 tablet_service.cc:1296] Received RequestConsensusVote() RPC: tablet_id: "5c8cdc07bf6f4480b269ca34a9b3e426" candidate_uuid: "81d8bacc3ca64d628a255ad416a77c3d" candidate_term: 1 candidate_status { last_received { term: 0 index: 0 } } ignore_live_leader: false dest_uuid: "41118f5c2e8f48179ffbebbfb6da2edf"
I1121 10:21:19.371623 7402 tablet_service.cc:1296] Received RequestConsensusVote() RPC: tablet_id: "5c8cdc07bf6f4480b269ca34a9b3e426" candidate_uuid: "81d8bacc3ca64d628a255ad416a77c3d" candidate_term: 1 candidate_status { last_received { term: 0 index: 0 } } ignore_live_leader: false dest_uuid: "63b9dc8cf49b47ebb644515af2f427e7"
I1121 10:21:19.371628 8022 raft_consensus.cc:2905] T 5c8cdc07bf6f4480b269ca34a9b3e426 P c9e9c35ff1cb4b68ba7cf5c037a98347 [term 0 FOLLOWER]: Advancing to term 1
I1121 10:21:19.371631 7519 raft_consensus.cc:2905] T 5c8cdc07bf6f4480b269ca34a9b3e426 P 41118f5c2e8f48179ffbebbfb6da2edf [term 0 FOLLOWER]: Advancing to term 1
I1121 10:21:19.371644 7402 raft_consensus.cc:2905] T 5c8cdc07bf6f4480b269ca34a9b3e426 P 63b9dc8cf49b47ebb644515af2f427e7 [term 0 FOLLOWER]: Advancing to term 1
I1121 10:21:19.372120 7519 raft_consensus.cc:2359] T 5c8cdc07bf6f4480b269ca34a9b3e426 P 41118f5c2e8f48179ffbebbfb6da2edf [term 1 FOLLOWER]: Leader election vote request: Granting yes vote for candidate 81d8bacc3ca64d628a255ad416a77c3d in term 1.
I1121 10:21:19.372252 7650 tablet_service.cc:1296] Received RequestConsensusVote() RPC: tablet_id: "5c8cdc07bf6f4480b269ca34a9b3e426" candidate_uuid: "81d8bacc3ca64d628a255ad416a77c3d" candidate_term: 1 candidate_status { last_received { term: 0 index: 0 } } ignore_live_leader: false dest_uuid: "f5bc6d2f9c574b4db9396f9f900c1141"
I1121 10:21:19.372277 7650 raft_consensus.cc:2905] T 5c8cdc07bf6f4480b269ca34a9b3e426 P f5bc6d2f9c574b4db9396f9f900c1141 [term 0 FOLLOWER]: Advancing to term 1
I1121 10:21:19.372319 7402 raft_consensus.cc:2359] T 5c8cdc07bf6f4480b269ca34a9b3e426 P 63b9dc8cf49b47ebb644515af2f427e7 [term 1 FOLLOWER]: Leader election vote request: Granting yes vote for candidate 81d8bacc3ca64d628a255ad416a77c3d in term 1.
I1121 10:21:19.372367 8022 raft_consensus.cc:2359] T 5c8cdc07bf6f4480b269ca34a9b3e426 P c9e9c35ff1cb4b68ba7cf5c037a98347 [term 1 FOLLOWER]: Leader election vote request: Granting yes vote for candidate 81d8bacc3ca64d628a255ad416a77c3d in term 1.
I1121 10:21:19.372465 7831 leader_election.cc:310] T 5c8cdc07bf6f4480b269ca34a9b3e426 P 81d8bacc3ca64d628a255ad416a77c3d [CANDIDATE]: Term 1 election: Election decided. Result: candidate won. Election summary: received 3 responses out of 5 voters: 3 yes votes; 0 no votes. yes voters: 41118f5c2e8f48179ffbebbfb6da2edf, 63b9dc8cf49b47ebb644515af2f427e7, 81d8bacc3ca64d628a255ad416a77c3d; no voters:
I1121 10:21:19.372630 8503 raft_consensus.cc:2653] T 5c8cdc07bf6f4480b269ca34a9b3e426 P 81d8bacc3ca64d628a255ad416a77c3d [term 1 FOLLOWER]: Leader election won for term 1
I1121 10:21:19.372684 8503 raft_consensus.cc:664] T 5c8cdc07bf6f4480b269ca34a9b3e426 P 81d8bacc3ca64d628a255ad416a77c3d [term 1 LEADER]: Becoming Leader. State: Replica: 81d8bacc3ca64d628a255ad416a77c3d, State: Running, Role: LEADER
I1121 10:21:19.372776 8503 consensus_queue.cc:208] T 5c8cdc07bf6f4480b269ca34a9b3e426 P 81d8bacc3ca64d628a255ad416a77c3d [LEADER]: Queue going to LEADER mode. State: All replicated index: 0, Majority replicated index: 0, Committed index: 0, Last appended: 0.0, Last appended by leader: 0, Current term: 1, Majority size: 3, State: 0, Mode: LEADER, active raft config: opid_index: -1 OBSOLETE_local: false peers { permanent_uuid: "63b9dc8cf49b47ebb644515af2f427e7" member_type: VOTER last_known_addr { host: "127.5.70.1" port: 36995 } } peers { permanent_uuid: "c9e9c35ff1cb4b68ba7cf5c037a98347" member_type: VOTER last_known_addr { host: "127.5.70.6" port: 32833 } } peers { permanent_uuid: "41118f5c2e8f48179ffbebbfb6da2edf" member_type: VOTER last_known_addr { host: "127.5.70.2" port: 39291 } } peers { permanent_uuid: "f5bc6d2f9c574b4db9396f9f900c1141" member_type: VOTER last_known_addr { host: "127.5.70.3" port: 43909 } } peers { permanent_uuid: "81d8bacc3ca64d628a255ad416a77c3d" member_type: VOTER last_known_addr { host: "127.5.70.5" port: 36445 } }
I1121 10:21:19.373044 7650 raft_consensus.cc:2359] T 5c8cdc07bf6f4480b269ca34a9b3e426 P f5bc6d2f9c574b4db9396f9f900c1141 [term 1 FOLLOWER]: Leader election vote request: Granting yes vote for candidate 81d8bacc3ca64d628a255ad416a77c3d in term 1.
I1121 10:21:19.373147 8502 leader_election.cc:296] T 5c8cdc07bf6f4480b269ca34a9b3e426 P 81d8bacc3ca64d628a255ad416a77c3d [CANDIDATE]: Term 1 election: Requested vote from peers 63b9dc8cf49b47ebb644515af2f427e7 (127.5.70.1:36995), c9e9c35ff1cb4b68ba7cf5c037a98347 (127.5.70.6:32833), 41118f5c2e8f48179ffbebbfb6da2edf (127.5.70.2:39291), f5bc6d2f9c574b4db9396f9f900c1141 (127.5.70.3:43909)
I1121 10:21:19.373464 7271 catalog_manager.cc:4143] T 5c8cdc07bf6f4480b269ca34a9b3e426 P 81d8bacc3ca64d628a255ad416a77c3d reported cstate change: term changed from 0 to 1, leader changed from to 81d8bacc3ca64d628a255ad416a77c3d (127.5.70.5). New cstate: current_term: 1 leader_uuid: "81d8bacc3ca64d628a255ad416a77c3d" committed_config { opid_index: -1 OBSOLETE_local: false peers { permanent_uuid: "63b9dc8cf49b47ebb644515af2f427e7" member_type: VOTER last_known_addr { host: "127.5.70.1" port: 36995 } health_report { overall_health: UNKNOWN } } peers { permanent_uuid: "c9e9c35ff1cb4b68ba7cf5c037a98347" member_type: VOTER last_known_addr { host: "127.5.70.6" port: 32833 } health_report { overall_health: UNKNOWN } } peers { permanent_uuid: "41118f5c2e8f48179ffbebbfb6da2edf" member_type: VOTER last_known_addr { host: "127.5.70.2" port: 39291 } health_report { overall_health: UNKNOWN } } peers { permanent_uuid: "f5bc6d2f9c574b4db9396f9f900c1141" member_type: VOTER last_known_addr { host: "127.5.70.3" port: 43909 } health_report { overall_health: UNKNOWN } } peers { permanent_uuid: "81d8bacc3ca64d628a255ad416a77c3d" member_type: VOTER last_known_addr { host: "127.5.70.5" port: 36445 } health_report { overall_health: HEALTHY } } }
I1121 10:21:19.392565 8307 raft_consensus.cc:469] T f30bc779dfa840c6ae504b94d82eaa5a P 63b9dc8cf49b47ebb644515af2f427e7 [term 0 FOLLOWER]: Starting pre-election (no leader contacted us within the election timeout)
I1121 10:21:19.392668 8307 raft_consensus.cc:491] T f30bc779dfa840c6ae504b94d82eaa5a P 63b9dc8cf49b47ebb644515af2f427e7 [term 0 FOLLOWER]: Starting pre-election with config: opid_index: -1 OBSOLETE_local: false peers { permanent_uuid: "c9e9c35ff1cb4b68ba7cf5c037a98347" member_type: VOTER last_known_addr { host: "127.5.70.6" port: 32833 } } peers { permanent_uuid: "81d8bacc3ca64d628a255ad416a77c3d" member_type: VOTER last_known_addr { host: "127.5.70.5" port: 36445 } } peers { permanent_uuid: "63b9dc8cf49b47ebb644515af2f427e7" member_type: VOTER last_known_addr { host: "127.5.70.1" port: 36995 } } peers { permanent_uuid: "1b3038ad6c564f438aa18383cddc769a" member_type: VOTER last_known_addr { host: "127.5.70.4" port: 32993 } } peers { permanent_uuid: "41118f5c2e8f48179ffbebbfb6da2edf" member_type: VOTER last_known_addr { host: "127.5.70.2" port: 39291 } }
I1121 10:21:19.392791 8307 leader_election.cc:296] T f30bc779dfa840c6ae504b94d82eaa5a P 63b9dc8cf49b47ebb644515af2f427e7 [CANDIDATE]: Term 1 pre-election: Requested pre-vote from peers c9e9c35ff1cb4b68ba7cf5c037a98347 (127.5.70.6:32833), 81d8bacc3ca64d628a255ad416a77c3d (127.5.70.5:36445), 1b3038ad6c564f438aa18383cddc769a (127.5.70.4:32993), 41118f5c2e8f48179ffbebbfb6da2edf (127.5.70.2:39291)
I1121 10:21:19.393049 7519 tablet_service.cc:1296] Received RequestConsensusVote() RPC: tablet_id: "f30bc779dfa840c6ae504b94d82eaa5a" candidate_uuid: "63b9dc8cf49b47ebb644515af2f427e7" candidate_term: 1 candidate_status { last_received { term: 0 index: 0 } } ignore_live_leader: false dest_uuid: "41118f5c2e8f48179ffbebbfb6da2edf" is_pre_election: true
I1121 10:21:19.393069 7893 tablet_service.cc:1296] Received RequestConsensusVote() RPC: tablet_id: "f30bc779dfa840c6ae504b94d82eaa5a" candidate_uuid: "63b9dc8cf49b47ebb644515af2f427e7" candidate_term: 1 candidate_status { last_received { term: 0 index: 0 } } ignore_live_leader: false dest_uuid: "81d8bacc3ca64d628a255ad416a77c3d" is_pre_election: true
I1121 10:21:19.393097 7519 raft_consensus.cc:2359] T f30bc779dfa840c6ae504b94d82eaa5a P 41118f5c2e8f48179ffbebbfb6da2edf [term 0 FOLLOWER]: Leader pre-election vote request: Granting yes vote for candidate 63b9dc8cf49b47ebb644515af2f427e7 in term 0.
I1121 10:21:19.393105 7893 raft_consensus.cc:2359] T f30bc779dfa840c6ae504b94d82eaa5a P 81d8bacc3ca64d628a255ad416a77c3d [term 0 FOLLOWER]: Leader pre-election vote request: Granting yes vote for candidate 63b9dc8cf49b47ebb644515af2f427e7 in term 0.
I1121 10:21:19.393117 8022 tablet_service.cc:1296] Received RequestConsensusVote() RPC: tablet_id: "f30bc779dfa840c6ae504b94d82eaa5a" candidate_uuid: "63b9dc8cf49b47ebb644515af2f427e7" candidate_term: 1 candidate_status { last_received { term: 0 index: 0 } } ignore_live_leader: false dest_uuid: "c9e9c35ff1cb4b68ba7cf5c037a98347" is_pre_election: true
I1121 10:21:19.393151 8022 raft_consensus.cc:2359] T f30bc779dfa840c6ae504b94d82eaa5a P c9e9c35ff1cb4b68ba7cf5c037a98347 [term 0 FOLLOWER]: Leader pre-election vote request: Granting yes vote for candidate 63b9dc8cf49b47ebb644515af2f427e7 in term 0.
I1121 10:21:19.393214 7773 tablet_service.cc:1296] Received RequestConsensusVote() RPC: tablet_id: "f30bc779dfa840c6ae504b94d82eaa5a" candidate_uuid: "63b9dc8cf49b47ebb644515af2f427e7" candidate_term: 1 candidate_status { last_received { term: 0 index: 0 } } ignore_live_leader: false dest_uuid: "1b3038ad6c564f438aa18383cddc769a" is_pre_election: true
I1121 10:21:19.393254 7773 raft_consensus.cc:2359] T f30bc779dfa840c6ae504b94d82eaa5a P 1b3038ad6c564f438aa18383cddc769a [term 0 FOLLOWER]: Leader pre-election vote request: Granting yes vote for candidate 63b9dc8cf49b47ebb644515af2f427e7 in term 0.
I1121 10:21:19.393280 7334 leader_election.cc:310] T f30bc779dfa840c6ae504b94d82eaa5a P 63b9dc8cf49b47ebb644515af2f427e7 [CANDIDATE]: Term 1 pre-election: Election decided. Result: candidate won. Election summary: received 3 responses out of 5 voters: 3 yes votes; 0 no votes. yes voters: 41118f5c2e8f48179ffbebbfb6da2edf, 63b9dc8cf49b47ebb644515af2f427e7, 81d8bacc3ca64d628a255ad416a77c3d; no voters:
I1121 10:21:19.393343 8307 raft_consensus.cc:2653] T f30bc779dfa840c6ae504b94d82eaa5a P 63b9dc8cf49b47ebb644515af2f427e7 [term 0 FOLLOWER]: Leader pre-election won for term 1
I1121 10:21:19.393366 8307 raft_consensus.cc:469] T f30bc779dfa840c6ae504b94d82eaa5a P 63b9dc8cf49b47ebb644515af2f427e7 [term 0 FOLLOWER]: Starting leader election (no leader contacted us within the election timeout)
I1121 10:21:19.393383 8307 raft_consensus.cc:2905] T f30bc779dfa840c6ae504b94d82eaa5a P 63b9dc8cf49b47ebb644515af2f427e7 [term 0 FOLLOWER]: Advancing to term 1
I1121 10:21:19.394188 8307 raft_consensus.cc:491] T f30bc779dfa840c6ae504b94d82eaa5a P 63b9dc8cf49b47ebb644515af2f427e7 [term 1 FOLLOWER]: Starting leader election with config: opid_index: -1 OBSOLETE_local: false peers { permanent_uuid: "c9e9c35ff1cb4b68ba7cf5c037a98347" member_type: VOTER last_known_addr { host: "127.5.70.6" port: 32833 } } peers { permanent_uuid: "81d8bacc3ca64d628a255ad416a77c3d" member_type: VOTER last_known_addr { host: "127.5.70.5" port: 36445 } } peers { permanent_uuid: "63b9dc8cf49b47ebb644515af2f427e7" member_type: VOTER last_known_addr { host: "127.5.70.1" port: 36995 } } peers { permanent_uuid: "1b3038ad6c564f438aa18383cddc769a" member_type: VOTER last_known_addr { host: "127.5.70.4" port: 32993 } } peers { permanent_uuid: "41118f5c2e8f48179ffbebbfb6da2edf" member_type: VOTER last_known_addr { host: "127.5.70.2" port: 39291 } }
I1121 10:21:19.394287 8307 leader_election.cc:296] T f30bc779dfa840c6ae504b94d82eaa5a P 63b9dc8cf49b47ebb644515af2f427e7 [CANDIDATE]: Term 1 election: Requested vote from peers c9e9c35ff1cb4b68ba7cf5c037a98347 (127.5.70.6:32833), 81d8bacc3ca64d628a255ad416a77c3d (127.5.70.5:36445), 1b3038ad6c564f438aa18383cddc769a (127.5.70.4:32993), 41118f5c2e8f48179ffbebbfb6da2edf (127.5.70.2:39291)
I1121 10:21:19.394439 8022 tablet_service.cc:1296] Received RequestConsensusVote() RPC: tablet_id: "f30bc779dfa840c6ae504b94d82eaa5a" candidate_uuid: "63b9dc8cf49b47ebb644515af2f427e7" candidate_term: 1 candidate_status { last_received { term: 0 index: 0 } } ignore_live_leader: false dest_uuid: "c9e9c35ff1cb4b68ba7cf5c037a98347"
I1121 10:21:19.394474 8022 raft_consensus.cc:2905] T f30bc779dfa840c6ae504b94d82eaa5a P c9e9c35ff1cb4b68ba7cf5c037a98347 [term 0 FOLLOWER]: Advancing to term 1
I1121 10:21:19.394536 7519 tablet_service.cc:1296] Received RequestConsensusVote() RPC: tablet_id: "f30bc779dfa840c6ae504b94d82eaa5a" candidate_uuid: "63b9dc8cf49b47ebb644515af2f427e7" candidate_term: 1 candidate_status { last_received { term: 0 index: 0 } } ignore_live_leader: false dest_uuid: "41118f5c2e8f48179ffbebbfb6da2edf"
I1121 10:21:19.394544 7893 tablet_service.cc:1296] Received RequestConsensusVote() RPC: tablet_id: "f30bc779dfa840c6ae504b94d82eaa5a" candidate_uuid: "63b9dc8cf49b47ebb644515af2f427e7" candidate_term: 1 candidate_status { last_received { term: 0 index: 0 } } ignore_live_leader: false dest_uuid: "81d8bacc3ca64d628a255ad416a77c3d"
I1121 10:21:19.394567 7893 raft_consensus.cc:2905] T f30bc779dfa840c6ae504b94d82eaa5a P 81d8bacc3ca64d628a255ad416a77c3d [term 0 FOLLOWER]: Advancing to term 1
I1121 10:21:19.394569 7519 raft_consensus.cc:2905] T f30bc779dfa840c6ae504b94d82eaa5a P 41118f5c2e8f48179ffbebbfb6da2edf [term 0 FOLLOWER]: Advancing to term 1
I1121 10:21:19.395128 7893 raft_consensus.cc:2359] T f30bc779dfa840c6ae504b94d82eaa5a P 81d8bacc3ca64d628a255ad416a77c3d [term 1 FOLLOWER]: Leader election vote request: Granting yes vote for candidate 63b9dc8cf49b47ebb644515af2f427e7 in term 1.
I1121 10:21:19.395200 8022 raft_consensus.cc:2359] T f30bc779dfa840c6ae504b94d82eaa5a P c9e9c35ff1cb4b68ba7cf5c037a98347 [term 1 FOLLOWER]: Leader election vote request: Granting yes vote for candidate 63b9dc8cf49b47ebb644515af2f427e7 in term 1.
I1121 10:21:19.395239 7519 raft_consensus.cc:2359] T f30bc779dfa840c6ae504b94d82eaa5a P 41118f5c2e8f48179ffbebbfb6da2edf [term 1 FOLLOWER]: Leader election vote request: Granting yes vote for candidate 63b9dc8cf49b47ebb644515af2f427e7 in term 1.
I1121 10:21:19.395321 7773 tablet_service.cc:1296] Received RequestConsensusVote() RPC: tablet_id: "f30bc779dfa840c6ae504b94d82eaa5a" candidate_uuid: "63b9dc8cf49b47ebb644515af2f427e7" candidate_term: 1 candidate_status { last_received { term: 0 index: 0 } } ignore_live_leader: false dest_uuid: "1b3038ad6c564f438aa18383cddc769a"
I1121 10:21:19.395344 7773 raft_consensus.cc:2905] T f30bc779dfa840c6ae504b94d82eaa5a P 1b3038ad6c564f438aa18383cddc769a [term 0 FOLLOWER]: Advancing to term 1
I1121 10:21:19.395354 7333 leader_election.cc:310] T f30bc779dfa840c6ae504b94d82eaa5a P 63b9dc8cf49b47ebb644515af2f427e7 [CANDIDATE]: Term 1 election: Election decided. Result: candidate won. Election summary: received 3 responses out of 5 voters: 3 yes votes; 0 no votes. yes voters: 63b9dc8cf49b47ebb644515af2f427e7, 81d8bacc3ca64d628a255ad416a77c3d, c9e9c35ff1cb4b68ba7cf5c037a98347; no voters:
I1121 10:21:19.395494 8363 raft_consensus.cc:2653] T f30bc779dfa840c6ae504b94d82eaa5a P 63b9dc8cf49b47ebb644515af2f427e7 [term 1 FOLLOWER]: Leader election won for term 1
I1121 10:21:19.395529 8363 raft_consensus.cc:664] T f30bc779dfa840c6ae504b94d82eaa5a P 63b9dc8cf49b47ebb644515af2f427e7 [term 1 LEADER]: Becoming Leader. State: Replica: 63b9dc8cf49b47ebb644515af2f427e7, State: Running, Role: LEADER
I1121 10:21:19.395602 8363 consensus_queue.cc:208] T f30bc779dfa840c6ae504b94d82eaa5a P 63b9dc8cf49b47ebb644515af2f427e7 [LEADER]: Queue going to LEADER mode. State: All replicated index: 0, Majority replicated index: 0, Committed index: 0, Last appended: 0.0, Last appended by leader: 0, Current term: 1, Majority size: 3, State: 0, Mode: LEADER, active raft config: opid_index: -1 OBSOLETE_local: false peers { permanent_uuid: "c9e9c35ff1cb4b68ba7cf5c037a98347" member_type: VOTER last_known_addr { host: "127.5.70.6" port: 32833 } } peers { permanent_uuid: "81d8bacc3ca64d628a255ad416a77c3d" member_type: VOTER last_known_addr { host: "127.5.70.5" port: 36445 } } peers { permanent_uuid: "63b9dc8cf49b47ebb644515af2f427e7" member_type: VOTER last_known_addr { host: "127.5.70.1" port: 36995 } } peers { permanent_uuid: "1b3038ad6c564f438aa18383cddc769a" member_type: VOTER last_known_addr { host: "127.5.70.4" port: 32993 } } peers { permanent_uuid: "41118f5c2e8f48179ffbebbfb6da2edf" member_type: VOTER last_known_addr { host: "127.5.70.2" port: 39291 } }
I1121 10:21:19.396054 7773 raft_consensus.cc:2359] T f30bc779dfa840c6ae504b94d82eaa5a P 1b3038ad6c564f438aa18383cddc769a [term 1 FOLLOWER]: Leader election vote request: Granting yes vote for candidate 63b9dc8cf49b47ebb644515af2f427e7 in term 1.
I1121 10:21:19.396198 7271 catalog_manager.cc:4143] T f30bc779dfa840c6ae504b94d82eaa5a P 63b9dc8cf49b47ebb644515af2f427e7 reported cstate change: term changed from 0 to 1, leader changed from to 63b9dc8cf49b47ebb644515af2f427e7 (127.5.70.1). New cstate: current_term: 1 leader_uuid: "63b9dc8cf49b47ebb644515af2f427e7" committed_config { opid_index: -1 OBSOLETE_local: false peers { permanent_uuid: "c9e9c35ff1cb4b68ba7cf5c037a98347" member_type: VOTER last_known_addr { host: "127.5.70.6" port: 32833 } health_report { overall_health: UNKNOWN } } peers { permanent_uuid: "81d8bacc3ca64d628a255ad416a77c3d" member_type: VOTER last_known_addr { host: "127.5.70.5" port: 36445 } health_report { overall_health: UNKNOWN } } peers { permanent_uuid: "63b9dc8cf49b47ebb644515af2f427e7" member_type: VOTER last_known_addr { host: "127.5.70.1" port: 36995 } health_report { overall_health: HEALTHY } } peers { permanent_uuid: "1b3038ad6c564f438aa18383cddc769a" member_type: VOTER last_known_addr { host: "127.5.70.4" port: 32993 } health_report { overall_health: UNKNOWN } } peers { permanent_uuid: "41118f5c2e8f48179ffbebbfb6da2edf" member_type: VOTER last_known_addr { host: "127.5.70.2" port: 39291 } health_report { overall_health: UNKNOWN } } }
W1121 10:21:19.469218 8542 flags.cc:404] Enabled unsafe flag: --never_fsync=true Using table 'rebalance_test_table_4'
I1121 10:21:19.498713 8022 raft_consensus.cc:1181] T 5c8cdc07bf6f4480b269ca34a9b3e426 P c9e9c35ff1cb4b68ba7cf5c037a98347 [term 1 FOLLOWER]: Refusing update from remote peer 81d8bacc3ca64d628a255ad416a77c3d: Log matching property violated. Preceding OpId in replica: term: 0 index: 0. Preceding OpId from leader: term: 1 index: 2. (index mismatch)
I1121 10:21:19.498819 7650 raft_consensus.cc:1181] T 5c8cdc07bf6f4480b269ca34a9b3e426 P f5bc6d2f9c574b4db9396f9f900c1141 [term 1 FOLLOWER]: Refusing update from remote peer 81d8bacc3ca64d628a255ad416a77c3d: Log matching property violated. Preceding OpId in replica: term: 0 index: 0. Preceding OpId from leader: term: 1 index: 2. (index mismatch)
I1121 10:21:19.498958 7402 raft_consensus.cc:1181] T 5c8cdc07bf6f4480b269ca34a9b3e426 P 63b9dc8cf49b47ebb644515af2f427e7 [term 1 FOLLOWER]: Refusing update from remote peer 81d8bacc3ca64d628a255ad416a77c3d: Log matching property violated. Preceding OpId in replica: term: 0 index: 0. Preceding OpId from leader: term: 1 index: 2. (index mismatch)
I1121 10:21:19.499056 8502 consensus_queue.cc:984] T 5c8cdc07bf6f4480b269ca34a9b3e426 P 81d8bacc3ca64d628a255ad416a77c3d [LEADER]: Connected to new peer: Peer: permanent_uuid: "f5bc6d2f9c574b4db9396f9f900c1141" member_type: VOTER last_known_addr { host: "127.5.70.3" port: 43909 }, Status: LMP_MISMATCH, Last received: 0.0, Next index: 1, Last known committed idx: 0, Time since last communication: 0.000s
I1121 10:21:19.499128 8327 consensus_queue.cc:984] T 5c8cdc07bf6f4480b269ca34a9b3e426 P 81d8bacc3ca64d628a255ad416a77c3d [LEADER]: Connected to new peer: Peer: permanent_uuid: "c9e9c35ff1cb4b68ba7cf5c037a98347" member_type: VOTER last_known_addr { host: "127.5.70.6" port: 32833 }, Status: LMP_MISMATCH, Last received: 0.0, Next index: 1, Last known committed idx: 0, Time since last communication: 0.000s
I1121 10:21:19.499248 7519 raft_consensus.cc:1181] T 5c8cdc07bf6f4480b269ca34a9b3e426 P 41118f5c2e8f48179ffbebbfb6da2edf [term 1 FOLLOWER]: Refusing update from remote peer 81d8bacc3ca64d628a255ad416a77c3d: Log matching property violated. Preceding OpId in replica: term: 0 index: 0. Preceding OpId from leader: term: 1 index: 2. (index mismatch)
I1121 10:21:19.499522 8502 consensus_queue.cc:984] T 5c8cdc07bf6f4480b269ca34a9b3e426 P 81d8bacc3ca64d628a255ad416a77c3d [LEADER]: Connected to new peer: Peer: permanent_uuid: "41118f5c2e8f48179ffbebbfb6da2edf" member_type: VOTER last_known_addr { host: "127.5.70.2" port: 39291 }, Status: LMP_MISMATCH, Last received: 0.0, Next index: 1, Last known committed idx: 0, Time since last communication: 0.000s
I1121 10:21:19.499624 8327 consensus_queue.cc:984] T 5c8cdc07bf6f4480b269ca34a9b3e426 P 81d8bacc3ca64d628a255ad416a77c3d [LEADER]: Connected to new peer: Peer: permanent_uuid: "63b9dc8cf49b47ebb644515af2f427e7" member_type: VOTER last_known_addr { host: "127.5.70.1" port: 36995 }, Status: LMP_MISMATCH, Last received: 0.0, Next index: 1, Last known committed idx: 0, Time since last communication: 0.000s
I1121 10:21:19.500747 7773 raft_consensus.cc:1181] T f30bc779dfa840c6ae504b94d82eaa5a P 1b3038ad6c564f438aa18383cddc769a [term 1 FOLLOWER]: Refusing update from remote peer 63b9dc8cf49b47ebb644515af2f427e7: Log matching property violated. Preceding OpId in replica: term: 0 index: 0. Preceding OpId from leader: term: 1 index: 3. (index mismatch)
I1121 10:21:19.501125 8023 raft_consensus.cc:1181] T f30bc779dfa840c6ae504b94d82eaa5a P c9e9c35ff1cb4b68ba7cf5c037a98347 [term 1 FOLLOWER]: Refusing update from remote peer 63b9dc8cf49b47ebb644515af2f427e7: Log matching property violated. Preceding OpId in replica: term: 0 index: 0. Preceding OpId from leader: term: 1 index: 3. (index mismatch)
I1121 10:21:19.501227 8021 raft_consensus.cc:1181] T 55d18b1e7ede4cb28f5dfc4ded166a30 P c9e9c35ff1cb4b68ba7cf5c037a98347 [term 1 FOLLOWER]: Refusing update from remote peer 63b9dc8cf49b47ebb644515af2f427e7: Log matching property violated. Preceding OpId in replica: term: 0 index: 0. Preceding OpId from leader: term: 1 index: 3. (index mismatch)
I1121 10:21:19.501224 8286 consensus_queue.cc:984] T f30bc779dfa840c6ae504b94d82eaa5a P 63b9dc8cf49b47ebb644515af2f427e7 [LEADER]: Connected to new peer: Peer: permanent_uuid: "1b3038ad6c564f438aa18383cddc769a" member_type: VOTER last_known_addr { host: "127.5.70.4" port: 32993 }, Status: LMP_MISMATCH, Last received: 0.0, Next index: 1, Last known committed idx: 0, Time since last communication: 0.000s
I1121 10:21:19.501446 7773 raft_consensus.cc:1181] T 55d18b1e7ede4cb28f5dfc4ded166a30 P 1b3038ad6c564f438aa18383cddc769a [term 1 FOLLOWER]: Refusing update from remote peer 63b9dc8cf49b47ebb644515af2f427e7: Log matching property violated. Preceding OpId in replica: term: 0 index: 0. Preceding OpId from leader: term: 1 index: 3. (index mismatch)
I1121 10:21:19.501520 8363 consensus_queue.cc:984] T f30bc779dfa840c6ae504b94d82eaa5a P 63b9dc8cf49b47ebb644515af2f427e7 [LEADER]: Connected to new peer: Peer: permanent_uuid: "c9e9c35ff1cb4b68ba7cf5c037a98347" member_type: VOTER last_known_addr { host: "127.5.70.6" port: 32833 }, Status: LMP_MISMATCH, Last received: 0.0, Next index: 1, Last known committed idx: 0, Time since last communication: 0.000s
I1121 10:21:19.501598 7893 raft_consensus.cc:1181] T f30bc779dfa840c6ae504b94d82eaa5a P 81d8bacc3ca64d628a255ad416a77c3d [term 1 FOLLOWER]: Refusing update from remote peer 63b9dc8cf49b47ebb644515af2f427e7: Log matching property violated. Preceding OpId in replica: term: 0 index: 0. Preceding OpId from leader: term: 1 index: 3. (index mismatch)
I1121 10:21:19.501670 8363 consensus_queue.cc:984] T 55d18b1e7ede4cb28f5dfc4ded166a30 P 63b9dc8cf49b47ebb644515af2f427e7 [LEADER]: Connected to new peer: Peer: permanent_uuid: "c9e9c35ff1cb4b68ba7cf5c037a98347" member_type: VOTER last_known_addr { host: "127.5.70.6" port: 32833 }, Status: LMP_MISMATCH, Last received: 0.0, Next index: 1, Last known committed idx: 0, Time since last communication: 0.000s
I1121 10:21:19.501821 7527 raft_consensus.cc:1181] T f30bc779dfa840c6ae504b94d82eaa5a P 41118f5c2e8f48179ffbebbfb6da2edf [term 1 FOLLOWER]: Refusing update from remote peer 63b9dc8cf49b47ebb644515af2f427e7: Log matching property violated. Preceding OpId in replica: term: 0 index: 0. Preceding OpId from leader: term: 1 index: 3. (index mismatch)
I1121 10:21:19.502920 8364 consensus_queue.cc:984] T 55d18b1e7ede4cb28f5dfc4ded166a30 P 63b9dc8cf49b47ebb644515af2f427e7 [LEADER]: Connected to new peer: Peer: permanent_uuid: "1b3038ad6c564f438aa18383cddc769a" member_type: VOTER last_known_addr { host: "127.5.70.4" port: 32993 }, Status: LMP_MISMATCH, Last received: 0.0, Next index: 1, Last known committed idx: 0, Time since last communication: 0.000s
I1121 10:21:19.503131 8364 consensus_queue.cc:984] T f30bc779dfa840c6ae504b94d82eaa5a P 63b9dc8cf49b47ebb644515af2f427e7 [LEADER]: Connected to new peer: Peer: permanent_uuid: "81d8bacc3ca64d628a255ad416a77c3d" member_type: VOTER last_known_addr { host: "127.5.70.5" port: 36445 }, Status: LMP_MISMATCH, Last received: 0.0, Next index: 1, Last known committed idx: 0, Time since last communication: 0.000s
I1121 10:21:19.503602 8363 consensus_queue.cc:984] T f30bc779dfa840c6ae504b94d82eaa5a P 63b9dc8cf49b47ebb644515af2f427e7 [LEADER]: Connected to new peer: Peer: permanent_uuid: "41118f5c2e8f48179ffbebbfb6da2edf" member_type: VOTER last_known_addr { host: "127.5.70.2" port: 39291 }, Status: LMP_MISMATCH, Last received: 0.0, Next index: 1, Last known committed idx: 0, Time since last communication: 0.000s
I1121 10:21:19.506400 7650 raft_consensus.cc:1181] T 55d18b1e7ede4cb28f5dfc4ded166a30 P f5bc6d2f9c574b4db9396f9f900c1141 [term 1 FOLLOWER]: Refusing update from remote peer 63b9dc8cf49b47ebb644515af2f427e7: Log matching property violated. Preceding OpId in replica: term: 0 index: 0. Preceding OpId from leader: term: 1 index: 3. (index mismatch)
I1121 10:21:19.506901 7518 raft_consensus.cc:1181] T 55d18b1e7ede4cb28f5dfc4ded166a30 P 41118f5c2e8f48179ffbebbfb6da2edf [term 1 FOLLOWER]: Refusing update from remote peer 63b9dc8cf49b47ebb644515af2f427e7: Log matching property violated. Preceding OpId in replica: term: 0 index: 0. Preceding OpId from leader: term: 1 index: 3. (index mismatch)
I1121 10:21:19.508394 8557 consensus_queue.cc:984] T 55d18b1e7ede4cb28f5dfc4ded166a30 P 63b9dc8cf49b47ebb644515af2f427e7 [LEADER]: Connected to new peer: Peer: permanent_uuid: "f5bc6d2f9c574b4db9396f9f900c1141" member_type: VOTER last_known_addr { host: "127.5.70.3" port: 43909 }, Status: LMP_MISMATCH, Last received: 0.0, Next index: 1, Last known committed idx: 0, Time since last communication: 0.000s
