I1121 10:21:18.609433 7584 leader_election.cc:310] T 787130b10eda4a71b2212bdb7ed2f140 P f5bc6d2f9c574b4db9396f9f900c1141 [CANDIDATE]: Term 1 election: Election decided. Result: candidate won. Election summary: received 3 responses out of 5 voters: 3 yes votes; 0 no votes. yes voters: 1b3038ad6c564f438aa18383cddc769a, 81d8bacc3ca64d628a255ad416a77c3d, f5bc6d2f9c574b4db9396f9f900c1141; no voters:
I1121 10:21:18.609525 8291 raft_consensus.cc:2653] T 787130b10eda4a71b2212bdb7ed2f140 P f5bc6d2f9c574b4db9396f9f900c1141 [term 1 FOLLOWER]: Leader election won for term 1
I1121 10:21:18.609556 8291 raft_consensus.cc:664] T 787130b10eda4a71b2212bdb7ed2f140 P f5bc6d2f9c574b4db9396f9f900c1141 [term 1 LEADER]: Becoming Leader. State: Replica: f5bc6d2f9c574b4db9396f9f900c1141, State: Running, Role: LEADER
I1121 10:21:18.609628 8291 consensus_queue.cc:208] T 787130b10eda4a71b2212bdb7ed2f140 P f5bc6d2f9c574b4db9396f9f900c1141 [LEADER]: Queue going to LEADER mode. State: All replicated index: 0, Majority replicated index: 0, Committed index: 0, Last appended: 0.0, Last appended by leader: 0, Current term: 1, Majority size: 3, State: 0, Mode: LEADER, active raft config: opid_index: -1 OBSOLETE_local: false peers { permanent_uuid: "41118f5c2e8f48179ffbebbfb6da2edf" member_type: VOTER last_known_addr { host: "127.5.70.2" port: 39291 } } peers { permanent_uuid: "63b9dc8cf49b47ebb644515af2f427e7" member_type: VOTER last_known_addr { host: "127.5.70.1" port: 36995 } } peers { permanent_uuid: "f5bc6d2f9c574b4db9396f9f900c1141" member_type: VOTER last_known_addr { host: "127.5.70.3" port: 43909 } } peers { permanent_uuid: "1b3038ad6c564f438aa18383cddc769a" member_type: VOTER last_known_addr { host: "127.5.70.4" port: 32993 } } peers { permanent_uuid: "81d8bacc3ca64d628a255ad416a77c3d" member_type: VOTER last_known_addr { host: "127.5.70.5" port: 36445 } }
I1121 10:21:18.610283 7277 catalog_manager.cc:4143] T 787130b10eda4a71b2212bdb7ed2f140 P f5bc6d2f9c574b4db9396f9f900c1141 reported cstate change: term changed from 0 to 1, leader changed from to f5bc6d2f9c574b4db9396f9f900c1141 (127.5.70.3). New cstate: current_term: 1 leader_uuid: "f5bc6d2f9c574b4db9396f9f900c1141" committed_config { opid_index: -1 OBSOLETE_local: false peers { permanent_uuid: "41118f5c2e8f48179ffbebbfb6da2edf" member_type: VOTER last_known_addr { host: "127.5.70.2" port: 39291 } health_report { overall_health: UNKNOWN } } peers { permanent_uuid: "63b9dc8cf49b47ebb644515af2f427e7" member_type: VOTER last_known_addr { host: "127.5.70.1" port: 36995 } health_report { overall_health: UNKNOWN } } peers { permanent_uuid: "f5bc6d2f9c574b4db9396f9f900c1141" member_type: VOTER last_known_addr { host: "127.5.70.3" port: 43909 } health_report { overall_health: HEALTHY } } peers { permanent_uuid: "1b3038ad6c564f438aa18383cddc769a" member_type: VOTER last_known_addr { host: "127.5.70.4" port: 32993 } health_report { overall_health: UNKNOWN } } peers { permanent_uuid: "81d8bacc3ca64d628a255ad416a77c3d" member_type: VOTER last_known_addr { host: "127.5.70.5" port: 36445 } health_report { overall_health: UNKNOWN } } }
I1121 10:21:18.624738 8363 raft_consensus.cc:469] T 7d59736e513f426095bedf84bbeec48d P 63b9dc8cf49b47ebb644515af2f427e7 [term 0 FOLLOWER]: Starting pre-election (no leader contacted us within the election timeout)
I1121 10:21:18.624842 8363 raft_consensus.cc:491] T 7d59736e513f426095bedf84bbeec48d P 63b9dc8cf49b47ebb644515af2f427e7 [term 0 FOLLOWER]: Starting pre-election with config: opid_index: -1 OBSOLETE_local: false peers { permanent_uuid: "f5bc6d2f9c574b4db9396f9f900c1141" member_type: VOTER last_known_addr { host: "127.5.70.3" port: 43909 } } peers { permanent_uuid: "63b9dc8cf49b47ebb644515af2f427e7" member_type: VOTER last_known_addr { host: "127.5.70.1" port: 36995 } } peers { permanent_uuid: "1b3038ad6c564f438aa18383cddc769a" member_type: VOTER last_known_addr { host: "127.5.70.4" port: 32993 } } peers { permanent_uuid: "81d8bacc3ca64d628a255ad416a77c3d" member_type: VOTER last_known_addr { host: "127.5.70.5" port: 36445 } } peers { permanent_uuid: "c9e9c35ff1cb4b68ba7cf5c037a98347" member_type: VOTER last_known_addr { host: "127.5.70.6" port: 32833 } }
I1121 10:21:18.625174 7651 tablet_service.cc:1296] Received RequestConsensusVote() RPC: tablet_id: "7d59736e513f426095bedf84bbeec48d" candidate_uuid: "63b9dc8cf49b47ebb644515af2f427e7" candidate_term: 1 candidate_status { last_received { term: 0 index: 0 } } ignore_live_leader: false dest_uuid: "f5bc6d2f9c574b4db9396f9f900c1141" is_pre_election: true
I1121 10:21:18.625176 8022 tablet_service.cc:1296] Received RequestConsensusVote() RPC: tablet_id: "7d59736e513f426095bedf84bbeec48d" candidate_uuid: "63b9dc8cf49b47ebb644515af2f427e7" candidate_term: 1 candidate_status { last_received { term: 0 index: 0 } } ignore_live_leader: false dest_uuid: "c9e9c35ff1cb4b68ba7cf5c037a98347" is_pre_election: true
I1121 10:21:18.625214 7651 raft_consensus.cc:2359] T 7d59736e513f426095bedf84bbeec48d P f5bc6d2f9c574b4db9396f9f900c1141 [term 0 FOLLOWER]: Leader pre-election vote request: Granting yes vote for candidate 63b9dc8cf49b47ebb644515af2f427e7 in term 0.
I1121 10:21:18.625216 8022 raft_consensus.cc:2359] T 7d59736e513f426095bedf84bbeec48d P c9e9c35ff1cb4b68ba7cf5c037a98347 [term 0 FOLLOWER]: Leader pre-election vote request: Granting yes vote for candidate 63b9dc8cf49b47ebb644515af2f427e7 in term 0.
I1121 10:21:18.625408 8363 leader_election.cc:296] T 7d59736e513f426095bedf84bbeec48d P 63b9dc8cf49b47ebb644515af2f427e7 [CANDIDATE]: Term 1 pre-election: Requested pre-vote from peers f5bc6d2f9c574b4db9396f9f900c1141 (127.5.70.3:43909), 1b3038ad6c564f438aa18383cddc769a (127.5.70.4:32993), 81d8bacc3ca64d628a255ad416a77c3d (127.5.70.5:36445), c9e9c35ff1cb4b68ba7cf5c037a98347 (127.5.70.6:32833)
I1121 10:21:18.625430 7333 leader_election.cc:310] T 7d59736e513f426095bedf84bbeec48d P 63b9dc8cf49b47ebb644515af2f427e7 [CANDIDATE]: Term 1 pre-election: Election decided. Result: candidate won. Election summary: received 3 responses out of 5 voters: 3 yes votes; 0 no votes. yes voters: 63b9dc8cf49b47ebb644515af2f427e7, c9e9c35ff1cb4b68ba7cf5c037a98347, f5bc6d2f9c574b4db9396f9f900c1141; no voters:
I1121 10:21:18.625479 8363 raft_consensus.cc:2653] T 7d59736e513f426095bedf84bbeec48d P 63b9dc8cf49b47ebb644515af2f427e7 [term 0 FOLLOWER]: Leader pre-election won for term 1
I1121 10:21:18.625469 7893 tablet_service.cc:1296] Received RequestConsensusVote() RPC: tablet_id: "7d59736e513f426095bedf84bbeec48d" candidate_uuid: "63b9dc8cf49b47ebb644515af2f427e7" candidate_term: 1 candidate_status { last_received { term: 0 index: 0 } } ignore_live_leader: false dest_uuid: "81d8bacc3ca64d628a255ad416a77c3d" is_pre_election: true
I1121 10:21:18.625517 7893 raft_consensus.cc:2359] T 7d59736e513f426095bedf84bbeec48d P 81d8bacc3ca64d628a255ad416a77c3d [term 0 FOLLOWER]: Leader pre-election vote request: Granting yes vote for candidate 63b9dc8cf49b47ebb644515af2f427e7 in term 0.
I1121 10:21:18.625496 8363 raft_consensus.cc:469] T 7d59736e513f426095bedf84bbeec48d P 63b9dc8cf49b47ebb644515af2f427e7 [term 0 FOLLOWER]: Starting leader election (no leader contacted us within the election timeout)
I1121 10:21:18.625563 8363 raft_consensus.cc:2905] T 7d59736e513f426095bedf84bbeec48d P 63b9dc8cf49b47ebb644515af2f427e7 [term 0 FOLLOWER]: Advancing to term 1
I1121 10:21:18.626399 8363 raft_consensus.cc:491] T 7d59736e513f426095bedf84bbeec48d P 63b9dc8cf49b47ebb644515af2f427e7 [term 1 FOLLOWER]: Starting leader election with config: opid_index: -1 OBSOLETE_local: false peers { permanent_uuid: "f5bc6d2f9c574b4db9396f9f900c1141" member_type: VOTER last_known_addr { host: "127.5.70.3" port: 43909 } } peers { permanent_uuid: "63b9dc8cf49b47ebb644515af2f427e7" member_type: VOTER last_known_addr { host: "127.5.70.1" port: 36995 } } peers { permanent_uuid: "1b3038ad6c564f438aa18383cddc769a" member_type: VOTER last_known_addr { host: "127.5.70.4" port: 32993 } } peers { permanent_uuid: "81d8bacc3ca64d628a255ad416a77c3d" member_type: VOTER last_known_addr { host: "127.5.70.5" port: 36445 } } peers { permanent_uuid: "c9e9c35ff1cb4b68ba7cf5c037a98347" member_type: VOTER last_known_addr { host: "127.5.70.6" port: 32833 } }
I1121 10:21:18.626655 7893 tablet_service.cc:1296] Received RequestConsensusVote() RPC: tablet_id: "7d59736e513f426095bedf84bbeec48d" candidate_uuid: "63b9dc8cf49b47ebb644515af2f427e7" candidate_term: 1 candidate_status { last_received { term: 0 index: 0 } } ignore_live_leader: false dest_uuid: "81d8bacc3ca64d628a255ad416a77c3d"
I1121 10:21:18.626683 7893 raft_consensus.cc:2905] T 7d59736e513f426095bedf84bbeec48d P 81d8bacc3ca64d628a255ad416a77c3d [term 0 FOLLOWER]: Advancing to term 1
I1121 10:21:18.626838 7651 tablet_service.cc:1296] Received RequestConsensusVote() RPC: tablet_id: "7d59736e513f426095bedf84bbeec48d" candidate_uuid: "63b9dc8cf49b47ebb644515af2f427e7" candidate_term: 1 candidate_status { last_received { term: 0 index: 0 } } ignore_live_leader: false dest_uuid: "f5bc6d2f9c574b4db9396f9f900c1141"
I1121 10:21:18.626897 7651 raft_consensus.cc:2905] T 7d59736e513f426095bedf84bbeec48d P f5bc6d2f9c574b4db9396f9f900c1141 [term 0 FOLLOWER]: Advancing to term 1
I1121 10:21:18.627384 7893 raft_consensus.cc:2359] T 7d59736e513f426095bedf84bbeec48d P 81d8bacc3ca64d628a255ad416a77c3d [term 1 FOLLOWER]: Leader election vote request: Granting yes vote for candidate 63b9dc8cf49b47ebb644515af2f427e7 in term 1.
I1121 10:21:18.627447 7651 raft_consensus.cc:2359] T 7d59736e513f426095bedf84bbeec48d P f5bc6d2f9c574b4db9396f9f900c1141 [term 1 FOLLOWER]: Leader election vote request: Granting yes vote for candidate 63b9dc8cf49b47ebb644515af2f427e7 in term 1.
I1121 10:21:18.627602 7332 leader_election.cc:310] T 7d59736e513f426095bedf84bbeec48d P 63b9dc8cf49b47ebb644515af2f427e7 [CANDIDATE]: Term 1 election: Election decided. Result: candidate won. Election summary: received 3 responses out of 5 voters: 3 yes votes; 0 no votes. yes voters: 63b9dc8cf49b47ebb644515af2f427e7, 81d8bacc3ca64d628a255ad416a77c3d, f5bc6d2f9c574b4db9396f9f900c1141; no voters:
I1121 10:21:18.627678 8364 raft_consensus.cc:2653] T 7d59736e513f426095bedf84bbeec48d P 63b9dc8cf49b47ebb644515af2f427e7 [term 1 FOLLOWER]: Leader election won for term 1
I1121 10:21:18.627779 8364 raft_consensus.cc:664] T 7d59736e513f426095bedf84bbeec48d P 63b9dc8cf49b47ebb644515af2f427e7 [term 1 LEADER]: Becoming Leader. State: Replica: 63b9dc8cf49b47ebb644515af2f427e7, State: Running, Role: LEADER
I1121 10:21:18.627878 8364 consensus_queue.cc:208] T 7d59736e513f426095bedf84bbeec48d P 63b9dc8cf49b47ebb644515af2f427e7 [LEADER]: Queue going to LEADER mode. State: All replicated index: 0, Majority replicated index: 0, Committed index: 0, Last appended: 0.0, Last appended by leader: 0, Current term: 1, Majority size: 3, State: 0, Mode: LEADER, active raft config: opid_index: -1 OBSOLETE_local: false peers { permanent_uuid: "f5bc6d2f9c574b4db9396f9f900c1141" member_type: VOTER last_known_addr { host: "127.5.70.3" port: 43909 } } peers { permanent_uuid: "63b9dc8cf49b47ebb644515af2f427e7" member_type: VOTER last_known_addr { host: "127.5.70.1" port: 36995 } } peers { permanent_uuid: "1b3038ad6c564f438aa18383cddc769a" member_type: VOTER last_known_addr { host: "127.5.70.4" port: 32993 } } peers { permanent_uuid: "81d8bacc3ca64d628a255ad416a77c3d" member_type: VOTER last_known_addr { host: "127.5.70.5" port: 36445 } } peers { permanent_uuid: "c9e9c35ff1cb4b68ba7cf5c037a98347" member_type: VOTER last_known_addr { host: "127.5.70.6" port: 32833 } }
I1121 10:21:18.628037 8022 tablet_service.cc:1296] Received RequestConsensusVote() RPC: tablet_id: "7d59736e513f426095bedf84bbeec48d" candidate_uuid: "63b9dc8cf49b47ebb644515af2f427e7" candidate_term: 1 candidate_status { last_received { term: 0 index: 0 } } ignore_live_leader: false dest_uuid: "c9e9c35ff1cb4b68ba7cf5c037a98347"
I1121 10:21:18.628072 8022 raft_consensus.cc:2905] T 7d59736e513f426095bedf84bbeec48d P c9e9c35ff1cb4b68ba7cf5c037a98347 [term 0 FOLLOWER]: Advancing to term 1
I1121 10:21:18.628634 7277 catalog_manager.cc:4143] T 7d59736e513f426095bedf84bbeec48d P 63b9dc8cf49b47ebb644515af2f427e7 reported cstate change: term changed from 0 to 1, leader changed from to 63b9dc8cf49b47ebb644515af2f427e7 (127.5.70.1). New cstate: current_term: 1 leader_uuid: "63b9dc8cf49b47ebb644515af2f427e7" committed_config { opid_index: -1 OBSOLETE_local: false peers { permanent_uuid: "f5bc6d2f9c574b4db9396f9f900c1141" member_type: VOTER last_known_addr { host: "127.5.70.3" port: 43909 } health_report { overall_health: UNKNOWN } } peers { permanent_uuid: "63b9dc8cf49b47ebb644515af2f427e7" member_type: VOTER last_known_addr { host: "127.5.70.1" port: 36995 } health_report { overall_health: HEALTHY } } peers { permanent_uuid: "1b3038ad6c564f438aa18383cddc769a" member_type: VOTER last_known_addr { host: "127.5.70.4" port: 32993 } health_report { overall_health: UNKNOWN } } peers { permanent_uuid: "81d8bacc3ca64d628a255ad416a77c3d" member_type: VOTER last_known_addr { host: "127.5.70.5" port: 36445 } health_report { overall_health: UNKNOWN } } peers { permanent_uuid: "c9e9c35ff1cb4b68ba7cf5c037a98347" member_type: VOTER last_known_addr { host: "127.5.70.6" port: 32833 } health_report { overall_health: UNKNOWN } } }
I1121 10:21:18.628826 8022 raft_consensus.cc:2359] T 7d59736e513f426095bedf84bbeec48d P c9e9c35ff1cb4b68ba7cf5c037a98347 [term 1 FOLLOWER]: Leader election vote request: Granting yes vote for candidate 63b9dc8cf49b47ebb644515af2f427e7 in term 1.
I1121 10:21:18.628856 8240 raft_consensus.cc:469] T 7d59736e513f426095bedf84bbeec48d P 1b3038ad6c564f438aa18383cddc769a [term 0 FOLLOWER]: Starting pre-election (no leader contacted us within the election timeout)
I1121 10:21:18.628940 7774 tablet_service.cc:1296] Received RequestConsensusVote() RPC: tablet_id: "7d59736e513f426095bedf84bbeec48d" candidate_uuid: "63b9dc8cf49b47ebb644515af2f427e7" candidate_term: 1 candidate_status { last_received { term: 0 index: 0 } } ignore_live_leader: false dest_uuid: "1b3038ad6c564f438aa18383cddc769a"
I1121 10:21:18.628965 8240 raft_consensus.cc:491] T 7d59736e513f426095bedf84bbeec48d P 1b3038ad6c564f438aa18383cddc769a [term 0 FOLLOWER]: Starting pre-election with config: opid_index: -1 OBSOLETE_local: false peers { permanent_uuid: "f5bc6d2f9c574b4db9396f9f900c1141" member_type: VOTER last_known_addr { host: "127.5.70.3" port: 43909 } } peers { permanent_uuid: "63b9dc8cf49b47ebb644515af2f427e7" member_type: VOTER last_known_addr { host: "127.5.70.1" port: 36995 } } peers { permanent_uuid: "1b3038ad6c564f438aa18383cddc769a" member_type: VOTER last_known_addr { host: "127.5.70.4" port: 32993 } } peers { permanent_uuid: "81d8bacc3ca64d628a255ad416a77c3d" member_type: VOTER last_known_addr { host: "127.5.70.5" port: 36445 } } peers { permanent_uuid: "c9e9c35ff1cb4b68ba7cf5c037a98347" member_type: VOTER last_known_addr { host: "127.5.70.6" port: 32833 } }
I1121 10:21:18.629070 7774 raft_consensus.cc:2905] T 7d59736e513f426095bedf84bbeec48d P 1b3038ad6c564f438aa18383cddc769a [term 0 FOLLOWER]: Advancing to term 1
I1121 10:21:18.629093 8240 leader_election.cc:296] T 7d59736e513f426095bedf84bbeec48d P 1b3038ad6c564f438aa18383cddc769a [CANDIDATE]: Term 1 pre-election: Requested pre-vote from peers f5bc6d2f9c574b4db9396f9f900c1141 (127.5.70.3:43909), 63b9dc8cf49b47ebb644515af2f427e7 (127.5.70.1:36995), 81d8bacc3ca64d628a255ad416a77c3d (127.5.70.5:36445), c9e9c35ff1cb4b68ba7cf5c037a98347 (127.5.70.6:32833)
I1121 10:21:18.629799 7774 raft_consensus.cc:2359] T 7d59736e513f426095bedf84bbeec48d P 1b3038ad6c564f438aa18383cddc769a [term 1 FOLLOWER]: Leader election vote request: Granting yes vote for candidate 63b9dc8cf49b47ebb644515af2f427e7 in term 1.
I1121 10:21:18.629833 7775 tablet_service.cc:1296] Received RequestConsensusVote() RPC: tablet_id: "7d59736e513f426095bedf84bbeec48d" candidate_uuid: "63b9dc8cf49b47ebb644515af2f427e7" candidate_term: 1 candidate_status { last_received { term: 0 index: 0 } } ignore_live_leader: false dest_uuid: "1b3038ad6c564f438aa18383cddc769a" is_pre_election: true
I1121 10:21:18.629868 7775 raft_consensus.cc:2272] T 7d59736e513f426095bedf84bbeec48d P 1b3038ad6c564f438aa18383cddc769a [term 1 FOLLOWER]: Leader pre-election vote request: Already granted yes vote for candidate 63b9dc8cf49b47ebb644515af2f427e7 in term 1. Re-sending same reply.
I1121 10:21:18.629891 7893 tablet_service.cc:1296] Received RequestConsensusVote() RPC: tablet_id: "7d59736e513f426095bedf84bbeec48d" candidate_uuid: "1b3038ad6c564f438aa18383cddc769a" candidate_term: 1 candidate_status { last_received { term: 0 index: 0 } } ignore_live_leader: false dest_uuid: "81d8bacc3ca64d628a255ad416a77c3d" is_pre_election: true
I1121 10:21:18.629925 7893 raft_consensus.cc:2289] T 7d59736e513f426095bedf84bbeec48d P 81d8bacc3ca64d628a255ad416a77c3d [term 1 FOLLOWER]: Leader pre-election vote request: Denying vote to candidate 1b3038ad6c564f438aa18383cddc769a in current term 1: Already voted for candidate 63b9dc8cf49b47ebb644515af2f427e7 in this term.
I1121 10:21:18.629981 8363 leader_election.cc:296] T 7d59736e513f426095bedf84bbeec48d P 63b9dc8cf49b47ebb644515af2f427e7 [CANDIDATE]: Term 1 election: Requested vote from peers f5bc6d2f9c574b4db9396f9f900c1141 (127.5.70.3:43909), 1b3038ad6c564f438aa18383cddc769a (127.5.70.4:32993), 81d8bacc3ca64d628a255ad416a77c3d (127.5.70.5:36445), c9e9c35ff1cb4b68ba7cf5c037a98347 (127.5.70.6:32833)
I1121 10:21:18.630304 7651 tablet_service.cc:1296] Received RequestConsensusVote() RPC: tablet_id: "7d59736e513f426095bedf84bbeec48d" candidate_uuid: "1b3038ad6c564f438aa18383cddc769a" candidate_term: 1 candidate_status { last_received { term: 0 index: 0 } } ignore_live_leader: false dest_uuid: "f5bc6d2f9c574b4db9396f9f900c1141" is_pre_election: true
I1121 10:21:18.630344 7651 raft_consensus.cc:2289] T 7d59736e513f426095bedf84bbeec48d P f5bc6d2f9c574b4db9396f9f900c1141 [term 1 FOLLOWER]: Leader pre-election vote request: Denying vote to candidate 1b3038ad6c564f438aa18383cddc769a in current term 1: Already voted for candidate 63b9dc8cf49b47ebb644515af2f427e7 in this term.
I1121 10:21:18.631927 7390 tablet_service.cc:1296] Received RequestConsensusVote() RPC: tablet_id: "7d59736e513f426095bedf84bbeec48d" candidate_uuid: "1b3038ad6c564f438aa18383cddc769a" candidate_term: 1 candidate_status { last_received { term: 0 index: 0 } } ignore_live_leader: false dest_uuid: "63b9dc8cf49b47ebb644515af2f427e7" is_pre_election: true
I1121 10:21:18.631961 7390 raft_consensus.cc:2320] T 7d59736e513f426095bedf84bbeec48d P 63b9dc8cf49b47ebb644515af2f427e7 [term 1 LEADER]: Leader pre-election vote request: Denying vote to candidate 1b3038ad6c564f438aa18383cddc769a for term 1 because replica is either leader or believes a valid leader to be alive.
I1121 10:21:18.632019 8022 tablet_service.cc:1296] Received RequestConsensusVote() RPC: tablet_id: "7d59736e513f426095bedf84bbeec48d" candidate_uuid: "1b3038ad6c564f438aa18383cddc769a" candidate_term: 1 candidate_status { last_received { term: 0 index: 0 } } ignore_live_leader: false dest_uuid: "c9e9c35ff1cb4b68ba7cf5c037a98347" is_pre_election: true
I1121 10:21:18.632058 8022 raft_consensus.cc:2289] T 7d59736e513f426095bedf84bbeec48d P c9e9c35ff1cb4b68ba7cf5c037a98347 [term 1 FOLLOWER]: Leader pre-election vote request: Denying vote to candidate 1b3038ad6c564f438aa18383cddc769a in current term 1: Already voted for candidate 63b9dc8cf49b47ebb644515af2f427e7 in this term.
I1121 10:21:18.632122 7707 leader_election.cc:310] T 7d59736e513f426095bedf84bbeec48d P 1b3038ad6c564f438aa18383cddc769a [CANDIDATE]: Term 1 pre-election: Election decided. Result: candidate lost. Election summary: received 4 responses out of 5 voters: 1 yes votes; 3 no votes. yes voters: 1b3038ad6c564f438aa18383cddc769a; no voters: 63b9dc8cf49b47ebb644515af2f427e7, 81d8bacc3ca64d628a255ad416a77c3d, f5bc6d2f9c574b4db9396f9f900c1141
I1121 10:21:18.632191 8240 raft_consensus.cc:2601] T 7d59736e513f426095bedf84bbeec48d P 1b3038ad6c564f438aa18383cddc769a [term 1 FOLLOWER]: Leader pre-election lost for term 1. Reason: could not achieve majority
I1121 10:21:18.633194 8336 raft_consensus.cc:469] T c5abf7a6c891418482e200e7115e2c2d P 81d8bacc3ca64d628a255ad416a77c3d [term 0 FOLLOWER]: Starting pre-election (no leader contacted us within the election timeout)
I1121 10:21:18.633323 8336 raft_consensus.cc:491] T c5abf7a6c891418482e200e7115e2c2d P 81d8bacc3ca64d628a255ad416a77c3d [term 0 FOLLOWER]: Starting pre-election with config: opid_index: -1 OBSOLETE_local: false peers { permanent_uuid: "63b9dc8cf49b47ebb644515af2f427e7" member_type: VOTER last_known_addr { host: "127.5.70.1" port: 36995 } } peers { permanent_uuid: "c9e9c35ff1cb4b68ba7cf5c037a98347" member_type: VOTER last_known_addr { host: "127.5.70.6" port: 32833 } } peers { permanent_uuid: "f5bc6d2f9c574b4db9396f9f900c1141" member_type: VOTER last_known_addr { host: "127.5.70.3" port: 43909 } } peers { permanent_uuid: "1b3038ad6c564f438aa18383cddc769a" member_type: VOTER last_known_addr { host: "127.5.70.4" port: 32993 } } peers { permanent_uuid: "81d8bacc3ca64d628a255ad416a77c3d" member_type: VOTER last_known_addr { host: "127.5.70.5" port: 36445 } }
I1121 10:21:18.633445 8336 leader_election.cc:296] T c5abf7a6c891418482e200e7115e2c2d P 81d8bacc3ca64d628a255ad416a77c3d [CANDIDATE]: Term 1 pre-election: Requested pre-vote from peers 63b9dc8cf49b47ebb644515af2f427e7 (127.5.70.1:36995), c9e9c35ff1cb4b68ba7cf5c037a98347 (127.5.70.6:32833), f5bc6d2f9c574b4db9396f9f900c1141 (127.5.70.3:43909), 1b3038ad6c564f438aa18383cddc769a (127.5.70.4:32993)
I1121 10:21:18.633615 7390 tablet_service.cc:1296] Received RequestConsensusVote() RPC: tablet_id: "c5abf7a6c891418482e200e7115e2c2d" candidate_uuid: "81d8bacc3ca64d628a255ad416a77c3d" candidate_term: 1 candidate_status { last_received { term: 0 index: 0 } } ignore_live_leader: false dest_uuid: "63b9dc8cf49b47ebb644515af2f427e7" is_pre_election: true
I1121 10:21:18.633615 8022 tablet_service.cc:1296] Received RequestConsensusVote() RPC: tablet_id: "c5abf7a6c891418482e200e7115e2c2d" candidate_uuid: "81d8bacc3ca64d628a255ad416a77c3d" candidate_term: 1 candidate_status { last_received { term: 0 index: 0 } } ignore_live_leader: false dest_uuid: "c9e9c35ff1cb4b68ba7cf5c037a98347" is_pre_election: true
I1121 10:21:18.633641 7390 raft_consensus.cc:2359] T c5abf7a6c891418482e200e7115e2c2d P 63b9dc8cf49b47ebb644515af2f427e7 [term 0 FOLLOWER]: Leader pre-election vote request: Granting yes vote for candidate 81d8bacc3ca64d628a255ad416a77c3d in term 0.
I1121 10:21:18.633641 8022 raft_consensus.cc:2359] T c5abf7a6c891418482e200e7115e2c2d P c9e9c35ff1cb4b68ba7cf5c037a98347 [term 0 FOLLOWER]: Leader pre-election vote request: Granting yes vote for candidate 81d8bacc3ca64d628a255ad416a77c3d in term 0.
I1121 10:21:18.633791 7831 leader_election.cc:310] T c5abf7a6c891418482e200e7115e2c2d P 81d8bacc3ca64d628a255ad416a77c3d [CANDIDATE]: Term 1 pre-election: Election decided. Result: candidate won. Election summary: received 3 responses out of 5 voters: 3 yes votes; 0 no votes. yes voters: 63b9dc8cf49b47ebb644515af2f427e7, 81d8bacc3ca64d628a255ad416a77c3d, c9e9c35ff1cb4b68ba7cf5c037a98347; no voters:
I1121 10:21:18.633790 7775 tablet_service.cc:1296] Received RequestConsensusVote() RPC: tablet_id: "c5abf7a6c891418482e200e7115e2c2d" candidate_uuid: "81d8bacc3ca64d628a255ad416a77c3d" candidate_term: 1 candidate_status { last_received { term: 0 index: 0 } } ignore_live_leader: false dest_uuid: "1b3038ad6c564f438aa18383cddc769a" is_pre_election: true
I1121 10:21:18.633816 7775 raft_consensus.cc:2359] T c5abf7a6c891418482e200e7115e2c2d P 1b3038ad6c564f438aa18383cddc769a [term 0 FOLLOWER]: Leader pre-election vote request: Granting yes vote for candidate 81d8bacc3ca64d628a255ad416a77c3d in term 0.
I1121 10:21:18.633864 8336 raft_consensus.cc:2653] T c5abf7a6c891418482e200e7115e2c2d P 81d8bacc3ca64d628a255ad416a77c3d [term 0 FOLLOWER]: Leader pre-election won for term 1
I1121 10:21:18.634047 8336 raft_consensus.cc:469] T c5abf7a6c891418482e200e7115e2c2d P 81d8bacc3ca64d628a255ad416a77c3d [term 0 FOLLOWER]: Starting leader election (no leader contacted us within the election timeout)
I1121 10:21:18.634059 8336 raft_consensus.cc:2905] T c5abf7a6c891418482e200e7115e2c2d P 81d8bacc3ca64d628a255ad416a77c3d [term 0 FOLLOWER]: Advancing to term 1
I1121 10:21:18.634734 8336 raft_consensus.cc:491] T c5abf7a6c891418482e200e7115e2c2d P 81d8bacc3ca64d628a255ad416a77c3d [term 1 FOLLOWER]: Starting leader election with config: opid_index: -1 OBSOLETE_local: false peers { permanent_uuid: "63b9dc8cf49b47ebb644515af2f427e7" member_type: VOTER last_known_addr { host: "127.5.70.1" port: 36995 } } peers { permanent_uuid: "c9e9c35ff1cb4b68ba7cf5c037a98347" member_type: VOTER last_known_addr { host: "127.5.70.6" port: 32833 } } peers { permanent_uuid: "f5bc6d2f9c574b4db9396f9f900c1141" member_type: VOTER last_known_addr { host: "127.5.70.3" port: 43909 } } peers { permanent_uuid: "1b3038ad6c564f438aa18383cddc769a" member_type: VOTER last_known_addr { host: "127.5.70.4" port: 32993 } } peers { permanent_uuid: "81d8bacc3ca64d628a255ad416a77c3d" member_type: VOTER last_known_addr { host: "127.5.70.5" port: 36445 } }
I1121 10:21:18.635008 8022 tablet_service.cc:1296] Received RequestConsensusVote() RPC: tablet_id: "c5abf7a6c891418482e200e7115e2c2d" candidate_uuid: "81d8bacc3ca64d628a255ad416a77c3d" candidate_term: 1 candidate_status { last_received { term: 0 index: 0 } } ignore_live_leader: false dest_uuid: "c9e9c35ff1cb4b68ba7cf5c037a98347"
I1121 10:21:18.635008 7390 tablet_service.cc:1296] Received RequestConsensusVote() RPC: tablet_id: "c5abf7a6c891418482e200e7115e2c2d" candidate_uuid: "81d8bacc3ca64d628a255ad416a77c3d" candidate_term: 1 candidate_status { last_received { term: 0 index: 0 } } ignore_live_leader: false dest_uuid: "63b9dc8cf49b47ebb644515af2f427e7"
I1121 10:21:18.635028 8336 leader_election.cc:296] T c5abf7a6c891418482e200e7115e2c2d P 81d8bacc3ca64d628a255ad416a77c3d [CANDIDATE]: Term 1 election: Requested vote from peers 63b9dc8cf49b47ebb644515af2f427e7 (127.5.70.1:36995), c9e9c35ff1cb4b68ba7cf5c037a98347 (127.5.70.6:32833), f5bc6d2f9c574b4db9396f9f900c1141 (127.5.70.3:43909), 1b3038ad6c564f438aa18383cddc769a (127.5.70.4:32993)
I1121 10:21:18.635035 8022 raft_consensus.cc:2905] T c5abf7a6c891418482e200e7115e2c2d P c9e9c35ff1cb4b68ba7cf5c037a98347 [term 0 FOLLOWER]: Advancing to term 1
I1121 10:21:18.635035 7390 raft_consensus.cc:2905] T c5abf7a6c891418482e200e7115e2c2d P 63b9dc8cf49b47ebb644515af2f427e7 [term 0 FOLLOWER]: Advancing to term 1
I1121 10:21:18.635646 8022 raft_consensus.cc:2359] T c5abf7a6c891418482e200e7115e2c2d P c9e9c35ff1cb4b68ba7cf5c037a98347 [term 1 FOLLOWER]: Leader election vote request: Granting yes vote for candidate 81d8bacc3ca64d628a255ad416a77c3d in term 1.
I1121 10:21:18.635646 7390 raft_consensus.cc:2359] T c5abf7a6c891418482e200e7115e2c2d P 63b9dc8cf49b47ebb644515af2f427e7 [term 1 FOLLOWER]: Leader election vote request: Granting yes vote for candidate 81d8bacc3ca64d628a255ad416a77c3d in term 1.
I1121 10:21:18.635805 7775 tablet_service.cc:1296] Received RequestConsensusVote() RPC: tablet_id: "c5abf7a6c891418482e200e7115e2c2d" candidate_uuid: "81d8bacc3ca64d628a255ad416a77c3d" candidate_term: 1 candidate_status { last_received { term: 0 index: 0 } } ignore_live_leader: false dest_uuid: "1b3038ad6c564f438aa18383cddc769a"
I1121 10:21:18.635807 7831 leader_election.cc:310] T c5abf7a6c891418482e200e7115e2c2d P 81d8bacc3ca64d628a255ad416a77c3d [CANDIDATE]: Term 1 election: Election decided. Result: candidate won. Election summary: received 3 responses out of 5 voters: 3 yes votes; 0 no votes. yes voters: 63b9dc8cf49b47ebb644515af2f427e7, 81d8bacc3ca64d628a255ad416a77c3d, c9e9c35ff1cb4b68ba7cf5c037a98347; no voters:
I1121 10:21:18.635843 7775 raft_consensus.cc:2905] T c5abf7a6c891418482e200e7115e2c2d P 1b3038ad6c564f438aa18383cddc769a [term 0 FOLLOWER]: Advancing to term 1
I1121 10:21:18.635864 8336 raft_consensus.cc:2653] T c5abf7a6c891418482e200e7115e2c2d P 81d8bacc3ca64d628a255ad416a77c3d [term 1 FOLLOWER]: Leader election won for term 1
I1121 10:21:18.635926 8336 raft_consensus.cc:664] T c5abf7a6c891418482e200e7115e2c2d P 81d8bacc3ca64d628a255ad416a77c3d [term 1 LEADER]: Becoming Leader. State: Replica: 81d8bacc3ca64d628a255ad416a77c3d, State: Running, Role: LEADER
I1121 10:21:18.635996 8336 consensus_queue.cc:208] T c5abf7a6c891418482e200e7115e2c2d P 81d8bacc3ca64d628a255ad416a77c3d [LEADER]: Queue going to LEADER mode. State: All replicated index: 0, Majority replicated index: 0, Committed index: 0, Last appended: 0.0, Last appended by leader: 0, Current term: 1, Majority size: 3, State: 0, Mode: LEADER, active raft config: opid_index: -1 OBSOLETE_local: false peers { permanent_uuid: "63b9dc8cf49b47ebb644515af2f427e7" member_type: VOTER last_known_addr { host: "127.5.70.1" port: 36995 } } peers { permanent_uuid: "c9e9c35ff1cb4b68ba7cf5c037a98347" member_type: VOTER last_known_addr { host: "127.5.70.6" port: 32833 } } peers { permanent_uuid: "f5bc6d2f9c574b4db9396f9f900c1141" member_type: VOTER last_known_addr { host: "127.5.70.3" port: 43909 } } peers { permanent_uuid: "1b3038ad6c564f438aa18383cddc769a" member_type: VOTER last_known_addr { host: "127.5.70.4" port: 32993 } } peers { permanent_uuid: "81d8bacc3ca64d628a255ad416a77c3d" member_type: VOTER last_known_addr { host: "127.5.70.5" port: 36445 } }
I1121 10:21:18.636390 7775 raft_consensus.cc:2359] T c5abf7a6c891418482e200e7115e2c2d P 1b3038ad6c564f438aa18383cddc769a [term 1 FOLLOWER]: Leader election vote request: Granting yes vote for candidate 81d8bacc3ca64d628a255ad416a77c3d in term 1.
I1121 10:21:18.636587 7651 tablet_service.cc:1296] Received RequestConsensusVote() RPC: tablet_id: "c5abf7a6c891418482e200e7115e2c2d" candidate_uuid: "81d8bacc3ca64d628a255ad416a77c3d" candidate_term: 1 candidate_status { last_received { term: 0 index: 0 } } ignore_live_leader: false dest_uuid: "f5bc6d2f9c574b4db9396f9f900c1141" is_pre_election: true
I1121 10:21:18.636642 7651 raft_consensus.cc:2359] T c5abf7a6c891418482e200e7115e2c2d P f5bc6d2f9c574b4db9396f9f900c1141 [term 0 FOLLOWER]: Leader pre-election vote request: Granting yes vote for candidate 81d8bacc3ca64d628a255ad416a77c3d in term 0.
I1121 10:21:18.636724 7277 catalog_manager.cc:4143] T c5abf7a6c891418482e200e7115e2c2d P 81d8bacc3ca64d628a255ad416a77c3d reported cstate change: term changed from 0 to 1, leader changed from to 81d8bacc3ca64d628a255ad416a77c3d (127.5.70.5). New cstate: current_term: 1 leader_uuid: "81d8bacc3ca64d628a255ad416a77c3d" committed_config { opid_index: -1 OBSOLETE_local: false peers { permanent_uuid: "63b9dc8cf49b47ebb644515af2f427e7" member_type: VOTER last_known_addr { host: "127.5.70.1" port: 36995 } health_report { overall_health: UNKNOWN } } peers { permanent_uuid: "c9e9c35ff1cb4b68ba7cf5c037a98347" member_type: VOTER last_known_addr { host: "127.5.70.6" port: 32833 } health_report { overall_health: UNKNOWN } } peers { permanent_uuid: "f5bc6d2f9c574b4db9396f9f900c1141" member_type: VOTER last_known_addr { host: "127.5.70.3" port: 43909 } health_report { overall_health: UNKNOWN } } peers { permanent_uuid: "1b3038ad6c564f438aa18383cddc769a" member_type: VOTER last_known_addr { host: "127.5.70.4" port: 32993 } health_report { overall_health: UNKNOWN } } peers { permanent_uuid: "81d8bacc3ca64d628a255ad416a77c3d" member_type: VOTER last_known_addr { host: "127.5.70.5" port: 36445 } health_report { overall_health: HEALTHY } } }
I1121 10:21:18.636596 7650 tablet_service.cc:1296] Received RequestConsensusVote() RPC: tablet_id: "c5abf7a6c891418482e200e7115e2c2d" candidate_uuid: "81d8bacc3ca64d628a255ad416a77c3d" candidate_term: 1 candidate_status { last_received { term: 0 index: 0 } } ignore_live_leader: false dest_uuid: "f5bc6d2f9c574b4db9396f9f900c1141"
I1121 10:21:18.636899 7650 raft_consensus.cc:2905] T c5abf7a6c891418482e200e7115e2c2d P f5bc6d2f9c574b4db9396f9f900c1141 [term 0 FOLLOWER]: Advancing to term 1
I1121 10:21:18.637485 7650 raft_consensus.cc:2359] T c5abf7a6c891418482e200e7115e2c2d P f5bc6d2f9c574b4db9396f9f900c1141 [term 1 FOLLOWER]: Leader election vote request: Granting yes vote for candidate 81d8bacc3ca64d628a255ad416a77c3d in term 1.
W1121 10:21:18.702710 8385 flags.cc:404] Enabled unsafe flag: --never_fsync=true Using table 'rebalance_test_table_1'
I1121 10:21:18.731186 7390 raft_consensus.cc:1181] T c5abf7a6c891418482e200e7115e2c2d P 63b9dc8cf49b47ebb644515af2f427e7 [term 1 FOLLOWER]: Refusing update from remote peer 81d8bacc3ca64d628a255ad416a77c3d: Log matching property violated. Preceding OpId in replica: term: 0 index: 0. Preceding OpId from leader: term: 1 index: 2. (index mismatch)
I1121 10:21:18.731343 8022 raft_consensus.cc:1181] T c5abf7a6c891418482e200e7115e2c2d P c9e9c35ff1cb4b68ba7cf5c037a98347 [term 1 FOLLOWER]: Refusing update from remote peer 81d8bacc3ca64d628a255ad416a77c3d: Log matching property violated. Preceding OpId in replica: term: 0 index: 0. Preceding OpId from leader: term: 1 index: 2. (index mismatch)
I1121 10:21:18.731607 8022 raft_consensus.cc:1181] T 7d59736e513f426095bedf84bbeec48d P c9e9c35ff1cb4b68ba7cf5c037a98347 [term 1 FOLLOWER]: Refusing update from remote peer 63b9dc8cf49b47ebb644515af2f427e7: Log matching property violated. Preceding OpId in replica: term: 0 index: 0. Preceding OpId from leader: term: 1 index: 2. (index mismatch)
I1121 10:21:18.731830 8363 consensus_queue.cc:984] T 7d59736e513f426095bedf84bbeec48d P 63b9dc8cf49b47ebb644515af2f427e7 [LEADER]: Connected to new peer: Peer: permanent_uuid: "c9e9c35ff1cb4b68ba7cf5c037a98347" member_type: VOTER last_known_addr { host: "127.5.70.6" port: 32833 }, Status: LMP_MISMATCH, Last received: 0.0, Next index: 1, Last known committed idx: 0, Time since last communication: 0.000s
I1121 10:21:18.731899 7650 raft_consensus.cc:1181] T c5abf7a6c891418482e200e7115e2c2d P f5bc6d2f9c574b4db9396f9f900c1141 [term 1 FOLLOWER]: Refusing update from remote peer 81d8bacc3ca64d628a255ad416a77c3d: Log matching property violated. Preceding OpId in replica: term: 0 index: 0. Preceding OpId from leader: term: 1 index: 2. (index mismatch)
I1121 10:21:18.731983 8328 consensus_queue.cc:984] T c5abf7a6c891418482e200e7115e2c2d P 81d8bacc3ca64d628a255ad416a77c3d [LEADER]: Connected to new peer: Peer: permanent_uuid: "63b9dc8cf49b47ebb644515af2f427e7" member_type: VOTER last_known_addr { host: "127.5.70.1" port: 36995 }, Status: LMP_MISMATCH, Last received: 0.0, Next index: 1, Last known committed idx: 0, Time since last communication: 0.000s
I1121 10:21:18.732107 8299 consensus_queue.cc:984] T c5abf7a6c891418482e200e7115e2c2d P 81d8bacc3ca64d628a255ad416a77c3d [LEADER]: Connected to new peer: Peer: permanent_uuid: "c9e9c35ff1cb4b68ba7cf5c037a98347" member_type: VOTER last_known_addr { host: "127.5.70.6" port: 32833 }, Status: LMP_MISMATCH, Last received: 0.0, Next index: 1, Last known committed idx: 0, Time since last communication: 0.000s
I1121 10:21:18.732259 8328 consensus_queue.cc:984] T c5abf7a6c891418482e200e7115e2c2d P 81d8bacc3ca64d628a255ad416a77c3d [LEADER]: Connected to new peer: Peer: permanent_uuid: "f5bc6d2f9c574b4db9396f9f900c1141" member_type: VOTER last_known_addr { host: "127.5.70.3" port: 43909 }, Status: LMP_MISMATCH, Last received: 0.0, Next index: 1, Last known committed idx: 0, Time since last communication: 0.000s
I1121 10:21:18.732877 7402 raft_consensus.cc:1181] T 787130b10eda4a71b2212bdb7ed2f140 P 63b9dc8cf49b47ebb644515af2f427e7 [term 1 FOLLOWER]: Refusing update from remote peer f5bc6d2f9c574b4db9396f9f900c1141: Log matching property violated. Preceding OpId in replica: term: 0 index: 0. Preceding OpId from leader: term: 1 index: 2. (index mismatch)
I1121 10:21:18.733103 8273 consensus_queue.cc:984] T 787130b10eda4a71b2212bdb7ed2f140 P f5bc6d2f9c574b4db9396f9f900c1141 [LEADER]: Connected to new peer: Peer: permanent_uuid: "63b9dc8cf49b47ebb644515af2f427e7" member_type: VOTER last_known_addr { host: "127.5.70.1" port: 36995 }, Status: LMP_MISMATCH, Last received: 0.0, Next index: 1, Last known committed idx: 0, Time since last communication: 0.000s
I1121 10:21:18.733122 7775 raft_consensus.cc:1181] T c5abf7a6c891418482e200e7115e2c2d P 1b3038ad6c564f438aa18383cddc769a [term 1 FOLLOWER]: Refusing update from remote peer 81d8bacc3ca64d628a255ad416a77c3d: Log matching property violated. Preceding OpId in replica: term: 0 index: 0. Preceding OpId from leader: term: 1 index: 2. (index mismatch)
I1121 10:21:18.733641 7893 raft_consensus.cc:1181] T 787130b10eda4a71b2212bdb7ed2f140 P 81d8bacc3ca64d628a255ad416a77c3d [term 1 FOLLOWER]: Refusing update from remote peer f5bc6d2f9c574b4db9396f9f900c1141: Log matching property violated. Preceding OpId in replica: term: 0 index: 0. Preceding OpId from leader: term: 1 index: 2. (index mismatch)
I1121 10:21:18.733683 7527 raft_consensus.cc:1181] T 787130b10eda4a71b2212bdb7ed2f140 P 41118f5c2e8f48179ffbebbfb6da2edf [term 1 FOLLOWER]: Refusing update from remote peer f5bc6d2f9c574b4db9396f9f900c1141: Log matching property violated. Preceding OpId in replica: term: 0 index: 0. Preceding OpId from leader: term: 1 index: 2. (index mismatch)
I1121 10:21:18.733825 7775 raft_consensus.cc:1181] T 787130b10eda4a71b2212bdb7ed2f140 P 1b3038ad6c564f438aa18383cddc769a [term 1 FOLLOWER]: Refusing update from remote peer f5bc6d2f9c574b4db9396f9f900c1141: Log matching property violated. Preceding OpId in replica: term: 0 index: 0. Preceding OpId from leader: term: 1 index: 2. (index mismatch)
I1121 10:21:18.733937 8291 consensus_queue.cc:984] T 787130b10eda4a71b2212bdb7ed2f140 P f5bc6d2f9c574b4db9396f9f900c1141 [LEADER]: Connected to new peer: Peer: permanent_uuid: "41118f5c2e8f48179ffbebbfb6da2edf" member_type: VOTER last_known_addr { host: "127.5.70.2" port: 39291 }, Status: LMP_MISMATCH, Last received: 0.0, Next index: 1, Last known committed idx: 0, Time since last communication: 0.000s
I1121 10:21:18.734001 8273 consensus_queue.cc:984] T 787130b10eda4a71b2212bdb7ed2f140 P f5bc6d2f9c574b4db9396f9f900c1141 [LEADER]: Connected to new peer: Peer: permanent_uuid: "81d8bacc3ca64d628a255ad416a77c3d" member_type: VOTER last_known_addr { host: "127.5.70.5" port: 36445 }, Status: LMP_MISMATCH, Last received: 0.0, Next index: 1, Last known committed idx: 0, Time since last communication: 0.000s
I1121 10:21:18.734326 8273 consensus_queue.cc:984] T 787130b10eda4a71b2212bdb7ed2f140 P f5bc6d2f9c574b4db9396f9f900c1141 [LEADER]: Connected to new peer: Peer: permanent_uuid: "1b3038ad6c564f438aa18383cddc769a" member_type: VOTER last_known_addr { host: "127.5.70.4" port: 32993 }, Status: LMP_MISMATCH, Last received: 0.0, Next index: 1, Last known committed idx: 0, Time since last communication: 0.000s
I1121 10:21:18.734573 7651 raft_consensus.cc:1181] T 7d59736e513f426095bedf84bbeec48d P f5bc6d2f9c574b4db9396f9f900c1141 [term 1 FOLLOWER]: Refusing update from remote peer 63b9dc8cf49b47ebb644515af2f427e7: Log matching property violated. Preceding OpId in replica: term: 0 index: 0. Preceding OpId from leader: term: 1 index: 2. (index mismatch)
I1121 10:21:18.734593 7893 raft_consensus.cc:1181] T 7d59736e513f426095bedf84bbeec48d P 81d8bacc3ca64d628a255ad416a77c3d [term 1 FOLLOWER]: Refusing update from remote peer 63b9dc8cf49b47ebb644515af2f427e7: Log matching property violated. Preceding OpId in replica: term: 0 index: 0. Preceding OpId from leader: term: 1 index: 2. (index mismatch)
I1121 10:21:18.734874 8363 consensus_queue.cc:984] T 7d59736e513f426095bedf84bbeec48d P 63b9dc8cf49b47ebb644515af2f427e7 [LEADER]: Connected to new peer: Peer: permanent_uuid: "f5bc6d2f9c574b4db9396f9f900c1141" member_type: VOTER last_known_addr { host: "127.5.70.3" port: 43909 }, Status: LMP_MISMATCH, Last received: 0.0, Next index: 1, Last known committed idx: 0, Time since last communication: 0.000s
I1121 10:21:18.735070 8286 consensus_queue.cc:984] T 7d59736e513f426095bedf84bbeec48d P 63b9dc8cf49b47ebb644515af2f427e7 [LEADER]: Connected to new peer: Peer: permanent_uuid: "81d8bacc3ca64d628a255ad416a77c3d" member_type: VOTER last_known_addr { host: "127.5.70.5" port: 36445 }, Status: LMP_MISMATCH, Last received: 0.0, Next index: 1, Last known committed idx: 0, Time since last communication: 0.000s
I1121 10:21:18.735500 7774 raft_consensus.cc:1181] T 7d59736e513f426095bedf84bbeec48d P 1b3038ad6c564f438aa18383cddc769a [term 1 FOLLOWER]: Refusing update from remote peer 63b9dc8cf49b47ebb644515af2f427e7: Log matching property violated. Preceding OpId in replica: term: 0 index: 0. Preceding OpId from leader: term: 1 index: 2. (index mismatch)
I1121 10:21:18.735685 8299 consensus_queue.cc:984] T c5abf7a6c891418482e200e7115e2c2d P 81d8bacc3ca64d628a255ad416a77c3d [LEADER]: Connected to new peer: Peer: permanent_uuid: "1b3038ad6c564f438aa18383cddc769a" member_type: VOTER last_known_addr { host: "127.5.70.4" port: 32993 }, Status: LMP_MISMATCH, Last received: 0.0, Next index: 1, Last known committed idx: 0, Time since last communication: 0.000s
I1121 10:21:18.738165 8364 consensus_queue.cc:984] T 7d59736e513f426095bedf84bbeec48d P 63b9dc8cf49b47ebb644515af2f427e7 [LEADER]: Connected to new peer: Peer: permanent_uuid: "1b3038ad6c564f438aa18383cddc769a" member_type: VOTER last_known_addr { host: "127.5.70.4" port: 32993 }, Status: LMP_MISMATCH, Last received: 0.0, Next index: 1, Last known committed idx: 0, Time since last communication: 0.000s Generator report time total : 37.1109 ms time per row: 0.0185555 ms
I1121 10:21:18.760018 7278 catalog_manager.cc:1455] Servicing CreateTable request from {username='slave'} at 127.0.0.1:53014: name: "rebalance_test_table_2" schema { columns { name: "key" type: INT32 is_key: true is_nullable: false encoding: AUTO_ENCODING compression: DEFAULT_COMPRESSION cfile_block_size: 0 } columns { name: "int_val" type: INT32 is_key: false is_nullable: false encoding: AUTO_ENCODING compression: DEFAULT_COMPRESSION cfile_block_size: 0 } columns { name: "string_val" type: STRING is_key: false is_nullable: true encoding: AUTO_ENCODING compression: DEFAULT_COMPRESSION cfile_block_size: 0 } } num_replicas: 5 split_rows_range_bounds { } partition_schema { hash_bucket_schemas { columns { name: "key" } num_buckets: 3 seed: 0 } }
I1121 10:21:18.761870 7628 tablet_service.cc:1023] Processing CreateTablet for tablet 5a9a3a26473340c381d502b8e9e1660c (table=rebalance_test_table_2 [id=a882fd9fc4ab493f9a0c3cc9647366e6]), partition=HASH (key) PARTITION 1, RANGE (key) PARTITION UNBOUNDED
I1121 10:21:18.761871 7629 tablet_service.cc:1023] Processing CreateTablet for tablet 993b9cf62f6c4e6296acbb32382ab037 (table=rebalance_test_table_2 [id=a882fd9fc4ab493f9a0c3cc9647366e6]), partition=HASH (key) PARTITION 0, RANGE (key) PARTITION UNBOUNDED
I1121 10:21:18.762003 7628 data_dirs.cc:946] Could only allocate 1 dirs of requested 3 for tablet 5a9a3a26473340c381d502b8e9e1660c. 1 dirs total, 0 dirs full, 0 dirs failed
I1121 10:21:18.762069 7372 tablet_service.cc:1023] Processing CreateTablet for tablet 993b9cf62f6c4e6296acbb32382ab037 (table=rebalance_test_table_2 [id=a882fd9fc4ab493f9a0c3cc9647366e6]), partition=HASH (key) PARTITION 0, RANGE (key) PARTITION UNBOUNDED
I1121 10:21:18.762118 7874 tablet_service.cc:1023] Processing CreateTablet for tablet c2bd898e6d3340f5982c1386e0ebd41a (table=rebalance_test_table_2 [id=a882fd9fc4ab493f9a0c3cc9647366e6]), partition=HASH (key) PARTITION 2, RANGE (key) PARTITION UNBOUNDED
I1121 10:21:18.762173 7372 data_dirs.cc:946] Could only allocate 1 dirs of requested 3 for tablet 993b9cf62f6c4e6296acbb32382ab037. 1 dirs total, 0 dirs full, 0 dirs failed
I1121 10:21:18.762205 7503 tablet_service.cc:1023] Processing CreateTablet for tablet 993b9cf62f6c4e6296acbb32382ab037 (table=rebalance_test_table_2 [id=a882fd9fc4ab493f9a0c3cc9647366e6]), partition=HASH (key) PARTITION 0, RANGE (key) PARTITION UNBOUNDED
I1121 10:21:18.762213 7874 data_dirs.cc:946] Could only allocate 1 dirs of requested 3 for tablet c2bd898e6d3340f5982c1386e0ebd41a. 1 dirs total, 0 dirs full, 0 dirs failed
I1121 10:21:18.762306 7503 data_dirs.cc:946] Could only allocate 1 dirs of requested 3 for tablet 993b9cf62f6c4e6296acbb32382ab037. 1 dirs total, 0 dirs full, 0 dirs failed
I1121 10:21:18.762545 7370 tablet_service.cc:1023] Processing CreateTablet for tablet 5a9a3a26473340c381d502b8e9e1660c (table=rebalance_test_table_2 [id=a882fd9fc4ab493f9a0c3cc9647366e6]), partition=HASH (key) PARTITION 1, RANGE (key) PARTITION UNBOUNDED
I1121 10:21:18.762607 7370 data_dirs.cc:946] Could only allocate 1 dirs of requested 3 for tablet 5a9a3a26473340c381d502b8e9e1660c. 1 dirs total, 0 dirs full, 0 dirs failed
I1121 10:21:18.763320 8258 tablet_bootstrap.cc:439] T 5a9a3a26473340c381d502b8e9e1660c P f5bc6d2f9c574b4db9396f9f900c1141: Bootstrap starting.
I1121 10:21:18.763468 7629 data_dirs.cc:946] Could only allocate 1 dirs of requested 3 for tablet 993b9cf62f6c4e6296acbb32382ab037. 1 dirs total, 0 dirs full, 0 dirs failed
I1121 10:21:18.763485 7501 tablet_service.cc:1023] Processing CreateTablet for tablet 5a9a3a26473340c381d502b8e9e1660c (table=rebalance_test_table_2 [id=a882fd9fc4ab493f9a0c3cc9647366e6]), partition=HASH (key) PARTITION 1, RANGE (key) PARTITION UNBOUNDED
I1121 10:21:18.763554 7501 data_dirs.cc:946] Could only allocate 1 dirs of requested 3 for tablet 5a9a3a26473340c381d502b8e9e1660c. 1 dirs total, 0 dirs full, 0 dirs failed
I1121 10:21:18.763643 8258 tablet_bootstrap.cc:590] T 5a9a3a26473340c381d502b8e9e1660c P f5bc6d2f9c574b4db9396f9f900c1141: No blocks or log segments found. Creating new log.
I1121 10:21:18.763716 7371 tablet_service.cc:1023] Processing CreateTablet for tablet c2bd898e6d3340f5982c1386e0ebd41a (table=rebalance_test_table_2 [id=a882fd9fc4ab493f9a0c3cc9647366e6]), partition=HASH (key) PARTITION 2, RANGE (key) PARTITION UNBOUNDED
I1121 10:21:18.763785 7371 data_dirs.cc:946] Could only allocate 1 dirs of requested 3 for tablet c2bd898e6d3340f5982c1386e0ebd41a. 1 dirs total, 0 dirs full, 0 dirs failed
I1121 10:21:18.764576 8272 tablet_bootstrap.cc:439] T 5a9a3a26473340c381d502b8e9e1660c P 63b9dc8cf49b47ebb644515af2f427e7: Bootstrap starting.
I1121 10:21:18.764614 7507 tablet_service.cc:1023] Processing CreateTablet for tablet c2bd898e6d3340f5982c1386e0ebd41a (table=rebalance_test_table_2 [id=a882fd9fc4ab493f9a0c3cc9647366e6]), partition=HASH (key) PARTITION 2, RANGE (key) PARTITION UNBOUNDED
I1121 10:21:18.764636 8260 tablet_bootstrap.cc:439] T c2bd898e6d3340f5982c1386e0ebd41a P 81d8bacc3ca64d628a255ad416a77c3d: Bootstrap starting.
I1121 10:21:18.764703 7507 data_dirs.cc:946] Could only allocate 1 dirs of requested 3 for tablet c2bd898e6d3340f5982c1386e0ebd41a. 1 dirs total, 0 dirs full, 0 dirs failed
I1121 10:21:18.764922 8272 tablet_bootstrap.cc:590] T 5a9a3a26473340c381d502b8e9e1660c P 63b9dc8cf49b47ebb644515af2f427e7: No blocks or log segments found. Creating new log.
I1121 10:21:18.764928 8260 tablet_bootstrap.cc:590] T c2bd898e6d3340f5982c1386e0ebd41a P 81d8bacc3ca64d628a255ad416a77c3d: No blocks or log segments found. Creating new log.
I1121 10:21:18.765771 7872 tablet_service.cc:1023] Processing CreateTablet for tablet 5a9a3a26473340c381d502b8e9e1660c (table=rebalance_test_table_2 [id=a882fd9fc4ab493f9a0c3cc9647366e6]), partition=HASH (key) PARTITION 1, RANGE (key) PARTITION UNBOUNDED
I1121 10:21:18.765859 7872 data_dirs.cc:946] Could only allocate 1 dirs of requested 3 for tablet 5a9a3a26473340c381d502b8e9e1660c. 1 dirs total, 0 dirs full, 0 dirs failed
I1121 10:21:18.766947 8002 tablet_service.cc:1023] Processing CreateTablet for tablet 993b9cf62f6c4e6296acbb32382ab037 (table=rebalance_test_table_2 [id=a882fd9fc4ab493f9a0c3cc9647366e6]), partition=HASH (key) PARTITION 0, RANGE (key) PARTITION UNBOUNDED
I1121 10:21:18.767035 8002 data_dirs.cc:946] Could only allocate 1 dirs of requested 3 for tablet 993b9cf62f6c4e6296acbb32382ab037. 1 dirs total, 0 dirs full, 0 dirs failed
I1121 10:21:18.767997 8275 tablet_bootstrap.cc:439] T 993b9cf62f6c4e6296acbb32382ab037 P c9e9c35ff1cb4b68ba7cf5c037a98347: Bootstrap starting.
I1121 10:21:18.768023 8001 tablet_service.cc:1023] Processing CreateTablet for tablet 5a9a3a26473340c381d502b8e9e1660c (table=rebalance_test_table_2 [id=a882fd9fc4ab493f9a0c3cc9647366e6]), partition=HASH (key) PARTITION 1, RANGE (key) PARTITION UNBOUNDED
I1121 10:21:18.768088 8001 data_dirs.cc:946] Could only allocate 1 dirs of requested 3 for tablet 5a9a3a26473340c381d502b8e9e1660c. 1 dirs total, 0 dirs full, 0 dirs failed
I1121 10:21:18.768414 8275 tablet_bootstrap.cc:590] T 993b9cf62f6c4e6296acbb32382ab037 P c9e9c35ff1cb4b68ba7cf5c037a98347: No blocks or log segments found. Creating new log.
I1121 10:21:18.768596 8003 tablet_service.cc:1023] Processing CreateTablet for tablet c2bd898e6d3340f5982c1386e0ebd41a (table=rebalance_test_table_2 [id=a882fd9fc4ab493f9a0c3cc9647366e6]), partition=HASH (key) PARTITION 2, RANGE (key) PARTITION UNBOUNDED
I1121 10:21:18.768684 8003 data_dirs.cc:946] Could only allocate 1 dirs of requested 3 for tablet c2bd898e6d3340f5982c1386e0ebd41a. 1 dirs total, 0 dirs full, 0 dirs failed
I1121 10:21:18.769469 8259 tablet_bootstrap.cc:439] T 993b9cf62f6c4e6296acbb32382ab037 P 41118f5c2e8f48179ffbebbfb6da2edf: Bootstrap starting.
I1121 10:21:18.769765 8259 tablet_bootstrap.cc:590] T 993b9cf62f6c4e6296acbb32382ab037 P 41118f5c2e8f48179ffbebbfb6da2edf: No blocks or log segments found. Creating new log.
I1121 10:21:18.770103 7755 tablet_service.cc:1023] Processing CreateTablet for tablet 993b9cf62f6c4e6296acbb32382ab037 (table=rebalance_test_table_2 [id=a882fd9fc4ab493f9a0c3cc9647366e6]), partition=HASH (key) PARTITION 0, RANGE (key) PARTITION UNBOUNDED
I1121 10:21:18.770143 7754 tablet_service.cc:1023] Processing CreateTablet for tablet c2bd898e6d3340f5982c1386e0ebd41a (table=rebalance_test_table_2 [id=a882fd9fc4ab493f9a0c3cc9647366e6]), partition=HASH (key) PARTITION 2, RANGE (key) PARTITION UNBOUNDED
