W1121 10:21:19.025776 7832 leader_election.cc:348] T 7cd3c7862a7c420cb0b87bd87a770d84 P 81d8bacc3ca64d628a255ad416a77c3d [CANDIDATE]: Term 1 pre-election: Tablet error from VoteRequest() call to peer 1b3038ad6c564f438aa18383cddc769a (127.5.70.4:32993): Illegal state: must be running to vote when last-logged opid is not known
I1121 10:21:19.028647 8260 tablet_bootstrap.cc:439] T 865e88694908474197879cd8d34789ad P 81d8bacc3ca64d628a255ad416a77c3d: No bootstrap required, opened a new log
I1121 10:21:19.028697 8260 ts_tablet_manager.cc:1104] T 865e88694908474197879cd8d34789ad P 81d8bacc3ca64d628a255ad416a77c3d: Time spent bootstrapping tablet: real 0.020s user 0.001s sys 0.000s
I1121 10:21:19.028913 8260 raft_consensus.cc:337] T 865e88694908474197879cd8d34789ad P 81d8bacc3ca64d628a255ad416a77c3d [term 0 FOLLOWER]: Replica starting. Triggering 0 pending transactions. Active config: opid_index: -1 OBSOLETE_local: false peers { permanent_uuid: "1b3038ad6c564f438aa18383cddc769a" member_type: VOTER last_known_addr { host: "127.5.70.4" port: 32993 } } peers { permanent_uuid: "f5bc6d2f9c574b4db9396f9f900c1141" member_type: VOTER last_known_addr { host: "127.5.70.3" port: 43909 } } peers { permanent_uuid: "41118f5c2e8f48179ffbebbfb6da2edf" member_type: VOTER last_known_addr { host: "127.5.70.2" port: 39291 } } peers { permanent_uuid: "63b9dc8cf49b47ebb644515af2f427e7" member_type: VOTER last_known_addr { host: "127.5.70.1" port: 36995 } } peers { permanent_uuid: "81d8bacc3ca64d628a255ad416a77c3d" member_type: VOTER last_known_addr { host: "127.5.70.5" port: 36445 } }
I1121 10:21:19.028934 8260 raft_consensus.cc:363] T 865e88694908474197879cd8d34789ad P 81d8bacc3ca64d628a255ad416a77c3d [term 0 FOLLOWER]: Consensus starting up: Expiring failure detector timer to make a prompt election more likely
I1121 10:21:19.028941 8260 raft_consensus.cc:702] T 865e88694908474197879cd8d34789ad P 81d8bacc3ca64d628a255ad416a77c3d [term 0 FOLLOWER]: Becoming Follower/Learner. State: Replica: 81d8bacc3ca64d628a255ad416a77c3d, State: Initialized, Role: FOLLOWER
I1121 10:21:19.029011 8260 consensus_queue.cc:231] T 865e88694908474197879cd8d34789ad P 81d8bacc3ca64d628a255ad416a77c3d [NON_LEADER]: Queue going to NON_LEADER mode. State: All replicated index: 0, Majority replicated index: 0, Committed index: 0, Last appended: 0.0, Last appended by leader: 0, Current term: 0, Majority size: -1, State: 0, Mode: NON_LEADER, active raft config: opid_index: -1 OBSOLETE_local: false peers { permanent_uuid: "1b3038ad6c564f438aa18383cddc769a" member_type: VOTER last_known_addr { host: "127.5.70.4" port: 32993 } } peers { permanent_uuid: "f5bc6d2f9c574b4db9396f9f900c1141" member_type: VOTER last_known_addr { host: "127.5.70.3" port: 43909 } } peers { permanent_uuid: "41118f5c2e8f48179ffbebbfb6da2edf" member_type: VOTER last_known_addr { host: "127.5.70.2" port: 39291 } } peers { permanent_uuid: "63b9dc8cf49b47ebb644515af2f427e7" member_type: VOTER last_known_addr { host: "127.5.70.1" port: 36995 } } peers { permanent_uuid: "81d8bacc3ca64d628a255ad416a77c3d" member_type: VOTER last_known_addr { host: "127.5.70.5" port: 36445 } }
I1121 10:21:19.029099 8260 ts_tablet_manager.cc:1132] T 865e88694908474197879cd8d34789ad P 81d8bacc3ca64d628a255ad416a77c3d: Time spent starting tablet: real 0.000s user 0.000s sys 0.000s
I1121 10:21:19.029278 8336 raft_consensus.cc:491] T 7cd3c7862a7c420cb0b87bd87a770d84 P 81d8bacc3ca64d628a255ad416a77c3d [term 1 FOLLOWER]: Starting leader election with config: opid_index: -1 OBSOLETE_local: false peers { permanent_uuid: "f5bc6d2f9c574b4db9396f9f900c1141" member_type: VOTER last_known_addr { host: "127.5.70.3" port: 43909 } } peers { permanent_uuid: "1b3038ad6c564f438aa18383cddc769a" member_type: VOTER last_known_addr { host: "127.5.70.4" port: 32993 } } peers { permanent_uuid: "41118f5c2e8f48179ffbebbfb6da2edf" member_type: VOTER last_known_addr { host: "127.5.70.2" port: 39291 } } peers { permanent_uuid: "81d8bacc3ca64d628a255ad416a77c3d" member_type: VOTER last_known_addr { host: "127.5.70.5" port: 36445 } } peers { permanent_uuid: "c9e9c35ff1cb4b68ba7cf5c037a98347" member_type: VOTER last_known_addr { host: "127.5.70.6" port: 32833 } }
I1121 10:21:19.029387 8336 leader_election.cc:296] T 7cd3c7862a7c420cb0b87bd87a770d84 P 81d8bacc3ca64d628a255ad416a77c3d [CANDIDATE]: Term 1 election: Requested vote from peers f5bc6d2f9c574b4db9396f9f900c1141 (127.5.70.3:43909), 1b3038ad6c564f438aa18383cddc769a (127.5.70.4:32993), 41118f5c2e8f48179ffbebbfb6da2edf (127.5.70.2:39291), c9e9c35ff1cb4b68ba7cf5c037a98347 (127.5.70.6:32833)
I1121 10:21:19.029552 7651 tablet_service.cc:1296] Received RequestConsensusVote() RPC: tablet_id: "7cd3c7862a7c420cb0b87bd87a770d84" candidate_uuid: "81d8bacc3ca64d628a255ad416a77c3d" candidate_term: 1 candidate_status { last_received { term: 0 index: 0 } } ignore_live_leader: false dest_uuid: "f5bc6d2f9c574b4db9396f9f900c1141"
I1121 10:21:19.029569 8023 tablet_service.cc:1296] Received RequestConsensusVote() RPC: tablet_id: "7cd3c7862a7c420cb0b87bd87a770d84" candidate_uuid: "81d8bacc3ca64d628a255ad416a77c3d" candidate_term: 1 candidate_status { last_received { term: 0 index: 0 } } ignore_live_leader: false dest_uuid: "c9e9c35ff1cb4b68ba7cf5c037a98347"
I1121 10:21:19.029577 7651 raft_consensus.cc:2905] T 7cd3c7862a7c420cb0b87bd87a770d84 P f5bc6d2f9c574b4db9396f9f900c1141 [term 0 FOLLOWER]: Advancing to term 1
I1121 10:21:19.029597 8023 raft_consensus.cc:2905] T 7cd3c7862a7c420cb0b87bd87a770d84 P c9e9c35ff1cb4b68ba7cf5c037a98347 [term 0 FOLLOWER]: Advancing to term 1
I1121 10:21:19.029628 7773 tablet_service.cc:1296] Received RequestConsensusVote() RPC: tablet_id: "7cd3c7862a7c420cb0b87bd87a770d84" candidate_uuid: "81d8bacc3ca64d628a255ad416a77c3d" candidate_term: 1 candidate_status { last_received { term: 0 index: 0 } } ignore_live_leader: false dest_uuid: "1b3038ad6c564f438aa18383cddc769a"
I1121 10:21:19.029687 7519 tablet_service.cc:1296] Received RequestConsensusVote() RPC: tablet_id: "7cd3c7862a7c420cb0b87bd87a770d84" candidate_uuid: "81d8bacc3ca64d628a255ad416a77c3d" candidate_term: 1 candidate_status { last_received { term: 0 index: 0 } } ignore_live_leader: false dest_uuid: "41118f5c2e8f48179ffbebbfb6da2edf"
I1121 10:21:19.029775 7519 raft_consensus.cc:2905] T 7cd3c7862a7c420cb0b87bd87a770d84 P 41118f5c2e8f48179ffbebbfb6da2edf [term 0 FOLLOWER]: Advancing to term 1
W1121 10:21:19.029783 7832 leader_election.cc:348] T 7cd3c7862a7c420cb0b87bd87a770d84 P 81d8bacc3ca64d628a255ad416a77c3d [CANDIDATE]: Term 1 election: Tablet error from VoteRequest() call to peer 1b3038ad6c564f438aa18383cddc769a (127.5.70.4:32993): Illegal state: must be running to vote when last-logged opid is not known
I1121 10:21:19.030192 8023 raft_consensus.cc:2359] T 7cd3c7862a7c420cb0b87bd87a770d84 P c9e9c35ff1cb4b68ba7cf5c037a98347 [term 1 FOLLOWER]: Leader election vote request: Granting yes vote for candidate 81d8bacc3ca64d628a255ad416a77c3d in term 1.
I1121 10:21:19.040664 8264 tablet_bootstrap.cc:439] T 7cd3c7862a7c420cb0b87bd87a770d84 P 1b3038ad6c564f438aa18383cddc769a: No bootstrap required, opened a new log
I1121 10:21:19.040719 8264 ts_tablet_manager.cc:1104] T 7cd3c7862a7c420cb0b87bd87a770d84 P 1b3038ad6c564f438aa18383cddc769a: Time spent bootstrapping tablet: real 0.029s user 0.000s sys 0.000s
I1121 10:21:19.040968 8264 raft_consensus.cc:337] T 7cd3c7862a7c420cb0b87bd87a770d84 P 1b3038ad6c564f438aa18383cddc769a [term 0 FOLLOWER]: Replica starting. Triggering 0 pending transactions. Active config: opid_index: -1 OBSOLETE_local: false peers { permanent_uuid: "f5bc6d2f9c574b4db9396f9f900c1141" member_type: VOTER last_known_addr { host: "127.5.70.3" port: 43909 } } peers { permanent_uuid: "1b3038ad6c564f438aa18383cddc769a" member_type: VOTER last_known_addr { host: "127.5.70.4" port: 32993 } } peers { permanent_uuid: "41118f5c2e8f48179ffbebbfb6da2edf" member_type: VOTER last_known_addr { host: "127.5.70.2" port: 39291 } } peers { permanent_uuid: "81d8bacc3ca64d628a255ad416a77c3d" member_type: VOTER last_known_addr { host: "127.5.70.5" port: 36445 } } peers { permanent_uuid: "c9e9c35ff1cb4b68ba7cf5c037a98347" member_type: VOTER last_known_addr { host: "127.5.70.6" port: 32833 } }
I1121 10:21:19.040992 8264 raft_consensus.cc:363] T 7cd3c7862a7c420cb0b87bd87a770d84 P 1b3038ad6c564f438aa18383cddc769a [term 0 FOLLOWER]: Consensus starting up: Expiring failure detector timer to make a prompt election more likely
I1121 10:21:19.040997 8264 raft_consensus.cc:702] T 7cd3c7862a7c420cb0b87bd87a770d84 P 1b3038ad6c564f438aa18383cddc769a [term 0 FOLLOWER]: Becoming Follower/Learner. State: Replica: 1b3038ad6c564f438aa18383cddc769a, State: Initialized, Role: FOLLOWER
I1121 10:21:19.041066 8264 consensus_queue.cc:231] T 7cd3c7862a7c420cb0b87bd87a770d84 P 1b3038ad6c564f438aa18383cddc769a [NON_LEADER]: Queue going to NON_LEADER mode. State: All replicated index: 0, Majority replicated index: 0, Committed index: 0, Last appended: 0.0, Last appended by leader: 0, Current term: 0, Majority size: -1, State: 0, Mode: NON_LEADER, active raft config: opid_index: -1 OBSOLETE_local: false peers { permanent_uuid: "f5bc6d2f9c574b4db9396f9f900c1141" member_type: VOTER last_known_addr { host: "127.5.70.3" port: 43909 } } peers { permanent_uuid: "1b3038ad6c564f438aa18383cddc769a" member_type: VOTER last_known_addr { host: "127.5.70.4" port: 32993 } } peers { permanent_uuid: "41118f5c2e8f48179ffbebbfb6da2edf" member_type: VOTER last_known_addr { host: "127.5.70.2" port: 39291 } } peers { permanent_uuid: "81d8bacc3ca64d628a255ad416a77c3d" member_type: VOTER last_known_addr { host: "127.5.70.5" port: 36445 } } peers { permanent_uuid: "c9e9c35ff1cb4b68ba7cf5c037a98347" member_type: VOTER last_known_addr { host: "127.5.70.6" port: 32833 } }
I1121 10:21:19.041180 8264 ts_tablet_manager.cc:1132] T 7cd3c7862a7c420cb0b87bd87a770d84 P 1b3038ad6c564f438aa18383cddc769a: Time spent starting tablet: real 0.000s user 0.000s sys 0.000s
I1121 10:21:19.049187 7519 raft_consensus.cc:2359] T 7cd3c7862a7c420cb0b87bd87a770d84 P 41118f5c2e8f48179ffbebbfb6da2edf [term 1 FOLLOWER]: Leader election vote request: Granting yes vote for candidate 81d8bacc3ca64d628a255ad416a77c3d in term 1.
I1121 10:21:19.049327 7651 raft_consensus.cc:2359] T 7cd3c7862a7c420cb0b87bd87a770d84 P f5bc6d2f9c574b4db9396f9f900c1141 [term 1 FOLLOWER]: Leader election vote request: Granting yes vote for candidate 81d8bacc3ca64d628a255ad416a77c3d in term 1.
I1121 10:21:19.049401 7832 leader_election.cc:310] T 7cd3c7862a7c420cb0b87bd87a770d84 P 81d8bacc3ca64d628a255ad416a77c3d [CANDIDATE]: Term 1 election: Election decided. Result: candidate won. Election summary: received 4 responses out of 5 voters: 3 yes votes; 1 no votes. yes voters: 41118f5c2e8f48179ffbebbfb6da2edf, 81d8bacc3ca64d628a255ad416a77c3d, c9e9c35ff1cb4b68ba7cf5c037a98347; no voters: 1b3038ad6c564f438aa18383cddc769a
I1121 10:21:19.049566 8336 raft_consensus.cc:2653] T 7cd3c7862a7c420cb0b87bd87a770d84 P 81d8bacc3ca64d628a255ad416a77c3d [term 1 FOLLOWER]: Leader election won for term 1
I1121 10:21:19.049614 8336 raft_consensus.cc:664] T 7cd3c7862a7c420cb0b87bd87a770d84 P 81d8bacc3ca64d628a255ad416a77c3d [term 1 LEADER]: Becoming Leader. State: Replica: 81d8bacc3ca64d628a255ad416a77c3d, State: Running, Role: LEADER
I1121 10:21:19.049706 8336 consensus_queue.cc:208] T 7cd3c7862a7c420cb0b87bd87a770d84 P 81d8bacc3ca64d628a255ad416a77c3d [LEADER]: Queue going to LEADER mode. State: All replicated index: 0, Majority replicated index: 0, Committed index: 0, Last appended: 0.0, Last appended by leader: 0, Current term: 1, Majority size: 3, State: 0, Mode: LEADER, active raft config: opid_index: -1 OBSOLETE_local: false peers { permanent_uuid: "f5bc6d2f9c574b4db9396f9f900c1141" member_type: VOTER last_known_addr { host: "127.5.70.3" port: 43909 } } peers { permanent_uuid: "1b3038ad6c564f438aa18383cddc769a" member_type: VOTER last_known_addr { host: "127.5.70.4" port: 32993 } } peers { permanent_uuid: "41118f5c2e8f48179ffbebbfb6da2edf" member_type: VOTER last_known_addr { host: "127.5.70.2" port: 39291 } } peers { permanent_uuid: "81d8bacc3ca64d628a255ad416a77c3d" member_type: VOTER last_known_addr { host: "127.5.70.5" port: 36445 } } peers { permanent_uuid: "c9e9c35ff1cb4b68ba7cf5c037a98347" member_type: VOTER last_known_addr { host: "127.5.70.6" port: 32833 } }
I1121 10:21:19.050431 7275 catalog_manager.cc:4143] T 7cd3c7862a7c420cb0b87bd87a770d84 P 81d8bacc3ca64d628a255ad416a77c3d reported cstate change: term changed from 0 to 1, leader changed from to 81d8bacc3ca64d628a255ad416a77c3d (127.5.70.5). New cstate: current_term: 1 leader_uuid: "81d8bacc3ca64d628a255ad416a77c3d" committed_config { opid_index: -1 OBSOLETE_local: false peers { permanent_uuid: "f5bc6d2f9c574b4db9396f9f900c1141" member_type: VOTER last_known_addr { host: "127.5.70.3" port: 43909 } health_report { overall_health: UNKNOWN } } peers { permanent_uuid: "1b3038ad6c564f438aa18383cddc769a" member_type: VOTER last_known_addr { host: "127.5.70.4" port: 32993 } health_report { overall_health: UNKNOWN } } peers { permanent_uuid: "41118f5c2e8f48179ffbebbfb6da2edf" member_type: VOTER last_known_addr { host: "127.5.70.2" port: 39291 } health_report { overall_health: UNKNOWN } } peers { permanent_uuid: "81d8bacc3ca64d628a255ad416a77c3d" member_type: VOTER last_known_addr { host: "127.5.70.5" port: 36445 } health_report { overall_health: HEALTHY } } peers { permanent_uuid: "c9e9c35ff1cb4b68ba7cf5c037a98347" member_type: VOTER last_known_addr { host: "127.5.70.6" port: 32833 } health_report { overall_health: UNKNOWN } } }
I1121 10:21:19.127445 8273 raft_consensus.cc:469] T 169c4cf587a949748d1734c65258b7a7 P f5bc6d2f9c574b4db9396f9f900c1141 [term 0 FOLLOWER]: Starting pre-election (no leader contacted us within the election timeout)
I1121 10:21:19.127570 8273 raft_consensus.cc:491] T 169c4cf587a949748d1734c65258b7a7 P f5bc6d2f9c574b4db9396f9f900c1141 [term 0 FOLLOWER]: Starting pre-election with config: opid_index: -1 OBSOLETE_local: false peers { permanent_uuid: "41118f5c2e8f48179ffbebbfb6da2edf" member_type: VOTER last_known_addr { host: "127.5.70.2" port: 39291 } } peers { permanent_uuid: "f5bc6d2f9c574b4db9396f9f900c1141" member_type: VOTER last_known_addr { host: "127.5.70.3" port: 43909 } } peers { permanent_uuid: "1b3038ad6c564f438aa18383cddc769a" member_type: VOTER last_known_addr { host: "127.5.70.4" port: 32993 } } peers { permanent_uuid: "81d8bacc3ca64d628a255ad416a77c3d" member_type: VOTER last_known_addr { host: "127.5.70.5" port: 36445 } } peers { permanent_uuid: "c9e9c35ff1cb4b68ba7cf5c037a98347" member_type: VOTER last_known_addr { host: "127.5.70.6" port: 32833 } }
I1121 10:21:19.127718 8273 leader_election.cc:296] T 169c4cf587a949748d1734c65258b7a7 P f5bc6d2f9c574b4db9396f9f900c1141 [CANDIDATE]: Term 1 pre-election: Requested pre-vote from peers 41118f5c2e8f48179ffbebbfb6da2edf (127.5.70.2:39291), 1b3038ad6c564f438aa18383cddc769a (127.5.70.4:32993), 81d8bacc3ca64d628a255ad416a77c3d (127.5.70.5:36445), c9e9c35ff1cb4b68ba7cf5c037a98347 (127.5.70.6:32833)
I1121 10:21:19.127948 7896 tablet_service.cc:1296] Received RequestConsensusVote() RPC: tablet_id: "169c4cf587a949748d1734c65258b7a7" candidate_uuid: "f5bc6d2f9c574b4db9396f9f900c1141" candidate_term: 1 candidate_status { last_received { term: 0 index: 0 } } ignore_live_leader: false dest_uuid: "81d8bacc3ca64d628a255ad416a77c3d" is_pre_election: true
I1121 10:21:19.127970 7773 tablet_service.cc:1296] Received RequestConsensusVote() RPC: tablet_id: "169c4cf587a949748d1734c65258b7a7" candidate_uuid: "f5bc6d2f9c574b4db9396f9f900c1141" candidate_term: 1 candidate_status { last_received { term: 0 index: 0 } } ignore_live_leader: false dest_uuid: "1b3038ad6c564f438aa18383cddc769a" is_pre_election: true
I1121 10:21:19.127974 8023 tablet_service.cc:1296] Received RequestConsensusVote() RPC: tablet_id: "169c4cf587a949748d1734c65258b7a7" candidate_uuid: "f5bc6d2f9c574b4db9396f9f900c1141" candidate_term: 1 candidate_status { last_received { term: 0 index: 0 } } ignore_live_leader: false dest_uuid: "c9e9c35ff1cb4b68ba7cf5c037a98347" is_pre_election: true
I1121 10:21:19.127985 7519 tablet_service.cc:1296] Received RequestConsensusVote() RPC: tablet_id: "169c4cf587a949748d1734c65258b7a7" candidate_uuid: "f5bc6d2f9c574b4db9396f9f900c1141" candidate_term: 1 candidate_status { last_received { term: 0 index: 0 } } ignore_live_leader: false dest_uuid: "41118f5c2e8f48179ffbebbfb6da2edf" is_pre_election: true
I1121 10:21:19.128001 7896 raft_consensus.cc:2359] T 169c4cf587a949748d1734c65258b7a7 P 81d8bacc3ca64d628a255ad416a77c3d [term 0 FOLLOWER]: Leader pre-election vote request: Granting yes vote for candidate f5bc6d2f9c574b4db9396f9f900c1141 in term 0.
I1121 10:21:19.128006 8023 raft_consensus.cc:2359] T 169c4cf587a949748d1734c65258b7a7 P c9e9c35ff1cb4b68ba7cf5c037a98347 [term 0 FOLLOWER]: Leader pre-election vote request: Granting yes vote for candidate f5bc6d2f9c574b4db9396f9f900c1141 in term 0.
I1121 10:21:19.128010 7773 raft_consensus.cc:2359] T 169c4cf587a949748d1734c65258b7a7 P 1b3038ad6c564f438aa18383cddc769a [term 0 FOLLOWER]: Leader pre-election vote request: Granting yes vote for candidate f5bc6d2f9c574b4db9396f9f900c1141 in term 0.
I1121 10:21:19.128018 7519 raft_consensus.cc:2359] T 169c4cf587a949748d1734c65258b7a7 P 41118f5c2e8f48179ffbebbfb6da2edf [term 0 FOLLOWER]: Leader pre-election vote request: Granting yes vote for candidate f5bc6d2f9c574b4db9396f9f900c1141 in term 0.
I1121 10:21:19.128170 7583 leader_election.cc:310] T 169c4cf587a949748d1734c65258b7a7 P f5bc6d2f9c574b4db9396f9f900c1141 [CANDIDATE]: Term 1 pre-election: Election decided. Result: candidate won. Election summary: received 3 responses out of 5 voters: 3 yes votes; 0 no votes. yes voters: 41118f5c2e8f48179ffbebbfb6da2edf, c9e9c35ff1cb4b68ba7cf5c037a98347, f5bc6d2f9c574b4db9396f9f900c1141; no voters:
I1121 10:21:19.128304 8273 raft_consensus.cc:2653] T 169c4cf587a949748d1734c65258b7a7 P f5bc6d2f9c574b4db9396f9f900c1141 [term 0 FOLLOWER]: Leader pre-election won for term 1
I1121 10:21:19.128325 8273 raft_consensus.cc:469] T 169c4cf587a949748d1734c65258b7a7 P f5bc6d2f9c574b4db9396f9f900c1141 [term 0 FOLLOWER]: Starting leader election (no leader contacted us within the election timeout)
I1121 10:21:19.128331 8273 raft_consensus.cc:2905] T 169c4cf587a949748d1734c65258b7a7 P f5bc6d2f9c574b4db9396f9f900c1141 [term 0 FOLLOWER]: Advancing to term 1
I1121 10:21:19.129109 8273 raft_consensus.cc:491] T 169c4cf587a949748d1734c65258b7a7 P f5bc6d2f9c574b4db9396f9f900c1141 [term 1 FOLLOWER]: Starting leader election with config: opid_index: -1 OBSOLETE_local: false peers { permanent_uuid: "41118f5c2e8f48179ffbebbfb6da2edf" member_type: VOTER last_known_addr { host: "127.5.70.2" port: 39291 } } peers { permanent_uuid: "f5bc6d2f9c574b4db9396f9f900c1141" member_type: VOTER last_known_addr { host: "127.5.70.3" port: 43909 } } peers { permanent_uuid: "1b3038ad6c564f438aa18383cddc769a" member_type: VOTER last_known_addr { host: "127.5.70.4" port: 32993 } } peers { permanent_uuid: "81d8bacc3ca64d628a255ad416a77c3d" member_type: VOTER last_known_addr { host: "127.5.70.5" port: 36445 } } peers { permanent_uuid: "c9e9c35ff1cb4b68ba7cf5c037a98347" member_type: VOTER last_known_addr { host: "127.5.70.6" port: 32833 } }
I1121 10:21:19.129194 8273 leader_election.cc:296] T 169c4cf587a949748d1734c65258b7a7 P f5bc6d2f9c574b4db9396f9f900c1141 [CANDIDATE]: Term 1 election: Requested vote from peers 41118f5c2e8f48179ffbebbfb6da2edf (127.5.70.2:39291), 1b3038ad6c564f438aa18383cddc769a (127.5.70.4:32993), 81d8bacc3ca64d628a255ad416a77c3d (127.5.70.5:36445), c9e9c35ff1cb4b68ba7cf5c037a98347 (127.5.70.6:32833)
I1121 10:21:19.129406 8023 tablet_service.cc:1296] Received RequestConsensusVote() RPC: tablet_id: "169c4cf587a949748d1734c65258b7a7" candidate_uuid: "f5bc6d2f9c574b4db9396f9f900c1141" candidate_term: 1 candidate_status { last_received { term: 0 index: 0 } } ignore_live_leader: false dest_uuid: "c9e9c35ff1cb4b68ba7cf5c037a98347"
I1121 10:21:19.129417 7519 tablet_service.cc:1296] Received RequestConsensusVote() RPC: tablet_id: "169c4cf587a949748d1734c65258b7a7" candidate_uuid: "f5bc6d2f9c574b4db9396f9f900c1141" candidate_term: 1 candidate_status { last_received { term: 0 index: 0 } } ignore_live_leader: false dest_uuid: "41118f5c2e8f48179ffbebbfb6da2edf"
I1121 10:21:19.129431 7773 tablet_service.cc:1296] Received RequestConsensusVote() RPC: tablet_id: "169c4cf587a949748d1734c65258b7a7" candidate_uuid: "f5bc6d2f9c574b4db9396f9f900c1141" candidate_term: 1 candidate_status { last_received { term: 0 index: 0 } } ignore_live_leader: false dest_uuid: "1b3038ad6c564f438aa18383cddc769a"
I1121 10:21:19.129436 8023 raft_consensus.cc:2905] T 169c4cf587a949748d1734c65258b7a7 P c9e9c35ff1cb4b68ba7cf5c037a98347 [term 0 FOLLOWER]: Advancing to term 1
I1121 10:21:19.129443 7519 raft_consensus.cc:2905] T 169c4cf587a949748d1734c65258b7a7 P 41118f5c2e8f48179ffbebbfb6da2edf [term 0 FOLLOWER]: Advancing to term 1
I1121 10:21:19.129448 7773 raft_consensus.cc:2905] T 169c4cf587a949748d1734c65258b7a7 P 1b3038ad6c564f438aa18383cddc769a [term 0 FOLLOWER]: Advancing to term 1
I1121 10:21:19.129447 7896 tablet_service.cc:1296] Received RequestConsensusVote() RPC: tablet_id: "169c4cf587a949748d1734c65258b7a7" candidate_uuid: "f5bc6d2f9c574b4db9396f9f900c1141" candidate_term: 1 candidate_status { last_received { term: 0 index: 0 } } ignore_live_leader: false dest_uuid: "81d8bacc3ca64d628a255ad416a77c3d"
I1121 10:21:19.129468 7896 raft_consensus.cc:2905] T 169c4cf587a949748d1734c65258b7a7 P 81d8bacc3ca64d628a255ad416a77c3d [term 0 FOLLOWER]: Advancing to term 1
I1121 10:21:19.130156 7773 raft_consensus.cc:2359] T 169c4cf587a949748d1734c65258b7a7 P 1b3038ad6c564f438aa18383cddc769a [term 1 FOLLOWER]: Leader election vote request: Granting yes vote for candidate f5bc6d2f9c574b4db9396f9f900c1141 in term 1.
I1121 10:21:19.130162 7896 raft_consensus.cc:2359] T 169c4cf587a949748d1734c65258b7a7 P 81d8bacc3ca64d628a255ad416a77c3d [term 1 FOLLOWER]: Leader election vote request: Granting yes vote for candidate f5bc6d2f9c574b4db9396f9f900c1141 in term 1.
I1121 10:21:19.130164 8023 raft_consensus.cc:2359] T 169c4cf587a949748d1734c65258b7a7 P c9e9c35ff1cb4b68ba7cf5c037a98347 [term 1 FOLLOWER]: Leader election vote request: Granting yes vote for candidate f5bc6d2f9c574b4db9396f9f900c1141 in term 1.
I1121 10:21:19.130168 7519 raft_consensus.cc:2359] T 169c4cf587a949748d1734c65258b7a7 P 41118f5c2e8f48179ffbebbfb6da2edf [term 1 FOLLOWER]: Leader election vote request: Granting yes vote for candidate f5bc6d2f9c574b4db9396f9f900c1141 in term 1.
I1121 10:21:19.130340 7584 leader_election.cc:310] T 169c4cf587a949748d1734c65258b7a7 P f5bc6d2f9c574b4db9396f9f900c1141 [CANDIDATE]: Term 1 election: Election decided. Result: candidate won. Election summary: received 3 responses out of 5 voters: 3 yes votes; 0 no votes. yes voters: 41118f5c2e8f48179ffbebbfb6da2edf, c9e9c35ff1cb4b68ba7cf5c037a98347, f5bc6d2f9c574b4db9396f9f900c1141; no voters:
I1121 10:21:19.130427 8273 raft_consensus.cc:2653] T 169c4cf587a949748d1734c65258b7a7 P f5bc6d2f9c574b4db9396f9f900c1141 [term 1 FOLLOWER]: Leader election won for term 1
I1121 10:21:19.130466 8273 raft_consensus.cc:664] T 169c4cf587a949748d1734c65258b7a7 P f5bc6d2f9c574b4db9396f9f900c1141 [term 1 LEADER]: Becoming Leader. State: Replica: f5bc6d2f9c574b4db9396f9f900c1141, State: Running, Role: LEADER
I1121 10:21:19.130548 8273 consensus_queue.cc:208] T 169c4cf587a949748d1734c65258b7a7 P f5bc6d2f9c574b4db9396f9f900c1141 [LEADER]: Queue going to LEADER mode. State: All replicated index: 0, Majority replicated index: 0, Committed index: 0, Last appended: 0.0, Last appended by leader: 0, Current term: 1, Majority size: 3, State: 0, Mode: LEADER, active raft config: opid_index: -1 OBSOLETE_local: false peers { permanent_uuid: "41118f5c2e8f48179ffbebbfb6da2edf" member_type: VOTER last_known_addr { host: "127.5.70.2" port: 39291 } } peers { permanent_uuid: "f5bc6d2f9c574b4db9396f9f900c1141" member_type: VOTER last_known_addr { host: "127.5.70.3" port: 43909 } } peers { permanent_uuid: "1b3038ad6c564f438aa18383cddc769a" member_type: VOTER last_known_addr { host: "127.5.70.4" port: 32993 } } peers { permanent_uuid: "81d8bacc3ca64d628a255ad416a77c3d" member_type: VOTER last_known_addr { host: "127.5.70.5" port: 36445 } } peers { permanent_uuid: "c9e9c35ff1cb4b68ba7cf5c037a98347" member_type: VOTER last_known_addr { host: "127.5.70.6" port: 32833 } }
I1121 10:21:19.131211 7275 catalog_manager.cc:4143] T 169c4cf587a949748d1734c65258b7a7 P f5bc6d2f9c574b4db9396f9f900c1141 reported cstate change: term changed from 0 to 1, leader changed from to f5bc6d2f9c574b4db9396f9f900c1141 (127.5.70.3). New cstate: current_term: 1 leader_uuid: "f5bc6d2f9c574b4db9396f9f900c1141" committed_config { opid_index: -1 OBSOLETE_local: false peers { permanent_uuid: "41118f5c2e8f48179ffbebbfb6da2edf" member_type: VOTER last_known_addr { host: "127.5.70.2" port: 39291 } health_report { overall_health: UNKNOWN } } peers { permanent_uuid: "f5bc6d2f9c574b4db9396f9f900c1141" member_type: VOTER last_known_addr { host: "127.5.70.3" port: 43909 } health_report { overall_health: HEALTHY } } peers { permanent_uuid: "1b3038ad6c564f438aa18383cddc769a" member_type: VOTER last_known_addr { host: "127.5.70.4" port: 32993 } health_report { overall_health: UNKNOWN } } peers { permanent_uuid: "81d8bacc3ca64d628a255ad416a77c3d" member_type: VOTER last_known_addr { host: "127.5.70.5" port: 36445 } health_report { overall_health: UNKNOWN } } peers { permanent_uuid: "c9e9c35ff1cb4b68ba7cf5c037a98347" member_type: VOTER last_known_addr { host: "127.5.70.6" port: 32833 } health_report { overall_health: UNKNOWN } } }
I1121 10:21:19.135123 8454 raft_consensus.cc:469] T 865e88694908474197879cd8d34789ad P 41118f5c2e8f48179ffbebbfb6da2edf [term 0 FOLLOWER]: Starting pre-election (no leader contacted us within the election timeout)
I1121 10:21:19.135215 8454 raft_consensus.cc:491] T 865e88694908474197879cd8d34789ad P 41118f5c2e8f48179ffbebbfb6da2edf [term 0 FOLLOWER]: Starting pre-election with config: opid_index: -1 OBSOLETE_local: false peers { permanent_uuid: "1b3038ad6c564f438aa18383cddc769a" member_type: VOTER last_known_addr { host: "127.5.70.4" port: 32993 } } peers { permanent_uuid: "f5bc6d2f9c574b4db9396f9f900c1141" member_type: VOTER last_known_addr { host: "127.5.70.3" port: 43909 } } peers { permanent_uuid: "41118f5c2e8f48179ffbebbfb6da2edf" member_type: VOTER last_known_addr { host: "127.5.70.2" port: 39291 } } peers { permanent_uuid: "63b9dc8cf49b47ebb644515af2f427e7" member_type: VOTER last_known_addr { host: "127.5.70.1" port: 36995 } } peers { permanent_uuid: "81d8bacc3ca64d628a255ad416a77c3d" member_type: VOTER last_known_addr { host: "127.5.70.5" port: 36445 } }
I1121 10:21:19.135378 8454 leader_election.cc:296] T 865e88694908474197879cd8d34789ad P 41118f5c2e8f48179ffbebbfb6da2edf [CANDIDATE]: Term 1 pre-election: Requested pre-vote from peers 1b3038ad6c564f438aa18383cddc769a (127.5.70.4:32993), f5bc6d2f9c574b4db9396f9f900c1141 (127.5.70.3:43909), 63b9dc8cf49b47ebb644515af2f427e7 (127.5.70.1:36995), 81d8bacc3ca64d628a255ad416a77c3d (127.5.70.5:36445)
I1121 10:21:19.135601 7402 tablet_service.cc:1296] Received RequestConsensusVote() RPC: tablet_id: "865e88694908474197879cd8d34789ad" candidate_uuid: "41118f5c2e8f48179ffbebbfb6da2edf" candidate_term: 1 candidate_status { last_received { term: 0 index: 0 } } ignore_live_leader: false dest_uuid: "63b9dc8cf49b47ebb644515af2f427e7" is_pre_election: true
I1121 10:21:19.135612 7896 tablet_service.cc:1296] Received RequestConsensusVote() RPC: tablet_id: "865e88694908474197879cd8d34789ad" candidate_uuid: "41118f5c2e8f48179ffbebbfb6da2edf" candidate_term: 1 candidate_status { last_received { term: 0 index: 0 } } ignore_live_leader: false dest_uuid: "81d8bacc3ca64d628a255ad416a77c3d" is_pre_election: true
I1121 10:21:19.135640 7896 raft_consensus.cc:2359] T 865e88694908474197879cd8d34789ad P 81d8bacc3ca64d628a255ad416a77c3d [term 0 FOLLOWER]: Leader pre-election vote request: Granting yes vote for candidate 41118f5c2e8f48179ffbebbfb6da2edf in term 0.
I1121 10:21:19.135641 7402 raft_consensus.cc:2359] T 865e88694908474197879cd8d34789ad P 63b9dc8cf49b47ebb644515af2f427e7 [term 0 FOLLOWER]: Leader pre-election vote request: Granting yes vote for candidate 41118f5c2e8f48179ffbebbfb6da2edf in term 0.
I1121 10:21:19.135674 7773 tablet_service.cc:1296] Received RequestConsensusVote() RPC: tablet_id: "865e88694908474197879cd8d34789ad" candidate_uuid: "41118f5c2e8f48179ffbebbfb6da2edf" candidate_term: 1 candidate_status { last_received { term: 0 index: 0 } } ignore_live_leader: false dest_uuid: "1b3038ad6c564f438aa18383cddc769a" is_pre_election: true
I1121 10:21:19.135704 7773 raft_consensus.cc:2359] T 865e88694908474197879cd8d34789ad P 1b3038ad6c564f438aa18383cddc769a [term 0 FOLLOWER]: Leader pre-election vote request: Granting yes vote for candidate 41118f5c2e8f48179ffbebbfb6da2edf in term 0.
I1121 10:21:19.135854 7459 leader_election.cc:310] T 865e88694908474197879cd8d34789ad P 41118f5c2e8f48179ffbebbfb6da2edf [CANDIDATE]: Term 1 pre-election: Election decided. Result: candidate won. Election summary: received 3 responses out of 5 voters: 3 yes votes; 0 no votes. yes voters: 41118f5c2e8f48179ffbebbfb6da2edf, 63b9dc8cf49b47ebb644515af2f427e7, 81d8bacc3ca64d628a255ad416a77c3d; no voters:
I1121 10:21:19.135941 8454 raft_consensus.cc:2653] T 865e88694908474197879cd8d34789ad P 41118f5c2e8f48179ffbebbfb6da2edf [term 0 FOLLOWER]: Leader pre-election won for term 1
I1121 10:21:19.135962 8454 raft_consensus.cc:469] T 865e88694908474197879cd8d34789ad P 41118f5c2e8f48179ffbebbfb6da2edf [term 0 FOLLOWER]: Starting leader election (no leader contacted us within the election timeout)
I1121 10:21:19.135989 8454 raft_consensus.cc:2905] T 865e88694908474197879cd8d34789ad P 41118f5c2e8f48179ffbebbfb6da2edf [term 0 FOLLOWER]: Advancing to term 1
I1121 10:21:19.136647 8454 raft_consensus.cc:491] T 865e88694908474197879cd8d34789ad P 41118f5c2e8f48179ffbebbfb6da2edf [term 1 FOLLOWER]: Starting leader election with config: opid_index: -1 OBSOLETE_local: false peers { permanent_uuid: "1b3038ad6c564f438aa18383cddc769a" member_type: VOTER last_known_addr { host: "127.5.70.4" port: 32993 } } peers { permanent_uuid: "f5bc6d2f9c574b4db9396f9f900c1141" member_type: VOTER last_known_addr { host: "127.5.70.3" port: 43909 } } peers { permanent_uuid: "41118f5c2e8f48179ffbebbfb6da2edf" member_type: VOTER last_known_addr { host: "127.5.70.2" port: 39291 } } peers { permanent_uuid: "63b9dc8cf49b47ebb644515af2f427e7" member_type: VOTER last_known_addr { host: "127.5.70.1" port: 36995 } } peers { permanent_uuid: "81d8bacc3ca64d628a255ad416a77c3d" member_type: VOTER last_known_addr { host: "127.5.70.5" port: 36445 } }
I1121 10:21:19.136751 8454 leader_election.cc:296] T 865e88694908474197879cd8d34789ad P 41118f5c2e8f48179ffbebbfb6da2edf [CANDIDATE]: Term 1 election: Requested vote from peers 1b3038ad6c564f438aa18383cddc769a (127.5.70.4:32993), f5bc6d2f9c574b4db9396f9f900c1141 (127.5.70.3:43909), 63b9dc8cf49b47ebb644515af2f427e7 (127.5.70.1:36995), 81d8bacc3ca64d628a255ad416a77c3d (127.5.70.5:36445)
I1121 10:21:19.136970 7402 tablet_service.cc:1296] Received RequestConsensusVote() RPC: tablet_id: "865e88694908474197879cd8d34789ad" candidate_uuid: "41118f5c2e8f48179ffbebbfb6da2edf" candidate_term: 1 candidate_status { last_received { term: 0 index: 0 } } ignore_live_leader: false dest_uuid: "63b9dc8cf49b47ebb644515af2f427e7"
I1121 10:21:19.136971 7773 tablet_service.cc:1296] Received RequestConsensusVote() RPC: tablet_id: "865e88694908474197879cd8d34789ad" candidate_uuid: "41118f5c2e8f48179ffbebbfb6da2edf" candidate_term: 1 candidate_status { last_received { term: 0 index: 0 } } ignore_live_leader: false dest_uuid: "1b3038ad6c564f438aa18383cddc769a"
I1121 10:21:19.137006 7773 raft_consensus.cc:2905] T 865e88694908474197879cd8d34789ad P 1b3038ad6c564f438aa18383cddc769a [term 0 FOLLOWER]: Advancing to term 1
I1121 10:21:19.137006 7402 raft_consensus.cc:2905] T 865e88694908474197879cd8d34789ad P 63b9dc8cf49b47ebb644515af2f427e7 [term 0 FOLLOWER]: Advancing to term 1
I1121 10:21:19.137615 7773 raft_consensus.cc:2359] T 865e88694908474197879cd8d34789ad P 1b3038ad6c564f438aa18383cddc769a [term 1 FOLLOWER]: Leader election vote request: Granting yes vote for candidate 41118f5c2e8f48179ffbebbfb6da2edf in term 1.
I1121 10:21:19.137763 7402 raft_consensus.cc:2359] T 865e88694908474197879cd8d34789ad P 63b9dc8cf49b47ebb644515af2f427e7 [term 1 FOLLOWER]: Leader election vote request: Granting yes vote for candidate 41118f5c2e8f48179ffbebbfb6da2edf in term 1.
I1121 10:21:19.137910 7896 tablet_service.cc:1296] Received RequestConsensusVote() RPC: tablet_id: "865e88694908474197879cd8d34789ad" candidate_uuid: "41118f5c2e8f48179ffbebbfb6da2edf" candidate_term: 1 candidate_status { last_received { term: 0 index: 0 } } ignore_live_leader: false dest_uuid: "81d8bacc3ca64d628a255ad416a77c3d"
I1121 10:21:19.137933 7896 raft_consensus.cc:2905] T 865e88694908474197879cd8d34789ad P 81d8bacc3ca64d628a255ad416a77c3d [term 0 FOLLOWER]: Advancing to term 1
I1121 10:21:19.138054 7651 tablet_service.cc:1296] Received RequestConsensusVote() RPC: tablet_id: "865e88694908474197879cd8d34789ad" candidate_uuid: "41118f5c2e8f48179ffbebbfb6da2edf" candidate_term: 1 candidate_status { last_received { term: 0 index: 0 } } ignore_live_leader: false dest_uuid: "f5bc6d2f9c574b4db9396f9f900c1141" is_pre_election: true
I1121 10:21:19.138092 7651 raft_consensus.cc:2359] T 865e88694908474197879cd8d34789ad P f5bc6d2f9c574b4db9396f9f900c1141 [term 0 FOLLOWER]: Leader pre-election vote request: Granting yes vote for candidate 41118f5c2e8f48179ffbebbfb6da2edf in term 0.
I1121 10:21:19.138113 7650 tablet_service.cc:1296] Received RequestConsensusVote() RPC: tablet_id: "865e88694908474197879cd8d34789ad" candidate_uuid: "41118f5c2e8f48179ffbebbfb6da2edf" candidate_term: 1 candidate_status { last_received { term: 0 index: 0 } } ignore_live_leader: false dest_uuid: "f5bc6d2f9c574b4db9396f9f900c1141"
I1121 10:21:19.138145 7650 raft_consensus.cc:2905] T 865e88694908474197879cd8d34789ad P f5bc6d2f9c574b4db9396f9f900c1141 [term 0 FOLLOWER]: Advancing to term 1
I1121 10:21:19.138520 7896 raft_consensus.cc:2359] T 865e88694908474197879cd8d34789ad P 81d8bacc3ca64d628a255ad416a77c3d [term 1 FOLLOWER]: Leader election vote request: Granting yes vote for candidate 41118f5c2e8f48179ffbebbfb6da2edf in term 1.
I1121 10:21:19.138604 7459 leader_election.cc:310] T 865e88694908474197879cd8d34789ad P 41118f5c2e8f48179ffbebbfb6da2edf [CANDIDATE]: Term 1 election: Election decided. Result: candidate won. Election summary: received 3 responses out of 5 voters: 3 yes votes; 0 no votes. yes voters: 1b3038ad6c564f438aa18383cddc769a, 41118f5c2e8f48179ffbebbfb6da2edf, 63b9dc8cf49b47ebb644515af2f427e7; no voters:
I1121 10:21:19.138682 8454 raft_consensus.cc:2653] T 865e88694908474197879cd8d34789ad P 41118f5c2e8f48179ffbebbfb6da2edf [term 1 FOLLOWER]: Leader election won for term 1
I1121 10:21:19.138726 8454 raft_consensus.cc:664] T 865e88694908474197879cd8d34789ad P 41118f5c2e8f48179ffbebbfb6da2edf [term 1 LEADER]: Becoming Leader. State: Replica: 41118f5c2e8f48179ffbebbfb6da2edf, State: Running, Role: LEADER
I1121 10:21:19.138741 7650 raft_consensus.cc:2359] T 865e88694908474197879cd8d34789ad P f5bc6d2f9c574b4db9396f9f900c1141 [term 1 FOLLOWER]: Leader election vote request: Granting yes vote for candidate 41118f5c2e8f48179ffbebbfb6da2edf in term 1.
I1121 10:21:19.138821 8454 consensus_queue.cc:208] T 865e88694908474197879cd8d34789ad P 41118f5c2e8f48179ffbebbfb6da2edf [LEADER]: Queue going to LEADER mode. State: All replicated index: 0, Majority replicated index: 0, Committed index: 0, Last appended: 0.0, Last appended by leader: 0, Current term: 1, Majority size: 3, State: 0, Mode: LEADER, active raft config: opid_index: -1 OBSOLETE_local: false peers { permanent_uuid: "1b3038ad6c564f438aa18383cddc769a" member_type: VOTER last_known_addr { host: "127.5.70.4" port: 32993 } } peers { permanent_uuid: "f5bc6d2f9c574b4db9396f9f900c1141" member_type: VOTER last_known_addr { host: "127.5.70.3" port: 43909 } } peers { permanent_uuid: "41118f5c2e8f48179ffbebbfb6da2edf" member_type: VOTER last_known_addr { host: "127.5.70.2" port: 39291 } } peers { permanent_uuid: "63b9dc8cf49b47ebb644515af2f427e7" member_type: VOTER last_known_addr { host: "127.5.70.1" port: 36995 } } peers { permanent_uuid: "81d8bacc3ca64d628a255ad416a77c3d" member_type: VOTER last_known_addr { host: "127.5.70.5" port: 36445 } }
I1121 10:21:19.139457 7275 catalog_manager.cc:4143] T 865e88694908474197879cd8d34789ad P 41118f5c2e8f48179ffbebbfb6da2edf reported cstate change: term changed from 0 to 1, leader changed from to 41118f5c2e8f48179ffbebbfb6da2edf (127.5.70.2). New cstate: current_term: 1 leader_uuid: "41118f5c2e8f48179ffbebbfb6da2edf" committed_config { opid_index: -1 OBSOLETE_local: false peers { permanent_uuid: "1b3038ad6c564f438aa18383cddc769a" member_type: VOTER last_known_addr { host: "127.5.70.4" port: 32993 } health_report { overall_health: UNKNOWN } } peers { permanent_uuid: "f5bc6d2f9c574b4db9396f9f900c1141" member_type: VOTER last_known_addr { host: "127.5.70.3" port: 43909 } health_report { overall_health: UNKNOWN } } peers { permanent_uuid: "41118f5c2e8f48179ffbebbfb6da2edf" member_type: VOTER last_known_addr { host: "127.5.70.2" port: 39291 } health_report { overall_health: HEALTHY } } peers { permanent_uuid: "63b9dc8cf49b47ebb644515af2f427e7" member_type: VOTER last_known_addr { host: "127.5.70.1" port: 36995 } health_report { overall_health: UNKNOWN } } peers { permanent_uuid: "81d8bacc3ca64d628a255ad416a77c3d" member_type: VOTER last_known_addr { host: "127.5.70.5" port: 36445 } health_report { overall_health: UNKNOWN } } }
W1121 10:21:19.202687 8486 flags.cc:404] Enabled unsafe flag: --never_fsync=true Using table 'rebalance_test_table_3'
I1121 10:21:19.231302 8023 raft_consensus.cc:1181] T 169c4cf587a949748d1734c65258b7a7 P c9e9c35ff1cb4b68ba7cf5c037a98347 [term 1 FOLLOWER]: Refusing update from remote peer f5bc6d2f9c574b4db9396f9f900c1141: Log matching property violated. Preceding OpId in replica: term: 0 index: 0. Preceding OpId from leader: term: 1 index: 2. (index mismatch)
I1121 10:21:19.231544 8273 consensus_queue.cc:984] T 169c4cf587a949748d1734c65258b7a7 P f5bc6d2f9c574b4db9396f9f900c1141 [LEADER]: Connected to new peer: Peer: permanent_uuid: "c9e9c35ff1cb4b68ba7cf5c037a98347" member_type: VOTER last_known_addr { host: "127.5.70.6" port: 32833 }, Status: LMP_MISMATCH, Last received: 0.0, Next index: 1, Last known committed idx: 0, Time since last communication: 0.000s
I1121 10:21:19.232023 7773 raft_consensus.cc:1181] T 169c4cf587a949748d1734c65258b7a7 P 1b3038ad6c564f438aa18383cddc769a [term 1 FOLLOWER]: Refusing update from remote peer f5bc6d2f9c574b4db9396f9f900c1141: Log matching property violated. Preceding OpId in replica: term: 0 index: 0. Preceding OpId from leader: term: 1 index: 2. (index mismatch)
I1121 10:21:19.232151 7650 raft_consensus.cc:1181] T 865e88694908474197879cd8d34789ad P f5bc6d2f9c574b4db9396f9f900c1141 [term 1 FOLLOWER]: Refusing update from remote peer 41118f5c2e8f48179ffbebbfb6da2edf: Log matching property violated. Preceding OpId in replica: term: 0 index: 0. Preceding OpId from leader: term: 1 index: 3. (index mismatch)
I1121 10:21:19.232219 7896 raft_consensus.cc:1181] T 169c4cf587a949748d1734c65258b7a7 P 81d8bacc3ca64d628a255ad416a77c3d [term 1 FOLLOWER]: Refusing update from remote peer f5bc6d2f9c574b4db9396f9f900c1141: Log matching property violated. Preceding OpId in replica: term: 0 index: 0. Preceding OpId from leader: term: 1 index: 2. (index mismatch)
I1121 10:21:19.232338 7519 raft_consensus.cc:1181] T 169c4cf587a949748d1734c65258b7a7 P 41118f5c2e8f48179ffbebbfb6da2edf [term 1 FOLLOWER]: Refusing update from remote peer f5bc6d2f9c574b4db9396f9f900c1141: Log matching property violated. Preceding OpId in replica: term: 0 index: 0. Preceding OpId from leader: term: 1 index: 2. (index mismatch)
I1121 10:21:19.232383 7402 raft_consensus.cc:1181] T 865e88694908474197879cd8d34789ad P 63b9dc8cf49b47ebb644515af2f427e7 [term 1 FOLLOWER]: Refusing update from remote peer 41118f5c2e8f48179ffbebbfb6da2edf: Log matching property violated. Preceding OpId in replica: term: 0 index: 0. Preceding OpId from leader: term: 1 index: 3. (index mismatch)
I1121 10:21:19.232429 7527 raft_consensus.cc:1181] T 7cd3c7862a7c420cb0b87bd87a770d84 P 41118f5c2e8f48179ffbebbfb6da2edf [term 1 FOLLOWER]: Refusing update from remote peer 81d8bacc3ca64d628a255ad416a77c3d: Log matching property violated. Preceding OpId in replica: term: 0 index: 0. Preceding OpId from leader: term: 1 index: 3. (index mismatch)
I1121 10:21:19.232496 8265 consensus_queue.cc:984] T 865e88694908474197879cd8d34789ad P 41118f5c2e8f48179ffbebbfb6da2edf [LEADER]: Connected to new peer: Peer: permanent_uuid: "f5bc6d2f9c574b4db9396f9f900c1141" member_type: VOTER last_known_addr { host: "127.5.70.3" port: 43909 }, Status: LMP_MISMATCH, Last received: 0.0, Next index: 1, Last known committed idx: 0, Time since last communication: 0.000s
I1121 10:21:19.232595 8022 raft_consensus.cc:1181] T 7cd3c7862a7c420cb0b87bd87a770d84 P c9e9c35ff1cb4b68ba7cf5c037a98347 [term 1 FOLLOWER]: Refusing update from remote peer 81d8bacc3ca64d628a255ad416a77c3d: Log matching property violated. Preceding OpId in replica: term: 0 index: 0. Preceding OpId from leader: term: 1 index: 3. (index mismatch)
I1121 10:21:19.232827 8328 consensus_queue.cc:984] T 7cd3c7862a7c420cb0b87bd87a770d84 P 81d8bacc3ca64d628a255ad416a77c3d [LEADER]: Connected to new peer: Peer: permanent_uuid: "41118f5c2e8f48179ffbebbfb6da2edf" member_type: VOTER last_known_addr { host: "127.5.70.2" port: 39291 }, Status: LMP_MISMATCH, Last received: 0.0, Next index: 1, Last known committed idx: 0, Time since last communication: 0.000s
I1121 10:21:19.232916 8328 consensus_queue.cc:984] T 7cd3c7862a7c420cb0b87bd87a770d84 P 81d8bacc3ca64d628a255ad416a77c3d [LEADER]: Connected to new peer: Peer: permanent_uuid: "c9e9c35ff1cb4b68ba7cf5c037a98347" member_type: VOTER last_known_addr { host: "127.5.70.6" port: 32833 }, Status: LMP_MISMATCH, Last received: 0.0, Next index: 1, Last known committed idx: 0, Time since last communication: 0.000s
I1121 10:21:19.233259 8501 consensus_queue.cc:984] T 865e88694908474197879cd8d34789ad P 41118f5c2e8f48179ffbebbfb6da2edf [LEADER]: Connected to new peer: Peer: permanent_uuid: "63b9dc8cf49b47ebb644515af2f427e7" member_type: VOTER last_known_addr { host: "127.5.70.1" port: 36995 }, Status: LMP_MISMATCH, Last received: 0.0, Next index: 1, Last known committed idx: 0, Time since last communication: 0.000s
I1121 10:21:19.233294 8291 consensus_queue.cc:984] T 169c4cf587a949748d1734c65258b7a7 P f5bc6d2f9c574b4db9396f9f900c1141 [LEADER]: Connected to new peer: Peer: permanent_uuid: "41118f5c2e8f48179ffbebbfb6da2edf" member_type: VOTER last_known_addr { host: "127.5.70.2" port: 39291 }, Status: LMP_MISMATCH, Last received: 0.0, Next index: 1, Last known committed idx: 0, Time since last communication: 0.000s
I1121 10:21:19.233323 7651 raft_consensus.cc:1181] T 7cd3c7862a7c420cb0b87bd87a770d84 P f5bc6d2f9c574b4db9396f9f900c1141 [term 1 FOLLOWER]: Refusing update from remote peer 81d8bacc3ca64d628a255ad416a77c3d: Log matching property violated. Preceding OpId in replica: term: 0 index: 0. Preceding OpId from leader: term: 1 index: 3. (index mismatch)
I1121 10:21:19.233427 8347 consensus_queue.cc:984] T 169c4cf587a949748d1734c65258b7a7 P f5bc6d2f9c574b4db9396f9f900c1141 [LEADER]: Connected to new peer: Peer: permanent_uuid: "81d8bacc3ca64d628a255ad416a77c3d" member_type: VOTER last_known_addr { host: "127.5.70.5" port: 36445 }, Status: LMP_MISMATCH, Last received: 0.0, Next index: 1, Last known committed idx: 0, Time since last communication: 0.000s
I1121 10:21:19.233485 7773 raft_consensus.cc:2905] T 7cd3c7862a7c420cb0b87bd87a770d84 P 1b3038ad6c564f438aa18383cddc769a [term 0 FOLLOWER]: Advancing to term 1
I1121 10:21:19.233592 8291 consensus_queue.cc:984] T 169c4cf587a949748d1734c65258b7a7 P f5bc6d2f9c574b4db9396f9f900c1141 [LEADER]: Connected to new peer: Peer: permanent_uuid: "1b3038ad6c564f438aa18383cddc769a" member_type: VOTER last_known_addr { host: "127.5.70.4" port: 32993 }, Status: LMP_MISMATCH, Last received: 0.0, Next index: 1, Last known committed idx: 0, Time since last communication: 0.000s
I1121 10:21:19.234331 7773 raft_consensus.cc:1181] T 7cd3c7862a7c420cb0b87bd87a770d84 P 1b3038ad6c564f438aa18383cddc769a [term 1 FOLLOWER]: Refusing update from remote peer 81d8bacc3ca64d628a255ad416a77c3d: Log matching property violated. Preceding OpId in replica: term: 0 index: 0. Preceding OpId from leader: term: 1 index: 3. (index mismatch)
I1121 10:21:19.235757 8266 consensus_queue.cc:984] T 7cd3c7862a7c420cb0b87bd87a770d84 P 81d8bacc3ca64d628a255ad416a77c3d [LEADER]: Connected to new peer: Peer: permanent_uuid: "f5bc6d2f9c574b4db9396f9f900c1141" member_type: VOTER last_known_addr { host: "127.5.70.3" port: 43909 }, Status: LMP_MISMATCH, Last received: 0.0, Next index: 1, Last known committed idx: 0, Time since last communication: 0.000s
I1121 10:21:19.235785 7893 raft_consensus.cc:1181] T 865e88694908474197879cd8d34789ad P 81d8bacc3ca64d628a255ad416a77c3d [term 1 FOLLOWER]: Refusing update from remote peer 41118f5c2e8f48179ffbebbfb6da2edf: Log matching property violated. Preceding OpId in replica: term: 0 index: 0. Preceding OpId from leader: term: 1 index: 3. (index mismatch)
I1121 10:21:19.235983 8501 consensus_queue.cc:984] T 865e88694908474197879cd8d34789ad P 41118f5c2e8f48179ffbebbfb6da2edf [LEADER]: Connected to new peer: Peer: permanent_uuid: "81d8bacc3ca64d628a255ad416a77c3d" member_type: VOTER last_known_addr { host: "127.5.70.5" port: 36445 }, Status: LMP_MISMATCH, Last received: 0.0, Next index: 1, Last known committed idx: 0, Time since last communication: 0.000s
I1121 10:21:19.236069 7773 raft_consensus.cc:1181] T 865e88694908474197879cd8d34789ad P 1b3038ad6c564f438aa18383cddc769a [term 1 FOLLOWER]: Refusing update from remote peer 41118f5c2e8f48179ffbebbfb6da2edf: Log matching property violated. Preceding OpId in replica: term: 0 index: 0. Preceding OpId from leader: term: 1 index: 3. (index mismatch)
I1121 10:21:19.237954 8328 consensus_queue.cc:984] T 7cd3c7862a7c420cb0b87bd87a770d84 P 81d8bacc3ca64d628a255ad416a77c3d [LEADER]: Connected to new peer: Peer: permanent_uuid: "1b3038ad6c564f438aa18383cddc769a" member_type: VOTER last_known_addr { host: "127.5.70.4" port: 32993 }, Status: LMP_MISMATCH, Last received: 0.0, Next index: 1, Last known committed idx: 0, Time since last communication: 0.000s
I1121 10:21:19.238602 8265 consensus_queue.cc:984] T 865e88694908474197879cd8d34789ad P 41118f5c2e8f48179ffbebbfb6da2edf [LEADER]: Connected to new peer: Peer: permanent_uuid: "1b3038ad6c564f438aa18383cddc769a" member_type: VOTER last_known_addr { host: "127.5.70.4" port: 32993 }, Status: LMP_MISMATCH, Last received: 0.0, Next index: 1, Last known committed idx: 0, Time since last communication: 0.000s Generator report time total : 34.9851 ms time per row: 0.0174926 ms
I1121 10:21:19.257119 7274 catalog_manager.cc:1455] Servicing CreateTable request from {username='slave'} at 127.0.0.1:53014: name: "rebalance_test_table_4" schema { columns { name: "key" type: INT32 is_key: true is_nullable: false encoding: AUTO_ENCODING compression: DEFAULT_COMPRESSION cfile_block_size: 0 } columns { name: "int_val" type: INT32 is_key: false is_nullable: false encoding: AUTO_ENCODING compression: DEFAULT_COMPRESSION cfile_block_size: 0 } columns { name: "string_val" type: STRING is_key: false is_nullable: true encoding: AUTO_ENCODING compression: DEFAULT_COMPRESSION cfile_block_size: 0 } } num_replicas: 5 split_rows_range_bounds { } partition_schema { hash_bucket_schemas { columns { name: "key" } num_buckets: 3 seed: 0 } }
I1121 10:21:19.258664 7501 tablet_service.cc:1023] Processing CreateTablet for tablet 55d18b1e7ede4cb28f5dfc4ded166a30 (table=rebalance_test_table_4 [id=692cf724e38648ed81e17afafb0bbf35]), partition=HASH (key) PARTITION 0, RANGE (key) PARTITION UNBOUNDED
I1121 10:21:19.258672 7754 tablet_service.cc:1023] Processing CreateTablet for tablet 55d18b1e7ede4cb28f5dfc4ded166a30 (table=rebalance_test_table_4 [id=692cf724e38648ed81e17afafb0bbf35]), partition=HASH (key) PARTITION 0, RANGE (key) PARTITION UNBOUNDED
I1121 10:21:19.258709 7371 tablet_service.cc:1023] Processing CreateTablet for tablet 55d18b1e7ede4cb28f5dfc4ded166a30 (table=rebalance_test_table_4 [id=692cf724e38648ed81e17afafb0bbf35]), partition=HASH (key) PARTITION 0, RANGE (key) PARTITION UNBOUNDED
I1121 10:21:19.258787 8001 tablet_service.cc:1023] Processing CreateTablet for tablet 55d18b1e7ede4cb28f5dfc4ded166a30 (table=rebalance_test_table_4 [id=692cf724e38648ed81e17afafb0bbf35]), partition=HASH (key) PARTITION 0, RANGE (key) PARTITION UNBOUNDED
I1121 10:21:19.258798 7754 data_dirs.cc:946] Could only allocate 1 dirs of requested 3 for tablet 55d18b1e7ede4cb28f5dfc4ded166a30. 1 dirs total, 0 dirs full, 0 dirs failed
I1121 10:21:19.258818 7371 data_dirs.cc:946] Could only allocate 1 dirs of requested 3 for tablet 55d18b1e7ede4cb28f5dfc4ded166a30. 1 dirs total, 0 dirs full, 0 dirs failed
I1121 10:21:19.258842 7501 data_dirs.cc:946] Could only allocate 1 dirs of requested 3 for tablet 55d18b1e7ede4cb28f5dfc4ded166a30. 1 dirs total, 0 dirs full, 0 dirs failed
I1121 10:21:19.258877 8001 data_dirs.cc:946] Could only allocate 1 dirs of requested 3 for tablet 55d18b1e7ede4cb28f5dfc4ded166a30. 1 dirs total, 0 dirs full, 0 dirs failed
I1121 10:21:19.260051 8264 tablet_bootstrap.cc:439] T 55d18b1e7ede4cb28f5dfc4ded166a30 P 1b3038ad6c564f438aa18383cddc769a: Bootstrap starting.
