I1121 10:21:18.790252 8022 tablet_service.cc:1296] Received RequestConsensusVote() RPC: tablet_id: "5a9a3a26473340c381d502b8e9e1660c" candidate_uuid: "63b9dc8cf49b47ebb644515af2f427e7" candidate_term: 1 candidate_status { last_received { term: 0 index: 0 } } ignore_live_leader: false dest_uuid: "c9e9c35ff1cb4b68ba7cf5c037a98347" is_pre_election: true
I1121 10:21:18.790256 7651 tablet_service.cc:1296] Received RequestConsensusVote() RPC: tablet_id: "5a9a3a26473340c381d502b8e9e1660c" candidate_uuid: "63b9dc8cf49b47ebb644515af2f427e7" candidate_term: 1 candidate_status { last_received { term: 0 index: 0 } } ignore_live_leader: false dest_uuid: "f5bc6d2f9c574b4db9396f9f900c1141" is_pre_election: true
I1121 10:21:18.790292 7651 raft_consensus.cc:2359] T 5a9a3a26473340c381d502b8e9e1660c P f5bc6d2f9c574b4db9396f9f900c1141 [term 0 FOLLOWER]: Leader pre-election vote request: Granting yes vote for candidate 63b9dc8cf49b47ebb644515af2f427e7 in term 0.
I1121 10:21:18.790292 8022 raft_consensus.cc:2359] T 5a9a3a26473340c381d502b8e9e1660c P c9e9c35ff1cb4b68ba7cf5c037a98347 [term 0 FOLLOWER]: Leader pre-election vote request: Granting yes vote for candidate 63b9dc8cf49b47ebb644515af2f427e7 in term 0.
I1121 10:21:18.790414 7893 tablet_service.cc:1296] Received RequestConsensusVote() RPC: tablet_id: "5a9a3a26473340c381d502b8e9e1660c" candidate_uuid: "63b9dc8cf49b47ebb644515af2f427e7" candidate_term: 1 candidate_status { last_received { term: 0 index: 0 } } ignore_live_leader: false dest_uuid: "81d8bacc3ca64d628a255ad416a77c3d" is_pre_election: true
I1121 10:21:18.790467 7893 raft_consensus.cc:2359] T 5a9a3a26473340c381d502b8e9e1660c P 81d8bacc3ca64d628a255ad416a77c3d [term 0 FOLLOWER]: Leader pre-election vote request: Granting yes vote for candidate 63b9dc8cf49b47ebb644515af2f427e7 in term 0.
I1121 10:21:18.790465 7527 tablet_service.cc:1296] Received RequestConsensusVote() RPC: tablet_id: "5a9a3a26473340c381d502b8e9e1660c" candidate_uuid: "63b9dc8cf49b47ebb644515af2f427e7" candidate_term: 1 candidate_status { last_received { term: 0 index: 0 } } ignore_live_leader: false dest_uuid: "41118f5c2e8f48179ffbebbfb6da2edf" is_pre_election: true
I1121 10:21:18.790493 7527 raft_consensus.cc:2359] T 5a9a3a26473340c381d502b8e9e1660c P 41118f5c2e8f48179ffbebbfb6da2edf [term 0 FOLLOWER]: Leader pre-election vote request: Granting yes vote for candidate 63b9dc8cf49b47ebb644515af2f427e7 in term 0.
I1121 10:21:18.790640 7334 leader_election.cc:310] T 5a9a3a26473340c381d502b8e9e1660c P 63b9dc8cf49b47ebb644515af2f427e7 [CANDIDATE]: Term 1 pre-election: Election decided. Result: candidate won. Election summary: received 3 responses out of 5 voters: 3 yes votes; 0 no votes. yes voters: 63b9dc8cf49b47ebb644515af2f427e7, 81d8bacc3ca64d628a255ad416a77c3d, f5bc6d2f9c574b4db9396f9f900c1141; no voters:
I1121 10:21:18.790700 8364 raft_consensus.cc:2653] T 5a9a3a26473340c381d502b8e9e1660c P 63b9dc8cf49b47ebb644515af2f427e7 [term 0 FOLLOWER]: Leader pre-election won for term 1
I1121 10:21:18.790715 8364 raft_consensus.cc:469] T 5a9a3a26473340c381d502b8e9e1660c P 63b9dc8cf49b47ebb644515af2f427e7 [term 0 FOLLOWER]: Starting leader election (no leader contacted us within the election timeout)
I1121 10:21:18.790724 8364 raft_consensus.cc:2905] T 5a9a3a26473340c381d502b8e9e1660c P 63b9dc8cf49b47ebb644515af2f427e7 [term 0 FOLLOWER]: Advancing to term 1
I1121 10:21:18.791508 8364 raft_consensus.cc:491] T 5a9a3a26473340c381d502b8e9e1660c P 63b9dc8cf49b47ebb644515af2f427e7 [term 1 FOLLOWER]: Starting leader election with config: opid_index: -1 OBSOLETE_local: false peers { permanent_uuid: "f5bc6d2f9c574b4db9396f9f900c1141" member_type: VOTER last_known_addr { host: "127.5.70.3" port: 43909 } } peers { permanent_uuid: "c9e9c35ff1cb4b68ba7cf5c037a98347" member_type: VOTER last_known_addr { host: "127.5.70.6" port: 32833 } } peers { permanent_uuid: "41118f5c2e8f48179ffbebbfb6da2edf" member_type: VOTER last_known_addr { host: "127.5.70.2" port: 39291 } } peers { permanent_uuid: "81d8bacc3ca64d628a255ad416a77c3d" member_type: VOTER last_known_addr { host: "127.5.70.5" port: 36445 } } peers { permanent_uuid: "63b9dc8cf49b47ebb644515af2f427e7" member_type: VOTER last_known_addr { host: "127.5.70.1" port: 36995 } }
I1121 10:21:18.791684 8364 leader_election.cc:296] T 5a9a3a26473340c381d502b8e9e1660c P 63b9dc8cf49b47ebb644515af2f427e7 [CANDIDATE]: Term 1 election: Requested vote from peers f5bc6d2f9c574b4db9396f9f900c1141 (127.5.70.3:43909), c9e9c35ff1cb4b68ba7cf5c037a98347 (127.5.70.6:32833), 41118f5c2e8f48179ffbebbfb6da2edf (127.5.70.2:39291), 81d8bacc3ca64d628a255ad416a77c3d (127.5.70.5:36445)
I1121 10:21:18.791733 8022 tablet_service.cc:1296] Received RequestConsensusVote() RPC: tablet_id: "5a9a3a26473340c381d502b8e9e1660c" candidate_uuid: "63b9dc8cf49b47ebb644515af2f427e7" candidate_term: 1 candidate_status { last_received { term: 0 index: 0 } } ignore_live_leader: false dest_uuid: "c9e9c35ff1cb4b68ba7cf5c037a98347"
I1121 10:21:18.791756 8022 raft_consensus.cc:2905] T 5a9a3a26473340c381d502b8e9e1660c P c9e9c35ff1cb4b68ba7cf5c037a98347 [term 0 FOLLOWER]: Advancing to term 1
I1121 10:21:18.792001 7893 tablet_service.cc:1296] Received RequestConsensusVote() RPC: tablet_id: "5a9a3a26473340c381d502b8e9e1660c" candidate_uuid: "63b9dc8cf49b47ebb644515af2f427e7" candidate_term: 1 candidate_status { last_received { term: 0 index: 0 } } ignore_live_leader: false dest_uuid: "81d8bacc3ca64d628a255ad416a77c3d"
I1121 10:21:18.792037 7893 raft_consensus.cc:2905] T 5a9a3a26473340c381d502b8e9e1660c P 81d8bacc3ca64d628a255ad416a77c3d [term 0 FOLLOWER]: Advancing to term 1
I1121 10:21:18.792418 8022 raft_consensus.cc:2359] T 5a9a3a26473340c381d502b8e9e1660c P c9e9c35ff1cb4b68ba7cf5c037a98347 [term 1 FOLLOWER]: Leader election vote request: Granting yes vote for candidate 63b9dc8cf49b47ebb644515af2f427e7 in term 1.
I1121 10:21:18.792613 7893 raft_consensus.cc:2359] T 5a9a3a26473340c381d502b8e9e1660c P 81d8bacc3ca64d628a255ad416a77c3d [term 1 FOLLOWER]: Leader election vote request: Granting yes vote for candidate 63b9dc8cf49b47ebb644515af2f427e7 in term 1.
I1121 10:21:18.792639 7527 tablet_service.cc:1296] Received RequestConsensusVote() RPC: tablet_id: "5a9a3a26473340c381d502b8e9e1660c" candidate_uuid: "63b9dc8cf49b47ebb644515af2f427e7" candidate_term: 1 candidate_status { last_received { term: 0 index: 0 } } ignore_live_leader: false dest_uuid: "41118f5c2e8f48179ffbebbfb6da2edf"
I1121 10:21:18.792660 7527 raft_consensus.cc:2905] T 5a9a3a26473340c381d502b8e9e1660c P 41118f5c2e8f48179ffbebbfb6da2edf [term 0 FOLLOWER]: Advancing to term 1
I1121 10:21:18.792704 7651 tablet_service.cc:1296] Received RequestConsensusVote() RPC: tablet_id: "5a9a3a26473340c381d502b8e9e1660c" candidate_uuid: "63b9dc8cf49b47ebb644515af2f427e7" candidate_term: 1 candidate_status { last_received { term: 0 index: 0 } } ignore_live_leader: false dest_uuid: "f5bc6d2f9c574b4db9396f9f900c1141"
I1121 10:21:18.792731 7651 raft_consensus.cc:2905] T 5a9a3a26473340c381d502b8e9e1660c P f5bc6d2f9c574b4db9396f9f900c1141 [term 0 FOLLOWER]: Advancing to term 1
I1121 10:21:18.792747 7334 leader_election.cc:310] T 5a9a3a26473340c381d502b8e9e1660c P 63b9dc8cf49b47ebb644515af2f427e7 [CANDIDATE]: Term 1 election: Election decided. Result: candidate won. Election summary: received 3 responses out of 5 voters: 3 yes votes; 0 no votes. yes voters: 63b9dc8cf49b47ebb644515af2f427e7, 81d8bacc3ca64d628a255ad416a77c3d, c9e9c35ff1cb4b68ba7cf5c037a98347; no voters:
I1121 10:21:18.792822 8364 raft_consensus.cc:2653] T 5a9a3a26473340c381d502b8e9e1660c P 63b9dc8cf49b47ebb644515af2f427e7 [term 1 FOLLOWER]: Leader election won for term 1
I1121 10:21:18.792862 8364 raft_consensus.cc:664] T 5a9a3a26473340c381d502b8e9e1660c P 63b9dc8cf49b47ebb644515af2f427e7 [term 1 LEADER]: Becoming Leader. State: Replica: 63b9dc8cf49b47ebb644515af2f427e7, State: Running, Role: LEADER
I1121 10:21:18.792930 8364 consensus_queue.cc:208] T 5a9a3a26473340c381d502b8e9e1660c P 63b9dc8cf49b47ebb644515af2f427e7 [LEADER]: Queue going to LEADER mode. State: All replicated index: 0, Majority replicated index: 0, Committed index: 0, Last appended: 0.0, Last appended by leader: 0, Current term: 1, Majority size: 3, State: 0, Mode: LEADER, active raft config: opid_index: -1 OBSOLETE_local: false peers { permanent_uuid: "f5bc6d2f9c574b4db9396f9f900c1141" member_type: VOTER last_known_addr { host: "127.5.70.3" port: 43909 } } peers { permanent_uuid: "c9e9c35ff1cb4b68ba7cf5c037a98347" member_type: VOTER last_known_addr { host: "127.5.70.6" port: 32833 } } peers { permanent_uuid: "41118f5c2e8f48179ffbebbfb6da2edf" member_type: VOTER last_known_addr { host: "127.5.70.2" port: 39291 } } peers { permanent_uuid: "81d8bacc3ca64d628a255ad416a77c3d" member_type: VOTER last_known_addr { host: "127.5.70.5" port: 36445 } } peers { permanent_uuid: "63b9dc8cf49b47ebb644515af2f427e7" member_type: VOTER last_known_addr { host: "127.5.70.1" port: 36995 } }
I1121 10:21:18.793467 7651 raft_consensus.cc:2359] T 5a9a3a26473340c381d502b8e9e1660c P f5bc6d2f9c574b4db9396f9f900c1141 [term 1 FOLLOWER]: Leader election vote request: Granting yes vote for candidate 63b9dc8cf49b47ebb644515af2f427e7 in term 1.
I1121 10:21:18.793522 7527 raft_consensus.cc:2359] T 5a9a3a26473340c381d502b8e9e1660c P 41118f5c2e8f48179ffbebbfb6da2edf [term 1 FOLLOWER]: Leader election vote request: Granting yes vote for candidate 63b9dc8cf49b47ebb644515af2f427e7 in term 1.
I1121 10:21:18.794024 7271 catalog_manager.cc:4143] T 5a9a3a26473340c381d502b8e9e1660c P 63b9dc8cf49b47ebb644515af2f427e7 reported cstate change: term changed from 0 to 1, leader changed from to 63b9dc8cf49b47ebb644515af2f427e7 (127.5.70.1). New cstate: current_term: 1 leader_uuid: "63b9dc8cf49b47ebb644515af2f427e7" committed_config { opid_index: -1 OBSOLETE_local: false peers { permanent_uuid: "f5bc6d2f9c574b4db9396f9f900c1141" member_type: VOTER last_known_addr { host: "127.5.70.3" port: 43909 } health_report { overall_health: UNKNOWN } } peers { permanent_uuid: "c9e9c35ff1cb4b68ba7cf5c037a98347" member_type: VOTER last_known_addr { host: "127.5.70.6" port: 32833 } health_report { overall_health: UNKNOWN } } peers { permanent_uuid: "41118f5c2e8f48179ffbebbfb6da2edf" member_type: VOTER last_known_addr { host: "127.5.70.2" port: 39291 } health_report { overall_health: UNKNOWN } } peers { permanent_uuid: "81d8bacc3ca64d628a255ad416a77c3d" member_type: VOTER last_known_addr { host: "127.5.70.5" port: 36445 } health_report { overall_health: UNKNOWN } } peers { permanent_uuid: "63b9dc8cf49b47ebb644515af2f427e7" member_type: VOTER last_known_addr { host: "127.5.70.1" port: 36995 } health_report { overall_health: HEALTHY } } }
I1121 10:21:18.855305 8265 raft_consensus.cc:469] T c2bd898e6d3340f5982c1386e0ebd41a P 41118f5c2e8f48179ffbebbfb6da2edf [term 0 FOLLOWER]: Starting pre-election (no leader contacted us within the election timeout)
I1121 10:21:18.855424 8265 raft_consensus.cc:491] T c2bd898e6d3340f5982c1386e0ebd41a P 41118f5c2e8f48179ffbebbfb6da2edf [term 0 FOLLOWER]: Starting pre-election with config: opid_index: -1 OBSOLETE_local: false peers { permanent_uuid: "63b9dc8cf49b47ebb644515af2f427e7" member_type: VOTER last_known_addr { host: "127.5.70.1" port: 36995 } } peers { permanent_uuid: "c9e9c35ff1cb4b68ba7cf5c037a98347" member_type: VOTER last_known_addr { host: "127.5.70.6" port: 32833 } } peers { permanent_uuid: "41118f5c2e8f48179ffbebbfb6da2edf" member_type: VOTER last_known_addr { host: "127.5.70.2" port: 39291 } } peers { permanent_uuid: "1b3038ad6c564f438aa18383cddc769a" member_type: VOTER last_known_addr { host: "127.5.70.4" port: 32993 } } peers { permanent_uuid: "81d8bacc3ca64d628a255ad416a77c3d" member_type: VOTER last_known_addr { host: "127.5.70.5" port: 36445 } }
I1121 10:21:18.855677 8265 leader_election.cc:296] T c2bd898e6d3340f5982c1386e0ebd41a P 41118f5c2e8f48179ffbebbfb6da2edf [CANDIDATE]: Term 1 pre-election: Requested pre-vote from peers 63b9dc8cf49b47ebb644515af2f427e7 (127.5.70.1:36995), c9e9c35ff1cb4b68ba7cf5c037a98347 (127.5.70.6:32833), 1b3038ad6c564f438aa18383cddc769a (127.5.70.4:32993), 81d8bacc3ca64d628a255ad416a77c3d (127.5.70.5:36445)
I1121 10:21:18.859069 7775 tablet_service.cc:1296] Received RequestConsensusVote() RPC: tablet_id: "c2bd898e6d3340f5982c1386e0ebd41a" candidate_uuid: "41118f5c2e8f48179ffbebbfb6da2edf" candidate_term: 1 candidate_status { last_received { term: 0 index: 0 } } ignore_live_leader: false dest_uuid: "1b3038ad6c564f438aa18383cddc769a" is_pre_election: true
I1121 10:21:18.859122 7775 raft_consensus.cc:2359] T c2bd898e6d3340f5982c1386e0ebd41a P 1b3038ad6c564f438aa18383cddc769a [term 0 FOLLOWER]: Leader pre-election vote request: Granting yes vote for candidate 41118f5c2e8f48179ffbebbfb6da2edf in term 0.
I1121 10:21:18.859670 7402 tablet_service.cc:1296] Received RequestConsensusVote() RPC: tablet_id: "c2bd898e6d3340f5982c1386e0ebd41a" candidate_uuid: "41118f5c2e8f48179ffbebbfb6da2edf" candidate_term: 1 candidate_status { last_received { term: 0 index: 0 } } ignore_live_leader: false dest_uuid: "63b9dc8cf49b47ebb644515af2f427e7" is_pre_election: true
I1121 10:21:18.859712 7402 raft_consensus.cc:2359] T c2bd898e6d3340f5982c1386e0ebd41a P 63b9dc8cf49b47ebb644515af2f427e7 [term 0 FOLLOWER]: Leader pre-election vote request: Granting yes vote for candidate 41118f5c2e8f48179ffbebbfb6da2edf in term 0.
I1121 10:21:18.859885 7459 leader_election.cc:310] T c2bd898e6d3340f5982c1386e0ebd41a P 41118f5c2e8f48179ffbebbfb6da2edf [CANDIDATE]: Term 1 pre-election: Election decided. Result: candidate won. Election summary: received 3 responses out of 5 voters: 3 yes votes; 0 no votes. yes voters: 1b3038ad6c564f438aa18383cddc769a, 41118f5c2e8f48179ffbebbfb6da2edf, 63b9dc8cf49b47ebb644515af2f427e7; no voters:
I1121 10:21:18.859979 8265 raft_consensus.cc:2653] T c2bd898e6d3340f5982c1386e0ebd41a P 41118f5c2e8f48179ffbebbfb6da2edf [term 0 FOLLOWER]: Leader pre-election won for term 1
I1121 10:21:18.860008 8265 raft_consensus.cc:469] T c2bd898e6d3340f5982c1386e0ebd41a P 41118f5c2e8f48179ffbebbfb6da2edf [term 0 FOLLOWER]: Starting leader election (no leader contacted us within the election timeout)
I1121 10:21:18.860015 8265 raft_consensus.cc:2905] T c2bd898e6d3340f5982c1386e0ebd41a P 41118f5c2e8f48179ffbebbfb6da2edf [term 0 FOLLOWER]: Advancing to term 1
I1121 10:21:18.860759 7893 tablet_service.cc:1296] Received RequestConsensusVote() RPC: tablet_id: "c2bd898e6d3340f5982c1386e0ebd41a" candidate_uuid: "41118f5c2e8f48179ffbebbfb6da2edf" candidate_term: 1 candidate_status { last_received { term: 0 index: 0 } } ignore_live_leader: false dest_uuid: "81d8bacc3ca64d628a255ad416a77c3d" is_pre_election: true
I1121 10:21:18.860805 7893 raft_consensus.cc:2359] T c2bd898e6d3340f5982c1386e0ebd41a P 81d8bacc3ca64d628a255ad416a77c3d [term 0 FOLLOWER]: Leader pre-election vote request: Granting yes vote for candidate 41118f5c2e8f48179ffbebbfb6da2edf in term 0.
I1121 10:21:18.860846 8022 tablet_service.cc:1296] Received RequestConsensusVote() RPC: tablet_id: "c2bd898e6d3340f5982c1386e0ebd41a" candidate_uuid: "41118f5c2e8f48179ffbebbfb6da2edf" candidate_term: 1 candidate_status { last_received { term: 0 index: 0 } } ignore_live_leader: false dest_uuid: "c9e9c35ff1cb4b68ba7cf5c037a98347" is_pre_election: true
I1121 10:21:18.860880 8022 raft_consensus.cc:2359] T c2bd898e6d3340f5982c1386e0ebd41a P c9e9c35ff1cb4b68ba7cf5c037a98347 [term 0 FOLLOWER]: Leader pre-election vote request: Granting yes vote for candidate 41118f5c2e8f48179ffbebbfb6da2edf in term 0.
I1121 10:21:18.860939 8265 raft_consensus.cc:491] T c2bd898e6d3340f5982c1386e0ebd41a P 41118f5c2e8f48179ffbebbfb6da2edf [term 1 FOLLOWER]: Starting leader election with config: opid_index: -1 OBSOLETE_local: false peers { permanent_uuid: "63b9dc8cf49b47ebb644515af2f427e7" member_type: VOTER last_known_addr { host: "127.5.70.1" port: 36995 } } peers { permanent_uuid: "c9e9c35ff1cb4b68ba7cf5c037a98347" member_type: VOTER last_known_addr { host: "127.5.70.6" port: 32833 } } peers { permanent_uuid: "41118f5c2e8f48179ffbebbfb6da2edf" member_type: VOTER last_known_addr { host: "127.5.70.2" port: 39291 } } peers { permanent_uuid: "1b3038ad6c564f438aa18383cddc769a" member_type: VOTER last_known_addr { host: "127.5.70.4" port: 32993 } } peers { permanent_uuid: "81d8bacc3ca64d628a255ad416a77c3d" member_type: VOTER last_known_addr { host: "127.5.70.5" port: 36445 } }
I1121 10:21:18.861006 8265 leader_election.cc:296] T c2bd898e6d3340f5982c1386e0ebd41a P 41118f5c2e8f48179ffbebbfb6da2edf [CANDIDATE]: Term 1 election: Requested vote from peers 63b9dc8cf49b47ebb644515af2f427e7 (127.5.70.1:36995), c9e9c35ff1cb4b68ba7cf5c037a98347 (127.5.70.6:32833), 1b3038ad6c564f438aa18383cddc769a (127.5.70.4:32993), 81d8bacc3ca64d628a255ad416a77c3d (127.5.70.5:36445)
I1121 10:21:18.861151 8022 tablet_service.cc:1296] Received RequestConsensusVote() RPC: tablet_id: "c2bd898e6d3340f5982c1386e0ebd41a" candidate_uuid: "41118f5c2e8f48179ffbebbfb6da2edf" candidate_term: 1 candidate_status { last_received { term: 0 index: 0 } } ignore_live_leader: false dest_uuid: "c9e9c35ff1cb4b68ba7cf5c037a98347"
I1121 10:21:18.861166 7893 tablet_service.cc:1296] Received RequestConsensusVote() RPC: tablet_id: "c2bd898e6d3340f5982c1386e0ebd41a" candidate_uuid: "41118f5c2e8f48179ffbebbfb6da2edf" candidate_term: 1 candidate_status { last_received { term: 0 index: 0 } } ignore_live_leader: false dest_uuid: "81d8bacc3ca64d628a255ad416a77c3d"
I1121 10:21:18.861188 7893 raft_consensus.cc:2905] T c2bd898e6d3340f5982c1386e0ebd41a P 81d8bacc3ca64d628a255ad416a77c3d [term 0 FOLLOWER]: Advancing to term 1
I1121 10:21:18.861192 8022 raft_consensus.cc:2905] T c2bd898e6d3340f5982c1386e0ebd41a P c9e9c35ff1cb4b68ba7cf5c037a98347 [term 0 FOLLOWER]: Advancing to term 1
I1121 10:21:18.861202 7775 tablet_service.cc:1296] Received RequestConsensusVote() RPC: tablet_id: "c2bd898e6d3340f5982c1386e0ebd41a" candidate_uuid: "41118f5c2e8f48179ffbebbfb6da2edf" candidate_term: 1 candidate_status { last_received { term: 0 index: 0 } } ignore_live_leader: false dest_uuid: "1b3038ad6c564f438aa18383cddc769a"
I1121 10:21:18.861222 7775 raft_consensus.cc:2905] T c2bd898e6d3340f5982c1386e0ebd41a P 1b3038ad6c564f438aa18383cddc769a [term 0 FOLLOWER]: Advancing to term 1
I1121 10:21:18.861776 7893 raft_consensus.cc:2359] T c2bd898e6d3340f5982c1386e0ebd41a P 81d8bacc3ca64d628a255ad416a77c3d [term 1 FOLLOWER]: Leader election vote request: Granting yes vote for candidate 41118f5c2e8f48179ffbebbfb6da2edf in term 1.
I1121 10:21:18.861827 8022 raft_consensus.cc:2359] T c2bd898e6d3340f5982c1386e0ebd41a P c9e9c35ff1cb4b68ba7cf5c037a98347 [term 1 FOLLOWER]: Leader election vote request: Granting yes vote for candidate 41118f5c2e8f48179ffbebbfb6da2edf in term 1.
I1121 10:21:18.861827 7775 raft_consensus.cc:2359] T c2bd898e6d3340f5982c1386e0ebd41a P 1b3038ad6c564f438aa18383cddc769a [term 1 FOLLOWER]: Leader election vote request: Granting yes vote for candidate 41118f5c2e8f48179ffbebbfb6da2edf in term 1.
I1121 10:21:18.861923 7402 tablet_service.cc:1296] Received RequestConsensusVote() RPC: tablet_id: "c2bd898e6d3340f5982c1386e0ebd41a" candidate_uuid: "41118f5c2e8f48179ffbebbfb6da2edf" candidate_term: 1 candidate_status { last_received { term: 0 index: 0 } } ignore_live_leader: false dest_uuid: "63b9dc8cf49b47ebb644515af2f427e7"
I1121 10:21:18.861954 7402 raft_consensus.cc:2905] T c2bd898e6d3340f5982c1386e0ebd41a P 63b9dc8cf49b47ebb644515af2f427e7 [term 0 FOLLOWER]: Advancing to term 1
I1121 10:21:18.861968 7460 leader_election.cc:310] T c2bd898e6d3340f5982c1386e0ebd41a P 41118f5c2e8f48179ffbebbfb6da2edf [CANDIDATE]: Term 1 election: Election decided. Result: candidate won. Election summary: received 3 responses out of 5 voters: 3 yes votes; 0 no votes. yes voters: 1b3038ad6c564f438aa18383cddc769a, 41118f5c2e8f48179ffbebbfb6da2edf, 81d8bacc3ca64d628a255ad416a77c3d; no voters:
I1121 10:21:18.862040 8265 raft_consensus.cc:2653] T c2bd898e6d3340f5982c1386e0ebd41a P 41118f5c2e8f48179ffbebbfb6da2edf [term 1 FOLLOWER]: Leader election won for term 1
I1121 10:21:18.862076 8265 raft_consensus.cc:664] T c2bd898e6d3340f5982c1386e0ebd41a P 41118f5c2e8f48179ffbebbfb6da2edf [term 1 LEADER]: Becoming Leader. State: Replica: 41118f5c2e8f48179ffbebbfb6da2edf, State: Running, Role: LEADER
I1121 10:21:18.862164 8265 consensus_queue.cc:208] T c2bd898e6d3340f5982c1386e0ebd41a P 41118f5c2e8f48179ffbebbfb6da2edf [LEADER]: Queue going to LEADER mode. State: All replicated index: 0, Majority replicated index: 0, Committed index: 0, Last appended: 0.0, Last appended by leader: 0, Current term: 1, Majority size: 3, State: 0, Mode: LEADER, active raft config: opid_index: -1 OBSOLETE_local: false peers { permanent_uuid: "63b9dc8cf49b47ebb644515af2f427e7" member_type: VOTER last_known_addr { host: "127.5.70.1" port: 36995 } } peers { permanent_uuid: "c9e9c35ff1cb4b68ba7cf5c037a98347" member_type: VOTER last_known_addr { host: "127.5.70.6" port: 32833 } } peers { permanent_uuid: "41118f5c2e8f48179ffbebbfb6da2edf" member_type: VOTER last_known_addr { host: "127.5.70.2" port: 39291 } } peers { permanent_uuid: "1b3038ad6c564f438aa18383cddc769a" member_type: VOTER last_known_addr { host: "127.5.70.4" port: 32993 } } peers { permanent_uuid: "81d8bacc3ca64d628a255ad416a77c3d" member_type: VOTER last_known_addr { host: "127.5.70.5" port: 36445 } }
I1121 10:21:18.862570 7402 raft_consensus.cc:2359] T c2bd898e6d3340f5982c1386e0ebd41a P 63b9dc8cf49b47ebb644515af2f427e7 [term 1 FOLLOWER]: Leader election vote request: Granting yes vote for candidate 41118f5c2e8f48179ffbebbfb6da2edf in term 1.
I1121 10:21:18.862951 7271 catalog_manager.cc:4143] T c2bd898e6d3340f5982c1386e0ebd41a P 41118f5c2e8f48179ffbebbfb6da2edf reported cstate change: term changed from 0 to 1, leader changed from to 41118f5c2e8f48179ffbebbfb6da2edf (127.5.70.2). New cstate: current_term: 1 leader_uuid: "41118f5c2e8f48179ffbebbfb6da2edf" committed_config { opid_index: -1 OBSOLETE_local: false peers { permanent_uuid: "63b9dc8cf49b47ebb644515af2f427e7" member_type: VOTER last_known_addr { host: "127.5.70.1" port: 36995 } health_report { overall_health: UNKNOWN } } peers { permanent_uuid: "c9e9c35ff1cb4b68ba7cf5c037a98347" member_type: VOTER last_known_addr { host: "127.5.70.6" port: 32833 } health_report { overall_health: UNKNOWN } } peers { permanent_uuid: "41118f5c2e8f48179ffbebbfb6da2edf" member_type: VOTER last_known_addr { host: "127.5.70.2" port: 39291 } health_report { overall_health: HEALTHY } } peers { permanent_uuid: "1b3038ad6c564f438aa18383cddc769a" member_type: VOTER last_known_addr { host: "127.5.70.4" port: 32993 } health_report { overall_health: UNKNOWN } } peers { permanent_uuid: "81d8bacc3ca64d628a255ad416a77c3d" member_type: VOTER last_known_addr { host: "127.5.70.5" port: 36445 } health_report { overall_health: UNKNOWN } } }
I1121 10:21:18.870103 8400 raft_consensus.cc:469] T 993b9cf62f6c4e6296acbb32382ab037 P f5bc6d2f9c574b4db9396f9f900c1141 [term 0 FOLLOWER]: Starting pre-election (no leader contacted us within the election timeout)
I1121 10:21:18.870254 8400 raft_consensus.cc:491] T 993b9cf62f6c4e6296acbb32382ab037 P f5bc6d2f9c574b4db9396f9f900c1141 [term 0 FOLLOWER]: Starting pre-election with config: opid_index: -1 OBSOLETE_local: false peers { permanent_uuid: "f5bc6d2f9c574b4db9396f9f900c1141" member_type: VOTER last_known_addr { host: "127.5.70.3" port: 43909 } } peers { permanent_uuid: "1b3038ad6c564f438aa18383cddc769a" member_type: VOTER last_known_addr { host: "127.5.70.4" port: 32993 } } peers { permanent_uuid: "41118f5c2e8f48179ffbebbfb6da2edf" member_type: VOTER last_known_addr { host: "127.5.70.2" port: 39291 } } peers { permanent_uuid: "c9e9c35ff1cb4b68ba7cf5c037a98347" member_type: VOTER last_known_addr { host: "127.5.70.6" port: 32833 } } peers { permanent_uuid: "63b9dc8cf49b47ebb644515af2f427e7" member_type: VOTER last_known_addr { host: "127.5.70.1" port: 36995 } }
I1121 10:21:18.870360 8400 leader_election.cc:296] T 993b9cf62f6c4e6296acbb32382ab037 P f5bc6d2f9c574b4db9396f9f900c1141 [CANDIDATE]: Term 1 pre-election: Requested pre-vote from peers 1b3038ad6c564f438aa18383cddc769a (127.5.70.4:32993), 41118f5c2e8f48179ffbebbfb6da2edf (127.5.70.2:39291), c9e9c35ff1cb4b68ba7cf5c037a98347 (127.5.70.6:32833), 63b9dc8cf49b47ebb644515af2f427e7 (127.5.70.1:36995)
I1121 10:21:18.870563 7527 tablet_service.cc:1296] Received RequestConsensusVote() RPC: tablet_id: "993b9cf62f6c4e6296acbb32382ab037" candidate_uuid: "f5bc6d2f9c574b4db9396f9f900c1141" candidate_term: 1 candidate_status { last_received { term: 0 index: 0 } } ignore_live_leader: false dest_uuid: "41118f5c2e8f48179ffbebbfb6da2edf" is_pre_election: true
I1121 10:21:18.870560 7775 tablet_service.cc:1296] Received RequestConsensusVote() RPC: tablet_id: "993b9cf62f6c4e6296acbb32382ab037" candidate_uuid: "f5bc6d2f9c574b4db9396f9f900c1141" candidate_term: 1 candidate_status { last_received { term: 0 index: 0 } } ignore_live_leader: false dest_uuid: "1b3038ad6c564f438aa18383cddc769a" is_pre_election: true
I1121 10:21:18.870589 7527 raft_consensus.cc:2359] T 993b9cf62f6c4e6296acbb32382ab037 P 41118f5c2e8f48179ffbebbfb6da2edf [term 0 FOLLOWER]: Leader pre-election vote request: Granting yes vote for candidate f5bc6d2f9c574b4db9396f9f900c1141 in term 0.
I1121 10:21:18.870589 7775 raft_consensus.cc:2359] T 993b9cf62f6c4e6296acbb32382ab037 P 1b3038ad6c564f438aa18383cddc769a [term 0 FOLLOWER]: Leader pre-election vote request: Granting yes vote for candidate f5bc6d2f9c574b4db9396f9f900c1141 in term 0.
I1121 10:21:18.870688 7402 tablet_service.cc:1296] Received RequestConsensusVote() RPC: tablet_id: "993b9cf62f6c4e6296acbb32382ab037" candidate_uuid: "f5bc6d2f9c574b4db9396f9f900c1141" candidate_term: 1 candidate_status { last_received { term: 0 index: 0 } } ignore_live_leader: false dest_uuid: "63b9dc8cf49b47ebb644515af2f427e7" is_pre_election: true
I1121 10:21:18.870704 8022 tablet_service.cc:1296] Received RequestConsensusVote() RPC: tablet_id: "993b9cf62f6c4e6296acbb32382ab037" candidate_uuid: "f5bc6d2f9c574b4db9396f9f900c1141" candidate_term: 1 candidate_status { last_received { term: 0 index: 0 } } ignore_live_leader: false dest_uuid: "c9e9c35ff1cb4b68ba7cf5c037a98347" is_pre_election: true
I1121 10:21:18.870718 7402 raft_consensus.cc:2359] T 993b9cf62f6c4e6296acbb32382ab037 P 63b9dc8cf49b47ebb644515af2f427e7 [term 0 FOLLOWER]: Leader pre-election vote request: Granting yes vote for candidate f5bc6d2f9c574b4db9396f9f900c1141 in term 0.
I1121 10:21:18.870731 8022 raft_consensus.cc:2359] T 993b9cf62f6c4e6296acbb32382ab037 P c9e9c35ff1cb4b68ba7cf5c037a98347 [term 0 FOLLOWER]: Leader pre-election vote request: Granting yes vote for candidate f5bc6d2f9c574b4db9396f9f900c1141 in term 0.
I1121 10:21:18.870746 7584 leader_election.cc:310] T 993b9cf62f6c4e6296acbb32382ab037 P f5bc6d2f9c574b4db9396f9f900c1141 [CANDIDATE]: Term 1 pre-election: Election decided. Result: candidate won. Election summary: received 3 responses out of 5 voters: 3 yes votes; 0 no votes. yes voters: 1b3038ad6c564f438aa18383cddc769a, 41118f5c2e8f48179ffbebbfb6da2edf, f5bc6d2f9c574b4db9396f9f900c1141; no voters:
I1121 10:21:18.870805 8400 raft_consensus.cc:2653] T 993b9cf62f6c4e6296acbb32382ab037 P f5bc6d2f9c574b4db9396f9f900c1141 [term 0 FOLLOWER]: Leader pre-election won for term 1
I1121 10:21:18.870816 8400 raft_consensus.cc:469] T 993b9cf62f6c4e6296acbb32382ab037 P f5bc6d2f9c574b4db9396f9f900c1141 [term 0 FOLLOWER]: Starting leader election (no leader contacted us within the election timeout)
I1121 10:21:18.870824 8400 raft_consensus.cc:2905] T 993b9cf62f6c4e6296acbb32382ab037 P f5bc6d2f9c574b4db9396f9f900c1141 [term 0 FOLLOWER]: Advancing to term 1
I1121 10:21:18.871462 8400 raft_consensus.cc:491] T 993b9cf62f6c4e6296acbb32382ab037 P f5bc6d2f9c574b4db9396f9f900c1141 [term 1 FOLLOWER]: Starting leader election with config: opid_index: -1 OBSOLETE_local: false peers { permanent_uuid: "f5bc6d2f9c574b4db9396f9f900c1141" member_type: VOTER last_known_addr { host: "127.5.70.3" port: 43909 } } peers { permanent_uuid: "1b3038ad6c564f438aa18383cddc769a" member_type: VOTER last_known_addr { host: "127.5.70.4" port: 32993 } } peers { permanent_uuid: "41118f5c2e8f48179ffbebbfb6da2edf" member_type: VOTER last_known_addr { host: "127.5.70.2" port: 39291 } } peers { permanent_uuid: "c9e9c35ff1cb4b68ba7cf5c037a98347" member_type: VOTER last_known_addr { host: "127.5.70.6" port: 32833 } } peers { permanent_uuid: "63b9dc8cf49b47ebb644515af2f427e7" member_type: VOTER last_known_addr { host: "127.5.70.1" port: 36995 } }
I1121 10:21:18.871533 8400 leader_election.cc:296] T 993b9cf62f6c4e6296acbb32382ab037 P f5bc6d2f9c574b4db9396f9f900c1141 [CANDIDATE]: Term 1 election: Requested vote from peers 1b3038ad6c564f438aa18383cddc769a (127.5.70.4:32993), 41118f5c2e8f48179ffbebbfb6da2edf (127.5.70.2:39291), c9e9c35ff1cb4b68ba7cf5c037a98347 (127.5.70.6:32833), 63b9dc8cf49b47ebb644515af2f427e7 (127.5.70.1:36995)
I1121 10:21:18.871696 7402 tablet_service.cc:1296] Received RequestConsensusVote() RPC: tablet_id: "993b9cf62f6c4e6296acbb32382ab037" candidate_uuid: "f5bc6d2f9c574b4db9396f9f900c1141" candidate_term: 1 candidate_status { last_received { term: 0 index: 0 } } ignore_live_leader: false dest_uuid: "63b9dc8cf49b47ebb644515af2f427e7"
I1121 10:21:18.871727 7402 raft_consensus.cc:2905] T 993b9cf62f6c4e6296acbb32382ab037 P 63b9dc8cf49b47ebb644515af2f427e7 [term 0 FOLLOWER]: Advancing to term 1
I1121 10:21:18.871739 8022 tablet_service.cc:1296] Received RequestConsensusVote() RPC: tablet_id: "993b9cf62f6c4e6296acbb32382ab037" candidate_uuid: "f5bc6d2f9c574b4db9396f9f900c1141" candidate_term: 1 candidate_status { last_received { term: 0 index: 0 } } ignore_live_leader: false dest_uuid: "c9e9c35ff1cb4b68ba7cf5c037a98347"
I1121 10:21:18.871768 8022 raft_consensus.cc:2905] T 993b9cf62f6c4e6296acbb32382ab037 P c9e9c35ff1cb4b68ba7cf5c037a98347 [term 0 FOLLOWER]: Advancing to term 1
I1121 10:21:18.871776 7775 tablet_service.cc:1296] Received RequestConsensusVote() RPC: tablet_id: "993b9cf62f6c4e6296acbb32382ab037" candidate_uuid: "f5bc6d2f9c574b4db9396f9f900c1141" candidate_term: 1 candidate_status { last_received { term: 0 index: 0 } } ignore_live_leader: false dest_uuid: "1b3038ad6c564f438aa18383cddc769a"
I1121 10:21:18.871806 7775 raft_consensus.cc:2905] T 993b9cf62f6c4e6296acbb32382ab037 P 1b3038ad6c564f438aa18383cddc769a [term 0 FOLLOWER]: Advancing to term 1
I1121 10:21:18.872236 8022 raft_consensus.cc:2359] T 993b9cf62f6c4e6296acbb32382ab037 P c9e9c35ff1cb4b68ba7cf5c037a98347 [term 1 FOLLOWER]: Leader election vote request: Granting yes vote for candidate f5bc6d2f9c574b4db9396f9f900c1141 in term 1.
I1121 10:21:18.872400 7775 raft_consensus.cc:2359] T 993b9cf62f6c4e6296acbb32382ab037 P 1b3038ad6c564f438aa18383cddc769a [term 1 FOLLOWER]: Leader election vote request: Granting yes vote for candidate f5bc6d2f9c574b4db9396f9f900c1141 in term 1.
I1121 10:21:18.872400 7402 raft_consensus.cc:2359] T 993b9cf62f6c4e6296acbb32382ab037 P 63b9dc8cf49b47ebb644515af2f427e7 [term 1 FOLLOWER]: Leader election vote request: Granting yes vote for candidate f5bc6d2f9c574b4db9396f9f900c1141 in term 1.
I1121 10:21:18.872493 7527 tablet_service.cc:1296] Received RequestConsensusVote() RPC: tablet_id: "993b9cf62f6c4e6296acbb32382ab037" candidate_uuid: "f5bc6d2f9c574b4db9396f9f900c1141" candidate_term: 1 candidate_status { last_received { term: 0 index: 0 } } ignore_live_leader: false dest_uuid: "41118f5c2e8f48179ffbebbfb6da2edf"
I1121 10:21:18.872552 7527 raft_consensus.cc:2905] T 993b9cf62f6c4e6296acbb32382ab037 P 41118f5c2e8f48179ffbebbfb6da2edf [term 0 FOLLOWER]: Advancing to term 1
I1121 10:21:18.872556 7583 leader_election.cc:310] T 993b9cf62f6c4e6296acbb32382ab037 P f5bc6d2f9c574b4db9396f9f900c1141 [CANDIDATE]: Term 1 election: Election decided. Result: candidate won. Election summary: received 3 responses out of 5 voters: 3 yes votes; 0 no votes. yes voters: 63b9dc8cf49b47ebb644515af2f427e7, c9e9c35ff1cb4b68ba7cf5c037a98347, f5bc6d2f9c574b4db9396f9f900c1141; no voters:
I1121 10:21:18.872611 8400 raft_consensus.cc:2653] T 993b9cf62f6c4e6296acbb32382ab037 P f5bc6d2f9c574b4db9396f9f900c1141 [term 1 FOLLOWER]: Leader election won for term 1
I1121 10:21:18.872682 8400 raft_consensus.cc:664] T 993b9cf62f6c4e6296acbb32382ab037 P f5bc6d2f9c574b4db9396f9f900c1141 [term 1 LEADER]: Becoming Leader. State: Replica: f5bc6d2f9c574b4db9396f9f900c1141, State: Running, Role: LEADER
I1121 10:21:18.872763 8400 consensus_queue.cc:208] T 993b9cf62f6c4e6296acbb32382ab037 P f5bc6d2f9c574b4db9396f9f900c1141 [LEADER]: Queue going to LEADER mode. State: All replicated index: 0, Majority replicated index: 0, Committed index: 0, Last appended: 0.0, Last appended by leader: 0, Current term: 1, Majority size: 3, State: 0, Mode: LEADER, active raft config: opid_index: -1 OBSOLETE_local: false peers { permanent_uuid: "f5bc6d2f9c574b4db9396f9f900c1141" member_type: VOTER last_known_addr { host: "127.5.70.3" port: 43909 } } peers { permanent_uuid: "1b3038ad6c564f438aa18383cddc769a" member_type: VOTER last_known_addr { host: "127.5.70.4" port: 32993 } } peers { permanent_uuid: "41118f5c2e8f48179ffbebbfb6da2edf" member_type: VOTER last_known_addr { host: "127.5.70.2" port: 39291 } } peers { permanent_uuid: "c9e9c35ff1cb4b68ba7cf5c037a98347" member_type: VOTER last_known_addr { host: "127.5.70.6" port: 32833 } } peers { permanent_uuid: "63b9dc8cf49b47ebb644515af2f427e7" member_type: VOTER last_known_addr { host: "127.5.70.1" port: 36995 } }
I1121 10:21:18.873476 7527 raft_consensus.cc:2359] T 993b9cf62f6c4e6296acbb32382ab037 P 41118f5c2e8f48179ffbebbfb6da2edf [term 1 FOLLOWER]: Leader election vote request: Granting yes vote for candidate f5bc6d2f9c574b4db9396f9f900c1141 in term 1.
I1121 10:21:18.873616 7271 catalog_manager.cc:4143] T 993b9cf62f6c4e6296acbb32382ab037 P f5bc6d2f9c574b4db9396f9f900c1141 reported cstate change: term changed from 0 to 1, leader changed from to f5bc6d2f9c574b4db9396f9f900c1141 (127.5.70.3). New cstate: current_term: 1 leader_uuid: "f5bc6d2f9c574b4db9396f9f900c1141" committed_config { opid_index: -1 OBSOLETE_local: false peers { permanent_uuid: "f5bc6d2f9c574b4db9396f9f900c1141" member_type: VOTER last_known_addr { host: "127.5.70.3" port: 43909 } health_report { overall_health: HEALTHY } } peers { permanent_uuid: "1b3038ad6c564f438aa18383cddc769a" member_type: VOTER last_known_addr { host: "127.5.70.4" port: 32993 } health_report { overall_health: UNKNOWN } } peers { permanent_uuid: "41118f5c2e8f48179ffbebbfb6da2edf" member_type: VOTER last_known_addr { host: "127.5.70.2" port: 39291 } health_report { overall_health: UNKNOWN } } peers { permanent_uuid: "c9e9c35ff1cb4b68ba7cf5c037a98347" member_type: VOTER last_known_addr { host: "127.5.70.6" port: 32833 } health_report { overall_health: UNKNOWN } } peers { permanent_uuid: "63b9dc8cf49b47ebb644515af2f427e7" member_type: VOTER last_known_addr { host: "127.5.70.1" port: 36995 } health_report { overall_health: UNKNOWN } } }
W1121 10:21:18.939270 8438 flags.cc:404] Enabled unsafe flag: --never_fsync=true Using table 'rebalance_test_table_2'
I1121 10:21:18.970127 7402 raft_consensus.cc:1181] T 993b9cf62f6c4e6296acbb32382ab037 P 63b9dc8cf49b47ebb644515af2f427e7 [term 1 FOLLOWER]: Refusing update from remote peer f5bc6d2f9c574b4db9396f9f900c1141: Log matching property violated. Preceding OpId in replica: term: 0 index: 0. Preceding OpId from leader: term: 1 index: 2. (index mismatch)
I1121 10:21:18.970213 8022 raft_consensus.cc:1181] T 5a9a3a26473340c381d502b8e9e1660c P c9e9c35ff1cb4b68ba7cf5c037a98347 [term 1 FOLLOWER]: Refusing update from remote peer 63b9dc8cf49b47ebb644515af2f427e7: Log matching property violated. Preceding OpId in replica: term: 0 index: 0. Preceding OpId from leader: term: 1 index: 2. (index mismatch)
I1121 10:21:18.970278 7527 raft_consensus.cc:1181] T 5a9a3a26473340c381d502b8e9e1660c P 41118f5c2e8f48179ffbebbfb6da2edf [term 1 FOLLOWER]: Refusing update from remote peer 63b9dc8cf49b47ebb644515af2f427e7: Log matching property violated. Preceding OpId in replica: term: 0 index: 0. Preceding OpId from leader: term: 1 index: 2. (index mismatch)
I1121 10:21:18.970314 8023 raft_consensus.cc:1181] T 993b9cf62f6c4e6296acbb32382ab037 P c9e9c35ff1cb4b68ba7cf5c037a98347 [term 1 FOLLOWER]: Refusing update from remote peer f5bc6d2f9c574b4db9396f9f900c1141: Log matching property violated. Preceding OpId in replica: term: 0 index: 0. Preceding OpId from leader: term: 1 index: 2. (index mismatch)
I1121 10:21:18.970438 8273 consensus_queue.cc:984] T 993b9cf62f6c4e6296acbb32382ab037 P f5bc6d2f9c574b4db9396f9f900c1141 [LEADER]: Connected to new peer: Peer: permanent_uuid: "63b9dc8cf49b47ebb644515af2f427e7" member_type: VOTER last_known_addr { host: "127.5.70.1" port: 36995 }, Status: LMP_MISMATCH, Last received: 0.0, Next index: 1, Last known committed idx: 0, Time since last communication: 0.000s
I1121 10:21:18.970484 7893 raft_consensus.cc:1181] T 5a9a3a26473340c381d502b8e9e1660c P 81d8bacc3ca64d628a255ad416a77c3d [term 1 FOLLOWER]: Refusing update from remote peer 63b9dc8cf49b47ebb644515af2f427e7: Log matching property violated. Preceding OpId in replica: term: 0 index: 0. Preceding OpId from leader: term: 1 index: 2. (index mismatch)
I1121 10:21:18.970559 7896 raft_consensus.cc:1181] T c2bd898e6d3340f5982c1386e0ebd41a P 81d8bacc3ca64d628a255ad416a77c3d [term 1 FOLLOWER]: Refusing update from remote peer 41118f5c2e8f48179ffbebbfb6da2edf: Log matching property violated. Preceding OpId in replica: term: 0 index: 0. Preceding OpId from leader: term: 1 index: 2. (index mismatch)
I1121 10:21:18.970618 7775 raft_consensus.cc:1181] T c2bd898e6d3340f5982c1386e0ebd41a P 1b3038ad6c564f438aa18383cddc769a [term 1 FOLLOWER]: Refusing update from remote peer 41118f5c2e8f48179ffbebbfb6da2edf: Log matching property violated. Preceding OpId in replica: term: 0 index: 0. Preceding OpId from leader: term: 1 index: 2. (index mismatch)
I1121 10:21:18.970683 8023 raft_consensus.cc:1181] T c2bd898e6d3340f5982c1386e0ebd41a P c9e9c35ff1cb4b68ba7cf5c037a98347 [term 1 FOLLOWER]: Refusing update from remote peer 41118f5c2e8f48179ffbebbfb6da2edf: Log matching property violated. Preceding OpId in replica: term: 0 index: 0. Preceding OpId from leader: term: 1 index: 2. (index mismatch)
I1121 10:21:18.970788 8265 consensus_queue.cc:984] T c2bd898e6d3340f5982c1386e0ebd41a P 41118f5c2e8f48179ffbebbfb6da2edf [LEADER]: Connected to new peer: Peer: permanent_uuid: "81d8bacc3ca64d628a255ad416a77c3d" member_type: VOTER last_known_addr { host: "127.5.70.5" port: 36445 }, Status: LMP_MISMATCH, Last received: 0.0, Next index: 1, Last known committed idx: 0, Time since last communication: 0.000s
I1121 10:21:18.970829 8286 consensus_queue.cc:984] T 5a9a3a26473340c381d502b8e9e1660c P 63b9dc8cf49b47ebb644515af2f427e7 [LEADER]: Connected to new peer: Peer: permanent_uuid: "c9e9c35ff1cb4b68ba7cf5c037a98347" member_type: VOTER last_known_addr { host: "127.5.70.6" port: 32833 }, Status: LMP_MISMATCH, Last received: 0.0, Next index: 1, Last known committed idx: 0, Time since last communication: 0.000s
I1121 10:21:18.970839 8273 consensus_queue.cc:984] T 993b9cf62f6c4e6296acbb32382ab037 P f5bc6d2f9c574b4db9396f9f900c1141 [LEADER]: Connected to new peer: Peer: permanent_uuid: "c9e9c35ff1cb4b68ba7cf5c037a98347" member_type: VOTER last_known_addr { host: "127.5.70.6" port: 32833 }, Status: LMP_MISMATCH, Last received: 0.0, Next index: 1, Last known committed idx: 0, Time since last communication: 0.000s
I1121 10:21:18.971014 7402 raft_consensus.cc:1181] T c2bd898e6d3340f5982c1386e0ebd41a P 63b9dc8cf49b47ebb644515af2f427e7 [term 1 FOLLOWER]: Refusing update from remote peer 41118f5c2e8f48179ffbebbfb6da2edf: Log matching property violated. Preceding OpId in replica: term: 0 index: 0. Preceding OpId from leader: term: 1 index: 2. (index mismatch)
I1121 10:21:18.971048 7651 raft_consensus.cc:1181] T 5a9a3a26473340c381d502b8e9e1660c P f5bc6d2f9c574b4db9396f9f900c1141 [term 1 FOLLOWER]: Refusing update from remote peer 63b9dc8cf49b47ebb644515af2f427e7: Log matching property violated. Preceding OpId in replica: term: 0 index: 0. Preceding OpId from leader: term: 1 index: 2. (index mismatch)
I1121 10:21:18.971189 8307 consensus_queue.cc:984] T 5a9a3a26473340c381d502b8e9e1660c P 63b9dc8cf49b47ebb644515af2f427e7 [LEADER]: Connected to new peer: Peer: permanent_uuid: "81d8bacc3ca64d628a255ad416a77c3d" member_type: VOTER last_known_addr { host: "127.5.70.5" port: 36445 }, Status: LMP_MISMATCH, Last received: 0.0, Next index: 1, Last known committed idx: 0, Time since last communication: 0.000s
I1121 10:21:18.970623 7773 raft_consensus.cc:1181] T 993b9cf62f6c4e6296acbb32382ab037 P 1b3038ad6c564f438aa18383cddc769a [term 1 FOLLOWER]: Refusing update from remote peer f5bc6d2f9c574b4db9396f9f900c1141: Log matching property violated. Preceding OpId in replica: term: 0 index: 0. Preceding OpId from leader: term: 1 index: 2. (index mismatch)
I1121 10:21:18.971271 8268 consensus_queue.cc:984] T c2bd898e6d3340f5982c1386e0ebd41a P 41118f5c2e8f48179ffbebbfb6da2edf [LEADER]: Connected to new peer: Peer: permanent_uuid: "c9e9c35ff1cb4b68ba7cf5c037a98347" member_type: VOTER last_known_addr { host: "127.5.70.6" port: 32833 }, Status: LMP_MISMATCH, Last received: 0.0, Next index: 1, Last known committed idx: 0, Time since last communication: 0.000s
I1121 10:21:18.971387 7527 raft_consensus.cc:1181] T 993b9cf62f6c4e6296acbb32382ab037 P 41118f5c2e8f48179ffbebbfb6da2edf [term 1 FOLLOWER]: Refusing update from remote peer f5bc6d2f9c574b4db9396f9f900c1141: Log matching property violated. Preceding OpId in replica: term: 0 index: 0. Preceding OpId from leader: term: 1 index: 2. (index mismatch)
I1121 10:21:18.971405 8268 consensus_queue.cc:984] T c2bd898e6d3340f5982c1386e0ebd41a P 41118f5c2e8f48179ffbebbfb6da2edf [LEADER]: Connected to new peer: Peer: permanent_uuid: "1b3038ad6c564f438aa18383cddc769a" member_type: VOTER last_known_addr { host: "127.5.70.4" port: 32993 }, Status: LMP_MISMATCH, Last received: 0.0, Next index: 1, Last known committed idx: 0, Time since last communication: 0.000s
I1121 10:21:18.971469 8286 consensus_queue.cc:984] T 5a9a3a26473340c381d502b8e9e1660c P 63b9dc8cf49b47ebb644515af2f427e7 [LEADER]: Connected to new peer: Peer: permanent_uuid: "41118f5c2e8f48179ffbebbfb6da2edf" member_type: VOTER last_known_addr { host: "127.5.70.2" port: 39291 }, Status: LMP_MISMATCH, Last received: 0.0, Next index: 1, Last known committed idx: 0, Time since last communication: 0.000s
I1121 10:21:18.971508 8268 consensus_queue.cc:984] T c2bd898e6d3340f5982c1386e0ebd41a P 41118f5c2e8f48179ffbebbfb6da2edf [LEADER]: Connected to new peer: Peer: permanent_uuid: "63b9dc8cf49b47ebb644515af2f427e7" member_type: VOTER last_known_addr { host: "127.5.70.1" port: 36995 }, Status: LMP_MISMATCH, Last received: 0.0, Next index: 1, Last known committed idx: 0, Time since last communication: 0.000s
I1121 10:21:18.971664 8286 consensus_queue.cc:984] T 5a9a3a26473340c381d502b8e9e1660c P 63b9dc8cf49b47ebb644515af2f427e7 [LEADER]: Connected to new peer: Peer: permanent_uuid: "f5bc6d2f9c574b4db9396f9f900c1141" member_type: VOTER last_known_addr { host: "127.5.70.3" port: 43909 }, Status: LMP_MISMATCH, Last received: 0.0, Next index: 1, Last known committed idx: 0, Time since last communication: 0.000s
I1121 10:21:18.973716 8291 consensus_queue.cc:984] T 993b9cf62f6c4e6296acbb32382ab037 P f5bc6d2f9c574b4db9396f9f900c1141 [LEADER]: Connected to new peer: Peer: permanent_uuid: "41118f5c2e8f48179ffbebbfb6da2edf" member_type: VOTER last_known_addr { host: "127.5.70.2" port: 39291 }, Status: LMP_MISMATCH, Last received: 0.0, Next index: 1, Last known committed idx: 0, Time since last communication: 0.000s
I1121 10:21:18.973879 8291 consensus_queue.cc:984] T 993b9cf62f6c4e6296acbb32382ab037 P f5bc6d2f9c574b4db9396f9f900c1141 [LEADER]: Connected to new peer: Peer: permanent_uuid: "1b3038ad6c564f438aa18383cddc769a" member_type: VOTER last_known_addr { host: "127.5.70.4" port: 32993 }, Status: LMP_MISMATCH, Last received: 0.0, Next index: 1, Last known committed idx: 0, Time since last communication: 0.000s Generator report time total : 34.1568 ms time per row: 0.0170784 ms
I1121 10:21:18.995317 7271 catalog_manager.cc:1455] Servicing CreateTable request from {username='slave'} at 127.0.0.1:53014: name: "rebalance_test_table_3" schema { columns { name: "key" type: INT32 is_key: true is_nullable: false encoding: AUTO_ENCODING compression: DEFAULT_COMPRESSION cfile_block_size: 0 } columns { name: "int_val" type: INT32 is_key: false is_nullable: false encoding: AUTO_ENCODING compression: DEFAULT_COMPRESSION cfile_block_size: 0 } columns { name: "string_val" type: STRING is_key: false is_nullable: true encoding: AUTO_ENCODING compression: DEFAULT_COMPRESSION cfile_block_size: 0 } } num_replicas: 5 split_rows_range_bounds { } partition_schema { hash_bucket_schemas { columns { name: "key" } num_buckets: 3 seed: 0 } }
I1121 10:21:18.996826 7629 tablet_service.cc:1023] Processing CreateTablet for tablet 7cd3c7862a7c420cb0b87bd87a770d84 (table=rebalance_test_table_3 [id=a6818c1427a0476183a4cee5788608f5]), partition=HASH (key) PARTITION 0, RANGE (key) PARTITION UNBOUNDED
I1121 10:21:18.996903 8001 tablet_service.cc:1023] Processing CreateTablet for tablet 7cd3c7862a7c420cb0b87bd87a770d84 (table=rebalance_test_table_3 [id=a6818c1427a0476183a4cee5788608f5]), partition=HASH (key) PARTITION 0, RANGE (key) PARTITION UNBOUNDED
I1121 10:21:18.996937 7872 tablet_service.cc:1023] Processing CreateTablet for tablet 7cd3c7862a7c420cb0b87bd87a770d84 (table=rebalance_test_table_3 [id=a6818c1427a0476183a4cee5788608f5]), partition=HASH (key) PARTITION 0, RANGE (key) PARTITION UNBOUNDED
I1121 10:21:18.996950 7629 data_dirs.cc:946] Could only allocate 1 dirs of requested 3 for tablet 7cd3c7862a7c420cb0b87bd87a770d84. 1 dirs total, 0 dirs full, 0 dirs failed
I1121 10:21:18.997004 8001 data_dirs.cc:946] Could only allocate 1 dirs of requested 3 for tablet 7cd3c7862a7c420cb0b87bd87a770d84. 1 dirs total, 0 dirs full, 0 dirs failed
I1121 10:21:18.997026 7872 data_dirs.cc:946] Could only allocate 1 dirs of requested 3 for tablet 7cd3c7862a7c420cb0b87bd87a770d84. 1 dirs total, 0 dirs full, 0 dirs failed
I1121 10:21:18.997403 7628 tablet_service.cc:1023] Processing CreateTablet for tablet 169c4cf587a949748d1734c65258b7a7 (table=rebalance_test_table_3 [id=a6818c1427a0476183a4cee5788608f5]), partition=HASH (key) PARTITION 1, RANGE (key) PARTITION UNBOUNDED
I1121 10:21:18.997485 7628 data_dirs.cc:946] Could only allocate 1 dirs of requested 3 for tablet 169c4cf587a949748d1734c65258b7a7. 1 dirs total, 0 dirs full, 0 dirs failed
I1121 10:21:18.998234 7753 tablet_service.cc:1023] Processing CreateTablet for tablet 865e88694908474197879cd8d34789ad (table=rebalance_test_table_3 [id=a6818c1427a0476183a4cee5788608f5]), partition=HASH (key) PARTITION 2, RANGE (key) PARTITION UNBOUNDED
I1121 10:21:18.998298 8258 tablet_bootstrap.cc:439] T 7cd3c7862a7c420cb0b87bd87a770d84 P f5bc6d2f9c574b4db9396f9f900c1141: Bootstrap starting.
I1121 10:21:18.998328 7753 data_dirs.cc:946] Could only allocate 1 dirs of requested 3 for tablet 865e88694908474197879cd8d34789ad. 1 dirs total, 0 dirs full, 0 dirs failed
I1121 10:21:18.998356 7755 tablet_service.cc:1023] Processing CreateTablet for tablet 169c4cf587a949748d1734c65258b7a7 (table=rebalance_test_table_3 [id=a6818c1427a0476183a4cee5788608f5]), partition=HASH (key) PARTITION 1, RANGE (key) PARTITION UNBOUNDED
I1121 10:21:18.998477 7874 tablet_service.cc:1023] Processing CreateTablet for tablet 169c4cf587a949748d1734c65258b7a7 (table=rebalance_test_table_3 [id=a6818c1427a0476183a4cee5788608f5]), partition=HASH (key) PARTITION 1, RANGE (key) PARTITION UNBOUNDED
I1121 10:21:18.998558 7874 data_dirs.cc:946] Could only allocate 1 dirs of requested 3 for tablet 169c4cf587a949748d1734c65258b7a7. 1 dirs total, 0 dirs full, 0 dirs failed
I1121 10:21:18.998600 8258 tablet_bootstrap.cc:590] T 7cd3c7862a7c420cb0b87bd87a770d84 P f5bc6d2f9c574b4db9396f9f900c1141: No blocks or log segments found. Creating new log.
I1121 10:21:18.998653 7627 tablet_service.cc:1023] Processing CreateTablet for tablet 865e88694908474197879cd8d34789ad (table=rebalance_test_table_3 [id=a6818c1427a0476183a4cee5788608f5]), partition=HASH (key) PARTITION 2, RANGE (key) PARTITION UNBOUNDED
I1121 10:21:18.998741 7627 data_dirs.cc:946] Could only allocate 1 dirs of requested 3 for tablet 865e88694908474197879cd8d34789ad. 1 dirs total, 0 dirs full, 0 dirs failed
I1121 10:21:18.999090 8260 tablet_bootstrap.cc:439] T 7cd3c7862a7c420cb0b87bd87a770d84 P 81d8bacc3ca64d628a255ad416a77c3d: Bootstrap starting.
I1121 10:21:18.999425 8260 tablet_bootstrap.cc:590] T 7cd3c7862a7c420cb0b87bd87a770d84 P 81d8bacc3ca64d628a255ad416a77c3d: No blocks or log segments found. Creating new log.
I1121 10:21:18.998234 7754 tablet_service.cc:1023] Processing CreateTablet for tablet 7cd3c7862a7c420cb0b87bd87a770d84 (table=rebalance_test_table_3 [id=a6818c1427a0476183a4cee5788608f5]), partition=HASH (key) PARTITION 0, RANGE (key) PARTITION UNBOUNDED
I1121 10:21:18.999693 7755 data_dirs.cc:946] Could only allocate 1 dirs of requested 3 for tablet 169c4cf587a949748d1734c65258b7a7. 1 dirs total, 0 dirs full, 0 dirs failed
I1121 10:21:18.999724 7871 tablet_service.cc:1023] Processing CreateTablet for tablet 865e88694908474197879cd8d34789ad (table=rebalance_test_table_3 [id=a6818c1427a0476183a4cee5788608f5]), partition=HASH (key) PARTITION 2, RANGE (key) PARTITION UNBOUNDED
I1121 10:21:18.999794 7871 data_dirs.cc:946] Could only allocate 1 dirs of requested 3 for tablet 865e88694908474197879cd8d34789ad. 1 dirs total, 0 dirs full, 0 dirs failed
I1121 10:21:19.000193 7501 tablet_service.cc:1023] Processing CreateTablet for tablet 7cd3c7862a7c420cb0b87bd87a770d84 (table=rebalance_test_table_3 [id=a6818c1427a0476183a4cee5788608f5]), partition=HASH (key) PARTITION 0, RANGE (key) PARTITION UNBOUNDED
