I1121 10:21:35.734036 11768 ts_tablet_manager.cc:1104] T 8bbbf8a8d2df4f76aa83b5fe842b29a6 P af0d02c642ed4eab8d971d9f05d32044: Time spent bootstrapping tablet: real 0.003s user 0.001s sys 0.000s
I1121 10:21:35.734236 11768 raft_consensus.cc:337] T 8bbbf8a8d2df4f76aa83b5fe842b29a6 P af0d02c642ed4eab8d971d9f05d32044 [term 0 FOLLOWER]: Replica starting. Triggering 0 pending transactions. Active config: opid_index: -1 OBSOLETE_local: false peers { permanent_uuid: "cd693d36f0014dc3a7c3f26196124794" member_type: VOTER last_known_addr { host: "127.5.70.1" port: 43035 } } peers { permanent_uuid: "5457a73f9ecb40ee9889513a8412937b" member_type: VOTER last_known_addr { host: "127.5.70.4" port: 37207 } } peers { permanent_uuid: "af0d02c642ed4eab8d971d9f05d32044" member_type: VOTER last_known_addr { host: "127.5.70.2" port: 43797 } }
I1121 10:21:35.734331 11767 tablet_bootstrap.cc:439] T 4dfbf2f060fb481fb74acc019b6eaebc P cd693d36f0014dc3a7c3f26196124794: Bootstrap starting.
I1121 10:21:35.734674 11767 tablet_bootstrap.cc:590] T 4dfbf2f060fb481fb74acc019b6eaebc P cd693d36f0014dc3a7c3f26196124794: No blocks or log segments found. Creating new log.
I1121 10:21:35.734009 11766 tablet_bootstrap.cc:439] T 4ecac46041da45aba6e82df02354fe89 P ca8a596d4c4a4b438860e5e0420e3ad6: No bootstrap required, opened a new log
I1121 10:21:35.734982 11768 raft_consensus.cc:363] T 8bbbf8a8d2df4f76aa83b5fe842b29a6 P af0d02c642ed4eab8d971d9f05d32044 [term 0 FOLLOWER]: Consensus starting up: Expiring failure detector timer to make a prompt election more likely
I1121 10:21:35.734995 11768 raft_consensus.cc:702] T 8bbbf8a8d2df4f76aa83b5fe842b29a6 P af0d02c642ed4eab8d971d9f05d32044 [term 0 FOLLOWER]: Becoming Follower/Learner. State: Replica: af0d02c642ed4eab8d971d9f05d32044, State: Initialized, Role: FOLLOWER
I1121 10:21:35.735064 11766 ts_tablet_manager.cc:1104] T 4ecac46041da45aba6e82df02354fe89 P ca8a596d4c4a4b438860e5e0420e3ad6: Time spent bootstrapping tablet: real 0.003s user 0.001s sys 0.000s
I1121 10:21:35.735088 11768 consensus_queue.cc:231] T 8bbbf8a8d2df4f76aa83b5fe842b29a6 P af0d02c642ed4eab8d971d9f05d32044 [NON_LEADER]: Queue going to NON_LEADER mode. State: All replicated index: 0, Majority replicated index: 0, Committed index: 0, Last appended: 0.0, Last appended by leader: 0, Current term: 0, Majority size: -1, State: 0, Mode: NON_LEADER, active raft config: opid_index: -1 OBSOLETE_local: false peers { permanent_uuid: "cd693d36f0014dc3a7c3f26196124794" member_type: VOTER last_known_addr { host: "127.5.70.1" port: 43035 } } peers { permanent_uuid: "5457a73f9ecb40ee9889513a8412937b" member_type: VOTER last_known_addr { host: "127.5.70.4" port: 37207 } } peers { permanent_uuid: "af0d02c642ed4eab8d971d9f05d32044" member_type: VOTER last_known_addr { host: "127.5.70.2" port: 43797 } }
I1121 10:21:35.735224 11768 ts_tablet_manager.cc:1132] T 8bbbf8a8d2df4f76aa83b5fe842b29a6 P af0d02c642ed4eab8d971d9f05d32044: Time spent starting tablet: real 0.001s user 0.000s sys 0.000s
I1121 10:21:35.735273 11766 raft_consensus.cc:337] T 4ecac46041da45aba6e82df02354fe89 P ca8a596d4c4a4b438860e5e0420e3ad6 [term 0 FOLLOWER]: Replica starting. Triggering 0 pending transactions. Active config: opid_index: -1 OBSOLETE_local: false peers { permanent_uuid: "ca8a596d4c4a4b438860e5e0420e3ad6" member_type: VOTER last_known_addr { host: "127.5.70.3" port: 40217 } } peers { permanent_uuid: "cd693d36f0014dc3a7c3f26196124794" member_type: VOTER last_known_addr { host: "127.5.70.1" port: 43035 } } peers { permanent_uuid: "af0d02c642ed4eab8d971d9f05d32044" member_type: VOTER last_known_addr { host: "127.5.70.2" port: 43797 } }
I1121 10:21:35.735345 11766 raft_consensus.cc:363] T 4ecac46041da45aba6e82df02354fe89 P ca8a596d4c4a4b438860e5e0420e3ad6 [term 0 FOLLOWER]: Consensus starting up: Expiring failure detector timer to make a prompt election more likely
I1121 10:21:35.735397 11766 raft_consensus.cc:702] T 4ecac46041da45aba6e82df02354fe89 P ca8a596d4c4a4b438860e5e0420e3ad6 [term 0 FOLLOWER]: Becoming Follower/Learner. State: Replica: ca8a596d4c4a4b438860e5e0420e3ad6, State: Initialized, Role: FOLLOWER
I1121 10:21:35.735496 11765 tablet_bootstrap.cc:439] T 8bbbf8a8d2df4f76aa83b5fe842b29a6 P 5457a73f9ecb40ee9889513a8412937b: No bootstrap required, opened a new log
I1121 10:21:35.735548 11766 consensus_queue.cc:231] T 4ecac46041da45aba6e82df02354fe89 P ca8a596d4c4a4b438860e5e0420e3ad6 [NON_LEADER]: Queue going to NON_LEADER mode. State: All replicated index: 0, Majority replicated index: 0, Committed index: 0, Last appended: 0.0, Last appended by leader: 0, Current term: 0, Majority size: -1, State: 0, Mode: NON_LEADER, active raft config: opid_index: -1 OBSOLETE_local: false peers { permanent_uuid: "ca8a596d4c4a4b438860e5e0420e3ad6" member_type: VOTER last_known_addr { host: "127.5.70.3" port: 40217 } } peers { permanent_uuid: "cd693d36f0014dc3a7c3f26196124794" member_type: VOTER last_known_addr { host: "127.5.70.1" port: 43035 } } peers { permanent_uuid: "af0d02c642ed4eab8d971d9f05d32044" member_type: VOTER last_known_addr { host: "127.5.70.2" port: 43797 } }
I1121 10:21:35.735574 11765 ts_tablet_manager.cc:1104] T 8bbbf8a8d2df4f76aa83b5fe842b29a6 P 5457a73f9ecb40ee9889513a8412937b: Time spent bootstrapping tablet: real 0.003s user 0.001s sys 0.000s
I1121 10:21:35.735663 11766 ts_tablet_manager.cc:1132] T 4ecac46041da45aba6e82df02354fe89 P ca8a596d4c4a4b438860e5e0420e3ad6: Time spent starting tablet: real 0.001s user 0.000s sys 0.000s
I1121 10:21:35.735905 11765 raft_consensus.cc:337] T 8bbbf8a8d2df4f76aa83b5fe842b29a6 P 5457a73f9ecb40ee9889513a8412937b [term 0 FOLLOWER]: Replica starting. Triggering 0 pending transactions. Active config: opid_index: -1 OBSOLETE_local: false peers { permanent_uuid: "cd693d36f0014dc3a7c3f26196124794" member_type: VOTER last_known_addr { host: "127.5.70.1" port: 43035 } } peers { permanent_uuid: "5457a73f9ecb40ee9889513a8412937b" member_type: VOTER last_known_addr { host: "127.5.70.4" port: 37207 } } peers { permanent_uuid: "af0d02c642ed4eab8d971d9f05d32044" member_type: VOTER last_known_addr { host: "127.5.70.2" port: 43797 } }
I1121 10:21:35.736060 11765 raft_consensus.cc:363] T 8bbbf8a8d2df4f76aa83b5fe842b29a6 P 5457a73f9ecb40ee9889513a8412937b [term 0 FOLLOWER]: Consensus starting up: Expiring failure detector timer to make a prompt election more likely
I1121 10:21:35.736192 11775 raft_consensus.cc:469] T 8bbbf8a8d2df4f76aa83b5fe842b29a6 P af0d02c642ed4eab8d971d9f05d32044 [term 0 FOLLOWER]: Starting pre-election (no leader contacted us within the election timeout)
I1121 10:21:35.736212 11767 tablet_bootstrap.cc:439] T 4dfbf2f060fb481fb74acc019b6eaebc P cd693d36f0014dc3a7c3f26196124794: No bootstrap required, opened a new log
I1121 10:21:35.736240 11767 ts_tablet_manager.cc:1104] T 4dfbf2f060fb481fb74acc019b6eaebc P cd693d36f0014dc3a7c3f26196124794: Time spent bootstrapping tablet: real 0.002s user 0.001s sys 0.000s
I1121 10:21:35.736352 11775 raft_consensus.cc:491] T 8bbbf8a8d2df4f76aa83b5fe842b29a6 P af0d02c642ed4eab8d971d9f05d32044 [term 0 FOLLOWER]: Starting pre-election with config: opid_index: -1 OBSOLETE_local: false peers { permanent_uuid: "cd693d36f0014dc3a7c3f26196124794" member_type: VOTER last_known_addr { host: "127.5.70.1" port: 43035 } } peers { permanent_uuid: "5457a73f9ecb40ee9889513a8412937b" member_type: VOTER last_known_addr { host: "127.5.70.4" port: 37207 } } peers { permanent_uuid: "af0d02c642ed4eab8d971d9f05d32044" member_type: VOTER last_known_addr { host: "127.5.70.2" port: 43797 } }
I1121 10:21:35.736459 11767 raft_consensus.cc:337] T 4dfbf2f060fb481fb74acc019b6eaebc P cd693d36f0014dc3a7c3f26196124794 [term 0 FOLLOWER]: Replica starting. Triggering 0 pending transactions. Active config: opid_index: -1 OBSOLETE_local: false peers { permanent_uuid: "ca8a596d4c4a4b438860e5e0420e3ad6" member_type: VOTER last_known_addr { host: "127.5.70.3" port: 40217 } } peers { permanent_uuid: "5457a73f9ecb40ee9889513a8412937b" member_type: VOTER last_known_addr { host: "127.5.70.4" port: 37207 } } peers { permanent_uuid: "cd693d36f0014dc3a7c3f26196124794" member_type: VOTER last_known_addr { host: "127.5.70.1" port: 43035 } }
I1121 10:21:35.736487 11767 raft_consensus.cc:363] T 4dfbf2f060fb481fb74acc019b6eaebc P cd693d36f0014dc3a7c3f26196124794 [term 0 FOLLOWER]: Consensus starting up: Expiring failure detector timer to make a prompt election more likely
I1121 10:21:35.736546 11767 raft_consensus.cc:702] T 4dfbf2f060fb481fb74acc019b6eaebc P cd693d36f0014dc3a7c3f26196124794 [term 0 FOLLOWER]: Becoming Follower/Learner. State: Replica: cd693d36f0014dc3a7c3f26196124794, State: Initialized, Role: FOLLOWER
I1121 10:21:35.736624 11767 consensus_queue.cc:231] T 4dfbf2f060fb481fb74acc019b6eaebc P cd693d36f0014dc3a7c3f26196124794 [NON_LEADER]: Queue going to NON_LEADER mode. State: All replicated index: 0, Majority replicated index: 0, Committed index: 0, Last appended: 0.0, Last appended by leader: 0, Current term: 0, Majority size: -1, State: 0, Mode: NON_LEADER, active raft config: opid_index: -1 OBSOLETE_local: false peers { permanent_uuid: "ca8a596d4c4a4b438860e5e0420e3ad6" member_type: VOTER last_known_addr { host: "127.5.70.3" port: 40217 } } peers { permanent_uuid: "5457a73f9ecb40ee9889513a8412937b" member_type: VOTER last_known_addr { host: "127.5.70.4" port: 37207 } } peers { permanent_uuid: "cd693d36f0014dc3a7c3f26196124794" member_type: VOTER last_known_addr { host: "127.5.70.1" port: 43035 } }
I1121 10:21:35.736699 11767 ts_tablet_manager.cc:1132] T 4dfbf2f060fb481fb74acc019b6eaebc P cd693d36f0014dc3a7c3f26196124794: Time spent starting tablet: real 0.000s user 0.000s sys 0.001s
I1121 10:21:35.737386 11775 leader_election.cc:296] T 8bbbf8a8d2df4f76aa83b5fe842b29a6 P af0d02c642ed4eab8d971d9f05d32044 [CANDIDATE]: Term 1 pre-election: Requested pre-vote from peers cd693d36f0014dc3a7c3f26196124794 (127.5.70.1:43035), 5457a73f9ecb40ee9889513a8412937b (127.5.70.4:37207)
I1121 10:21:35.737480 11765 raft_consensus.cc:702] T 8bbbf8a8d2df4f76aa83b5fe842b29a6 P 5457a73f9ecb40ee9889513a8412937b [term 0 FOLLOWER]: Becoming Follower/Learner. State: Replica: 5457a73f9ecb40ee9889513a8412937b, State: Initialized, Role: FOLLOWER
I1121 10:21:35.737884 11205 tablet_service.cc:1296] Received RequestConsensusVote() RPC: tablet_id: "4dfbf2f060fb481fb74acc019b6eaebc" candidate_uuid: "ca8a596d4c4a4b438860e5e0420e3ad6" candidate_term: 1 candidate_status { last_received { term: 0 index: 0 } } ignore_live_leader: false dest_uuid: "5457a73f9ecb40ee9889513a8412937b" is_pre_election: true
I1121 10:21:35.737953 11205 raft_consensus.cc:2359] T 4dfbf2f060fb481fb74acc019b6eaebc P 5457a73f9ecb40ee9889513a8412937b [term 0 FOLLOWER]: Leader pre-election vote request: Granting yes vote for candidate ca8a596d4c4a4b438860e5e0420e3ad6 in term 0.
I1121 10:21:35.738023 11765 consensus_queue.cc:231] T 8bbbf8a8d2df4f76aa83b5fe842b29a6 P 5457a73f9ecb40ee9889513a8412937b [NON_LEADER]: Queue going to NON_LEADER mode. State: All replicated index: 0, Majority replicated index: 0, Committed index: 0, Last appended: 0.0, Last appended by leader: 0, Current term: 0, Majority size: -1, State: 0, Mode: NON_LEADER, active raft config: opid_index: -1 OBSOLETE_local: false peers { permanent_uuid: "cd693d36f0014dc3a7c3f26196124794" member_type: VOTER last_known_addr { host: "127.5.70.1" port: 43035 } } peers { permanent_uuid: "5457a73f9ecb40ee9889513a8412937b" member_type: VOTER last_known_addr { host: "127.5.70.4" port: 37207 } } peers { permanent_uuid: "af0d02c642ed4eab8d971d9f05d32044" member_type: VOTER last_known_addr { host: "127.5.70.2" port: 43797 } }
I1121 10:21:35.738063 10816 tablet_service.cc:1296] Received RequestConsensusVote() RPC: tablet_id: "4dfbf2f060fb481fb74acc019b6eaebc" candidate_uuid: "ca8a596d4c4a4b438860e5e0420e3ad6" candidate_term: 1 candidate_status { last_received { term: 0 index: 0 } } ignore_live_leader: false dest_uuid: "cd693d36f0014dc3a7c3f26196124794" is_pre_election: true
I1121 10:21:35.738117 10816 raft_consensus.cc:2359] T 4dfbf2f060fb481fb74acc019b6eaebc P cd693d36f0014dc3a7c3f26196124794 [term 0 FOLLOWER]: Leader pre-election vote request: Granting yes vote for candidate ca8a596d4c4a4b438860e5e0420e3ad6 in term 0.
I1121 10:21:35.738173 11014 leader_election.cc:310] T 4dfbf2f060fb481fb74acc019b6eaebc P ca8a596d4c4a4b438860e5e0420e3ad6 [CANDIDATE]: Term 1 pre-election: Election decided. Result: candidate won. Election summary: received 2 responses out of 3 voters: 2 yes votes; 0 no votes. yes voters: 5457a73f9ecb40ee9889513a8412937b, ca8a596d4c4a4b438860e5e0420e3ad6; no voters:
I1121 10:21:35.738261 11776 raft_consensus.cc:2653] T 4dfbf2f060fb481fb74acc019b6eaebc P ca8a596d4c4a4b438860e5e0420e3ad6 [term 0 FOLLOWER]: Leader pre-election won for term 1
I1121 10:21:35.738292 11776 raft_consensus.cc:469] T 4dfbf2f060fb481fb74acc019b6eaebc P ca8a596d4c4a4b438860e5e0420e3ad6 [term 0 FOLLOWER]: Starting leader election (no leader contacted us within the election timeout)
I1121 10:21:35.738303 11776 raft_consensus.cc:2905] T 4dfbf2f060fb481fb74acc019b6eaebc P ca8a596d4c4a4b438860e5e0420e3ad6 [term 0 FOLLOWER]: Advancing to term 1
I1121 10:21:35.738780 11765 ts_tablet_manager.cc:1132] T 8bbbf8a8d2df4f76aa83b5fe842b29a6 P 5457a73f9ecb40ee9889513a8412937b: Time spent starting tablet: real 0.003s user 0.000s sys 0.000s
I1121 10:21:35.739135 11776 raft_consensus.cc:491] T 4dfbf2f060fb481fb74acc019b6eaebc P ca8a596d4c4a4b438860e5e0420e3ad6 [term 1 FOLLOWER]: Starting leader election with config: opid_index: -1 OBSOLETE_local: false peers { permanent_uuid: "ca8a596d4c4a4b438860e5e0420e3ad6" member_type: VOTER last_known_addr { host: "127.5.70.3" port: 40217 } } peers { permanent_uuid: "5457a73f9ecb40ee9889513a8412937b" member_type: VOTER last_known_addr { host: "127.5.70.4" port: 37207 } } peers { permanent_uuid: "cd693d36f0014dc3a7c3f26196124794" member_type: VOTER last_known_addr { host: "127.5.70.1" port: 43035 } }
I1121 10:21:35.739346 11205 tablet_service.cc:1296] Received RequestConsensusVote() RPC: tablet_id: "4dfbf2f060fb481fb74acc019b6eaebc" candidate_uuid: "ca8a596d4c4a4b438860e5e0420e3ad6" candidate_term: 1 candidate_status { last_received { term: 0 index: 0 } } ignore_live_leader: false dest_uuid: "5457a73f9ecb40ee9889513a8412937b"
I1121 10:21:35.739382 11205 raft_consensus.cc:2905] T 4dfbf2f060fb481fb74acc019b6eaebc P 5457a73f9ecb40ee9889513a8412937b [term 0 FOLLOWER]: Advancing to term 1
I1121 10:21:35.740072 11205 raft_consensus.cc:2359] T 4dfbf2f060fb481fb74acc019b6eaebc P 5457a73f9ecb40ee9889513a8412937b [term 1 FOLLOWER]: Leader election vote request: Granting yes vote for candidate ca8a596d4c4a4b438860e5e0420e3ad6 in term 1.
I1121 10:21:35.740268 11014 leader_election.cc:310] T 4dfbf2f060fb481fb74acc019b6eaebc P ca8a596d4c4a4b438860e5e0420e3ad6 [CANDIDATE]: Term 1 election: Election decided. Result: candidate won. Election summary: received 2 responses out of 3 voters: 2 yes votes; 0 no votes. yes voters: 5457a73f9ecb40ee9889513a8412937b, ca8a596d4c4a4b438860e5e0420e3ad6; no voters:
I1121 10:21:35.740336 10816 tablet_service.cc:1296] Received RequestConsensusVote() RPC: tablet_id: "4dfbf2f060fb481fb74acc019b6eaebc" candidate_uuid: "ca8a596d4c4a4b438860e5e0420e3ad6" candidate_term: 1 candidate_status { last_received { term: 0 index: 0 } } ignore_live_leader: false dest_uuid: "cd693d36f0014dc3a7c3f26196124794"
I1121 10:21:35.740375 10816 raft_consensus.cc:2905] T 4dfbf2f060fb481fb74acc019b6eaebc P cd693d36f0014dc3a7c3f26196124794 [term 0 FOLLOWER]: Advancing to term 1
I1121 10:21:35.740422 11788 raft_consensus.cc:2653] T 4dfbf2f060fb481fb74acc019b6eaebc P ca8a596d4c4a4b438860e5e0420e3ad6 [term 1 FOLLOWER]: Leader election won for term 1
I1121 10:21:35.740589 11788 raft_consensus.cc:664] T 4dfbf2f060fb481fb74acc019b6eaebc P ca8a596d4c4a4b438860e5e0420e3ad6 [term 1 LEADER]: Becoming Leader. State: Replica: ca8a596d4c4a4b438860e5e0420e3ad6, State: Running, Role: LEADER
I1121 10:21:35.740687 11788 consensus_queue.cc:208] T 4dfbf2f060fb481fb74acc019b6eaebc P ca8a596d4c4a4b438860e5e0420e3ad6 [LEADER]: Queue going to LEADER mode. State: All replicated index: 0, Majority replicated index: 0, Committed index: 0, Last appended: 0.0, Last appended by leader: 0, Current term: 1, Majority size: 2, State: 0, Mode: LEADER, active raft config: opid_index: -1 OBSOLETE_local: false peers { permanent_uuid: "ca8a596d4c4a4b438860e5e0420e3ad6" member_type: VOTER last_known_addr { host: "127.5.70.3" port: 40217 } } peers { permanent_uuid: "5457a73f9ecb40ee9889513a8412937b" member_type: VOTER last_known_addr { host: "127.5.70.4" port: 37207 } } peers { permanent_uuid: "cd693d36f0014dc3a7c3f26196124794" member_type: VOTER last_known_addr { host: "127.5.70.1" port: 43035 } }
I1121 10:21:35.741168 10816 raft_consensus.cc:2359] T 4dfbf2f060fb481fb74acc019b6eaebc P cd693d36f0014dc3a7c3f26196124794 [term 1 FOLLOWER]: Leader election vote request: Granting yes vote for candidate ca8a596d4c4a4b438860e5e0420e3ad6 in term 1.
I1121 10:21:35.741312 11776 leader_election.cc:296] T 4dfbf2f060fb481fb74acc019b6eaebc P ca8a596d4c4a4b438860e5e0420e3ad6 [CANDIDATE]: Term 1 election: Requested vote from peers 5457a73f9ecb40ee9889513a8412937b (127.5.70.4:37207), cd693d36f0014dc3a7c3f26196124794 (127.5.70.1:43035)
I1121 10:21:35.741506 10710 catalog_manager.cc:4143] T 4dfbf2f060fb481fb74acc019b6eaebc P ca8a596d4c4a4b438860e5e0420e3ad6 reported cstate change: term changed from 0 to 1, leader changed from to ca8a596d4c4a4b438860e5e0420e3ad6 (127.5.70.3). New cstate: current_term: 1 leader_uuid: "ca8a596d4c4a4b438860e5e0420e3ad6" committed_config { opid_index: -1 OBSOLETE_local: false peers { permanent_uuid: "ca8a596d4c4a4b438860e5e0420e3ad6" member_type: VOTER last_known_addr { host: "127.5.70.3" port: 40217 } health_report { overall_health: HEALTHY } } peers { permanent_uuid: "5457a73f9ecb40ee9889513a8412937b" member_type: VOTER last_known_addr { host: "127.5.70.4" port: 37207 } health_report { overall_health: UNKNOWN } } peers { permanent_uuid: "cd693d36f0014dc3a7c3f26196124794" member_type: VOTER last_known_addr { host: "127.5.70.1" port: 43035 } health_report { overall_health: UNKNOWN } } }
I1121 10:21:35.741511 11205 tablet_service.cc:1296] Received RequestConsensusVote() RPC: tablet_id: "8bbbf8a8d2df4f76aa83b5fe842b29a6" candidate_uuid: "af0d02c642ed4eab8d971d9f05d32044" candidate_term: 1 candidate_status { last_received { term: 0 index: 0 } } ignore_live_leader: false dest_uuid: "5457a73f9ecb40ee9889513a8412937b" is_pre_election: true
I1121 10:21:35.741557 11205 raft_consensus.cc:2359] T 8bbbf8a8d2df4f76aa83b5fe842b29a6 P 5457a73f9ecb40ee9889513a8412937b [term 0 FOLLOWER]: Leader pre-election vote request: Granting yes vote for candidate af0d02c642ed4eab8d971d9f05d32044 in term 0.
I1121 10:21:35.741578 10816 tablet_service.cc:1296] Received RequestConsensusVote() RPC: tablet_id: "8bbbf8a8d2df4f76aa83b5fe842b29a6" candidate_uuid: "af0d02c642ed4eab8d971d9f05d32044" candidate_term: 1 candidate_status { last_received { term: 0 index: 0 } } ignore_live_leader: false dest_uuid: "cd693d36f0014dc3a7c3f26196124794" is_pre_election: true
I1121 10:21:35.741607 10816 raft_consensus.cc:2359] T 8bbbf8a8d2df4f76aa83b5fe842b29a6 P cd693d36f0014dc3a7c3f26196124794 [term 0 FOLLOWER]: Leader pre-election vote request: Granting yes vote for candidate af0d02c642ed4eab8d971d9f05d32044 in term 0.
I1121 10:21:35.741703 10890 leader_election.cc:310] T 8bbbf8a8d2df4f76aa83b5fe842b29a6 P af0d02c642ed4eab8d971d9f05d32044 [CANDIDATE]: Term 1 pre-election: Election decided. Result: candidate won. Election summary: received 2 responses out of 3 voters: 2 yes votes; 0 no votes. yes voters: 5457a73f9ecb40ee9889513a8412937b, af0d02c642ed4eab8d971d9f05d32044; no voters:
I1121 10:21:35.741819 11775 raft_consensus.cc:2653] T 8bbbf8a8d2df4f76aa83b5fe842b29a6 P af0d02c642ed4eab8d971d9f05d32044 [term 0 FOLLOWER]: Leader pre-election won for term 1
I1121 10:21:35.741853 11775 raft_consensus.cc:469] T 8bbbf8a8d2df4f76aa83b5fe842b29a6 P af0d02c642ed4eab8d971d9f05d32044 [term 0 FOLLOWER]: Starting leader election (no leader contacted us within the election timeout)
I1121 10:21:35.741863 11775 raft_consensus.cc:2905] T 8bbbf8a8d2df4f76aa83b5fe842b29a6 P af0d02c642ed4eab8d971d9f05d32044 [term 0 FOLLOWER]: Advancing to term 1
I1121 10:21:35.742509 11775 raft_consensus.cc:491] T 8bbbf8a8d2df4f76aa83b5fe842b29a6 P af0d02c642ed4eab8d971d9f05d32044 [term 1 FOLLOWER]: Starting leader election with config: opid_index: -1 OBSOLETE_local: false peers { permanent_uuid: "cd693d36f0014dc3a7c3f26196124794" member_type: VOTER last_known_addr { host: "127.5.70.1" port: 43035 } } peers { permanent_uuid: "5457a73f9ecb40ee9889513a8412937b" member_type: VOTER last_known_addr { host: "127.5.70.4" port: 37207 } } peers { permanent_uuid: "af0d02c642ed4eab8d971d9f05d32044" member_type: VOTER last_known_addr { host: "127.5.70.2" port: 43797 } }
I1121 10:21:35.742573 11775 leader_election.cc:296] T 8bbbf8a8d2df4f76aa83b5fe842b29a6 P af0d02c642ed4eab8d971d9f05d32044 [CANDIDATE]: Term 1 election: Requested vote from peers cd693d36f0014dc3a7c3f26196124794 (127.5.70.1:43035), 5457a73f9ecb40ee9889513a8412937b (127.5.70.4:37207)
I1121 10:21:35.742774 10816 tablet_service.cc:1296] Received RequestConsensusVote() RPC: tablet_id: "8bbbf8a8d2df4f76aa83b5fe842b29a6" candidate_uuid: "af0d02c642ed4eab8d971d9f05d32044" candidate_term: 1 candidate_status { last_received { term: 0 index: 0 } } ignore_live_leader: false dest_uuid: "cd693d36f0014dc3a7c3f26196124794"
I1121 10:21:35.742774 11205 tablet_service.cc:1296] Received RequestConsensusVote() RPC: tablet_id: "8bbbf8a8d2df4f76aa83b5fe842b29a6" candidate_uuid: "af0d02c642ed4eab8d971d9f05d32044" candidate_term: 1 candidate_status { last_received { term: 0 index: 0 } } ignore_live_leader: false dest_uuid: "5457a73f9ecb40ee9889513a8412937b"
I1121 10:21:35.742815 10816 raft_consensus.cc:2905] T 8bbbf8a8d2df4f76aa83b5fe842b29a6 P cd693d36f0014dc3a7c3f26196124794 [term 0 FOLLOWER]: Advancing to term 1
I1121 10:21:35.742815 11205 raft_consensus.cc:2905] T 8bbbf8a8d2df4f76aa83b5fe842b29a6 P 5457a73f9ecb40ee9889513a8412937b [term 0 FOLLOWER]: Advancing to term 1
I1121 10:21:35.743317 10816 raft_consensus.cc:2359] T 8bbbf8a8d2df4f76aa83b5fe842b29a6 P cd693d36f0014dc3a7c3f26196124794 [term 1 FOLLOWER]: Leader election vote request: Granting yes vote for candidate af0d02c642ed4eab8d971d9f05d32044 in term 1.
I1121 10:21:35.743355 11205 raft_consensus.cc:2359] T 8bbbf8a8d2df4f76aa83b5fe842b29a6 P 5457a73f9ecb40ee9889513a8412937b [term 1 FOLLOWER]: Leader election vote request: Granting yes vote for candidate af0d02c642ed4eab8d971d9f05d32044 in term 1.
I1121 10:21:35.743489 10887 leader_election.cc:310] T 8bbbf8a8d2df4f76aa83b5fe842b29a6 P af0d02c642ed4eab8d971d9f05d32044 [CANDIDATE]: Term 1 election: Election decided. Result: candidate won. Election summary: received 2 responses out of 3 voters: 2 yes votes; 0 no votes. yes voters: af0d02c642ed4eab8d971d9f05d32044, cd693d36f0014dc3a7c3f26196124794; no voters:
I1121 10:21:35.743564 11775 raft_consensus.cc:2653] T 8bbbf8a8d2df4f76aa83b5fe842b29a6 P af0d02c642ed4eab8d971d9f05d32044 [term 1 FOLLOWER]: Leader election won for term 1
I1121 10:21:35.743657 11775 raft_consensus.cc:664] T 8bbbf8a8d2df4f76aa83b5fe842b29a6 P af0d02c642ed4eab8d971d9f05d32044 [term 1 LEADER]: Becoming Leader. State: Replica: af0d02c642ed4eab8d971d9f05d32044, State: Running, Role: LEADER
I1121 10:21:35.743790 11775 consensus_queue.cc:208] T 8bbbf8a8d2df4f76aa83b5fe842b29a6 P af0d02c642ed4eab8d971d9f05d32044 [LEADER]: Queue going to LEADER mode. State: All replicated index: 0, Majority replicated index: 0, Committed index: 0, Last appended: 0.0, Last appended by leader: 0, Current term: 1, Majority size: 2, State: 0, Mode: LEADER, active raft config: opid_index: -1 OBSOLETE_local: false peers { permanent_uuid: "cd693d36f0014dc3a7c3f26196124794" member_type: VOTER last_known_addr { host: "127.5.70.1" port: 43035 } } peers { permanent_uuid: "5457a73f9ecb40ee9889513a8412937b" member_type: VOTER last_known_addr { host: "127.5.70.4" port: 37207 } } peers { permanent_uuid: "af0d02c642ed4eab8d971d9f05d32044" member_type: VOTER last_known_addr { host: "127.5.70.2" port: 43797 } }
I1121 10:21:35.744316 10710 catalog_manager.cc:4143] T 8bbbf8a8d2df4f76aa83b5fe842b29a6 P af0d02c642ed4eab8d971d9f05d32044 reported cstate change: term changed from 0 to 1, leader changed from to af0d02c642ed4eab8d971d9f05d32044 (127.5.70.2). New cstate: current_term: 1 leader_uuid: "af0d02c642ed4eab8d971d9f05d32044" committed_config { opid_index: -1 OBSOLETE_local: false peers { permanent_uuid: "cd693d36f0014dc3a7c3f26196124794" member_type: VOTER last_known_addr { host: "127.5.70.1" port: 43035 } health_report { overall_health: UNKNOWN } } peers { permanent_uuid: "5457a73f9ecb40ee9889513a8412937b" member_type: VOTER last_known_addr { host: "127.5.70.4" port: 37207 } health_report { overall_health: UNKNOWN } } peers { permanent_uuid: "af0d02c642ed4eab8d971d9f05d32044" member_type: VOTER last_known_addr { host: "127.5.70.2" port: 43797 } health_report { overall_health: HEALTHY } } }
W1121 10:21:35.745947 11249 tablet.cc:1767] T 4dfbf2f060fb481fb74acc019b6eaebc P 5457a73f9ecb40ee9889513a8412937b: Can't schedule compaction. Clean time has not been advanced past its initial value.
I1121 10:21:35.768430 11775 raft_consensus.cc:469] T 4ecac46041da45aba6e82df02354fe89 P af0d02c642ed4eab8d971d9f05d32044 [term 0 FOLLOWER]: Starting pre-election (no leader contacted us within the election timeout)
I1121 10:21:35.768591 11775 raft_consensus.cc:491] T 4ecac46041da45aba6e82df02354fe89 P af0d02c642ed4eab8d971d9f05d32044 [term 0 FOLLOWER]: Starting pre-election with config: opid_index: -1 OBSOLETE_local: false peers { permanent_uuid: "ca8a596d4c4a4b438860e5e0420e3ad6" member_type: VOTER last_known_addr { host: "127.5.70.3" port: 40217 } } peers { permanent_uuid: "cd693d36f0014dc3a7c3f26196124794" member_type: VOTER last_known_addr { host: "127.5.70.1" port: 43035 } } peers { permanent_uuid: "af0d02c642ed4eab8d971d9f05d32044" member_type: VOTER last_known_addr { host: "127.5.70.2" port: 43797 } }
I1121 10:21:35.768688 11775 leader_election.cc:296] T 4ecac46041da45aba6e82df02354fe89 P af0d02c642ed4eab8d971d9f05d32044 [CANDIDATE]: Term 1 pre-election: Requested pre-vote from peers ca8a596d4c4a4b438860e5e0420e3ad6 (127.5.70.3:40217), cd693d36f0014dc3a7c3f26196124794 (127.5.70.1:43035)
I1121 10:21:35.769124 10816 tablet_service.cc:1296] Received RequestConsensusVote() RPC: tablet_id: "4ecac46041da45aba6e82df02354fe89" candidate_uuid: "af0d02c642ed4eab8d971d9f05d32044" candidate_term: 1 candidate_status { last_received { term: 0 index: 0 } } ignore_live_leader: false dest_uuid: "cd693d36f0014dc3a7c3f26196124794" is_pre_election: true
I1121 10:21:35.769176 10816 raft_consensus.cc:2359] T 4ecac46041da45aba6e82df02354fe89 P cd693d36f0014dc3a7c3f26196124794 [term 0 FOLLOWER]: Leader pre-election vote request: Granting yes vote for candidate af0d02c642ed4eab8d971d9f05d32044 in term 0.
I1121 10:21:35.769328 10887 leader_election.cc:310] T 4ecac46041da45aba6e82df02354fe89 P af0d02c642ed4eab8d971d9f05d32044 [CANDIDATE]: Term 1 pre-election: Election decided. Result: candidate won. Election summary: received 2 responses out of 3 voters: 2 yes votes; 0 no votes. yes voters: af0d02c642ed4eab8d971d9f05d32044, cd693d36f0014dc3a7c3f26196124794; no voters:
I1121 10:21:35.769498 11775 raft_consensus.cc:2653] T 4ecac46041da45aba6e82df02354fe89 P af0d02c642ed4eab8d971d9f05d32044 [term 0 FOLLOWER]: Leader pre-election won for term 1
I1121 10:21:35.769524 11775 raft_consensus.cc:469] T 4ecac46041da45aba6e82df02354fe89 P af0d02c642ed4eab8d971d9f05d32044 [term 0 FOLLOWER]: Starting leader election (no leader contacted us within the election timeout)
I1121 10:21:35.769533 11775 raft_consensus.cc:2905] T 4ecac46041da45aba6e82df02354fe89 P af0d02c642ed4eab8d971d9f05d32044 [term 0 FOLLOWER]: Advancing to term 1
I1121 10:21:35.770318 11775 raft_consensus.cc:491] T 4ecac46041da45aba6e82df02354fe89 P af0d02c642ed4eab8d971d9f05d32044 [term 1 FOLLOWER]: Starting leader election with config: opid_index: -1 OBSOLETE_local: false peers { permanent_uuid: "ca8a596d4c4a4b438860e5e0420e3ad6" member_type: VOTER last_known_addr { host: "127.5.70.3" port: 40217 } } peers { permanent_uuid: "cd693d36f0014dc3a7c3f26196124794" member_type: VOTER last_known_addr { host: "127.5.70.1" port: 43035 } } peers { permanent_uuid: "af0d02c642ed4eab8d971d9f05d32044" member_type: VOTER last_known_addr { host: "127.5.70.2" port: 43797 } }
I1121 10:21:35.770385 11775 leader_election.cc:296] T 4ecac46041da45aba6e82df02354fe89 P af0d02c642ed4eab8d971d9f05d32044 [CANDIDATE]: Term 1 election: Requested vote from peers ca8a596d4c4a4b438860e5e0420e3ad6 (127.5.70.3:40217), cd693d36f0014dc3a7c3f26196124794 (127.5.70.1:43035)
I1121 10:21:35.770617 10816 tablet_service.cc:1296] Received RequestConsensusVote() RPC: tablet_id: "4ecac46041da45aba6e82df02354fe89" candidate_uuid: "af0d02c642ed4eab8d971d9f05d32044" candidate_term: 1 candidate_status { last_received { term: 0 index: 0 } } ignore_live_leader: false dest_uuid: "cd693d36f0014dc3a7c3f26196124794"
I1121 10:21:35.770646 10816 raft_consensus.cc:2905] T 4ecac46041da45aba6e82df02354fe89 P cd693d36f0014dc3a7c3f26196124794 [term 0 FOLLOWER]: Advancing to term 1
I1121 10:21:35.771351 10816 raft_consensus.cc:2359] T 4ecac46041da45aba6e82df02354fe89 P cd693d36f0014dc3a7c3f26196124794 [term 1 FOLLOWER]: Leader election vote request: Granting yes vote for candidate af0d02c642ed4eab8d971d9f05d32044 in term 1.
I1121 10:21:35.771515 10887 leader_election.cc:310] T 4ecac46041da45aba6e82df02354fe89 P af0d02c642ed4eab8d971d9f05d32044 [CANDIDATE]: Term 1 election: Election decided. Result: candidate won. Election summary: received 2 responses out of 3 voters: 2 yes votes; 0 no votes. yes voters: af0d02c642ed4eab8d971d9f05d32044, cd693d36f0014dc3a7c3f26196124794; no voters:
I1121 10:21:35.771584 11775 raft_consensus.cc:2653] T 4ecac46041da45aba6e82df02354fe89 P af0d02c642ed4eab8d971d9f05d32044 [term 1 FOLLOWER]: Leader election won for term 1
I1121 10:21:35.771620 11775 raft_consensus.cc:664] T 4ecac46041da45aba6e82df02354fe89 P af0d02c642ed4eab8d971d9f05d32044 [term 1 LEADER]: Becoming Leader. State: Replica: af0d02c642ed4eab8d971d9f05d32044, State: Running, Role: LEADER
I1121 10:21:35.771739 11775 consensus_queue.cc:208] T 4ecac46041da45aba6e82df02354fe89 P af0d02c642ed4eab8d971d9f05d32044 [LEADER]: Queue going to LEADER mode. State: All replicated index: 0, Majority replicated index: 0, Committed index: 0, Last appended: 0.0, Last appended by leader: 0, Current term: 1, Majority size: 2, State: 0, Mode: LEADER, active raft config: opid_index: -1 OBSOLETE_local: false peers { permanent_uuid: "ca8a596d4c4a4b438860e5e0420e3ad6" member_type: VOTER last_known_addr { host: "127.5.70.3" port: 40217 } } peers { permanent_uuid: "cd693d36f0014dc3a7c3f26196124794" member_type: VOTER last_known_addr { host: "127.5.70.1" port: 43035 } } peers { permanent_uuid: "af0d02c642ed4eab8d971d9f05d32044" member_type: VOTER last_known_addr { host: "127.5.70.2" port: 43797 } }
I1121 10:21:35.772006 11080 tablet_service.cc:1296] Received RequestConsensusVote() RPC: tablet_id: "4ecac46041da45aba6e82df02354fe89" candidate_uuid: "af0d02c642ed4eab8d971d9f05d32044" candidate_term: 1 candidate_status { last_received { term: 0 index: 0 } } ignore_live_leader: false dest_uuid: "ca8a596d4c4a4b438860e5e0420e3ad6" is_pre_election: true
I1121 10:21:35.772074 11080 raft_consensus.cc:2359] T 4ecac46041da45aba6e82df02354fe89 P ca8a596d4c4a4b438860e5e0420e3ad6 [term 0 FOLLOWER]: Leader pre-election vote request: Granting yes vote for candidate af0d02c642ed4eab8d971d9f05d32044 in term 0.
I1121 10:21:35.772006 11070 tablet_service.cc:1296] Received RequestConsensusVote() RPC: tablet_id: "4ecac46041da45aba6e82df02354fe89" candidate_uuid: "af0d02c642ed4eab8d971d9f05d32044" candidate_term: 1 candidate_status { last_received { term: 0 index: 0 } } ignore_live_leader: false dest_uuid: "ca8a596d4c4a4b438860e5e0420e3ad6"
I1121 10:21:35.772150 11070 raft_consensus.cc:2905] T 4ecac46041da45aba6e82df02354fe89 P ca8a596d4c4a4b438860e5e0420e3ad6 [term 0 FOLLOWER]: Advancing to term 1
I1121 10:21:35.772367 10710 catalog_manager.cc:4143] T 4ecac46041da45aba6e82df02354fe89 P af0d02c642ed4eab8d971d9f05d32044 reported cstate change: term changed from 0 to 1, leader changed from to af0d02c642ed4eab8d971d9f05d32044 (127.5.70.2). New cstate: current_term: 1 leader_uuid: "af0d02c642ed4eab8d971d9f05d32044" committed_config { opid_index: -1 OBSOLETE_local: false peers { permanent_uuid: "ca8a596d4c4a4b438860e5e0420e3ad6" member_type: VOTER last_known_addr { host: "127.5.70.3" port: 40217 } health_report { overall_health: UNKNOWN } } peers { permanent_uuid: "cd693d36f0014dc3a7c3f26196124794" member_type: VOTER last_known_addr { host: "127.5.70.1" port: 43035 } health_report { overall_health: UNKNOWN } } peers { permanent_uuid: "af0d02c642ed4eab8d971d9f05d32044" member_type: VOTER last_known_addr { host: "127.5.70.2" port: 43797 } health_report { overall_health: HEALTHY } } }
I1121 10:21:35.772876 11070 raft_consensus.cc:2359] T 4ecac46041da45aba6e82df02354fe89 P ca8a596d4c4a4b438860e5e0420e3ad6 [term 1 FOLLOWER]: Leader election vote request: Granting yes vote for candidate af0d02c642ed4eab8d971d9f05d32044 in term 1.
W1121 10:21:35.807571 11001 tablet.cc:1767] T 4ecac46041da45aba6e82df02354fe89 P af0d02c642ed4eab8d971d9f05d32044: Can't schedule compaction. Clean time has not been advanced past its initial value.
W1121 10:21:35.831578 11794 flags.cc:404] Enabled unsafe flag: --never_fsync=true Using table 'rebalance_test_table_0'
I1121 10:21:35.861132 11205 raft_consensus.cc:1181] T 8bbbf8a8d2df4f76aa83b5fe842b29a6 P 5457a73f9ecb40ee9889513a8412937b [term 1 FOLLOWER]: Refusing update from remote peer af0d02c642ed4eab8d971d9f05d32044: Log matching property violated. Preceding OpId in replica: term: 0 index: 0. Preceding OpId from leader: term: 1 index: 2. (index mismatch)
I1121 10:21:35.861181 10816 raft_consensus.cc:1181] T 8bbbf8a8d2df4f76aa83b5fe842b29a6 P cd693d36f0014dc3a7c3f26196124794 [term 1 FOLLOWER]: Refusing update from remote peer af0d02c642ed4eab8d971d9f05d32044: Log matching property violated. Preceding OpId in replica: term: 0 index: 0. Preceding OpId from leader: term: 1 index: 2. (index mismatch)
I1121 10:21:35.861503 11791 consensus_queue.cc:984] T 8bbbf8a8d2df4f76aa83b5fe842b29a6 P af0d02c642ed4eab8d971d9f05d32044 [LEADER]: Connected to new peer: Peer: permanent_uuid: "5457a73f9ecb40ee9889513a8412937b" member_type: VOTER last_known_addr { host: "127.5.70.4" port: 37207 }, Status: LMP_MISMATCH, Last received: 0.0, Next index: 1, Last known committed idx: 0, Time since last communication: 0.000s
I1121 10:21:35.861737 11775 consensus_queue.cc:984] T 8bbbf8a8d2df4f76aa83b5fe842b29a6 P af0d02c642ed4eab8d971d9f05d32044 [LEADER]: Connected to new peer: Peer: permanent_uuid: "cd693d36f0014dc3a7c3f26196124794" member_type: VOTER last_known_addr { host: "127.5.70.1" port: 43035 }, Status: LMP_MISMATCH, Last received: 0.0, Next index: 1, Last known committed idx: 0, Time since last communication: 0.000s
I1121 10:21:35.862396 10821 raft_consensus.cc:1181] T 4ecac46041da45aba6e82df02354fe89 P cd693d36f0014dc3a7c3f26196124794 [term 1 FOLLOWER]: Refusing update from remote peer af0d02c642ed4eab8d971d9f05d32044: Log matching property violated. Preceding OpId in replica: term: 0 index: 0. Preceding OpId from leader: term: 1 index: 2. (index mismatch)
I1121 10:21:35.862574 11070 raft_consensus.cc:1181] T 4ecac46041da45aba6e82df02354fe89 P ca8a596d4c4a4b438860e5e0420e3ad6 [term 1 FOLLOWER]: Refusing update from remote peer af0d02c642ed4eab8d971d9f05d32044: Log matching property violated. Preceding OpId in replica: term: 0 index: 0. Preceding OpId from leader: term: 1 index: 2. (index mismatch)
I1121 10:21:35.862716 11791 consensus_queue.cc:984] T 4ecac46041da45aba6e82df02354fe89 P af0d02c642ed4eab8d971d9f05d32044 [LEADER]: Connected to new peer: Peer: permanent_uuid: "cd693d36f0014dc3a7c3f26196124794" member_type: VOTER last_known_addr { host: "127.5.70.1" port: 43035 }, Status: LMP_MISMATCH, Last received: 0.0, Next index: 1, Last known committed idx: 0, Time since last communication: 0.000s
I1121 10:21:35.862823 11775 consensus_queue.cc:984] T 4ecac46041da45aba6e82df02354fe89 P af0d02c642ed4eab8d971d9f05d32044 [LEADER]: Connected to new peer: Peer: permanent_uuid: "ca8a596d4c4a4b438860e5e0420e3ad6" member_type: VOTER last_known_addr { host: "127.5.70.3" port: 40217 }, Status: LMP_MISMATCH, Last received: 0.0, Next index: 1, Last known committed idx: 0, Time since last communication: 0.000s
I1121 10:21:35.865538 11810 mvcc.cc:203] Tried to move safe_time back from 6448462626248269824 to 6448462625766891520. Current Snapshot: MvccSnapshot[committed={T|T < 6448462626244890624}]
I1121 10:21:35.867624 11818 mvcc.cc:203] Tried to move safe_time back from 6448462626248871936 to 6448462625881387008. Current Snapshot: MvccSnapshot[committed={T|T < 6448462626248871936}]
I1121 10:21:35.868424 11205 raft_consensus.cc:1181] T 4dfbf2f060fb481fb74acc019b6eaebc P 5457a73f9ecb40ee9889513a8412937b [term 1 FOLLOWER]: Refusing update from remote peer ca8a596d4c4a4b438860e5e0420e3ad6: Log matching property violated. Preceding OpId in replica: term: 0 index: 0. Preceding OpId from leader: term: 1 index: 2. (index mismatch)
I1121 10:21:35.868729 11776 consensus_queue.cc:984] T 4dfbf2f060fb481fb74acc019b6eaebc P ca8a596d4c4a4b438860e5e0420e3ad6 [LEADER]: Connected to new peer: Peer: permanent_uuid: "5457a73f9ecb40ee9889513a8412937b" member_type: VOTER last_known_addr { host: "127.5.70.4" port: 37207 }, Status: LMP_MISMATCH, Last received: 0.0, Next index: 1, Last known committed idx: 0, Time since last communication: 0.000s
I1121 10:21:35.868788 10821 raft_consensus.cc:1181] T 4dfbf2f060fb481fb74acc019b6eaebc P cd693d36f0014dc3a7c3f26196124794 [term 1 FOLLOWER]: Refusing update from remote peer ca8a596d4c4a4b438860e5e0420e3ad6: Log matching property violated. Preceding OpId in replica: term: 0 index: 0. Preceding OpId from leader: term: 1 index: 2. (index mismatch)
I1121 10:21:35.869148 11776 consensus_queue.cc:984] T 4dfbf2f060fb481fb74acc019b6eaebc P ca8a596d4c4a4b438860e5e0420e3ad6 [LEADER]: Connected to new peer: Peer: permanent_uuid: "cd693d36f0014dc3a7c3f26196124794" member_type: VOTER last_known_addr { host: "127.5.70.1" port: 43035 }, Status: LMP_MISMATCH, Last received: 0.0, Next index: 1, Last known committed idx: 0, Time since last communication: 0.000s
I1121 10:21:35.871188 11816 mvcc.cc:203] Tried to move safe_time back from 6448462626248871936 to 6448462625881387008. Current Snapshot: MvccSnapshot[committed={T|T < 6448462626248871936}]
I1121 10:21:35.873152 11827 mvcc.cc:203] Tried to move safe_time back from 6448462626250768384 to 6448462625754763264. Current Snapshot: MvccSnapshot[committed={T|T < 6448462626250768384}] Generator report time total : 29.2207 ms time per row: 0.0146104 ms
I1121 10:21:35.880416 10705 catalog_manager.cc:1455] Servicing CreateTable request from {username='slave'} at 127.0.0.1:60768: name: "rebalance_test_table_1" schema { columns { name: "key" type: INT32 is_key: true is_nullable: false encoding: AUTO_ENCODING compression: DEFAULT_COMPRESSION cfile_block_size: 0 } columns { name: "int_val" type: INT32 is_key: false is_nullable: false encoding: AUTO_ENCODING compression: DEFAULT_COMPRESSION cfile_block_size: 0 } columns { name: "string_val" type: STRING is_key: false is_nullable: true encoding: AUTO_ENCODING compression: DEFAULT_COMPRESSION cfile_block_size: 0 } } num_replicas: 3 split_rows_range_bounds { } partition_schema { hash_bucket_schemas { columns { name: "key" } num_buckets: 3 seed: 0 } }
I1121 10:21:35.882115 11176 tablet_service.cc:1023] Processing CreateTablet for tablet 69c25581de6e4945a167245a4dcbbfe0 (table=rebalance_test_table_1 [id=946682e3f34d4ca682a2be2971a72206]), partition=HASH (key) PARTITION 0, RANGE (key) PARTITION UNBOUNDED
I1121 10:21:35.882135 10807 tablet_service.cc:1023] Processing CreateTablet for tablet 51d8830759cc4842af19cc0d22bb8d65 (table=rebalance_test_table_1 [id=946682e3f34d4ca682a2be2971a72206]), partition=HASH (key) PARTITION 2, RANGE (key) PARTITION UNBOUNDED
I1121 10:21:35.882184 10937 tablet_service.cc:1023] Processing CreateTablet for tablet 69c25581de6e4945a167245a4dcbbfe0 (table=rebalance_test_table_1 [id=946682e3f34d4ca682a2be2971a72206]), partition=HASH (key) PARTITION 0, RANGE (key) PARTITION UNBOUNDED
I1121 10:21:35.882262 11176 data_dirs.cc:946] Could only allocate 1 dirs of requested 3 for tablet 69c25581de6e4945a167245a4dcbbfe0. 1 dirs total, 0 dirs full, 0 dirs failed
I1121 10:21:35.882285 10937 data_dirs.cc:946] Could only allocate 1 dirs of requested 3 for tablet 69c25581de6e4945a167245a4dcbbfe0. 1 dirs total, 0 dirs full, 0 dirs failed
I1121 10:21:35.882285 10807 data_dirs.cc:946] Could only allocate 1 dirs of requested 3 for tablet 51d8830759cc4842af19cc0d22bb8d65. 1 dirs total, 0 dirs full, 0 dirs failed
I1121 10:21:35.882122 11180 tablet_service.cc:1023] Processing CreateTablet for tablet 7b34e50304ff46e59622de2e979ac7b8 (table=rebalance_test_table_1 [id=946682e3f34d4ca682a2be2971a72206]), partition=HASH (key) PARTITION 1, RANGE (key) PARTITION UNBOUNDED
I1121 10:21:35.882762 10936 tablet_service.cc:1023] Processing CreateTablet for tablet 7b34e50304ff46e59622de2e979ac7b8 (table=rebalance_test_table_1 [id=946682e3f34d4ca682a2be2971a72206]), partition=HASH (key) PARTITION 1, RANGE (key) PARTITION UNBOUNDED
I1121 10:21:35.882820 11180 data_dirs.cc:946] Could only allocate 1 dirs of requested 3 for tablet 7b34e50304ff46e59622de2e979ac7b8. 1 dirs total, 0 dirs full, 0 dirs failed
I1121 10:21:35.882835 10936 data_dirs.cc:946] Could only allocate 1 dirs of requested 3 for tablet 7b34e50304ff46e59622de2e979ac7b8. 1 dirs total, 0 dirs full, 0 dirs failed
I1121 10:21:35.883499 11767 tablet_bootstrap.cc:439] T 51d8830759cc4842af19cc0d22bb8d65 P cd693d36f0014dc3a7c3f26196124794: Bootstrap starting.
I1121 10:21:35.883752 11765 tablet_bootstrap.cc:439] T 7b34e50304ff46e59622de2e979ac7b8 P 5457a73f9ecb40ee9889513a8412937b: Bootstrap starting.
I1121 10:21:35.883842 11767 tablet_bootstrap.cc:590] T 51d8830759cc4842af19cc0d22bb8d65 P cd693d36f0014dc3a7c3f26196124794: No blocks or log segments found. Creating new log.
I1121 10:21:35.883962 10935 tablet_service.cc:1023] Processing CreateTablet for tablet 51d8830759cc4842af19cc0d22bb8d65 (table=rebalance_test_table_1 [id=946682e3f34d4ca682a2be2971a72206]), partition=HASH (key) PARTITION 2, RANGE (key) PARTITION UNBOUNDED
I1121 10:21:35.884037 10935 data_dirs.cc:946] Could only allocate 1 dirs of requested 3 for tablet 51d8830759cc4842af19cc0d22bb8d65. 1 dirs total, 0 dirs full, 0 dirs failed
I1121 10:21:35.884083 11765 tablet_bootstrap.cc:590] T 7b34e50304ff46e59622de2e979ac7b8 P 5457a73f9ecb40ee9889513a8412937b: No blocks or log segments found. Creating new log.
I1121 10:21:35.884425 11061 tablet_service.cc:1023] Processing CreateTablet for tablet 69c25581de6e4945a167245a4dcbbfe0 (table=rebalance_test_table_1 [id=946682e3f34d4ca682a2be2971a72206]), partition=HASH (key) PARTITION 0, RANGE (key) PARTITION UNBOUNDED
I1121 10:21:35.884577 11768 tablet_bootstrap.cc:439] T 7b34e50304ff46e59622de2e979ac7b8 P af0d02c642ed4eab8d971d9f05d32044: Bootstrap starting.
I1121 10:21:35.884593 11060 tablet_service.cc:1023] Processing CreateTablet for tablet 7b34e50304ff46e59622de2e979ac7b8 (table=rebalance_test_table_1 [id=946682e3f34d4ca682a2be2971a72206]), partition=HASH (key) PARTITION 1, RANGE (key) PARTITION UNBOUNDED
I1121 10:21:35.884755 11059 tablet_service.cc:1023] Processing CreateTablet for tablet 51d8830759cc4842af19cc0d22bb8d65 (table=rebalance_test_table_1 [id=946682e3f34d4ca682a2be2971a72206]), partition=HASH (key) PARTITION 2, RANGE (key) PARTITION UNBOUNDED
I1121 10:21:35.884898 11061 data_dirs.cc:946] Could only allocate 1 dirs of requested 3 for tablet 69c25581de6e4945a167245a4dcbbfe0. 1 dirs total, 0 dirs full, 0 dirs failed
I1121 10:21:35.884910 11768 tablet_bootstrap.cc:590] T 7b34e50304ff46e59622de2e979ac7b8 P af0d02c642ed4eab8d971d9f05d32044: No blocks or log segments found. Creating new log.
I1121 10:21:35.886081 11766 tablet_bootstrap.cc:439] T 69c25581de6e4945a167245a4dcbbfe0 P ca8a596d4c4a4b438860e5e0420e3ad6: Bootstrap starting.
I1121 10:21:35.886106 11060 data_dirs.cc:946] Could only allocate 1 dirs of requested 3 for tablet 7b34e50304ff46e59622de2e979ac7b8. 1 dirs total, 0 dirs full, 0 dirs failed
I1121 10:21:35.886394 11766 tablet_bootstrap.cc:590] T 69c25581de6e4945a167245a4dcbbfe0 P ca8a596d4c4a4b438860e5e0420e3ad6: No blocks or log segments found. Creating new log.
I1121 10:21:35.886981 11767 tablet_bootstrap.cc:439] T 51d8830759cc4842af19cc0d22bb8d65 P cd693d36f0014dc3a7c3f26196124794: No bootstrap required, opened a new log
I1121 10:21:35.887025 11767 ts_tablet_manager.cc:1104] T 51d8830759cc4842af19cc0d22bb8d65 P cd693d36f0014dc3a7c3f26196124794: Time spent bootstrapping tablet: real 0.004s user 0.000s sys 0.001s
I1121 10:21:35.887049 11765 tablet_bootstrap.cc:439] T 7b34e50304ff46e59622de2e979ac7b8 P 5457a73f9ecb40ee9889513a8412937b: No bootstrap required, opened a new log
I1121 10:21:35.887084 11765 ts_tablet_manager.cc:1104] T 7b34e50304ff46e59622de2e979ac7b8 P 5457a73f9ecb40ee9889513a8412937b: Time spent bootstrapping tablet: real 0.003s user 0.001s sys 0.000s
I1121 10:21:35.887198 11767 raft_consensus.cc:337] T 51d8830759cc4842af19cc0d22bb8d65 P cd693d36f0014dc3a7c3f26196124794 [term 0 FOLLOWER]: Replica starting. Triggering 0 pending transactions. Active config: opid_index: -1 OBSOLETE_local: false peers { permanent_uuid: "cd693d36f0014dc3a7c3f26196124794" member_type: VOTER last_known_addr { host: "127.5.70.1" port: 43035 } } peers { permanent_uuid: "ca8a596d4c4a4b438860e5e0420e3ad6" member_type: VOTER last_known_addr { host: "127.5.70.3" port: 40217 } } peers { permanent_uuid: "af0d02c642ed4eab8d971d9f05d32044" member_type: VOTER last_known_addr { host: "127.5.70.2" port: 43797 } }
I1121 10:21:35.887213 11767 raft_consensus.cc:363] T 51d8830759cc4842af19cc0d22bb8d65 P cd693d36f0014dc3a7c3f26196124794 [term 0 FOLLOWER]: Consensus starting up: Expiring failure detector timer to make a prompt election more likely
I1121 10:21:35.887220 11767 raft_consensus.cc:702] T 51d8830759cc4842af19cc0d22bb8d65 P cd693d36f0014dc3a7c3f26196124794 [term 0 FOLLOWER]: Becoming Follower/Learner. State: Replica: cd693d36f0014dc3a7c3f26196124794, State: Initialized, Role: FOLLOWER
I1121 10:21:35.887225 11765 raft_consensus.cc:337] T 7b34e50304ff46e59622de2e979ac7b8 P 5457a73f9ecb40ee9889513a8412937b [term 0 FOLLOWER]: Replica starting. Triggering 0 pending transactions. Active config: opid_index: -1 OBSOLETE_local: false peers { permanent_uuid: "af0d02c642ed4eab8d971d9f05d32044" member_type: VOTER last_known_addr { host: "127.5.70.2" port: 43797 } } peers { permanent_uuid: "ca8a596d4c4a4b438860e5e0420e3ad6" member_type: VOTER last_known_addr { host: "127.5.70.3" port: 40217 } } peers { permanent_uuid: "5457a73f9ecb40ee9889513a8412937b" member_type: VOTER last_known_addr { host: "127.5.70.4" port: 37207 } }
I1121 10:21:35.887238 11765 raft_consensus.cc:363] T 7b34e50304ff46e59622de2e979ac7b8 P 5457a73f9ecb40ee9889513a8412937b [term 0 FOLLOWER]: Consensus starting up: Expiring failure detector timer to make a prompt election more likely
I1121 10:21:35.887256 11765 raft_consensus.cc:702] T 7b34e50304ff46e59622de2e979ac7b8 P 5457a73f9ecb40ee9889513a8412937b [term 0 FOLLOWER]: Becoming Follower/Learner. State: Replica: 5457a73f9ecb40ee9889513a8412937b, State: Initialized, Role: FOLLOWER
I1121 10:21:35.887270 11059 data_dirs.cc:946] Could only allocate 1 dirs of requested 3 for tablet 51d8830759cc4842af19cc0d22bb8d65. 1 dirs total, 0 dirs full, 0 dirs failed
I1121 10:21:35.887291 11767 consensus_queue.cc:231] T 51d8830759cc4842af19cc0d22bb8d65 P cd693d36f0014dc3a7c3f26196124794 [NON_LEADER]: Queue going to NON_LEADER mode. State: All replicated index: 0, Majority replicated index: 0, Committed index: 0, Last appended: 0.0, Last appended by leader: 0, Current term: 0, Majority size: -1, State: 0, Mode: NON_LEADER, active raft config: opid_index: -1 OBSOLETE_local: false peers { permanent_uuid: "cd693d36f0014dc3a7c3f26196124794" member_type: VOTER last_known_addr { host: "127.5.70.1" port: 43035 } } peers { permanent_uuid: "ca8a596d4c4a4b438860e5e0420e3ad6" member_type: VOTER last_known_addr { host: "127.5.70.3" port: 40217 } } peers { permanent_uuid: "af0d02c642ed4eab8d971d9f05d32044" member_type: VOTER last_known_addr { host: "127.5.70.2" port: 43797 } }
I1121 10:21:35.887321 11765 consensus_queue.cc:231] T 7b34e50304ff46e59622de2e979ac7b8 P 5457a73f9ecb40ee9889513a8412937b [NON_LEADER]: Queue going to NON_LEADER mode. State: All replicated index: 0, Majority replicated index: 0, Committed index: 0, Last appended: 0.0, Last appended by leader: 0, Current term: 0, Majority size: -1, State: 0, Mode: NON_LEADER, active raft config: opid_index: -1 OBSOLETE_local: false peers { permanent_uuid: "af0d02c642ed4eab8d971d9f05d32044" member_type: VOTER last_known_addr { host: "127.5.70.2" port: 43797 } } peers { permanent_uuid: "ca8a596d4c4a4b438860e5e0420e3ad6" member_type: VOTER last_known_addr { host: "127.5.70.3" port: 40217 } } peers { permanent_uuid: "5457a73f9ecb40ee9889513a8412937b" member_type: VOTER last_known_addr { host: "127.5.70.4" port: 37207 } }
I1121 10:21:35.887364 11767 ts_tablet_manager.cc:1132] T 51d8830759cc4842af19cc0d22bb8d65 P cd693d36f0014dc3a7c3f26196124794: Time spent starting tablet: real 0.000s user 0.000s sys 0.000s
I1121 10:21:35.887384 11765 ts_tablet_manager.cc:1132] T 7b34e50304ff46e59622de2e979ac7b8 P 5457a73f9ecb40ee9889513a8412937b: Time spent starting tablet: real 0.000s user 0.000s sys 0.000s
