I0920 01:06:09.140305 233 fs_manager.cc:608] Generated new instance metadata in path /tmp/dist-test-taskEr7w4V/test-tmp/raft_consensus_quorum-test.0.RaftConsensusQuorumTest.TestConsensusStopsIfAMajorityFallsBehind.1568941567107070-233/peer-2-root/instance: uuid: "3f8dac7b0c654cc5bfca7d9e8c1b7211" format_stamp: "Formatted at 2019-09-20 01:06:09 on dist-test-slave-dist-test-slave-9x72"
I0920 01:06:09.147991 233 fs_manager.cc:509] Time spent creating directory manager: real 0.007s user 0.007s sys 0.000s
I0920 01:06:09.149211 233 file_cache.cc:465] Constructed file cache lbm with capacity 419430
I0920 01:06:09.155530 233 fs_report.cc:352] FS layout report -------------------- wal directory: metadata directory: 1 data directories: /tmp/dist-test-taskEr7w4V/test-tmp/raft_consensus_quorum-test.0.RaftConsensusQuorumTest.TestConsensusStopsIfAMajorityFallsBehind.1568941567107070-233/peer-2-root/data Total live blocks: 0 Total live bytes: 0 Total live bytes (after alignment): 0 Total number of LBM containers: 0 (0 full) Did not check for missing blocks Did not check for orphaned blocks Total full LBM containers with extra space: 0 (0 repaired) Total full LBM container extra space in bytes: 0 (0 repaired) Total incomplete LBM containers: 0 (0 repaired) Total LBM partial records: 0 (0 repaired)
I0920 01:06:09.155838 233 fs_manager.cc:425] Time spent opening block manager: real 0.001s user 0.001s sys 0.001s
I0920 01:06:09.156096 233 fs_manager.cc:442] Opened local filesystem: /tmp/dist-test-taskEr7w4V/test-tmp/raft_consensus_quorum-test.0.RaftConsensusQuorumTest.TestConsensusStopsIfAMajorityFallsBehind.1568941567107070-233/peer-2-root uuid: "3f8dac7b0c654cc5bfca7d9e8c1b7211" format_stamp: "Formatted at 2019-09-20 01:06:09 on dist-test-slave-dist-test-slave-9x72"
I0920 01:06:09.171237 233 raft_consensus.cc:340] T TestTablet P af647ac3afe249df80c6daba15c1c2f2 [term 0 FOLLOWER]: Replica starting. Triggering 0 pending transactions. Active config: opid_index: -1 peers { permanent_uuid: "af647ac3afe249df80c6daba15c1c2f2" member_type: VOTER last_known_addr { host: "peer-0.fake-domain-for-tests" port: 0 } } peers { permanent_uuid: "80c942e351ab4627a152d9339b91c49c" member_type: VOTER last_known_addr { host: "peer-1.fake-domain-for-tests" port: 0 } } peers { permanent_uuid: "3f8dac7b0c654cc5bfca7d9e8c1b7211" member_type: VOTER last_known_addr { host: "peer-2.fake-domain-for-tests" port: 0 } }
I0920 01:06:09.171883 233 raft_consensus.cc:705] T TestTablet P af647ac3afe249df80c6daba15c1c2f2 [term 0 FOLLOWER]: Becoming Follower/Learner. State: Replica: af647ac3afe249df80c6daba15c1c2f2, State: Initialized, Role: FOLLOWER
I0920 01:06:09.172258 233 consensus_queue.cc:229] T TestTablet P af647ac3afe249df80c6daba15c1c2f2 [NON_LEADER]: Queue going to NON_LEADER mode. State: All replicated index: 0, Majority replicated index: 0, Committed index: 0, Last appended: 0.0, Last appended by leader: 0, Current term: 0, Majority size: -1, State: 0, Mode: NON_LEADER, active raft config: opid_index: -1 peers { permanent_uuid: "af647ac3afe249df80c6daba15c1c2f2" member_type: VOTER last_known_addr { host: "peer-0.fake-domain-for-tests" port: 0 } } peers { permanent_uuid: "80c942e351ab4627a152d9339b91c49c" member_type: VOTER last_known_addr { host: "peer-1.fake-domain-for-tests" port: 0 } } peers { permanent_uuid: "3f8dac7b0c654cc5bfca7d9e8c1b7211" member_type: VOTER last_known_addr { host: "peer-2.fake-domain-for-tests" port: 0 } }
I0920 01:06:09.177443 233 raft_consensus.cc:340] T TestTablet P 80c942e351ab4627a152d9339b91c49c [term 0 FOLLOWER]: Replica starting. Triggering 0 pending transactions. Active config: opid_index: -1 peers { permanent_uuid: "af647ac3afe249df80c6daba15c1c2f2" member_type: VOTER last_known_addr { host: "peer-0.fake-domain-for-tests" port: 0 } } peers { permanent_uuid: "80c942e351ab4627a152d9339b91c49c" member_type: VOTER last_known_addr { host: "peer-1.fake-domain-for-tests" port: 0 } } peers { permanent_uuid: "3f8dac7b0c654cc5bfca7d9e8c1b7211" member_type: VOTER last_known_addr { host: "peer-2.fake-domain-for-tests" port: 0 } }
I0920 01:06:09.177914 233 raft_consensus.cc:705] T TestTablet P 80c942e351ab4627a152d9339b91c49c [term 0 FOLLOWER]: Becoming Follower/Learner. State: Replica: 80c942e351ab4627a152d9339b91c49c, State: Initialized, Role: FOLLOWER
I0920 01:06:09.178208 233 consensus_queue.cc:229] T TestTablet P 80c942e351ab4627a152d9339b91c49c [NON_LEADER]: Queue going to NON_LEADER mode. State: All replicated index: 0, Majority replicated index: 0, Committed index: 0, Last appended: 0.0, Last appended by leader: 0, Current term: 0, Majority size: -1, State: 0, Mode: NON_LEADER, active raft config: opid_index: -1 peers { permanent_uuid: "af647ac3afe249df80c6daba15c1c2f2" member_type: VOTER last_known_addr { host: "peer-0.fake-domain-for-tests" port: 0 } } peers { permanent_uuid: "80c942e351ab4627a152d9339b91c49c" member_type: VOTER last_known_addr { host: "peer-1.fake-domain-for-tests" port: 0 } } peers { permanent_uuid: "3f8dac7b0c654cc5bfca7d9e8c1b7211" member_type: VOTER last_known_addr { host: "peer-2.fake-domain-for-tests" port: 0 } }
I0920 01:06:09.182648 233 raft_consensus.cc:340] T TestTablet P 3f8dac7b0c654cc5bfca7d9e8c1b7211 [term 0 FOLLOWER]: Replica starting. Triggering 0 pending transactions. Active config: opid_index: -1 peers { permanent_uuid: "af647ac3afe249df80c6daba15c1c2f2" member_type: VOTER last_known_addr { host: "peer-0.fake-domain-for-tests" port: 0 } } peers { permanent_uuid: "80c942e351ab4627a152d9339b91c49c" member_type: VOTER last_known_addr { host: "peer-1.fake-domain-for-tests" port: 0 } } peers { permanent_uuid: "3f8dac7b0c654cc5bfca7d9e8c1b7211" member_type: VOTER last_known_addr { host: "peer-2.fake-domain-for-tests" port: 0 } }
I0920 01:06:09.183095 233 raft_consensus.cc:705] T TestTablet P 3f8dac7b0c654cc5bfca7d9e8c1b7211 [term 0 FOLLOWER]: Becoming Follower/Learner. State: Replica: 3f8dac7b0c654cc5bfca7d9e8c1b7211, State: Initialized, Role: FOLLOWER
I0920 01:06:09.183420 233 consensus_queue.cc:229] T TestTablet P 3f8dac7b0c654cc5bfca7d9e8c1b7211 [NON_LEADER]: Queue going to NON_LEADER mode. State: All replicated index: 0, Majority replicated index: 0, Committed index: 0, Last appended: 0.0, Last appended by leader: 0, Current term: 0, Majority size: -1, State: 0, Mode: NON_LEADER, active raft config: opid_index: -1 peers { permanent_uuid: "af647ac3afe249df80c6daba15c1c2f2" member_type: VOTER last_known_addr { host: "peer-0.fake-domain-for-tests" port: 0 } } peers { permanent_uuid: "80c942e351ab4627a152d9339b91c49c" member_type: VOTER last_known_addr { host: "peer-1.fake-domain-for-tests" port: 0 } } peers { permanent_uuid: "3f8dac7b0c654cc5bfca7d9e8c1b7211" member_type: VOTER last_known_addr { host: "peer-2.fake-domain-for-tests" port: 0 } }
I0920 01:06:09.183970 233 raft_consensus.cc:405] T TestTablet P 3f8dac7b0c654cc5bfca7d9e8c1b7211 [term 0 FOLLOWER]: Emulating election...
I0920 01:06:09.184110 233 raft_consensus.cc:2890] T TestTablet P 3f8dac7b0c654cc5bfca7d9e8c1b7211 [term 0 FOLLOWER]: Advancing to term 1
I0920 01:06:09.187317 233 raft_consensus.cc:667] T TestTablet P 3f8dac7b0c654cc5bfca7d9e8c1b7211 [term 1 LEADER]: Becoming Leader. State: Replica: 3f8dac7b0c654cc5bfca7d9e8c1b7211, State: Running, Role: LEADER
I0920 01:06:09.187676 233 consensus_queue.cc:206] T TestTablet P 3f8dac7b0c654cc5bfca7d9e8c1b7211 [LEADER]: Queue going to LEADER mode. State: All replicated index: 0, Majority replicated index: 0, Committed index: 0, Last appended: 0.0, Last appended by leader: 0, Current term: 1, Majority size: 2, State: 0, Mode: LEADER, active raft config: opid_index: -1 peers { permanent_uuid: "af647ac3afe249df80c6daba15c1c2f2" member_type: VOTER last_known_addr { host: "peer-0.fake-domain-for-tests" port: 0 } } peers { permanent_uuid: "80c942e351ab4627a152d9339b91c49c" member_type: VOTER last_known_addr { host: "peer-1.fake-domain-for-tests" port: 0 } } peers { permanent_uuid: "3f8dac7b0c654cc5bfca7d9e8c1b7211" member_type: VOTER last_known_addr { host: "peer-2.fake-domain-for-tests" port: 0 } }
I0920 01:06:09.692821 354 raft_consensus.cc:2890] T TestTablet P 80c942e351ab4627a152d9339b91c49c [term 0 FOLLOWER]: Advancing to term 1
I0920 01:06:09.692976 355 raft_consensus.cc:2890] T TestTablet P af647ac3afe249df80c6daba15c1c2f2 [term 0 FOLLOWER]: Advancing to term 1
I0920 01:06:09.697341 355 raft_consensus.cc:1184] T TestTablet P af647ac3afe249df80c6daba15c1c2f2 [term 1 FOLLOWER]: Refusing update from remote peer 3f8dac7b0c654cc5bfca7d9e8c1b7211: Log matching property violated. Preceding OpId in replica: term: 0 index: 0. Preceding OpId from leader: term: 1 index: 2. (index mismatch)
I0920 01:06:09.697355 354 raft_consensus.cc:1184] T TestTablet P 80c942e351ab4627a152d9339b91c49c [term 1 FOLLOWER]: Refusing update from remote peer 3f8dac7b0c654cc5bfca7d9e8c1b7211: Log matching property violated. Preceding OpId in replica: term: 0 index: 0. Preceding OpId from leader: term: 1 index: 2. (index mismatch)
I0920 01:06:09.699200 357 consensus_queue.cc:984] T TestTablet P 3f8dac7b0c654cc5bfca7d9e8c1b7211 [LEADER]: Connected to new peer: Peer: permanent_uuid: "af647ac3afe249df80c6daba15c1c2f2" member_type: VOTER last_known_addr { host: "peer-0.fake-domain-for-tests" port: 0 }, Status: LMP_MISMATCH, Last received: 0.0, Next index: 1, Last known committed idx: 0, Time since last communication: 0.000s
I0920 01:06:09.699981 358 consensus_queue.cc:984] T TestTablet P 3f8dac7b0c654cc5bfca7d9e8c1b7211 [LEADER]: Connected to new peer: Peer: permanent_uuid: "80c942e351ab4627a152d9339b91c49c" member_type: VOTER last_known_addr { host: "peer-1.fake-domain-for-tests" port: 0 }, Status: LMP_MISMATCH, Last received: 0.0, Next index: 1, Last known committed idx: 0, Time since last communication: 0.000s
I0920 01:06:09.706418 233 raft_consensus.cc:2147] T TestTablet P af647ac3afe249df80c6daba15c1c2f2 [term 1 FOLLOWER]: Raft consensus shutting down.
I0920 01:06:09.706645 233 raft_consensus.cc:2174] T TestTablet P af647ac3afe249df80c6daba15c1c2f2 [term 1 FOLLOWER]: Raft consensus is shut down!
I0920 01:06:09.706791 233 raft_consensus.cc:2147] T TestTablet P 3f8dac7b0c654cc5bfca7d9e8c1b7211 [term 1 LEADER]: Raft consensus shutting down.
I0920 01:06:09.707113 233 raft_consensus.cc:2174] T TestTablet P 3f8dac7b0c654cc5bfca7d9e8c1b7211 [term 1 FOLLOWER]: Raft consensus is shut down!
I0920 01:06:09.707267 233 raft_consensus.cc:2147] T TestTablet P 80c942e351ab4627a152d9339b91c49c [term 1 FOLLOWER]: Raft consensus shutting down.
I0920 01:06:09.707532 233 raft_consensus.cc:2174] T TestTablet P 80c942e351ab4627a152d9339b91c49c [term 1 FOLLOWER]: Raft consensus is shut down! [ OK ] RaftConsensusQuorumTest.TestConsensusStopsIfAMajorityFallsBehind (644 ms) [ RUN ] RaftConsensusQuorumTest.TestReplicasHandleCommunicationErrors
I0920 01:06:09.735635 233 fs_manager.cc:262] Metadata directory not provided
I0920 01:06:09.735810 233 fs_manager.cc:268] Using write-ahead log directory (fs_wal_dir) as metadata directory
I0920 01:06:09.736649 233 fs_manager.cc:608] Generated new instance metadata in path /tmp/dist-test-taskEr7w4V/test-tmp/raft_consensus_quorum-test.0.RaftConsensusQuorumTest.TestReplicasHandleCommunicationErrors.1568941567107070-233/peer-0-root/instance: uuid: "2485c0bc559f43ee9b8244b2a1125f0e" format_stamp: "Formatted at 2019-09-20 01:06:09 on dist-test-slave-dist-test-slave-9x72"
I0920 01:06:09.744496 233 fs_manager.cc:509] Time spent creating directory manager: real 0.007s user 0.005s sys 0.003s
I0920 01:06:09.745661 233 file_cache.cc:465] Constructed file cache lbm with capacity 419430
I0920 01:06:09.751515 233 fs_report.cc:352] FS layout report -------------------- wal directory: metadata directory: 1 data directories: /tmp/dist-test-taskEr7w4V/test-tmp/raft_consensus_quorum-test.0.RaftConsensusQuorumTest.TestReplicasHandleCommunicationErrors.1568941567107070-233/peer-0-root/data Total live blocks: 0 Total live bytes: 0 Total live bytes (after alignment): 0 Total number of LBM containers: 0 (0 full) Did not check for missing blocks Did not check for orphaned blocks Total full LBM containers with extra space: 0 (0 repaired) Total full LBM container extra space in bytes: 0 (0 repaired) Total incomplete LBM containers: 0 (0 repaired) Total LBM partial records: 0 (0 repaired)
I0920 01:06:09.751894 233 fs_manager.cc:425] Time spent opening block manager: real 0.002s user 0.000s sys 0.000s
I0920 01:06:09.752027 233 fs_manager.cc:442] Opened local filesystem: /tmp/dist-test-taskEr7w4V/test-tmp/raft_consensus_quorum-test.0.RaftConsensusQuorumTest.TestReplicasHandleCommunicationErrors.1568941567107070-233/peer-0-root uuid: "2485c0bc559f43ee9b8244b2a1125f0e" format_stamp: "Formatted at 2019-09-20 01:06:09 on dist-test-slave-dist-test-slave-9x72"
I0920 01:06:09.758939 233 fs_manager.cc:262] Metadata directory not provided
I0920 01:06:09.759104 233 fs_manager.cc:268] Using write-ahead log directory (fs_wal_dir) as metadata directory
I0920 01:06:09.760013 233 fs_manager.cc:608] Generated new instance metadata in path /tmp/dist-test-taskEr7w4V/test-tmp/raft_consensus_quorum-test.0.RaftConsensusQuorumTest.TestReplicasHandleCommunicationErrors.1568941567107070-233/peer-1-root/instance: uuid: "aad1d142980a42798f4dd051364cc06b" format_stamp: "Formatted at 2019-09-20 01:06:09 on dist-test-slave-dist-test-slave-9x72"
I0920 01:06:09.767343 233 fs_manager.cc:509] Time spent creating directory manager: real 0.007s user 0.007s sys 0.000s
I0920 01:06:09.768518 233 file_cache.cc:465] Constructed file cache lbm with capacity 419430
I0920 01:06:09.774351 233 fs_report.cc:352] FS layout report -------------------- wal directory: metadata directory: 1 data directories: /tmp/dist-test-taskEr7w4V/test-tmp/raft_consensus_quorum-test.0.RaftConsensusQuorumTest.TestReplicasHandleCommunicationErrors.1568941567107070-233/peer-1-root/data Total live blocks: 0 Total live bytes: 0 Total live bytes (after alignment): 0 Total number of LBM containers: 0 (0 full) Did not check for missing blocks Did not check for orphaned blocks Total full LBM containers with extra space: 0 (0 repaired) Total full LBM container extra space in bytes: 0 (0 repaired) Total incomplete LBM containers: 0 (0 repaired) Total LBM partial records: 0 (0 repaired)
I0920 01:06:09.774678 233 fs_manager.cc:425] Time spent opening block manager: real 0.002s user 0.001s sys 0.000s
I0920 01:06:09.774834 233 fs_manager.cc:442] Opened local filesystem: /tmp/dist-test-taskEr7w4V/test-tmp/raft_consensus_quorum-test.0.RaftConsensusQuorumTest.TestReplicasHandleCommunicationErrors.1568941567107070-233/peer-1-root uuid: "aad1d142980a42798f4dd051364cc06b" format_stamp: "Formatted at 2019-09-20 01:06:09 on dist-test-slave-dist-test-slave-9x72"
I0920 01:06:09.782311 233 fs_manager.cc:262] Metadata directory not provided
I0920 01:06:09.782471 233 fs_manager.cc:268] Using write-ahead log directory (fs_wal_dir) as metadata directory
I0920 01:06:09.783318 233 fs_manager.cc:608] Generated new instance metadata in path /tmp/dist-test-taskEr7w4V/test-tmp/raft_consensus_quorum-test.0.RaftConsensusQuorumTest.TestReplicasHandleCommunicationErrors.1568941567107070-233/peer-2-root/instance: uuid: "13355128a3c84c399b0a2f382a12e69f" format_stamp: "Formatted at 2019-09-20 01:06:09 on dist-test-slave-dist-test-slave-9x72"
I0920 01:06:09.790670 233 fs_manager.cc:509] Time spent creating directory manager: real 0.007s user 0.007s sys 0.000s
I0920 01:06:09.791810 233 file_cache.cc:465] Constructed file cache lbm with capacity 419430
I0920 01:06:09.797972 233 fs_report.cc:352] FS layout report -------------------- wal directory: metadata directory: 1 data directories: /tmp/dist-test-taskEr7w4V/test-tmp/raft_consensus_quorum-test.0.RaftConsensusQuorumTest.TestReplicasHandleCommunicationErrors.1568941567107070-233/peer-2-root/data Total live blocks: 0 Total live bytes: 0 Total live bytes (after alignment): 0 Total number of LBM containers: 0 (0 full) Did not check for missing blocks Did not check for orphaned blocks Total full LBM containers with extra space: 0 (0 repaired) Total full LBM container extra space in bytes: 0 (0 repaired) Total incomplete LBM containers: 0 (0 repaired) Total LBM partial records: 0 (0 repaired)
I0920 01:06:09.798288 233 fs_manager.cc:425] Time spent opening block manager: real 0.002s user 0.000s sys 0.000s
I0920 01:06:09.798434 233 fs_manager.cc:442] Opened local filesystem: /tmp/dist-test-taskEr7w4V/test-tmp/raft_consensus_quorum-test.0.RaftConsensusQuorumTest.TestReplicasHandleCommunicationErrors.1568941567107070-233/peer-2-root uuid: "13355128a3c84c399b0a2f382a12e69f" format_stamp: "Formatted at 2019-09-20 01:06:09 on dist-test-slave-dist-test-slave-9x72"
I0920 01:06:09.813963 233 raft_consensus.cc:340] T TestTablet P 2485c0bc559f43ee9b8244b2a1125f0e [term 0 FOLLOWER]: Replica starting. Triggering 0 pending transactions. Active config: opid_index: -1 peers { permanent_uuid: "2485c0bc559f43ee9b8244b2a1125f0e" member_type: VOTER last_known_addr { host: "peer-0.fake-domain-for-tests" port: 0 } } peers { permanent_uuid: "aad1d142980a42798f4dd051364cc06b" member_type: VOTER last_known_addr { host: "peer-1.fake-domain-for-tests" port: 0 } } peers { permanent_uuid: "13355128a3c84c399b0a2f382a12e69f" member_type: VOTER last_known_addr { host: "peer-2.fake-domain-for-tests" port: 0 } }
I0920 01:06:09.814414 233 raft_consensus.cc:705] T TestTablet P 2485c0bc559f43ee9b8244b2a1125f0e [term 0 FOLLOWER]: Becoming Follower/Learner. State: Replica: 2485c0bc559f43ee9b8244b2a1125f0e, State: Initialized, Role: FOLLOWER
I0920 01:06:09.814715 233 consensus_queue.cc:229] T TestTablet P 2485c0bc559f43ee9b8244b2a1125f0e [NON_LEADER]: Queue going to NON_LEADER mode. State: All replicated index: 0, Majority replicated index: 0, Committed index: 0, Last appended: 0.0, Last appended by leader: 0, Current term: 0, Majority size: -1, State: 0, Mode: NON_LEADER, active raft config: opid_index: -1 peers { permanent_uuid: "2485c0bc559f43ee9b8244b2a1125f0e" member_type: VOTER last_known_addr { host: "peer-0.fake-domain-for-tests" port: 0 } } peers { permanent_uuid: "aad1d142980a42798f4dd051364cc06b" member_type: VOTER last_known_addr { host: "peer-1.fake-domain-for-tests" port: 0 } } peers { permanent_uuid: "13355128a3c84c399b0a2f382a12e69f" member_type: VOTER last_known_addr { host: "peer-2.fake-domain-for-tests" port: 0 } }
I0920 01:06:09.819923 233 raft_consensus.cc:340] T TestTablet P aad1d142980a42798f4dd051364cc06b [term 0 FOLLOWER]: Replica starting. Triggering 0 pending transactions. Active config: opid_index: -1 peers { permanent_uuid: "2485c0bc559f43ee9b8244b2a1125f0e" member_type: VOTER last_known_addr { host: "peer-0.fake-domain-for-tests" port: 0 } } peers { permanent_uuid: "aad1d142980a42798f4dd051364cc06b" member_type: VOTER last_known_addr { host: "peer-1.fake-domain-for-tests" port: 0 } } peers { permanent_uuid: "13355128a3c84c399b0a2f382a12e69f" member_type: VOTER last_known_addr { host: "peer-2.fake-domain-for-tests" port: 0 } }
I0920 01:06:09.820358 233 raft_consensus.cc:705] T TestTablet P aad1d142980a42798f4dd051364cc06b [term 0 FOLLOWER]: Becoming Follower/Learner. State: Replica: aad1d142980a42798f4dd051364cc06b, State: Initialized, Role: FOLLOWER
I0920 01:06:09.820657 233 consensus_queue.cc:229] T TestTablet P aad1d142980a42798f4dd051364cc06b [NON_LEADER]: Queue going to NON_LEADER mode. State: All replicated index: 0, Majority replicated index: 0, Committed index: 0, Last appended: 0.0, Last appended by leader: 0, Current term: 0, Majority size: -1, State: 0, Mode: NON_LEADER, active raft config: opid_index: -1 peers { permanent_uuid: "2485c0bc559f43ee9b8244b2a1125f0e" member_type: VOTER last_known_addr { host: "peer-0.fake-domain-for-tests" port: 0 } } peers { permanent_uuid: "aad1d142980a42798f4dd051364cc06b" member_type: VOTER last_known_addr { host: "peer-1.fake-domain-for-tests" port: 0 } } peers { permanent_uuid: "13355128a3c84c399b0a2f382a12e69f" member_type: VOTER last_known_addr { host: "peer-2.fake-domain-for-tests" port: 0 } }
I0920 01:06:09.825158 233 raft_consensus.cc:340] T TestTablet P 13355128a3c84c399b0a2f382a12e69f [term 0 FOLLOWER]: Replica starting. Triggering 0 pending transactions. Active config: opid_index: -1 peers { permanent_uuid: "2485c0bc559f43ee9b8244b2a1125f0e" member_type: VOTER last_known_addr { host: "peer-0.fake-domain-for-tests" port: 0 } } peers { permanent_uuid: "aad1d142980a42798f4dd051364cc06b" member_type: VOTER last_known_addr { host: "peer-1.fake-domain-for-tests" port: 0 } } peers { permanent_uuid: "13355128a3c84c399b0a2f382a12e69f" member_type: VOTER last_known_addr { host: "peer-2.fake-domain-for-tests" port: 0 } }
I0920 01:06:09.825578 233 raft_consensus.cc:705] T TestTablet P 13355128a3c84c399b0a2f382a12e69f [term 0 FOLLOWER]: Becoming Follower/Learner. State: Replica: 13355128a3c84c399b0a2f382a12e69f, State: Initialized, Role: FOLLOWER
I0920 01:06:09.825888 233 consensus_queue.cc:229] T TestTablet P 13355128a3c84c399b0a2f382a12e69f [NON_LEADER]: Queue going to NON_LEADER mode. State: All replicated index: 0, Majority replicated index: 0, Committed index: 0, Last appended: 0.0, Last appended by leader: 0, Current term: 0, Majority size: -1, State: 0, Mode: NON_LEADER, active raft config: opid_index: -1 peers { permanent_uuid: "2485c0bc559f43ee9b8244b2a1125f0e" member_type: VOTER last_known_addr { host: "peer-0.fake-domain-for-tests" port: 0 } } peers { permanent_uuid: "aad1d142980a42798f4dd051364cc06b" member_type: VOTER last_known_addr { host: "peer-1.fake-domain-for-tests" port: 0 } } peers { permanent_uuid: "13355128a3c84c399b0a2f382a12e69f" member_type: VOTER last_known_addr { host: "peer-2.fake-domain-for-tests" port: 0 } }
I0920 01:06:09.826433 233 raft_consensus.cc:405] T TestTablet P 13355128a3c84c399b0a2f382a12e69f [term 0 FOLLOWER]: Emulating election...
I0920 01:06:09.826570 233 raft_consensus.cc:2890] T TestTablet P 13355128a3c84c399b0a2f382a12e69f [term 0 FOLLOWER]: Advancing to term 1
I0920 01:06:09.829880 233 raft_consensus.cc:667] T TestTablet P 13355128a3c84c399b0a2f382a12e69f [term 1 LEADER]: Becoming Leader. State: Replica: 13355128a3c84c399b0a2f382a12e69f, State: Running, Role: LEADER
I0920 01:06:09.830226 233 consensus_queue.cc:206] T TestTablet P 13355128a3c84c399b0a2f382a12e69f [LEADER]: Queue going to LEADER mode. State: All replicated index: 0, Majority replicated index: 0, Committed index: 0, Last appended: 0.0, Last appended by leader: 0, Current term: 1, Majority size: 2, State: 0, Mode: LEADER, active raft config: opid_index: -1 peers { permanent_uuid: "2485c0bc559f43ee9b8244b2a1125f0e" member_type: VOTER last_known_addr { host: "peer-0.fake-domain-for-tests" port: 0 } } peers { permanent_uuid: "aad1d142980a42798f4dd051364cc06b" member_type: VOTER last_known_addr { host: "peer-1.fake-domain-for-tests" port: 0 } } peers { permanent_uuid: "13355128a3c84c399b0a2f382a12e69f" member_type: VOTER last_known_addr { host: "peer-2.fake-domain-for-tests" port: 0 } }
I0920 01:06:09.835116 387 raft_consensus.cc:2890] T TestTablet P aad1d142980a42798f4dd051364cc06b [term 0 FOLLOWER]: Advancing to term 1
I0920 01:06:09.836027 388 raft_consensus.cc:2890] T TestTablet P 2485c0bc559f43ee9b8244b2a1125f0e [term 0 FOLLOWER]: Advancing to term 1
I0920 01:06:09.839419 387 raft_consensus.cc:1184] T TestTablet P aad1d142980a42798f4dd051364cc06b [term 1 FOLLOWER]: Refusing update from remote peer 13355128a3c84c399b0a2f382a12e69f: Log matching property violated. Preceding OpId in replica: term: 0 index: 0. Preceding OpId from leader: term: 1 index: 2. (index mismatch)
I0920 01:06:09.839926 388 raft_consensus.cc:1184] T TestTablet P 2485c0bc559f43ee9b8244b2a1125f0e [term 1 FOLLOWER]: Refusing update from remote peer 13355128a3c84c399b0a2f382a12e69f: Log matching property violated. Preceding OpId in replica: term: 0 index: 0. Preceding OpId from leader: term: 1 index: 2. (index mismatch)
W0920 01:06:09.840638 388 consensus_peers.cc:458] T TestTablet P 13355128a3c84c399b0a2f382a12e69f -> Peer aad1d142980a42798f4dd051364cc06b (peer-1.fake-domain-for-tests:0): Couldn't send request to peer aad1d142980a42798f4dd051364cc06b. Error code: UNKNOWN_ERROR (1). Status: IO error: Artificial error caused by communication failure injection.. This is attempt 1: this message will repeat every 5th retry.
W0920 01:06:09.840867 387 consensus_peers.cc:458] T TestTablet P 13355128a3c84c399b0a2f382a12e69f -> Peer 2485c0bc559f43ee9b8244b2a1125f0e (peer-0.fake-domain-for-tests:0): Couldn't send request to peer 2485c0bc559f43ee9b8244b2a1125f0e. Error code: UNKNOWN_ERROR (1). Status: IO error: Artificial error caused by communication failure injection.. This is attempt 1: this message will repeat every 5th retry.
W0920 01:06:10.243510 387 consensus_peers.cc:458] T TestTablet P 13355128a3c84c399b0a2f382a12e69f -> Peer 2485c0bc559f43ee9b8244b2a1125f0e (peer-0.fake-domain-for-tests:0): Couldn't send request to peer 2485c0bc559f43ee9b8244b2a1125f0e. Error code: UNKNOWN_ERROR (1). Status: IO error: Artificial error caused by communication failure injection.. This is attempt 1: this message will repeat every 5th retry.
I0920 01:06:10.827374 393 raft_consensus.cc:1126] T TestTablet P aad1d142980a42798f4dd051364cc06b [term 1 FOLLOWER]: Deduplicated request from leader. Original: 0.0->[1.1-1.3] Dedup: 1.2->[1.3-1.3]
W0920 01:06:10.831831 393 consensus_peers.cc:458] T TestTablet P 13355128a3c84c399b0a2f382a12e69f -> Peer aad1d142980a42798f4dd051364cc06b (peer-1.fake-domain-for-tests:0): Couldn't send request to peer aad1d142980a42798f4dd051364cc06b. Error code: UNKNOWN_ERROR (1). Status: IO error: Artificial error caused by communication failure injection.. This is attempt 1: this message will repeat every 5th retry.
W0920 01:06:11.407310 400 consensus_peers.cc:458] T TestTablet P 13355128a3c84c399b0a2f382a12e69f -> Peer aad1d142980a42798f4dd051364cc06b (peer-1.fake-domain-for-tests:0): Couldn't send request to peer aad1d142980a42798f4dd051364cc06b. Error code: UNKNOWN_ERROR (1). Status: IO error: Artificial error caused by communication failure injection.. This is attempt 1: this message will repeat every 5th retry.
I0920 01:06:11.418543 400 raft_consensus.cc:1126] T TestTablet P 2485c0bc559f43ee9b8244b2a1125f0e [term 1 FOLLOWER]: Deduplicated request from leader. Original: 1.2->[1.3-1.6] Dedup: 1.3->[1.4-1.6]
I0920 01:06:11.973773 403 raft_consensus.cc:1126] T TestTablet P aad1d142980a42798f4dd051364cc06b [term 1 FOLLOWER]: Deduplicated request from leader. Original: 1.5->[1.6-1.6] Dedup: 1.6->[]
W0920 01:06:11.980235 403 consensus_peers.cc:458] T TestTablet P 13355128a3c84c399b0a2f382a12e69f -> Peer aad1d142980a42798f4dd051364cc06b (peer-1.fake-domain-for-tests:0): Couldn't send request to peer aad1d142980a42798f4dd051364cc06b. Error code: UNKNOWN_ERROR (1). Status: IO error: Artificial error caused by communication failure injection.. This is attempt 1: this message will repeat every 5th retry.
I0920 01:06:11.992170 403 raft_consensus.cc:1126] T TestTablet P 2485c0bc559f43ee9b8244b2a1125f0e [term 1 FOLLOWER]: Deduplicated request from leader. Original: 1.2->[1.3-1.8] Dedup: 1.6->[1.7-1.8]
I0920 01:06:12.461248 403 raft_consensus.cc:1126] T TestTablet P 2485c0bc559f43ee9b8244b2a1125f0e [term 1 FOLLOWER]: Deduplicated request from leader. Original: 1.2->[1.3-1.8] Dedup: 1.8->[]
W0920 01:06:12.464591 403 consensus_peers.cc:458] T TestTablet P 13355128a3c84c399b0a2f382a12e69f -> Peer 2485c0bc559f43ee9b8244b2a1125f0e (peer-0.fake-domain-for-tests:0): Couldn't send request to peer 2485c0bc559f43ee9b8244b2a1125f0e. Error code: UNKNOWN_ERROR (1). Status: IO error: Artificial error caused by communication failure injection.. This is attempt 1: this message will repeat every 5th retry.
I0920 01:06:12.572137 403 raft_consensus.cc:1126] T TestTablet P aad1d142980a42798f4dd051364cc06b [term 1 FOLLOWER]: Deduplicated request from leader. Original: 1.7->[1.8-1.9] Dedup: 1.8->[1.9-1.9]
W0920 01:06:12.575947 403 consensus_peers.cc:458] T TestTablet P 13355128a3c84c399b0a2f382a12e69f -> Peer aad1d142980a42798f4dd051364cc06b (peer-1.fake-domain-for-tests:0): Couldn't send request to peer aad1d142980a42798f4dd051364cc06b. Error code: UNKNOWN_ERROR (1). Status: IO error: Artificial error caused by communication failure injection.. This is attempt 1: this message will repeat every 5th retry.
I0920 01:06:12.984278 403 raft_consensus.cc:1126] T TestTablet P 2485c0bc559f43ee9b8244b2a1125f0e [term 1 FOLLOWER]: Deduplicated request from leader. Original: 1.8->[1.9-1.10] Dedup: 1.9->[1.10-1.10]
W0920 01:06:12.988364 405 consensus_peers.cc:458] T TestTablet P 13355128a3c84c399b0a2f382a12e69f -> Peer 2485c0bc559f43ee9b8244b2a1125f0e (peer-0.fake-domain-for-tests:0): Couldn't send request to peer 2485c0bc559f43ee9b8244b2a1125f0e. Error code: UNKNOWN_ERROR (1). Status: IO error: Artificial error caused by communication failure injection.. This is attempt 1: this message will repeat every 5th retry.
I0920 01:06:13.091702 405 raft_consensus.cc:1126] T TestTablet P aad1d142980a42798f4dd051364cc06b [term 1 FOLLOWER]: Deduplicated request from leader. Original: 1.9->[1.10-1.11] Dedup: 1.10->[1.11-1.11]
W0920 01:06:13.095599 405 consensus_peers.cc:458] T TestTablet P 13355128a3c84c399b0a2f382a12e69f -> Peer aad1d142980a42798f4dd051364cc06b (peer-1.fake-domain-for-tests:0): Couldn't send request to peer aad1d142980a42798f4dd051364cc06b. Error code: UNKNOWN_ERROR (1). Status: IO error: Artificial error caused by communication failure injection.. This is attempt 1: this message will repeat every 5th retry.
I0920 01:06:13.562988 405 raft_consensus.cc:1126] T TestTablet P aad1d142980a42798f4dd051364cc06b [term 1 FOLLOWER]: Deduplicated request from leader. Original: 1.11->[1.12-1.12] Dedup: 1.12->[]
W0920 01:06:13.569319 403 consensus_peers.cc:458] T TestTablet P 13355128a3c84c399b0a2f382a12e69f -> Peer aad1d142980a42798f4dd051364cc06b (peer-1.fake-domain-for-tests:0): Couldn't send request to peer aad1d142980a42798f4dd051364cc06b. Error code: UNKNOWN_ERROR (1). Status: IO error: Artificial error caused by communication failure injection.. This is attempt 1: this message will repeat every 5th retry.
I0920 01:06:13.591136 403 raft_consensus.cc:1126] T TestTablet P 2485c0bc559f43ee9b8244b2a1125f0e [term 1 FOLLOWER]: Deduplicated request from leader. Original: 1.10->[1.11-1.14] Dedup: 1.11->[1.12-1.14]
I0920 01:06:13.973109 405 raft_consensus.cc:1126] T TestTablet P aad1d142980a42798f4dd051364cc06b [term 1 FOLLOWER]: Deduplicated request from leader. Original: 1.13->[1.14-1.14] Dedup: 1.14->[]
W0920 01:06:13.979071 405 consensus_peers.cc:458] T TestTablet P 13355128a3c84c399b0a2f382a12e69f -> Peer aad1d142980a42798f4dd051364cc06b (peer-1.fake-domain-for-tests:0): Couldn't send request to peer aad1d142980a42798f4dd051364cc06b. Error code: UNKNOWN_ERROR (1). Status: IO error: Artificial error caused by communication failure injection.. This is attempt 1: this message will repeat every 5th retry.
I0920 01:06:14.213655 405 raft_consensus.cc:1126] T TestTablet P 2485c0bc559f43ee9b8244b2a1125f0e [term 1 FOLLOWER]: Deduplicated request from leader. Original: 1.10->[1.11-1.16] Dedup: 1.14->[1.15-1.16]
I0920 01:06:14.578141 403 raft_consensus.cc:1126] T TestTablet P aad1d142980a42798f4dd051364cc06b [term 1 FOLLOWER]: Deduplicated request from leader. Original: 1.15->[1.16-1.16] Dedup: 1.16->[]
W0920 01:06:14.584153 403 consensus_peers.cc:458] T TestTablet P 13355128a3c84c399b0a2f382a12e69f -> Peer aad1d142980a42798f4dd051364cc06b (peer-1.fake-domain-for-tests:0): Couldn't send request to peer aad1d142980a42798f4dd051364cc06b. Error code: UNKNOWN_ERROR (1). Status: IO error: Artificial error caused by communication failure injection.. This is attempt 1: this message will repeat every 5th retry.
I0920 01:06:14.735862 403 raft_consensus.cc:1126] T TestTablet P 2485c0bc559f43ee9b8244b2a1125f0e [term 1 FOLLOWER]: Deduplicated request from leader. Original: 1.10->[1.11-1.18] Dedup: 1.16->[1.17-1.18]
I0920 01:06:15.118465 405 raft_consensus.cc:1126] T TestTablet P 2485c0bc559f43ee9b8244b2a1125f0e [term 1 FOLLOWER]: Deduplicated request from leader. Original: 1.10->[1.11-1.18] Dedup: 1.18->[]
W0920 01:06:15.121373 405 consensus_peers.cc:458] T TestTablet P 13355128a3c84c399b0a2f382a12e69f -> Peer 2485c0bc559f43ee9b8244b2a1125f0e (peer-0.fake-domain-for-tests:0): Couldn't send request to peer 2485c0bc559f43ee9b8244b2a1125f0e. Error code: UNKNOWN_ERROR (1). Status: IO error: Artificial error caused by communication failure injection.. This is attempt 1: this message will repeat every 5th retry.
I0920 01:06:15.199206 405 raft_consensus.cc:1126] T TestTablet P aad1d142980a42798f4dd051364cc06b [term 1 FOLLOWER]: Deduplicated request from leader. Original: 1.17->[1.18-1.19] Dedup: 1.18->[1.19-1.19]
W0920 01:06:15.202435 405 consensus_peers.cc:458] T TestTablet P 13355128a3c84c399b0a2f382a12e69f -> Peer aad1d142980a42798f4dd051364cc06b (peer-1.fake-domain-for-tests:0): Couldn't send request to peer aad1d142980a42798f4dd051364cc06b. Error code: UNKNOWN_ERROR (1). Status: IO error: Artificial error caused by communication failure injection.. This is attempt 1: this message will repeat every 5th retry.
W0920 01:06:15.672135 403 consensus_peers.cc:458] T TestTablet P 13355128a3c84c399b0a2f382a12e69f -> Peer 2485c0bc559f43ee9b8244b2a1125f0e (peer-0.fake-domain-for-tests:0): Couldn't send request to peer 2485c0bc559f43ee9b8244b2a1125f0e. Error code: UNKNOWN_ERROR (1). Status: IO error: Artificial error caused by communication failure injection.. This is attempt 1: this message will repeat every 5th retry.
W0920 01:06:15.706476 405 consensus_peers.cc:458] T TestTablet P 13355128a3c84c399b0a2f382a12e69f -> Peer aad1d142980a42798f4dd051364cc06b (peer-1.fake-domain-for-tests:0): Couldn't send request to peer aad1d142980a42798f4dd051364cc06b. Error code: UNKNOWN_ERROR (1). Status: IO error: Artificial error caused by communication failure injection.. This is attempt 1: this message will repeat every 5th retry.
I0920 01:06:16.120081 405 raft_consensus.cc:1126] T TestTablet P 2485c0bc559f43ee9b8244b2a1125f0e [term 1 FOLLOWER]: Deduplicated request from leader. Original: 1.20->[1.21-1.22] Dedup: 1.21->[1.22-1.22]
W0920 01:06:16.124248 405 consensus_peers.cc:458] T TestTablet P 13355128a3c84c399b0a2f382a12e69f -> Peer 2485c0bc559f43ee9b8244b2a1125f0e (peer-0.fake-domain-for-tests:0): Couldn't send request to peer 2485c0bc559f43ee9b8244b2a1125f0e. Error code: UNKNOWN_ERROR (1). Status: IO error: Artificial error caused by communication failure injection.. This is attempt 1: this message will repeat every 5th retry.
I0920 01:06:16.295159 405 raft_consensus.cc:1126] T TestTablet P aad1d142980a42798f4dd051364cc06b [term 1 FOLLOWER]: Deduplicated request from leader. Original: 1.21->[1.22-1.23] Dedup: 1.22->[1.23-1.23]
W0920 01:06:16.299361 405 consensus_peers.cc:458] T TestTablet P 13355128a3c84c399b0a2f382a12e69f -> Peer aad1d142980a42798f4dd051364cc06b (peer-1.fake-domain-for-tests:0): Couldn't send request to peer aad1d142980a42798f4dd051364cc06b. Error code: UNKNOWN_ERROR (1). Status: IO error: Artificial error caused by communication failure injection.. This is attempt 1: this message will repeat every 5th retry.
I0920 01:06:16.721074 405 raft_consensus.cc:1126] T TestTablet P aad1d142980a42798f4dd051364cc06b [term 1 FOLLOWER]: Deduplicated request from leader. Original: 1.23->[1.24-1.24] Dedup: 1.24->[]
W0920 01:06:16.726850 403 consensus_peers.cc:458] T TestTablet P 13355128a3c84c399b0a2f382a12e69f -> Peer aad1d142980a42798f4dd051364cc06b (peer-1.fake-domain-for-tests:0): Couldn't send request to peer aad1d142980a42798f4dd051364cc06b. Error code: UNKNOWN_ERROR (1). Status: IO error: Artificial error caused by communication failure injection.. This is attempt 1: this message will repeat every 5th retry.
I0920 01:06:16.732477 403 raft_consensus.cc:1126] T TestTablet P 2485c0bc559f43ee9b8244b2a1125f0e [term 1 FOLLOWER]: Deduplicated request from leader. Original: 1.22->[1.23-1.26] Dedup: 1.23->[1.24-1.26]
W0920 01:06:17.110142 403 consensus_peers.cc:458] T TestTablet P 13355128a3c84c399b0a2f382a12e69f -> Peer aad1d142980a42798f4dd051364cc06b (peer-1.fake-domain-for-tests:0): Couldn't send request to peer aad1d142980a42798f4dd051364cc06b. Error code: UNKNOWN_ERROR (1). Status: IO error: Artificial error caused by communication failure injection.. This is attempt 1: this message will repeat every 5th retry.
I0920 01:06:17.130152 403 raft_consensus.cc:1126] T TestTablet P 2485c0bc559f43ee9b8244b2a1125f0e [term 1 FOLLOWER]: Deduplicated request from leader. Original: 1.22->[1.23-1.28] Dedup: 1.26->[1.27-1.28]
I0920 01:06:17.557862 405 raft_consensus.cc:1126] T TestTablet P aad1d142980a42798f4dd051364cc06b [term 1 FOLLOWER]: Deduplicated request from leader. Original: 1.27->[1.28-1.28] Dedup: 1.28->[]
W0920 01:06:17.565510 403 consensus_peers.cc:458] T TestTablet P 13355128a3c84c399b0a2f382a12e69f -> Peer aad1d142980a42798f4dd051364cc06b (peer-1.fake-domain-for-tests:0): Couldn't send request to peer aad1d142980a42798f4dd051364cc06b. Error code: UNKNOWN_ERROR (1). Status: IO error: Artificial error caused by communication failure injection.. This is attempt 1: this message will repeat every 5th retry.
I0920 01:06:17.637506 403 raft_consensus.cc:1126] T TestTablet P 2485c0bc559f43ee9b8244b2a1125f0e [term 1 FOLLOWER]: Deduplicated request from leader. Original: 1.22->[1.23-1.30] Dedup: 1.28->[1.29-1.30]
I0920 01:06:17.977051 405 raft_consensus.cc:1126] T TestTablet P aad1d142980a42798f4dd051364cc06b [term 1 FOLLOWER]: Deduplicated request from leader. Original: 1.29->[1.30-1.30] Dedup: 1.30->[]
W0920 01:06:17.982496 405 consensus_peers.cc:458] T TestTablet P 13355128a3c84c399b0a2f382a12e69f -> Peer aad1d142980a42798f4dd051364cc06b (peer-1.fake-domain-for-tests:0): Couldn't send request to peer aad1d142980a42798f4dd051364cc06b. Error code: UNKNOWN_ERROR (1). Status: IO error: Artificial error caused by communication failure injection.. This is attempt 1: this message will repeat every 5th retry.
I0920 01:06:18.159834 405 raft_consensus.cc:1126] T TestTablet P 2485c0bc559f43ee9b8244b2a1125f0e [term 1 FOLLOWER]: Deduplicated request from leader. Original: 1.22->[1.23-1.32] Dedup: 1.30->[1.31-1.32]
I0920 01:06:18.562125 403 raft_consensus.cc:1126] T TestTablet P aad1d142980a42798f4dd051364cc06b [term 1 FOLLOWER]: Deduplicated request from leader. Original: 1.31->[1.32-1.32] Dedup: 1.32->[]
W0920 01:06:18.567728 403 consensus_peers.cc:458] T TestTablet P 13355128a3c84c399b0a2f382a12e69f -> Peer aad1d142980a42798f4dd051364cc06b (peer-1.fake-domain-for-tests:0): Couldn't send request to peer aad1d142980a42798f4dd051364cc06b. Error code: UNKNOWN_ERROR (1). Status: IO error: Artificial error caused by communication failure injection.. This is attempt 1: this message will repeat every 5th retry.
I0920 01:06:18.739205 403 raft_consensus.cc:1126] T TestTablet P 2485c0bc559f43ee9b8244b2a1125f0e [term 1 FOLLOWER]: Deduplicated request from leader. Original: 1.22->[1.23-1.34] Dedup: 1.32->[1.33-1.34]
W0920 01:06:18.740839 405 consensus_peers.cc:458] T TestTablet P 13355128a3c84c399b0a2f382a12e69f -> Peer 2485c0bc559f43ee9b8244b2a1125f0e (peer-0.fake-domain-for-tests:0): Couldn't send request to peer 2485c0bc559f43ee9b8244b2a1125f0e. Error code: UNKNOWN_ERROR (1). Status: IO error: Artificial error caused by communication failure injection.. This is attempt 6: this message will repeat every 5th retry.
I0920 01:06:19.161079 405 raft_consensus.cc:1126] T TestTablet P 2485c0bc559f43ee9b8244b2a1125f0e [term 1 FOLLOWER]: Deduplicated request from leader. Original: 1.22->[1.23-1.34] Dedup: 1.34->[]
I0920 01:06:19.164418 403 raft_consensus.cc:1126] T TestTablet P aad1d142980a42798f4dd051364cc06b [term 1 FOLLOWER]: Deduplicated request from leader. Original: 1.33->[1.34-1.34] Dedup: 1.34->[]
W0920 01:06:19.168448 405 consensus_peers.cc:458] T TestTablet P 13355128a3c84c399b0a2f382a12e69f -> Peer 2485c0bc559f43ee9b8244b2a1125f0e (peer-0.fake-domain-for-tests:0): Couldn't send request to peer 2485c0bc559f43ee9b8244b2a1125f0e. Error code: UNKNOWN_ERROR (1). Status: IO error: Artificial error caused by communication failure injection.. This is attempt 1: this message will repeat every 5th retry.
W0920 01:06:19.170900 403 consensus_peers.cc:458] T TestTablet P 13355128a3c84c399b0a2f382a12e69f -> Peer aad1d142980a42798f4dd051364cc06b (peer-1.fake-domain-for-tests:0): Couldn't send request to peer aad1d142980a42798f4dd051364cc06b. Error code: UNKNOWN_ERROR (1). Status: IO error: Artificial error caused by communication failure injection.. This is attempt 1: this message will repeat every 5th retry.
I0920 01:06:19.581285 403 raft_consensus.cc:1126] T TestTablet P 2485c0bc559f43ee9b8244b2a1125f0e [term 1 FOLLOWER]: Deduplicated request from leader. Original: 1.34->[1.35-1.36] Dedup: 1.35->[1.36-1.36]
W0920 01:06:19.585168 405 consensus_peers.cc:458] T TestTablet P 13355128a3c84c399b0a2f382a12e69f -> Peer 2485c0bc559f43ee9b8244b2a1125f0e (peer-0.fake-domain-for-tests:0): Couldn't send request to peer 2485c0bc559f43ee9b8244b2a1125f0e. Error code: UNKNOWN_ERROR (1). Status: IO error: Artificial error caused by communication failure injection.. This is attempt 1: this message will repeat every 5th retry.
I0920 01:06:19.729812 405 raft_consensus.cc:1126] T TestTablet P aad1d142980a42798f4dd051364cc06b [term 1 FOLLOWER]: Deduplicated request from leader. Original: 1.35->[1.36-1.37] Dedup: 1.36->[1.37-1.37]
W0920 01:06:19.733619 405 consensus_peers.cc:458] T TestTablet P 13355128a3c84c399b0a2f382a12e69f -> Peer aad1d142980a42798f4dd051364cc06b (peer-1.fake-domain-for-tests:0): Couldn't send request to peer aad1d142980a42798f4dd051364cc06b. Error code: UNKNOWN_ERROR (1). Status: IO error: Artificial error caused by communication failure injection.. This is attempt 1: this message will repeat every 5th retry.
I0920 01:06:20.041451 405 raft_consensus.cc:1126] T TestTablet P 2485c0bc559f43ee9b8244b2a1125f0e [term 1 FOLLOWER]: Deduplicated request from leader. Original: 1.36->[1.37-1.38] Dedup: 1.37->[1.38-1.38]
W0920 01:06:20.045542 403 consensus_peers.cc:458] T TestTablet P 13355128a3c84c399b0a2f382a12e69f -> Peer 2485c0bc559f43ee9b8244b2a1125f0e (peer-0.fake-domain-for-tests:0): Couldn't send request to peer 2485c0bc559f43ee9b8244b2a1125f0e. Error code: UNKNOWN_ERROR (1). Status: IO error: Artificial error caused by communication failure injection.. This is attempt 1: this message will repeat every 5th retry.
I0920 01:06:20.293141 403 raft_consensus.cc:1126] T TestTablet P aad1d142980a42798f4dd051364cc06b [term 1 FOLLOWER]: Deduplicated request from leader. Original: 1.37->[1.38-1.39] Dedup: 1.38->[1.39-1.39]
W0920 01:06:20.297268 405 consensus_peers.cc:458] T TestTablet P 13355128a3c84c399b0a2f382a12e69f -> Peer aad1d142980a42798f4dd051364cc06b (peer-1.fake-domain-for-tests:0): Couldn't send request to peer aad1d142980a42798f4dd051364cc06b. Error code: UNKNOWN_ERROR (1). Status: IO error: Artificial error caused by communication failure injection.. This is attempt 1: this message will repeat every 5th retry.
I0920 01:06:20.549623 405 raft_consensus.cc:1126] T TestTablet P 2485c0bc559f43ee9b8244b2a1125f0e [term 1 FOLLOWER]: Deduplicated request from leader. Original: 1.38->[1.39-1.40] Dedup: 1.39->[1.40-1.40]
W0920 01:06:20.553819 403 consensus_peers.cc:458] T TestTablet P 13355128a3c84c399b0a2f382a12e69f -> Peer 2485c0bc559f43ee9b8244b2a1125f0e (peer-0.fake-domain-for-tests:0): Couldn't send request to peer 2485c0bc559f43ee9b8244b2a1125f0e. Error code: UNKNOWN_ERROR (1). Status: IO error: Artificial error caused by communication failure injection.. This is attempt 1: this message will repeat every 5th retry.
I0920 01:06:20.908007 403 raft_consensus.cc:1126] T TestTablet P aad1d142980a42798f4dd051364cc06b [term 1 FOLLOWER]: Deduplicated request from leader. Original: 1.39->[1.40-1.41] Dedup: 1.40->[1.41-1.41]
W0920 01:06:20.912314 405 consensus_peers.cc:458] T TestTablet P 13355128a3c84c399b0a2f382a12e69f -> Peer aad1d142980a42798f4dd051364cc06b (peer-1.fake-domain-for-tests:0): Couldn't send request to peer aad1d142980a42798f4dd051364cc06b. Error code: UNKNOWN_ERROR (1). Status: IO error: Artificial error caused by communication failure injection.. This is attempt 1: this message will repeat every 5th retry.
I0920 01:06:21.087867 405 raft_consensus.cc:1126] T TestTablet P 2485c0bc559f43ee9b8244b2a1125f0e [term 1 FOLLOWER]: Deduplicated request from leader. Original: 1.40->[1.41-1.42] Dedup: 1.41->[1.42-1.42]
W0920 01:06:21.090749 405 consensus_peers.cc:458] T TestTablet P 13355128a3c84c399b0a2f382a12e69f -> Peer 2485c0bc559f43ee9b8244b2a1125f0e (peer-0.fake-domain-for-tests:0): Couldn't send request to peer 2485c0bc559f43ee9b8244b2a1125f0e. Error code: UNKNOWN_ERROR (1). Status: IO error: Artificial error caused by communication failure injection.. This is attempt 1: this message will repeat every 5th retry.
I0920 01:06:21.473383 405 raft_consensus.cc:1126] T TestTablet P aad1d142980a42798f4dd051364cc06b [term 1 FOLLOWER]: Deduplicated request from leader. Original: 1.41->[1.42-1.43] Dedup: 1.42->[1.43-1.43]
W0920 01:06:21.477890 403 consensus_peers.cc:458] T TestTablet P 13355128a3c84c399b0a2f382a12e69f -> Peer aad1d142980a42798f4dd051364cc06b (peer-1.fake-domain-for-tests:0): Couldn't send request to peer aad1d142980a42798f4dd051364cc06b. Error code: UNKNOWN_ERROR (1). Status: IO error: Artificial error caused by communication failure injection.. This is attempt 1: this message will repeat every 5th retry.
W0920 01:06:21.612645 405 consensus_peers.cc:458] T TestTablet P 13355128a3c84c399b0a2f382a12e69f -> Peer 2485c0bc559f43ee9b8244b2a1125f0e (peer-0.fake-domain-for-tests:0): Couldn't send request to peer 2485c0bc559f43ee9b8244b2a1125f0e. Error code: UNKNOWN_ERROR (1). Status: IO error: Artificial error caused by communication failure injection.. This is attempt 1: this message will repeat every 5th retry.
I0920 01:06:21.996580 405 raft_consensus.cc:1126] T TestTablet P 2485c0bc559f43ee9b8244b2a1125f0e [term 1 FOLLOWER]: Deduplicated request from leader. Original: 1.44->[1.45-1.45] Dedup: 1.45->[]
W0920 01:06:22.002377 405 consensus_peers.cc:458] T TestTablet P 13355128a3c84c399b0a2f382a12e69f -> Peer 2485c0bc559f43ee9b8244b2a1125f0e (peer-0.fake-domain-for-tests:0): Couldn't send request to peer 2485c0bc559f43ee9b8244b2a1125f0e. Error code: UNKNOWN_ERROR (1). Status: IO error: Artificial error caused by communication failure injection.. This is attempt 1: this message will repeat every 5th retry.
I0920 01:06:22.052490 405 raft_consensus.cc:1126] T TestTablet P aad1d142980a42798f4dd051364cc06b [term 1 FOLLOWER]: Deduplicated request from leader. Original: 1.43->[1.44-1.47] Dedup: 1.44->[1.45-1.47]
I0920 01:06:22.545743 403 raft_consensus.cc:1126] T TestTablet P 2485c0bc559f43ee9b8244b2a1125f0e [term 1 FOLLOWER]: Deduplicated request from leader. Original: 1.46->[1.47-1.47] Dedup: 1.47->[]
W0920 01:06:22.552592 405 consensus_peers.cc:458] T TestTablet P 13355128a3c84c399b0a2f382a12e69f -> Peer 2485c0bc559f43ee9b8244b2a1125f0e (peer-0.fake-domain-for-tests:0): Couldn't send request to peer 2485c0bc559f43ee9b8244b2a1125f0e. Error code: UNKNOWN_ERROR (1). Status: IO error: Artificial error caused by communication failure injection.. This is attempt 1: this message will repeat every 5th retry.
I0920 01:06:22.661335 405 raft_consensus.cc:1126] T TestTablet P aad1d142980a42798f4dd051364cc06b [term 1 FOLLOWER]: Deduplicated request from leader. Original: 1.43->[1.44-1.49] Dedup: 1.47->[1.48-1.49]
I0920 01:06:23.037741 403 raft_consensus.cc:1126] T TestTablet P aad1d142980a42798f4dd051364cc06b [term 1 FOLLOWER]: Deduplicated request from leader. Original: 1.43->[1.44-1.49] Dedup: 1.49->[]
W0920 01:06:23.040966 403 consensus_peers.cc:458] T TestTablet P 13355128a3c84c399b0a2f382a12e69f -> Peer aad1d142980a42798f4dd051364cc06b (peer-1.fake-domain-for-tests:0): Couldn't send request to peer aad1d142980a42798f4dd051364cc06b. Error code: UNKNOWN_ERROR (1). Status: IO error: Artificial error caused by communication failure injection.. This is attempt 1: this message will repeat every 5th retry.
I0920 01:06:23.112041 403 raft_consensus.cc:1126] T TestTablet P 2485c0bc559f43ee9b8244b2a1125f0e [term 1 FOLLOWER]: Deduplicated request from leader. Original: 1.48->[1.49-1.50] Dedup: 1.49->[1.50-1.50]
W0920 01:06:23.116428 403 consensus_peers.cc:458] T TestTablet P 13355128a3c84c399b0a2f382a12e69f -> Peer 2485c0bc559f43ee9b8244b2a1125f0e (peer-0.fake-domain-for-tests:0): Couldn't send request to peer 2485c0bc559f43ee9b8244b2a1125f0e. Error code: UNKNOWN_ERROR (1). Status: IO error: Artificial error caused by communication failure injection.. This is attempt 1: this message will repeat every 5th retry.
I0920 01:06:23.493712 405 raft_consensus.cc:1126] T TestTablet P aad1d142980a42798f4dd051364cc06b [term 1 FOLLOWER]: Deduplicated request from leader. Original: 1.49->[1.50-1.51] Dedup: 1.50->[1.51-1.51]
W0920 01:06:23.496467 405 consensus_peers.cc:458] T TestTablet P 13355128a3c84c399b0a2f382a12e69f -> Peer aad1d142980a42798f4dd051364cc06b (peer-1.fake-domain-for-tests:0): Couldn't send request to peer aad1d142980a42798f4dd051364cc06b. Error code: UNKNOWN_ERROR (1). Status: IO error: Artificial error caused by communication failure injection.. This is attempt 1: this message will repeat every 5th retry.
I0920 01:06:23.546272 405 raft_consensus.cc:1126] T TestTablet P 2485c0bc559f43ee9b8244b2a1125f0e [term 1 FOLLOWER]: Deduplicated request from leader. Original: 1.50->[1.51-1.52] Dedup: 1.51->[1.52-1.52]
