I0920 01:06:40.729457 233 fs_manager.cc:509] Time spent creating directory manager: real 0.007s user 0.008s sys 0.000s
I0920 01:06:40.730520 233 file_cache.cc:465] Constructed file cache lbm with capacity 419430
I0920 01:06:40.736521 233 fs_report.cc:352] FS layout report -------------------- wal directory: metadata directory: 1 data directories: /tmp/dist-test-taskEr7w4V/test-tmp/raft_consensus_quorum-test.0.RaftConsensusQuorumTest.TestLeaderElectionWithQuiescedQuorum.1568941567107070-233/peer-4-root/data Total live blocks: 0 Total live bytes: 0 Total live bytes (after alignment): 0 Total number of LBM containers: 0 (0 full) Did not check for missing blocks Did not check for orphaned blocks Total full LBM containers with extra space: 0 (0 repaired) Total full LBM container extra space in bytes: 0 (0 repaired) Total incomplete LBM containers: 0 (0 repaired) Total LBM partial records: 0 (0 repaired)
I0920 01:06:40.736853 233 fs_manager.cc:425] Time spent opening block manager: real 0.002s user 0.000s sys 0.001s
I0920 01:06:40.736950 233 fs_manager.cc:442] Opened local filesystem: /tmp/dist-test-taskEr7w4V/test-tmp/raft_consensus_quorum-test.0.RaftConsensusQuorumTest.TestLeaderElectionWithQuiescedQuorum.1568941567107070-233/peer-4-root uuid: "7e5999ff17b84da2936f572df16919de" format_stamp: "Formatted at 2019-09-20 01:06:40 on dist-test-slave-dist-test-slave-9x72"
I0920 01:06:40.756966 233 raft_consensus.cc:340] T TestTablet P 30aa61a2b4504f5aa42b3a14c0bb85b0 [term 0 FOLLOWER]: Replica starting. Triggering 0 pending transactions. Active config: opid_index: -1 peers { permanent_uuid: "30aa61a2b4504f5aa42b3a14c0bb85b0" member_type: VOTER last_known_addr { host: "peer-0.fake-domain-for-tests" port: 0 } } peers { permanent_uuid: "599aa566ed90440a82933cb19c3410d4" member_type: VOTER last_known_addr { host: "peer-1.fake-domain-for-tests" port: 0 } } peers { permanent_uuid: "f8f4f847142443b6b91e9e4776921d17" member_type: VOTER last_known_addr { host: "peer-2.fake-domain-for-tests" port: 0 } } peers { permanent_uuid: "fb781f0d4c9d4c8a9d9dda1015ac4d33" member_type: VOTER last_known_addr { host: "peer-3.fake-domain-for-tests" port: 0 } } peers { permanent_uuid: "7e5999ff17b84da2936f572df16919de" member_type: VOTER last_known_addr { host: "peer-4.fake-domain-for-tests" port: 0 } }
I0920 01:06:40.757504 233 raft_consensus.cc:705] T TestTablet P 30aa61a2b4504f5aa42b3a14c0bb85b0 [term 0 FOLLOWER]: Becoming Follower/Learner. State: Replica: 30aa61a2b4504f5aa42b3a14c0bb85b0, State: Initialized, Role: FOLLOWER
I0920 01:06:40.757808 233 consensus_queue.cc:229] T TestTablet P 30aa61a2b4504f5aa42b3a14c0bb85b0 [NON_LEADER]: Queue going to NON_LEADER mode. State: All replicated index: 0, Majority replicated index: 0, Committed index: 0, Last appended: 0.0, Last appended by leader: 0, Current term: 0, Majority size: -1, State: 0, Mode: NON_LEADER, active raft config: opid_index: -1 peers { permanent_uuid: "30aa61a2b4504f5aa42b3a14c0bb85b0" member_type: VOTER last_known_addr { host: "peer-0.fake-domain-for-tests" port: 0 } } peers { permanent_uuid: "599aa566ed90440a82933cb19c3410d4" member_type: VOTER last_known_addr { host: "peer-1.fake-domain-for-tests" port: 0 } } peers { permanent_uuid: "f8f4f847142443b6b91e9e4776921d17" member_type: VOTER last_known_addr { host: "peer-2.fake-domain-for-tests" port: 0 } } peers { permanent_uuid: "fb781f0d4c9d4c8a9d9dda1015ac4d33" member_type: VOTER last_known_addr { host: "peer-3.fake-domain-for-tests" port: 0 } } peers { permanent_uuid: "7e5999ff17b84da2936f572df16919de" member_type: VOTER last_known_addr { host: "peer-4.fake-domain-for-tests" port: 0 } }
I0920 01:06:40.763238 233 raft_consensus.cc:340] T TestTablet P 599aa566ed90440a82933cb19c3410d4 [term 0 FOLLOWER]: Replica starting. Triggering 0 pending transactions. Active config: opid_index: -1 peers { permanent_uuid: "30aa61a2b4504f5aa42b3a14c0bb85b0" member_type: VOTER last_known_addr { host: "peer-0.fake-domain-for-tests" port: 0 } } peers { permanent_uuid: "599aa566ed90440a82933cb19c3410d4" member_type: VOTER last_known_addr { host: "peer-1.fake-domain-for-tests" port: 0 } } peers { permanent_uuid: "f8f4f847142443b6b91e9e4776921d17" member_type: VOTER last_known_addr { host: "peer-2.fake-domain-for-tests" port: 0 } } peers { permanent_uuid: "fb781f0d4c9d4c8a9d9dda1015ac4d33" member_type: VOTER last_known_addr { host: "peer-3.fake-domain-for-tests" port: 0 } } peers { permanent_uuid: "7e5999ff17b84da2936f572df16919de" member_type: VOTER last_known_addr { host: "peer-4.fake-domain-for-tests" port: 0 } }
I0920 01:06:40.763816 233 raft_consensus.cc:705] T TestTablet P 599aa566ed90440a82933cb19c3410d4 [term 0 FOLLOWER]: Becoming Follower/Learner. State: Replica: 599aa566ed90440a82933cb19c3410d4, State: Initialized, Role: FOLLOWER
I0920 01:06:40.764082 233 consensus_queue.cc:229] T TestTablet P 599aa566ed90440a82933cb19c3410d4 [NON_LEADER]: Queue going to NON_LEADER mode. State: All replicated index: 0, Majority replicated index: 0, Committed index: 0, Last appended: 0.0, Last appended by leader: 0, Current term: 0, Majority size: -1, State: 0, Mode: NON_LEADER, active raft config: opid_index: -1 peers { permanent_uuid: "30aa61a2b4504f5aa42b3a14c0bb85b0" member_type: VOTER last_known_addr { host: "peer-0.fake-domain-for-tests" port: 0 } } peers { permanent_uuid: "599aa566ed90440a82933cb19c3410d4" member_type: VOTER last_known_addr { host: "peer-1.fake-domain-for-tests" port: 0 } } peers { permanent_uuid: "f8f4f847142443b6b91e9e4776921d17" member_type: VOTER last_known_addr { host: "peer-2.fake-domain-for-tests" port: 0 } } peers { permanent_uuid: "fb781f0d4c9d4c8a9d9dda1015ac4d33" member_type: VOTER last_known_addr { host: "peer-3.fake-domain-for-tests" port: 0 } } peers { permanent_uuid: "7e5999ff17b84da2936f572df16919de" member_type: VOTER last_known_addr { host: "peer-4.fake-domain-for-tests" port: 0 } }
I0920 01:06:40.768577 233 raft_consensus.cc:340] T TestTablet P f8f4f847142443b6b91e9e4776921d17 [term 0 FOLLOWER]: Replica starting. Triggering 0 pending transactions. Active config: opid_index: -1 peers { permanent_uuid: "30aa61a2b4504f5aa42b3a14c0bb85b0" member_type: VOTER last_known_addr { host: "peer-0.fake-domain-for-tests" port: 0 } } peers { permanent_uuid: "599aa566ed90440a82933cb19c3410d4" member_type: VOTER last_known_addr { host: "peer-1.fake-domain-for-tests" port: 0 } } peers { permanent_uuid: "f8f4f847142443b6b91e9e4776921d17" member_type: VOTER last_known_addr { host: "peer-2.fake-domain-for-tests" port: 0 } } peers { permanent_uuid: "fb781f0d4c9d4c8a9d9dda1015ac4d33" member_type: VOTER last_known_addr { host: "peer-3.fake-domain-for-tests" port: 0 } } peers { permanent_uuid: "7e5999ff17b84da2936f572df16919de" member_type: VOTER last_known_addr { host: "peer-4.fake-domain-for-tests" port: 0 } }
I0920 01:06:40.769085 233 raft_consensus.cc:705] T TestTablet P f8f4f847142443b6b91e9e4776921d17 [term 0 FOLLOWER]: Becoming Follower/Learner. State: Replica: f8f4f847142443b6b91e9e4776921d17, State: Initialized, Role: FOLLOWER
I0920 01:06:40.769354 233 consensus_queue.cc:229] T TestTablet P f8f4f847142443b6b91e9e4776921d17 [NON_LEADER]: Queue going to NON_LEADER mode. State: All replicated index: 0, Majority replicated index: 0, Committed index: 0, Last appended: 0.0, Last appended by leader: 0, Current term: 0, Majority size: -1, State: 0, Mode: NON_LEADER, active raft config: opid_index: -1 peers { permanent_uuid: "30aa61a2b4504f5aa42b3a14c0bb85b0" member_type: VOTER last_known_addr { host: "peer-0.fake-domain-for-tests" port: 0 } } peers { permanent_uuid: "599aa566ed90440a82933cb19c3410d4" member_type: VOTER last_known_addr { host: "peer-1.fake-domain-for-tests" port: 0 } } peers { permanent_uuid: "f8f4f847142443b6b91e9e4776921d17" member_type: VOTER last_known_addr { host: "peer-2.fake-domain-for-tests" port: 0 } } peers { permanent_uuid: "fb781f0d4c9d4c8a9d9dda1015ac4d33" member_type: VOTER last_known_addr { host: "peer-3.fake-domain-for-tests" port: 0 } } peers { permanent_uuid: "7e5999ff17b84da2936f572df16919de" member_type: VOTER last_known_addr { host: "peer-4.fake-domain-for-tests" port: 0 } }
I0920 01:06:40.774335 233 raft_consensus.cc:340] T TestTablet P fb781f0d4c9d4c8a9d9dda1015ac4d33 [term 0 FOLLOWER]: Replica starting. Triggering 0 pending transactions. Active config: opid_index: -1 peers { permanent_uuid: "30aa61a2b4504f5aa42b3a14c0bb85b0" member_type: VOTER last_known_addr { host: "peer-0.fake-domain-for-tests" port: 0 } } peers { permanent_uuid: "599aa566ed90440a82933cb19c3410d4" member_type: VOTER last_known_addr { host: "peer-1.fake-domain-for-tests" port: 0 } } peers { permanent_uuid: "f8f4f847142443b6b91e9e4776921d17" member_type: VOTER last_known_addr { host: "peer-2.fake-domain-for-tests" port: 0 } } peers { permanent_uuid: "fb781f0d4c9d4c8a9d9dda1015ac4d33" member_type: VOTER last_known_addr { host: "peer-3.fake-domain-for-tests" port: 0 } } peers { permanent_uuid: "7e5999ff17b84da2936f572df16919de" member_type: VOTER last_known_addr { host: "peer-4.fake-domain-for-tests" port: 0 } }
I0920 01:06:40.774847 233 raft_consensus.cc:705] T TestTablet P fb781f0d4c9d4c8a9d9dda1015ac4d33 [term 0 FOLLOWER]: Becoming Follower/Learner. State: Replica: fb781f0d4c9d4c8a9d9dda1015ac4d33, State: Initialized, Role: FOLLOWER
I0920 01:06:40.775117 233 consensus_queue.cc:229] T TestTablet P fb781f0d4c9d4c8a9d9dda1015ac4d33 [NON_LEADER]: Queue going to NON_LEADER mode. State: All replicated index: 0, Majority replicated index: 0, Committed index: 0, Last appended: 0.0, Last appended by leader: 0, Current term: 0, Majority size: -1, State: 0, Mode: NON_LEADER, active raft config: opid_index: -1 peers { permanent_uuid: "30aa61a2b4504f5aa42b3a14c0bb85b0" member_type: VOTER last_known_addr { host: "peer-0.fake-domain-for-tests" port: 0 } } peers { permanent_uuid: "599aa566ed90440a82933cb19c3410d4" member_type: VOTER last_known_addr { host: "peer-1.fake-domain-for-tests" port: 0 } } peers { permanent_uuid: "f8f4f847142443b6b91e9e4776921d17" member_type: VOTER last_known_addr { host: "peer-2.fake-domain-for-tests" port: 0 } } peers { permanent_uuid: "fb781f0d4c9d4c8a9d9dda1015ac4d33" member_type: VOTER last_known_addr { host: "peer-3.fake-domain-for-tests" port: 0 } } peers { permanent_uuid: "7e5999ff17b84da2936f572df16919de" member_type: VOTER last_known_addr { host: "peer-4.fake-domain-for-tests" port: 0 } }
I0920 01:06:40.781765 233 raft_consensus.cc:340] T TestTablet P 7e5999ff17b84da2936f572df16919de [term 0 FOLLOWER]: Replica starting. Triggering 0 pending transactions. Active config: opid_index: -1 peers { permanent_uuid: "30aa61a2b4504f5aa42b3a14c0bb85b0" member_type: VOTER last_known_addr { host: "peer-0.fake-domain-for-tests" port: 0 } } peers { permanent_uuid: "599aa566ed90440a82933cb19c3410d4" member_type: VOTER last_known_addr { host: "peer-1.fake-domain-for-tests" port: 0 } } peers { permanent_uuid: "f8f4f847142443b6b91e9e4776921d17" member_type: VOTER last_known_addr { host: "peer-2.fake-domain-for-tests" port: 0 } } peers { permanent_uuid: "fb781f0d4c9d4c8a9d9dda1015ac4d33" member_type: VOTER last_known_addr { host: "peer-3.fake-domain-for-tests" port: 0 } } peers { permanent_uuid: "7e5999ff17b84da2936f572df16919de" member_type: VOTER last_known_addr { host: "peer-4.fake-domain-for-tests" port: 0 } }
I0920 01:06:40.782276 233 raft_consensus.cc:705] T TestTablet P 7e5999ff17b84da2936f572df16919de [term 0 FOLLOWER]: Becoming Follower/Learner. State: Replica: 7e5999ff17b84da2936f572df16919de, State: Initialized, Role: FOLLOWER
I0920 01:06:40.782531 233 consensus_queue.cc:229] T TestTablet P 7e5999ff17b84da2936f572df16919de [NON_LEADER]: Queue going to NON_LEADER mode. State: All replicated index: 0, Majority replicated index: 0, Committed index: 0, Last appended: 0.0, Last appended by leader: 0, Current term: 0, Majority size: -1, State: 0, Mode: NON_LEADER, active raft config: opid_index: -1 peers { permanent_uuid: "30aa61a2b4504f5aa42b3a14c0bb85b0" member_type: VOTER last_known_addr { host: "peer-0.fake-domain-for-tests" port: 0 } } peers { permanent_uuid: "599aa566ed90440a82933cb19c3410d4" member_type: VOTER last_known_addr { host: "peer-1.fake-domain-for-tests" port: 0 } } peers { permanent_uuid: "f8f4f847142443b6b91e9e4776921d17" member_type: VOTER last_known_addr { host: "peer-2.fake-domain-for-tests" port: 0 } } peers { permanent_uuid: "fb781f0d4c9d4c8a9d9dda1015ac4d33" member_type: VOTER last_known_addr { host: "peer-3.fake-domain-for-tests" port: 0 } } peers { permanent_uuid: "7e5999ff17b84da2936f572df16919de" member_type: VOTER last_known_addr { host: "peer-4.fake-domain-for-tests" port: 0 } }
I0920 01:06:40.783160 233 raft_consensus.cc:405] T TestTablet P 7e5999ff17b84da2936f572df16919de [term 0 FOLLOWER]: Emulating election...
I0920 01:06:40.783329 233 raft_consensus.cc:2890] T TestTablet P 7e5999ff17b84da2936f572df16919de [term 0 FOLLOWER]: Advancing to term 1
I0920 01:06:41.276705 233 raft_consensus.cc:667] T TestTablet P 7e5999ff17b84da2936f572df16919de [term 1 LEADER]: Becoming Leader. State: Replica: 7e5999ff17b84da2936f572df16919de, State: Running, Role: LEADER
I0920 01:06:41.277272 233 consensus_queue.cc:206] T TestTablet P 7e5999ff17b84da2936f572df16919de [LEADER]: Queue going to LEADER mode. State: All replicated index: 0, Majority replicated index: 0, Committed index: 0, Last appended: 0.0, Last appended by leader: 0, Current term: 1, Majority size: 3, State: 0, Mode: LEADER, active raft config: opid_index: -1 peers { permanent_uuid: "30aa61a2b4504f5aa42b3a14c0bb85b0" member_type: VOTER last_known_addr { host: "peer-0.fake-domain-for-tests" port: 0 } } peers { permanent_uuid: "599aa566ed90440a82933cb19c3410d4" member_type: VOTER last_known_addr { host: "peer-1.fake-domain-for-tests" port: 0 } } peers { permanent_uuid: "f8f4f847142443b6b91e9e4776921d17" member_type: VOTER last_known_addr { host: "peer-2.fake-domain-for-tests" port: 0 } } peers { permanent_uuid: "fb781f0d4c9d4c8a9d9dda1015ac4d33" member_type: VOTER last_known_addr { host: "peer-3.fake-domain-for-tests" port: 0 } } peers { permanent_uuid: "7e5999ff17b84da2936f572df16919de" member_type: VOTER last_known_addr { host: "peer-4.fake-domain-for-tests" port: 0 } }
I0920 01:06:41.282502 531 raft_consensus.cc:2890] T TestTablet P fb781f0d4c9d4c8a9d9dda1015ac4d33 [term 0 FOLLOWER]: Advancing to term 1
I0920 01:06:41.288347 534 raft_consensus.cc:2890] T TestTablet P f8f4f847142443b6b91e9e4776921d17 [term 0 FOLLOWER]: Advancing to term 1
I0920 01:06:41.291872 533 raft_consensus.cc:2890] T TestTablet P 599aa566ed90440a82933cb19c3410d4 [term 0 FOLLOWER]: Advancing to term 1
W0920 01:06:42.360664 533 consensus_meta.cc:220] T TestTablet P 599aa566ed90440a82933cb19c3410d4: Time spent flushing consensus metadata: real 1.069s user 0.003s sys 0.000s
W0920 01:06:42.360669 534 consensus_meta.cc:220] T TestTablet P f8f4f847142443b6b91e9e4776921d17: Time spent flushing consensus metadata: real 1.072s user 0.004s sys 0.000s
W0920 01:06:42.360671 531 consensus_meta.cc:220] T TestTablet P fb781f0d4c9d4c8a9d9dda1015ac4d33: Time spent flushing consensus metadata: real 1.078s user 0.005s sys 0.000s
I0920 01:06:42.361326 531 raft_consensus.cc:1184] T TestTablet P fb781f0d4c9d4c8a9d9dda1015ac4d33 [term 1 FOLLOWER]: Refusing update from remote peer 7e5999ff17b84da2936f572df16919de: Log matching property violated. Preceding OpId in replica: term: 0 index: 0. Preceding OpId from leader: term: 1 index: 2. (index mismatch)
I0920 01:06:42.361326 534 raft_consensus.cc:1184] T TestTablet P f8f4f847142443b6b91e9e4776921d17 [term 1 FOLLOWER]: Refusing update from remote peer 7e5999ff17b84da2936f572df16919de: Log matching property violated. Preceding OpId in replica: term: 0 index: 0. Preceding OpId from leader: term: 1 index: 2. (index mismatch)
I0920 01:06:42.361428 533 raft_consensus.cc:1184] T TestTablet P 599aa566ed90440a82933cb19c3410d4 [term 1 FOLLOWER]: Refusing update from remote peer 7e5999ff17b84da2936f572df16919de: Log matching property violated. Preceding OpId in replica: term: 0 index: 0. Preceding OpId from leader: term: 1 index: 2. (index mismatch)
I0920 01:06:42.362087 531 raft_consensus.cc:2890] T TestTablet P 30aa61a2b4504f5aa42b3a14c0bb85b0 [term 0 FOLLOWER]: Advancing to term 1
I0920 01:06:42.368872 535 consensus_queue.cc:984] T TestTablet P 7e5999ff17b84da2936f572df16919de [LEADER]: Connected to new peer: Peer: permanent_uuid: "fb781f0d4c9d4c8a9d9dda1015ac4d33" member_type: VOTER last_known_addr { host: "peer-3.fake-domain-for-tests" port: 0 }, Status: LMP_MISMATCH, Last received: 0.0, Next index: 1, Last known committed idx: 0, Time since last communication: 0.000s
I0920 01:06:42.369565 536 consensus_queue.cc:984] T TestTablet P 7e5999ff17b84da2936f572df16919de [LEADER]: Connected to new peer: Peer: permanent_uuid: "599aa566ed90440a82933cb19c3410d4" member_type: VOTER last_known_addr { host: "peer-1.fake-domain-for-tests" port: 0 }, Status: LMP_MISMATCH, Last received: 0.0, Next index: 1, Last known committed idx: 0, Time since last communication: 0.000s
I0920 01:06:42.370625 537 consensus_queue.cc:984] T TestTablet P 7e5999ff17b84da2936f572df16919de [LEADER]: Connected to new peer: Peer: permanent_uuid: "f8f4f847142443b6b91e9e4776921d17" member_type: VOTER last_known_addr { host: "peer-2.fake-domain-for-tests" port: 0 }, Status: LMP_MISMATCH, Last received: 0.0, Next index: 1, Last known committed idx: 0, Time since last communication: 0.000s
W0920 01:06:43.302954 531 consensus_meta.cc:220] T TestTablet P 30aa61a2b4504f5aa42b3a14c0bb85b0: Time spent flushing consensus metadata: real 0.940s user 0.005s sys 0.000s
I0920 01:06:43.303547 531 raft_consensus.cc:1184] T TestTablet P 30aa61a2b4504f5aa42b3a14c0bb85b0 [term 1 FOLLOWER]: Refusing update from remote peer 7e5999ff17b84da2936f572df16919de: Log matching property violated. Preceding OpId in replica: term: 0 index: 0. Preceding OpId from leader: term: 1 index: 2. (index mismatch)
I0920 01:06:43.304278 542 consensus_queue.cc:984] T TestTablet P 7e5999ff17b84da2936f572df16919de [LEADER]: Connected to new peer: Peer: permanent_uuid: "30aa61a2b4504f5aa42b3a14c0bb85b0" member_type: VOTER last_known_addr { host: "peer-0.fake-domain-for-tests" port: 0 }, Status: LMP_MISMATCH, Last received: 0.0, Next index: 1, Last known committed idx: 0, Time since last communication: 0.000s
I0920 01:06:43.309478 233 raft_consensus_quorum-test.cc:890] Shutting down current leader with index 4
I0920 01:06:43.309710 233 raft_consensus.cc:2147] T TestTablet P 7e5999ff17b84da2936f572df16919de [term 1 LEADER]: Raft consensus shutting down.
I0920 01:06:43.310221 233 raft_consensus.cc:2174] T TestTablet P 7e5999ff17b84da2936f572df16919de [term 1 FOLLOWER]: Raft consensus is shut down!
I0920 01:06:43.310405 233 raft_consensus_quorum-test.cc:904] Running election for future leader with index 4
I0920 01:06:43.310560 233 raft_consensus.cc:472] T TestTablet P fb781f0d4c9d4c8a9d9dda1015ac4d33 [term 1 FOLLOWER]: Starting forced leader election (received explicit request)
I0920 01:06:43.310767 233 raft_consensus.cc:2890] T TestTablet P fb781f0d4c9d4c8a9d9dda1015ac4d33 [term 1 FOLLOWER]: Advancing to term 2
W0920 01:06:44.141324 233 consensus_meta.cc:220] T TestTablet P fb781f0d4c9d4c8a9d9dda1015ac4d33: Time spent flushing consensus metadata: real 0.830s user 0.005s sys 0.000s
I0920 01:06:44.141625 233 raft_consensus.cc:494] T TestTablet P fb781f0d4c9d4c8a9d9dda1015ac4d33 [term 2 FOLLOWER]: Starting forced leader election with config: opid_index: -1 peers { permanent_uuid: "30aa61a2b4504f5aa42b3a14c0bb85b0" member_type: VOTER last_known_addr { host: "peer-0.fake-domain-for-tests" port: 0 } } peers { permanent_uuid: "599aa566ed90440a82933cb19c3410d4" member_type: VOTER last_known_addr { host: "peer-1.fake-domain-for-tests" port: 0 } } peers { permanent_uuid: "f8f4f847142443b6b91e9e4776921d17" member_type: VOTER last_known_addr { host: "peer-2.fake-domain-for-tests" port: 0 } } peers { permanent_uuid: "fb781f0d4c9d4c8a9d9dda1015ac4d33" member_type: VOTER last_known_addr { host: "peer-3.fake-domain-for-tests" port: 0 } } peers { permanent_uuid: "7e5999ff17b84da2936f572df16919de" member_type: VOTER last_known_addr { host: "peer-4.fake-domain-for-tests" port: 0 } }
I0920 01:06:44.143702 545 raft_consensus.cc:2890] T TestTablet P 30aa61a2b4504f5aa42b3a14c0bb85b0 [term 1 FOLLOWER]: Advancing to term 2
I0920 01:06:44.144616 546 raft_consensus.cc:2890] T TestTablet P 599aa566ed90440a82933cb19c3410d4 [term 1 FOLLOWER]: Advancing to term 2
I0920 01:06:44.145720 233 leader_election.cc:296] T TestTablet P fb781f0d4c9d4c8a9d9dda1015ac4d33 [CANDIDATE]: Term 2 election: Requested vote from peers 30aa61a2b4504f5aa42b3a14c0bb85b0 (TestPeerProxy), 599aa566ed90440a82933cb19c3410d4 (TestPeerProxy), f8f4f847142443b6b91e9e4776921d17 (TestPeerProxy), 7e5999ff17b84da2936f572df16919de (TestPeerProxy)
I0920 01:06:44.145949 547 raft_consensus.cc:2890] T TestTablet P f8f4f847142443b6b91e9e4776921d17 [term 1 FOLLOWER]: Advancing to term 2
W0920 01:06:45.107913 547 consensus_meta.cc:220] T TestTablet P f8f4f847142443b6b91e9e4776921d17: Time spent flushing consensus metadata: real 0.961s user 0.004s sys 0.000s
W0920 01:06:45.107916 546 consensus_meta.cc:220] T TestTablet P 599aa566ed90440a82933cb19c3410d4: Time spent flushing consensus metadata: real 0.963s user 0.004s sys 0.000s
W0920 01:06:45.107914 545 consensus_meta.cc:220] T TestTablet P 30aa61a2b4504f5aa42b3a14c0bb85b0: Time spent flushing consensus metadata: real 0.964s user 0.003s sys 0.002s
I0920 01:06:45.108335 547 raft_consensus.cc:2350] T TestTablet P f8f4f847142443b6b91e9e4776921d17 [term 2 FOLLOWER]: Leader election vote request: Granting yes vote for candidate fb781f0d4c9d4c8a9d9dda1015ac4d33 in term 2.
I0920 01:06:45.108356 546 raft_consensus.cc:2350] T TestTablet P 599aa566ed90440a82933cb19c3410d4 [term 2 FOLLOWER]: Leader election vote request: Granting yes vote for candidate fb781f0d4c9d4c8a9d9dda1015ac4d33 in term 2.
I0920 01:06:45.108479 545 raft_consensus.cc:2350] T TestTablet P 30aa61a2b4504f5aa42b3a14c0bb85b0 [term 2 FOLLOWER]: Leader election vote request: Granting yes vote for candidate fb781f0d4c9d4c8a9d9dda1015ac4d33 in term 2.
I0920 01:06:45.109232 545 leader_election.cc:310] T TestTablet P fb781f0d4c9d4c8a9d9dda1015ac4d33 [CANDIDATE]: Term 2 election: Election decided. Result: candidate won. Election summary: received 3 responses out of 5 voters: 3 yes votes; 0 no votes. yes voters: 599aa566ed90440a82933cb19c3410d4, f8f4f847142443b6b91e9e4776921d17, fb781f0d4c9d4c8a9d9dda1015ac4d33; no voters:
W0920 01:06:45.109068 547 consensus-test-util.h:580] Could not RequestVote from replica with request: tablet_id: "TestTablet" candidate_uuid: "fb781f0d4c9d4c8a9d9dda1015ac4d33" candidate_term: 2 candidate_status { last_received { term: 1 index: 11 } } ignore_live_leader: true dest_uuid: "7e5999ff17b84da2936f572df16919de" Status: Not found: Other consensus instance was destroyed
W0920 01:06:45.109953 546 leader_election.cc:348] T TestTablet P fb781f0d4c9d4c8a9d9dda1015ac4d33 [CANDIDATE]: Term 2 election: Tablet error from VoteRequest() call to peer 7e5999ff17b84da2936f572df16919de (TestPeerProxy): Not found: Other consensus instance was destroyed
I0920 01:06:45.110800 548 raft_consensus.cc:2644] T TestTablet P fb781f0d4c9d4c8a9d9dda1015ac4d33 [term 2 FOLLOWER]: Leader election won for term 2
I0920 01:06:45.111711 548 raft_consensus.cc:667] T TestTablet P fb781f0d4c9d4c8a9d9dda1015ac4d33 [term 2 LEADER]: Becoming Leader. State: Replica: fb781f0d4c9d4c8a9d9dda1015ac4d33, State: Running, Role: LEADER
I0920 01:06:45.112339 548 consensus_queue.cc:206] T TestTablet P fb781f0d4c9d4c8a9d9dda1015ac4d33 [LEADER]: Queue going to LEADER mode. State: All replicated index: 0, Majority replicated index: 11, Committed index: 11, Last appended: 1.11, Last appended by leader: 11, Current term: 2, Majority size: 3, State: 0, Mode: LEADER, active raft config: opid_index: -1 peers { permanent_uuid: "30aa61a2b4504f5aa42b3a14c0bb85b0" member_type: VOTER last_known_addr { host: "peer-0.fake-domain-for-tests" port: 0 } } peers { permanent_uuid: "599aa566ed90440a82933cb19c3410d4" member_type: VOTER last_known_addr { host: "peer-1.fake-domain-for-tests" port: 0 } } peers { permanent_uuid: "f8f4f847142443b6b91e9e4776921d17" member_type: VOTER last_known_addr { host: "peer-2.fake-domain-for-tests" port: 0 } } peers { permanent_uuid: "fb781f0d4c9d4c8a9d9dda1015ac4d33" member_type: VOTER last_known_addr { host: "peer-3.fake-domain-for-tests" port: 0 } } peers { permanent_uuid: "7e5999ff17b84da2936f572df16919de" member_type: VOTER last_known_addr { host: "peer-4.fake-domain-for-tests" port: 0 } }
I0920 01:06:45.115455 233 raft_consensus_quorum-test.cc:908] Election won
W0920 01:06:45.116506 545 consensus-test-util.h:549] Could not Update replica with request: tablet_id: "TestTablet" caller_uuid: "fb781f0d4c9d4c8a9d9dda1015ac4d33" caller_term: 2 preceding_id { term: 2 index: 13 } dest_uuid: "7e5999ff17b84da2936f572df16919de" committed_index: 11 all_replicated_index: 0 safe_timestamp: 50 last_idx_appended_to_leader: 13 Status: Not found: Other consensus instance was destroyed
I0920 01:06:45.116904 546 raft_consensus.cc:1184] T TestTablet P f8f4f847142443b6b91e9e4776921d17 [term 2 FOLLOWER]: Refusing update from remote peer fb781f0d4c9d4c8a9d9dda1015ac4d33: Log matching property violated. Preceding OpId in replica: term: 1 index: 11. Preceding OpId from leader: term: 2 index: 13. (index mismatch)
W0920 01:06:45.117663 547 consensus_peers.cc:458] T TestTablet P fb781f0d4c9d4c8a9d9dda1015ac4d33 -> Peer 7e5999ff17b84da2936f572df16919de (peer-4.fake-domain-for-tests:0): Couldn't send request to peer 7e5999ff17b84da2936f572df16919de. Error code: UNKNOWN_ERROR (1). Status: Not found: Other consensus instance was destroyed. This is attempt 1: this message will repeat every 5th retry.
I0920 01:06:45.118158 547 raft_consensus.cc:1184] T TestTablet P 30aa61a2b4504f5aa42b3a14c0bb85b0 [term 2 FOLLOWER]: Refusing update from remote peer fb781f0d4c9d4c8a9d9dda1015ac4d33: Log matching property violated. Preceding OpId in replica: term: 1 index: 11. Preceding OpId from leader: term: 2 index: 13. (index mismatch)
I0920 01:06:45.118191 546 raft_consensus.cc:1184] T TestTablet P 599aa566ed90440a82933cb19c3410d4 [term 2 FOLLOWER]: Refusing update from remote peer fb781f0d4c9d4c8a9d9dda1015ac4d33: Log matching property violated. Preceding OpId in replica: term: 1 index: 11. Preceding OpId from leader: term: 2 index: 13. (index mismatch)
I0920 01:06:45.118628 548 consensus_queue.cc:984] T TestTablet P fb781f0d4c9d4c8a9d9dda1015ac4d33 [LEADER]: Connected to new peer: Peer: permanent_uuid: "f8f4f847142443b6b91e9e4776921d17" member_type: VOTER last_known_addr { host: "peer-2.fake-domain-for-tests" port: 0 }, Status: LMP_MISMATCH, Last received: 0.0, Next index: 12, Last known committed idx: 11, Time since last communication: 0.000s
I0920 01:06:45.119112 549 consensus_queue.cc:984] T TestTablet P fb781f0d4c9d4c8a9d9dda1015ac4d33 [LEADER]: Connected to new peer: Peer: permanent_uuid: "30aa61a2b4504f5aa42b3a14c0bb85b0" member_type: VOTER last_known_addr { host: "peer-0.fake-domain-for-tests" port: 0 }, Status: LMP_MISMATCH, Last received: 0.0, Next index: 12, Last known committed idx: 11, Time since last communication: 0.000s
I0920 01:06:45.119614 551 consensus_queue.cc:984] T TestTablet P fb781f0d4c9d4c8a9d9dda1015ac4d33 [LEADER]: Connected to new peer: Peer: permanent_uuid: "599aa566ed90440a82933cb19c3410d4" member_type: VOTER last_known_addr { host: "peer-1.fake-domain-for-tests" port: 0 }, Status: LMP_MISMATCH, Last received: 0.0, Next index: 12, Last known committed idx: 11, Time since last communication: 0.000s
I0920 01:06:45.188470 233 raft_consensus_quorum-test.cc:890] Shutting down current leader with index 3
I0920 01:06:45.188654 233 raft_consensus.cc:2147] T TestTablet P fb781f0d4c9d4c8a9d9dda1015ac4d33 [term 2 LEADER]: Raft consensus shutting down.
I0920 01:06:45.189098 233 raft_consensus.cc:2174] T TestTablet P fb781f0d4c9d4c8a9d9dda1015ac4d33 [term 2 FOLLOWER]: Raft consensus is shut down!
I0920 01:06:45.189275 233 raft_consensus_quorum-test.cc:904] Running election for future leader with index 3
I0920 01:06:45.189380 233 raft_consensus.cc:472] T TestTablet P f8f4f847142443b6b91e9e4776921d17 [term 2 FOLLOWER]: Starting forced leader election (received explicit request)
I0920 01:06:45.189541 233 raft_consensus.cc:2890] T TestTablet P f8f4f847142443b6b91e9e4776921d17 [term 2 FOLLOWER]: Advancing to term 3
W0920 01:06:46.324298 233 consensus_meta.cc:220] T TestTablet P f8f4f847142443b6b91e9e4776921d17: Time spent flushing consensus metadata: real 1.135s user 0.004s sys 0.000s
I0920 01:06:46.324589 233 raft_consensus.cc:494] T TestTablet P f8f4f847142443b6b91e9e4776921d17 [term 3 FOLLOWER]: Starting forced leader election with config: opid_index: -1 peers { permanent_uuid: "30aa61a2b4504f5aa42b3a14c0bb85b0" member_type: VOTER last_known_addr { host: "peer-0.fake-domain-for-tests" port: 0 } } peers { permanent_uuid: "599aa566ed90440a82933cb19c3410d4" member_type: VOTER last_known_addr { host: "peer-1.fake-domain-for-tests" port: 0 } } peers { permanent_uuid: "f8f4f847142443b6b91e9e4776921d17" member_type: VOTER last_known_addr { host: "peer-2.fake-domain-for-tests" port: 0 } } peers { permanent_uuid: "fb781f0d4c9d4c8a9d9dda1015ac4d33" member_type: VOTER last_known_addr { host: "peer-3.fake-domain-for-tests" port: 0 } } peers { permanent_uuid: "7e5999ff17b84da2936f572df16919de" member_type: VOTER last_known_addr { host: "peer-4.fake-domain-for-tests" port: 0 } }
I0920 01:06:46.326229 556 raft_consensus.cc:2890] T TestTablet P 30aa61a2b4504f5aa42b3a14c0bb85b0 [term 2 FOLLOWER]: Advancing to term 3
I0920 01:06:46.327065 557 raft_consensus.cc:2890] T TestTablet P 599aa566ed90440a82933cb19c3410d4 [term 2 FOLLOWER]: Advancing to term 3
I0920 01:06:46.328076 233 leader_election.cc:296] T TestTablet P f8f4f847142443b6b91e9e4776921d17 [CANDIDATE]: Term 3 election: Requested vote from peers 30aa61a2b4504f5aa42b3a14c0bb85b0 (TestPeerProxy), 599aa566ed90440a82933cb19c3410d4 (TestPeerProxy), fb781f0d4c9d4c8a9d9dda1015ac4d33 (TestPeerProxy), 7e5999ff17b84da2936f572df16919de (TestPeerProxy)
W0920 01:06:46.328230 558 consensus-test-util.h:580] Could not RequestVote from replica with request: tablet_id: "TestTablet" candidate_uuid: "f8f4f847142443b6b91e9e4776921d17" candidate_term: 3 candidate_status { last_received { term: 2 index: 32 } } ignore_live_leader: true dest_uuid: "fb781f0d4c9d4c8a9d9dda1015ac4d33" Status: Not found: Other consensus instance was destroyed
W0920 01:06:46.328850 558 consensus-test-util.h:580] Could not RequestVote from replica with request: tablet_id: "TestTablet" candidate_uuid: "f8f4f847142443b6b91e9e4776921d17" candidate_term: 3 candidate_status { last_received { term: 2 index: 32 } } ignore_live_leader: true dest_uuid: "7e5999ff17b84da2936f572df16919de" Status: Not found: Other consensus instance was destroyed
W0920 01:06:46.329377 558 leader_election.cc:348] T TestTablet P f8f4f847142443b6b91e9e4776921d17 [CANDIDATE]: Term 3 election: Tablet error from VoteRequest() call to peer fb781f0d4c9d4c8a9d9dda1015ac4d33 (TestPeerProxy): Not found: Other consensus instance was destroyed
W0920 01:06:46.329669 558 leader_election.cc:348] T TestTablet P f8f4f847142443b6b91e9e4776921d17 [CANDIDATE]: Term 3 election: Tablet error from VoteRequest() call to peer 7e5999ff17b84da2936f572df16919de (TestPeerProxy): Not found: Other consensus instance was destroyed
I0920 01:06:46.331146 556 raft_consensus.cc:2350] T TestTablet P 30aa61a2b4504f5aa42b3a14c0bb85b0 [term 3 FOLLOWER]: Leader election vote request: Granting yes vote for candidate f8f4f847142443b6b91e9e4776921d17 in term 3.
I0920 01:06:46.331352 557 raft_consensus.cc:2350] T TestTablet P 599aa566ed90440a82933cb19c3410d4 [term 3 FOLLOWER]: Leader election vote request: Granting yes vote for candidate f8f4f847142443b6b91e9e4776921d17 in term 3.
I0920 01:06:46.332036 558 leader_election.cc:310] T TestTablet P f8f4f847142443b6b91e9e4776921d17 [CANDIDATE]: Term 3 election: Election decided. Result: candidate won. Election summary: received 5 responses out of 5 voters: 3 yes votes; 2 no votes. yes voters: 30aa61a2b4504f5aa42b3a14c0bb85b0, 599aa566ed90440a82933cb19c3410d4, f8f4f847142443b6b91e9e4776921d17; no voters: 7e5999ff17b84da2936f572df16919de, fb781f0d4c9d4c8a9d9dda1015ac4d33
I0920 01:06:46.333365 559 raft_consensus.cc:2644] T TestTablet P f8f4f847142443b6b91e9e4776921d17 [term 3 FOLLOWER]: Leader election won for term 3
I0920 01:06:46.334412 559 raft_consensus.cc:667] T TestTablet P f8f4f847142443b6b91e9e4776921d17 [term 3 LEADER]: Becoming Leader. State: Replica: f8f4f847142443b6b91e9e4776921d17, State: Running, Role: LEADER
I0920 01:06:46.334897 559 consensus_queue.cc:206] T TestTablet P f8f4f847142443b6b91e9e4776921d17 [LEADER]: Queue going to LEADER mode. State: All replicated index: 0, Majority replicated index: 32, Committed index: 32, Last appended: 2.32, Last appended by leader: 32, Current term: 3, Majority size: 3, State: 0, Mode: LEADER, active raft config: opid_index: -1 peers { permanent_uuid: "30aa61a2b4504f5aa42b3a14c0bb85b0" member_type: VOTER last_known_addr { host: "peer-0.fake-domain-for-tests" port: 0 } } peers { permanent_uuid: "599aa566ed90440a82933cb19c3410d4" member_type: VOTER last_known_addr { host: "peer-1.fake-domain-for-tests" port: 0 } } peers { permanent_uuid: "f8f4f847142443b6b91e9e4776921d17" member_type: VOTER last_known_addr { host: "peer-2.fake-domain-for-tests" port: 0 } } peers { permanent_uuid: "fb781f0d4c9d4c8a9d9dda1015ac4d33" member_type: VOTER last_known_addr { host: "peer-3.fake-domain-for-tests" port: 0 } } peers { permanent_uuid: "7e5999ff17b84da2936f572df16919de" member_type: VOTER last_known_addr { host: "peer-4.fake-domain-for-tests" port: 0 } }
I0920 01:06:46.338681 233 raft_consensus_quorum-test.cc:908] Election won
W0920 01:06:46.339722 558 consensus-test-util.h:549] Could not Update replica with request: tablet_id: "TestTablet" caller_uuid: "f8f4f847142443b6b91e9e4776921d17" caller_term: 3 preceding_id { term: 3 index: 34 } dest_uuid: "7e5999ff17b84da2936f572df16919de" committed_index: 32 all_replicated_index: 0 safe_timestamp: 132 last_idx_appended_to_leader: 34 Status: Not found: Other consensus instance was destroyed
W0920 01:06:46.339874 557 consensus-test-util.h:549] Could not Update replica with request: tablet_id: "TestTablet" caller_uuid: "f8f4f847142443b6b91e9e4776921d17" caller_term: 3 preceding_id { term: 3 index: 34 } dest_uuid: "fb781f0d4c9d4c8a9d9dda1015ac4d33" committed_index: 32 all_replicated_index: 0 safe_timestamp: 133 last_idx_appended_to_leader: 34 Status: Not found: Other consensus instance was destroyed
W0920 01:06:46.340796 557 consensus_peers.cc:458] T TestTablet P f8f4f847142443b6b91e9e4776921d17 -> Peer fb781f0d4c9d4c8a9d9dda1015ac4d33 (peer-3.fake-domain-for-tests:0): Couldn't send request to peer fb781f0d4c9d4c8a9d9dda1015ac4d33. Error code: UNKNOWN_ERROR (1). Status: Not found: Other consensus instance was destroyed. This is attempt 1: this message will repeat every 5th retry.
I0920 01:06:46.341181 558 raft_consensus.cc:1184] T TestTablet P 30aa61a2b4504f5aa42b3a14c0bb85b0 [term 3 FOLLOWER]: Refusing update from remote peer f8f4f847142443b6b91e9e4776921d17: Log matching property violated. Preceding OpId in replica: term: 2 index: 32. Preceding OpId from leader: term: 3 index: 34. (index mismatch)
I0920 01:06:46.341231 557 raft_consensus.cc:1184] T TestTablet P 599aa566ed90440a82933cb19c3410d4 [term 3 FOLLOWER]: Refusing update from remote peer f8f4f847142443b6b91e9e4776921d17: Log matching property violated. Preceding OpId in replica: term: 2 index: 32. Preceding OpId from leader: term: 3 index: 34. (index mismatch)
I0920 01:06:46.341667 560 consensus_queue.cc:984] T TestTablet P f8f4f847142443b6b91e9e4776921d17 [LEADER]: Connected to new peer: Peer: permanent_uuid: "599aa566ed90440a82933cb19c3410d4" member_type: VOTER last_known_addr { host: "peer-1.fake-domain-for-tests" port: 0 }, Status: LMP_MISMATCH, Last received: 0.0, Next index: 33, Last known committed idx: 32, Time since last communication: 0.000s
I0920 01:06:46.342147 559 consensus_queue.cc:984] T TestTablet P f8f4f847142443b6b91e9e4776921d17 [LEADER]: Connected to new peer: Peer: permanent_uuid: "30aa61a2b4504f5aa42b3a14c0bb85b0" member_type: VOTER last_known_addr { host: "peer-0.fake-domain-for-tests" port: 0 }, Status: LMP_MISMATCH, Last received: 0.0, Next index: 33, Last known committed idx: 32, Time since last communication: 0.000s
W0920 01:06:46.342602 556 consensus_peers.cc:458] T TestTablet P f8f4f847142443b6b91e9e4776921d17 -> Peer 7e5999ff17b84da2936f572df16919de (peer-4.fake-domain-for-tests:0): Couldn't send request to peer 7e5999ff17b84da2936f572df16919de. Error code: UNKNOWN_ERROR (1). Status: Not found: Other consensus instance was destroyed. This is attempt 1: this message will repeat every 5th retry.
I0920 01:06:46.377786 233 raft_consensus.cc:2147] T TestTablet P 30aa61a2b4504f5aa42b3a14c0bb85b0 [term 3 FOLLOWER]: Raft consensus shutting down.
I0920 01:06:46.378032 233 raft_consensus.cc:2174] T TestTablet P 30aa61a2b4504f5aa42b3a14c0bb85b0 [term 3 FOLLOWER]: Raft consensus is shut down!
I0920 01:06:46.378182 233 raft_consensus.cc:2147] T TestTablet P 599aa566ed90440a82933cb19c3410d4 [term 3 FOLLOWER]: Raft consensus shutting down.
I0920 01:06:46.378347 233 raft_consensus.cc:2174] T TestTablet P 599aa566ed90440a82933cb19c3410d4 [term 3 FOLLOWER]: Raft consensus is shut down!
I0920 01:06:46.378487 233 raft_consensus.cc:2147] T TestTablet P f8f4f847142443b6b91e9e4776921d17 [term 3 LEADER]: Raft consensus shutting down.
I0920 01:06:46.378865 233 raft_consensus.cc:2174] T TestTablet P f8f4f847142443b6b91e9e4776921d17 [term 3 FOLLOWER]: Raft consensus is shut down! [ OK ] RaftConsensusQuorumTest.TestLeaderElectionWithQuiescedQuorum (5805 ms) [ RUN ] RaftConsensusQuorumTest.TestReplicasEnforceTheLogMatchingProperty
I0920 01:06:46.432271 233 fs_manager.cc:262] Metadata directory not provided
I0920 01:06:46.432495 233 fs_manager.cc:268] Using write-ahead log directory (fs_wal_dir) as metadata directory
I0920 01:06:46.433344 233 fs_manager.cc:608] Generated new instance metadata in path /tmp/dist-test-taskEr7w4V/test-tmp/raft_consensus_quorum-test.0.RaftConsensusQuorumTest.TestReplicasEnforceTheLogMatchingProperty.1568941567107070-233/peer-0-root/instance: uuid: "3803c4211ba8401195e5a0c33aefbf99" format_stamp: "Formatted at 2019-09-20 01:06:46 on dist-test-slave-dist-test-slave-9x72"
I0920 01:06:46.440779 233 fs_manager.cc:509] Time spent creating directory manager: real 0.007s user 0.008s sys 0.000s
I0920 01:06:46.441876 233 file_cache.cc:465] Constructed file cache lbm with capacity 419430
I0920 01:06:46.448910 233 fs_report.cc:352] FS layout report -------------------- wal directory: metadata directory: 1 data directories: /tmp/dist-test-taskEr7w4V/test-tmp/raft_consensus_quorum-test.0.RaftConsensusQuorumTest.TestReplicasEnforceTheLogMatchingProperty.1568941567107070-233/peer-0-root/data Total live blocks: 0 Total live bytes: 0 Total live bytes (after alignment): 0 Total number of LBM containers: 0 (0 full) Did not check for missing blocks Did not check for orphaned blocks Total full LBM containers with extra space: 0 (0 repaired) Total full LBM container extra space in bytes: 0 (0 repaired) Total incomplete LBM containers: 0 (0 repaired) Total LBM partial records: 0 (0 repaired)
I0920 01:06:46.449231 233 fs_manager.cc:425] Time spent opening block manager: real 0.002s user 0.001s sys 0.000s
I0920 01:06:46.449370 233 fs_manager.cc:442] Opened local filesystem: /tmp/dist-test-taskEr7w4V/test-tmp/raft_consensus_quorum-test.0.RaftConsensusQuorumTest.TestReplicasEnforceTheLogMatchingProperty.1568941567107070-233/peer-0-root uuid: "3803c4211ba8401195e5a0c33aefbf99" format_stamp: "Formatted at 2019-09-20 01:06:46 on dist-test-slave-dist-test-slave-9x72"
I0920 01:06:46.456887 233 fs_manager.cc:262] Metadata directory not provided
I0920 01:06:46.457060 233 fs_manager.cc:268] Using write-ahead log directory (fs_wal_dir) as metadata directory
I0920 01:06:46.457938 233 fs_manager.cc:608] Generated new instance metadata in path /tmp/dist-test-taskEr7w4V/test-tmp/raft_consensus_quorum-test.0.RaftConsensusQuorumTest.TestReplicasEnforceTheLogMatchingProperty.1568941567107070-233/peer-1-root/instance: uuid: "45f91d7a874b41e4bb3ffec9847435f1" format_stamp: "Formatted at 2019-09-20 01:06:46 on dist-test-slave-dist-test-slave-9x72"
I0920 01:06:46.466230 233 fs_manager.cc:509] Time spent creating directory manager: real 0.008s user 0.009s sys 0.000s
I0920 01:06:46.467473 233 file_cache.cc:465] Constructed file cache lbm with capacity 419430
I0920 01:06:46.474175 233 fs_report.cc:352] FS layout report -------------------- wal directory: metadata directory: 1 data directories: /tmp/dist-test-taskEr7w4V/test-tmp/raft_consensus_quorum-test.0.RaftConsensusQuorumTest.TestReplicasEnforceTheLogMatchingProperty.1568941567107070-233/peer-1-root/data Total live blocks: 0 Total live bytes: 0 Total live bytes (after alignment): 0 Total number of LBM containers: 0 (0 full) Did not check for missing blocks Did not check for orphaned blocks Total full LBM containers with extra space: 0 (0 repaired) Total full LBM container extra space in bytes: 0 (0 repaired) Total incomplete LBM containers: 0 (0 repaired) Total LBM partial records: 0 (0 repaired)
I0920 01:06:46.474551 233 fs_manager.cc:425] Time spent opening block manager: real 0.002s user 0.001s sys 0.000s
I0920 01:06:46.474681 233 fs_manager.cc:442] Opened local filesystem: /tmp/dist-test-taskEr7w4V/test-tmp/raft_consensus_quorum-test.0.RaftConsensusQuorumTest.TestReplicasEnforceTheLogMatchingProperty.1568941567107070-233/peer-1-root uuid: "45f91d7a874b41e4bb3ffec9847435f1" format_stamp: "Formatted at 2019-09-20 01:06:46 on dist-test-slave-dist-test-slave-9x72"
I0920 01:06:46.482580 233 fs_manager.cc:262] Metadata directory not provided
I0920 01:06:46.482750 233 fs_manager.cc:268] Using write-ahead log directory (fs_wal_dir) as metadata directory
I0920 01:06:46.483644 233 fs_manager.cc:608] Generated new instance metadata in path /tmp/dist-test-taskEr7w4V/test-tmp/raft_consensus_quorum-test.0.RaftConsensusQuorumTest.TestReplicasEnforceTheLogMatchingProperty.1568941567107070-233/peer-2-root/instance: uuid: "8e0a460f53bb477d9a43f8bd1a730cdb" format_stamp: "Formatted at 2019-09-20 01:06:46 on dist-test-slave-dist-test-slave-9x72"
I0920 01:06:46.492123 233 fs_manager.cc:509] Time spent creating directory manager: real 0.008s user 0.003s sys 0.005s
I0920 01:06:46.493366 233 file_cache.cc:465] Constructed file cache lbm with capacity 419430
I0920 01:06:46.500146 233 fs_report.cc:352] FS layout report -------------------- wal directory: metadata directory: 1 data directories: /tmp/dist-test-taskEr7w4V/test-tmp/raft_consensus_quorum-test.0.RaftConsensusQuorumTest.TestReplicasEnforceTheLogMatchingProperty.1568941567107070-233/peer-2-root/data Total live blocks: 0 Total live bytes: 0 Total live bytes (after alignment): 0 Total number of LBM containers: 0 (0 full) Did not check for missing blocks Did not check for orphaned blocks Total full LBM containers with extra space: 0 (0 repaired) Total full LBM container extra space in bytes: 0 (0 repaired) Total incomplete LBM containers: 0 (0 repaired) Total LBM partial records: 0 (0 repaired)
I0920 01:06:46.500538 233 fs_manager.cc:425] Time spent opening block manager: real 0.002s user 0.000s sys 0.001s
I0920 01:06:46.500669 233 fs_manager.cc:442] Opened local filesystem: /tmp/dist-test-taskEr7w4V/test-tmp/raft_consensus_quorum-test.0.RaftConsensusQuorumTest.TestReplicasEnforceTheLogMatchingProperty.1568941567107070-233/peer-2-root uuid: "8e0a460f53bb477d9a43f8bd1a730cdb" format_stamp: "Formatted at 2019-09-20 01:06:46 on dist-test-slave-dist-test-slave-9x72"
I0920 01:06:46.516629 233 raft_consensus.cc:340] T TestTablet P 3803c4211ba8401195e5a0c33aefbf99 [term 0 FOLLOWER]: Replica starting. Triggering 0 pending transactions. Active config: opid_index: -1 peers { permanent_uuid: "3803c4211ba8401195e5a0c33aefbf99" member_type: VOTER last_known_addr { host: "peer-0.fake-domain-for-tests" port: 0 } } peers { permanent_uuid: "45f91d7a874b41e4bb3ffec9847435f1" member_type: VOTER last_known_addr { host: "peer-1.fake-domain-for-tests" port: 0 } } peers { permanent_uuid: "8e0a460f53bb477d9a43f8bd1a730cdb" member_type: VOTER last_known_addr { host: "peer-2.fake-domain-for-tests" port: 0 } }
I0920 01:06:46.517081 233 raft_consensus.cc:705] T TestTablet P 3803c4211ba8401195e5a0c33aefbf99 [term 0 FOLLOWER]: Becoming Follower/Learner. State: Replica: 3803c4211ba8401195e5a0c33aefbf99, State: Initialized, Role: FOLLOWER
I0920 01:06:46.517402 233 consensus_queue.cc:229] T TestTablet P 3803c4211ba8401195e5a0c33aefbf99 [NON_LEADER]: Queue going to NON_LEADER mode. State: All replicated index: 0, Majority replicated index: 0, Committed index: 0, Last appended: 0.0, Last appended by leader: 0, Current term: 0, Majority size: -1, State: 0, Mode: NON_LEADER, active raft config: opid_index: -1 peers { permanent_uuid: "3803c4211ba8401195e5a0c33aefbf99" member_type: VOTER last_known_addr { host: "peer-0.fake-domain-for-tests" port: 0 } } peers { permanent_uuid: "45f91d7a874b41e4bb3ffec9847435f1" member_type: VOTER last_known_addr { host: "peer-1.fake-domain-for-tests" port: 0 } } peers { permanent_uuid: "8e0a460f53bb477d9a43f8bd1a730cdb" member_type: VOTER last_known_addr { host: "peer-2.fake-domain-for-tests" port: 0 } }
I0920 01:06:46.522866 233 raft_consensus.cc:340] T TestTablet P 45f91d7a874b41e4bb3ffec9847435f1 [term 0 FOLLOWER]: Replica starting. Triggering 0 pending transactions. Active config: opid_index: -1 peers { permanent_uuid: "3803c4211ba8401195e5a0c33aefbf99" member_type: VOTER last_known_addr { host: "peer-0.fake-domain-for-tests" port: 0 } } peers { permanent_uuid: "45f91d7a874b41e4bb3ffec9847435f1" member_type: VOTER last_known_addr { host: "peer-1.fake-domain-for-tests" port: 0 } } peers { permanent_uuid: "8e0a460f53bb477d9a43f8bd1a730cdb" member_type: VOTER last_known_addr { host: "peer-2.fake-domain-for-tests" port: 0 } }
I0920 01:06:46.523365 233 raft_consensus.cc:705] T TestTablet P 45f91d7a874b41e4bb3ffec9847435f1 [term 0 FOLLOWER]: Becoming Follower/Learner. State: Replica: 45f91d7a874b41e4bb3ffec9847435f1, State: Initialized, Role: FOLLOWER
I0920 01:06:46.523658 233 consensus_queue.cc:229] T TestTablet P 45f91d7a874b41e4bb3ffec9847435f1 [NON_LEADER]: Queue going to NON_LEADER mode. State: All replicated index: 0, Majority replicated index: 0, Committed index: 0, Last appended: 0.0, Last appended by leader: 0, Current term: 0, Majority size: -1, State: 0, Mode: NON_LEADER, active raft config: opid_index: -1 peers { permanent_uuid: "3803c4211ba8401195e5a0c33aefbf99" member_type: VOTER last_known_addr { host: "peer-0.fake-domain-for-tests" port: 0 } } peers { permanent_uuid: "45f91d7a874b41e4bb3ffec9847435f1" member_type: VOTER last_known_addr { host: "peer-1.fake-domain-for-tests" port: 0 } } peers { permanent_uuid: "8e0a460f53bb477d9a43f8bd1a730cdb" member_type: VOTER last_known_addr { host: "peer-2.fake-domain-for-tests" port: 0 } }
I0920 01:06:46.528822 233 raft_consensus.cc:340] T TestTablet P 8e0a460f53bb477d9a43f8bd1a730cdb [term 0 FOLLOWER]: Replica starting. Triggering 0 pending transactions. Active config: opid_index: -1 peers { permanent_uuid: "3803c4211ba8401195e5a0c33aefbf99" member_type: VOTER last_known_addr { host: "peer-0.fake-domain-for-tests" port: 0 } } peers { permanent_uuid: "45f91d7a874b41e4bb3ffec9847435f1" member_type: VOTER last_known_addr { host: "peer-1.fake-domain-for-tests" port: 0 } } peers { permanent_uuid: "8e0a460f53bb477d9a43f8bd1a730cdb" member_type: VOTER last_known_addr { host: "peer-2.fake-domain-for-tests" port: 0 } }
I0920 01:06:46.529234 233 raft_consensus.cc:705] T TestTablet P 8e0a460f53bb477d9a43f8bd1a730cdb [term 0 FOLLOWER]: Becoming Follower/Learner. State: Replica: 8e0a460f53bb477d9a43f8bd1a730cdb, State: Initialized, Role: FOLLOWER
I0920 01:06:46.529526 233 consensus_queue.cc:229] T TestTablet P 8e0a460f53bb477d9a43f8bd1a730cdb [NON_LEADER]: Queue going to NON_LEADER mode. State: All replicated index: 0, Majority replicated index: 0, Committed index: 0, Last appended: 0.0, Last appended by leader: 0, Current term: 0, Majority size: -1, State: 0, Mode: NON_LEADER, active raft config: opid_index: -1 peers { permanent_uuid: "3803c4211ba8401195e5a0c33aefbf99" member_type: VOTER last_known_addr { host: "peer-0.fake-domain-for-tests" port: 0 } } peers { permanent_uuid: "45f91d7a874b41e4bb3ffec9847435f1" member_type: VOTER last_known_addr { host: "peer-1.fake-domain-for-tests" port: 0 } } peers { permanent_uuid: "8e0a460f53bb477d9a43f8bd1a730cdb" member_type: VOTER last_known_addr { host: "peer-2.fake-domain-for-tests" port: 0 } }
I0920 01:06:46.530087 233 raft_consensus.cc:405] T TestTablet P 8e0a460f53bb477d9a43f8bd1a730cdb [term 0 FOLLOWER]: Emulating election...
I0920 01:06:46.530252 233 raft_consensus.cc:2890] T TestTablet P 8e0a460f53bb477d9a43f8bd1a730cdb [term 0 FOLLOWER]: Advancing to term 1
W0920 01:06:47.272233 233 consensus_meta.cc:220] T TestTablet P 8e0a460f53bb477d9a43f8bd1a730cdb: Time spent flushing consensus metadata: real 0.742s user 0.003s sys 0.002s
I0920 01:06:47.273285 233 raft_consensus.cc:667] T TestTablet P 8e0a460f53bb477d9a43f8bd1a730cdb [term 1 LEADER]: Becoming Leader. State: Replica: 8e0a460f53bb477d9a43f8bd1a730cdb, State: Running, Role: LEADER
