I0918 20:39:00.389575 23750 tablet_service.cc:1295] Received RequestConsensusVote() RPC: tablet_id: "00000000000000000000000000000000" candidate_uuid: "5149d1f41d644da7ad63a91236c71d5b" candidate_term: 1 candidate_status { last_received { term: 0 index: 0 } } ignore_live_leader: false dest_uuid: "120945e9b78f41feaa64417f83cdee59" is_pre_election: true
I0918 20:39:00.389583 23636 tablet_service.cc:1295] Received RequestConsensusVote() RPC: tablet_id: "00000000000000000000000000000000" candidate_uuid: "5149d1f41d644da7ad63a91236c71d5b" candidate_term: 1 candidate_status { last_received { term: 0 index: 0 } } ignore_live_leader: false dest_uuid: "9677e12125ca44d483fd9cab2182a2a0" is_pre_election: true
I0918 20:39:00.390314 23750 raft_consensus.cc:2350] T 00000000000000000000000000000000 P 120945e9b78f41feaa64417f83cdee59 [term 0 FOLLOWER]: Leader pre-election vote request: Granting yes vote for candidate 5149d1f41d644da7ad63a91236c71d5b in term 0.
I0918 20:39:00.390396 23636 raft_consensus.cc:2350] T 00000000000000000000000000000000 P 9677e12125ca44d483fd9cab2182a2a0 [term 0 FOLLOWER]: Leader pre-election vote request: Granting yes vote for candidate 5149d1f41d644da7ad63a91236c71d5b in term 0.
I0918 20:39:00.391335 23664 leader_election.cc:310] T 00000000000000000000000000000000 P 5149d1f41d644da7ad63a91236c71d5b [CANDIDATE]: Term 1 pre-election: Election decided. Result: candidate won. Election summary: received 2 responses out of 3 voters: 2 yes votes; 0 no votes. yes voters: 120945e9b78f41feaa64417f83cdee59, 5149d1f41d644da7ad63a91236c71d5b; no voters:
I0918 20:39:00.392074 23784 raft_consensus.cc:2644] T 00000000000000000000000000000000 P 5149d1f41d644da7ad63a91236c71d5b [term 0 FOLLOWER]: Leader pre-election won for term 1
I0918 20:39:00.392388 23784 raft_consensus.cc:472] T 00000000000000000000000000000000 P 5149d1f41d644da7ad63a91236c71d5b [term 0 FOLLOWER]: Starting leader election (no leader contacted us within the election timeout)
I0918 20:39:00.392642 23784 raft_consensus.cc:2890] T 00000000000000000000000000000000 P 5149d1f41d644da7ad63a91236c71d5b [term 0 FOLLOWER]: Advancing to term 1
I0918 20:39:00.395967 19320 fs_manager.cc:503] Time spent creating directory manager: real 0.012s user 0.011s sys 0.001s
I0918 20:39:00.397183 23784 raft_consensus.cc:494] T 00000000000000000000000000000000 P 5149d1f41d644da7ad63a91236c71d5b [term 1 FOLLOWER]: Starting leader election with config: opid_index: -1 OBSOLETE_local: false peers { permanent_uuid: "9677e12125ca44d483fd9cab2182a2a0" member_type: VOTER last_known_addr { host: "127.18.222.62" port: 34677 } } peers { permanent_uuid: "5149d1f41d644da7ad63a91236c71d5b" member_type: VOTER last_known_addr { host: "127.18.222.61" port: 33575 } } peers { permanent_uuid: "120945e9b78f41feaa64417f83cdee59" member_type: VOTER last_known_addr { host: "127.18.222.60" port: 32807 } }
I0918 20:39:00.397598 19320 file_cache.cc:465] Constructed file cache lbm with capacity 419430
I0918 20:39:00.398555 23784 leader_election.cc:296] T 00000000000000000000000000000000 P 5149d1f41d644da7ad63a91236c71d5b [CANDIDATE]: Term 1 election: Requested vote from peers 9677e12125ca44d483fd9cab2182a2a0 (127.18.222.62:34677), 120945e9b78f41feaa64417f83cdee59 (127.18.222.60:32807)
I0918 20:39:00.399593 23750 tablet_service.cc:1295] Received RequestConsensusVote() RPC: tablet_id: "00000000000000000000000000000000" candidate_uuid: "5149d1f41d644da7ad63a91236c71d5b" candidate_term: 1 candidate_status { last_received { term: 0 index: 0 } } ignore_live_leader: false dest_uuid: "120945e9b78f41feaa64417f83cdee59"
I0918 20:39:00.399588 23636 tablet_service.cc:1295] Received RequestConsensusVote() RPC: tablet_id: "00000000000000000000000000000000" candidate_uuid: "5149d1f41d644da7ad63a91236c71d5b" candidate_term: 1 candidate_status { last_received { term: 0 index: 0 } } ignore_live_leader: false dest_uuid: "9677e12125ca44d483fd9cab2182a2a0"
I0918 20:39:00.400442 23750 raft_consensus.cc:2890] T 00000000000000000000000000000000 P 120945e9b78f41feaa64417f83cdee59 [term 0 FOLLOWER]: Advancing to term 1
I0918 20:39:00.400492 23636 raft_consensus.cc:2890] T 00000000000000000000000000000000 P 9677e12125ca44d483fd9cab2182a2a0 [term 0 FOLLOWER]: Advancing to term 1
I0918 20:39:00.406603 23750 raft_consensus.cc:2350] T 00000000000000000000000000000000 P 120945e9b78f41feaa64417f83cdee59 [term 1 FOLLOWER]: Leader election vote request: Granting yes vote for candidate 5149d1f41d644da7ad63a91236c71d5b in term 1.
I0918 20:39:00.406599 23636 raft_consensus.cc:2350] T 00000000000000000000000000000000 P 9677e12125ca44d483fd9cab2182a2a0 [term 1 FOLLOWER]: Leader election vote request: Granting yes vote for candidate 5149d1f41d644da7ad63a91236c71d5b in term 1.
I0918 20:39:00.408080 19320 fs_manager.cc:419] Time spent opening block manager: real 0.003s user 0.002s sys 0.001s
I0918 20:39:00.408115 23664 leader_election.cc:310] T 00000000000000000000000000000000 P 5149d1f41d644da7ad63a91236c71d5b [CANDIDATE]: Term 1 election: Election decided. Result: candidate won. Election summary: received 2 responses out of 3 voters: 2 yes votes; 0 no votes. yes voters: 120945e9b78f41feaa64417f83cdee59, 5149d1f41d644da7ad63a91236c71d5b; no voters:
I0918 20:39:00.408466 19320 fs_manager.cc:436] Opened local filesystem: /tmp/dist-test-task6lCVqo/test-tmp/ksck_remote-test.0.RemoteKsckTest.TestChecksumSnapshotLastingLongerThanAHM.1568839089958813-19320/minicluster-data/ts-0-root uuid: "0b23c65819784c9d8689114664470d10" format_stamp: "Formatted at 2019-09-18 20:39:00 on dist-test-slave-dist-test-slave-85lk"
I0918 20:39:00.408777 19320 fs_report.cc:352] FS layout report -------------------- wal directory: /tmp/dist-test-task6lCVqo/test-tmp/ksck_remote-test.0.RemoteKsckTest.TestChecksumSnapshotLastingLongerThanAHM.1568839089958813-19320/minicluster-data/ts-0-root metadata directory: /tmp/dist-test-task6lCVqo/test-tmp/ksck_remote-test.0.RemoteKsckTest.TestChecksumSnapshotLastingLongerThanAHM.1568839089958813-19320/minicluster-data/ts-0-root 1 data directories: /tmp/dist-test-task6lCVqo/test-tmp/ksck_remote-test.0.RemoteKsckTest.TestChecksumSnapshotLastingLongerThanAHM.1568839089958813-19320/minicluster-data/ts-0-root/data Total live blocks: 0 Total live bytes: 0 Total live bytes (after alignment): 0 Total number of LBM containers: 0 (0 full) Did not check for missing blocks Did not check for orphaned blocks Total full LBM containers with extra space: 0 (0 repaired) Total full LBM container extra space in bytes: 0 (0 repaired) Total incomplete LBM containers: 0 (0 repaired) Total LBM partial records: 0 (0 repaired)
I0918 20:39:00.409024 23784 raft_consensus.cc:2644] T 00000000000000000000000000000000 P 5149d1f41d644da7ad63a91236c71d5b [term 1 FOLLOWER]: Leader election won for term 1
I0918 20:39:00.410360 23784 raft_consensus.cc:667] T 00000000000000000000000000000000 P 5149d1f41d644da7ad63a91236c71d5b [term 1 LEADER]: Becoming Leader. State: Replica: 5149d1f41d644da7ad63a91236c71d5b, State: Running, Role: LEADER
I0918 20:39:00.410992 23784 consensus_queue.cc:206] T 00000000000000000000000000000000 P 5149d1f41d644da7ad63a91236c71d5b [LEADER]: Queue going to LEADER mode. State: All replicated index: 0, Majority replicated index: 0, Committed index: 0, Last appended: 0.0, Last appended by leader: 0, Current term: 1, Majority size: 2, State: 0, Mode: LEADER, active raft config: opid_index: -1 OBSOLETE_local: false peers { permanent_uuid: "9677e12125ca44d483fd9cab2182a2a0" member_type: VOTER last_known_addr { host: "127.18.222.62" port: 34677 } } peers { permanent_uuid: "5149d1f41d644da7ad63a91236c71d5b" member_type: VOTER last_known_addr { host: "127.18.222.61" port: 33575 } } peers { permanent_uuid: "120945e9b78f41feaa64417f83cdee59" member_type: VOTER last_known_addr { host: "127.18.222.60" port: 32807 } }
I0918 20:39:00.415360 23788 sys_catalog.cc:340] T 00000000000000000000000000000000 P 5149d1f41d644da7ad63a91236c71d5b [sys.catalog]: SysCatalogTable state changed. Reason: New leader 5149d1f41d644da7ad63a91236c71d5b. Latest consensus state: current_term: 1 leader_uuid: "5149d1f41d644da7ad63a91236c71d5b" committed_config { opid_index: -1 OBSOLETE_local: false peers { permanent_uuid: "9677e12125ca44d483fd9cab2182a2a0" member_type: VOTER last_known_addr { host: "127.18.222.62" port: 34677 } } peers { permanent_uuid: "5149d1f41d644da7ad63a91236c71d5b" member_type: VOTER last_known_addr { host: "127.18.222.61" port: 33575 } } peers { permanent_uuid: "120945e9b78f41feaa64417f83cdee59" member_type: VOTER last_known_addr { host: "127.18.222.60" port: 32807 } } }
I0918 20:39:00.416164 23788 sys_catalog.cc:343] T 00000000000000000000000000000000 P 5149d1f41d644da7ad63a91236c71d5b [sys.catalog]: This master's current role is: LEADER
I0918 20:39:00.420756 23794 catalog_manager.cc:1086] Loading table and tablet metadata into memory...
I0918 20:39:00.423362 23794 catalog_manager.cc:1097] Initializing Kudu internal certificate authority...
I0918 20:39:00.442567 19320 ts_tablet_manager.cc:383] Loaded tablet metadata (0 total tablets, 0 live tablets)
I0918 20:39:00.442757 19320 ts_tablet_manager.cc:403] Registered 0 tablets
I0918 20:39:00.497296 23636 raft_consensus.cc:1184] T 00000000000000000000000000000000 P 9677e12125ca44d483fd9cab2182a2a0 [term 1 FOLLOWER]: Refusing update from remote peer 5149d1f41d644da7ad63a91236c71d5b: Log matching property violated. Preceding OpId in replica: term: 0 index: 0. Preceding OpId from leader: term: 1 index: 2. (index mismatch)
I0918 20:39:00.497597 23750 raft_consensus.cc:1184] T 00000000000000000000000000000000 P 120945e9b78f41feaa64417f83cdee59 [term 1 FOLLOWER]: Refusing update from remote peer 5149d1f41d644da7ad63a91236c71d5b: Log matching property violated. Preceding OpId in replica: term: 0 index: 0. Preceding OpId from leader: term: 1 index: 2. (index mismatch)
I0918 20:39:00.499464 23788 consensus_queue.cc:984] T 00000000000000000000000000000000 P 5149d1f41d644da7ad63a91236c71d5b [LEADER]: Connected to new peer: Peer: permanent_uuid: "9677e12125ca44d483fd9cab2182a2a0" member_type: VOTER last_known_addr { host: "127.18.222.62" port: 34677 }, Status: LMP_MISMATCH, Last received: 0.0, Next index: 1, Last known committed idx: 0, Time since last communication: 0.001s
I0918 20:39:00.500878 23784 consensus_queue.cc:984] T 00000000000000000000000000000000 P 5149d1f41d644da7ad63a91236c71d5b [LEADER]: Connected to new peer: Peer: permanent_uuid: "120945e9b78f41feaa64417f83cdee59" member_type: VOTER last_known_addr { host: "127.18.222.60" port: 32807 }, Status: LMP_MISMATCH, Last received: 0.0, Next index: 1, Last known committed idx: 0, Time since last communication: 0.000s
I0918 20:39:00.514757 23782 sys_catalog.cc:340] T 00000000000000000000000000000000 P 9677e12125ca44d483fd9cab2182a2a0 [sys.catalog]: SysCatalogTable state changed. Reason: New leader 5149d1f41d644da7ad63a91236c71d5b. Latest consensus state: current_term: 1 leader_uuid: "5149d1f41d644da7ad63a91236c71d5b" committed_config { opid_index: -1 OBSOLETE_local: false peers { permanent_uuid: "9677e12125ca44d483fd9cab2182a2a0" member_type: VOTER last_known_addr { host: "127.18.222.62" port: 34677 } } peers { permanent_uuid: "5149d1f41d644da7ad63a91236c71d5b" member_type: VOTER last_known_addr { host: "127.18.222.61" port: 33575 } } peers { permanent_uuid: "120945e9b78f41feaa64417f83cdee59" member_type: VOTER last_known_addr { host: "127.18.222.60" port: 32807 } } }
I0918 20:39:00.516440 23782 sys_catalog.cc:343] T 00000000000000000000000000000000 P 9677e12125ca44d483fd9cab2182a2a0 [sys.catalog]: This master's current role is: FOLLOWER
I0918 20:39:00.519803 23778 sys_catalog.cc:340] T 00000000000000000000000000000000 P 120945e9b78f41feaa64417f83cdee59 [sys.catalog]: SysCatalogTable state changed. Reason: New leader 5149d1f41d644da7ad63a91236c71d5b. Latest consensus state: current_term: 1 leader_uuid: "5149d1f41d644da7ad63a91236c71d5b" committed_config { opid_index: -1 OBSOLETE_local: false peers { permanent_uuid: "9677e12125ca44d483fd9cab2182a2a0" member_type: VOTER last_known_addr { host: "127.18.222.62" port: 34677 } } peers { permanent_uuid: "5149d1f41d644da7ad63a91236c71d5b" member_type: VOTER last_known_addr { host: "127.18.222.61" port: 33575 } } peers { permanent_uuid: "120945e9b78f41feaa64417f83cdee59" member_type: VOTER last_known_addr { host: "127.18.222.60" port: 32807 } } }
I0918 20:39:00.520486 23778 sys_catalog.cc:343] T 00000000000000000000000000000000 P 120945e9b78f41feaa64417f83cdee59 [sys.catalog]: This master's current role is: FOLLOWER
I0918 20:39:00.527209 23788 sys_catalog.cc:340] T 00000000000000000000000000000000 P 5149d1f41d644da7ad63a91236c71d5b [sys.catalog]: SysCatalogTable state changed. Reason: Peer health change. Latest consensus state: current_term: 1 leader_uuid: "5149d1f41d644da7ad63a91236c71d5b" committed_config { opid_index: -1 OBSOLETE_local: false peers { permanent_uuid: "9677e12125ca44d483fd9cab2182a2a0" member_type: VOTER last_known_addr { host: "127.18.222.62" port: 34677 } } peers { permanent_uuid: "5149d1f41d644da7ad63a91236c71d5b" member_type: VOTER last_known_addr { host: "127.18.222.61" port: 33575 } } peers { permanent_uuid: "120945e9b78f41feaa64417f83cdee59" member_type: VOTER last_known_addr { host: "127.18.222.60" port: 32807 } } }
I0918 20:39:00.528254 23788 sys_catalog.cc:343] T 00000000000000000000000000000000 P 5149d1f41d644da7ad63a91236c71d5b [sys.catalog]: This master's current role is: LEADER
I0918 20:39:00.531761 23782 sys_catalog.cc:340] T 00000000000000000000000000000000 P 9677e12125ca44d483fd9cab2182a2a0 [sys.catalog]: SysCatalogTable state changed. Reason: Replicated consensus-only round. Latest consensus state: current_term: 1 leader_uuid: "5149d1f41d644da7ad63a91236c71d5b" committed_config { opid_index: -1 OBSOLETE_local: false peers { permanent_uuid: "9677e12125ca44d483fd9cab2182a2a0" member_type: VOTER last_known_addr { host: "127.18.222.62" port: 34677 } } peers { permanent_uuid: "5149d1f41d644da7ad63a91236c71d5b" member_type: VOTER last_known_addr { host: "127.18.222.61" port: 33575 } } peers { permanent_uuid: "120945e9b78f41feaa64417f83cdee59" member_type: VOTER last_known_addr { host: "127.18.222.60" port: 32807 } } }
I0918 20:39:00.531882 23788 sys_catalog.cc:340] T 00000000000000000000000000000000 P 5149d1f41d644da7ad63a91236c71d5b [sys.catalog]: SysCatalogTable state changed. Reason: Peer health change. Latest consensus state: current_term: 1 leader_uuid: "5149d1f41d644da7ad63a91236c71d5b" committed_config { opid_index: -1 OBSOLETE_local: false peers { permanent_uuid: "9677e12125ca44d483fd9cab2182a2a0" member_type: VOTER last_known_addr { host: "127.18.222.62" port: 34677 } } peers { permanent_uuid: "5149d1f41d644da7ad63a91236c71d5b" member_type: VOTER last_known_addr { host: "127.18.222.61" port: 33575 } } peers { permanent_uuid: "120945e9b78f41feaa64417f83cdee59" member_type: VOTER last_known_addr { host: "127.18.222.60" port: 32807 } } }
I0918 20:39:00.532768 23782 sys_catalog.cc:343] T 00000000000000000000000000000000 P 9677e12125ca44d483fd9cab2182a2a0 [sys.catalog]: This master's current role is: FOLLOWER
I0918 20:39:00.532996 23788 sys_catalog.cc:343] T 00000000000000000000000000000000 P 5149d1f41d644da7ad63a91236c71d5b [sys.catalog]: This master's current role is: LEADER
I0918 20:39:00.533416 23794 catalog_manager.cc:981] Generated new certificate authority record
I0918 20:39:00.535457 23794 catalog_manager.cc:1106] Loading token signing keys...
I0918 20:39:00.552768 23778 sys_catalog.cc:340] T 00000000000000000000000000000000 P 120945e9b78f41feaa64417f83cdee59 [sys.catalog]: SysCatalogTable state changed. Reason: Replicated consensus-only round. Latest consensus state: current_term: 1 leader_uuid: "5149d1f41d644da7ad63a91236c71d5b" committed_config { opid_index: -1 OBSOLETE_local: false peers { permanent_uuid: "9677e12125ca44d483fd9cab2182a2a0" member_type: VOTER last_known_addr { host: "127.18.222.62" port: 34677 } } peers { permanent_uuid: "5149d1f41d644da7ad63a91236c71d5b" member_type: VOTER last_known_addr { host: "127.18.222.61" port: 33575 } } peers { permanent_uuid: "120945e9b78f41feaa64417f83cdee59" member_type: VOTER last_known_addr { host: "127.18.222.60" port: 32807 } } }
I0918 20:39:00.553932 23778 sys_catalog.cc:343] T 00000000000000000000000000000000 P 120945e9b78f41feaa64417f83cdee59 [sys.catalog]: This master's current role is: FOLLOWER
I0918 20:39:00.565065 23794 catalog_manager.cc:4446] T 00000000000000000000000000000000 P 5149d1f41d644da7ad63a91236c71d5b: Generated new TSK 0
I0918 20:39:00.565980 23794 catalog_manager.cc:1116] Initializing in-progress tserver states...
I0918 20:39:00.587496 19320 rpc_server.cc:205] RPC server started. Bound to: 127.18.222.1:43635
I0918 20:39:00.589962 19320 webserver.cc:374] Webserver started at http://127.18.222.1:42437/ using document root and password file
I0918 20:39:00.624997 23863 heartbeater.cc:322] Connected to a master server at 127.18.222.60:32807
I0918 20:39:00.625505 23863 heartbeater.cc:406] Registering TS with master...
I0918 20:39:00.626243 23863 heartbeater.cc:455] Master 127.18.222.60:32807 requested a full tablet report, sending...
I0918 20:39:00.629644 23740 ts_manager.cc:186] Registered new tserver with Master: 0b23c65819784c9d8689114664470d10 (127.18.222.1:43635)
I0918 20:39:00.630059 23864 heartbeater.cc:322] Connected to a master server at 127.18.222.61:33575
I0918 20:39:00.630493 23864 heartbeater.cc:406] Registering TS with master...
I0918 20:39:00.631126 23864 heartbeater.cc:455] Master 127.18.222.61:33575 requested a full tablet report, sending...
I0918 20:39:00.631749 23865 heartbeater.cc:322] Connected to a master server at 127.18.222.62:34677
I0918 20:39:00.632110 23865 heartbeater.cc:406] Registering TS with master...
I0918 20:39:00.632750 23865 heartbeater.cc:455] Master 127.18.222.62:34677 requested a full tablet report, sending...
I0918 20:39:00.633217 23683 ts_manager.cc:186] Registered new tserver with Master: 0b23c65819784c9d8689114664470d10 (127.18.222.1:43635)
I0918 20:39:00.635639 23626 ts_manager.cc:186] Registered new tserver with Master: 0b23c65819784c9d8689114664470d10 (127.18.222.1:43635)
I0918 20:39:00.636413 23683 master_service.cc:276] Signed X509 certificate for tserver {username='slave'} at 127.0.0.1:41052
I0918 20:39:00.640005 19320 system_ntp.cc:193] NTP initialized. Skew: 500ppm Current error: 147592us
I0918 20:39:00.640425 19320 fs_manager.cc:263] Metadata directory not provided
I0918 20:39:00.640601 19320 fs_manager.cc:269] Using write-ahead log directory (fs_wal_dir) as metadata directory
I0918 20:39:00.640853 19320 server_base.cc:452] Could not load existing FS layout: Not found: could not find a healthy instance file
I0918 20:39:00.641027 19320 server_base.cc:453] Attempting to create new FS layout instead
I0918 20:39:00.642784 19320 fs_manager.cc:602] Generated new instance metadata in path /tmp/dist-test-task6lCVqo/test-tmp/ksck_remote-test.0.RemoteKsckTest.TestChecksumSnapshotLastingLongerThanAHM.1568839089958813-19320/minicluster-data/ts-1-root/instance: uuid: "37fb4dcf66be4d2298262038652468bd" format_stamp: "Formatted at 2019-09-18 20:39:00 on dist-test-slave-dist-test-slave-85lk"
I0918 20:39:00.649509 23864 heartbeater.cc:447] Master 127.18.222.61:33575 was elected leader, sending a full tablet report...
I0918 20:39:00.654570 19320 fs_manager.cc:503] Time spent creating directory manager: real 0.011s user 0.005s sys 0.008s
I0918 20:39:00.656694 19320 file_cache.cc:465] Constructed file cache lbm with capacity 419430
I0918 20:39:00.666221 19320 fs_manager.cc:419] Time spent opening block manager: real 0.001s user 0.001s sys 0.000s
I0918 20:39:00.666453 19320 fs_manager.cc:436] Opened local filesystem: /tmp/dist-test-task6lCVqo/test-tmp/ksck_remote-test.0.RemoteKsckTest.TestChecksumSnapshotLastingLongerThanAHM.1568839089958813-19320/minicluster-data/ts-1-root uuid: "37fb4dcf66be4d2298262038652468bd" format_stamp: "Formatted at 2019-09-18 20:39:00 on dist-test-slave-dist-test-slave-85lk"
I0918 20:39:00.666718 19320 fs_report.cc:352] FS layout report -------------------- wal directory: /tmp/dist-test-task6lCVqo/test-tmp/ksck_remote-test.0.RemoteKsckTest.TestChecksumSnapshotLastingLongerThanAHM.1568839089958813-19320/minicluster-data/ts-1-root metadata directory: /tmp/dist-test-task6lCVqo/test-tmp/ksck_remote-test.0.RemoteKsckTest.TestChecksumSnapshotLastingLongerThanAHM.1568839089958813-19320/minicluster-data/ts-1-root 1 data directories: /tmp/dist-test-task6lCVqo/test-tmp/ksck_remote-test.0.RemoteKsckTest.TestChecksumSnapshotLastingLongerThanAHM.1568839089958813-19320/minicluster-data/ts-1-root/data Total live blocks: 0 Total live bytes: 0 Total live bytes (after alignment): 0 Total number of LBM containers: 0 (0 full) Did not check for missing blocks Did not check for orphaned blocks Total full LBM containers with extra space: 0 (0 repaired) Total full LBM container extra space in bytes: 0 (0 repaired) Total incomplete LBM containers: 0 (0 repaired) Total LBM partial records: 0 (0 repaired)
I0918 20:39:00.736974 19320 ts_tablet_manager.cc:383] Loaded tablet metadata (0 total tablets, 0 live tablets)
I0918 20:39:00.737200 19320 ts_tablet_manager.cc:403] Registered 0 tablets
I0918 20:39:00.783414 19320 rpc_server.cc:205] RPC server started. Bound to: 127.18.222.2:37641
I0918 20:39:00.785318 19320 webserver.cc:374] Webserver started at http://127.18.222.2:45629/ using document root and password file
I0918 20:39:00.814152 23934 heartbeater.cc:322] Connected to a master server at 127.18.222.60:32807
I0918 20:39:00.814558 23934 heartbeater.cc:406] Registering TS with master...
I0918 20:39:00.815229 23934 heartbeater.cc:455] Master 127.18.222.60:32807 requested a full tablet report, sending...
I0918 20:39:00.820333 23740 ts_manager.cc:186] Registered new tserver with Master: 37fb4dcf66be4d2298262038652468bd (127.18.222.2:37641)
I0918 20:39:00.825951 23935 heartbeater.cc:322] Connected to a master server at 127.18.222.61:33575
I0918 20:39:00.826081 19320 system_ntp.cc:193] NTP initialized. Skew: 500ppm Current error: 147592us
I0918 20:39:00.826534 23935 heartbeater.cc:406] Registering TS with master...
I0918 20:39:00.826843 19320 fs_manager.cc:263] Metadata directory not provided
I0918 20:39:00.827152 19320 fs_manager.cc:269] Using write-ahead log directory (fs_wal_dir) as metadata directory
I0918 20:39:00.827450 19320 server_base.cc:452] Could not load existing FS layout: Not found: could not find a healthy instance file
I0918 20:39:00.827349 23935 heartbeater.cc:455] Master 127.18.222.61:33575 requested a full tablet report, sending...
I0918 20:39:00.827770 19320 server_base.cc:453] Attempting to create new FS layout instead
I0918 20:39:00.828757 23937 heartbeater.cc:322] Connected to a master server at 127.18.222.62:34677
I0918 20:39:00.829083 23937 heartbeater.cc:406] Registering TS with master...
I0918 20:39:00.829491 23937 heartbeater.cc:455] Master 127.18.222.62:34677 requested a full tablet report, sending...
I0918 20:39:00.829413 19320 fs_manager.cc:602] Generated new instance metadata in path /tmp/dist-test-task6lCVqo/test-tmp/ksck_remote-test.0.RemoteKsckTest.TestChecksumSnapshotLastingLongerThanAHM.1568839089958813-19320/minicluster-data/ts-2-root/instance: uuid: "40e0e72158aa4ae6906b1da3389a0579" format_stamp: "Formatted at 2019-09-18 20:39:00 on dist-test-slave-dist-test-slave-85lk"
I0918 20:39:00.829737 23683 ts_manager.cc:186] Registered new tserver with Master: 37fb4dcf66be4d2298262038652468bd (127.18.222.2:37641)
I0918 20:39:00.832056 23626 ts_manager.cc:186] Registered new tserver with Master: 37fb4dcf66be4d2298262038652468bd (127.18.222.2:37641)
I0918 20:39:00.835440 23683 master_service.cc:276] Signed X509 certificate for tserver {username='slave'} at 127.0.0.1:41058
I0918 20:39:00.846065 19320 fs_manager.cc:503] Time spent creating directory manager: real 0.016s user 0.007s sys 0.008s
I0918 20:39:00.848948 19320 file_cache.cc:465] Constructed file cache lbm with capacity 419430
I0918 20:39:00.851243 23935 heartbeater.cc:447] Master 127.18.222.61:33575 was elected leader, sending a full tablet report...
I0918 20:39:00.859961 19320 fs_manager.cc:419] Time spent opening block manager: real 0.001s user 0.001s sys 0.000s
I0918 20:39:00.860352 19320 fs_manager.cc:436] Opened local filesystem: /tmp/dist-test-task6lCVqo/test-tmp/ksck_remote-test.0.RemoteKsckTest.TestChecksumSnapshotLastingLongerThanAHM.1568839089958813-19320/minicluster-data/ts-2-root uuid: "40e0e72158aa4ae6906b1da3389a0579" format_stamp: "Formatted at 2019-09-18 20:39:00 on dist-test-slave-dist-test-slave-85lk"
I0918 20:39:00.860795 19320 fs_report.cc:352] FS layout report -------------------- wal directory: /tmp/dist-test-task6lCVqo/test-tmp/ksck_remote-test.0.RemoteKsckTest.TestChecksumSnapshotLastingLongerThanAHM.1568839089958813-19320/minicluster-data/ts-2-root metadata directory: /tmp/dist-test-task6lCVqo/test-tmp/ksck_remote-test.0.RemoteKsckTest.TestChecksumSnapshotLastingLongerThanAHM.1568839089958813-19320/minicluster-data/ts-2-root 1 data directories: /tmp/dist-test-task6lCVqo/test-tmp/ksck_remote-test.0.RemoteKsckTest.TestChecksumSnapshotLastingLongerThanAHM.1568839089958813-19320/minicluster-data/ts-2-root/data Total live blocks: 0 Total live bytes: 0 Total live bytes (after alignment): 0 Total number of LBM containers: 0 (0 full) Did not check for missing blocks Did not check for orphaned blocks Total full LBM containers with extra space: 0 (0 repaired) Total full LBM container extra space in bytes: 0 (0 repaired) Total incomplete LBM containers: 0 (0 repaired) Total LBM partial records: 0 (0 repaired)
I0918 20:39:00.936472 19320 ts_tablet_manager.cc:383] Loaded tablet metadata (0 total tablets, 0 live tablets)
I0918 20:39:00.936713 19320 ts_tablet_manager.cc:403] Registered 0 tablets
I0918 20:39:00.999162 19320 rpc_server.cc:205] RPC server started. Bound to: 127.18.222.3:34833
I0918 20:39:01.006009 19320 webserver.cc:374] Webserver started at http://127.18.222.3:37847/ using document root and password file
I0918 20:39:01.052996 24007 heartbeater.cc:322] Connected to a master server at 127.18.222.62:34677
I0918 20:39:01.053401 24007 heartbeater.cc:406] Registering TS with master...
I0918 20:39:01.054019 24007 heartbeater.cc:455] Master 127.18.222.62:34677 requested a full tablet report, sending...
I0918 20:39:01.054848 24005 heartbeater.cc:322] Connected to a master server at 127.18.222.60:32807
I0918 20:39:01.055222 24005 heartbeater.cc:406] Registering TS with master...
I0918 20:39:01.055752 24005 heartbeater.cc:455] Master 127.18.222.60:32807 requested a full tablet report, sending...
I0918 20:39:01.056361 24006 heartbeater.cc:322] Connected to a master server at 127.18.222.61:33575
I0918 20:39:01.056643 24006 heartbeater.cc:406] Registering TS with master...
I0918 20:39:01.057174 24006 heartbeater.cc:455] Master 127.18.222.61:33575 requested a full tablet report, sending...
I0918 20:39:01.059164 23683 ts_manager.cc:186] Registered new tserver with Master: 40e0e72158aa4ae6906b1da3389a0579 (127.18.222.3:34833)
I0918 20:39:01.059763 23625 ts_manager.cc:186] Registered new tserver with Master: 40e0e72158aa4ae6906b1da3389a0579 (127.18.222.3:34833)
I0918 20:39:01.065299 23683 master_service.cc:276] Signed X509 certificate for tserver {username='slave'} at 127.0.0.1:41064
I0918 20:39:01.071166 23740 ts_manager.cc:186] Registered new tserver with Master: 40e0e72158aa4ae6906b1da3389a0579 (127.18.222.3:34833)
I0918 20:39:01.071540 19320 internal_mini_cluster.cc:328] 3 TS(s) registered with all masters after 0.047817438s
I0918 20:39:01.087239 24006 heartbeater.cc:447] Master 127.18.222.61:33575 was elected leader, sending a full tablet report...
I0918 20:39:01.158140 23683 catalog_manager.cc:1451] Servicing CreateTable request from {username='slave'} at 127.0.0.1:41070: name: "ksck-test-table" schema { columns { name: "key" type: INT32 is_key: true is_nullable: false encoding: AUTO_ENCODING compression: DEFAULT_COMPRESSION cfile_block_size: 0 } columns { name: "int_val" type: INT32 is_key: false is_nullable: false encoding: AUTO_ENCODING compression: DEFAULT_COMPRESSION cfile_block_size: 0 } } num_replicas: 3 split_rows_range_bounds { rows: "\004\001\n\000\000\000\004\001\024\000\000\000" } partition_schema { range_schema { columns { name: "key" } } }
W0918 20:39:01.160589 23683 catalog_manager.cc:1616] The number of live tablet servers is not enough to re-replicate a tablet replica of the newly created table ksck-test-table in case of a server failure: 4 tablet servers would be needed, 3 are available. Consider bringing up more tablet servers.
I0918 20:39:01.279002 23830 tablet_service.cc:1022] Processing CreateTablet for tablet 237b2f5024fe4dd2b0741079640cc8fa (table=ksck-test-table [id=e501e79d09df41b7b7aad2cb7dbbcc92]), partition=RANGE (key) PARTITION VALUES < 10
I0918 20:39:01.280828 23829 tablet_service.cc:1022] Processing CreateTablet for tablet 40fb273a8bdf44438c2a534ad4d6850d (table=ksck-test-table [id=e501e79d09df41b7b7aad2cb7dbbcc92]), partition=RANGE (key) PARTITION 10 <= VALUES < 20
I0918 20:39:01.281895 23829 data_dirs.cc:939] Could only allocate 1 dirs of requested 3 for tablet 40fb273a8bdf44438c2a534ad4d6850d. 1 dirs total, 0 dirs full, 0 dirs failed
I0918 20:39:01.285043 23828 tablet_service.cc:1022] Processing CreateTablet for tablet 7a31e43eee9d4163a2f54129b325e20d (table=ksck-test-table [id=e501e79d09df41b7b7aad2cb7dbbcc92]), partition=RANGE (key) PARTITION VALUES >= 20
I0918 20:39:01.286223 23828 data_dirs.cc:939] Could only allocate 1 dirs of requested 3 for tablet 7a31e43eee9d4163a2f54129b325e20d. 1 dirs total, 0 dirs full, 0 dirs failed
I0918 20:39:01.288020 23830 data_dirs.cc:939] Could only allocate 1 dirs of requested 3 for tablet 237b2f5024fe4dd2b0741079640cc8fa. 1 dirs total, 0 dirs full, 0 dirs failed
I0918 20:39:01.301767 23972 tablet_service.cc:1022] Processing CreateTablet for tablet 237b2f5024fe4dd2b0741079640cc8fa (table=ksck-test-table [id=e501e79d09df41b7b7aad2cb7dbbcc92]), partition=RANGE (key) PARTITION VALUES < 10
I0918 20:39:01.302976 23972 data_dirs.cc:939] Could only allocate 1 dirs of requested 3 for tablet 237b2f5024fe4dd2b0741079640cc8fa. 1 dirs total, 0 dirs full, 0 dirs failed
I0918 20:39:01.304491 23971 tablet_service.cc:1022] Processing CreateTablet for tablet 40fb273a8bdf44438c2a534ad4d6850d (table=ksck-test-table [id=e501e79d09df41b7b7aad2cb7dbbcc92]), partition=RANGE (key) PARTITION 10 <= VALUES < 20
I0918 20:39:01.306013 23970 tablet_service.cc:1022] Processing CreateTablet for tablet 7a31e43eee9d4163a2f54129b325e20d (table=ksck-test-table [id=e501e79d09df41b7b7aad2cb7dbbcc92]), partition=RANGE (key) PARTITION VALUES >= 20
I0918 20:39:01.307970 23970 data_dirs.cc:939] Could only allocate 1 dirs of requested 3 for tablet 7a31e43eee9d4163a2f54129b325e20d. 1 dirs total, 0 dirs full, 0 dirs failed
I0918 20:39:01.308898 23971 data_dirs.cc:939] Could only allocate 1 dirs of requested 3 for tablet 40fb273a8bdf44438c2a534ad4d6850d. 1 dirs total, 0 dirs full, 0 dirs failed
I0918 20:39:01.340154 24034 tablet_bootstrap.cc:439] T 40fb273a8bdf44438c2a534ad4d6850d P 0b23c65819784c9d8689114664470d10: Bootstrap starting.
I0918 20:39:01.353080 24034 tablet_bootstrap.cc:590] T 40fb273a8bdf44438c2a534ad4d6850d P 0b23c65819784c9d8689114664470d10: No blocks or log segments found. Creating new log.
I0918 20:39:01.382459 23779 catalog_manager.cc:1153] T 00000000000000000000000000000000 P 120945e9b78f41feaa64417f83cdee59: acquiring CA information for follower catalog manager: success
I0918 20:39:01.386572 23783 catalog_manager.cc:1153] T 00000000000000000000000000000000 P 9677e12125ca44d483fd9cab2182a2a0: acquiring CA information for follower catalog manager: success
I0918 20:39:01.440913 23901 tablet_service.cc:1022] Processing CreateTablet for tablet 237b2f5024fe4dd2b0741079640cc8fa (table=ksck-test-table [id=e501e79d09df41b7b7aad2cb7dbbcc92]), partition=RANGE (key) PARTITION VALUES < 10
I0918 20:39:01.442905 23901 data_dirs.cc:939] Could only allocate 1 dirs of requested 3 for tablet 237b2f5024fe4dd2b0741079640cc8fa. 1 dirs total, 0 dirs full, 0 dirs failed
I0918 20:39:01.443202 23899 tablet_service.cc:1022] Processing CreateTablet for tablet 7a31e43eee9d4163a2f54129b325e20d (table=ksck-test-table [id=e501e79d09df41b7b7aad2cb7dbbcc92]), partition=RANGE (key) PARTITION VALUES >= 20
I0918 20:39:01.444340 23900 tablet_service.cc:1022] Processing CreateTablet for tablet 40fb273a8bdf44438c2a534ad4d6850d (table=ksck-test-table [id=e501e79d09df41b7b7aad2cb7dbbcc92]), partition=RANGE (key) PARTITION 10 <= VALUES < 20
I0918 20:39:01.445310 23900 data_dirs.cc:939] Could only allocate 1 dirs of requested 3 for tablet 40fb273a8bdf44438c2a534ad4d6850d. 1 dirs total, 0 dirs full, 0 dirs failed
I0918 20:39:01.446130 23783 catalog_manager.cc:1181] T 00000000000000000000000000000000 P 9677e12125ca44d483fd9cab2182a2a0: importing token verification keys for follower catalog manager: success; most recent TSK sequence number 0
I0918 20:39:01.448184 23899 data_dirs.cc:939] Could only allocate 1 dirs of requested 3 for tablet 7a31e43eee9d4163a2f54129b325e20d. 1 dirs total, 0 dirs full, 0 dirs failed
I0918 20:39:01.462239 23779 catalog_manager.cc:1181] T 00000000000000000000000000000000 P 120945e9b78f41feaa64417f83cdee59: importing token verification keys for follower catalog manager: success; most recent TSK sequence number 0
I0918 20:39:01.476743 24036 tablet_bootstrap.cc:439] T 7a31e43eee9d4163a2f54129b325e20d P 40e0e72158aa4ae6906b1da3389a0579: Bootstrap starting.
I0918 20:39:01.480692 24034 tablet_bootstrap.cc:439] T 40fb273a8bdf44438c2a534ad4d6850d P 0b23c65819784c9d8689114664470d10: No bootstrap required, opened a new log
I0918 20:39:01.481269 24034 ts_tablet_manager.cc:1085] T 40fb273a8bdf44438c2a534ad4d6850d P 0b23c65819784c9d8689114664470d10: Time spent bootstrapping tablet: real 0.141s user 0.034s sys 0.054s
I0918 20:39:01.483419 24034 raft_consensus.cc:340] T 40fb273a8bdf44438c2a534ad4d6850d P 0b23c65819784c9d8689114664470d10 [term 0 FOLLOWER]: Replica starting. Triggering 0 pending transactions. Active config: opid_index: -1 OBSOLETE_local: false peers { permanent_uuid: "0b23c65819784c9d8689114664470d10" member_type: VOTER last_known_addr { host: "127.18.222.1" port: 43635 } } peers { permanent_uuid: "37fb4dcf66be4d2298262038652468bd" member_type: VOTER last_known_addr { host: "127.18.222.2" port: 37641 } } peers { permanent_uuid: "40e0e72158aa4ae6906b1da3389a0579" member_type: VOTER last_known_addr { host: "127.18.222.3" port: 34833 } }
I0918 20:39:01.485093 24034 raft_consensus.cc:366] T 40fb273a8bdf44438c2a534ad4d6850d P 0b23c65819784c9d8689114664470d10 [term 0 FOLLOWER]: Consensus starting up: Expiring failure detector timer to make a prompt election more likely
I0918 20:39:01.485404 24034 raft_consensus.cc:705] T 40fb273a8bdf44438c2a534ad4d6850d P 0b23c65819784c9d8689114664470d10 [term 0 FOLLOWER]: Becoming Follower/Learner. State: Replica: 0b23c65819784c9d8689114664470d10, State: Initialized, Role: FOLLOWER
I0918 20:39:01.486176 24034 consensus_queue.cc:229] T 40fb273a8bdf44438c2a534ad4d6850d P 0b23c65819784c9d8689114664470d10 [NON_LEADER]: Queue going to NON_LEADER mode. State: All replicated index: 0, Majority replicated index: 0, Committed index: 0, Last appended: 0.0, Last appended by leader: 0, Current term: 0, Majority size: -1, State: 0, Mode: NON_LEADER, active raft config: opid_index: -1 OBSOLETE_local: false peers { permanent_uuid: "0b23c65819784c9d8689114664470d10" member_type: VOTER last_known_addr { host: "127.18.222.1" port: 43635 } } peers { permanent_uuid: "37fb4dcf66be4d2298262038652468bd" member_type: VOTER last_known_addr { host: "127.18.222.2" port: 37641 } } peers { permanent_uuid: "40e0e72158aa4ae6906b1da3389a0579" member_type: VOTER last_known_addr { host: "127.18.222.3" port: 34833 } }
I0918 20:39:01.491009 24037 tablet_bootstrap.cc:439] T 237b2f5024fe4dd2b0741079640cc8fa P 37fb4dcf66be4d2298262038652468bd: Bootstrap starting.
I0918 20:39:01.495165 24037 tablet_bootstrap.cc:590] T 237b2f5024fe4dd2b0741079640cc8fa P 37fb4dcf66be4d2298262038652468bd: No blocks or log segments found. Creating new log.
I0918 20:39:01.504621 24034 ts_tablet_manager.cc:1113] T 40fb273a8bdf44438c2a534ad4d6850d P 0b23c65819784c9d8689114664470d10: Time spent starting tablet: real 0.023s user 0.008s sys 0.004s
I0918 20:39:01.505574 24034 tablet_bootstrap.cc:439] T 7a31e43eee9d4163a2f54129b325e20d P 0b23c65819784c9d8689114664470d10: Bootstrap starting.
I0918 20:39:01.509541 24034 tablet_bootstrap.cc:590] T 7a31e43eee9d4163a2f54129b325e20d P 0b23c65819784c9d8689114664470d10: No blocks or log segments found. Creating new log.
I0918 20:39:01.510730 24037 tablet_bootstrap.cc:439] T 237b2f5024fe4dd2b0741079640cc8fa P 37fb4dcf66be4d2298262038652468bd: No bootstrap required, opened a new log
I0918 20:39:01.511252 24037 ts_tablet_manager.cc:1085] T 237b2f5024fe4dd2b0741079640cc8fa P 37fb4dcf66be4d2298262038652468bd: Time spent bootstrapping tablet: real 0.021s user 0.010s sys 0.000s
I0918 20:39:01.518139 24036 tablet_bootstrap.cc:590] T 7a31e43eee9d4163a2f54129b325e20d P 40e0e72158aa4ae6906b1da3389a0579: No blocks or log segments found. Creating new log.
I0918 20:39:01.528080 24034 tablet_bootstrap.cc:439] T 7a31e43eee9d4163a2f54129b325e20d P 0b23c65819784c9d8689114664470d10: No bootstrap required, opened a new log
I0918 20:39:01.523257 24037 raft_consensus.cc:340] T 237b2f5024fe4dd2b0741079640cc8fa P 37fb4dcf66be4d2298262038652468bd [term 0 FOLLOWER]: Replica starting. Triggering 0 pending transactions. Active config: opid_index: -1 OBSOLETE_local: false peers { permanent_uuid: "0b23c65819784c9d8689114664470d10" member_type: VOTER last_known_addr { host: "127.18.222.1" port: 43635 } } peers { permanent_uuid: "37fb4dcf66be4d2298262038652468bd" member_type: VOTER last_known_addr { host: "127.18.222.2" port: 37641 } } peers { permanent_uuid: "40e0e72158aa4ae6906b1da3389a0579" member_type: VOTER last_known_addr { host: "127.18.222.3" port: 34833 } }
I0918 20:39:01.529054 24037 raft_consensus.cc:366] T 237b2f5024fe4dd2b0741079640cc8fa P 37fb4dcf66be4d2298262038652468bd [term 0 FOLLOWER]: Consensus starting up: Expiring failure detector timer to make a prompt election more likely
I0918 20:39:01.529417 24037 raft_consensus.cc:705] T 237b2f5024fe4dd2b0741079640cc8fa P 37fb4dcf66be4d2298262038652468bd [term 0 FOLLOWER]: Becoming Follower/Learner. State: Replica: 37fb4dcf66be4d2298262038652468bd, State: Initialized, Role: FOLLOWER
I0918 20:39:01.530671 24036 tablet_bootstrap.cc:439] T 7a31e43eee9d4163a2f54129b325e20d P 40e0e72158aa4ae6906b1da3389a0579: No bootstrap required, opened a new log
I0918 20:39:01.530306 24037 consensus_queue.cc:229] T 237b2f5024fe4dd2b0741079640cc8fa P 37fb4dcf66be4d2298262038652468bd [NON_LEADER]: Queue going to NON_LEADER mode. State: All replicated index: 0, Majority replicated index: 0, Committed index: 0, Last appended: 0.0, Last appended by leader: 0, Current term: 0, Majority size: -1, State: 0, Mode: NON_LEADER, active raft config: opid_index: -1 OBSOLETE_local: false peers { permanent_uuid: "0b23c65819784c9d8689114664470d10" member_type: VOTER last_known_addr { host: "127.18.222.1" port: 43635 } } peers { permanent_uuid: "37fb4dcf66be4d2298262038652468bd" member_type: VOTER last_known_addr { host: "127.18.222.2" port: 37641 } } peers { permanent_uuid: "40e0e72158aa4ae6906b1da3389a0579" member_type: VOTER last_known_addr { host: "127.18.222.3" port: 34833 } }
I0918 20:39:01.531260 24036 ts_tablet_manager.cc:1085] T 7a31e43eee9d4163a2f54129b325e20d P 40e0e72158aa4ae6906b1da3389a0579: Time spent bootstrapping tablet: real 0.055s user 0.005s sys 0.003s
I0918 20:39:01.529094 24034 ts_tablet_manager.cc:1085] T 7a31e43eee9d4163a2f54129b325e20d P 0b23c65819784c9d8689114664470d10: Time spent bootstrapping tablet: real 0.024s user 0.008s sys 0.000s
I0918 20:39:01.536213 24036 raft_consensus.cc:340] T 7a31e43eee9d4163a2f54129b325e20d P 40e0e72158aa4ae6906b1da3389a0579 [term 0 FOLLOWER]: Replica starting. Triggering 0 pending transactions. Active config: opid_index: -1 OBSOLETE_local: false peers { permanent_uuid: "0b23c65819784c9d8689114664470d10" member_type: VOTER last_known_addr { host: "127.18.222.1" port: 43635 } } peers { permanent_uuid: "37fb4dcf66be4d2298262038652468bd" member_type: VOTER last_known_addr { host: "127.18.222.2" port: 37641 } } peers { permanent_uuid: "40e0e72158aa4ae6906b1da3389a0579" member_type: VOTER last_known_addr { host: "127.18.222.3" port: 34833 } }
I0918 20:39:01.536978 24036 raft_consensus.cc:366] T 7a31e43eee9d4163a2f54129b325e20d P 40e0e72158aa4ae6906b1da3389a0579 [term 0 FOLLOWER]: Consensus starting up: Expiring failure detector timer to make a prompt election more likely
I0918 20:39:01.537221 24036 raft_consensus.cc:705] T 7a31e43eee9d4163a2f54129b325e20d P 40e0e72158aa4ae6906b1da3389a0579 [term 0 FOLLOWER]: Becoming Follower/Learner. State: Replica: 40e0e72158aa4ae6906b1da3389a0579, State: Initialized, Role: FOLLOWER
I0918 20:39:01.537621 24034 raft_consensus.cc:340] T 7a31e43eee9d4163a2f54129b325e20d P 0b23c65819784c9d8689114664470d10 [term 0 FOLLOWER]: Replica starting. Triggering 0 pending transactions. Active config: opid_index: -1 OBSOLETE_local: false peers { permanent_uuid: "0b23c65819784c9d8689114664470d10" member_type: VOTER last_known_addr { host: "127.18.222.1" port: 43635 } } peers { permanent_uuid: "37fb4dcf66be4d2298262038652468bd" member_type: VOTER last_known_addr { host: "127.18.222.2" port: 37641 } } peers { permanent_uuid: "40e0e72158aa4ae6906b1da3389a0579" member_type: VOTER last_known_addr { host: "127.18.222.3" port: 34833 } }
I0918 20:39:01.539052 24036 consensus_queue.cc:229] T 7a31e43eee9d4163a2f54129b325e20d P 40e0e72158aa4ae6906b1da3389a0579 [NON_LEADER]: Queue going to NON_LEADER mode. State: All replicated index: 0, Majority replicated index: 0, Committed index: 0, Last appended: 0.0, Last appended by leader: 0, Current term: 0, Majority size: -1, State: 0, Mode: NON_LEADER, active raft config: opid_index: -1 OBSOLETE_local: false peers { permanent_uuid: "0b23c65819784c9d8689114664470d10" member_type: VOTER last_known_addr { host: "127.18.222.1" port: 43635 } } peers { permanent_uuid: "37fb4dcf66be4d2298262038652468bd" member_type: VOTER last_known_addr { host: "127.18.222.2" port: 37641 } } peers { permanent_uuid: "40e0e72158aa4ae6906b1da3389a0579" member_type: VOTER last_known_addr { host: "127.18.222.3" port: 34833 } }
I0918 20:39:01.539343 24034 raft_consensus.cc:366] T 7a31e43eee9d4163a2f54129b325e20d P 0b23c65819784c9d8689114664470d10 [term 0 FOLLOWER]: Consensus starting up: Expiring failure detector timer to make a prompt election more likely
I0918 20:39:01.540762 24034 raft_consensus.cc:705] T 7a31e43eee9d4163a2f54129b325e20d P 0b23c65819784c9d8689114664470d10 [term 0 FOLLOWER]: Becoming Follower/Learner. State: Replica: 0b23c65819784c9d8689114664470d10, State: Initialized, Role: FOLLOWER
I0918 20:39:01.546391 24037 ts_tablet_manager.cc:1113] T 237b2f5024fe4dd2b0741079640cc8fa P 37fb4dcf66be4d2298262038652468bd: Time spent starting tablet: real 0.035s user 0.006s sys 0.002s
I0918 20:39:01.549000 24034 consensus_queue.cc:229] T 7a31e43eee9d4163a2f54129b325e20d P 0b23c65819784c9d8689114664470d10 [NON_LEADER]: Queue going to NON_LEADER mode. State: All replicated index: 0, Majority replicated index: 0, Committed index: 0, Last appended: 0.0, Last appended by leader: 0, Current term: 0, Majority size: -1, State: 0, Mode: NON_LEADER, active raft config: opid_index: -1 OBSOLETE_local: false peers { permanent_uuid: "0b23c65819784c9d8689114664470d10" member_type: VOTER last_known_addr { host: "127.18.222.1" port: 43635 } } peers { permanent_uuid: "37fb4dcf66be4d2298262038652468bd" member_type: VOTER last_known_addr { host: "127.18.222.2" port: 37641 } } peers { permanent_uuid: "40e0e72158aa4ae6906b1da3389a0579" member_type: VOTER last_known_addr { host: "127.18.222.3" port: 34833 } }
I0918 20:39:01.550593 24037 tablet_bootstrap.cc:439] T 7a31e43eee9d4163a2f54129b325e20d P 37fb4dcf66be4d2298262038652468bd: Bootstrap starting.
I0918 20:39:01.556989 24036 ts_tablet_manager.cc:1113] T 7a31e43eee9d4163a2f54129b325e20d P 40e0e72158aa4ae6906b1da3389a0579: Time spent starting tablet: real 0.025s user 0.005s sys 0.001s
I0918 20:39:01.560500 24036 tablet_bootstrap.cc:439] T 40fb273a8bdf44438c2a534ad4d6850d P 40e0e72158aa4ae6906b1da3389a0579: Bootstrap starting.
I0918 20:39:01.574826 24034 ts_tablet_manager.cc:1113] T 7a31e43eee9d4163a2f54129b325e20d P 0b23c65819784c9d8689114664470d10: Time spent starting tablet: real 0.042s user 0.006s sys 0.000s
I0918 20:39:01.578177 24036 tablet_bootstrap.cc:590] T 40fb273a8bdf44438c2a534ad4d6850d P 40e0e72158aa4ae6906b1da3389a0579: No blocks or log segments found. Creating new log.
I0918 20:39:01.579946 24034 tablet_bootstrap.cc:439] T 237b2f5024fe4dd2b0741079640cc8fa P 0b23c65819784c9d8689114664470d10: Bootstrap starting.
I0918 20:39:01.583190 24037 tablet_bootstrap.cc:590] T 7a31e43eee9d4163a2f54129b325e20d P 37fb4dcf66be4d2298262038652468bd: No blocks or log segments found. Creating new log.
I0918 20:39:01.586941 24034 tablet_bootstrap.cc:590] T 237b2f5024fe4dd2b0741079640cc8fa P 0b23c65819784c9d8689114664470d10: No blocks or log segments found. Creating new log.
I0918 20:39:01.599339 24037 tablet_bootstrap.cc:439] T 7a31e43eee9d4163a2f54129b325e20d P 37fb4dcf66be4d2298262038652468bd: No bootstrap required, opened a new log
I0918 20:39:01.599882 24037 ts_tablet_manager.cc:1085] T 7a31e43eee9d4163a2f54129b325e20d P 37fb4dcf66be4d2298262038652468bd: Time spent bootstrapping tablet: real 0.053s user 0.007s sys 0.003s
I0918 20:39:01.604200 24036 tablet_bootstrap.cc:439] T 40fb273a8bdf44438c2a534ad4d6850d P 40e0e72158aa4ae6906b1da3389a0579: No bootstrap required, opened a new log
I0918 20:39:01.604845 24036 ts_tablet_manager.cc:1085] T 40fb273a8bdf44438c2a534ad4d6850d P 40e0e72158aa4ae6906b1da3389a0579: Time spent bootstrapping tablet: real 0.045s user 0.005s sys 0.005s
I0918 20:39:01.608520 24034 tablet_bootstrap.cc:439] T 237b2f5024fe4dd2b0741079640cc8fa P 0b23c65819784c9d8689114664470d10: No bootstrap required, opened a new log
I0918 20:39:01.609283 24034 ts_tablet_manager.cc:1085] T 237b2f5024fe4dd2b0741079640cc8fa P 0b23c65819784c9d8689114664470d10: Time spent bootstrapping tablet: real 0.034s user 0.008s sys 0.000s
I0918 20:39:01.602006 24037 raft_consensus.cc:340] T 7a31e43eee9d4163a2f54129b325e20d P 37fb4dcf66be4d2298262038652468bd [term 0 FOLLOWER]: Replica starting. Triggering 0 pending transactions. Active config: opid_index: -1 OBSOLETE_local: false peers { permanent_uuid: "0b23c65819784c9d8689114664470d10" member_type: VOTER last_known_addr { host: "127.18.222.1" port: 43635 } } peers { permanent_uuid: "37fb4dcf66be4d2298262038652468bd" member_type: VOTER last_known_addr { host: "127.18.222.2" port: 37641 } } peers { permanent_uuid: "40e0e72158aa4ae6906b1da3389a0579" member_type: VOTER last_known_addr { host: "127.18.222.3" port: 34833 } }
I0918 20:39:01.613029 24037 raft_consensus.cc:366] T 7a31e43eee9d4163a2f54129b325e20d P 37fb4dcf66be4d2298262038652468bd [term 0 FOLLOWER]: Consensus starting up: Expiring failure detector timer to make a prompt election more likely
I0918 20:39:01.613309 24037 raft_consensus.cc:705] T 7a31e43eee9d4163a2f54129b325e20d P 37fb4dcf66be4d2298262038652468bd [term 0 FOLLOWER]: Becoming Follower/Learner. State: Replica: 37fb4dcf66be4d2298262038652468bd, State: Initialized, Role: FOLLOWER
I0918 20:39:01.615092 24034 raft_consensus.cc:340] T 237b2f5024fe4dd2b0741079640cc8fa P 0b23c65819784c9d8689114664470d10 [term 0 FOLLOWER]: Replica starting. Triggering 0 pending transactions. Active config: opid_index: -1 OBSOLETE_local: false peers { permanent_uuid: "0b23c65819784c9d8689114664470d10" member_type: VOTER last_known_addr { host: "127.18.222.1" port: 43635 } } peers { permanent_uuid: "37fb4dcf66be4d2298262038652468bd" member_type: VOTER last_known_addr { host: "127.18.222.2" port: 37641 } } peers { permanent_uuid: "40e0e72158aa4ae6906b1da3389a0579" member_type: VOTER last_known_addr { host: "127.18.222.3" port: 34833 } }
I0918 20:39:01.615962 24034 raft_consensus.cc:366] T 237b2f5024fe4dd2b0741079640cc8fa P 0b23c65819784c9d8689114664470d10 [term 0 FOLLOWER]: Consensus starting up: Expiring failure detector timer to make a prompt election more likely
I0918 20:39:01.616216 24034 raft_consensus.cc:705] T 237b2f5024fe4dd2b0741079640cc8fa P 0b23c65819784c9d8689114664470d10 [term 0 FOLLOWER]: Becoming Follower/Learner. State: Replica: 0b23c65819784c9d8689114664470d10, State: Initialized, Role: FOLLOWER
I0918 20:39:01.616828 24034 consensus_queue.cc:229] T 237b2f5024fe4dd2b0741079640cc8fa P 0b23c65819784c9d8689114664470d10 [NON_LEADER]: Queue going to NON_LEADER mode. State: All replicated index: 0, Majority replicated index: 0, Committed index: 0, Last appended: 0.0, Last appended by leader: 0, Current term: 0, Majority size: -1, State: 0, Mode: NON_LEADER, active raft config: opid_index: -1 OBSOLETE_local: false peers { permanent_uuid: "0b23c65819784c9d8689114664470d10" member_type: VOTER last_known_addr { host: "127.18.222.1" port: 43635 } } peers { permanent_uuid: "37fb4dcf66be4d2298262038652468bd" member_type: VOTER last_known_addr { host: "127.18.222.2" port: 37641 } } peers { permanent_uuid: "40e0e72158aa4ae6906b1da3389a0579" member_type: VOTER last_known_addr { host: "127.18.222.3" port: 34833 } }
I0918 20:39:01.619045 24034 ts_tablet_manager.cc:1113] T 237b2f5024fe4dd2b0741079640cc8fa P 0b23c65819784c9d8689114664470d10: Time spent starting tablet: real 0.009s user 0.005s sys 0.000s
