I0918 20:39:02.793514 24179 data_dirs.cc:939] Could only allocate 1 dirs of requested 3 for tablet 00000000000000000000000000000000. 1 dirs total, 0 dirs full, 0 dirs failed
I0918 20:39:02.798480 24179 sys_catalog.cc:307] member_type: VOTER last_known_addr { host: "127.18.222.62" port: 43565 } has no permanent_uuid. Determining permanent_uuid...
I0918 20:39:02.809814 19320 system_ntp.cc:193] NTP initialized. Skew: 500ppm Current error: 148592us
I0918 20:39:02.809470 24122 consensus_peers.cc:617] Retrying to get permanent uuid for remote peer: member_type: VOTER last_known_addr { host: "127.18.222.61" port: 39201 } attempt: 2
I0918 20:39:02.810271 19320 fs_manager.cc:263] Metadata directory not provided
I0918 20:39:02.810518 19320 fs_manager.cc:269] Using write-ahead log directory (fs_wal_dir) as metadata directory
I0918 20:39:02.810902 19320 server_base.cc:452] Could not load existing FS layout: Not found: could not find a healthy instance file
I0918 20:39:02.811146 19320 server_base.cc:453] Attempting to create new FS layout instead
I0918 20:39:02.812594 19320 fs_manager.cc:602] Generated new instance metadata in path /tmp/dist-test-task6lCVqo/test-tmp/ksck_remote-test.0.RemoteKsckTest.TestLeaderMasterDown.1568839089958813-19320/minicluster-data/master-2-root/instance: uuid: "2fe1f99a02a849dca2a9e9aa4ed858dc" format_stamp: "Formatted at 2019-09-18 20:39:02 on dist-test-slave-dist-test-slave-85lk"
I0918 20:39:02.815606 24179 sys_catalog.cc:307] member_type: VOTER last_known_addr { host: "127.18.222.61" port: 39201 } has no permanent_uuid. Determining permanent_uuid...
I0918 20:39:02.827333 24122 sys_catalog.cc:307] member_type: VOTER last_known_addr { host: "127.18.222.60" port: 46245 } has no permanent_uuid. Determining permanent_uuid...
I0918 20:39:02.829300 19320 fs_manager.cc:503] Time spent creating directory manager: real 0.016s user 0.016s sys 0.000s
W0918 20:39:02.829512 24122 consensus_peers.cc:607] Error getting permanent uuid from config peer 127.18.222.60:46245: Network error: Client connection negotiation failed: client connection to 127.18.222.60:46245: connect: Connection refused (error 111)
I0918 20:39:02.831307 19320 file_cache.cc:465] Constructed file cache lbm with capacity 419430
I0918 20:39:02.831446 24179 sys_catalog.cc:307] member_type: VOTER last_known_addr { host: "127.18.222.60" port: 46245 } has no permanent_uuid. Determining permanent_uuid...
W0918 20:39:02.833215 24179 consensus_peers.cc:607] Error getting permanent uuid from config peer 127.18.222.60:46245: Network error: Client connection negotiation failed: client connection to 127.18.222.60:46245: connect: Connection refused (error 111)
I0918 20:39:02.840095 19320 fs_manager.cc:419] Time spent opening block manager: real 0.002s user 0.001s sys 0.000s
I0918 20:39:02.840407 19320 fs_manager.cc:436] Opened local filesystem: /tmp/dist-test-task6lCVqo/test-tmp/ksck_remote-test.0.RemoteKsckTest.TestLeaderMasterDown.1568839089958813-19320/minicluster-data/master-2-root uuid: "2fe1f99a02a849dca2a9e9aa4ed858dc" format_stamp: "Formatted at 2019-09-18 20:39:02 on dist-test-slave-dist-test-slave-85lk"
I0918 20:39:02.840669 19320 fs_report.cc:352] FS layout report -------------------- wal directory: /tmp/dist-test-task6lCVqo/test-tmp/ksck_remote-test.0.RemoteKsckTest.TestLeaderMasterDown.1568839089958813-19320/minicluster-data/master-2-root metadata directory: /tmp/dist-test-task6lCVqo/test-tmp/ksck_remote-test.0.RemoteKsckTest.TestLeaderMasterDown.1568839089958813-19320/minicluster-data/master-2-root 1 data directories: /tmp/dist-test-task6lCVqo/test-tmp/ksck_remote-test.0.RemoteKsckTest.TestLeaderMasterDown.1568839089958813-19320/minicluster-data/master-2-root/data Total live blocks: 0 Total live bytes: 0 Total live bytes (after alignment): 0 Total number of LBM containers: 0 (0 full) Did not check for missing blocks Did not check for orphaned blocks Total full LBM containers with extra space: 0 (0 repaired) Total full LBM container extra space in bytes: 0 (0 repaired) Total incomplete LBM containers: 0 (0 repaired) Total LBM partial records: 0 (0 repaired)
I0918 20:39:02.890264 24122 consensus_peers.cc:617] Retrying to get permanent uuid for remote peer: member_type: VOTER last_known_addr { host: "127.18.222.60" port: 46245 } attempt: 1
I0918 20:39:02.890517 24179 consensus_peers.cc:617] Retrying to get permanent uuid for remote peer: member_type: VOTER last_known_addr { host: "127.18.222.60" port: 46245 } attempt: 1
W0918 20:39:02.893043 24179 consensus_peers.cc:607] Error getting permanent uuid from config peer 127.18.222.60:46245: Network error: Client connection negotiation failed: client connection to 127.18.222.60:46245: connect: Connection refused (error 111)
W0918 20:39:02.893482 24122 consensus_peers.cc:607] Error getting permanent uuid from config peer 127.18.222.60:46245: Network error: Client connection negotiation failed: client connection to 127.18.222.60:46245: connect: Connection refused (error 111)
I0918 20:39:02.901348 19320 rpc_server.cc:205] RPC server started. Bound to: 127.18.222.60:46245
I0918 20:39:02.903193 19320 webserver.cc:374] Webserver started at http://127.18.222.60:39999/ using document root and password file
I0918 20:39:02.904937 24237 data_dirs.cc:939] Could only allocate 1 dirs of requested 3 for tablet 00000000000000000000000000000000. 1 dirs total, 0 dirs full, 0 dirs failed
I0918 20:39:02.907799 19320 internal_mini_cluster.cc:166] Waiting to initialize catalog manager on master 0
I0918 20:39:02.910009 24237 sys_catalog.cc:307] member_type: VOTER last_known_addr { host: "127.18.222.62" port: 43565 } has no permanent_uuid. Determining permanent_uuid...
I0918 20:39:02.920855 24237 sys_catalog.cc:307] member_type: VOTER last_known_addr { host: "127.18.222.61" port: 39201 } has no permanent_uuid. Determining permanent_uuid...
I0918 20:39:02.930510 24237 sys_catalog.cc:307] member_type: VOTER last_known_addr { host: "127.18.222.60" port: 46245 } has no permanent_uuid. Determining permanent_uuid...
I0918 20:39:02.935967 24122 consensus_peers.cc:617] Retrying to get permanent uuid for remote peer: member_type: VOTER last_known_addr { host: "127.18.222.60" port: 46245 } attempt: 2
I0918 20:39:02.945492 24179 consensus_peers.cc:617] Retrying to get permanent uuid for remote peer: member_type: VOTER last_known_addr { host: "127.18.222.60" port: 46245 } attempt: 2
I0918 20:39:02.948336 24237 tablet_bootstrap.cc:439] T 00000000000000000000000000000000 P 2fe1f99a02a849dca2a9e9aa4ed858dc: Bootstrap starting.
I0918 20:39:02.952308 24237 tablet_bootstrap.cc:590] T 00000000000000000000000000000000 P 2fe1f99a02a849dca2a9e9aa4ed858dc: No blocks or log segments found. Creating new log.
I0918 20:39:02.953990 24122 tablet_bootstrap.cc:439] T 00000000000000000000000000000000 P 17f33eef4f4c4000a2dc645ff32512d7: Bootstrap starting.
I0918 20:39:02.955893 24237 tablet_bootstrap.cc:439] T 00000000000000000000000000000000 P 2fe1f99a02a849dca2a9e9aa4ed858dc: No bootstrap required, opened a new log
I0918 20:39:02.957696 24122 tablet_bootstrap.cc:590] T 00000000000000000000000000000000 P 17f33eef4f4c4000a2dc645ff32512d7: No blocks or log segments found. Creating new log.
I0918 20:39:02.958221 24237 raft_consensus.cc:340] T 00000000000000000000000000000000 P 2fe1f99a02a849dca2a9e9aa4ed858dc [term 0 FOLLOWER]: Replica starting. Triggering 0 pending transactions. Active config: opid_index: -1 OBSOLETE_local: false peers { permanent_uuid: "17f33eef4f4c4000a2dc645ff32512d7" member_type: VOTER last_known_addr { host: "127.18.222.62" port: 43565 } } peers { permanent_uuid: "b69dbcabcdda4e728f542c193ca7b1b2" member_type: VOTER last_known_addr { host: "127.18.222.61" port: 39201 } } peers { permanent_uuid: "2fe1f99a02a849dca2a9e9aa4ed858dc" member_type: VOTER last_known_addr { host: "127.18.222.60" port: 46245 } }
I0918 20:39:02.959061 24237 raft_consensus.cc:366] T 00000000000000000000000000000000 P 2fe1f99a02a849dca2a9e9aa4ed858dc [term 0 FOLLOWER]: Consensus starting up: Expiring failure detector timer to make a prompt election more likely
I0918 20:39:02.959298 24237 raft_consensus.cc:705] T 00000000000000000000000000000000 P 2fe1f99a02a849dca2a9e9aa4ed858dc [term 0 FOLLOWER]: Becoming Follower/Learner. State: Replica: 2fe1f99a02a849dca2a9e9aa4ed858dc, State: Initialized, Role: FOLLOWER
I0918 20:39:02.960041 24237 consensus_queue.cc:229] T 00000000000000000000000000000000 P 2fe1f99a02a849dca2a9e9aa4ed858dc [NON_LEADER]: Queue going to NON_LEADER mode. State: All replicated index: 0, Majority replicated index: 0, Committed index: 0, Last appended: 0.0, Last appended by leader: 0, Current term: 0, Majority size: -1, State: 0, Mode: NON_LEADER, active raft config: opid_index: -1 OBSOLETE_local: false peers { permanent_uuid: "17f33eef4f4c4000a2dc645ff32512d7" member_type: VOTER last_known_addr { host: "127.18.222.62" port: 43565 } } peers { permanent_uuid: "b69dbcabcdda4e728f542c193ca7b1b2" member_type: VOTER last_known_addr { host: "127.18.222.61" port: 39201 } } peers { permanent_uuid: "2fe1f99a02a849dca2a9e9aa4ed858dc" member_type: VOTER last_known_addr { host: "127.18.222.60" port: 46245 } }
I0918 20:39:02.967766 24179 tablet_bootstrap.cc:439] T 00000000000000000000000000000000 P b69dbcabcdda4e728f542c193ca7b1b2: Bootstrap starting.
I0918 20:39:02.972543 24237 sys_catalog.cc:340] T 00000000000000000000000000000000 P 2fe1f99a02a849dca2a9e9aa4ed858dc [sys.catalog]: SysCatalogTable state changed. Reason: Started TabletReplica. Latest consensus state: current_term: 0 committed_config { opid_index: -1 OBSOLETE_local: false peers { permanent_uuid: "17f33eef4f4c4000a2dc645ff32512d7" member_type: VOTER last_known_addr { host: "127.18.222.62" port: 43565 } } peers { permanent_uuid: "b69dbcabcdda4e728f542c193ca7b1b2" member_type: VOTER last_known_addr { host: "127.18.222.61" port: 39201 } } peers { permanent_uuid: "2fe1f99a02a849dca2a9e9aa4ed858dc" member_type: VOTER last_known_addr { host: "127.18.222.60" port: 46245 } } }
I0918 20:39:02.972807 24243 sys_catalog.cc:340] T 00000000000000000000000000000000 P 2fe1f99a02a849dca2a9e9aa4ed858dc [sys.catalog]: SysCatalogTable state changed. Reason: RaftConsensus started. Latest consensus state: current_term: 0 committed_config { opid_index: -1 OBSOLETE_local: false peers { permanent_uuid: "17f33eef4f4c4000a2dc645ff32512d7" member_type: VOTER last_known_addr { host: "127.18.222.62" port: 43565 } } peers { permanent_uuid: "b69dbcabcdda4e728f542c193ca7b1b2" member_type: VOTER last_known_addr { host: "127.18.222.61" port: 39201 } } peers { permanent_uuid: "2fe1f99a02a849dca2a9e9aa4ed858dc" member_type: VOTER last_known_addr { host: "127.18.222.60" port: 46245 } } }
I0918 20:39:02.973109 24179 tablet_bootstrap.cc:590] T 00000000000000000000000000000000 P b69dbcabcdda4e728f542c193ca7b1b2: No blocks or log segments found. Creating new log.
I0918 20:39:02.973649 24243 sys_catalog.cc:343] T 00000000000000000000000000000000 P 2fe1f99a02a849dca2a9e9aa4ed858dc [sys.catalog]: This master's current role is: FOLLOWER
I0918 20:39:02.973891 24122 tablet_bootstrap.cc:439] T 00000000000000000000000000000000 P 17f33eef4f4c4000a2dc645ff32512d7: No bootstrap required, opened a new log
I0918 20:39:02.973513 24237 sys_catalog.cc:343] T 00000000000000000000000000000000 P 2fe1f99a02a849dca2a9e9aa4ed858dc [sys.catalog]: This master's current role is: FOLLOWER
I0918 20:39:02.976101 24237 sys_catalog.cc:428] T 00000000000000000000000000000000 P 2fe1f99a02a849dca2a9e9aa4ed858dc [sys.catalog]: configured and running, proceeding with master startup.
I0918 20:39:02.975972 24122 raft_consensus.cc:340] T 00000000000000000000000000000000 P 17f33eef4f4c4000a2dc645ff32512d7 [term 0 FOLLOWER]: Replica starting. Triggering 0 pending transactions. Active config: opid_index: -1 OBSOLETE_local: false peers { permanent_uuid: "17f33eef4f4c4000a2dc645ff32512d7" member_type: VOTER last_known_addr { host: "127.18.222.62" port: 43565 } } peers { permanent_uuid: "b69dbcabcdda4e728f542c193ca7b1b2" member_type: VOTER last_known_addr { host: "127.18.222.61" port: 39201 } } peers { permanent_uuid: "2fe1f99a02a849dca2a9e9aa4ed858dc" member_type: VOTER last_known_addr { host: "127.18.222.60" port: 46245 } }
I0918 20:39:02.976536 24122 raft_consensus.cc:366] T 00000000000000000000000000000000 P 17f33eef4f4c4000a2dc645ff32512d7 [term 0 FOLLOWER]: Consensus starting up: Expiring failure detector timer to make a prompt election more likely
I0918 20:39:02.976729 24122 raft_consensus.cc:705] T 00000000000000000000000000000000 P 17f33eef4f4c4000a2dc645ff32512d7 [term 0 FOLLOWER]: Becoming Follower/Learner. State: Replica: 17f33eef4f4c4000a2dc645ff32512d7, State: Initialized, Role: FOLLOWER
I0918 20:39:02.977406 24122 consensus_queue.cc:229] T 00000000000000000000000000000000 P 17f33eef4f4c4000a2dc645ff32512d7 [NON_LEADER]: Queue going to NON_LEADER mode. State: All replicated index: 0, Majority replicated index: 0, Committed index: 0, Last appended: 0.0, Last appended by leader: 0, Current term: 0, Majority size: -1, State: 0, Mode: NON_LEADER, active raft config: opid_index: -1 OBSOLETE_local: false peers { permanent_uuid: "17f33eef4f4c4000a2dc645ff32512d7" member_type: VOTER last_known_addr { host: "127.18.222.62" port: 43565 } } peers { permanent_uuid: "b69dbcabcdda4e728f542c193ca7b1b2" member_type: VOTER last_known_addr { host: "127.18.222.61" port: 39201 } } peers { permanent_uuid: "2fe1f99a02a849dca2a9e9aa4ed858dc" member_type: VOTER last_known_addr { host: "127.18.222.60" port: 46245 } }
I0918 20:39:02.978601 24179 tablet_bootstrap.cc:439] T 00000000000000000000000000000000 P b69dbcabcdda4e728f542c193ca7b1b2: No bootstrap required, opened a new log
W0918 20:39:02.980542 24245 catalog_manager.cc:1155] T 00000000000000000000000000000000 P 2fe1f99a02a849dca2a9e9aa4ed858dc: acquiring CA information for follower catalog manager: Not found: root CA entry not found
I0918 20:39:02.980370 24122 sys_catalog.cc:340] T 00000000000000000000000000000000 P 17f33eef4f4c4000a2dc645ff32512d7 [sys.catalog]: SysCatalogTable state changed. Reason: Started TabletReplica. Latest consensus state: current_term: 0 committed_config { opid_index: -1 OBSOLETE_local: false peers { permanent_uuid: "17f33eef4f4c4000a2dc645ff32512d7" member_type: VOTER last_known_addr { host: "127.18.222.62" port: 43565 } } peers { permanent_uuid: "b69dbcabcdda4e728f542c193ca7b1b2" member_type: VOTER last_known_addr { host: "127.18.222.61" port: 39201 } } peers { permanent_uuid: "2fe1f99a02a849dca2a9e9aa4ed858dc" member_type: VOTER last_known_addr { host: "127.18.222.60" port: 46245 } } }
W0918 20:39:02.980943 24245 catalog_manager.cc:627] Not found: root CA entry not found: failed to prepare follower catalog manager, will retry
I0918 20:39:02.980659 24246 sys_catalog.cc:340] T 00000000000000000000000000000000 P 17f33eef4f4c4000a2dc645ff32512d7 [sys.catalog]: SysCatalogTable state changed. Reason: RaftConsensus started. Latest consensus state: current_term: 0 committed_config { opid_index: -1 OBSOLETE_local: false peers { permanent_uuid: "17f33eef4f4c4000a2dc645ff32512d7" member_type: VOTER last_known_addr { host: "127.18.222.62" port: 43565 } } peers { permanent_uuid: "b69dbcabcdda4e728f542c193ca7b1b2" member_type: VOTER last_known_addr { host: "127.18.222.61" port: 39201 } } peers { permanent_uuid: "2fe1f99a02a849dca2a9e9aa4ed858dc" member_type: VOTER last_known_addr { host: "127.18.222.60" port: 46245 } } }
I0918 20:39:02.981298 24122 sys_catalog.cc:343] T 00000000000000000000000000000000 P 17f33eef4f4c4000a2dc645ff32512d7 [sys.catalog]: This master's current role is: FOLLOWER
I0918 20:39:02.981513 24246 sys_catalog.cc:343] T 00000000000000000000000000000000 P 17f33eef4f4c4000a2dc645ff32512d7 [sys.catalog]: This master's current role is: FOLLOWER
I0918 20:39:02.981667 24179 raft_consensus.cc:340] T 00000000000000000000000000000000 P b69dbcabcdda4e728f542c193ca7b1b2 [term 0 FOLLOWER]: Replica starting. Triggering 0 pending transactions. Active config: opid_index: -1 OBSOLETE_local: false peers { permanent_uuid: "17f33eef4f4c4000a2dc645ff32512d7" member_type: VOTER last_known_addr { host: "127.18.222.62" port: 43565 } } peers { permanent_uuid: "b69dbcabcdda4e728f542c193ca7b1b2" member_type: VOTER last_known_addr { host: "127.18.222.61" port: 39201 } } peers { permanent_uuid: "2fe1f99a02a849dca2a9e9aa4ed858dc" member_type: VOTER last_known_addr { host: "127.18.222.60" port: 46245 } }
I0918 20:39:02.982391 24122 sys_catalog.cc:428] T 00000000000000000000000000000000 P 17f33eef4f4c4000a2dc645ff32512d7 [sys.catalog]: configured and running, proceeding with master startup.
I0918 20:39:02.982403 24179 raft_consensus.cc:366] T 00000000000000000000000000000000 P b69dbcabcdda4e728f542c193ca7b1b2 [term 0 FOLLOWER]: Consensus starting up: Expiring failure detector timer to make a prompt election more likely
I0918 20:39:02.982759 24179 raft_consensus.cc:705] T 00000000000000000000000000000000 P b69dbcabcdda4e728f542c193ca7b1b2 [term 0 FOLLOWER]: Becoming Follower/Learner. State: Replica: b69dbcabcdda4e728f542c193ca7b1b2, State: Initialized, Role: FOLLOWER
I0918 20:39:02.984174 19320 internal_mini_cluster.cc:166] Waiting to initialize catalog manager on master 1
W0918 20:39:02.986110 24247 catalog_manager.cc:1155] T 00000000000000000000000000000000 P 17f33eef4f4c4000a2dc645ff32512d7: acquiring CA information for follower catalog manager: Not found: root CA entry not found
W0918 20:39:02.986392 24247 catalog_manager.cc:627] Not found: root CA entry not found: failed to prepare follower catalog manager, will retry
I0918 20:39:02.983300 24179 consensus_queue.cc:229] T 00000000000000000000000000000000 P b69dbcabcdda4e728f542c193ca7b1b2 [NON_LEADER]: Queue going to NON_LEADER mode. State: All replicated index: 0, Majority replicated index: 0, Committed index: 0, Last appended: 0.0, Last appended by leader: 0, Current term: 0, Majority size: -1, State: 0, Mode: NON_LEADER, active raft config: opid_index: -1 OBSOLETE_local: false peers { permanent_uuid: "17f33eef4f4c4000a2dc645ff32512d7" member_type: VOTER last_known_addr { host: "127.18.222.62" port: 43565 } } peers { permanent_uuid: "b69dbcabcdda4e728f542c193ca7b1b2" member_type: VOTER last_known_addr { host: "127.18.222.61" port: 39201 } } peers { permanent_uuid: "2fe1f99a02a849dca2a9e9aa4ed858dc" member_type: VOTER last_known_addr { host: "127.18.222.60" port: 46245 } }
I0918 20:39:02.987839 24248 sys_catalog.cc:340] T 00000000000000000000000000000000 P b69dbcabcdda4e728f542c193ca7b1b2 [sys.catalog]: SysCatalogTable state changed. Reason: RaftConsensus started. Latest consensus state: current_term: 0 committed_config { opid_index: -1 OBSOLETE_local: false peers { permanent_uuid: "17f33eef4f4c4000a2dc645ff32512d7" member_type: VOTER last_known_addr { host: "127.18.222.62" port: 43565 } } peers { permanent_uuid: "b69dbcabcdda4e728f542c193ca7b1b2" member_type: VOTER last_known_addr { host: "127.18.222.61" port: 39201 } } peers { permanent_uuid: "2fe1f99a02a849dca2a9e9aa4ed858dc" member_type: VOTER last_known_addr { host: "127.18.222.60" port: 46245 } } }
I0918 20:39:02.988378 24248 sys_catalog.cc:343] T 00000000000000000000000000000000 P b69dbcabcdda4e728f542c193ca7b1b2 [sys.catalog]: This master's current role is: FOLLOWER
I0918 20:39:02.988813 24179 sys_catalog.cc:340] T 00000000000000000000000000000000 P b69dbcabcdda4e728f542c193ca7b1b2 [sys.catalog]: SysCatalogTable state changed. Reason: Started TabletReplica. Latest consensus state: current_term: 0 committed_config { opid_index: -1 OBSOLETE_local: false peers { permanent_uuid: "17f33eef4f4c4000a2dc645ff32512d7" member_type: VOTER last_known_addr { host: "127.18.222.62" port: 43565 } } peers { permanent_uuid: "b69dbcabcdda4e728f542c193ca7b1b2" member_type: VOTER last_known_addr { host: "127.18.222.61" port: 39201 } } peers { permanent_uuid: "2fe1f99a02a849dca2a9e9aa4ed858dc" member_type: VOTER last_known_addr { host: "127.18.222.60" port: 46245 } } }
I0918 20:39:02.989279 24179 sys_catalog.cc:343] T 00000000000000000000000000000000 P b69dbcabcdda4e728f542c193ca7b1b2 [sys.catalog]: This master's current role is: FOLLOWER
I0918 20:39:02.990180 24179 sys_catalog.cc:428] T 00000000000000000000000000000000 P b69dbcabcdda4e728f542c193ca7b1b2 [sys.catalog]: configured and running, proceeding with master startup.
I0918 20:39:02.991142 24249 catalog_manager.cc:569] Waiting for catalog manager background task thread to start: Service unavailable: Catalog manager is not initialized. State: Starting
I0918 20:39:02.991521 19320 internal_mini_cluster.cc:166] Waiting to initialize catalog manager on master 2
I0918 20:39:03.007292 19320 system_ntp.cc:193] NTP initialized. Skew: 500ppm Current error: 149092us
I0918 20:39:03.007767 19320 fs_manager.cc:263] Metadata directory not provided
I0918 20:39:03.007953 19320 fs_manager.cc:269] Using write-ahead log directory (fs_wal_dir) as metadata directory
I0918 20:39:03.008186 19320 server_base.cc:452] Could not load existing FS layout: Not found: could not find a healthy instance file
I0918 20:39:03.008411 19320 server_base.cc:453] Attempting to create new FS layout instead
I0918 20:39:03.009631 19320 fs_manager.cc:602] Generated new instance metadata in path /tmp/dist-test-task6lCVqo/test-tmp/ksck_remote-test.0.RemoteKsckTest.TestLeaderMasterDown.1568839089958813-19320/minicluster-data/ts-0-root/instance: uuid: "18903fadbbe345ee98fd47291e7835f4" format_stamp: "Formatted at 2019-09-18 20:39:03 on dist-test-slave-dist-test-slave-85lk"
I0918 20:39:03.020520 19320 fs_manager.cc:503] Time spent creating directory manager: real 0.010s user 0.012s sys 0.000s
I0918 20:39:03.022284 19320 file_cache.cc:465] Constructed file cache lbm with capacity 419430
I0918 20:39:03.030640 19320 fs_manager.cc:419] Time spent opening block manager: real 0.002s user 0.001s sys 0.000s
I0918 20:39:03.030887 19320 fs_manager.cc:436] Opened local filesystem: /tmp/dist-test-task6lCVqo/test-tmp/ksck_remote-test.0.RemoteKsckTest.TestLeaderMasterDown.1568839089958813-19320/minicluster-data/ts-0-root uuid: "18903fadbbe345ee98fd47291e7835f4" format_stamp: "Formatted at 2019-09-18 20:39:03 on dist-test-slave-dist-test-slave-85lk"
I0918 20:39:03.031160 19320 fs_report.cc:352] FS layout report -------------------- wal directory: /tmp/dist-test-task6lCVqo/test-tmp/ksck_remote-test.0.RemoteKsckTest.TestLeaderMasterDown.1568839089958813-19320/minicluster-data/ts-0-root metadata directory: /tmp/dist-test-task6lCVqo/test-tmp/ksck_remote-test.0.RemoteKsckTest.TestLeaderMasterDown.1568839089958813-19320/minicluster-data/ts-0-root 1 data directories: /tmp/dist-test-task6lCVqo/test-tmp/ksck_remote-test.0.RemoteKsckTest.TestLeaderMasterDown.1568839089958813-19320/minicluster-data/ts-0-root/data Total live blocks: 0 Total live bytes: 0 Total live bytes (after alignment): 0 Total number of LBM containers: 0 (0 full) Did not check for missing blocks Did not check for orphaned blocks Total full LBM containers with extra space: 0 (0 repaired) Total full LBM container extra space in bytes: 0 (0 repaired) Total incomplete LBM containers: 0 (0 repaired) Total LBM partial records: 0 (0 repaired)
I0918 20:39:03.059985 24243 raft_consensus.cc:472] T 00000000000000000000000000000000 P 2fe1f99a02a849dca2a9e9aa4ed858dc [term 0 FOLLOWER]: Starting pre-election (no leader contacted us within the election timeout)
I0918 20:39:03.060572 24243 raft_consensus.cc:494] T 00000000000000000000000000000000 P 2fe1f99a02a849dca2a9e9aa4ed858dc [term 0 FOLLOWER]: Starting pre-election with config: opid_index: -1 OBSOLETE_local: false peers { permanent_uuid: "17f33eef4f4c4000a2dc645ff32512d7" member_type: VOTER last_known_addr { host: "127.18.222.62" port: 43565 } } peers { permanent_uuid: "b69dbcabcdda4e728f542c193ca7b1b2" member_type: VOTER last_known_addr { host: "127.18.222.61" port: 39201 } } peers { permanent_uuid: "2fe1f99a02a849dca2a9e9aa4ed858dc" member_type: VOTER last_known_addr { host: "127.18.222.60" port: 46245 } }
I0918 20:39:03.062345 24243 leader_election.cc:296] T 00000000000000000000000000000000 P 2fe1f99a02a849dca2a9e9aa4ed858dc [CANDIDATE]: Term 1 pre-election: Requested pre-vote from peers 17f33eef4f4c4000a2dc645ff32512d7 (127.18.222.62:43565), b69dbcabcdda4e728f542c193ca7b1b2 (127.18.222.61:39201)
I0918 20:39:03.063331 24156 tablet_service.cc:1295] Received RequestConsensusVote() RPC: tablet_id: "00000000000000000000000000000000" candidate_uuid: "2fe1f99a02a849dca2a9e9aa4ed858dc" candidate_term: 1 candidate_status { last_received { term: 0 index: 0 } } ignore_live_leader: false dest_uuid: "b69dbcabcdda4e728f542c193ca7b1b2" is_pre_election: true
I0918 20:39:03.063285 24099 tablet_service.cc:1295] Received RequestConsensusVote() RPC: tablet_id: "00000000000000000000000000000000" candidate_uuid: "2fe1f99a02a849dca2a9e9aa4ed858dc" candidate_term: 1 candidate_status { last_received { term: 0 index: 0 } } ignore_live_leader: false dest_uuid: "17f33eef4f4c4000a2dc645ff32512d7" is_pre_election: true
I0918 20:39:03.064198 24156 raft_consensus.cc:2350] T 00000000000000000000000000000000 P b69dbcabcdda4e728f542c193ca7b1b2 [term 0 FOLLOWER]: Leader pre-election vote request: Granting yes vote for candidate 2fe1f99a02a849dca2a9e9aa4ed858dc in term 0.
I0918 20:39:03.064229 24099 raft_consensus.cc:2350] T 00000000000000000000000000000000 P 17f33eef4f4c4000a2dc645ff32512d7 [term 0 FOLLOWER]: Leader pre-election vote request: Granting yes vote for candidate 2fe1f99a02a849dca2a9e9aa4ed858dc in term 0.
I0918 20:39:03.065301 24185 leader_election.cc:310] T 00000000000000000000000000000000 P 2fe1f99a02a849dca2a9e9aa4ed858dc [CANDIDATE]: Term 1 pre-election: Election decided. Result: candidate won. Election summary: received 2 responses out of 3 voters: 2 yes votes; 0 no votes. yes voters: 2fe1f99a02a849dca2a9e9aa4ed858dc, b69dbcabcdda4e728f542c193ca7b1b2; no voters:
I0918 20:39:03.065981 24243 raft_consensus.cc:2644] T 00000000000000000000000000000000 P 2fe1f99a02a849dca2a9e9aa4ed858dc [term 0 FOLLOWER]: Leader pre-election won for term 1
I0918 20:39:03.066280 24243 raft_consensus.cc:472] T 00000000000000000000000000000000 P 2fe1f99a02a849dca2a9e9aa4ed858dc [term 0 FOLLOWER]: Starting leader election (no leader contacted us within the election timeout)
I0918 20:39:03.066557 24243 raft_consensus.cc:2890] T 00000000000000000000000000000000 P 2fe1f99a02a849dca2a9e9aa4ed858dc [term 0 FOLLOWER]: Advancing to term 1
I0918 20:39:03.074329 24243 raft_consensus.cc:494] T 00000000000000000000000000000000 P 2fe1f99a02a849dca2a9e9aa4ed858dc [term 1 FOLLOWER]: Starting leader election with config: opid_index: -1 OBSOLETE_local: false peers { permanent_uuid: "17f33eef4f4c4000a2dc645ff32512d7" member_type: VOTER last_known_addr { host: "127.18.222.62" port: 43565 } } peers { permanent_uuid: "b69dbcabcdda4e728f542c193ca7b1b2" member_type: VOTER last_known_addr { host: "127.18.222.61" port: 39201 } } peers { permanent_uuid: "2fe1f99a02a849dca2a9e9aa4ed858dc" member_type: VOTER last_known_addr { host: "127.18.222.60" port: 46245 } }
I0918 20:39:03.076853 24243 leader_election.cc:296] T 00000000000000000000000000000000 P 2fe1f99a02a849dca2a9e9aa4ed858dc [CANDIDATE]: Term 1 election: Requested vote from peers 17f33eef4f4c4000a2dc645ff32512d7 (127.18.222.62:43565), b69dbcabcdda4e728f542c193ca7b1b2 (127.18.222.61:39201)
I0918 20:39:03.077895 24156 tablet_service.cc:1295] Received RequestConsensusVote() RPC: tablet_id: "00000000000000000000000000000000" candidate_uuid: "2fe1f99a02a849dca2a9e9aa4ed858dc" candidate_term: 1 candidate_status { last_received { term: 0 index: 0 } } ignore_live_leader: false dest_uuid: "b69dbcabcdda4e728f542c193ca7b1b2"
I0918 20:39:03.077786 24099 tablet_service.cc:1295] Received RequestConsensusVote() RPC: tablet_id: "00000000000000000000000000000000" candidate_uuid: "2fe1f99a02a849dca2a9e9aa4ed858dc" candidate_term: 1 candidate_status { last_received { term: 0 index: 0 } } ignore_live_leader: false dest_uuid: "17f33eef4f4c4000a2dc645ff32512d7"
I0918 20:39:03.078574 24156 raft_consensus.cc:2890] T 00000000000000000000000000000000 P b69dbcabcdda4e728f542c193ca7b1b2 [term 0 FOLLOWER]: Advancing to term 1
I0918 20:39:03.078723 24099 raft_consensus.cc:2890] T 00000000000000000000000000000000 P 17f33eef4f4c4000a2dc645ff32512d7 [term 0 FOLLOWER]: Advancing to term 1
I0918 20:39:03.083251 24156 raft_consensus.cc:2350] T 00000000000000000000000000000000 P b69dbcabcdda4e728f542c193ca7b1b2 [term 1 FOLLOWER]: Leader election vote request: Granting yes vote for candidate 2fe1f99a02a849dca2a9e9aa4ed858dc in term 1.
I0918 20:39:03.084601 24185 leader_election.cc:310] T 00000000000000000000000000000000 P 2fe1f99a02a849dca2a9e9aa4ed858dc [CANDIDATE]: Term 1 election: Election decided. Result: candidate won. Election summary: received 2 responses out of 3 voters: 2 yes votes; 0 no votes. yes voters: 2fe1f99a02a849dca2a9e9aa4ed858dc, b69dbcabcdda4e728f542c193ca7b1b2; no voters:
I0918 20:39:03.085435 24243 raft_consensus.cc:2644] T 00000000000000000000000000000000 P 2fe1f99a02a849dca2a9e9aa4ed858dc [term 1 FOLLOWER]: Leader election won for term 1
I0918 20:39:03.086321 24099 raft_consensus.cc:2350] T 00000000000000000000000000000000 P 17f33eef4f4c4000a2dc645ff32512d7 [term 1 FOLLOWER]: Leader election vote request: Granting yes vote for candidate 2fe1f99a02a849dca2a9e9aa4ed858dc in term 1.
I0918 20:39:03.088570 24243 raft_consensus.cc:667] T 00000000000000000000000000000000 P 2fe1f99a02a849dca2a9e9aa4ed858dc [term 1 LEADER]: Becoming Leader. State: Replica: 2fe1f99a02a849dca2a9e9aa4ed858dc, State: Running, Role: LEADER
I0918 20:39:03.089114 24243 consensus_queue.cc:206] T 00000000000000000000000000000000 P 2fe1f99a02a849dca2a9e9aa4ed858dc [LEADER]: Queue going to LEADER mode. State: All replicated index: 0, Majority replicated index: 0, Committed index: 0, Last appended: 0.0, Last appended by leader: 0, Current term: 1, Majority size: 2, State: 0, Mode: LEADER, active raft config: opid_index: -1 OBSOLETE_local: false peers { permanent_uuid: "17f33eef4f4c4000a2dc645ff32512d7" member_type: VOTER last_known_addr { host: "127.18.222.62" port: 43565 } } peers { permanent_uuid: "b69dbcabcdda4e728f542c193ca7b1b2" member_type: VOTER last_known_addr { host: "127.18.222.61" port: 39201 } } peers { permanent_uuid: "2fe1f99a02a849dca2a9e9aa4ed858dc" member_type: VOTER last_known_addr { host: "127.18.222.60" port: 46245 } }
I0918 20:39:03.091164 19320 ts_tablet_manager.cc:383] Loaded tablet metadata (0 total tablets, 0 live tablets)
I0918 20:39:03.091428 19320 ts_tablet_manager.cc:403] Registered 0 tablets
I0918 20:39:03.092998 24259 sys_catalog.cc:340] T 00000000000000000000000000000000 P 2fe1f99a02a849dca2a9e9aa4ed858dc [sys.catalog]: SysCatalogTable state changed. Reason: New leader 2fe1f99a02a849dca2a9e9aa4ed858dc. Latest consensus state: current_term: 1 leader_uuid: "2fe1f99a02a849dca2a9e9aa4ed858dc" committed_config { opid_index: -1 OBSOLETE_local: false peers { permanent_uuid: "17f33eef4f4c4000a2dc645ff32512d7" member_type: VOTER last_known_addr { host: "127.18.222.62" port: 43565 } } peers { permanent_uuid: "b69dbcabcdda4e728f542c193ca7b1b2" member_type: VOTER last_known_addr { host: "127.18.222.61" port: 39201 } } peers { permanent_uuid: "2fe1f99a02a849dca2a9e9aa4ed858dc" member_type: VOTER last_known_addr { host: "127.18.222.60" port: 46245 } } }
I0918 20:39:03.093875 24259 sys_catalog.cc:343] T 00000000000000000000000000000000 P 2fe1f99a02a849dca2a9e9aa4ed858dc [sys.catalog]: This master's current role is: LEADER
I0918 20:39:03.095644 24263 catalog_manager.cc:1086] Loading table and tablet metadata into memory...
I0918 20:39:03.098281 24263 catalog_manager.cc:1097] Initializing Kudu internal certificate authority...
I0918 20:39:03.118904 24099 raft_consensus.cc:1184] T 00000000000000000000000000000000 P 17f33eef4f4c4000a2dc645ff32512d7 [term 1 FOLLOWER]: Refusing update from remote peer 2fe1f99a02a849dca2a9e9aa4ed858dc: Log matching property violated. Preceding OpId in replica: term: 0 index: 0. Preceding OpId from leader: term: 1 index: 2. (index mismatch)
I0918 20:39:03.118897 24156 raft_consensus.cc:1184] T 00000000000000000000000000000000 P b69dbcabcdda4e728f542c193ca7b1b2 [term 1 FOLLOWER]: Refusing update from remote peer 2fe1f99a02a849dca2a9e9aa4ed858dc: Log matching property violated. Preceding OpId in replica: term: 0 index: 0. Preceding OpId from leader: term: 1 index: 2. (index mismatch)
I0918 20:39:03.120981 24259 consensus_queue.cc:984] T 00000000000000000000000000000000 P 2fe1f99a02a849dca2a9e9aa4ed858dc [LEADER]: Connected to new peer: Peer: permanent_uuid: "b69dbcabcdda4e728f542c193ca7b1b2" member_type: VOTER last_known_addr { host: "127.18.222.61" port: 39201 }, Status: LMP_MISMATCH, Last received: 0.0, Next index: 1, Last known committed idx: 0, Time since last communication: 0.000s
I0918 20:39:03.121831 24243 consensus_queue.cc:984] T 00000000000000000000000000000000 P 2fe1f99a02a849dca2a9e9aa4ed858dc [LEADER]: Connected to new peer: Peer: permanent_uuid: "17f33eef4f4c4000a2dc645ff32512d7" member_type: VOTER last_known_addr { host: "127.18.222.62" port: 43565 }, Status: LMP_MISMATCH, Last received: 0.0, Next index: 1, Last known committed idx: 0, Time since last communication: 0.000s
I0918 20:39:03.130622 24248 sys_catalog.cc:340] T 00000000000000000000000000000000 P b69dbcabcdda4e728f542c193ca7b1b2 [sys.catalog]: SysCatalogTable state changed. Reason: New leader 2fe1f99a02a849dca2a9e9aa4ed858dc. Latest consensus state: current_term: 1 leader_uuid: "2fe1f99a02a849dca2a9e9aa4ed858dc" committed_config { opid_index: -1 OBSOLETE_local: false peers { permanent_uuid: "17f33eef4f4c4000a2dc645ff32512d7" member_type: VOTER last_known_addr { host: "127.18.222.62" port: 43565 } } peers { permanent_uuid: "b69dbcabcdda4e728f542c193ca7b1b2" member_type: VOTER last_known_addr { host: "127.18.222.61" port: 39201 } } peers { permanent_uuid: "2fe1f99a02a849dca2a9e9aa4ed858dc" member_type: VOTER last_known_addr { host: "127.18.222.60" port: 46245 } } }
I0918 20:39:03.131891 24248 sys_catalog.cc:343] T 00000000000000000000000000000000 P b69dbcabcdda4e728f542c193ca7b1b2 [sys.catalog]: This master's current role is: FOLLOWER
I0918 20:39:03.134793 24246 sys_catalog.cc:340] T 00000000000000000000000000000000 P 17f33eef4f4c4000a2dc645ff32512d7 [sys.catalog]: SysCatalogTable state changed. Reason: New leader 2fe1f99a02a849dca2a9e9aa4ed858dc. Latest consensus state: current_term: 1 leader_uuid: "2fe1f99a02a849dca2a9e9aa4ed858dc" committed_config { opid_index: -1 OBSOLETE_local: false peers { permanent_uuid: "17f33eef4f4c4000a2dc645ff32512d7" member_type: VOTER last_known_addr { host: "127.18.222.62" port: 43565 } } peers { permanent_uuid: "b69dbcabcdda4e728f542c193ca7b1b2" member_type: VOTER last_known_addr { host: "127.18.222.61" port: 39201 } } peers { permanent_uuid: "2fe1f99a02a849dca2a9e9aa4ed858dc" member_type: VOTER last_known_addr { host: "127.18.222.60" port: 46245 } } }
I0918 20:39:03.135874 24246 sys_catalog.cc:343] T 00000000000000000000000000000000 P 17f33eef4f4c4000a2dc645ff32512d7 [sys.catalog]: This master's current role is: FOLLOWER
I0918 20:39:03.143514 24246 sys_catalog.cc:340] T 00000000000000000000000000000000 P 17f33eef4f4c4000a2dc645ff32512d7 [sys.catalog]: SysCatalogTable state changed. Reason: Replicated consensus-only round. Latest consensus state: current_term: 1 leader_uuid: "2fe1f99a02a849dca2a9e9aa4ed858dc" committed_config { opid_index: -1 OBSOLETE_local: false peers { permanent_uuid: "17f33eef4f4c4000a2dc645ff32512d7" member_type: VOTER last_known_addr { host: "127.18.222.62" port: 43565 } } peers { permanent_uuid: "b69dbcabcdda4e728f542c193ca7b1b2" member_type: VOTER last_known_addr { host: "127.18.222.61" port: 39201 } } peers { permanent_uuid: "2fe1f99a02a849dca2a9e9aa4ed858dc" member_type: VOTER last_known_addr { host: "127.18.222.60" port: 46245 } } }
I0918 20:39:03.144196 24246 sys_catalog.cc:343] T 00000000000000000000000000000000 P 17f33eef4f4c4000a2dc645ff32512d7 [sys.catalog]: This master's current role is: FOLLOWER
I0918 20:39:03.147130 24259 sys_catalog.cc:340] T 00000000000000000000000000000000 P 2fe1f99a02a849dca2a9e9aa4ed858dc [sys.catalog]: SysCatalogTable state changed. Reason: Peer health change. Latest consensus state: current_term: 1 leader_uuid: "2fe1f99a02a849dca2a9e9aa4ed858dc" committed_config { opid_index: -1 OBSOLETE_local: false peers { permanent_uuid: "17f33eef4f4c4000a2dc645ff32512d7" member_type: VOTER last_known_addr { host: "127.18.222.62" port: 43565 } } peers { permanent_uuid: "b69dbcabcdda4e728f542c193ca7b1b2" member_type: VOTER last_known_addr { host: "127.18.222.61" port: 39201 } } peers { permanent_uuid: "2fe1f99a02a849dca2a9e9aa4ed858dc" member_type: VOTER last_known_addr { host: "127.18.222.60" port: 46245 } } }
I0918 20:39:03.148533 24259 sys_catalog.cc:343] T 00000000000000000000000000000000 P 2fe1f99a02a849dca2a9e9aa4ed858dc [sys.catalog]: This master's current role is: LEADER
I0918 20:39:03.150110 24259 sys_catalog.cc:340] T 00000000000000000000000000000000 P 2fe1f99a02a849dca2a9e9aa4ed858dc [sys.catalog]: SysCatalogTable state changed. Reason: Peer health change. Latest consensus state: current_term: 1 leader_uuid: "2fe1f99a02a849dca2a9e9aa4ed858dc" committed_config { opid_index: -1 OBSOLETE_local: false peers { permanent_uuid: "17f33eef4f4c4000a2dc645ff32512d7" member_type: VOTER last_known_addr { host: "127.18.222.62" port: 43565 } } peers { permanent_uuid: "b69dbcabcdda4e728f542c193ca7b1b2" member_type: VOTER last_known_addr { host: "127.18.222.61" port: 39201 } } peers { permanent_uuid: "2fe1f99a02a849dca2a9e9aa4ed858dc" member_type: VOTER last_known_addr { host: "127.18.222.60" port: 46245 } } }
I0918 20:39:03.150455 24248 sys_catalog.cc:340] T 00000000000000000000000000000000 P b69dbcabcdda4e728f542c193ca7b1b2 [sys.catalog]: SysCatalogTable state changed. Reason: Replicated consensus-only round. Latest consensus state: current_term: 1 leader_uuid: "2fe1f99a02a849dca2a9e9aa4ed858dc" committed_config { opid_index: -1 OBSOLETE_local: false peers { permanent_uuid: "17f33eef4f4c4000a2dc645ff32512d7" member_type: VOTER last_known_addr { host: "127.18.222.62" port: 43565 } } peers { permanent_uuid: "b69dbcabcdda4e728f542c193ca7b1b2" member_type: VOTER last_known_addr { host: "127.18.222.61" port: 39201 } } peers { permanent_uuid: "2fe1f99a02a849dca2a9e9aa4ed858dc" member_type: VOTER last_known_addr { host: "127.18.222.60" port: 46245 } } }
I0918 20:39:03.150915 24259 sys_catalog.cc:343] T 00000000000000000000000000000000 P 2fe1f99a02a849dca2a9e9aa4ed858dc [sys.catalog]: This master's current role is: LEADER
I0918 20:39:03.151115 24248 sys_catalog.cc:343] T 00000000000000000000000000000000 P b69dbcabcdda4e728f542c193ca7b1b2 [sys.catalog]: This master's current role is: FOLLOWER
I0918 20:39:03.152415 24263 catalog_manager.cc:981] Generated new certificate authority record
I0918 20:39:03.154390 24263 catalog_manager.cc:1106] Loading token signing keys...
I0918 20:39:03.175873 24263 catalog_manager.cc:4446] T 00000000000000000000000000000000 P 2fe1f99a02a849dca2a9e9aa4ed858dc: Generated new TSK 0
I0918 20:39:03.176712 24263 catalog_manager.cc:1116] Initializing in-progress tserver states...
I0918 20:39:03.200457 19320 rpc_server.cc:205] RPC server started. Bound to: 127.18.222.1:33561
I0918 20:39:03.202644 19320 webserver.cc:374] Webserver started at http://127.18.222.1:39753/ using document root and password file
I0918 20:39:03.229380 24328 heartbeater.cc:322] Connected to a master server at 127.18.222.62:43565
I0918 20:39:03.229887 24328 heartbeater.cc:406] Registering TS with master...
I0918 20:39:03.229898 24326 heartbeater.cc:322] Connected to a master server at 127.18.222.60:46245
I0918 20:39:03.230340 24326 heartbeater.cc:406] Registering TS with master...
I0918 20:39:03.230593 24328 heartbeater.cc:455] Master 127.18.222.62:43565 requested a full tablet report, sending...
I0918 20:39:03.230901 24327 heartbeater.cc:322] Connected to a master server at 127.18.222.61:39201
I0918 20:39:03.230870 24326 heartbeater.cc:455] Master 127.18.222.60:46245 requested a full tablet report, sending...
I0918 20:39:03.231277 24327 heartbeater.cc:406] Registering TS with master...
I0918 20:39:03.232012 24327 heartbeater.cc:455] Master 127.18.222.61:39201 requested a full tablet report, sending...
I0918 20:39:03.233202 24204 ts_manager.cc:186] Registered new tserver with Master: 18903fadbbe345ee98fd47291e7835f4 (127.18.222.1:33561)
I0918 20:39:03.233237 24089 ts_manager.cc:186] Registered new tserver with Master: 18903fadbbe345ee98fd47291e7835f4 (127.18.222.1:33561)
I0918 20:39:03.234625 24146 ts_manager.cc:186] Registered new tserver with Master: 18903fadbbe345ee98fd47291e7835f4 (127.18.222.1:33561)
I0918 20:39:03.236435 24204 master_service.cc:276] Signed X509 certificate for tserver {username='slave'} at 127.0.0.1:49438
I0918 20:39:03.238514 19320 system_ntp.cc:193] NTP initialized. Skew: 500ppm Current error: 149092us
I0918 20:39:03.238893 19320 fs_manager.cc:263] Metadata directory not provided
I0918 20:39:03.239064 19320 fs_manager.cc:269] Using write-ahead log directory (fs_wal_dir) as metadata directory
I0918 20:39:03.239284 19320 server_base.cc:452] Could not load existing FS layout: Not found: could not find a healthy instance file
I0918 20:39:03.239419 19320 server_base.cc:453] Attempting to create new FS layout instead
I0918 20:39:03.240459 19320 fs_manager.cc:602] Generated new instance metadata in path /tmp/dist-test-task6lCVqo/test-tmp/ksck_remote-test.0.RemoteKsckTest.TestLeaderMasterDown.1568839089958813-19320/minicluster-data/ts-1-root/instance: uuid: "9ac9d6c4caff4b8dab06322af4fda065" format_stamp: "Formatted at 2019-09-18 20:39:03 on dist-test-slave-dist-test-slave-85lk"
I0918 20:39:03.249080 24326 heartbeater.cc:447] Master 127.18.222.60:46245 was elected leader, sending a full tablet report...
I0918 20:39:03.253767 19320 fs_manager.cc:503] Time spent creating directory manager: real 0.013s user 0.011s sys 0.002s
I0918 20:39:03.255421 19320 file_cache.cc:465] Constructed file cache lbm with capacity 419430
I0918 20:39:03.265393 19320 fs_manager.cc:419] Time spent opening block manager: real 0.001s user 0.001s sys 0.000s
I0918 20:39:03.265605 19320 fs_manager.cc:436] Opened local filesystem: /tmp/dist-test-task6lCVqo/test-tmp/ksck_remote-test.0.RemoteKsckTest.TestLeaderMasterDown.1568839089958813-19320/minicluster-data/ts-1-root uuid: "9ac9d6c4caff4b8dab06322af4fda065" format_stamp: "Formatted at 2019-09-18 20:39:03 on dist-test-slave-dist-test-slave-85lk"
I0918 20:39:03.265866 19320 fs_report.cc:352] FS layout report -------------------- wal directory: /tmp/dist-test-task6lCVqo/test-tmp/ksck_remote-test.0.RemoteKsckTest.TestLeaderMasterDown.1568839089958813-19320/minicluster-data/ts-1-root metadata directory: /tmp/dist-test-task6lCVqo/test-tmp/ksck_remote-test.0.RemoteKsckTest.TestLeaderMasterDown.1568839089958813-19320/minicluster-data/ts-1-root 1 data directories: /tmp/dist-test-task6lCVqo/test-tmp/ksck_remote-test.0.RemoteKsckTest.TestLeaderMasterDown.1568839089958813-19320/minicluster-data/ts-1-root/data Total live blocks: 0 Total live bytes: 0 Total live bytes (after alignment): 0 Total number of LBM containers: 0 (0 full) Did not check for missing blocks Did not check for orphaned blocks Total full LBM containers with extra space: 0 (0 repaired) Total full LBM container extra space in bytes: 0 (0 repaired) Total incomplete LBM containers: 0 (0 repaired) Total LBM partial records: 0 (0 repaired)
I0918 20:39:03.290493 19320 ts_tablet_manager.cc:383] Loaded tablet metadata (0 total tablets, 0 live tablets)
I0918 20:39:03.290689 19320 ts_tablet_manager.cc:403] Registered 0 tablets
I0918 20:39:03.356256 19320 rpc_server.cc:205] RPC server started. Bound to: 127.18.222.2:40761
I0918 20:39:03.358031 19320 webserver.cc:374] Webserver started at http://127.18.222.2:42399/ using document root and password file
I0918 20:39:03.391819 24399 heartbeater.cc:322] Connected to a master server at 127.18.222.62:43565
I0918 20:39:03.392185 24399 heartbeater.cc:406] Registering TS with master...
I0918 20:39:03.392858 24399 heartbeater.cc:455] Master 127.18.222.62:43565 requested a full tablet report, sending...
I0918 20:39:03.395282 24089 ts_manager.cc:186] Registered new tserver with Master: 9ac9d6c4caff4b8dab06322af4fda065 (127.18.222.2:40761)
I0918 20:39:03.397136 24397 heartbeater.cc:322] Connected to a master server at 127.18.222.60:46245
I0918 20:39:03.397627 24397 heartbeater.cc:406] Registering TS with master...
I0918 20:39:03.398313 24397 heartbeater.cc:455] Master 127.18.222.60:46245 requested a full tablet report, sending...
I0918 20:39:03.400172 24204 ts_manager.cc:186] Registered new tserver with Master: 9ac9d6c4caff4b8dab06322af4fda065 (127.18.222.2:40761)
I0918 20:39:03.401028 19320 system_ntp.cc:193] NTP initialized. Skew: 500ppm Current error: 149092us
I0918 20:39:03.401373 19320 fs_manager.cc:263] Metadata directory not provided
I0918 20:39:03.401546 19320 fs_manager.cc:269] Using write-ahead log directory (fs_wal_dir) as metadata directory
I0918 20:39:03.401859 19320 server_base.cc:452] Could not load existing FS layout: Not found: could not find a healthy instance file
I0918 20:39:03.402012 19320 server_base.cc:453] Attempting to create new FS layout instead
I0918 20:39:03.402458 24204 master_service.cc:276] Signed X509 certificate for tserver {username='slave'} at 127.0.0.1:49444
I0918 20:39:03.403225 19320 fs_manager.cc:602] Generated new instance metadata in path /tmp/dist-test-task6lCVqo/test-tmp/ksck_remote-test.0.RemoteKsckTest.TestLeaderMasterDown.1568839089958813-19320/minicluster-data/ts-2-root/instance: uuid: "18498189d0874c39adf8a1bcd497997a" format_stamp: "Formatted at 2019-09-18 20:39:03 on dist-test-slave-dist-test-slave-85lk"
I0918 20:39:03.404500 24398 heartbeater.cc:322] Connected to a master server at 127.18.222.61:39201
I0918 20:39:03.404901 24398 heartbeater.cc:406] Registering TS with master...
I0918 20:39:03.405529 24398 heartbeater.cc:455] Master 127.18.222.61:39201 requested a full tablet report, sending...
I0918 20:39:03.408253 24146 ts_manager.cc:186] Registered new tserver with Master: 9ac9d6c4caff4b8dab06322af4fda065 (127.18.222.2:40761)
I0918 20:39:03.416031 24397 heartbeater.cc:447] Master 127.18.222.60:46245 was elected leader, sending a full tablet report...
I0918 20:39:03.420018 19320 fs_manager.cc:503] Time spent creating directory manager: real 0.016s user 0.010s sys 0.006s
I0918 20:39:03.422626 19320 file_cache.cc:465] Constructed file cache lbm with capacity 419430
I0918 20:39:03.434397 19320 fs_manager.cc:419] Time spent opening block manager: real 0.002s user 0.001s sys 0.000s
I0918 20:39:03.434650 19320 fs_manager.cc:436] Opened local filesystem: /tmp/dist-test-task6lCVqo/test-tmp/ksck_remote-test.0.RemoteKsckTest.TestLeaderMasterDown.1568839089958813-19320/minicluster-data/ts-2-root uuid: "18498189d0874c39adf8a1bcd497997a" format_stamp: "Formatted at 2019-09-18 20:39:03 on dist-test-slave-dist-test-slave-85lk"
I0918 20:39:03.435024 19320 fs_report.cc:352] FS layout report -------------------- wal directory: /tmp/dist-test-task6lCVqo/test-tmp/ksck_remote-test.0.RemoteKsckTest.TestLeaderMasterDown.1568839089958813-19320/minicluster-data/ts-2-root metadata directory: /tmp/dist-test-task6lCVqo/test-tmp/ksck_remote-test.0.RemoteKsckTest.TestLeaderMasterDown.1568839089958813-19320/minicluster-data/ts-2-root 1 data directories: /tmp/dist-test-task6lCVqo/test-tmp/ksck_remote-test.0.RemoteKsckTest.TestLeaderMasterDown.1568839089958813-19320/minicluster-data/ts-2-root/data Total live blocks: 0 Total live bytes: 0 Total live bytes (after alignment): 0 Total number of LBM containers: 0 (0 full) Did not check for missing blocks Did not check for orphaned blocks Total full LBM containers with extra space: 0 (0 repaired) Total full LBM container extra space in bytes: 0 (0 repaired) Total incomplete LBM containers: 0 (0 repaired) Total LBM partial records: 0 (0 repaired)
I0918 20:39:03.473093 19320 ts_tablet_manager.cc:383] Loaded tablet metadata (0 total tablets, 0 live tablets)
I0918 20:39:03.473371 19320 ts_tablet_manager.cc:403] Registered 0 tablets
I0918 20:39:03.536602 19320 rpc_server.cc:205] RPC server started. Bound to: 127.18.222.3:42283
I0918 20:39:03.539080 19320 webserver.cc:374] Webserver started at http://127.18.222.3:34507/ using document root and password file
I0918 20:39:03.570549 24468 heartbeater.cc:322] Connected to a master server at 127.18.222.60:46245
I0918 20:39:03.571035 24468 heartbeater.cc:406] Registering TS with master...
I0918 20:39:03.571794 24468 heartbeater.cc:455] Master 127.18.222.60:46245 requested a full tablet report, sending...
I0918 20:39:03.571983 24470 heartbeater.cc:322] Connected to a master server at 127.18.222.62:43565
I0918 20:39:03.572382 24470 heartbeater.cc:406] Registering TS with master...
I0918 20:39:03.572970 24470 heartbeater.cc:455] Master 127.18.222.62:43565 requested a full tablet report, sending...
I0918 20:39:03.573793 24204 ts_manager.cc:186] Registered new tserver with Master: 18498189d0874c39adf8a1bcd497997a (127.18.222.3:42283)
I0918 20:39:03.575588 24089 ts_manager.cc:186] Registered new tserver with Master: 18498189d0874c39adf8a1bcd497997a (127.18.222.3:42283)
I0918 20:39:03.576325 24204 master_service.cc:276] Signed X509 certificate for tserver {username='slave'} at 127.0.0.1:49450
I0918 20:39:03.583829 24469 heartbeater.cc:322] Connected to a master server at 127.18.222.61:39201
I0918 20:39:03.584125 24469 heartbeater.cc:406] Registering TS with master...
I0918 20:39:03.584483 24469 heartbeater.cc:455] Master 127.18.222.61:39201 requested a full tablet report, sending...
I0918 20:39:03.586958 24145 ts_manager.cc:186] Registered new tserver with Master: 18498189d0874c39adf8a1bcd497997a (127.18.222.3:42283)
I0918 20:39:03.587833 19320 internal_mini_cluster.cc:328] 3 TS(s) registered with all masters after 0.028239529s
