I0918 20:39:08.601724 25009 consensus_queue.cc:229] T 98003d0b22fb4a248daa8ba50ca38265 P 4f96668e49f44cfe9cdfe6462347a594 [NON_LEADER]: Queue going to NON_LEADER mode. State: All replicated index: 0, Majority replicated index: 0, Committed index: 0, Last appended: 0.0, Last appended by leader: 0, Current term: 0, Majority size: -1, State: 0, Mode: NON_LEADER, active raft config: opid_index: -1 OBSOLETE_local: false peers { permanent_uuid: "c6071a1b02054de29eddfe6865eafb8e" member_type: VOTER last_known_addr { host: "127.18.222.1" port: 45627 } } peers { permanent_uuid: "4f96668e49f44cfe9cdfe6462347a594" member_type: VOTER last_known_addr { host: "127.18.222.3" port: 45255 } } peers { permanent_uuid: "20d7112efcfa495c9baa82bd089f4928" member_type: VOTER last_known_addr { host: "127.18.222.2" port: 42835 } }
I0918 20:39:08.639520 25009 ts_tablet_manager.cc:1113] T 98003d0b22fb4a248daa8ba50ca38265 P 4f96668e49f44cfe9cdfe6462347a594: Time spent starting tablet: real 0.042s user 0.029s sys 0.008s
I0918 20:39:08.640460 25009 tablet_bootstrap.cc:439] T 4b86906ac1084018a23f202664ca0276 P 4f96668e49f44cfe9cdfe6462347a594: Bootstrap starting.
I0918 20:39:08.645757 25009 tablet_bootstrap.cc:590] T 4b86906ac1084018a23f202664ca0276 P 4f96668e49f44cfe9cdfe6462347a594: No blocks or log segments found. Creating new log.
I0918 20:39:08.662453 25010 tablet_bootstrap.cc:439] T 8119ec3019aa43a78aace2e7ed85055d P c6071a1b02054de29eddfe6865eafb8e: No bootstrap required, opened a new log
I0918 20:39:08.663080 25010 ts_tablet_manager.cc:1085] T 8119ec3019aa43a78aace2e7ed85055d P c6071a1b02054de29eddfe6865eafb8e: Time spent bootstrapping tablet: real 0.077s user 0.022s sys 0.017s
I0918 20:39:08.665537 25010 raft_consensus.cc:340] T 8119ec3019aa43a78aace2e7ed85055d P c6071a1b02054de29eddfe6865eafb8e [term 0 FOLLOWER]: Replica starting. Triggering 0 pending transactions. Active config: opid_index: -1 OBSOLETE_local: false peers { permanent_uuid: "c6071a1b02054de29eddfe6865eafb8e" member_type: VOTER last_known_addr { host: "127.18.222.1" port: 45627 } } peers { permanent_uuid: "20d7112efcfa495c9baa82bd089f4928" member_type: VOTER last_known_addr { host: "127.18.222.2" port: 42835 } } peers { permanent_uuid: "4f96668e49f44cfe9cdfe6462347a594" member_type: VOTER last_known_addr { host: "127.18.222.3" port: 45255 } }
I0918 20:39:08.666376 25010 raft_consensus.cc:366] T 8119ec3019aa43a78aace2e7ed85055d P c6071a1b02054de29eddfe6865eafb8e [term 0 FOLLOWER]: Consensus starting up: Expiring failure detector timer to make a prompt election more likely
I0918 20:39:08.666640 25010 raft_consensus.cc:705] T 8119ec3019aa43a78aace2e7ed85055d P c6071a1b02054de29eddfe6865eafb8e [term 0 FOLLOWER]: Becoming Follower/Learner. State: Replica: c6071a1b02054de29eddfe6865eafb8e, State: Initialized, Role: FOLLOWER
I0918 20:39:08.667464 25010 consensus_queue.cc:229] T 8119ec3019aa43a78aace2e7ed85055d P c6071a1b02054de29eddfe6865eafb8e [NON_LEADER]: Queue going to NON_LEADER mode. State: All replicated index: 0, Majority replicated index: 0, Committed index: 0, Last appended: 0.0, Last appended by leader: 0, Current term: 0, Majority size: -1, State: 0, Mode: NON_LEADER, active raft config: opid_index: -1 OBSOLETE_local: false peers { permanent_uuid: "c6071a1b02054de29eddfe6865eafb8e" member_type: VOTER last_known_addr { host: "127.18.222.1" port: 45627 } } peers { permanent_uuid: "20d7112efcfa495c9baa82bd089f4928" member_type: VOTER last_known_addr { host: "127.18.222.2" port: 42835 } } peers { permanent_uuid: "4f96668e49f44cfe9cdfe6462347a594" member_type: VOTER last_known_addr { host: "127.18.222.3" port: 45255 } }
I0918 20:39:08.697175 25010 ts_tablet_manager.cc:1113] T 8119ec3019aa43a78aace2e7ed85055d P c6071a1b02054de29eddfe6865eafb8e: Time spent starting tablet: real 0.034s user 0.009s sys 0.005s
I0918 20:39:08.697607 24770 catalog_manager.cc:1153] T 00000000000000000000000000000000 P 1b0782873fac45c19186dd7e9966b568: acquiring CA information for follower catalog manager: success
I0918 20:39:08.698025 25010 tablet_bootstrap.cc:439] T 4b86906ac1084018a23f202664ca0276 P c6071a1b02054de29eddfe6865eafb8e: Bootstrap starting.
I0918 20:39:08.702601 25012 tablet_bootstrap.cc:439] T 8119ec3019aa43a78aace2e7ed85055d P 20d7112efcfa495c9baa82bd089f4928: No bootstrap required, opened a new log
I0918 20:39:08.704246 25012 ts_tablet_manager.cc:1085] T 8119ec3019aa43a78aace2e7ed85055d P 20d7112efcfa495c9baa82bd089f4928: Time spent bootstrapping tablet: real 0.112s user 0.011s sys 0.018s
I0918 20:39:08.706281 25010 tablet_bootstrap.cc:590] T 4b86906ac1084018a23f202664ca0276 P c6071a1b02054de29eddfe6865eafb8e: No blocks or log segments found. Creating new log.
I0918 20:39:08.707926 24767 catalog_manager.cc:1153] T 00000000000000000000000000000000 P b6ca09a1f9e5496f95857e93a1bfddfc: acquiring CA information for follower catalog manager: success
I0918 20:39:08.715976 24767 catalog_manager.cc:1181] T 00000000000000000000000000000000 P b6ca09a1f9e5496f95857e93a1bfddfc: importing token verification keys for follower catalog manager: success; most recent TSK sequence number 0
I0918 20:39:08.716085 24770 catalog_manager.cc:1181] T 00000000000000000000000000000000 P 1b0782873fac45c19186dd7e9966b568: importing token verification keys for follower catalog manager: success; most recent TSK sequence number 0
I0918 20:39:08.715574 25012 raft_consensus.cc:340] T 8119ec3019aa43a78aace2e7ed85055d P 20d7112efcfa495c9baa82bd089f4928 [term 0 FOLLOWER]: Replica starting. Triggering 0 pending transactions. Active config: opid_index: -1 OBSOLETE_local: false peers { permanent_uuid: "c6071a1b02054de29eddfe6865eafb8e" member_type: VOTER last_known_addr { host: "127.18.222.1" port: 45627 } } peers { permanent_uuid: "20d7112efcfa495c9baa82bd089f4928" member_type: VOTER last_known_addr { host: "127.18.222.2" port: 42835 } } peers { permanent_uuid: "4f96668e49f44cfe9cdfe6462347a594" member_type: VOTER last_known_addr { host: "127.18.222.3" port: 45255 } }
I0918 20:39:08.717432 25012 raft_consensus.cc:366] T 8119ec3019aa43a78aace2e7ed85055d P 20d7112efcfa495c9baa82bd089f4928 [term 0 FOLLOWER]: Consensus starting up: Expiring failure detector timer to make a prompt election more likely
I0918 20:39:08.717689 25012 raft_consensus.cc:705] T 8119ec3019aa43a78aace2e7ed85055d P 20d7112efcfa495c9baa82bd089f4928 [term 0 FOLLOWER]: Becoming Follower/Learner. State: Replica: 20d7112efcfa495c9baa82bd089f4928, State: Initialized, Role: FOLLOWER
I0918 20:39:08.718338 25012 consensus_queue.cc:229] T 8119ec3019aa43a78aace2e7ed85055d P 20d7112efcfa495c9baa82bd089f4928 [NON_LEADER]: Queue going to NON_LEADER mode. State: All replicated index: 0, Majority replicated index: 0, Committed index: 0, Last appended: 0.0, Last appended by leader: 0, Current term: 0, Majority size: -1, State: 0, Mode: NON_LEADER, active raft config: opid_index: -1 OBSOLETE_local: false peers { permanent_uuid: "c6071a1b02054de29eddfe6865eafb8e" member_type: VOTER last_known_addr { host: "127.18.222.1" port: 45627 } } peers { permanent_uuid: "20d7112efcfa495c9baa82bd089f4928" member_type: VOTER last_known_addr { host: "127.18.222.2" port: 42835 } } peers { permanent_uuid: "4f96668e49f44cfe9cdfe6462347a594" member_type: VOTER last_known_addr { host: "127.18.222.3" port: 45255 } }
I0918 20:39:08.728241 25018 raft_consensus.cc:472] T 8119ec3019aa43a78aace2e7ed85055d P c6071a1b02054de29eddfe6865eafb8e [term 0 FOLLOWER]: Starting pre-election (no leader contacted us within the election timeout)
I0918 20:39:08.729122 25009 tablet_bootstrap.cc:439] T 4b86906ac1084018a23f202664ca0276 P 4f96668e49f44cfe9cdfe6462347a594: No bootstrap required, opened a new log
I0918 20:39:08.730576 25009 ts_tablet_manager.cc:1085] T 4b86906ac1084018a23f202664ca0276 P 4f96668e49f44cfe9cdfe6462347a594: Time spent bootstrapping tablet: real 0.090s user 0.014s sys 0.019s
I0918 20:39:08.730419 25018 raft_consensus.cc:494] T 8119ec3019aa43a78aace2e7ed85055d P c6071a1b02054de29eddfe6865eafb8e [term 0 FOLLOWER]: Starting pre-election with config: opid_index: -1 OBSOLETE_local: false peers { permanent_uuid: "c6071a1b02054de29eddfe6865eafb8e" member_type: VOTER last_known_addr { host: "127.18.222.1" port: 45627 } } peers { permanent_uuid: "20d7112efcfa495c9baa82bd089f4928" member_type: VOTER last_known_addr { host: "127.18.222.2" port: 42835 } } peers { permanent_uuid: "4f96668e49f44cfe9cdfe6462347a594" member_type: VOTER last_known_addr { host: "127.18.222.3" port: 45255 } }
I0918 20:39:08.733086 25009 raft_consensus.cc:340] T 4b86906ac1084018a23f202664ca0276 P 4f96668e49f44cfe9cdfe6462347a594 [term 0 FOLLOWER]: Replica starting. Triggering 0 pending transactions. Active config: opid_index: -1 OBSOLETE_local: false peers { permanent_uuid: "c6071a1b02054de29eddfe6865eafb8e" member_type: VOTER last_known_addr { host: "127.18.222.1" port: 45627 } } peers { permanent_uuid: "20d7112efcfa495c9baa82bd089f4928" member_type: VOTER last_known_addr { host: "127.18.222.2" port: 42835 } } peers { permanent_uuid: "4f96668e49f44cfe9cdfe6462347a594" member_type: VOTER last_known_addr { host: "127.18.222.3" port: 45255 } }
I0918 20:39:08.733896 25009 raft_consensus.cc:366] T 4b86906ac1084018a23f202664ca0276 P 4f96668e49f44cfe9cdfe6462347a594 [term 0 FOLLOWER]: Consensus starting up: Expiring failure detector timer to make a prompt election more likely
I0918 20:39:08.734128 25009 raft_consensus.cc:705] T 4b86906ac1084018a23f202664ca0276 P 4f96668e49f44cfe9cdfe6462347a594 [term 0 FOLLOWER]: Becoming Follower/Learner. State: Replica: 4f96668e49f44cfe9cdfe6462347a594, State: Initialized, Role: FOLLOWER
I0918 20:39:08.734907 25009 consensus_queue.cc:229] T 4b86906ac1084018a23f202664ca0276 P 4f96668e49f44cfe9cdfe6462347a594 [NON_LEADER]: Queue going to NON_LEADER mode. State: All replicated index: 0, Majority replicated index: 0, Committed index: 0, Last appended: 0.0, Last appended by leader: 0, Current term: 0, Majority size: -1, State: 0, Mode: NON_LEADER, active raft config: opid_index: -1 OBSOLETE_local: false peers { permanent_uuid: "c6071a1b02054de29eddfe6865eafb8e" member_type: VOTER last_known_addr { host: "127.18.222.1" port: 45627 } } peers { permanent_uuid: "20d7112efcfa495c9baa82bd089f4928" member_type: VOTER last_known_addr { host: "127.18.222.2" port: 42835 } } peers { permanent_uuid: "4f96668e49f44cfe9cdfe6462347a594" member_type: VOTER last_known_addr { host: "127.18.222.3" port: 45255 } }
I0918 20:39:08.737776 25009 ts_tablet_manager.cc:1113] T 4b86906ac1084018a23f202664ca0276 P 4f96668e49f44cfe9cdfe6462347a594: Time spent starting tablet: real 0.007s user 0.006s sys 0.000s
I0918 20:39:08.729933 25010 tablet_bootstrap.cc:439] T 4b86906ac1084018a23f202664ca0276 P c6071a1b02054de29eddfe6865eafb8e: No bootstrap required, opened a new log
I0918 20:39:08.739143 25010 ts_tablet_manager.cc:1085] T 4b86906ac1084018a23f202664ca0276 P c6071a1b02054de29eddfe6865eafb8e: Time spent bootstrapping tablet: real 0.041s user 0.005s sys 0.013s
I0918 20:39:08.741423 25012 ts_tablet_manager.cc:1113] T 8119ec3019aa43a78aace2e7ed85055d P 20d7112efcfa495c9baa82bd089f4928: Time spent starting tablet: real 0.036s user 0.009s sys 0.003s
I0918 20:39:08.742561 25010 raft_consensus.cc:340] T 4b86906ac1084018a23f202664ca0276 P c6071a1b02054de29eddfe6865eafb8e [term 0 FOLLOWER]: Replica starting. Triggering 0 pending transactions. Active config: opid_index: -1 OBSOLETE_local: false peers { permanent_uuid: "c6071a1b02054de29eddfe6865eafb8e" member_type: VOTER last_known_addr { host: "127.18.222.1" port: 45627 } } peers { permanent_uuid: "20d7112efcfa495c9baa82bd089f4928" member_type: VOTER last_known_addr { host: "127.18.222.2" port: 42835 } } peers { permanent_uuid: "4f96668e49f44cfe9cdfe6462347a594" member_type: VOTER last_known_addr { host: "127.18.222.3" port: 45255 } }
I0918 20:39:08.743330 25010 raft_consensus.cc:366] T 4b86906ac1084018a23f202664ca0276 P c6071a1b02054de29eddfe6865eafb8e [term 0 FOLLOWER]: Consensus starting up: Expiring failure detector timer to make a prompt election more likely
I0918 20:39:08.743546 25010 raft_consensus.cc:705] T 4b86906ac1084018a23f202664ca0276 P c6071a1b02054de29eddfe6865eafb8e [term 0 FOLLOWER]: Becoming Follower/Learner. State: Replica: c6071a1b02054de29eddfe6865eafb8e, State: Initialized, Role: FOLLOWER
I0918 20:39:08.744240 25010 consensus_queue.cc:229] T 4b86906ac1084018a23f202664ca0276 P c6071a1b02054de29eddfe6865eafb8e [NON_LEADER]: Queue going to NON_LEADER mode. State: All replicated index: 0, Majority replicated index: 0, Committed index: 0, Last appended: 0.0, Last appended by leader: 0, Current term: 0, Majority size: -1, State: 0, Mode: NON_LEADER, active raft config: opid_index: -1 OBSOLETE_local: false peers { permanent_uuid: "c6071a1b02054de29eddfe6865eafb8e" member_type: VOTER last_known_addr { host: "127.18.222.1" port: 45627 } } peers { permanent_uuid: "20d7112efcfa495c9baa82bd089f4928" member_type: VOTER last_known_addr { host: "127.18.222.2" port: 42835 } } peers { permanent_uuid: "4f96668e49f44cfe9cdfe6462347a594" member_type: VOTER last_known_addr { host: "127.18.222.3" port: 45255 } }
I0918 20:39:08.746006 25010 ts_tablet_manager.cc:1113] T 4b86906ac1084018a23f202664ca0276 P c6071a1b02054de29eddfe6865eafb8e: Time spent starting tablet: real 0.007s user 0.004s sys 0.000s
I0918 20:39:08.746773 25010 tablet_bootstrap.cc:439] T 98003d0b22fb4a248daa8ba50ca38265 P c6071a1b02054de29eddfe6865eafb8e: Bootstrap starting.
I0918 20:39:08.751566 25010 tablet_bootstrap.cc:590] T 98003d0b22fb4a248daa8ba50ca38265 P c6071a1b02054de29eddfe6865eafb8e: No blocks or log segments found. Creating new log.
I0918 20:39:08.774431 25012 tablet_bootstrap.cc:439] T 98003d0b22fb4a248daa8ba50ca38265 P 20d7112efcfa495c9baa82bd089f4928: Bootstrap starting.
I0918 20:39:08.778261 25012 tablet_bootstrap.cc:590] T 98003d0b22fb4a248daa8ba50ca38265 P 20d7112efcfa495c9baa82bd089f4928: No blocks or log segments found. Creating new log.
I0918 20:39:08.797475 25014 raft_consensus.cc:472] T 4b86906ac1084018a23f202664ca0276 P 4f96668e49f44cfe9cdfe6462347a594 [term 0 FOLLOWER]: Starting pre-election (no leader contacted us within the election timeout)
I0918 20:39:08.798107 25014 raft_consensus.cc:494] T 4b86906ac1084018a23f202664ca0276 P 4f96668e49f44cfe9cdfe6462347a594 [term 0 FOLLOWER]: Starting pre-election with config: opid_index: -1 OBSOLETE_local: false peers { permanent_uuid: "c6071a1b02054de29eddfe6865eafb8e" member_type: VOTER last_known_addr { host: "127.18.222.1" port: 45627 } } peers { permanent_uuid: "20d7112efcfa495c9baa82bd089f4928" member_type: VOTER last_known_addr { host: "127.18.222.2" port: 42835 } } peers { permanent_uuid: "4f96668e49f44cfe9cdfe6462347a594" member_type: VOTER last_known_addr { host: "127.18.222.3" port: 45255 } }
I0918 20:39:08.803681 25014 leader_election.cc:296] T 4b86906ac1084018a23f202664ca0276 P 4f96668e49f44cfe9cdfe6462347a594 [CANDIDATE]: Term 1 pre-election: Requested pre-vote from peers c6071a1b02054de29eddfe6865eafb8e (127.18.222.1:45627), 20d7112efcfa495c9baa82bd089f4928 (127.18.222.2:42835)
I0918 20:39:08.808425 25009 tablet_bootstrap.cc:439] T 8119ec3019aa43a78aace2e7ed85055d P 4f96668e49f44cfe9cdfe6462347a594: Bootstrap starting.
I0918 20:39:08.810706 25018 leader_election.cc:296] T 8119ec3019aa43a78aace2e7ed85055d P c6071a1b02054de29eddfe6865eafb8e [CANDIDATE]: Term 1 pre-election: Requested pre-vote from peers 20d7112efcfa495c9baa82bd089f4928 (127.18.222.2:42835), 4f96668e49f44cfe9cdfe6462347a594 (127.18.222.3:45255)
I0918 20:39:08.812983 25010 tablet_bootstrap.cc:439] T 98003d0b22fb4a248daa8ba50ca38265 P c6071a1b02054de29eddfe6865eafb8e: No bootstrap required, opened a new log
I0918 20:39:08.832841 25009 tablet_bootstrap.cc:590] T 8119ec3019aa43a78aace2e7ed85055d P 4f96668e49f44cfe9cdfe6462347a594: No blocks or log segments found. Creating new log.
I0918 20:39:08.833016 25012 tablet_bootstrap.cc:439] T 98003d0b22fb4a248daa8ba50ca38265 P 20d7112efcfa495c9baa82bd089f4928: No bootstrap required, opened a new log
I0918 20:39:08.831912 25010 ts_tablet_manager.cc:1085] T 98003d0b22fb4a248daa8ba50ca38265 P c6071a1b02054de29eddfe6865eafb8e: Time spent bootstrapping tablet: real 0.084s user 0.033s sys 0.022s
I0918 20:39:08.835861 25012 ts_tablet_manager.cc:1085] T 98003d0b22fb4a248daa8ba50ca38265 P 20d7112efcfa495c9baa82bd089f4928: Time spent bootstrapping tablet: real 0.062s user 0.015s sys 0.034s
I0918 20:39:08.874188 25010 raft_consensus.cc:340] T 98003d0b22fb4a248daa8ba50ca38265 P c6071a1b02054de29eddfe6865eafb8e [term 0 FOLLOWER]: Replica starting. Triggering 0 pending transactions. Active config: opid_index: -1 OBSOLETE_local: false peers { permanent_uuid: "c6071a1b02054de29eddfe6865eafb8e" member_type: VOTER last_known_addr { host: "127.18.222.1" port: 45627 } } peers { permanent_uuid: "4f96668e49f44cfe9cdfe6462347a594" member_type: VOTER last_known_addr { host: "127.18.222.3" port: 45255 } } peers { permanent_uuid: "20d7112efcfa495c9baa82bd089f4928" member_type: VOTER last_known_addr { host: "127.18.222.2" port: 42835 } }
I0918 20:39:08.875026 25010 raft_consensus.cc:366] T 98003d0b22fb4a248daa8ba50ca38265 P c6071a1b02054de29eddfe6865eafb8e [term 0 FOLLOWER]: Consensus starting up: Expiring failure detector timer to make a prompt election more likely
I0918 20:39:08.875277 25010 raft_consensus.cc:705] T 98003d0b22fb4a248daa8ba50ca38265 P c6071a1b02054de29eddfe6865eafb8e [term 0 FOLLOWER]: Becoming Follower/Learner. State: Replica: c6071a1b02054de29eddfe6865eafb8e, State: Initialized, Role: FOLLOWER
I0918 20:39:08.881801 25010 consensus_queue.cc:229] T 98003d0b22fb4a248daa8ba50ca38265 P c6071a1b02054de29eddfe6865eafb8e [NON_LEADER]: Queue going to NON_LEADER mode. State: All replicated index: 0, Majority replicated index: 0, Committed index: 0, Last appended: 0.0, Last appended by leader: 0, Current term: 0, Majority size: -1, State: 0, Mode: NON_LEADER, active raft config: opid_index: -1 OBSOLETE_local: false peers { permanent_uuid: "c6071a1b02054de29eddfe6865eafb8e" member_type: VOTER last_known_addr { host: "127.18.222.1" port: 45627 } } peers { permanent_uuid: "4f96668e49f44cfe9cdfe6462347a594" member_type: VOTER last_known_addr { host: "127.18.222.3" port: 45255 } } peers { permanent_uuid: "20d7112efcfa495c9baa82bd089f4928" member_type: VOTER last_known_addr { host: "127.18.222.2" port: 42835 } }
I0918 20:39:08.887660 25012 raft_consensus.cc:340] T 98003d0b22fb4a248daa8ba50ca38265 P 20d7112efcfa495c9baa82bd089f4928 [term 0 FOLLOWER]: Replica starting. Triggering 0 pending transactions. Active config: opid_index: -1 OBSOLETE_local: false peers { permanent_uuid: "c6071a1b02054de29eddfe6865eafb8e" member_type: VOTER last_known_addr { host: "127.18.222.1" port: 45627 } } peers { permanent_uuid: "4f96668e49f44cfe9cdfe6462347a594" member_type: VOTER last_known_addr { host: "127.18.222.3" port: 45255 } } peers { permanent_uuid: "20d7112efcfa495c9baa82bd089f4928" member_type: VOTER last_known_addr { host: "127.18.222.2" port: 42835 } }
I0918 20:39:08.907065 25009 tablet_bootstrap.cc:439] T 8119ec3019aa43a78aace2e7ed85055d P 4f96668e49f44cfe9cdfe6462347a594: No bootstrap required, opened a new log
I0918 20:39:08.909612 25009 ts_tablet_manager.cc:1085] T 8119ec3019aa43a78aace2e7ed85055d P 4f96668e49f44cfe9cdfe6462347a594: Time spent bootstrapping tablet: real 0.128s user 0.012s sys 0.018s
I0918 20:39:08.906258 25010 ts_tablet_manager.cc:1113] T 98003d0b22fb4a248daa8ba50ca38265 P c6071a1b02054de29eddfe6865eafb8e: Time spent starting tablet: real 0.070s user 0.006s sys 0.001s
I0918 20:39:08.907944 25012 raft_consensus.cc:366] T 98003d0b22fb4a248daa8ba50ca38265 P 20d7112efcfa495c9baa82bd089f4928 [term 0 FOLLOWER]: Consensus starting up: Expiring failure detector timer to make a prompt election more likely
I0918 20:39:08.911486 25012 raft_consensus.cc:705] T 98003d0b22fb4a248daa8ba50ca38265 P 20d7112efcfa495c9baa82bd089f4928 [term 0 FOLLOWER]: Becoming Follower/Learner. State: Replica: 20d7112efcfa495c9baa82bd089f4928, State: Initialized, Role: FOLLOWER
I0918 20:39:08.922214 25014 raft_consensus.cc:472] T 98003d0b22fb4a248daa8ba50ca38265 P 4f96668e49f44cfe9cdfe6462347a594 [term 0 FOLLOWER]: Starting pre-election (no leader contacted us within the election timeout)
I0918 20:39:08.925213 25014 raft_consensus.cc:494] T 98003d0b22fb4a248daa8ba50ca38265 P 4f96668e49f44cfe9cdfe6462347a594 [term 0 FOLLOWER]: Starting pre-election with config: opid_index: -1 OBSOLETE_local: false peers { permanent_uuid: "c6071a1b02054de29eddfe6865eafb8e" member_type: VOTER last_known_addr { host: "127.18.222.1" port: 45627 } } peers { permanent_uuid: "4f96668e49f44cfe9cdfe6462347a594" member_type: VOTER last_known_addr { host: "127.18.222.3" port: 45255 } } peers { permanent_uuid: "20d7112efcfa495c9baa82bd089f4928" member_type: VOTER last_known_addr { host: "127.18.222.2" port: 42835 } }
I0918 20:39:08.927505 25009 raft_consensus.cc:340] T 8119ec3019aa43a78aace2e7ed85055d P 4f96668e49f44cfe9cdfe6462347a594 [term 0 FOLLOWER]: Replica starting. Triggering 0 pending transactions. Active config: opid_index: -1 OBSOLETE_local: false peers { permanent_uuid: "c6071a1b02054de29eddfe6865eafb8e" member_type: VOTER last_known_addr { host: "127.18.222.1" port: 45627 } } peers { permanent_uuid: "20d7112efcfa495c9baa82bd089f4928" member_type: VOTER last_known_addr { host: "127.18.222.2" port: 42835 } } peers { permanent_uuid: "4f96668e49f44cfe9cdfe6462347a594" member_type: VOTER last_known_addr { host: "127.18.222.3" port: 45255 } }
I0918 20:39:08.928417 25009 raft_consensus.cc:366] T 8119ec3019aa43a78aace2e7ed85055d P 4f96668e49f44cfe9cdfe6462347a594 [term 0 FOLLOWER]: Consensus starting up: Expiring failure detector timer to make a prompt election more likely
I0918 20:39:08.928645 25009 raft_consensus.cc:705] T 8119ec3019aa43a78aace2e7ed85055d P 4f96668e49f44cfe9cdfe6462347a594 [term 0 FOLLOWER]: Becoming Follower/Learner. State: Replica: 4f96668e49f44cfe9cdfe6462347a594, State: Initialized, Role: FOLLOWER
I0918 20:39:08.929277 25009 consensus_queue.cc:229] T 8119ec3019aa43a78aace2e7ed85055d P 4f96668e49f44cfe9cdfe6462347a594 [NON_LEADER]: Queue going to NON_LEADER mode. State: All replicated index: 0, Majority replicated index: 0, Committed index: 0, Last appended: 0.0, Last appended by leader: 0, Current term: 0, Majority size: -1, State: 0, Mode: NON_LEADER, active raft config: opid_index: -1 OBSOLETE_local: false peers { permanent_uuid: "c6071a1b02054de29eddfe6865eafb8e" member_type: VOTER last_known_addr { host: "127.18.222.1" port: 45627 } } peers { permanent_uuid: "20d7112efcfa495c9baa82bd089f4928" member_type: VOTER last_known_addr { host: "127.18.222.2" port: 42835 } } peers { permanent_uuid: "4f96668e49f44cfe9cdfe6462347a594" member_type: VOTER last_known_addr { host: "127.18.222.3" port: 45255 } }
I0918 20:39:08.927536 25014 leader_election.cc:296] T 98003d0b22fb4a248daa8ba50ca38265 P 4f96668e49f44cfe9cdfe6462347a594 [CANDIDATE]: Term 1 pre-election: Requested pre-vote from peers c6071a1b02054de29eddfe6865eafb8e (127.18.222.1:45627), 20d7112efcfa495c9baa82bd089f4928 (127.18.222.2:42835)
I0918 20:39:08.930950 25012 consensus_queue.cc:229] T 98003d0b22fb4a248daa8ba50ca38265 P 20d7112efcfa495c9baa82bd089f4928 [NON_LEADER]: Queue going to NON_LEADER mode. State: All replicated index: 0, Majority replicated index: 0, Committed index: 0, Last appended: 0.0, Last appended by leader: 0, Current term: 0, Majority size: -1, State: 0, Mode: NON_LEADER, active raft config: opid_index: -1 OBSOLETE_local: false peers { permanent_uuid: "c6071a1b02054de29eddfe6865eafb8e" member_type: VOTER last_known_addr { host: "127.18.222.1" port: 45627 } } peers { permanent_uuid: "4f96668e49f44cfe9cdfe6462347a594" member_type: VOTER last_known_addr { host: "127.18.222.3" port: 45255 } } peers { permanent_uuid: "20d7112efcfa495c9baa82bd089f4928" member_type: VOTER last_known_addr { host: "127.18.222.2" port: 42835 } }
I0918 20:39:08.941587 24886 tablet_service.cc:1295] Received RequestConsensusVote() RPC: tablet_id: "8119ec3019aa43a78aace2e7ed85055d" candidate_uuid: "c6071a1b02054de29eddfe6865eafb8e" candidate_term: 1 candidate_status { last_received { term: 0 index: 0 } } ignore_live_leader: false dest_uuid: "20d7112efcfa495c9baa82bd089f4928" is_pre_election: true
I0918 20:39:08.942392 24886 raft_consensus.cc:2350] T 8119ec3019aa43a78aace2e7ed85055d P 20d7112efcfa495c9baa82bd089f4928 [term 0 FOLLOWER]: Leader pre-election vote request: Granting yes vote for candidate c6071a1b02054de29eddfe6865eafb8e in term 0.
I0918 20:39:08.947824 24775 leader_election.cc:310] T 8119ec3019aa43a78aace2e7ed85055d P c6071a1b02054de29eddfe6865eafb8e [CANDIDATE]: Term 1 pre-election: Election decided. Result: candidate won. Election summary: received 2 responses out of 3 voters: 2 yes votes; 0 no votes. yes voters: 20d7112efcfa495c9baa82bd089f4928, c6071a1b02054de29eddfe6865eafb8e; no voters:
I0918 20:39:08.948763 25018 raft_consensus.cc:2644] T 8119ec3019aa43a78aace2e7ed85055d P c6071a1b02054de29eddfe6865eafb8e [term 0 FOLLOWER]: Leader pre-election won for term 1
I0918 20:39:08.949055 25018 raft_consensus.cc:472] T 8119ec3019aa43a78aace2e7ed85055d P c6071a1b02054de29eddfe6865eafb8e [term 0 FOLLOWER]: Starting leader election (no leader contacted us within the election timeout)
I0918 20:39:08.949355 25018 raft_consensus.cc:2890] T 8119ec3019aa43a78aace2e7ed85055d P c6071a1b02054de29eddfe6865eafb8e [term 0 FOLLOWER]: Advancing to term 1
I0918 20:39:08.957005 24965 tablet_service.cc:1295] Received RequestConsensusVote() RPC: tablet_id: "8119ec3019aa43a78aace2e7ed85055d" candidate_uuid: "c6071a1b02054de29eddfe6865eafb8e" candidate_term: 1 candidate_status { last_received { term: 0 index: 0 } } ignore_live_leader: false dest_uuid: "4f96668e49f44cfe9cdfe6462347a594" is_pre_election: true
I0918 20:39:08.957999 24965 raft_consensus.cc:2350] T 8119ec3019aa43a78aace2e7ed85055d P 4f96668e49f44cfe9cdfe6462347a594 [term 0 FOLLOWER]: Leader pre-election vote request: Granting yes vote for candidate c6071a1b02054de29eddfe6865eafb8e in term 0.
I0918 20:39:08.964491 25018 raft_consensus.cc:494] T 8119ec3019aa43a78aace2e7ed85055d P c6071a1b02054de29eddfe6865eafb8e [term 1 FOLLOWER]: Starting leader election with config: opid_index: -1 OBSOLETE_local: false peers { permanent_uuid: "c6071a1b02054de29eddfe6865eafb8e" member_type: VOTER last_known_addr { host: "127.18.222.1" port: 45627 } } peers { permanent_uuid: "20d7112efcfa495c9baa82bd089f4928" member_type: VOTER last_known_addr { host: "127.18.222.2" port: 42835 } } peers { permanent_uuid: "4f96668e49f44cfe9cdfe6462347a594" member_type: VOTER last_known_addr { host: "127.18.222.3" port: 45255 } }
I0918 20:39:08.967032 24886 tablet_service.cc:1295] Received RequestConsensusVote() RPC: tablet_id: "8119ec3019aa43a78aace2e7ed85055d" candidate_uuid: "c6071a1b02054de29eddfe6865eafb8e" candidate_term: 1 candidate_status { last_received { term: 0 index: 0 } } ignore_live_leader: false dest_uuid: "20d7112efcfa495c9baa82bd089f4928"
I0918 20:39:08.967587 24886 raft_consensus.cc:2890] T 8119ec3019aa43a78aace2e7ed85055d P 20d7112efcfa495c9baa82bd089f4928 [term 0 FOLLOWER]: Advancing to term 1
I0918 20:39:09.026726 24886 raft_consensus.cc:2350] T 8119ec3019aa43a78aace2e7ed85055d P 20d7112efcfa495c9baa82bd089f4928 [term 1 FOLLOWER]: Leader election vote request: Granting yes vote for candidate c6071a1b02054de29eddfe6865eafb8e in term 1.
I0918 20:39:09.027988 24775 leader_election.cc:310] T 8119ec3019aa43a78aace2e7ed85055d P c6071a1b02054de29eddfe6865eafb8e [CANDIDATE]: Term 1 election: Election decided. Result: candidate won. Election summary: received 2 responses out of 3 voters: 2 yes votes; 0 no votes. yes voters: 20d7112efcfa495c9baa82bd089f4928, c6071a1b02054de29eddfe6865eafb8e; no voters:
I0918 20:39:09.028954 25017 raft_consensus.cc:2644] T 8119ec3019aa43a78aace2e7ed85055d P c6071a1b02054de29eddfe6865eafb8e [term 1 FOLLOWER]: Leader election won for term 1
I0918 20:39:09.038507 25018 leader_election.cc:296] T 8119ec3019aa43a78aace2e7ed85055d P c6071a1b02054de29eddfe6865eafb8e [CANDIDATE]: Term 1 election: Requested vote from peers 20d7112efcfa495c9baa82bd089f4928 (127.18.222.2:42835), 4f96668e49f44cfe9cdfe6462347a594 (127.18.222.3:45255)
I0918 20:39:09.041963 25012 ts_tablet_manager.cc:1113] T 98003d0b22fb4a248daa8ba50ca38265 P 20d7112efcfa495c9baa82bd089f4928: Time spent starting tablet: real 0.201s user 0.008s sys 0.000s
I0918 20:39:09.042873 25012 tablet_bootstrap.cc:439] T 4b86906ac1084018a23f202664ca0276 P 20d7112efcfa495c9baa82bd089f4928: Bootstrap starting.
I0918 20:39:09.039455 24965 tablet_service.cc:1295] Received RequestConsensusVote() RPC: tablet_id: "8119ec3019aa43a78aace2e7ed85055d" candidate_uuid: "c6071a1b02054de29eddfe6865eafb8e" candidate_term: 1 candidate_status { last_received { term: 0 index: 0 } } ignore_live_leader: false dest_uuid: "4f96668e49f44cfe9cdfe6462347a594"
I0918 20:39:09.045941 24965 raft_consensus.cc:2890] T 8119ec3019aa43a78aace2e7ed85055d P 4f96668e49f44cfe9cdfe6462347a594 [term 0 FOLLOWER]: Advancing to term 1
I0918 20:39:09.053419 24965 raft_consensus.cc:2350] T 8119ec3019aa43a78aace2e7ed85055d P 4f96668e49f44cfe9cdfe6462347a594 [term 1 FOLLOWER]: Leader election vote request: Granting yes vote for candidate c6071a1b02054de29eddfe6865eafb8e in term 1.
I0918 20:39:09.055805 24812 tablet_service.cc:1295] Received RequestConsensusVote() RPC: tablet_id: "4b86906ac1084018a23f202664ca0276" candidate_uuid: "4f96668e49f44cfe9cdfe6462347a594" candidate_term: 1 candidate_status { last_received { term: 0 index: 0 } } ignore_live_leader: false dest_uuid: "c6071a1b02054de29eddfe6865eafb8e" is_pre_election: true
I0918 20:39:09.056138 24811 tablet_service.cc:1295] Received RequestConsensusVote() RPC: tablet_id: "98003d0b22fb4a248daa8ba50ca38265" candidate_uuid: "4f96668e49f44cfe9cdfe6462347a594" candidate_term: 1 candidate_status { last_received { term: 0 index: 0 } } ignore_live_leader: false dest_uuid: "c6071a1b02054de29eddfe6865eafb8e" is_pre_election: true
I0918 20:39:09.056638 24812 raft_consensus.cc:2350] T 4b86906ac1084018a23f202664ca0276 P c6071a1b02054de29eddfe6865eafb8e [term 0 FOLLOWER]: Leader pre-election vote request: Granting yes vote for candidate 4f96668e49f44cfe9cdfe6462347a594 in term 0.
I0918 20:39:09.057866 24928 leader_election.cc:310] T 4b86906ac1084018a23f202664ca0276 P 4f96668e49f44cfe9cdfe6462347a594 [CANDIDATE]: Term 1 pre-election: Election decided. Result: candidate won. Election summary: received 2 responses out of 3 voters: 2 yes votes; 0 no votes. yes voters: 4f96668e49f44cfe9cdfe6462347a594, c6071a1b02054de29eddfe6865eafb8e; no voters:
I0918 20:39:09.058856 24811 raft_consensus.cc:2350] T 98003d0b22fb4a248daa8ba50ca38265 P c6071a1b02054de29eddfe6865eafb8e [term 0 FOLLOWER]: Leader pre-election vote request: Granting yes vote for candidate 4f96668e49f44cfe9cdfe6462347a594 in term 0.
I0918 20:39:09.059969 25029 raft_consensus.cc:2644] T 4b86906ac1084018a23f202664ca0276 P 4f96668e49f44cfe9cdfe6462347a594 [term 0 FOLLOWER]: Leader pre-election won for term 1
I0918 20:39:09.060120 24928 leader_election.cc:310] T 98003d0b22fb4a248daa8ba50ca38265 P 4f96668e49f44cfe9cdfe6462347a594 [CANDIDATE]: Term 1 pre-election: Election decided. Result: candidate won. Election summary: received 2 responses out of 3 voters: 2 yes votes; 0 no votes. yes voters: 4f96668e49f44cfe9cdfe6462347a594, c6071a1b02054de29eddfe6865eafb8e; no voters:
I0918 20:39:09.061240 25014 raft_consensus.cc:2644] T 98003d0b22fb4a248daa8ba50ca38265 P 4f96668e49f44cfe9cdfe6462347a594 [term 0 FOLLOWER]: Leader pre-election won for term 1
I0918 20:39:09.061620 25014 raft_consensus.cc:472] T 98003d0b22fb4a248daa8ba50ca38265 P 4f96668e49f44cfe9cdfe6462347a594 [term 0 FOLLOWER]: Starting leader election (no leader contacted us within the election timeout)
I0918 20:39:09.061970 25014 raft_consensus.cc:2890] T 98003d0b22fb4a248daa8ba50ca38265 P 4f96668e49f44cfe9cdfe6462347a594 [term 0 FOLLOWER]: Advancing to term 1
W0918 20:39:09.044180 24845 outbound_call.cc:287] RPC callback for RPC call kudu.master.MasterService.TSHeartbeat -> {remote=127.18.222.62:37057, user_credentials={real_user=slave}} blocked reactor thread for 59304.5us
I0918 20:39:09.060482 25029 raft_consensus.cc:472] T 4b86906ac1084018a23f202664ca0276 P 4f96668e49f44cfe9cdfe6462347a594 [term 0 FOLLOWER]: Starting leader election (no leader contacted us within the election timeout)
I0918 20:39:09.069195 25029 raft_consensus.cc:2890] T 4b86906ac1084018a23f202664ca0276 P 4f96668e49f44cfe9cdfe6462347a594 [term 0 FOLLOWER]: Advancing to term 1
I0918 20:39:09.062623 25017 raft_consensus.cc:667] T 8119ec3019aa43a78aace2e7ed85055d P c6071a1b02054de29eddfe6865eafb8e [term 1 LEADER]: Becoming Leader. State: Replica: c6071a1b02054de29eddfe6865eafb8e, State: Running, Role: LEADER
I0918 20:39:09.069998 24885 tablet_service.cc:1295] Received RequestConsensusVote() RPC: tablet_id: "98003d0b22fb4a248daa8ba50ca38265" candidate_uuid: "4f96668e49f44cfe9cdfe6462347a594" candidate_term: 1 candidate_status { last_received { term: 0 index: 0 } } ignore_live_leader: false dest_uuid: "20d7112efcfa495c9baa82bd089f4928" is_pre_election: true
I0918 20:39:09.072199 25017 consensus_queue.cc:206] T 8119ec3019aa43a78aace2e7ed85055d P c6071a1b02054de29eddfe6865eafb8e [LEADER]: Queue going to LEADER mode. State: All replicated index: 0, Majority replicated index: 0, Committed index: 0, Last appended: 0.0, Last appended by leader: 0, Current term: 1, Majority size: 2, State: 0, Mode: LEADER, active raft config: opid_index: -1 OBSOLETE_local: false peers { permanent_uuid: "c6071a1b02054de29eddfe6865eafb8e" member_type: VOTER last_known_addr { host: "127.18.222.1" port: 45627 } } peers { permanent_uuid: "20d7112efcfa495c9baa82bd089f4928" member_type: VOTER last_known_addr { host: "127.18.222.2" port: 42835 } } peers { permanent_uuid: "4f96668e49f44cfe9cdfe6462347a594" member_type: VOTER last_known_addr { host: "127.18.222.3" port: 45255 } }
I0918 20:39:09.072187 24885 raft_consensus.cc:2350] T 98003d0b22fb4a248daa8ba50ca38265 P 20d7112efcfa495c9baa82bd089f4928 [term 0 FOLLOWER]: Leader pre-election vote request: Granting yes vote for candidate 4f96668e49f44cfe9cdfe6462347a594 in term 0.
I0918 20:39:09.074646 24886 tablet_service.cc:1295] Received RequestConsensusVote() RPC: tablet_id: "4b86906ac1084018a23f202664ca0276" candidate_uuid: "4f96668e49f44cfe9cdfe6462347a594" candidate_term: 1 candidate_status { last_received { term: 0 index: 0 } } ignore_live_leader: false dest_uuid: "20d7112efcfa495c9baa82bd089f4928" is_pre_election: true
W0918 20:39:09.075932 24928 leader_election.cc:348] T 4b86906ac1084018a23f202664ca0276 P 4f96668e49f44cfe9cdfe6462347a594 [CANDIDATE]: Term 1 pre-election: Tablet error from VoteRequest() call to peer 20d7112efcfa495c9baa82bd089f4928 (127.18.222.2:42835): Illegal state: must be running to vote when last-logged opid is not known
I0918 20:39:09.069900 25014 raft_consensus.cc:494] T 98003d0b22fb4a248daa8ba50ca38265 P 4f96668e49f44cfe9cdfe6462347a594 [term 1 FOLLOWER]: Starting leader election with config: opid_index: -1 OBSOLETE_local: false peers { permanent_uuid: "c6071a1b02054de29eddfe6865eafb8e" member_type: VOTER last_known_addr { host: "127.18.222.1" port: 45627 } } peers { permanent_uuid: "4f96668e49f44cfe9cdfe6462347a594" member_type: VOTER last_known_addr { host: "127.18.222.3" port: 45255 } } peers { permanent_uuid: "20d7112efcfa495c9baa82bd089f4928" member_type: VOTER last_known_addr { host: "127.18.222.2" port: 42835 } }
I0918 20:39:09.077854 25009 ts_tablet_manager.cc:1113] T 8119ec3019aa43a78aace2e7ed85055d P 4f96668e49f44cfe9cdfe6462347a594: Time spent starting tablet: real 0.162s user 0.047s sys 0.038s
I0918 20:39:09.110342 24610 catalog_manager.cc:4131] T 8119ec3019aa43a78aace2e7ed85055d P c6071a1b02054de29eddfe6865eafb8e reported cstate change: term changed from 0 to 1, leader changed from to c6071a1b02054de29eddfe6865eafb8e (127.18.222.1). New cstate: current_term: 1 leader_uuid: "c6071a1b02054de29eddfe6865eafb8e" committed_config { opid_index: -1 OBSOLETE_local: false peers { permanent_uuid: "c6071a1b02054de29eddfe6865eafb8e" member_type: VOTER last_known_addr { host: "127.18.222.1" port: 45627 } health_report { overall_health: HEALTHY } } peers { permanent_uuid: "20d7112efcfa495c9baa82bd089f4928" member_type: VOTER last_known_addr { host: "127.18.222.2" port: 42835 } health_report { overall_health: UNKNOWN } } peers { permanent_uuid: "4f96668e49f44cfe9cdfe6462347a594" member_type: VOTER last_known_addr { host: "127.18.222.3" port: 45255 } health_report { overall_health: UNKNOWN } } }
I0918 20:39:09.114878 24811 tablet_service.cc:1295] Received RequestConsensusVote() RPC: tablet_id: "98003d0b22fb4a248daa8ba50ca38265" candidate_uuid: "4f96668e49f44cfe9cdfe6462347a594" candidate_term: 1 candidate_status { last_received { term: 0 index: 0 } } ignore_live_leader: false dest_uuid: "c6071a1b02054de29eddfe6865eafb8e"
I0918 20:39:09.115782 25014 leader_election.cc:296] T 98003d0b22fb4a248daa8ba50ca38265 P 4f96668e49f44cfe9cdfe6462347a594 [CANDIDATE]: Term 1 election: Requested vote from peers c6071a1b02054de29eddfe6865eafb8e (127.18.222.1:45627), 20d7112efcfa495c9baa82bd089f4928 (127.18.222.2:42835)
I0918 20:39:09.115622 24811 raft_consensus.cc:2890] T 98003d0b22fb4a248daa8ba50ca38265 P c6071a1b02054de29eddfe6865eafb8e [term 0 FOLLOWER]: Advancing to term 1
I0918 20:39:09.118214 25029 raft_consensus.cc:494] T 4b86906ac1084018a23f202664ca0276 P 4f96668e49f44cfe9cdfe6462347a594 [term 1 FOLLOWER]: Starting leader election with config: opid_index: -1 OBSOLETE_local: false peers { permanent_uuid: "c6071a1b02054de29eddfe6865eafb8e" member_type: VOTER last_known_addr { host: "127.18.222.1" port: 45627 } } peers { permanent_uuid: "20d7112efcfa495c9baa82bd089f4928" member_type: VOTER last_known_addr { host: "127.18.222.2" port: 42835 } } peers { permanent_uuid: "4f96668e49f44cfe9cdfe6462347a594" member_type: VOTER last_known_addr { host: "127.18.222.3" port: 45255 } }
I0918 20:39:09.121965 24812 tablet_service.cc:1295] Received RequestConsensusVote() RPC: tablet_id: "4b86906ac1084018a23f202664ca0276" candidate_uuid: "4f96668e49f44cfe9cdfe6462347a594" candidate_term: 1 candidate_status { last_received { term: 0 index: 0 } } ignore_live_leader: false dest_uuid: "c6071a1b02054de29eddfe6865eafb8e"
I0918 20:39:09.122598 24812 raft_consensus.cc:2890] T 4b86906ac1084018a23f202664ca0276 P c6071a1b02054de29eddfe6865eafb8e [term 0 FOLLOWER]: Advancing to term 1
I0918 20:39:09.127635 24812 raft_consensus.cc:2350] T 4b86906ac1084018a23f202664ca0276 P c6071a1b02054de29eddfe6865eafb8e [term 1 FOLLOWER]: Leader election vote request: Granting yes vote for candidate 4f96668e49f44cfe9cdfe6462347a594 in term 1.
I0918 20:39:09.128952 24928 leader_election.cc:310] T 4b86906ac1084018a23f202664ca0276 P 4f96668e49f44cfe9cdfe6462347a594 [CANDIDATE]: Term 1 election: Election decided. Result: candidate won. Election summary: received 2 responses out of 3 voters: 2 yes votes; 0 no votes. yes voters: 4f96668e49f44cfe9cdfe6462347a594, c6071a1b02054de29eddfe6865eafb8e; no voters:
I0918 20:39:09.129679 25014 raft_consensus.cc:2644] T 4b86906ac1084018a23f202664ca0276 P 4f96668e49f44cfe9cdfe6462347a594 [term 1 FOLLOWER]: Leader election won for term 1
I0918 20:39:09.132112 24886 tablet_service.cc:1295] Received RequestConsensusVote() RPC: tablet_id: "98003d0b22fb4a248daa8ba50ca38265" candidate_uuid: "4f96668e49f44cfe9cdfe6462347a594" candidate_term: 1 candidate_status { last_received { term: 0 index: 0 } } ignore_live_leader: false dest_uuid: "20d7112efcfa495c9baa82bd089f4928"
I0918 20:39:09.132975 24886 raft_consensus.cc:2890] T 98003d0b22fb4a248daa8ba50ca38265 P 20d7112efcfa495c9baa82bd089f4928 [term 0 FOLLOWER]: Advancing to term 1
I0918 20:39:09.138275 24811 raft_consensus.cc:2350] T 98003d0b22fb4a248daa8ba50ca38265 P c6071a1b02054de29eddfe6865eafb8e [term 1 FOLLOWER]: Leader election vote request: Granting yes vote for candidate 4f96668e49f44cfe9cdfe6462347a594 in term 1.
I0918 20:39:09.140118 24928 leader_election.cc:310] T 98003d0b22fb4a248daa8ba50ca38265 P 4f96668e49f44cfe9cdfe6462347a594 [CANDIDATE]: Term 1 election: Election decided. Result: candidate won. Election summary: received 2 responses out of 3 voters: 2 yes votes; 0 no votes. yes voters: 4f96668e49f44cfe9cdfe6462347a594, c6071a1b02054de29eddfe6865eafb8e; no voters:
I0918 20:39:09.144047 25029 leader_election.cc:296] T 4b86906ac1084018a23f202664ca0276 P 4f96668e49f44cfe9cdfe6462347a594 [CANDIDATE]: Term 1 election: Requested vote from peers c6071a1b02054de29eddfe6865eafb8e (127.18.222.1:45627), 20d7112efcfa495c9baa82bd089f4928 (127.18.222.2:42835)
I0918 20:39:09.147269 25012 tablet_bootstrap.cc:590] T 4b86906ac1084018a23f202664ca0276 P 20d7112efcfa495c9baa82bd089f4928: No blocks or log segments found. Creating new log.
I0918 20:39:09.147366 25014 raft_consensus.cc:667] T 4b86906ac1084018a23f202664ca0276 P 4f96668e49f44cfe9cdfe6462347a594 [term 1 LEADER]: Becoming Leader. State: Replica: 4f96668e49f44cfe9cdfe6462347a594, State: Running, Role: LEADER
I0918 20:39:09.148877 25036 raft_consensus.cc:2644] T 98003d0b22fb4a248daa8ba50ca38265 P 4f96668e49f44cfe9cdfe6462347a594 [term 1 FOLLOWER]: Leader election won for term 1
I0918 20:39:09.149821 25036 raft_consensus.cc:667] T 98003d0b22fb4a248daa8ba50ca38265 P 4f96668e49f44cfe9cdfe6462347a594 [term 1 LEADER]: Becoming Leader. State: Replica: 4f96668e49f44cfe9cdfe6462347a594, State: Running, Role: LEADER
I0918 20:39:09.151306 25036 consensus_queue.cc:206] T 98003d0b22fb4a248daa8ba50ca38265 P 4f96668e49f44cfe9cdfe6462347a594 [LEADER]: Queue going to LEADER mode. State: All replicated index: 0, Majority replicated index: 0, Committed index: 0, Last appended: 0.0, Last appended by leader: 0, Current term: 1, Majority size: 2, State: 0, Mode: LEADER, active raft config: opid_index: -1 OBSOLETE_local: false peers { permanent_uuid: "c6071a1b02054de29eddfe6865eafb8e" member_type: VOTER last_known_addr { host: "127.18.222.1" port: 45627 } } peers { permanent_uuid: "4f96668e49f44cfe9cdfe6462347a594" member_type: VOTER last_known_addr { host: "127.18.222.3" port: 45255 } } peers { permanent_uuid: "20d7112efcfa495c9baa82bd089f4928" member_type: VOTER last_known_addr { host: "127.18.222.2" port: 42835 } }
I0918 20:39:09.154038 25014 consensus_queue.cc:206] T 4b86906ac1084018a23f202664ca0276 P 4f96668e49f44cfe9cdfe6462347a594 [LEADER]: Queue going to LEADER mode. State: All replicated index: 0, Majority replicated index: 0, Committed index: 0, Last appended: 0.0, Last appended by leader: 0, Current term: 1, Majority size: 2, State: 0, Mode: LEADER, active raft config: opid_index: -1 OBSOLETE_local: false peers { permanent_uuid: "c6071a1b02054de29eddfe6865eafb8e" member_type: VOTER last_known_addr { host: "127.18.222.1" port: 45627 } } peers { permanent_uuid: "20d7112efcfa495c9baa82bd089f4928" member_type: VOTER last_known_addr { host: "127.18.222.2" port: 42835 } } peers { permanent_uuid: "4f96668e49f44cfe9cdfe6462347a594" member_type: VOTER last_known_addr { host: "127.18.222.3" port: 45255 } }
I0918 20:39:09.170821 24885 tablet_service.cc:1295] Received RequestConsensusVote() RPC: tablet_id: "4b86906ac1084018a23f202664ca0276" candidate_uuid: "4f96668e49f44cfe9cdfe6462347a594" candidate_term: 1 candidate_status { last_received { term: 0 index: 0 } } ignore_live_leader: false dest_uuid: "20d7112efcfa495c9baa82bd089f4928"
W0918 20:39:09.173758 24928 leader_election.cc:348] T 4b86906ac1084018a23f202664ca0276 P 4f96668e49f44cfe9cdfe6462347a594 [CANDIDATE]: Term 1 election: Tablet error from VoteRequest() call to peer 20d7112efcfa495c9baa82bd089f4928 (127.18.222.2:42835): Illegal state: must be running to vote when last-logged opid is not known
I0918 20:39:09.185580 24886 raft_consensus.cc:2350] T 98003d0b22fb4a248daa8ba50ca38265 P 20d7112efcfa495c9baa82bd089f4928 [term 1 FOLLOWER]: Leader election vote request: Granting yes vote for candidate 4f96668e49f44cfe9cdfe6462347a594 in term 1.
I0918 20:39:09.186854 24608 catalog_manager.cc:4131] T 4b86906ac1084018a23f202664ca0276 P 4f96668e49f44cfe9cdfe6462347a594 reported cstate change: term changed from 0 to 1, leader changed from to 4f96668e49f44cfe9cdfe6462347a594 (127.18.222.3). New cstate: current_term: 1 leader_uuid: "4f96668e49f44cfe9cdfe6462347a594" committed_config { opid_index: -1 OBSOLETE_local: false peers { permanent_uuid: "c6071a1b02054de29eddfe6865eafb8e" member_type: VOTER last_known_addr { host: "127.18.222.1" port: 45627 } health_report { overall_health: UNKNOWN } } peers { permanent_uuid: "20d7112efcfa495c9baa82bd089f4928" member_type: VOTER last_known_addr { host: "127.18.222.2" port: 42835 } health_report { overall_health: UNKNOWN } } peers { permanent_uuid: "4f96668e49f44cfe9cdfe6462347a594" member_type: VOTER last_known_addr { host: "127.18.222.3" port: 45255 } health_report { overall_health: HEALTHY } } }
I0918 20:39:09.203799 25012 tablet_bootstrap.cc:439] T 4b86906ac1084018a23f202664ca0276 P 20d7112efcfa495c9baa82bd089f4928: No bootstrap required, opened a new log
I0918 20:39:09.204309 25012 ts_tablet_manager.cc:1085] T 4b86906ac1084018a23f202664ca0276 P 20d7112efcfa495c9baa82bd089f4928: Time spent bootstrapping tablet: real 0.162s user 0.005s sys 0.004s
I0918 20:39:09.206199 25012 raft_consensus.cc:340] T 4b86906ac1084018a23f202664ca0276 P 20d7112efcfa495c9baa82bd089f4928 [term 0 FOLLOWER]: Replica starting. Triggering 0 pending transactions. Active config: opid_index: -1 OBSOLETE_local: false peers { permanent_uuid: "c6071a1b02054de29eddfe6865eafb8e" member_type: VOTER last_known_addr { host: "127.18.222.1" port: 45627 } } peers { permanent_uuid: "20d7112efcfa495c9baa82bd089f4928" member_type: VOTER last_known_addr { host: "127.18.222.2" port: 42835 } } peers { permanent_uuid: "4f96668e49f44cfe9cdfe6462347a594" member_type: VOTER last_known_addr { host: "127.18.222.3" port: 45255 } }
I0918 20:39:09.206907 25012 raft_consensus.cc:366] T 4b86906ac1084018a23f202664ca0276 P 20d7112efcfa495c9baa82bd089f4928 [term 0 FOLLOWER]: Consensus starting up: Expiring failure detector timer to make a prompt election more likely
I0918 20:39:09.207135 25012 raft_consensus.cc:705] T 4b86906ac1084018a23f202664ca0276 P 20d7112efcfa495c9baa82bd089f4928 [term 0 FOLLOWER]: Becoming Follower/Learner. State: Replica: 20d7112efcfa495c9baa82bd089f4928, State: Initialized, Role: FOLLOWER
I0918 20:39:09.207864 25012 consensus_queue.cc:229] T 4b86906ac1084018a23f202664ca0276 P 20d7112efcfa495c9baa82bd089f4928 [NON_LEADER]: Queue going to NON_LEADER mode. State: All replicated index: 0, Majority replicated index: 0, Committed index: 0, Last appended: 0.0, Last appended by leader: 0, Current term: 0, Majority size: -1, State: 0, Mode: NON_LEADER, active raft config: opid_index: -1 OBSOLETE_local: false peers { permanent_uuid: "c6071a1b02054de29eddfe6865eafb8e" member_type: VOTER last_known_addr { host: "127.18.222.1" port: 45627 } } peers { permanent_uuid: "20d7112efcfa495c9baa82bd089f4928" member_type: VOTER last_known_addr { host: "127.18.222.2" port: 42835 } } peers { permanent_uuid: "4f96668e49f44cfe9cdfe6462347a594" member_type: VOTER last_known_addr { host: "127.18.222.3" port: 45255 } }
I0918 20:39:09.215102 25012 ts_tablet_manager.cc:1113] T 4b86906ac1084018a23f202664ca0276 P 20d7112efcfa495c9baa82bd089f4928: Time spent starting tablet: real 0.011s user 0.005s sys 0.000s
I0918 20:39:09.242290 24608 catalog_manager.cc:4131] T 98003d0b22fb4a248daa8ba50ca38265 P 4f96668e49f44cfe9cdfe6462347a594 reported cstate change: term changed from 0 to 1, leader changed from to 4f96668e49f44cfe9cdfe6462347a594 (127.18.222.3). New cstate: current_term: 1 leader_uuid: "4f96668e49f44cfe9cdfe6462347a594" committed_config { opid_index: -1 OBSOLETE_local: false peers { permanent_uuid: "c6071a1b02054de29eddfe6865eafb8e" member_type: VOTER last_known_addr { host: "127.18.222.1" port: 45627 } health_report { overall_health: UNKNOWN } } peers { permanent_uuid: "4f96668e49f44cfe9cdfe6462347a594" member_type: VOTER last_known_addr { host: "127.18.222.3" port: 45255 } health_report { overall_health: HEALTHY } } peers { permanent_uuid: "20d7112efcfa495c9baa82bd089f4928" member_type: VOTER last_known_addr { host: "127.18.222.2" port: 42835 } health_report { overall_health: UNKNOWN } } }
I0918 20:39:09.339431 19320 master.cc:247] Master@127.18.222.62:37057 shutting down...
I0918 20:39:09.349733 24592 messenger.cc:381] Service unavailable: service kudu.master.MasterService not registered on Master
I0918 20:39:09.351325 24595 messenger.cc:381] Service unavailable: service kudu.master.MasterService not registered on Master
I0918 20:39:09.358624 24593 messenger.cc:381] Service unavailable: service kudu.master.MasterService not registered on Master
I0918 20:39:09.364006 24592 messenger.cc:381] Service unavailable: service kudu.master.MasterService not registered on Master
I0918 20:39:09.367038 24595 messenger.cc:381] Service unavailable: service kudu.master.MasterService not registered on Master
I0918 20:39:09.371467 24593 messenger.cc:381] Service unavailable: service kudu.master.MasterService not registered on Master
I0918 20:39:09.379287 24592 messenger.cc:381] Service unavailable: service kudu.master.MasterService not registered on Master
I0918 20:39:09.380529 24595 messenger.cc:381] Service unavailable: service kudu.master.MasterService not registered on Master
I0918 20:39:09.386307 19320 raft_consensus.cc:2147] T 00000000000000000000000000000000 P c099560cc34545d88ee0f5408bf0078e [term 1 LEADER]: Raft consensus shutting down.
I0918 20:39:09.386773 24593 messenger.cc:381] Service unavailable: service kudu.master.MasterService not registered on Master
I0918 20:39:09.387324 19320 raft_consensus.cc:2174] T 00000000000000000000000000000000 P c099560cc34545d88ee0f5408bf0078e [term 1 FOLLOWER]: Raft consensus is shut down!
I0918 20:39:09.387796 19320 tablet_replica.cc:273] T 00000000000000000000000000000000 P c099560cc34545d88ee0f5408bf0078e: stopping tablet replica
