I0918 20:38:26.627409 20447 catalog_manager.cc:3298] Scheduling retry of ChangeConfig:ADD_PEER:NON_VOTER RPC for tablet f7ed278cf9394be89b6ddd9b49a861bb with cas_config_opid_index 2 with a delay of 64 ms (attempt = 1)
I0918 20:38:26.630471 20845 raft_consensus.cc:2792] T f7ed278cf9394be89b6ddd9b49a861bb P f72474f68c3248daad0f6975dd6bea9e [term 1 LEADER]: Committing config change with OpId 1.3: config changed from index 2 to 3, NON_VOTER 644cb35e677e49c3a2210fd6b3f4f8b9 (127.18.222.1) added. New config: { opid_index: 3 OBSOLETE_local: false peers { permanent_uuid: "413954693a164d5a80637ee06a7bf0b4" member_type: VOTER last_known_addr { host: "127.18.222.2" port: 37037 } } peers { permanent_uuid: "f72474f68c3248daad0f6975dd6bea9e" member_type: VOTER last_known_addr { host: "127.18.222.3" port: 41199 } } peers { permanent_uuid: "644cb35e677e49c3a2210fd6b3f4f8b9" member_type: NON_VOTER last_known_addr { host: "127.18.222.1" port: 45751 } attrs { promote: true } } }
I0918 20:38:26.632951 20692 raft_consensus.cc:2792] T f7ed278cf9394be89b6ddd9b49a861bb P 413954693a164d5a80637ee06a7bf0b4 [term 1 FOLLOWER]: Committing config change with OpId 1.3: config changed from index 2 to 3, NON_VOTER 644cb35e677e49c3a2210fd6b3f4f8b9 (127.18.222.1) added. New config: { opid_index: 3 OBSOLETE_local: false peers { permanent_uuid: "413954693a164d5a80637ee06a7bf0b4" member_type: VOTER last_known_addr { host: "127.18.222.2" port: 37037 } } peers { permanent_uuid: "f72474f68c3248daad0f6975dd6bea9e" member_type: VOTER last_known_addr { host: "127.18.222.3" port: 41199 } } peers { permanent_uuid: "644cb35e677e49c3a2210fd6b3f4f8b9" member_type: NON_VOTER last_known_addr { host: "127.18.222.1" port: 45751 } attrs { promote: true } } }
I0918 20:38:26.641649 20447 catalog_manager.cc:3665] ChangeConfig:ADD_PEER:NON_VOTER RPC for tablet f7ed278cf9394be89b6ddd9b49a861bb with cas_config_opid_index 2: ChangeConfig:ADD_PEER:NON_VOTER succeeded (attempt 1)
I0918 20:38:26.643976 20464 catalog_manager.cc:4131] T f7ed278cf9394be89b6ddd9b49a861bb P f72474f68c3248daad0f6975dd6bea9e reported cstate change: config changed from index 2 to 3, NON_VOTER 644cb35e677e49c3a2210fd6b3f4f8b9 (127.18.222.1) added. New cstate: current_term: 1 leader_uuid: "f72474f68c3248daad0f6975dd6bea9e" committed_config { opid_index: 3 OBSOLETE_local: false peers { permanent_uuid: "413954693a164d5a80637ee06a7bf0b4" member_type: VOTER last_known_addr { host: "127.18.222.2" port: 37037 } health_report { overall_health: HEALTHY } } peers { permanent_uuid: "f72474f68c3248daad0f6975dd6bea9e" member_type: VOTER last_known_addr { host: "127.18.222.3" port: 41199 } health_report { overall_health: HEALTHY } } peers { permanent_uuid: "644cb35e677e49c3a2210fd6b3f4f8b9" member_type: NON_VOTER last_known_addr { host: "127.18.222.1" port: 45751 } attrs { promote: true } health_report { overall_health: UNKNOWN } } }
I0918 20:38:26.654419 20892 messenger.cc:381] Service unavailable: service kudu.tserver.TabletServerAdminService not registered on TabletServer
W0918 20:38:26.657487 20447 catalog_manager.cc:3262] TS 644cb35e677e49c3a2210fd6b3f4f8b9 (127.18.222.1:45751): Delete Tablet RPC failed for tablet f7ed278cf9394be89b6ddd9b49a861bb: Remote error: Service unavailable: service kudu.tserver.TabletServerAdminService not registered on TabletServer
I0918 20:38:26.657829 20447 catalog_manager.cc:3298] Scheduling retry of f7ed278cf9394be89b6ddd9b49a861bb Delete Tablet RPC for TS=644cb35e677e49c3a2210fd6b3f4f8b9 with a delay of 41 ms (attempt = 1)
I0918 20:38:26.665496 19320 ts_tablet_manager.cc:1159] Shutting down tablet manager...
I0918 20:38:26.677052 19320 tablet_server.cc:169] TabletServer shutdown complete.
I0918 20:38:26.677314 19320 tablet_server.cc:155] TabletServer shutting down...
I0918 20:38:26.677686 19320 tablet_server.cc:169] TabletServer shutdown complete.
I0918 20:38:26.685695 19320 tablet_server.cc:155] TabletServer shutting down...
I0918 20:38:26.692762 20447 catalog_manager.cc:3698] ChangeConfig:ADD_PEER:NON_VOTER RPC for tablet f7ed278cf9394be89b6ddd9b49a861bb with cas_config_opid_index 2: aborting the task: latest config opid_index 3; task opid_index 2
I0918 20:38:26.700024 20447 catalog_manager.cc:3523] Sending DeleteTablet(TABLET_DATA_TOMBSTONED) for tablet f7ed278cf9394be89b6ddd9b49a861bb on 644cb35e677e49c3a2210fd6b3f4f8b9 (127.18.222.1:45751) (TS 644cb35e677e49c3a2210fd6b3f4f8b9 not found in new config with opid_index 2)
W0918 20:38:26.702630 20447 catalog_manager.cc:3262] TS 644cb35e677e49c3a2210fd6b3f4f8b9 (127.18.222.1:45751): Delete Tablet RPC failed for tablet f7ed278cf9394be89b6ddd9b49a861bb: Network error: Client connection negotiation failed: client connection to 127.18.222.1:45751: connect: Connection refused (error 111)
I0918 20:38:26.702973 20447 catalog_manager.cc:3298] Scheduling retry of f7ed278cf9394be89b6ddd9b49a861bb Delete Tablet RPC for TS=644cb35e677e49c3a2210fd6b3f4f8b9 with a delay of 56 ms (attempt = 2)
I0918 20:38:26.727619 19320 ts_tablet_manager.cc:1159] Shutting down tablet manager...
I0918 20:38:26.728008 19320 tablet_replica.cc:273] T f7ed278cf9394be89b6ddd9b49a861bb P 413954693a164d5a80637ee06a7bf0b4: stopping tablet replica
I0918 20:38:26.728407 19320 raft_consensus.cc:2147] T f7ed278cf9394be89b6ddd9b49a861bb P 413954693a164d5a80637ee06a7bf0b4 [term 1 FOLLOWER]: Raft consensus shutting down.
I0918 20:38:26.728761 19320 raft_consensus.cc:2174] T f7ed278cf9394be89b6ddd9b49a861bb P 413954693a164d5a80637ee06a7bf0b4 [term 1 FOLLOWER]: Raft consensus is shut down!
I0918 20:38:26.732575 19320 tablet_replica.cc:273] T 51e4b66c13a1478b813c2f9b8af9f1e9 P 413954693a164d5a80637ee06a7bf0b4: stopping tablet replica
I0918 20:38:26.732934 19320 raft_consensus.cc:2147] T 51e4b66c13a1478b813c2f9b8af9f1e9 P 413954693a164d5a80637ee06a7bf0b4 [term 1 FOLLOWER]: Raft consensus shutting down.
I0918 20:38:26.733206 19320 raft_consensus.cc:2174] T 51e4b66c13a1478b813c2f9b8af9f1e9 P 413954693a164d5a80637ee06a7bf0b4 [term 1 FOLLOWER]: Raft consensus is shut down!
I0918 20:38:26.735729 19320 tablet_replica.cc:273] T 199cb07c60bf471a801872c84de7b218 P 413954693a164d5a80637ee06a7bf0b4: stopping tablet replica
I0918 20:38:26.736076 19320 raft_consensus.cc:2147] T 199cb07c60bf471a801872c84de7b218 P 413954693a164d5a80637ee06a7bf0b4 [term 1 FOLLOWER]: Raft consensus shutting down.
I0918 20:38:26.736337 19320 raft_consensus.cc:2174] T 199cb07c60bf471a801872c84de7b218 P 413954693a164d5a80637ee06a7bf0b4 [term 1 FOLLOWER]: Raft consensus is shut down!
I0918 20:38:26.749599 19320 tablet_server.cc:169] TabletServer shutdown complete.
I0918 20:38:26.749804 19320 tablet_server.cc:155] TabletServer shutting down...
I0918 20:38:26.750104 19320 tablet_server.cc:169] TabletServer shutdown complete.
I0918 20:38:26.759760 20447 catalog_manager.cc:3523] Sending DeleteTablet(TABLET_DATA_TOMBSTONED) for tablet f7ed278cf9394be89b6ddd9b49a861bb on 644cb35e677e49c3a2210fd6b3f4f8b9 (127.18.222.1:45751) (TS 644cb35e677e49c3a2210fd6b3f4f8b9 not found in new config with opid_index 2)
W0918 20:38:26.761293 20447 catalog_manager.cc:3262] TS 644cb35e677e49c3a2210fd6b3f4f8b9 (127.18.222.1:45751): Delete Tablet RPC failed for tablet f7ed278cf9394be89b6ddd9b49a861bb: Network error: Client connection negotiation failed: client connection to 127.18.222.1:45751: connect: Connection refused (error 111)
I0918 20:38:26.761605 20447 catalog_manager.cc:3298] Scheduling retry of f7ed278cf9394be89b6ddd9b49a861bb Delete Tablet RPC for TS=644cb35e677e49c3a2210fd6b3f4f8b9 with a delay of 110 ms (attempt = 3)
I0918 20:38:26.763118 19320 tablet_server.cc:155] TabletServer shutting down...
I0918 20:38:26.791574 19320 ts_tablet_manager.cc:1159] Shutting down tablet manager...
I0918 20:38:26.791893 19320 tablet_replica.cc:273] T 51e4b66c13a1478b813c2f9b8af9f1e9 P f72474f68c3248daad0f6975dd6bea9e: stopping tablet replica
I0918 20:38:26.792240 19320 raft_consensus.cc:2147] T 51e4b66c13a1478b813c2f9b8af9f1e9 P f72474f68c3248daad0f6975dd6bea9e [term 1 FOLLOWER]: Raft consensus shutting down.
I0918 20:38:26.792500 19320 raft_consensus.cc:2174] T 51e4b66c13a1478b813c2f9b8af9f1e9 P f72474f68c3248daad0f6975dd6bea9e [term 1 FOLLOWER]: Raft consensus is shut down!
I0918 20:38:26.795169 19320 tablet_replica.cc:273] T 199cb07c60bf471a801872c84de7b218 P f72474f68c3248daad0f6975dd6bea9e: stopping tablet replica
I0918 20:38:26.795538 19320 raft_consensus.cc:2147] T 199cb07c60bf471a801872c84de7b218 P f72474f68c3248daad0f6975dd6bea9e [term 1 FOLLOWER]: Raft consensus shutting down.
I0918 20:38:26.795833 19320 raft_consensus.cc:2174] T 199cb07c60bf471a801872c84de7b218 P f72474f68c3248daad0f6975dd6bea9e [term 1 FOLLOWER]: Raft consensus is shut down!
I0918 20:38:26.797981 19320 tablet_replica.cc:273] T f7ed278cf9394be89b6ddd9b49a861bb P f72474f68c3248daad0f6975dd6bea9e: stopping tablet replica
I0918 20:38:26.798308 19320 raft_consensus.cc:2147] T f7ed278cf9394be89b6ddd9b49a861bb P f72474f68c3248daad0f6975dd6bea9e [term 1 LEADER]: Raft consensus shutting down.
I0918 20:38:26.798928 19320 raft_consensus.cc:2174] T f7ed278cf9394be89b6ddd9b49a861bb P f72474f68c3248daad0f6975dd6bea9e [term 1 FOLLOWER]: Raft consensus is shut down!
I0918 20:38:26.814165 19320 tablet_server.cc:169] TabletServer shutdown complete.
I0918 20:38:26.814381 19320 tablet_server.cc:155] TabletServer shutting down...
I0918 20:38:26.814743 19320 tablet_server.cc:169] TabletServer shutdown complete.
I0918 20:38:26.824082 19320 master.cc:247] Master@127.18.222.62:41123 shutting down...
I0918 20:38:26.840481 19320 raft_consensus.cc:2147] T 00000000000000000000000000000000 P 4fc5f353671b4c1d8241bd0dd8e762b5 [term 1 FOLLOWER]: Raft consensus shutting down.
I0918 20:38:26.840859 19320 raft_consensus.cc:2174] T 00000000000000000000000000000000 P 4fc5f353671b4c1d8241bd0dd8e762b5 [term 1 FOLLOWER]: Raft consensus is shut down!
I0918 20:38:26.841068 19320 tablet_replica.cc:273] T 00000000000000000000000000000000 P 4fc5f353671b4c1d8241bd0dd8e762b5: stopping tablet replica
I0918 20:38:26.861030 19320 master.cc:258] Master@127.18.222.62:41123 shutdown complete.
I0918 20:38:26.870532 19320 master.cc:247] Master@127.18.222.61:44665 shutting down...
I0918 20:38:26.873148 20447 catalog_manager.cc:3523] Sending DeleteTablet(TABLET_DATA_TOMBSTONED) for tablet f7ed278cf9394be89b6ddd9b49a861bb on 644cb35e677e49c3a2210fd6b3f4f8b9 (127.18.222.1:45751) (TS 644cb35e677e49c3a2210fd6b3f4f8b9 not found in new config with opid_index 2)
W0918 20:38:26.875084 20447 catalog_manager.cc:3262] TS 644cb35e677e49c3a2210fd6b3f4f8b9 (127.18.222.1:45751): Delete Tablet RPC failed for tablet f7ed278cf9394be89b6ddd9b49a861bb: Network error: Client connection negotiation failed: client connection to 127.18.222.1:45751: connect: Connection refused (error 111)
I0918 20:38:26.875381 20447 catalog_manager.cc:3298] Scheduling retry of f7ed278cf9394be89b6ddd9b49a861bb Delete Tablet RPC for TS=644cb35e677e49c3a2210fd6b3f4f8b9 with a delay of 148 ms (attempt = 4)
I0918 20:38:27.024828 20447 catalog_manager.cc:3523] Sending DeleteTablet(TABLET_DATA_TOMBSTONED) for tablet f7ed278cf9394be89b6ddd9b49a861bb on 644cb35e677e49c3a2210fd6b3f4f8b9 (127.18.222.1:45751) (TS 644cb35e677e49c3a2210fd6b3f4f8b9 not found in new config with opid_index 2)
W0918 20:38:27.026458 20447 catalog_manager.cc:3262] TS 644cb35e677e49c3a2210fd6b3f4f8b9 (127.18.222.1:45751): Delete Tablet RPC failed for tablet f7ed278cf9394be89b6ddd9b49a861bb: Network error: Client connection negotiation failed: client connection to 127.18.222.1:45751: connect: Connection refused (error 111)
I0918 20:38:27.051808 19320 raft_consensus.cc:2147] T 00000000000000000000000000000000 P 6e70059559ab43c7ad0ec1fc928d667e [term 1 LEADER]: Raft consensus shutting down.
I0918 20:38:27.052613 19320 raft_consensus.cc:2174] T 00000000000000000000000000000000 P 6e70059559ab43c7ad0ec1fc928d667e [term 1 FOLLOWER]: Raft consensus is shut down!
I0918 20:38:27.052852 19320 tablet_replica.cc:273] T 00000000000000000000000000000000 P 6e70059559ab43c7ad0ec1fc928d667e: stopping tablet replica
I0918 20:38:27.072820 19320 master.cc:258] Master@127.18.222.61:44665 shutdown complete.
I0918 20:38:27.081426 19320 master.cc:247] Master@127.18.222.60:42463 shutting down...
I0918 20:38:27.098362 19320 raft_consensus.cc:2147] T 00000000000000000000000000000000 P 893da579794d43378162b1bf6704dc54 [term 1 FOLLOWER]: Raft consensus shutting down.
I0918 20:38:27.098729 19320 raft_consensus.cc:2174] T 00000000000000000000000000000000 P 893da579794d43378162b1bf6704dc54 [term 1 FOLLOWER]: Raft consensus is shut down!
I0918 20:38:27.098955 19320 tablet_replica.cc:273] T 00000000000000000000000000000000 P 893da579794d43378162b1bf6704dc54: stopping tablet replica
I0918 20:38:27.118463 19320 master.cc:258] Master@127.18.222.60:42463 shutdown complete. [ OK ] RemoteKsckTest.TestTabletServerMismatchedUUID (3578 ms) [ RUN ] RemoteKsckTest.TestTableConsistency
I0918 20:38:27.146422 19320 test_util.cc:212] Using random seed: -776932707
I0918 20:38:27.147156 19320 internal_mini_cluster.cc:146] Creating distributed mini masters. Addrs: 127.18.222.62:32943,127.18.222.61:40493,127.18.222.60:44745
I0918 20:38:27.159451 19320 system_ntp.cc:193] NTP initialized. Skew: 500ppm Current error: 131092us
I0918 20:38:27.159821 19320 fs_manager.cc:263] Metadata directory not provided
I0918 20:38:27.159979 19320 fs_manager.cc:269] Using write-ahead log directory (fs_wal_dir) as metadata directory
I0918 20:38:27.160187 19320 server_base.cc:452] Could not load existing FS layout: Not found: could not find a healthy instance file
I0918 20:38:27.160316 19320 server_base.cc:453] Attempting to create new FS layout instead
I0918 20:38:27.161295 19320 fs_manager.cc:602] Generated new instance metadata in path /tmp/dist-test-task6lCVqo/test-tmp/ksck_remote-test.0.RemoteKsckTest.TestTableConsistency.1568839089958813-19320/minicluster-data/master-0-root/instance: uuid: "fbf7f3ed055e466888130f93b574c7b5" format_stamp: "Formatted at 2019-09-18 20:38:27 on dist-test-slave-dist-test-slave-85lk"
I0918 20:38:27.169399 19320 fs_manager.cc:503] Time spent creating directory manager: real 0.008s user 0.008s sys 0.001s
I0918 20:38:27.170791 19320 file_cache.cc:465] Constructed file cache lbm with capacity 419430
I0918 20:38:27.177873 19320 fs_manager.cc:419] Time spent opening block manager: real 0.001s user 0.001s sys 0.000s
I0918 20:38:27.178066 19320 fs_manager.cc:436] Opened local filesystem: /tmp/dist-test-task6lCVqo/test-tmp/ksck_remote-test.0.RemoteKsckTest.TestTableConsistency.1568839089958813-19320/minicluster-data/master-0-root uuid: "fbf7f3ed055e466888130f93b574c7b5" format_stamp: "Formatted at 2019-09-18 20:38:27 on dist-test-slave-dist-test-slave-85lk"
I0918 20:38:27.178323 19320 fs_report.cc:352] FS layout report -------------------- wal directory: /tmp/dist-test-task6lCVqo/test-tmp/ksck_remote-test.0.RemoteKsckTest.TestTableConsistency.1568839089958813-19320/minicluster-data/master-0-root metadata directory: /tmp/dist-test-task6lCVqo/test-tmp/ksck_remote-test.0.RemoteKsckTest.TestTableConsistency.1568839089958813-19320/minicluster-data/master-0-root 1 data directories: /tmp/dist-test-task6lCVqo/test-tmp/ksck_remote-test.0.RemoteKsckTest.TestTableConsistency.1568839089958813-19320/minicluster-data/master-0-root/data Total live blocks: 0 Total live bytes: 0 Total live bytes (after alignment): 0 Total number of LBM containers: 0 (0 full) Did not check for missing blocks Did not check for orphaned blocks Total full LBM containers with extra space: 0 (0 repaired) Total full LBM container extra space in bytes: 0 (0 repaired) Total incomplete LBM containers: 0 (0 repaired) Total LBM partial records: 0 (0 repaired)
I0918 20:38:27.256151 19320 rpc_server.cc:205] RPC server started. Bound to: 127.18.222.62:32943
I0918 20:38:27.257908 19320 webserver.cc:374] Webserver started at http://127.18.222.62:41139/ using document root and password file
I0918 20:38:27.260110 21031 data_dirs.cc:939] Could only allocate 1 dirs of requested 3 for tablet 00000000000000000000000000000000. 1 dirs total, 0 dirs full, 0 dirs failed
I0918 20:38:27.266371 21031 sys_catalog.cc:307] member_type: VOTER last_known_addr { host: "127.18.222.62" port: 32943 } has no permanent_uuid. Determining permanent_uuid...
I0918 20:38:27.279083 19320 system_ntp.cc:193] NTP initialized. Skew: 500ppm Current error: 131092us
I0918 20:38:27.279595 19320 fs_manager.cc:263] Metadata directory not provided
I0918 20:38:27.279841 19320 fs_manager.cc:269] Using write-ahead log directory (fs_wal_dir) as metadata directory
I0918 20:38:27.280118 19320 server_base.cc:452] Could not load existing FS layout: Not found: could not find a healthy instance file
I0918 20:38:27.280318 19320 server_base.cc:453] Attempting to create new FS layout instead
I0918 20:38:27.281582 19320 fs_manager.cc:602] Generated new instance metadata in path /tmp/dist-test-task6lCVqo/test-tmp/ksck_remote-test.0.RemoteKsckTest.TestTableConsistency.1568839089958813-19320/minicluster-data/master-1-root/instance: uuid: "74d1e2b653404613bbdfa0e3c67634b7" format_stamp: "Formatted at 2019-09-18 20:38:27 on dist-test-slave-dist-test-slave-85lk"
I0918 20:38:27.284193 21031 sys_catalog.cc:307] member_type: VOTER last_known_addr { host: "127.18.222.61" port: 40493 } has no permanent_uuid. Determining permanent_uuid...
W0918 20:38:27.285920 21031 consensus_peers.cc:607] Error getting permanent uuid from config peer 127.18.222.61:40493: Network error: Client connection negotiation failed: client connection to 127.18.222.61:40493: connect: Connection refused (error 111)
I0918 20:38:27.291421 19320 fs_manager.cc:503] Time spent creating directory manager: real 0.009s user 0.011s sys 0.000s
I0918 20:38:27.292985 19320 file_cache.cc:465] Constructed file cache lbm with capacity 419430
I0918 20:38:27.301116 19320 fs_manager.cc:419] Time spent opening block manager: real 0.001s user 0.001s sys 0.000s
I0918 20:38:27.301322 19320 fs_manager.cc:436] Opened local filesystem: /tmp/dist-test-task6lCVqo/test-tmp/ksck_remote-test.0.RemoteKsckTest.TestTableConsistency.1568839089958813-19320/minicluster-data/master-1-root uuid: "74d1e2b653404613bbdfa0e3c67634b7" format_stamp: "Formatted at 2019-09-18 20:38:27 on dist-test-slave-dist-test-slave-85lk"
I0918 20:38:27.301580 19320 fs_report.cc:352] FS layout report -------------------- wal directory: /tmp/dist-test-task6lCVqo/test-tmp/ksck_remote-test.0.RemoteKsckTest.TestTableConsistency.1568839089958813-19320/minicluster-data/master-1-root metadata directory: /tmp/dist-test-task6lCVqo/test-tmp/ksck_remote-test.0.RemoteKsckTest.TestTableConsistency.1568839089958813-19320/minicluster-data/master-1-root 1 data directories: /tmp/dist-test-task6lCVqo/test-tmp/ksck_remote-test.0.RemoteKsckTest.TestTableConsistency.1568839089958813-19320/minicluster-data/master-1-root/data Total live blocks: 0 Total live bytes: 0 Total live bytes (after alignment): 0 Total number of LBM containers: 0 (0 full) Did not check for missing blocks Did not check for orphaned blocks Total full LBM containers with extra space: 0 (0 repaired) Total full LBM container extra space in bytes: 0 (0 repaired) Total incomplete LBM containers: 0 (0 repaired) Total LBM partial records: 0 (0 repaired)
I0918 20:38:27.335340 21031 consensus_peers.cc:617] Retrying to get permanent uuid for remote peer: member_type: VOTER last_known_addr { host: "127.18.222.61" port: 40493 } attempt: 1
W0918 20:38:27.337725 21031 consensus_peers.cc:607] Error getting permanent uuid from config peer 127.18.222.61:40493: Network error: Client connection negotiation failed: client connection to 127.18.222.61:40493: connect: Connection refused (error 111)
I0918 20:38:27.348989 19320 rpc_server.cc:205] RPC server started. Bound to: 127.18.222.61:40493
I0918 20:38:27.350775 19320 webserver.cc:374] Webserver started at http://127.18.222.61:37193/ using document root and password file
I0918 20:38:27.352596 21088 data_dirs.cc:939] Could only allocate 1 dirs of requested 3 for tablet 00000000000000000000000000000000. 1 dirs total, 0 dirs full, 0 dirs failed
I0918 20:38:27.356935 21088 sys_catalog.cc:307] member_type: VOTER last_known_addr { host: "127.18.222.62" port: 32943 } has no permanent_uuid. Determining permanent_uuid...
I0918 20:38:27.369594 19320 system_ntp.cc:193] NTP initialized. Skew: 500ppm Current error: 131092us
I0918 20:38:27.369956 19320 fs_manager.cc:263] Metadata directory not provided
I0918 20:38:27.370172 19320 fs_manager.cc:269] Using write-ahead log directory (fs_wal_dir) as metadata directory
I0918 20:38:27.370434 19320 server_base.cc:452] Could not load existing FS layout: Not found: could not find a healthy instance file
I0918 20:38:27.370339 21088 sys_catalog.cc:307] member_type: VOTER last_known_addr { host: "127.18.222.61" port: 40493 } has no permanent_uuid. Determining permanent_uuid...
I0918 20:38:27.370632 19320 server_base.cc:453] Attempting to create new FS layout instead
I0918 20:38:27.371812 19320 fs_manager.cc:602] Generated new instance metadata in path /tmp/dist-test-task6lCVqo/test-tmp/ksck_remote-test.0.RemoteKsckTest.TestTableConsistency.1568839089958813-19320/minicluster-data/master-2-root/instance: uuid: "2362c3ddd9814f6b9cf972f09ea443fb" format_stamp: "Formatted at 2019-09-18 20:38:27 on dist-test-slave-dist-test-slave-85lk"
I0918 20:38:27.386646 21088 sys_catalog.cc:307] member_type: VOTER last_known_addr { host: "127.18.222.60" port: 44745 } has no permanent_uuid. Determining permanent_uuid...
I0918 20:38:27.387889 19320 fs_manager.cc:503] Time spent creating directory manager: real 0.015s user 0.013s sys 0.000s
W0918 20:38:27.388664 21088 consensus_peers.cc:607] Error getting permanent uuid from config peer 127.18.222.60:44745: Network error: Client connection negotiation failed: client connection to 127.18.222.60:44745: connect: Connection refused (error 111)
I0918 20:38:27.389696 19320 file_cache.cc:465] Constructed file cache lbm with capacity 419430
I0918 20:38:27.397598 19320 fs_manager.cc:419] Time spent opening block manager: real 0.001s user 0.001s sys 0.000s
I0918 20:38:27.397809 19320 fs_manager.cc:436] Opened local filesystem: /tmp/dist-test-task6lCVqo/test-tmp/ksck_remote-test.0.RemoteKsckTest.TestTableConsistency.1568839089958813-19320/minicluster-data/master-2-root uuid: "2362c3ddd9814f6b9cf972f09ea443fb" format_stamp: "Formatted at 2019-09-18 20:38:27 on dist-test-slave-dist-test-slave-85lk"
I0918 20:38:27.398064 19320 fs_report.cc:352] FS layout report -------------------- wal directory: /tmp/dist-test-task6lCVqo/test-tmp/ksck_remote-test.0.RemoteKsckTest.TestTableConsistency.1568839089958813-19320/minicluster-data/master-2-root metadata directory: /tmp/dist-test-task6lCVqo/test-tmp/ksck_remote-test.0.RemoteKsckTest.TestTableConsistency.1568839089958813-19320/minicluster-data/master-2-root 1 data directories: /tmp/dist-test-task6lCVqo/test-tmp/ksck_remote-test.0.RemoteKsckTest.TestTableConsistency.1568839089958813-19320/minicluster-data/master-2-root/data Total live blocks: 0 Total live bytes: 0 Total live bytes (after alignment): 0 Total number of LBM containers: 0 (0 full) Did not check for missing blocks Did not check for orphaned blocks Total full LBM containers with extra space: 0 (0 repaired) Total full LBM container extra space in bytes: 0 (0 repaired) Total incomplete LBM containers: 0 (0 repaired) Total LBM partial records: 0 (0 repaired)
I0918 20:38:27.405184 21031 consensus_peers.cc:617] Retrying to get permanent uuid for remote peer: member_type: VOTER last_known_addr { host: "127.18.222.61" port: 40493 } attempt: 2
I0918 20:38:27.416313 21031 sys_catalog.cc:307] member_type: VOTER last_known_addr { host: "127.18.222.60" port: 44745 } has no permanent_uuid. Determining permanent_uuid...
W0918 20:38:27.418049 21031 consensus_peers.cc:607] Error getting permanent uuid from config peer 127.18.222.60:44745: Network error: Client connection negotiation failed: client connection to 127.18.222.60:44745: connect: Connection refused (error 111)
I0918 20:38:27.441037 21088 consensus_peers.cc:617] Retrying to get permanent uuid for remote peer: member_type: VOTER last_known_addr { host: "127.18.222.60" port: 44745 } attempt: 1
W0918 20:38:27.443310 21088 consensus_peers.cc:607] Error getting permanent uuid from config peer 127.18.222.60:44745: Network error: Client connection negotiation failed: client connection to 127.18.222.60:44745: connect: Connection refused (error 111)
I0918 20:38:27.456468 21031 consensus_peers.cc:617] Retrying to get permanent uuid for remote peer: member_type: VOTER last_known_addr { host: "127.18.222.60" port: 44745 } attempt: 1
I0918 20:38:27.457152 19320 rpc_server.cc:205] RPC server started. Bound to: 127.18.222.60:44745
I0918 20:38:27.460203 19320 webserver.cc:374] Webserver started at http://127.18.222.60:44389/ using document root and password file
I0918 20:38:27.461824 21146 data_dirs.cc:939] Could only allocate 1 dirs of requested 3 for tablet 00000000000000000000000000000000. 1 dirs total, 0 dirs full, 0 dirs failed
I0918 20:38:27.464818 19320 internal_mini_cluster.cc:166] Waiting to initialize catalog manager on master 0
I0918 20:38:27.466789 21146 sys_catalog.cc:307] member_type: VOTER last_known_addr { host: "127.18.222.62" port: 32943 } has no permanent_uuid. Determining permanent_uuid...
I0918 20:38:27.472149 21031 tablet_bootstrap.cc:439] T 00000000000000000000000000000000 P fbf7f3ed055e466888130f93b574c7b5: Bootstrap starting.
I0918 20:38:27.474678 21031 tablet_bootstrap.cc:590] T 00000000000000000000000000000000 P fbf7f3ed055e466888130f93b574c7b5: No blocks or log segments found. Creating new log.
I0918 20:38:27.478241 21031 tablet_bootstrap.cc:439] T 00000000000000000000000000000000 P fbf7f3ed055e466888130f93b574c7b5: No bootstrap required, opened a new log
I0918 20:38:27.478631 21146 sys_catalog.cc:307] member_type: VOTER last_known_addr { host: "127.18.222.61" port: 40493 } has no permanent_uuid. Determining permanent_uuid...
I0918 20:38:27.480213 21031 raft_consensus.cc:340] T 00000000000000000000000000000000 P fbf7f3ed055e466888130f93b574c7b5 [term 0 FOLLOWER]: Replica starting. Triggering 0 pending transactions. Active config: opid_index: -1 OBSOLETE_local: false peers { permanent_uuid: "fbf7f3ed055e466888130f93b574c7b5" member_type: VOTER last_known_addr { host: "127.18.222.62" port: 32943 } } peers { permanent_uuid: "74d1e2b653404613bbdfa0e3c67634b7" member_type: VOTER last_known_addr { host: "127.18.222.61" port: 40493 } } peers { permanent_uuid: "2362c3ddd9814f6b9cf972f09ea443fb" member_type: VOTER last_known_addr { host: "127.18.222.60" port: 44745 } }
I0918 20:38:27.480911 21031 raft_consensus.cc:366] T 00000000000000000000000000000000 P fbf7f3ed055e466888130f93b574c7b5 [term 0 FOLLOWER]: Consensus starting up: Expiring failure detector timer to make a prompt election more likely
I0918 20:38:27.481103 21031 raft_consensus.cc:705] T 00000000000000000000000000000000 P fbf7f3ed055e466888130f93b574c7b5 [term 0 FOLLOWER]: Becoming Follower/Learner. State: Replica: fbf7f3ed055e466888130f93b574c7b5, State: Initialized, Role: FOLLOWER
I0918 20:38:27.481782 21031 consensus_queue.cc:229] T 00000000000000000000000000000000 P fbf7f3ed055e466888130f93b574c7b5 [NON_LEADER]: Queue going to NON_LEADER mode. State: All replicated index: 0, Majority replicated index: 0, Committed index: 0, Last appended: 0.0, Last appended by leader: 0, Current term: 0, Majority size: -1, State: 0, Mode: NON_LEADER, active raft config: opid_index: -1 OBSOLETE_local: false peers { permanent_uuid: "fbf7f3ed055e466888130f93b574c7b5" member_type: VOTER last_known_addr { host: "127.18.222.62" port: 32943 } } peers { permanent_uuid: "74d1e2b653404613bbdfa0e3c67634b7" member_type: VOTER last_known_addr { host: "127.18.222.61" port: 40493 } } peers { permanent_uuid: "2362c3ddd9814f6b9cf972f09ea443fb" member_type: VOTER last_known_addr { host: "127.18.222.60" port: 44745 } }
I0918 20:38:27.483675 21149 sys_catalog.cc:340] T 00000000000000000000000000000000 P fbf7f3ed055e466888130f93b574c7b5 [sys.catalog]: SysCatalogTable state changed. Reason: RaftConsensus started. Latest consensus state: current_term: 0 committed_config { opid_index: -1 OBSOLETE_local: false peers { permanent_uuid: "fbf7f3ed055e466888130f93b574c7b5" member_type: VOTER last_known_addr { host: "127.18.222.62" port: 32943 } } peers { permanent_uuid: "74d1e2b653404613bbdfa0e3c67634b7" member_type: VOTER last_known_addr { host: "127.18.222.61" port: 40493 } } peers { permanent_uuid: "2362c3ddd9814f6b9cf972f09ea443fb" member_type: VOTER last_known_addr { host: "127.18.222.60" port: 44745 } } }
I0918 20:38:27.484283 21149 sys_catalog.cc:343] T 00000000000000000000000000000000 P fbf7f3ed055e466888130f93b574c7b5 [sys.catalog]: This master's current role is: FOLLOWER
I0918 20:38:27.483532 21031 sys_catalog.cc:340] T 00000000000000000000000000000000 P fbf7f3ed055e466888130f93b574c7b5 [sys.catalog]: SysCatalogTable state changed. Reason: Started TabletReplica. Latest consensus state: current_term: 0 committed_config { opid_index: -1 OBSOLETE_local: false peers { permanent_uuid: "fbf7f3ed055e466888130f93b574c7b5" member_type: VOTER last_known_addr { host: "127.18.222.62" port: 32943 } } peers { permanent_uuid: "74d1e2b653404613bbdfa0e3c67634b7" member_type: VOTER last_known_addr { host: "127.18.222.61" port: 40493 } } peers { permanent_uuid: "2362c3ddd9814f6b9cf972f09ea443fb" member_type: VOTER last_known_addr { host: "127.18.222.60" port: 44745 } } }
I0918 20:38:27.484645 21031 sys_catalog.cc:343] T 00000000000000000000000000000000 P fbf7f3ed055e466888130f93b574c7b5 [sys.catalog]: This master's current role is: FOLLOWER
I0918 20:38:27.484664 21088 consensus_peers.cc:617] Retrying to get permanent uuid for remote peer: member_type: VOTER last_known_addr { host: "127.18.222.60" port: 44745 } attempt: 2
I0918 20:38:27.485708 21031 sys_catalog.cc:428] T 00000000000000000000000000000000 P fbf7f3ed055e466888130f93b574c7b5 [sys.catalog]: configured and running, proceeding with master startup.
I0918 20:38:27.486904 19320 internal_mini_cluster.cc:166] Waiting to initialize catalog manager on master 1
W0918 20:38:27.489632 21150 catalog_manager.cc:1155] T 00000000000000000000000000000000 P fbf7f3ed055e466888130f93b574c7b5: acquiring CA information for follower catalog manager: Not found: root CA entry not found
W0918 20:38:27.489969 21150 catalog_manager.cc:627] Not found: root CA entry not found: failed to prepare follower catalog manager, will retry
I0918 20:38:27.492110 21146 sys_catalog.cc:307] member_type: VOTER last_known_addr { host: "127.18.222.60" port: 44745 } has no permanent_uuid. Determining permanent_uuid...
I0918 20:38:27.502683 21088 tablet_bootstrap.cc:439] T 00000000000000000000000000000000 P 74d1e2b653404613bbdfa0e3c67634b7: Bootstrap starting.
I0918 20:38:27.506183 21088 tablet_bootstrap.cc:590] T 00000000000000000000000000000000 P 74d1e2b653404613bbdfa0e3c67634b7: No blocks or log segments found. Creating new log.
I0918 20:38:27.509171 21088 tablet_bootstrap.cc:439] T 00000000000000000000000000000000 P 74d1e2b653404613bbdfa0e3c67634b7: No bootstrap required, opened a new log
I0918 20:38:27.510097 21149 raft_consensus.cc:472] T 00000000000000000000000000000000 P fbf7f3ed055e466888130f93b574c7b5 [term 0 FOLLOWER]: Starting pre-election (no leader contacted us within the election timeout)
I0918 20:38:27.510736 21088 raft_consensus.cc:340] T 00000000000000000000000000000000 P 74d1e2b653404613bbdfa0e3c67634b7 [term 0 FOLLOWER]: Replica starting. Triggering 0 pending transactions. Active config: opid_index: -1 OBSOLETE_local: false peers { permanent_uuid: "fbf7f3ed055e466888130f93b574c7b5" member_type: VOTER last_known_addr { host: "127.18.222.62" port: 32943 } } peers { permanent_uuid: "74d1e2b653404613bbdfa0e3c67634b7" member_type: VOTER last_known_addr { host: "127.18.222.61" port: 40493 } } peers { permanent_uuid: "2362c3ddd9814f6b9cf972f09ea443fb" member_type: VOTER last_known_addr { host: "127.18.222.60" port: 44745 } }
I0918 20:38:27.510555 21149 raft_consensus.cc:494] T 00000000000000000000000000000000 P fbf7f3ed055e466888130f93b574c7b5 [term 0 FOLLOWER]: Starting pre-election with config: opid_index: -1 OBSOLETE_local: false peers { permanent_uuid: "fbf7f3ed055e466888130f93b574c7b5" member_type: VOTER last_known_addr { host: "127.18.222.62" port: 32943 } } peers { permanent_uuid: "74d1e2b653404613bbdfa0e3c67634b7" member_type: VOTER last_known_addr { host: "127.18.222.61" port: 40493 } } peers { permanent_uuid: "2362c3ddd9814f6b9cf972f09ea443fb" member_type: VOTER last_known_addr { host: "127.18.222.60" port: 44745 } }
I0918 20:38:27.511278 21088 raft_consensus.cc:366] T 00000000000000000000000000000000 P 74d1e2b653404613bbdfa0e3c67634b7 [term 0 FOLLOWER]: Consensus starting up: Expiring failure detector timer to make a prompt election more likely
I0918 20:38:27.511504 21088 raft_consensus.cc:705] T 00000000000000000000000000000000 P 74d1e2b653404613bbdfa0e3c67634b7 [term 0 FOLLOWER]: Becoming Follower/Learner. State: Replica: 74d1e2b653404613bbdfa0e3c67634b7, State: Initialized, Role: FOLLOWER
I0918 20:38:27.512471 21146 tablet_bootstrap.cc:439] T 00000000000000000000000000000000 P 2362c3ddd9814f6b9cf972f09ea443fb: Bootstrap starting.
I0918 20:38:27.512054 21088 consensus_queue.cc:229] T 00000000000000000000000000000000 P 74d1e2b653404613bbdfa0e3c67634b7 [NON_LEADER]: Queue going to NON_LEADER mode. State: All replicated index: 0, Majority replicated index: 0, Committed index: 0, Last appended: 0.0, Last appended by leader: 0, Current term: 0, Majority size: -1, State: 0, Mode: NON_LEADER, active raft config: opid_index: -1 OBSOLETE_local: false peers { permanent_uuid: "fbf7f3ed055e466888130f93b574c7b5" member_type: VOTER last_known_addr { host: "127.18.222.62" port: 32943 } } peers { permanent_uuid: "74d1e2b653404613bbdfa0e3c67634b7" member_type: VOTER last_known_addr { host: "127.18.222.61" port: 40493 } } peers { permanent_uuid: "2362c3ddd9814f6b9cf972f09ea443fb" member_type: VOTER last_known_addr { host: "127.18.222.60" port: 44745 } }
I0918 20:38:27.512979 21149 leader_election.cc:296] T 00000000000000000000000000000000 P fbf7f3ed055e466888130f93b574c7b5 [CANDIDATE]: Term 1 pre-election: Requested pre-vote from peers 74d1e2b653404613bbdfa0e3c67634b7 (127.18.222.61:40493), 2362c3ddd9814f6b9cf972f09ea443fb (127.18.222.60:44745)
I0918 20:38:27.514443 21088 sys_catalog.cc:340] T 00000000000000000000000000000000 P 74d1e2b653404613bbdfa0e3c67634b7 [sys.catalog]: SysCatalogTable state changed. Reason: Started TabletReplica. Latest consensus state: current_term: 0 committed_config { opid_index: -1 OBSOLETE_local: false peers { permanent_uuid: "fbf7f3ed055e466888130f93b574c7b5" member_type: VOTER last_known_addr { host: "127.18.222.62" port: 32943 } } peers { permanent_uuid: "74d1e2b653404613bbdfa0e3c67634b7" member_type: VOTER last_known_addr { host: "127.18.222.61" port: 40493 } } peers { permanent_uuid: "2362c3ddd9814f6b9cf972f09ea443fb" member_type: VOTER last_known_addr { host: "127.18.222.60" port: 44745 } } }
I0918 20:38:27.514736 21153 sys_catalog.cc:340] T 00000000000000000000000000000000 P 74d1e2b653404613bbdfa0e3c67634b7 [sys.catalog]: SysCatalogTable state changed. Reason: RaftConsensus started. Latest consensus state: current_term: 0 committed_config { opid_index: -1 OBSOLETE_local: false peers { permanent_uuid: "fbf7f3ed055e466888130f93b574c7b5" member_type: VOTER last_known_addr { host: "127.18.222.62" port: 32943 } } peers { permanent_uuid: "74d1e2b653404613bbdfa0e3c67634b7" member_type: VOTER last_known_addr { host: "127.18.222.61" port: 40493 } } peers { permanent_uuid: "2362c3ddd9814f6b9cf972f09ea443fb" member_type: VOTER last_known_addr { host: "127.18.222.60" port: 44745 } } }
I0918 20:38:27.515326 21088 sys_catalog.cc:343] T 00000000000000000000000000000000 P 74d1e2b653404613bbdfa0e3c67634b7 [sys.catalog]: This master's current role is: FOLLOWER
I0918 20:38:27.515622 21153 sys_catalog.cc:343] T 00000000000000000000000000000000 P 74d1e2b653404613bbdfa0e3c67634b7 [sys.catalog]: This master's current role is: FOLLOWER
I0918 20:38:27.516685 21146 tablet_bootstrap.cc:590] T 00000000000000000000000000000000 P 2362c3ddd9814f6b9cf972f09ea443fb: No blocks or log segments found. Creating new log.
I0918 20:38:27.516728 21088 sys_catalog.cc:428] T 00000000000000000000000000000000 P 74d1e2b653404613bbdfa0e3c67634b7 [sys.catalog]: configured and running, proceeding with master startup.
I0918 20:38:27.516799 21065 tablet_service.cc:1295] Received RequestConsensusVote() RPC: tablet_id: "00000000000000000000000000000000" candidate_uuid: "fbf7f3ed055e466888130f93b574c7b5" candidate_term: 1 candidate_status { last_received { term: 0 index: 0 } } ignore_live_leader: false dest_uuid: "74d1e2b653404613bbdfa0e3c67634b7" is_pre_election: true
I0918 20:38:27.517733 21065 raft_consensus.cc:2350] T 00000000000000000000000000000000 P 74d1e2b653404613bbdfa0e3c67634b7 [term 0 FOLLOWER]: Leader pre-election vote request: Granting yes vote for candidate fbf7f3ed055e466888130f93b574c7b5 in term 0.
I0918 20:38:27.519034 19320 internal_mini_cluster.cc:166] Waiting to initialize catalog manager on master 2
I0918 20:38:27.519147 20979 leader_election.cc:310] T 00000000000000000000000000000000 P fbf7f3ed055e466888130f93b574c7b5 [CANDIDATE]: Term 1 pre-election: Election decided. Result: candidate won. Election summary: received 2 responses out of 3 voters: 2 yes votes; 0 no votes. yes voters: 74d1e2b653404613bbdfa0e3c67634b7, fbf7f3ed055e466888130f93b574c7b5; no voters:
I0918 20:38:27.520210 21149 raft_consensus.cc:2644] T 00000000000000000000000000000000 P fbf7f3ed055e466888130f93b574c7b5 [term 0 FOLLOWER]: Leader pre-election won for term 1
I0918 20:38:27.520512 21149 raft_consensus.cc:472] T 00000000000000000000000000000000 P fbf7f3ed055e466888130f93b574c7b5 [term 0 FOLLOWER]: Starting leader election (no leader contacted us within the election timeout)
I0918 20:38:27.520834 21149 raft_consensus.cc:2890] T 00000000000000000000000000000000 P fbf7f3ed055e466888130f93b574c7b5 [term 0 FOLLOWER]: Advancing to term 1
I0918 20:38:27.522210 21146 tablet_bootstrap.cc:439] T 00000000000000000000000000000000 P 2362c3ddd9814f6b9cf972f09ea443fb: No bootstrap required, opened a new log
W0918 20:38:27.522241 21154 catalog_manager.cc:1155] T 00000000000000000000000000000000 P 74d1e2b653404613bbdfa0e3c67634b7: acquiring CA information for follower catalog manager: Not found: root CA entry not found
W0918 20:38:27.523897 21154 catalog_manager.cc:627] Not found: root CA entry not found: failed to prepare follower catalog manager, will retry
I0918 20:38:27.524924 21146 raft_consensus.cc:340] T 00000000000000000000000000000000 P 2362c3ddd9814f6b9cf972f09ea443fb [term 0 FOLLOWER]: Replica starting. Triggering 0 pending transactions. Active config: opid_index: -1 OBSOLETE_local: false peers { permanent_uuid: "fbf7f3ed055e466888130f93b574c7b5" member_type: VOTER last_known_addr { host: "127.18.222.62" port: 32943 } } peers { permanent_uuid: "74d1e2b653404613bbdfa0e3c67634b7" member_type: VOTER last_known_addr { host: "127.18.222.61" port: 40493 } } peers { permanent_uuid: "2362c3ddd9814f6b9cf972f09ea443fb" member_type: VOTER last_known_addr { host: "127.18.222.60" port: 44745 } }
I0918 20:38:27.525719 21146 raft_consensus.cc:366] T 00000000000000000000000000000000 P 2362c3ddd9814f6b9cf972f09ea443fb [term 0 FOLLOWER]: Consensus starting up: Expiring failure detector timer to make a prompt election more likely
I0918 20:38:27.525630 21149 raft_consensus.cc:494] T 00000000000000000000000000000000 P fbf7f3ed055e466888130f93b574c7b5 [term 1 FOLLOWER]: Starting leader election with config: opid_index: -1 OBSOLETE_local: false peers { permanent_uuid: "fbf7f3ed055e466888130f93b574c7b5" member_type: VOTER last_known_addr { host: "127.18.222.62" port: 32943 } } peers { permanent_uuid: "74d1e2b653404613bbdfa0e3c67634b7" member_type: VOTER last_known_addr { host: "127.18.222.61" port: 40493 } } peers { permanent_uuid: "2362c3ddd9814f6b9cf972f09ea443fb" member_type: VOTER last_known_addr { host: "127.18.222.60" port: 44745 } }
I0918 20:38:27.526026 21146 raft_consensus.cc:705] T 00000000000000000000000000000000 P 2362c3ddd9814f6b9cf972f09ea443fb [term 0 FOLLOWER]: Becoming Follower/Learner. State: Replica: 2362c3ddd9814f6b9cf972f09ea443fb, State: Initialized, Role: FOLLOWER
I0918 20:38:27.526760 21146 consensus_queue.cc:229] T 00000000000000000000000000000000 P 2362c3ddd9814f6b9cf972f09ea443fb [NON_LEADER]: Queue going to NON_LEADER mode. State: All replicated index: 0, Majority replicated index: 0, Committed index: 0, Last appended: 0.0, Last appended by leader: 0, Current term: 0, Majority size: -1, State: 0, Mode: NON_LEADER, active raft config: opid_index: -1 OBSOLETE_local: false peers { permanent_uuid: "fbf7f3ed055e466888130f93b574c7b5" member_type: VOTER last_known_addr { host: "127.18.222.62" port: 32943 } } peers { permanent_uuid: "74d1e2b653404613bbdfa0e3c67634b7" member_type: VOTER last_known_addr { host: "127.18.222.61" port: 40493 } } peers { permanent_uuid: "2362c3ddd9814f6b9cf972f09ea443fb" member_type: VOTER last_known_addr { host: "127.18.222.60" port: 44745 } }
I0918 20:38:27.527449 21149 leader_election.cc:296] T 00000000000000000000000000000000 P fbf7f3ed055e466888130f93b574c7b5 [CANDIDATE]: Term 1 election: Requested vote from peers 74d1e2b653404613bbdfa0e3c67634b7 (127.18.222.61:40493), 2362c3ddd9814f6b9cf972f09ea443fb (127.18.222.60:44745)
I0918 20:38:27.528043 21065 tablet_service.cc:1295] Received RequestConsensusVote() RPC: tablet_id: "00000000000000000000000000000000" candidate_uuid: "fbf7f3ed055e466888130f93b574c7b5" candidate_term: 1 candidate_status { last_received { term: 0 index: 0 } } ignore_live_leader: false dest_uuid: "74d1e2b653404613bbdfa0e3c67634b7"
I0918 20:38:27.528821 21065 raft_consensus.cc:2890] T 00000000000000000000000000000000 P 74d1e2b653404613bbdfa0e3c67634b7 [term 0 FOLLOWER]: Advancing to term 1
I0918 20:38:27.528836 21146 sys_catalog.cc:340] T 00000000000000000000000000000000 P 2362c3ddd9814f6b9cf972f09ea443fb [sys.catalog]: SysCatalogTable state changed. Reason: Started TabletReplica. Latest consensus state: current_term: 0 committed_config { opid_index: -1 OBSOLETE_local: false peers { permanent_uuid: "fbf7f3ed055e466888130f93b574c7b5" member_type: VOTER last_known_addr { host: "127.18.222.62" port: 32943 } } peers { permanent_uuid: "74d1e2b653404613bbdfa0e3c67634b7" member_type: VOTER last_known_addr { host: "127.18.222.61" port: 40493 } } peers { permanent_uuid: "2362c3ddd9814f6b9cf972f09ea443fb" member_type: VOTER last_known_addr { host: "127.18.222.60" port: 44745 } } }
I0918 20:38:27.529115 21156 sys_catalog.cc:340] T 00000000000000000000000000000000 P 2362c3ddd9814f6b9cf972f09ea443fb [sys.catalog]: SysCatalogTable state changed. Reason: RaftConsensus started. Latest consensus state: current_term: 0 committed_config { opid_index: -1 OBSOLETE_local: false peers { permanent_uuid: "fbf7f3ed055e466888130f93b574c7b5" member_type: VOTER last_known_addr { host: "127.18.222.62" port: 32943 } } peers { permanent_uuid: "74d1e2b653404613bbdfa0e3c67634b7" member_type: VOTER last_known_addr { host: "127.18.222.61" port: 40493 } } peers { permanent_uuid: "2362c3ddd9814f6b9cf972f09ea443fb" member_type: VOTER last_known_addr { host: "127.18.222.60" port: 44745 } } }
I0918 20:38:27.529773 21146 sys_catalog.cc:343] T 00000000000000000000000000000000 P 2362c3ddd9814f6b9cf972f09ea443fb [sys.catalog]: This master's current role is: FOLLOWER
I0918 20:38:27.529927 21156 sys_catalog.cc:343] T 00000000000000000000000000000000 P 2362c3ddd9814f6b9cf972f09ea443fb [sys.catalog]: This master's current role is: FOLLOWER
I0918 20:38:27.531059 21146 sys_catalog.cc:428] T 00000000000000000000000000000000 P 2362c3ddd9814f6b9cf972f09ea443fb [sys.catalog]: configured and running, proceeding with master startup.
I0918 20:38:27.531111 21122 tablet_service.cc:1295] Received RequestConsensusVote() RPC: tablet_id: "00000000000000000000000000000000" candidate_uuid: "fbf7f3ed055e466888130f93b574c7b5" candidate_term: 1 candidate_status { last_received { term: 0 index: 0 } } ignore_live_leader: false dest_uuid: "2362c3ddd9814f6b9cf972f09ea443fb" is_pre_election: true
I0918 20:38:27.532021 21122 raft_consensus.cc:2350] T 00000000000000000000000000000000 P 2362c3ddd9814f6b9cf972f09ea443fb [term 0 FOLLOWER]: Leader pre-election vote request: Granting yes vote for candidate fbf7f3ed055e466888130f93b574c7b5 in term 0.
I0918 20:38:27.531170 21121 tablet_service.cc:1295] Received RequestConsensusVote() RPC: tablet_id: "00000000000000000000000000000000" candidate_uuid: "fbf7f3ed055e466888130f93b574c7b5" candidate_term: 1 candidate_status { last_received { term: 0 index: 0 } } ignore_live_leader: false dest_uuid: "2362c3ddd9814f6b9cf972f09ea443fb"
I0918 20:38:27.533681 21121 raft_consensus.cc:2890] T 00000000000000000000000000000000 P 2362c3ddd9814f6b9cf972f09ea443fb [term 0 FOLLOWER]: Advancing to term 1
I0918 20:38:27.534868 21065 raft_consensus.cc:2350] T 00000000000000000000000000000000 P 74d1e2b653404613bbdfa0e3c67634b7 [term 1 FOLLOWER]: Leader election vote request: Granting yes vote for candidate fbf7f3ed055e466888130f93b574c7b5 in term 1.
I0918 20:38:27.536237 20979 leader_election.cc:310] T 00000000000000000000000000000000 P fbf7f3ed055e466888130f93b574c7b5 [CANDIDATE]: Term 1 election: Election decided. Result: candidate won. Election summary: received 2 responses out of 3 voters: 2 yes votes; 0 no votes. yes voters: 74d1e2b653404613bbdfa0e3c67634b7, fbf7f3ed055e466888130f93b574c7b5; no voters:
I0918 20:38:27.537221 21149 raft_consensus.cc:2644] T 00000000000000000000000000000000 P fbf7f3ed055e466888130f93b574c7b5 [term 1 FOLLOWER]: Leader election won for term 1
I0918 20:38:27.538709 21121 raft_consensus.cc:2350] T 00000000000000000000000000000000 P 2362c3ddd9814f6b9cf972f09ea443fb [term 1 FOLLOWER]: Leader election vote request: Granting yes vote for candidate fbf7f3ed055e466888130f93b574c7b5 in term 1.
I0918 20:38:27.540057 21149 raft_consensus.cc:667] T 00000000000000000000000000000000 P fbf7f3ed055e466888130f93b574c7b5 [term 1 LEADER]: Becoming Leader. State: Replica: fbf7f3ed055e466888130f93b574c7b5, State: Running, Role: LEADER
I0918 20:38:27.541031 21149 consensus_queue.cc:206] T 00000000000000000000000000000000 P fbf7f3ed055e466888130f93b574c7b5 [LEADER]: Queue going to LEADER mode. State: All replicated index: 0, Majority replicated index: 0, Committed index: 0, Last appended: 0.0, Last appended by leader: 0, Current term: 1, Majority size: 2, State: 0, Mode: LEADER, active raft config: opid_index: -1 OBSOLETE_local: false peers { permanent_uuid: "fbf7f3ed055e466888130f93b574c7b5" member_type: VOTER last_known_addr { host: "127.18.222.62" port: 32943 } } peers { permanent_uuid: "74d1e2b653404613bbdfa0e3c67634b7" member_type: VOTER last_known_addr { host: "127.18.222.61" port: 40493 } } peers { permanent_uuid: "2362c3ddd9814f6b9cf972f09ea443fb" member_type: VOTER last_known_addr { host: "127.18.222.60" port: 44745 } }
W0918 20:38:27.543996 21157 catalog_manager.cc:1155] T 00000000000000000000000000000000 P 2362c3ddd9814f6b9cf972f09ea443fb: acquiring CA information for follower catalog manager: Not found: root CA entry not found
W0918 20:38:27.544360 21157 catalog_manager.cc:627] Not found: root CA entry not found: failed to prepare follower catalog manager, will retry
I0918 20:38:27.546008 21158 sys_catalog.cc:340] T 00000000000000000000000000000000 P fbf7f3ed055e466888130f93b574c7b5 [sys.catalog]: SysCatalogTable state changed. Reason: New leader fbf7f3ed055e466888130f93b574c7b5. Latest consensus state: current_term: 1 leader_uuid: "fbf7f3ed055e466888130f93b574c7b5" committed_config { opid_index: -1 OBSOLETE_local: false peers { permanent_uuid: "fbf7f3ed055e466888130f93b574c7b5" member_type: VOTER last_known_addr { host: "127.18.222.62" port: 32943 } } peers { permanent_uuid: "74d1e2b653404613bbdfa0e3c67634b7" member_type: VOTER last_known_addr { host: "127.18.222.61" port: 40493 } } peers { permanent_uuid: "2362c3ddd9814f6b9cf972f09ea443fb" member_type: VOTER last_known_addr { host: "127.18.222.60" port: 44745 } } }
I0918 20:38:27.546818 21158 sys_catalog.cc:343] T 00000000000000000000000000000000 P fbf7f3ed055e466888130f93b574c7b5 [sys.catalog]: This master's current role is: LEADER
I0918 20:38:27.548359 21160 catalog_manager.cc:1086] Loading table and tablet metadata into memory...
I0918 20:38:27.550669 21160 catalog_manager.cc:1097] Initializing Kudu internal certificate authority...
I0918 20:38:27.556404 19320 system_ntp.cc:193] NTP initialized. Skew: 500ppm Current error: 131092us
I0918 20:38:27.556754 19320 fs_manager.cc:263] Metadata directory not provided
I0918 20:38:27.556922 19320 fs_manager.cc:269] Using write-ahead log directory (fs_wal_dir) as metadata directory
I0918 20:38:27.557142 19320 server_base.cc:452] Could not load existing FS layout: Not found: could not find a healthy instance file
I0918 20:38:27.557284 19320 server_base.cc:453] Attempting to create new FS layout instead
I0918 20:38:27.558290 19320 fs_manager.cc:602] Generated new instance metadata in path /tmp/dist-test-task6lCVqo/test-tmp/ksck_remote-test.0.RemoteKsckTest.TestTableConsistency.1568839089958813-19320/minicluster-data/ts-0-root/instance: uuid: "3ff36990b0c44cf7b62f9e2df4a80087" format_stamp: "Formatted at 2019-09-18 20:38:27 on dist-test-slave-dist-test-slave-85lk"
I0918 20:38:27.569068 19320 fs_manager.cc:503] Time spent creating directory manager: real 0.010s user 0.009s sys 0.004s
I0918 20:38:27.570713 19320 file_cache.cc:465] Constructed file cache lbm with capacity 419430
I0918 20:38:27.580515 19320 fs_manager.cc:419] Time spent opening block manager: real 0.001s user 0.001s sys 0.000s
