I0918 20:39:25.649142 26871 raft_consensus.cc:340] T 6d805ab6e7654ea99bd1e9e6e57217cc P 9ed908683a4b4657aed8cbac7c7db7fd [term 0 FOLLOWER]: Replica starting. Triggering 0 pending transactions. Active config: opid_index: -1 OBSOLETE_local: false peers { permanent_uuid: "5b818b6c74f54250b78db6a86557cddb" member_type: VOTER last_known_addr { host: "127.18.222.1" port: 41007 } } peers { permanent_uuid: "9ed908683a4b4657aed8cbac7c7db7fd" member_type: VOTER last_known_addr { host: "127.18.222.2" port: 38505 } } peers { permanent_uuid: "2e5fe8bb38b645979eb1c8da1c6f5e98" member_type: VOTER last_known_addr { host: "127.18.222.3" port: 45467 } }
I0918 20:39:25.650194 26871 raft_consensus.cc:366] T 6d805ab6e7654ea99bd1e9e6e57217cc P 9ed908683a4b4657aed8cbac7c7db7fd [term 0 FOLLOWER]: Consensus starting up: Expiring failure detector timer to make a prompt election more likely
I0918 20:39:25.650502 26871 raft_consensus.cc:705] T 6d805ab6e7654ea99bd1e9e6e57217cc P 9ed908683a4b4657aed8cbac7c7db7fd [term 0 FOLLOWER]: Becoming Follower/Learner. State: Replica: 9ed908683a4b4657aed8cbac7c7db7fd, State: Initialized, Role: FOLLOWER
I0918 20:39:25.650375 26872 consensus_queue.cc:229] T 8d5464716606431684b2b9eec5ec1a24 P 2e5fe8bb38b645979eb1c8da1c6f5e98 [NON_LEADER]: Queue going to NON_LEADER mode. State: All replicated index: 0, Majority replicated index: 0, Committed index: 0, Last appended: 0.0, Last appended by leader: 0, Current term: 0, Majority size: -1, State: 0, Mode: NON_LEADER, active raft config: opid_index: -1 OBSOLETE_local: false peers { permanent_uuid: "9ed908683a4b4657aed8cbac7c7db7fd" member_type: VOTER last_known_addr { host: "127.18.222.2" port: 38505 } } peers { permanent_uuid: "5b818b6c74f54250b78db6a86557cddb" member_type: VOTER last_known_addr { host: "127.18.222.1" port: 41007 } } peers { permanent_uuid: "2e5fe8bb38b645979eb1c8da1c6f5e98" member_type: VOTER last_known_addr { host: "127.18.222.3" port: 45467 } }
I0918 20:39:25.651824 26870 ts_tablet_manager.cc:1113] T 6d805ab6e7654ea99bd1e9e6e57217cc P 5b818b6c74f54250b78db6a86557cddb: Time spent starting tablet: real 0.034s user 0.007s sys 0.008s
I0918 20:39:25.651417 26871 consensus_queue.cc:229] T 6d805ab6e7654ea99bd1e9e6e57217cc P 9ed908683a4b4657aed8cbac7c7db7fd [NON_LEADER]: Queue going to NON_LEADER mode. State: All replicated index: 0, Majority replicated index: 0, Committed index: 0, Last appended: 0.0, Last appended by leader: 0, Current term: 0, Majority size: -1, State: 0, Mode: NON_LEADER, active raft config: opid_index: -1 OBSOLETE_local: false peers { permanent_uuid: "5b818b6c74f54250b78db6a86557cddb" member_type: VOTER last_known_addr { host: "127.18.222.1" port: 41007 } } peers { permanent_uuid: "9ed908683a4b4657aed8cbac7c7db7fd" member_type: VOTER last_known_addr { host: "127.18.222.2" port: 38505 } } peers { permanent_uuid: "2e5fe8bb38b645979eb1c8da1c6f5e98" member_type: VOTER last_known_addr { host: "127.18.222.3" port: 45467 } }
I0918 20:39:25.652537 26870 tablet_bootstrap.cc:439] T 61c6e28dc1684699a5ed860fc8a6201c P 5b818b6c74f54250b78db6a86557cddb: Bootstrap starting.
I0918 20:39:25.656719 26870 tablet_bootstrap.cc:590] T 61c6e28dc1684699a5ed860fc8a6201c P 5b818b6c74f54250b78db6a86557cddb: No blocks or log segments found. Creating new log.
I0918 20:39:25.677434 26871 ts_tablet_manager.cc:1113] T 6d805ab6e7654ea99bd1e9e6e57217cc P 9ed908683a4b4657aed8cbac7c7db7fd: Time spent starting tablet: real 0.034s user 0.011s sys 0.000s
I0918 20:39:25.678365 26871 tablet_bootstrap.cc:439] T 61c6e28dc1684699a5ed860fc8a6201c P 9ed908683a4b4657aed8cbac7c7db7fd: Bootstrap starting.
I0918 20:39:25.681967 26871 tablet_bootstrap.cc:590] T 61c6e28dc1684699a5ed860fc8a6201c P 9ed908683a4b4657aed8cbac7c7db7fd: No blocks or log segments found. Creating new log.
I0918 20:39:25.707407 26870 tablet_bootstrap.cc:439] T 61c6e28dc1684699a5ed860fc8a6201c P 5b818b6c74f54250b78db6a86557cddb: No bootstrap required, opened a new log
I0918 20:39:25.708050 26870 ts_tablet_manager.cc:1085] T 61c6e28dc1684699a5ed860fc8a6201c P 5b818b6c74f54250b78db6a86557cddb: Time spent bootstrapping tablet: real 0.056s user 0.014s sys 0.005s
I0918 20:39:25.710343 26870 raft_consensus.cc:340] T 61c6e28dc1684699a5ed860fc8a6201c P 5b818b6c74f54250b78db6a86557cddb [term 0 FOLLOWER]: Replica starting. Triggering 0 pending transactions. Active config: opid_index: -1 OBSOLETE_local: false peers { permanent_uuid: "9ed908683a4b4657aed8cbac7c7db7fd" member_type: VOTER last_known_addr { host: "127.18.222.2" port: 38505 } } peers { permanent_uuid: "5b818b6c74f54250b78db6a86557cddb" member_type: VOTER last_known_addr { host: "127.18.222.1" port: 41007 } } peers { permanent_uuid: "2e5fe8bb38b645979eb1c8da1c6f5e98" member_type: VOTER last_known_addr { host: "127.18.222.3" port: 45467 } }
I0918 20:39:25.711061 26870 raft_consensus.cc:366] T 61c6e28dc1684699a5ed860fc8a6201c P 5b818b6c74f54250b78db6a86557cddb [term 0 FOLLOWER]: Consensus starting up: Expiring failure detector timer to make a prompt election more likely
I0918 20:39:25.711306 26870 raft_consensus.cc:705] T 61c6e28dc1684699a5ed860fc8a6201c P 5b818b6c74f54250b78db6a86557cddb [term 0 FOLLOWER]: Becoming Follower/Learner. State: Replica: 5b818b6c74f54250b78db6a86557cddb, State: Initialized, Role: FOLLOWER
I0918 20:39:25.711942 26870 consensus_queue.cc:229] T 61c6e28dc1684699a5ed860fc8a6201c P 5b818b6c74f54250b78db6a86557cddb [NON_LEADER]: Queue going to NON_LEADER mode. State: All replicated index: 0, Majority replicated index: 0, Committed index: 0, Last appended: 0.0, Last appended by leader: 0, Current term: 0, Majority size: -1, State: 0, Mode: NON_LEADER, active raft config: opid_index: -1 OBSOLETE_local: false peers { permanent_uuid: "9ed908683a4b4657aed8cbac7c7db7fd" member_type: VOTER last_known_addr { host: "127.18.222.2" port: 38505 } } peers { permanent_uuid: "5b818b6c74f54250b78db6a86557cddb" member_type: VOTER last_known_addr { host: "127.18.222.1" port: 41007 } } peers { permanent_uuid: "2e5fe8bb38b645979eb1c8da1c6f5e98" member_type: VOTER last_known_addr { host: "127.18.222.3" port: 45467 } }
I0918 20:39:25.713404 26870 ts_tablet_manager.cc:1113] T 61c6e28dc1684699a5ed860fc8a6201c P 5b818b6c74f54250b78db6a86557cddb: Time spent starting tablet: real 0.005s user 0.004s sys 0.000s
I0918 20:39:25.714562 26870 tablet_bootstrap.cc:439] T 8d5464716606431684b2b9eec5ec1a24 P 5b818b6c74f54250b78db6a86557cddb: Bootstrap starting.
I0918 20:39:25.720177 26871 tablet_bootstrap.cc:439] T 61c6e28dc1684699a5ed860fc8a6201c P 9ed908683a4b4657aed8cbac7c7db7fd: No bootstrap required, opened a new log
I0918 20:39:25.720911 26871 ts_tablet_manager.cc:1085] T 61c6e28dc1684699a5ed860fc8a6201c P 9ed908683a4b4657aed8cbac7c7db7fd: Time spent bootstrapping tablet: real 0.043s user 0.017s sys 0.007s
I0918 20:39:25.721525 26870 tablet_bootstrap.cc:590] T 8d5464716606431684b2b9eec5ec1a24 P 5b818b6c74f54250b78db6a86557cddb: No blocks or log segments found. Creating new log.
I0918 20:39:25.724907 26871 raft_consensus.cc:340] T 61c6e28dc1684699a5ed860fc8a6201c P 9ed908683a4b4657aed8cbac7c7db7fd [term 0 FOLLOWER]: Replica starting. Triggering 0 pending transactions. Active config: opid_index: -1 OBSOLETE_local: false peers { permanent_uuid: "9ed908683a4b4657aed8cbac7c7db7fd" member_type: VOTER last_known_addr { host: "127.18.222.2" port: 38505 } } peers { permanent_uuid: "5b818b6c74f54250b78db6a86557cddb" member_type: VOTER last_known_addr { host: "127.18.222.1" port: 41007 } } peers { permanent_uuid: "2e5fe8bb38b645979eb1c8da1c6f5e98" member_type: VOTER last_known_addr { host: "127.18.222.3" port: 45467 } }
I0918 20:39:25.725860 26871 raft_consensus.cc:366] T 61c6e28dc1684699a5ed860fc8a6201c P 9ed908683a4b4657aed8cbac7c7db7fd [term 0 FOLLOWER]: Consensus starting up: Expiring failure detector timer to make a prompt election more likely
I0918 20:39:25.726059 26871 raft_consensus.cc:705] T 61c6e28dc1684699a5ed860fc8a6201c P 9ed908683a4b4657aed8cbac7c7db7fd [term 0 FOLLOWER]: Becoming Follower/Learner. State: Replica: 9ed908683a4b4657aed8cbac7c7db7fd, State: Initialized, Role: FOLLOWER
I0918 20:39:25.726899 26871 consensus_queue.cc:229] T 61c6e28dc1684699a5ed860fc8a6201c P 9ed908683a4b4657aed8cbac7c7db7fd [NON_LEADER]: Queue going to NON_LEADER mode. State: All replicated index: 0, Majority replicated index: 0, Committed index: 0, Last appended: 0.0, Last appended by leader: 0, Current term: 0, Majority size: -1, State: 0, Mode: NON_LEADER, active raft config: opid_index: -1 OBSOLETE_local: false peers { permanent_uuid: "9ed908683a4b4657aed8cbac7c7db7fd" member_type: VOTER last_known_addr { host: "127.18.222.2" port: 38505 } } peers { permanent_uuid: "5b818b6c74f54250b78db6a86557cddb" member_type: VOTER last_known_addr { host: "127.18.222.1" port: 41007 } } peers { permanent_uuid: "2e5fe8bb38b645979eb1c8da1c6f5e98" member_type: VOTER last_known_addr { host: "127.18.222.3" port: 45467 } }
I0918 20:39:25.729401 26871 ts_tablet_manager.cc:1113] T 61c6e28dc1684699a5ed860fc8a6201c P 9ed908683a4b4657aed8cbac7c7db7fd: Time spent starting tablet: real 0.008s user 0.006s sys 0.000s
I0918 20:39:25.735446 26871 tablet_bootstrap.cc:439] T 8d5464716606431684b2b9eec5ec1a24 P 9ed908683a4b4657aed8cbac7c7db7fd: Bootstrap starting.
I0918 20:39:25.736886 26872 ts_tablet_manager.cc:1113] T 8d5464716606431684b2b9eec5ec1a24 P 2e5fe8bb38b645979eb1c8da1c6f5e98: Time spent starting tablet: real 0.101s user 0.023s sys 0.014s
I0918 20:39:25.737857 26872 tablet_bootstrap.cc:439] T 61c6e28dc1684699a5ed860fc8a6201c P 2e5fe8bb38b645979eb1c8da1c6f5e98: Bootstrap starting.
I0918 20:39:25.746151 26870 tablet_bootstrap.cc:439] T 8d5464716606431684b2b9eec5ec1a24 P 5b818b6c74f54250b78db6a86557cddb: No bootstrap required, opened a new log
I0918 20:39:25.746788 26870 ts_tablet_manager.cc:1085] T 8d5464716606431684b2b9eec5ec1a24 P 5b818b6c74f54250b78db6a86557cddb: Time spent bootstrapping tablet: real 0.032s user 0.006s sys 0.000s
I0918 20:39:25.748800 26870 raft_consensus.cc:340] T 8d5464716606431684b2b9eec5ec1a24 P 5b818b6c74f54250b78db6a86557cddb [term 0 FOLLOWER]: Replica starting. Triggering 0 pending transactions. Active config: opid_index: -1 OBSOLETE_local: false peers { permanent_uuid: "9ed908683a4b4657aed8cbac7c7db7fd" member_type: VOTER last_known_addr { host: "127.18.222.2" port: 38505 } } peers { permanent_uuid: "5b818b6c74f54250b78db6a86557cddb" member_type: VOTER last_known_addr { host: "127.18.222.1" port: 41007 } } peers { permanent_uuid: "2e5fe8bb38b645979eb1c8da1c6f5e98" member_type: VOTER last_known_addr { host: "127.18.222.3" port: 45467 } }
I0918 20:39:25.749328 26870 raft_consensus.cc:366] T 8d5464716606431684b2b9eec5ec1a24 P 5b818b6c74f54250b78db6a86557cddb [term 0 FOLLOWER]: Consensus starting up: Expiring failure detector timer to make a prompt election more likely
I0918 20:39:25.750643 26870 raft_consensus.cc:705] T 8d5464716606431684b2b9eec5ec1a24 P 5b818b6c74f54250b78db6a86557cddb [term 0 FOLLOWER]: Becoming Follower/Learner. State: Replica: 5b818b6c74f54250b78db6a86557cddb, State: Initialized, Role: FOLLOWER
I0918 20:39:25.751421 26870 consensus_queue.cc:229] T 8d5464716606431684b2b9eec5ec1a24 P 5b818b6c74f54250b78db6a86557cddb [NON_LEADER]: Queue going to NON_LEADER mode. State: All replicated index: 0, Majority replicated index: 0, Committed index: 0, Last appended: 0.0, Last appended by leader: 0, Current term: 0, Majority size: -1, State: 0, Mode: NON_LEADER, active raft config: opid_index: -1 OBSOLETE_local: false peers { permanent_uuid: "9ed908683a4b4657aed8cbac7c7db7fd" member_type: VOTER last_known_addr { host: "127.18.222.2" port: 38505 } } peers { permanent_uuid: "5b818b6c74f54250b78db6a86557cddb" member_type: VOTER last_known_addr { host: "127.18.222.1" port: 41007 } } peers { permanent_uuid: "2e5fe8bb38b645979eb1c8da1c6f5e98" member_type: VOTER last_known_addr { host: "127.18.222.3" port: 45467 } }
I0918 20:39:25.754596 26870 ts_tablet_manager.cc:1113] T 8d5464716606431684b2b9eec5ec1a24 P 5b818b6c74f54250b78db6a86557cddb: Time spent starting tablet: real 0.007s user 0.004s sys 0.000s
I0918 20:39:25.739195 26871 tablet_bootstrap.cc:590] T 8d5464716606431684b2b9eec5ec1a24 P 9ed908683a4b4657aed8cbac7c7db7fd: No blocks or log segments found. Creating new log.
I0918 20:39:25.766633 26875 raft_consensus.cc:472] T 6d805ab6e7654ea99bd1e9e6e57217cc P 5b818b6c74f54250b78db6a86557cddb [term 0 FOLLOWER]: Starting pre-election (no leader contacted us within the election timeout)
I0918 20:39:25.767128 26875 raft_consensus.cc:494] T 6d805ab6e7654ea99bd1e9e6e57217cc P 5b818b6c74f54250b78db6a86557cddb [term 0 FOLLOWER]: Starting pre-election with config: opid_index: -1 OBSOLETE_local: false peers { permanent_uuid: "5b818b6c74f54250b78db6a86557cddb" member_type: VOTER last_known_addr { host: "127.18.222.1" port: 41007 } } peers { permanent_uuid: "9ed908683a4b4657aed8cbac7c7db7fd" member_type: VOTER last_known_addr { host: "127.18.222.2" port: 38505 } } peers { permanent_uuid: "2e5fe8bb38b645979eb1c8da1c6f5e98" member_type: VOTER last_known_addr { host: "127.18.222.3" port: 45467 } }
I0918 20:39:25.767956 26872 tablet_bootstrap.cc:590] T 61c6e28dc1684699a5ed860fc8a6201c P 2e5fe8bb38b645979eb1c8da1c6f5e98: No blocks or log segments found. Creating new log.
I0918 20:39:25.769104 26875 leader_election.cc:296] T 6d805ab6e7654ea99bd1e9e6e57217cc P 5b818b6c74f54250b78db6a86557cddb [CANDIDATE]: Term 1 pre-election: Requested pre-vote from peers 9ed908683a4b4657aed8cbac7c7db7fd (127.18.222.2:38505), 2e5fe8bb38b645979eb1c8da1c6f5e98 (127.18.222.3:45467)
I0918 20:39:25.786111 26871 tablet_bootstrap.cc:439] T 8d5464716606431684b2b9eec5ec1a24 P 9ed908683a4b4657aed8cbac7c7db7fd: No bootstrap required, opened a new log
I0918 20:39:25.796905 26871 ts_tablet_manager.cc:1085] T 8d5464716606431684b2b9eec5ec1a24 P 9ed908683a4b4657aed8cbac7c7db7fd: Time spent bootstrapping tablet: real 0.062s user 0.005s sys 0.004s
I0918 20:39:25.804433 26871 raft_consensus.cc:340] T 8d5464716606431684b2b9eec5ec1a24 P 9ed908683a4b4657aed8cbac7c7db7fd [term 0 FOLLOWER]: Replica starting. Triggering 0 pending transactions. Active config: opid_index: -1 OBSOLETE_local: false peers { permanent_uuid: "9ed908683a4b4657aed8cbac7c7db7fd" member_type: VOTER last_known_addr { host: "127.18.222.2" port: 38505 } } peers { permanent_uuid: "5b818b6c74f54250b78db6a86557cddb" member_type: VOTER last_known_addr { host: "127.18.222.1" port: 41007 } } peers { permanent_uuid: "2e5fe8bb38b645979eb1c8da1c6f5e98" member_type: VOTER last_known_addr { host: "127.18.222.3" port: 45467 } }
I0918 20:39:25.805313 26871 raft_consensus.cc:366] T 8d5464716606431684b2b9eec5ec1a24 P 9ed908683a4b4657aed8cbac7c7db7fd [term 0 FOLLOWER]: Consensus starting up: Expiring failure detector timer to make a prompt election more likely
I0918 20:39:25.805570 26871 raft_consensus.cc:705] T 8d5464716606431684b2b9eec5ec1a24 P 9ed908683a4b4657aed8cbac7c7db7fd [term 0 FOLLOWER]: Becoming Follower/Learner. State: Replica: 9ed908683a4b4657aed8cbac7c7db7fd, State: Initialized, Role: FOLLOWER
I0918 20:39:25.806267 26871 consensus_queue.cc:229] T 8d5464716606431684b2b9eec5ec1a24 P 9ed908683a4b4657aed8cbac7c7db7fd [NON_LEADER]: Queue going to NON_LEADER mode. State: All replicated index: 0, Majority replicated index: 0, Committed index: 0, Last appended: 0.0, Last appended by leader: 0, Current term: 0, Majority size: -1, State: 0, Mode: NON_LEADER, active raft config: opid_index: -1 OBSOLETE_local: false peers { permanent_uuid: "9ed908683a4b4657aed8cbac7c7db7fd" member_type: VOTER last_known_addr { host: "127.18.222.2" port: 38505 } } peers { permanent_uuid: "5b818b6c74f54250b78db6a86557cddb" member_type: VOTER last_known_addr { host: "127.18.222.1" port: 41007 } } peers { permanent_uuid: "2e5fe8bb38b645979eb1c8da1c6f5e98" member_type: VOTER last_known_addr { host: "127.18.222.3" port: 45467 } }
I0918 20:39:25.809193 26872 tablet_bootstrap.cc:439] T 61c6e28dc1684699a5ed860fc8a6201c P 2e5fe8bb38b645979eb1c8da1c6f5e98: No bootstrap required, opened a new log
I0918 20:39:25.813407 26872 ts_tablet_manager.cc:1085] T 61c6e28dc1684699a5ed860fc8a6201c P 2e5fe8bb38b645979eb1c8da1c6f5e98: Time spent bootstrapping tablet: real 0.076s user 0.011s sys 0.009s
I0918 20:39:25.813737 26871 ts_tablet_manager.cc:1113] T 8d5464716606431684b2b9eec5ec1a24 P 9ed908683a4b4657aed8cbac7c7db7fd: Time spent starting tablet: real 0.015s user 0.006s sys 0.000s
I0918 20:39:25.823027 26872 raft_consensus.cc:340] T 61c6e28dc1684699a5ed860fc8a6201c P 2e5fe8bb38b645979eb1c8da1c6f5e98 [term 0 FOLLOWER]: Replica starting. Triggering 0 pending transactions. Active config: opid_index: -1 OBSOLETE_local: false peers { permanent_uuid: "9ed908683a4b4657aed8cbac7c7db7fd" member_type: VOTER last_known_addr { host: "127.18.222.2" port: 38505 } } peers { permanent_uuid: "5b818b6c74f54250b78db6a86557cddb" member_type: VOTER last_known_addr { host: "127.18.222.1" port: 41007 } } peers { permanent_uuid: "2e5fe8bb38b645979eb1c8da1c6f5e98" member_type: VOTER last_known_addr { host: "127.18.222.3" port: 45467 } }
I0918 20:39:25.824301 26872 raft_consensus.cc:366] T 61c6e28dc1684699a5ed860fc8a6201c P 2e5fe8bb38b645979eb1c8da1c6f5e98 [term 0 FOLLOWER]: Consensus starting up: Expiring failure detector timer to make a prompt election more likely
I0918 20:39:25.824599 26872 raft_consensus.cc:705] T 61c6e28dc1684699a5ed860fc8a6201c P 2e5fe8bb38b645979eb1c8da1c6f5e98 [term 0 FOLLOWER]: Becoming Follower/Learner. State: Replica: 2e5fe8bb38b645979eb1c8da1c6f5e98, State: Initialized, Role: FOLLOWER
I0918 20:39:25.825469 26872 consensus_queue.cc:229] T 61c6e28dc1684699a5ed860fc8a6201c P 2e5fe8bb38b645979eb1c8da1c6f5e98 [NON_LEADER]: Queue going to NON_LEADER mode. State: All replicated index: 0, Majority replicated index: 0, Committed index: 0, Last appended: 0.0, Last appended by leader: 0, Current term: 0, Majority size: -1, State: 0, Mode: NON_LEADER, active raft config: opid_index: -1 OBSOLETE_local: false peers { permanent_uuid: "9ed908683a4b4657aed8cbac7c7db7fd" member_type: VOTER last_known_addr { host: "127.18.222.2" port: 38505 } } peers { permanent_uuid: "5b818b6c74f54250b78db6a86557cddb" member_type: VOTER last_known_addr { host: "127.18.222.1" port: 41007 } } peers { permanent_uuid: "2e5fe8bb38b645979eb1c8da1c6f5e98" member_type: VOTER last_known_addr { host: "127.18.222.3" port: 45467 } }
I0918 20:39:25.832646 26818 tablet_service.cc:1295] Received RequestConsensusVote() RPC: tablet_id: "6d805ab6e7654ea99bd1e9e6e57217cc" candidate_uuid: "5b818b6c74f54250b78db6a86557cddb" candidate_term: 1 candidate_status { last_received { term: 0 index: 0 } } ignore_live_leader: false dest_uuid: "2e5fe8bb38b645979eb1c8da1c6f5e98" is_pre_election: true
W0918 20:39:25.836035 26629 leader_election.cc:348] T 6d805ab6e7654ea99bd1e9e6e57217cc P 5b818b6c74f54250b78db6a86557cddb [CANDIDATE]: Term 1 pre-election: Tablet error from VoteRequest() call to peer 2e5fe8bb38b645979eb1c8da1c6f5e98 (127.18.222.3:45467): Illegal state: must be running to vote when last-logged opid is not known
I0918 20:39:25.841351 26872 ts_tablet_manager.cc:1113] T 61c6e28dc1684699a5ed860fc8a6201c P 2e5fe8bb38b645979eb1c8da1c6f5e98: Time spent starting tablet: real 0.028s user 0.005s sys 0.000s
I0918 20:39:25.842355 26872 tablet_bootstrap.cc:439] T 6d805ab6e7654ea99bd1e9e6e57217cc P 2e5fe8bb38b645979eb1c8da1c6f5e98: Bootstrap starting.
I0918 20:39:25.844413 26747 tablet_service.cc:1295] Received RequestConsensusVote() RPC: tablet_id: "6d805ab6e7654ea99bd1e9e6e57217cc" candidate_uuid: "5b818b6c74f54250b78db6a86557cddb" candidate_term: 1 candidate_status { last_received { term: 0 index: 0 } } ignore_live_leader: false dest_uuid: "9ed908683a4b4657aed8cbac7c7db7fd" is_pre_election: true
I0918 20:39:25.845269 26747 raft_consensus.cc:2350] T 6d805ab6e7654ea99bd1e9e6e57217cc P 9ed908683a4b4657aed8cbac7c7db7fd [term 0 FOLLOWER]: Leader pre-election vote request: Granting yes vote for candidate 5b818b6c74f54250b78db6a86557cddb in term 0.
I0918 20:39:25.845986 26872 tablet_bootstrap.cc:590] T 6d805ab6e7654ea99bd1e9e6e57217cc P 2e5fe8bb38b645979eb1c8da1c6f5e98: No blocks or log segments found. Creating new log.
I0918 20:39:25.850654 26632 leader_election.cc:310] T 6d805ab6e7654ea99bd1e9e6e57217cc P 5b818b6c74f54250b78db6a86557cddb [CANDIDATE]: Term 1 pre-election: Election decided. Result: candidate won. Election summary: received 3 responses out of 3 voters: 2 yes votes; 1 no votes. yes voters: 5b818b6c74f54250b78db6a86557cddb, 9ed908683a4b4657aed8cbac7c7db7fd; no voters: 2e5fe8bb38b645979eb1c8da1c6f5e98
I0918 20:39:25.852499 26875 raft_consensus.cc:2644] T 6d805ab6e7654ea99bd1e9e6e57217cc P 5b818b6c74f54250b78db6a86557cddb [term 0 FOLLOWER]: Leader pre-election won for term 1
I0918 20:39:25.852900 26875 raft_consensus.cc:472] T 6d805ab6e7654ea99bd1e9e6e57217cc P 5b818b6c74f54250b78db6a86557cddb [term 0 FOLLOWER]: Starting leader election (no leader contacted us within the election timeout)
I0918 20:39:25.853214 26875 raft_consensus.cc:2890] T 6d805ab6e7654ea99bd1e9e6e57217cc P 5b818b6c74f54250b78db6a86557cddb [term 0 FOLLOWER]: Advancing to term 1
I0918 20:39:25.872421 26875 raft_consensus.cc:494] T 6d805ab6e7654ea99bd1e9e6e57217cc P 5b818b6c74f54250b78db6a86557cddb [term 1 FOLLOWER]: Starting leader election with config: opid_index: -1 OBSOLETE_local: false peers { permanent_uuid: "5b818b6c74f54250b78db6a86557cddb" member_type: VOTER last_known_addr { host: "127.18.222.1" port: 41007 } } peers { permanent_uuid: "9ed908683a4b4657aed8cbac7c7db7fd" member_type: VOTER last_known_addr { host: "127.18.222.2" port: 38505 } } peers { permanent_uuid: "2e5fe8bb38b645979eb1c8da1c6f5e98" member_type: VOTER last_known_addr { host: "127.18.222.3" port: 45467 } }
I0918 20:39:25.875044 26872 tablet_bootstrap.cc:439] T 6d805ab6e7654ea99bd1e9e6e57217cc P 2e5fe8bb38b645979eb1c8da1c6f5e98: No bootstrap required, opened a new log
I0918 20:39:25.874929 26747 tablet_service.cc:1295] Received RequestConsensusVote() RPC: tablet_id: "6d805ab6e7654ea99bd1e9e6e57217cc" candidate_uuid: "5b818b6c74f54250b78db6a86557cddb" candidate_term: 1 candidate_status { last_received { term: 0 index: 0 } } ignore_live_leader: false dest_uuid: "9ed908683a4b4657aed8cbac7c7db7fd"
I0918 20:39:25.875581 26747 raft_consensus.cc:2890] T 6d805ab6e7654ea99bd1e9e6e57217cc P 9ed908683a4b4657aed8cbac7c7db7fd [term 0 FOLLOWER]: Advancing to term 1
I0918 20:39:25.876742 26818 tablet_service.cc:1295] Received RequestConsensusVote() RPC: tablet_id: "6d805ab6e7654ea99bd1e9e6e57217cc" candidate_uuid: "5b818b6c74f54250b78db6a86557cddb" candidate_term: 1 candidate_status { last_received { term: 0 index: 0 } } ignore_live_leader: false dest_uuid: "2e5fe8bb38b645979eb1c8da1c6f5e98"
I0918 20:39:25.876580 26875 leader_election.cc:296] T 6d805ab6e7654ea99bd1e9e6e57217cc P 5b818b6c74f54250b78db6a86557cddb [CANDIDATE]: Term 1 election: Requested vote from peers 9ed908683a4b4657aed8cbac7c7db7fd (127.18.222.2:38505), 2e5fe8bb38b645979eb1c8da1c6f5e98 (127.18.222.3:45467)
W0918 20:39:25.878413 26629 leader_election.cc:348] T 6d805ab6e7654ea99bd1e9e6e57217cc P 5b818b6c74f54250b78db6a86557cddb [CANDIDATE]: Term 1 election: Tablet error from VoteRequest() call to peer 2e5fe8bb38b645979eb1c8da1c6f5e98 (127.18.222.3:45467): Illegal state: must be running to vote when last-logged opid is not known
I0918 20:39:25.881733 26747 raft_consensus.cc:2350] T 6d805ab6e7654ea99bd1e9e6e57217cc P 9ed908683a4b4657aed8cbac7c7db7fd [term 1 FOLLOWER]: Leader election vote request: Granting yes vote for candidate 5b818b6c74f54250b78db6a86557cddb in term 1.
I0918 20:39:25.883572 26632 leader_election.cc:310] T 6d805ab6e7654ea99bd1e9e6e57217cc P 5b818b6c74f54250b78db6a86557cddb [CANDIDATE]: Term 1 election: Election decided. Result: candidate won. Election summary: received 3 responses out of 3 voters: 2 yes votes; 1 no votes. yes voters: 5b818b6c74f54250b78db6a86557cddb, 9ed908683a4b4657aed8cbac7c7db7fd; no voters: 2e5fe8bb38b645979eb1c8da1c6f5e98
I0918 20:39:25.885174 26872 ts_tablet_manager.cc:1085] T 6d805ab6e7654ea99bd1e9e6e57217cc P 2e5fe8bb38b645979eb1c8da1c6f5e98: Time spent bootstrapping tablet: real 0.043s user 0.018s sys 0.000s
I0918 20:39:25.887276 26875 raft_consensus.cc:2644] T 6d805ab6e7654ea99bd1e9e6e57217cc P 5b818b6c74f54250b78db6a86557cddb [term 1 FOLLOWER]: Leader election won for term 1
I0918 20:39:25.895047 26888 raft_consensus.cc:472] T 61c6e28dc1684699a5ed860fc8a6201c P 5b818b6c74f54250b78db6a86557cddb [term 0 FOLLOWER]: Starting pre-election (no leader contacted us within the election timeout)
I0918 20:39:25.896221 26875 raft_consensus.cc:667] T 6d805ab6e7654ea99bd1e9e6e57217cc P 5b818b6c74f54250b78db6a86557cddb [term 1 LEADER]: Becoming Leader. State: Replica: 5b818b6c74f54250b78db6a86557cddb, State: Running, Role: LEADER
I0918 20:39:25.896323 26888 raft_consensus.cc:494] T 61c6e28dc1684699a5ed860fc8a6201c P 5b818b6c74f54250b78db6a86557cddb [term 0 FOLLOWER]: Starting pre-election with config: opid_index: -1 OBSOLETE_local: false peers { permanent_uuid: "9ed908683a4b4657aed8cbac7c7db7fd" member_type: VOTER last_known_addr { host: "127.18.222.2" port: 38505 } } peers { permanent_uuid: "5b818b6c74f54250b78db6a86557cddb" member_type: VOTER last_known_addr { host: "127.18.222.1" port: 41007 } } peers { permanent_uuid: "2e5fe8bb38b645979eb1c8da1c6f5e98" member_type: VOTER last_known_addr { host: "127.18.222.3" port: 45467 } }
I0918 20:39:25.895447 26872 raft_consensus.cc:340] T 6d805ab6e7654ea99bd1e9e6e57217cc P 2e5fe8bb38b645979eb1c8da1c6f5e98 [term 0 FOLLOWER]: Replica starting. Triggering 0 pending transactions. Active config: opid_index: -1 OBSOLETE_local: false peers { permanent_uuid: "5b818b6c74f54250b78db6a86557cddb" member_type: VOTER last_known_addr { host: "127.18.222.1" port: 41007 } } peers { permanent_uuid: "9ed908683a4b4657aed8cbac7c7db7fd" member_type: VOTER last_known_addr { host: "127.18.222.2" port: 38505 } } peers { permanent_uuid: "2e5fe8bb38b645979eb1c8da1c6f5e98" member_type: VOTER last_known_addr { host: "127.18.222.3" port: 45467 } }
I0918 20:39:25.909549 26872 raft_consensus.cc:366] T 6d805ab6e7654ea99bd1e9e6e57217cc P 2e5fe8bb38b645979eb1c8da1c6f5e98 [term 0 FOLLOWER]: Consensus starting up: Expiring failure detector timer to make a prompt election more likely
I0918 20:39:25.909114 26875 consensus_queue.cc:206] T 6d805ab6e7654ea99bd1e9e6e57217cc P 5b818b6c74f54250b78db6a86557cddb [LEADER]: Queue going to LEADER mode. State: All replicated index: 0, Majority replicated index: 0, Committed index: 0, Last appended: 0.0, Last appended by leader: 0, Current term: 1, Majority size: 2, State: 0, Mode: LEADER, active raft config: opid_index: -1 OBSOLETE_local: false peers { permanent_uuid: "5b818b6c74f54250b78db6a86557cddb" member_type: VOTER last_known_addr { host: "127.18.222.1" port: 41007 } } peers { permanent_uuid: "9ed908683a4b4657aed8cbac7c7db7fd" member_type: VOTER last_known_addr { host: "127.18.222.2" port: 38505 } } peers { permanent_uuid: "2e5fe8bb38b645979eb1c8da1c6f5e98" member_type: VOTER last_known_addr { host: "127.18.222.3" port: 45467 } }
I0918 20:39:25.909819 26872 raft_consensus.cc:705] T 6d805ab6e7654ea99bd1e9e6e57217cc P 2e5fe8bb38b645979eb1c8da1c6f5e98 [term 0 FOLLOWER]: Becoming Follower/Learner. State: Replica: 2e5fe8bb38b645979eb1c8da1c6f5e98, State: Initialized, Role: FOLLOWER
I0918 20:39:25.898363 26877 raft_consensus.cc:472] T 61c6e28dc1684699a5ed860fc8a6201c P 9ed908683a4b4657aed8cbac7c7db7fd [term 0 FOLLOWER]: Starting pre-election (no leader contacted us within the election timeout)
I0918 20:39:25.910544 26877 raft_consensus.cc:494] T 61c6e28dc1684699a5ed860fc8a6201c P 9ed908683a4b4657aed8cbac7c7db7fd [term 0 FOLLOWER]: Starting pre-election with config: opid_index: -1 OBSOLETE_local: false peers { permanent_uuid: "9ed908683a4b4657aed8cbac7c7db7fd" member_type: VOTER last_known_addr { host: "127.18.222.2" port: 38505 } } peers { permanent_uuid: "5b818b6c74f54250b78db6a86557cddb" member_type: VOTER last_known_addr { host: "127.18.222.1" port: 41007 } } peers { permanent_uuid: "2e5fe8bb38b645979eb1c8da1c6f5e98" member_type: VOTER last_known_addr { host: "127.18.222.3" port: 45467 } }
I0918 20:39:25.910692 26747 tablet_service.cc:1295] Received RequestConsensusVote() RPC: tablet_id: "61c6e28dc1684699a5ed860fc8a6201c" candidate_uuid: "5b818b6c74f54250b78db6a86557cddb" candidate_term: 1 candidate_status { last_received { term: 0 index: 0 } } ignore_live_leader: false dest_uuid: "9ed908683a4b4657aed8cbac7c7db7fd" is_pre_election: true
I0918 20:39:25.910670 26872 consensus_queue.cc:229] T 6d805ab6e7654ea99bd1e9e6e57217cc P 2e5fe8bb38b645979eb1c8da1c6f5e98 [NON_LEADER]: Queue going to NON_LEADER mode. State: All replicated index: 0, Majority replicated index: 0, Committed index: 0, Last appended: 0.0, Last appended by leader: 0, Current term: 0, Majority size: -1, State: 0, Mode: NON_LEADER, active raft config: opid_index: -1 OBSOLETE_local: false peers { permanent_uuid: "5b818b6c74f54250b78db6a86557cddb" member_type: VOTER last_known_addr { host: "127.18.222.1" port: 41007 } } peers { permanent_uuid: "9ed908683a4b4657aed8cbac7c7db7fd" member_type: VOTER last_known_addr { host: "127.18.222.2" port: 38505 } } peers { permanent_uuid: "2e5fe8bb38b645979eb1c8da1c6f5e98" member_type: VOTER last_known_addr { host: "127.18.222.3" port: 45467 } }
I0918 20:39:25.911926 26747 raft_consensus.cc:2350] T 61c6e28dc1684699a5ed860fc8a6201c P 9ed908683a4b4657aed8cbac7c7db7fd [term 0 FOLLOWER]: Leader pre-election vote request: Granting yes vote for candidate 5b818b6c74f54250b78db6a86557cddb in term 0.
I0918 20:39:25.913118 26632 leader_election.cc:310] T 61c6e28dc1684699a5ed860fc8a6201c P 5b818b6c74f54250b78db6a86557cddb [CANDIDATE]: Term 1 pre-election: Election decided. Result: candidate won. Election summary: received 2 responses out of 3 voters: 2 yes votes; 0 no votes. yes voters: 5b818b6c74f54250b78db6a86557cddb, 9ed908683a4b4657aed8cbac7c7db7fd; no voters:
I0918 20:39:25.914393 26818 tablet_service.cc:1295] Received RequestConsensusVote() RPC: tablet_id: "61c6e28dc1684699a5ed860fc8a6201c" candidate_uuid: "5b818b6c74f54250b78db6a86557cddb" candidate_term: 1 candidate_status { last_received { term: 0 index: 0 } } ignore_live_leader: false dest_uuid: "2e5fe8bb38b645979eb1c8da1c6f5e98" is_pre_election: true
I0918 20:39:25.915064 26818 raft_consensus.cc:2350] T 61c6e28dc1684699a5ed860fc8a6201c P 2e5fe8bb38b645979eb1c8da1c6f5e98 [term 0 FOLLOWER]: Leader pre-election vote request: Granting yes vote for candidate 5b818b6c74f54250b78db6a86557cddb in term 0.
I0918 20:39:25.915648 26888 leader_election.cc:296] T 61c6e28dc1684699a5ed860fc8a6201c P 5b818b6c74f54250b78db6a86557cddb [CANDIDATE]: Term 1 pre-election: Requested pre-vote from peers 9ed908683a4b4657aed8cbac7c7db7fd (127.18.222.2:38505), 2e5fe8bb38b645979eb1c8da1c6f5e98 (127.18.222.3:45467)
I0918 20:39:25.916235 26888 raft_consensus.cc:2644] T 61c6e28dc1684699a5ed860fc8a6201c P 5b818b6c74f54250b78db6a86557cddb [term 0 FOLLOWER]: Leader pre-election won for term 1
I0918 20:39:25.916525 26888 raft_consensus.cc:472] T 61c6e28dc1684699a5ed860fc8a6201c P 5b818b6c74f54250b78db6a86557cddb [term 0 FOLLOWER]: Starting leader election (no leader contacted us within the election timeout)
I0918 20:39:25.916821 26888 raft_consensus.cc:2890] T 61c6e28dc1684699a5ed860fc8a6201c P 5b818b6c74f54250b78db6a86557cddb [term 0 FOLLOWER]: Advancing to term 1
I0918 20:39:25.920840 26877 leader_election.cc:296] T 61c6e28dc1684699a5ed860fc8a6201c P 9ed908683a4b4657aed8cbac7c7db7fd [CANDIDATE]: Term 1 pre-election: Requested pre-vote from peers 5b818b6c74f54250b78db6a86557cddb (127.18.222.1:41007), 2e5fe8bb38b645979eb1c8da1c6f5e98 (127.18.222.3:45467)
I0918 20:39:25.923225 26872 ts_tablet_manager.cc:1113] T 6d805ab6e7654ea99bd1e9e6e57217cc P 2e5fe8bb38b645979eb1c8da1c6f5e98: Time spent starting tablet: real 0.038s user 0.011s sys 0.007s
I0918 20:39:25.946766 26888 raft_consensus.cc:494] T 61c6e28dc1684699a5ed860fc8a6201c P 5b818b6c74f54250b78db6a86557cddb [term 1 FOLLOWER]: Starting leader election with config: opid_index: -1 OBSOLETE_local: false peers { permanent_uuid: "9ed908683a4b4657aed8cbac7c7db7fd" member_type: VOTER last_known_addr { host: "127.18.222.2" port: 38505 } } peers { permanent_uuid: "5b818b6c74f54250b78db6a86557cddb" member_type: VOTER last_known_addr { host: "127.18.222.1" port: 41007 } } peers { permanent_uuid: "2e5fe8bb38b645979eb1c8da1c6f5e98" member_type: VOTER last_known_addr { host: "127.18.222.3" port: 45467 } }
I0918 20:39:25.956383 26747 tablet_service.cc:1295] Received RequestConsensusVote() RPC: tablet_id: "61c6e28dc1684699a5ed860fc8a6201c" candidate_uuid: "5b818b6c74f54250b78db6a86557cddb" candidate_term: 1 candidate_status { last_received { term: 0 index: 0 } } ignore_live_leader: false dest_uuid: "9ed908683a4b4657aed8cbac7c7db7fd"
I0918 20:39:25.957018 26747 raft_consensus.cc:2890] T 61c6e28dc1684699a5ed860fc8a6201c P 9ed908683a4b4657aed8cbac7c7db7fd [term 0 FOLLOWER]: Advancing to term 1
I0918 20:39:25.960891 26518 catalog_manager.cc:4131] T 6d805ab6e7654ea99bd1e9e6e57217cc P 5b818b6c74f54250b78db6a86557cddb reported cstate change: term changed from 0 to 1, leader changed from to 5b818b6c74f54250b78db6a86557cddb (127.18.222.1). New cstate: current_term: 1 leader_uuid: "5b818b6c74f54250b78db6a86557cddb" committed_config { opid_index: -1 OBSOLETE_local: false peers { permanent_uuid: "5b818b6c74f54250b78db6a86557cddb" member_type: VOTER last_known_addr { host: "127.18.222.1" port: 41007 } health_report { overall_health: HEALTHY } } peers { permanent_uuid: "9ed908683a4b4657aed8cbac7c7db7fd" member_type: VOTER last_known_addr { host: "127.18.222.2" port: 38505 } health_report { overall_health: UNKNOWN } } peers { permanent_uuid: "2e5fe8bb38b645979eb1c8da1c6f5e98" member_type: VOTER last_known_addr { host: "127.18.222.3" port: 45467 } health_report { overall_health: UNKNOWN } } }
I0918 20:39:25.965016 26888 leader_election.cc:296] T 61c6e28dc1684699a5ed860fc8a6201c P 5b818b6c74f54250b78db6a86557cddb [CANDIDATE]: Term 1 election: Requested vote from peers 9ed908683a4b4657aed8cbac7c7db7fd (127.18.222.2:38505), 2e5fe8bb38b645979eb1c8da1c6f5e98 (127.18.222.3:45467)
I0918 20:39:25.966553 26818 tablet_service.cc:1295] Received RequestConsensusVote() RPC: tablet_id: "61c6e28dc1684699a5ed860fc8a6201c" candidate_uuid: "5b818b6c74f54250b78db6a86557cddb" candidate_term: 1 candidate_status { last_received { term: 0 index: 0 } } ignore_live_leader: false dest_uuid: "2e5fe8bb38b645979eb1c8da1c6f5e98"
I0918 20:39:25.967901 26818 raft_consensus.cc:2890] T 61c6e28dc1684699a5ed860fc8a6201c P 2e5fe8bb38b645979eb1c8da1c6f5e98 [term 0 FOLLOWER]: Advancing to term 1
I0918 20:39:25.963927 26747 raft_consensus.cc:2350] T 61c6e28dc1684699a5ed860fc8a6201c P 9ed908683a4b4657aed8cbac7c7db7fd [term 1 FOLLOWER]: Leader election vote request: Granting yes vote for candidate 5b818b6c74f54250b78db6a86557cddb in term 1.
I0918 20:39:25.970062 26632 leader_election.cc:310] T 61c6e28dc1684699a5ed860fc8a6201c P 5b818b6c74f54250b78db6a86557cddb [CANDIDATE]: Term 1 election: Election decided. Result: candidate won. Election summary: received 2 responses out of 3 voters: 2 yes votes; 0 no votes. yes voters: 5b818b6c74f54250b78db6a86557cddb, 9ed908683a4b4657aed8cbac7c7db7fd; no voters:
I0918 20:39:25.972379 26875 raft_consensus.cc:2644] T 61c6e28dc1684699a5ed860fc8a6201c P 5b818b6c74f54250b78db6a86557cddb [term 1 FOLLOWER]: Leader election won for term 1
I0918 20:39:25.973412 26875 raft_consensus.cc:667] T 61c6e28dc1684699a5ed860fc8a6201c P 5b818b6c74f54250b78db6a86557cddb [term 1 LEADER]: Becoming Leader. State: Replica: 5b818b6c74f54250b78db6a86557cddb, State: Running, Role: LEADER
I0918 20:39:25.974139 26875 consensus_queue.cc:206] T 61c6e28dc1684699a5ed860fc8a6201c P 5b818b6c74f54250b78db6a86557cddb [LEADER]: Queue going to LEADER mode. State: All replicated index: 0, Majority replicated index: 0, Committed index: 0, Last appended: 0.0, Last appended by leader: 0, Current term: 1, Majority size: 2, State: 0, Mode: LEADER, active raft config: opid_index: -1 OBSOLETE_local: false peers { permanent_uuid: "9ed908683a4b4657aed8cbac7c7db7fd" member_type: VOTER last_known_addr { host: "127.18.222.2" port: 38505 } } peers { permanent_uuid: "5b818b6c74f54250b78db6a86557cddb" member_type: VOTER last_known_addr { host: "127.18.222.1" port: 41007 } } peers { permanent_uuid: "2e5fe8bb38b645979eb1c8da1c6f5e98" member_type: VOTER last_known_addr { host: "127.18.222.3" port: 45467 } }
I0918 20:39:25.988059 26676 tablet_service.cc:1295] Received RequestConsensusVote() RPC: tablet_id: "61c6e28dc1684699a5ed860fc8a6201c" candidate_uuid: "9ed908683a4b4657aed8cbac7c7db7fd" candidate_term: 1 candidate_status { last_received { term: 0 index: 0 } } ignore_live_leader: false dest_uuid: "5b818b6c74f54250b78db6a86557cddb" is_pre_election: true
I0918 20:39:25.991744 26676 raft_consensus.cc:2311] T 61c6e28dc1684699a5ed860fc8a6201c P 5b818b6c74f54250b78db6a86557cddb [term 1 LEADER]: Leader pre-election vote request: Denying vote to candidate 9ed908683a4b4657aed8cbac7c7db7fd for term 1 because replica is either leader or believes a valid leader to be alive.
I0918 20:39:25.985393 26818 raft_consensus.cc:2350] T 61c6e28dc1684699a5ed860fc8a6201c P 2e5fe8bb38b645979eb1c8da1c6f5e98 [term 1 FOLLOWER]: Leader election vote request: Granting yes vote for candidate 5b818b6c74f54250b78db6a86557cddb in term 1.
I0918 20:39:26.011838 26877 raft_consensus.cc:472] T 8d5464716606431684b2b9eec5ec1a24 P 9ed908683a4b4657aed8cbac7c7db7fd [term 0 FOLLOWER]: Starting pre-election (no leader contacted us within the election timeout)
I0918 20:39:26.012351 26877 raft_consensus.cc:494] T 8d5464716606431684b2b9eec5ec1a24 P 9ed908683a4b4657aed8cbac7c7db7fd [term 0 FOLLOWER]: Starting pre-election with config: opid_index: -1 OBSOLETE_local: false peers { permanent_uuid: "9ed908683a4b4657aed8cbac7c7db7fd" member_type: VOTER last_known_addr { host: "127.18.222.2" port: 38505 } } peers { permanent_uuid: "5b818b6c74f54250b78db6a86557cddb" member_type: VOTER last_known_addr { host: "127.18.222.1" port: 41007 } } peers { permanent_uuid: "2e5fe8bb38b645979eb1c8da1c6f5e98" member_type: VOTER last_known_addr { host: "127.18.222.3" port: 45467 } }
I0918 20:39:26.014119 26877 leader_election.cc:296] T 8d5464716606431684b2b9eec5ec1a24 P 9ed908683a4b4657aed8cbac7c7db7fd [CANDIDATE]: Term 1 pre-election: Requested pre-vote from peers 5b818b6c74f54250b78db6a86557cddb (127.18.222.1:41007), 2e5fe8bb38b645979eb1c8da1c6f5e98 (127.18.222.3:45467)
I0918 20:39:26.023097 26676 tablet_service.cc:1295] Received RequestConsensusVote() RPC: tablet_id: "8d5464716606431684b2b9eec5ec1a24" candidate_uuid: "9ed908683a4b4657aed8cbac7c7db7fd" candidate_term: 1 candidate_status { last_received { term: 0 index: 0 } } ignore_live_leader: false dest_uuid: "5b818b6c74f54250b78db6a86557cddb" is_pre_election: true
I0918 20:39:26.025688 26676 raft_consensus.cc:2350] T 8d5464716606431684b2b9eec5ec1a24 P 5b818b6c74f54250b78db6a86557cddb [term 0 FOLLOWER]: Leader pre-election vote request: Granting yes vote for candidate 9ed908683a4b4657aed8cbac7c7db7fd in term 0.
I0918 20:39:26.030614 26708 leader_election.cc:310] T 8d5464716606431684b2b9eec5ec1a24 P 9ed908683a4b4657aed8cbac7c7db7fd [CANDIDATE]: Term 1 pre-election: Election decided. Result: candidate won. Election summary: received 2 responses out of 3 voters: 2 yes votes; 0 no votes. yes voters: 5b818b6c74f54250b78db6a86557cddb, 9ed908683a4b4657aed8cbac7c7db7fd; no voters:
I0918 20:39:26.032462 26877 raft_consensus.cc:2644] T 8d5464716606431684b2b9eec5ec1a24 P 9ed908683a4b4657aed8cbac7c7db7fd [term 0 FOLLOWER]: Leader pre-election won for term 1
I0918 20:39:26.032833 26877 raft_consensus.cc:472] T 8d5464716606431684b2b9eec5ec1a24 P 9ed908683a4b4657aed8cbac7c7db7fd [term 0 FOLLOWER]: Starting leader election (no leader contacted us within the election timeout)
I0918 20:39:26.033123 26877 raft_consensus.cc:2890] T 8d5464716606431684b2b9eec5ec1a24 P 9ed908683a4b4657aed8cbac7c7db7fd [term 0 FOLLOWER]: Advancing to term 1
I0918 20:39:26.050478 26877 raft_consensus.cc:494] T 8d5464716606431684b2b9eec5ec1a24 P 9ed908683a4b4657aed8cbac7c7db7fd [term 1 FOLLOWER]: Starting leader election with config: opid_index: -1 OBSOLETE_local: false peers { permanent_uuid: "9ed908683a4b4657aed8cbac7c7db7fd" member_type: VOTER last_known_addr { host: "127.18.222.2" port: 38505 } } peers { permanent_uuid: "5b818b6c74f54250b78db6a86557cddb" member_type: VOTER last_known_addr { host: "127.18.222.1" port: 41007 } } peers { permanent_uuid: "2e5fe8bb38b645979eb1c8da1c6f5e98" member_type: VOTER last_known_addr { host: "127.18.222.3" port: 45467 } }
I0918 20:39:26.052145 26877 leader_election.cc:296] T 8d5464716606431684b2b9eec5ec1a24 P 9ed908683a4b4657aed8cbac7c7db7fd [CANDIDATE]: Term 1 election: Requested vote from peers 5b818b6c74f54250b78db6a86557cddb (127.18.222.1:41007), 2e5fe8bb38b645979eb1c8da1c6f5e98 (127.18.222.3:45467)
I0918 20:39:26.053047 26676 tablet_service.cc:1295] Received RequestConsensusVote() RPC: tablet_id: "8d5464716606431684b2b9eec5ec1a24" candidate_uuid: "9ed908683a4b4657aed8cbac7c7db7fd" candidate_term: 1 candidate_status { last_received { term: 0 index: 0 } } ignore_live_leader: false dest_uuid: "5b818b6c74f54250b78db6a86557cddb"
I0918 20:39:26.053652 26676 raft_consensus.cc:2890] T 8d5464716606431684b2b9eec5ec1a24 P 5b818b6c74f54250b78db6a86557cddb [term 0 FOLLOWER]: Advancing to term 1
I0918 20:39:26.062551 26676 raft_consensus.cc:2350] T 8d5464716606431684b2b9eec5ec1a24 P 5b818b6c74f54250b78db6a86557cddb [term 1 FOLLOWER]: Leader election vote request: Granting yes vote for candidate 9ed908683a4b4657aed8cbac7c7db7fd in term 1.
I0918 20:39:26.063560 26708 leader_election.cc:310] T 8d5464716606431684b2b9eec5ec1a24 P 9ed908683a4b4657aed8cbac7c7db7fd [CANDIDATE]: Term 1 election: Election decided. Result: candidate won. Election summary: received 2 responses out of 3 voters: 2 yes votes; 0 no votes. yes voters: 5b818b6c74f54250b78db6a86557cddb, 9ed908683a4b4657aed8cbac7c7db7fd; no voters:
I0918 20:39:26.069272 26877 raft_consensus.cc:2644] T 8d5464716606431684b2b9eec5ec1a24 P 9ed908683a4b4657aed8cbac7c7db7fd [term 1 FOLLOWER]: Leader election won for term 1
I0918 20:39:26.070726 26517 catalog_manager.cc:4131] T 61c6e28dc1684699a5ed860fc8a6201c P 5b818b6c74f54250b78db6a86557cddb reported cstate change: term changed from 0 to 1, leader changed from to 5b818b6c74f54250b78db6a86557cddb (127.18.222.1). New cstate: current_term: 1 leader_uuid: "5b818b6c74f54250b78db6a86557cddb" committed_config { opid_index: -1 OBSOLETE_local: false peers { permanent_uuid: "9ed908683a4b4657aed8cbac7c7db7fd" member_type: VOTER last_known_addr { host: "127.18.222.2" port: 38505 } health_report { overall_health: UNKNOWN } } peers { permanent_uuid: "5b818b6c74f54250b78db6a86557cddb" member_type: VOTER last_known_addr { host: "127.18.222.1" port: 41007 } health_report { overall_health: HEALTHY } } peers { permanent_uuid: "2e5fe8bb38b645979eb1c8da1c6f5e98" member_type: VOTER last_known_addr { host: "127.18.222.3" port: 45467 } health_report { overall_health: UNKNOWN } } }
I0918 20:39:26.074137 26818 tablet_service.cc:1295] Received RequestConsensusVote() RPC: tablet_id: "61c6e28dc1684699a5ed860fc8a6201c" candidate_uuid: "9ed908683a4b4657aed8cbac7c7db7fd" candidate_term: 1 candidate_status { last_received { term: 0 index: 0 } } ignore_live_leader: false dest_uuid: "2e5fe8bb38b645979eb1c8da1c6f5e98" is_pre_election: true
I0918 20:39:26.074632 26817 tablet_service.cc:1295] Received RequestConsensusVote() RPC: tablet_id: "8d5464716606431684b2b9eec5ec1a24" candidate_uuid: "9ed908683a4b4657aed8cbac7c7db7fd" candidate_term: 1 candidate_status { last_received { term: 0 index: 0 } } ignore_live_leader: false dest_uuid: "2e5fe8bb38b645979eb1c8da1c6f5e98" is_pre_election: true
I0918 20:39:26.075146 26818 raft_consensus.cc:2280] T 61c6e28dc1684699a5ed860fc8a6201c P 2e5fe8bb38b645979eb1c8da1c6f5e98 [term 1 FOLLOWER]: Leader pre-election vote request: Denying vote to candidate 9ed908683a4b4657aed8cbac7c7db7fd in current term 1: Already voted for candidate 5b818b6c74f54250b78db6a86557cddb in this term.
I0918 20:39:26.075412 26817 raft_consensus.cc:2350] T 8d5464716606431684b2b9eec5ec1a24 P 2e5fe8bb38b645979eb1c8da1c6f5e98 [term 0 FOLLOWER]: Leader pre-election vote request: Granting yes vote for candidate 9ed908683a4b4657aed8cbac7c7db7fd in term 0.
I0918 20:39:26.076447 26708 leader_election.cc:310] T 61c6e28dc1684699a5ed860fc8a6201c P 9ed908683a4b4657aed8cbac7c7db7fd [CANDIDATE]: Term 1 pre-election: Election decided. Result: candidate lost. Election summary: received 3 responses out of 3 voters: 1 yes votes; 2 no votes. yes voters: 9ed908683a4b4657aed8cbac7c7db7fd; no voters: 2e5fe8bb38b645979eb1c8da1c6f5e98, 5b818b6c74f54250b78db6a86557cddb
I0918 20:39:26.077117 26817 tablet_service.cc:1295] Received RequestConsensusVote() RPC: tablet_id: "8d5464716606431684b2b9eec5ec1a24" candidate_uuid: "9ed908683a4b4657aed8cbac7c7db7fd" candidate_term: 1 candidate_status { last_received { term: 0 index: 0 } } ignore_live_leader: false dest_uuid: "2e5fe8bb38b645979eb1c8da1c6f5e98"
I0918 20:39:26.078064 26817 raft_consensus.cc:2890] T 8d5464716606431684b2b9eec5ec1a24 P 2e5fe8bb38b645979eb1c8da1c6f5e98 [term 0 FOLLOWER]: Advancing to term 1
I0918 20:39:26.087280 26817 raft_consensus.cc:2350] T 8d5464716606431684b2b9eec5ec1a24 P 2e5fe8bb38b645979eb1c8da1c6f5e98 [term 1 FOLLOWER]: Leader election vote request: Granting yes vote for candidate 9ed908683a4b4657aed8cbac7c7db7fd in term 1.
I0918 20:39:26.109405 26877 raft_consensus.cc:667] T 8d5464716606431684b2b9eec5ec1a24 P 9ed908683a4b4657aed8cbac7c7db7fd [term 1 LEADER]: Becoming Leader. State: Replica: 9ed908683a4b4657aed8cbac7c7db7fd, State: Running, Role: LEADER
I0918 20:39:26.110711 26877 consensus_queue.cc:206] T 8d5464716606431684b2b9eec5ec1a24 P 9ed908683a4b4657aed8cbac7c7db7fd [LEADER]: Queue going to LEADER mode. State: All replicated index: 0, Majority replicated index: 0, Committed index: 0, Last appended: 0.0, Last appended by leader: 0, Current term: 1, Majority size: 2, State: 0, Mode: LEADER, active raft config: opid_index: -1 OBSOLETE_local: false peers { permanent_uuid: "9ed908683a4b4657aed8cbac7c7db7fd" member_type: VOTER last_known_addr { host: "127.18.222.2" port: 38505 } } peers { permanent_uuid: "5b818b6c74f54250b78db6a86557cddb" member_type: VOTER last_known_addr { host: "127.18.222.1" port: 41007 } } peers { permanent_uuid: "2e5fe8bb38b645979eb1c8da1c6f5e98" member_type: VOTER last_known_addr { host: "127.18.222.3" port: 45467 } }
I0918 20:39:26.119055 26902 raft_consensus.cc:2592] T 61c6e28dc1684699a5ed860fc8a6201c P 9ed908683a4b4657aed8cbac7c7db7fd [term 1 FOLLOWER]: Leader pre-election lost for term 1. Reason: could not achieve majority
I0918 20:39:26.127430 26517 catalog_manager.cc:4131] T 8d5464716606431684b2b9eec5ec1a24 P 9ed908683a4b4657aed8cbac7c7db7fd reported cstate change: term changed from 0 to 1, leader changed from to 9ed908683a4b4657aed8cbac7c7db7fd (127.18.222.2). New cstate: current_term: 1 leader_uuid: "9ed908683a4b4657aed8cbac7c7db7fd" committed_config { opid_index: -1 OBSOLETE_local: false peers { permanent_uuid: "9ed908683a4b4657aed8cbac7c7db7fd" member_type: VOTER last_known_addr { host: "127.18.222.2" port: 38505 } health_report { overall_health: HEALTHY } } peers { permanent_uuid: "5b818b6c74f54250b78db6a86557cddb" member_type: VOTER last_known_addr { host: "127.18.222.1" port: 41007 } health_report { overall_health: UNKNOWN } } peers { permanent_uuid: "2e5fe8bb38b645979eb1c8da1c6f5e98" member_type: VOTER last_known_addr { host: "127.18.222.3" port: 45467 } health_report { overall_health: UNKNOWN } } }
I0918 20:39:26.155467 26879 raft_consensus.cc:472] T 6d805ab6e7654ea99bd1e9e6e57217cc P 2e5fe8bb38b645979eb1c8da1c6f5e98 [term 0 FOLLOWER]: Starting pre-election (no leader contacted us within the election timeout)
I0918 20:39:26.155932 26879 raft_consensus.cc:494] T 6d805ab6e7654ea99bd1e9e6e57217cc P 2e5fe8bb38b645979eb1c8da1c6f5e98 [term 0 FOLLOWER]: Starting pre-election with config: opid_index: -1 OBSOLETE_local: false peers { permanent_uuid: "5b818b6c74f54250b78db6a86557cddb" member_type: VOTER last_known_addr { host: "127.18.222.1" port: 41007 } } peers { permanent_uuid: "9ed908683a4b4657aed8cbac7c7db7fd" member_type: VOTER last_known_addr { host: "127.18.222.2" port: 38505 } } peers { permanent_uuid: "2e5fe8bb38b645979eb1c8da1c6f5e98" member_type: VOTER last_known_addr { host: "127.18.222.3" port: 45467 } }
I0918 20:39:26.157541 26879 leader_election.cc:296] T 6d805ab6e7654ea99bd1e9e6e57217cc P 2e5fe8bb38b645979eb1c8da1c6f5e98 [CANDIDATE]: Term 1 pre-election: Requested pre-vote from peers 5b818b6c74f54250b78db6a86557cddb (127.18.222.1:41007), 9ed908683a4b4657aed8cbac7c7db7fd (127.18.222.2:38505)
I0918 20:39:26.192683 26676 tablet_service.cc:1295] Received RequestConsensusVote() RPC: tablet_id: "6d805ab6e7654ea99bd1e9e6e57217cc" candidate_uuid: "2e5fe8bb38b645979eb1c8da1c6f5e98" candidate_term: 1 candidate_status { last_received { term: 0 index: 0 } } ignore_live_leader: false dest_uuid: "5b818b6c74f54250b78db6a86557cddb" is_pre_election: true
I0918 20:39:26.193558 26676 raft_consensus.cc:2311] T 6d805ab6e7654ea99bd1e9e6e57217cc P 5b818b6c74f54250b78db6a86557cddb [term 1 LEADER]: Leader pre-election vote request: Denying vote to candidate 2e5fe8bb38b645979eb1c8da1c6f5e98 for term 1 because replica is either leader or believes a valid leader to be alive.
I0918 20:39:26.198334 26747 tablet_service.cc:1295] Received RequestConsensusVote() RPC: tablet_id: "6d805ab6e7654ea99bd1e9e6e57217cc" candidate_uuid: "2e5fe8bb38b645979eb1c8da1c6f5e98" candidate_term: 1 candidate_status { last_received { term: 0 index: 0 } } ignore_live_leader: false dest_uuid: "9ed908683a4b4657aed8cbac7c7db7fd" is_pre_election: true
