I0918 20:38:55.836478 23510 raft_consensus.cc:494] T 3a083531e57347b483543fabfd76ed48 P d7935ea8243841c6a5744c979d50d58c [term 1 FOLLOWER]: Starting leader election with config: opid_index: -1 OBSOLETE_local: false peers { permanent_uuid: "d7935ea8243841c6a5744c979d50d58c" member_type: VOTER last_known_addr { host: "127.18.222.1" port: 38227 } } peers { permanent_uuid: "c411f7a565ba4ce98b932b3fa45d63a3" member_type: VOTER last_known_addr { host: "127.18.222.2" port: 46507 } } peers { permanent_uuid: "cbe7176ee05f4ea98a8c284ebb25709f" member_type: VOTER last_known_addr { host: "127.18.222.3" port: 43541 } }
I0918 20:38:55.838580 23381 tablet_service.cc:1295] Received RequestConsensusVote() RPC: tablet_id: "3a083531e57347b483543fabfd76ed48" candidate_uuid: "d7935ea8243841c6a5744c979d50d58c" candidate_term: 1 candidate_status { last_received { term: 0 index: 0 } } ignore_live_leader: false dest_uuid: "c411f7a565ba4ce98b932b3fa45d63a3"
I0918 20:38:55.839167 23381 raft_consensus.cc:2890] T 3a083531e57347b483543fabfd76ed48 P c411f7a565ba4ce98b932b3fa45d63a3 [term 0 FOLLOWER]: Advancing to term 1
I0918 20:38:55.845124 23381 raft_consensus.cc:2350] T 3a083531e57347b483543fabfd76ed48 P c411f7a565ba4ce98b932b3fa45d63a3 [term 1 FOLLOWER]: Leader election vote request: Granting yes vote for candidate d7935ea8243841c6a5744c979d50d58c in term 1.
I0918 20:38:55.846189 23273 leader_election.cc:310] T 3a083531e57347b483543fabfd76ed48 P d7935ea8243841c6a5744c979d50d58c [CANDIDATE]: Term 1 election: Election decided. Result: candidate won. Election summary: received 2 responses out of 3 voters: 2 yes votes; 0 no votes. yes voters: c411f7a565ba4ce98b932b3fa45d63a3, d7935ea8243841c6a5744c979d50d58c; no voters:
I0918 20:38:55.846526 23510 leader_election.cc:296] T 3a083531e57347b483543fabfd76ed48 P d7935ea8243841c6a5744c979d50d58c [CANDIDATE]: Term 1 election: Requested vote from peers c411f7a565ba4ce98b932b3fa45d63a3 (127.18.222.2:46507), cbe7176ee05f4ea98a8c284ebb25709f (127.18.222.3:43541)
I0918 20:38:55.847270 23452 tablet_service.cc:1295] Received RequestConsensusVote() RPC: tablet_id: "3a083531e57347b483543fabfd76ed48" candidate_uuid: "d7935ea8243841c6a5744c979d50d58c" candidate_term: 1 candidate_status { last_received { term: 0 index: 0 } } ignore_live_leader: false dest_uuid: "cbe7176ee05f4ea98a8c284ebb25709f"
I0918 20:38:55.850919 23452 raft_consensus.cc:2890] T 3a083531e57347b483543fabfd76ed48 P cbe7176ee05f4ea98a8c284ebb25709f [term 0 FOLLOWER]: Advancing to term 1
I0918 20:38:55.851184 23528 raft_consensus.cc:2644] T 3a083531e57347b483543fabfd76ed48 P d7935ea8243841c6a5744c979d50d58c [term 1 FOLLOWER]: Leader election won for term 1
I0918 20:38:55.858453 23452 raft_consensus.cc:2350] T 3a083531e57347b483543fabfd76ed48 P cbe7176ee05f4ea98a8c284ebb25709f [term 1 FOLLOWER]: Leader election vote request: Granting yes vote for candidate d7935ea8243841c6a5744c979d50d58c in term 1.
I0918 20:38:55.861728 23528 raft_consensus.cc:667] T 3a083531e57347b483543fabfd76ed48 P d7935ea8243841c6a5744c979d50d58c [term 1 LEADER]: Becoming Leader. State: Replica: d7935ea8243841c6a5744c979d50d58c, State: Running, Role: LEADER
I0918 20:38:55.862511 23528 consensus_queue.cc:206] T 3a083531e57347b483543fabfd76ed48 P d7935ea8243841c6a5744c979d50d58c [LEADER]: Queue going to LEADER mode. State: All replicated index: 0, Majority replicated index: 0, Committed index: 0, Last appended: 0.0, Last appended by leader: 0, Current term: 1, Majority size: 2, State: 0, Mode: LEADER, active raft config: opid_index: -1 OBSOLETE_local: false peers { permanent_uuid: "d7935ea8243841c6a5744c979d50d58c" member_type: VOTER last_known_addr { host: "127.18.222.1" port: 38227 } } peers { permanent_uuid: "c411f7a565ba4ce98b932b3fa45d63a3" member_type: VOTER last_known_addr { host: "127.18.222.2" port: 46507 } } peers { permanent_uuid: "cbe7176ee05f4ea98a8c284ebb25709f" member_type: VOTER last_known_addr { host: "127.18.222.3" port: 43541 } }
I0918 20:38:55.872599 23151 catalog_manager.cc:4131] T 3a083531e57347b483543fabfd76ed48 P d7935ea8243841c6a5744c979d50d58c reported cstate change: term changed from 0 to 1, leader changed from to d7935ea8243841c6a5744c979d50d58c (127.18.222.1). New cstate: current_term: 1 leader_uuid: "d7935ea8243841c6a5744c979d50d58c" committed_config { opid_index: -1 OBSOLETE_local: false peers { permanent_uuid: "d7935ea8243841c6a5744c979d50d58c" member_type: VOTER last_known_addr { host: "127.18.222.1" port: 38227 } health_report { overall_health: HEALTHY } } peers { permanent_uuid: "c411f7a565ba4ce98b932b3fa45d63a3" member_type: VOTER last_known_addr { host: "127.18.222.2" port: 46507 } health_report { overall_health: UNKNOWN } } peers { permanent_uuid: "cbe7176ee05f4ea98a8c284ebb25709f" member_type: VOTER last_known_addr { host: "127.18.222.3" port: 43541 } health_report { overall_health: UNKNOWN } } }
I0918 20:38:55.988991 23528 raft_consensus.cc:472] T 6301319767b84b0abf0c7a142df9ad56 P d7935ea8243841c6a5744c979d50d58c [term 0 FOLLOWER]: Starting pre-election (no leader contacted us within the election timeout)
I0918 20:38:55.989603 23528 raft_consensus.cc:494] T 6301319767b84b0abf0c7a142df9ad56 P d7935ea8243841c6a5744c979d50d58c [term 0 FOLLOWER]: Starting pre-election with config: opid_index: -1 OBSOLETE_local: false peers { permanent_uuid: "d7935ea8243841c6a5744c979d50d58c" member_type: VOTER last_known_addr { host: "127.18.222.1" port: 38227 } } peers { permanent_uuid: "c411f7a565ba4ce98b932b3fa45d63a3" member_type: VOTER last_known_addr { host: "127.18.222.2" port: 46507 } } peers { permanent_uuid: "cbe7176ee05f4ea98a8c284ebb25709f" member_type: VOTER last_known_addr { host: "127.18.222.3" port: 43541 } }
I0918 20:38:55.991477 23528 leader_election.cc:296] T 6301319767b84b0abf0c7a142df9ad56 P d7935ea8243841c6a5744c979d50d58c [CANDIDATE]: Term 1 pre-election: Requested pre-vote from peers c411f7a565ba4ce98b932b3fa45d63a3 (127.18.222.2:46507), cbe7176ee05f4ea98a8c284ebb25709f (127.18.222.3:43541)
I0918 20:38:55.992368 23381 tablet_service.cc:1295] Received RequestConsensusVote() RPC: tablet_id: "6301319767b84b0abf0c7a142df9ad56" candidate_uuid: "d7935ea8243841c6a5744c979d50d58c" candidate_term: 1 candidate_status { last_received { term: 0 index: 0 } } ignore_live_leader: false dest_uuid: "c411f7a565ba4ce98b932b3fa45d63a3" is_pre_election: true
I0918 20:38:55.992553 23452 tablet_service.cc:1295] Received RequestConsensusVote() RPC: tablet_id: "6301319767b84b0abf0c7a142df9ad56" candidate_uuid: "d7935ea8243841c6a5744c979d50d58c" candidate_term: 1 candidate_status { last_received { term: 0 index: 0 } } ignore_live_leader: false dest_uuid: "cbe7176ee05f4ea98a8c284ebb25709f" is_pre_election: true
I0918 20:38:55.993189 23381 raft_consensus.cc:2311] T 6301319767b84b0abf0c7a142df9ad56 P c411f7a565ba4ce98b932b3fa45d63a3 [term 1 LEADER]: Leader pre-election vote request: Denying vote to candidate d7935ea8243841c6a5744c979d50d58c for term 1 because replica is either leader or believes a valid leader to be alive.
I0918 20:38:55.993351 23452 raft_consensus.cc:2280] T 6301319767b84b0abf0c7a142df9ad56 P cbe7176ee05f4ea98a8c284ebb25709f [term 1 FOLLOWER]: Leader pre-election vote request: Denying vote to candidate d7935ea8243841c6a5744c979d50d58c in current term 1: Already voted for candidate c411f7a565ba4ce98b932b3fa45d63a3 in this term.
I0918 20:38:55.995115 23273 leader_election.cc:310] T 6301319767b84b0abf0c7a142df9ad56 P d7935ea8243841c6a5744c979d50d58c [CANDIDATE]: Term 1 pre-election: Election decided. Result: candidate lost. Election summary: received 3 responses out of 3 voters: 1 yes votes; 2 no votes. yes voters: d7935ea8243841c6a5744c979d50d58c; no voters: c411f7a565ba4ce98b932b3fa45d63a3, cbe7176ee05f4ea98a8c284ebb25709f
I0918 20:38:55.995802 23528 raft_consensus.cc:2890] T 6301319767b84b0abf0c7a142df9ad56 P d7935ea8243841c6a5744c979d50d58c [term 0 FOLLOWER]: Advancing to term 1
I0918 20:38:55.999570 23452 raft_consensus.cc:1184] T 31651063e45a4279a645826f3fbc7ec2 P cbe7176ee05f4ea98a8c284ebb25709f [term 1 FOLLOWER]: Refusing update from remote peer d7935ea8243841c6a5744c979d50d58c: Log matching property violated. Preceding OpId in replica: term: 0 index: 0. Preceding OpId from leader: term: 1 index: 2. (index mismatch)
I0918 20:38:56.003296 23381 raft_consensus.cc:1184] T 31651063e45a4279a645826f3fbc7ec2 P c411f7a565ba4ce98b932b3fa45d63a3 [term 1 FOLLOWER]: Refusing update from remote peer d7935ea8243841c6a5744c979d50d58c: Log matching property violated. Preceding OpId in replica: term: 0 index: 0. Preceding OpId from leader: term: 1 index: 2. (index mismatch)
I0918 20:38:56.004381 23510 consensus_queue.cc:984] T 31651063e45a4279a645826f3fbc7ec2 P d7935ea8243841c6a5744c979d50d58c [LEADER]: Connected to new peer: Peer: permanent_uuid: "cbe7176ee05f4ea98a8c284ebb25709f" member_type: VOTER last_known_addr { host: "127.18.222.3" port: 43541 }, Status: LMP_MISMATCH, Last received: 0.0, Next index: 1, Last known committed idx: 0, Time since last communication: 0.000s
I0918 20:38:56.005208 23539 consensus_queue.cc:984] T 31651063e45a4279a645826f3fbc7ec2 P d7935ea8243841c6a5744c979d50d58c [LEADER]: Connected to new peer: Peer: permanent_uuid: "c411f7a565ba4ce98b932b3fa45d63a3" member_type: VOTER last_known_addr { host: "127.18.222.2" port: 46507 }, Status: LMP_MISMATCH, Last received: 0.0, Next index: 1, Last known committed idx: 0, Time since last communication: 0.000s
I0918 20:38:56.020979 23528 raft_consensus.cc:2592] T 6301319767b84b0abf0c7a142df9ad56 P d7935ea8243841c6a5744c979d50d58c [term 1 FOLLOWER]: Leader pre-election lost for term 1. Reason: could not achieve majority
I0918 20:38:56.048125 23549 mvcc.cc:203] Tried to move safe_time back from 6425965101029269504 to 6425965099758026752. Current Snapshot: MvccSnapshot[committed={T|T < 6425965101029269504}]
I0918 20:38:56.189465 23511 consensus_queue.cc:984] T 6301319767b84b0abf0c7a142df9ad56 P c411f7a565ba4ce98b932b3fa45d63a3 [LEADER]: Connected to new peer: Peer: permanent_uuid: "d7935ea8243841c6a5744c979d50d58c" member_type: VOTER last_known_addr { host: "127.18.222.1" port: 38227 }, Status: LMP_MISMATCH, Last received: 0.0, Next index: 1, Last known committed idx: 0, Time since last communication: 0.000s
I0918 20:38:56.219820 23511 consensus_queue.cc:984] T 6301319767b84b0abf0c7a142df9ad56 P c411f7a565ba4ce98b932b3fa45d63a3 [LEADER]: Connected to new peer: Peer: permanent_uuid: "cbe7176ee05f4ea98a8c284ebb25709f" member_type: VOTER last_known_addr { host: "127.18.222.3" port: 43541 }, Status: LMP_MISMATCH, Last received: 0.0, Next index: 1, Last known committed idx: 0, Time since last communication: 0.000s
I0918 20:38:56.403656 23528 consensus_queue.cc:984] T 3a083531e57347b483543fabfd76ed48 P d7935ea8243841c6a5744c979d50d58c [LEADER]: Connected to new peer: Peer: permanent_uuid: "c411f7a565ba4ce98b932b3fa45d63a3" member_type: VOTER last_known_addr { host: "127.18.222.2" port: 46507 }, Status: LMP_MISMATCH, Last received: 0.0, Next index: 1, Last known committed idx: 0, Time since last communication: 0.001s
I0918 20:38:56.441373 23528 consensus_queue.cc:984] T 3a083531e57347b483543fabfd76ed48 P d7935ea8243841c6a5744c979d50d58c [LEADER]: Connected to new peer: Peer: permanent_uuid: "cbe7176ee05f4ea98a8c284ebb25709f" member_type: VOTER last_known_addr { host: "127.18.222.3" port: 43541 }, Status: LMP_MISMATCH, Last received: 0.0, Next index: 1, Last known committed idx: 0, Time since last communication: 0.000s
W0918 20:38:57.514873 23272 outbound_call.cc:287] RPC callback for RPC call kudu.consensus.ConsensusService.UpdateConsensus -> {remote=127.18.222.3:43541, user_credentials={real_user=slave}} blocked reactor thread for 54178.6us
I0918 20:38:59.502863 19320 tablet_server.cc:155] TabletServer shutting down...
I0918 20:38:59.570674 19320 ts_tablet_manager.cc:1159] Shutting down tablet manager...
I0918 20:38:59.571039 19320 tablet_replica.cc:273] T 6301319767b84b0abf0c7a142df9ad56 P d7935ea8243841c6a5744c979d50d58c: stopping tablet replica
I0918 20:38:59.571430 19320 raft_consensus.cc:2147] T 6301319767b84b0abf0c7a142df9ad56 P d7935ea8243841c6a5744c979d50d58c [term 1 FOLLOWER]: Raft consensus shutting down.
I0918 20:38:59.571776 19320 raft_consensus.cc:2174] T 6301319767b84b0abf0c7a142df9ad56 P d7935ea8243841c6a5744c979d50d58c [term 1 FOLLOWER]: Raft consensus is shut down!
I0918 20:38:59.573935 19320 tablet_replica.cc:273] T 3a083531e57347b483543fabfd76ed48 P d7935ea8243841c6a5744c979d50d58c: stopping tablet replica
I0918 20:38:59.574429 19320 raft_consensus.cc:2147] T 3a083531e57347b483543fabfd76ed48 P d7935ea8243841c6a5744c979d50d58c [term 1 LEADER]: Raft consensus shutting down.
I0918 20:38:59.575587 19320 raft_consensus.cc:2174] T 3a083531e57347b483543fabfd76ed48 P d7935ea8243841c6a5744c979d50d58c [term 1 FOLLOWER]: Raft consensus is shut down!
I0918 20:38:59.578732 19320 tablet_replica.cc:273] T 31651063e45a4279a645826f3fbc7ec2 P d7935ea8243841c6a5744c979d50d58c: stopping tablet replica
I0918 20:38:59.579071 19320 raft_consensus.cc:2147] T 31651063e45a4279a645826f3fbc7ec2 P d7935ea8243841c6a5744c979d50d58c [term 1 LEADER]: Raft consensus shutting down.
I0918 20:38:59.579871 19320 raft_consensus.cc:2174] T 31651063e45a4279a645826f3fbc7ec2 P d7935ea8243841c6a5744c979d50d58c [term 1 FOLLOWER]: Raft consensus is shut down!
I0918 20:38:59.606099 19320 tablet_server.cc:169] TabletServer shutdown complete.
I0918 20:38:59.606312 19320 tablet_server.cc:155] TabletServer shutting down...
I0918 20:38:59.606631 19320 tablet_server.cc:169] TabletServer shutdown complete.
I0918 20:38:59.620350 19320 tablet_server.cc:155] TabletServer shutting down...
I0918 20:38:59.664921 19320 ts_tablet_manager.cc:1159] Shutting down tablet manager...
I0918 20:38:59.665421 19320 tablet_replica.cc:273] T 31651063e45a4279a645826f3fbc7ec2 P c411f7a565ba4ce98b932b3fa45d63a3: stopping tablet replica
I0918 20:38:59.665976 19320 raft_consensus.cc:2147] T 31651063e45a4279a645826f3fbc7ec2 P c411f7a565ba4ce98b932b3fa45d63a3 [term 1 FOLLOWER]: Raft consensus shutting down.
I0918 20:38:59.666350 19320 raft_consensus.cc:2174] T 31651063e45a4279a645826f3fbc7ec2 P c411f7a565ba4ce98b932b3fa45d63a3 [term 1 FOLLOWER]: Raft consensus is shut down!
I0918 20:38:59.668931 19320 tablet_replica.cc:273] T 3a083531e57347b483543fabfd76ed48 P c411f7a565ba4ce98b932b3fa45d63a3: stopping tablet replica
I0918 20:38:59.669418 19320 raft_consensus.cc:2147] T 3a083531e57347b483543fabfd76ed48 P c411f7a565ba4ce98b932b3fa45d63a3 [term 1 FOLLOWER]: Raft consensus shutting down.
I0918 20:38:59.669785 19320 raft_consensus.cc:2174] T 3a083531e57347b483543fabfd76ed48 P c411f7a565ba4ce98b932b3fa45d63a3 [term 1 FOLLOWER]: Raft consensus is shut down!
I0918 20:38:59.672526 19320 tablet_replica.cc:273] T 6301319767b84b0abf0c7a142df9ad56 P c411f7a565ba4ce98b932b3fa45d63a3: stopping tablet replica
I0918 20:38:59.672886 19320 raft_consensus.cc:2147] T 6301319767b84b0abf0c7a142df9ad56 P c411f7a565ba4ce98b932b3fa45d63a3 [term 1 LEADER]: Raft consensus shutting down.
I0918 20:38:59.673501 19320 raft_consensus.cc:2174] T 6301319767b84b0abf0c7a142df9ad56 P c411f7a565ba4ce98b932b3fa45d63a3 [term 1 FOLLOWER]: Raft consensus is shut down!
I0918 20:38:59.697882 19320 tablet_server.cc:169] TabletServer shutdown complete.
I0918 20:38:59.698067 19320 tablet_server.cc:155] TabletServer shutting down...
I0918 20:38:59.698443 19320 tablet_server.cc:169] TabletServer shutdown complete.
I0918 20:38:59.712170 19320 tablet_server.cc:155] TabletServer shutting down...
I0918 20:38:59.744313 19320 ts_tablet_manager.cc:1159] Shutting down tablet manager...
I0918 20:38:59.744587 19320 tablet_replica.cc:273] T 3a083531e57347b483543fabfd76ed48 P cbe7176ee05f4ea98a8c284ebb25709f: stopping tablet replica
I0918 20:38:59.745029 19320 raft_consensus.cc:2147] T 3a083531e57347b483543fabfd76ed48 P cbe7176ee05f4ea98a8c284ebb25709f [term 1 FOLLOWER]: Raft consensus shutting down.
I0918 20:38:59.745357 19320 raft_consensus.cc:2174] T 3a083531e57347b483543fabfd76ed48 P cbe7176ee05f4ea98a8c284ebb25709f [term 1 FOLLOWER]: Raft consensus is shut down!
I0918 20:38:59.748379 19320 tablet_replica.cc:273] T 31651063e45a4279a645826f3fbc7ec2 P cbe7176ee05f4ea98a8c284ebb25709f: stopping tablet replica
I0918 20:38:59.748715 19320 raft_consensus.cc:2147] T 31651063e45a4279a645826f3fbc7ec2 P cbe7176ee05f4ea98a8c284ebb25709f [term 1 FOLLOWER]: Raft consensus shutting down.
I0918 20:38:59.748957 19320 raft_consensus.cc:2174] T 31651063e45a4279a645826f3fbc7ec2 P cbe7176ee05f4ea98a8c284ebb25709f [term 1 FOLLOWER]: Raft consensus is shut down!
I0918 20:38:59.750705 19320 tablet_replica.cc:273] T 6301319767b84b0abf0c7a142df9ad56 P cbe7176ee05f4ea98a8c284ebb25709f: stopping tablet replica
I0918 20:38:59.750999 19320 raft_consensus.cc:2147] T 6301319767b84b0abf0c7a142df9ad56 P cbe7176ee05f4ea98a8c284ebb25709f [term 1 FOLLOWER]: Raft consensus shutting down.
I0918 20:38:59.751232 19320 raft_consensus.cc:2174] T 6301319767b84b0abf0c7a142df9ad56 P cbe7176ee05f4ea98a8c284ebb25709f [term 1 FOLLOWER]: Raft consensus is shut down!
I0918 20:38:59.771875 19320 tablet_server.cc:169] TabletServer shutdown complete.
I0918 20:38:59.772066 19320 tablet_server.cc:155] TabletServer shutting down...
I0918 20:38:59.772392 19320 tablet_server.cc:169] TabletServer shutdown complete.
I0918 20:38:59.783576 19320 master.cc:247] Master@127.18.222.62:34771 shutting down...
I0918 20:38:59.805996 19320 raft_consensus.cc:2147] T 00000000000000000000000000000000 P b9b53cf41385420d8a156f9f3fdfe2f2 [term 1 FOLLOWER]: Raft consensus shutting down.
I0918 20:38:59.806375 19320 raft_consensus.cc:2174] T 00000000000000000000000000000000 P b9b53cf41385420d8a156f9f3fdfe2f2 [term 1 FOLLOWER]: Raft consensus is shut down!
I0918 20:38:59.806764 19320 tablet_replica.cc:273] T 00000000000000000000000000000000 P b9b53cf41385420d8a156f9f3fdfe2f2: stopping tablet replica
I0918 20:38:59.824781 19320 master.cc:258] Master@127.18.222.62:34771 shutdown complete.
I0918 20:38:59.832818 19320 master.cc:247] Master@127.18.222.61:42565 shutting down...
I0918 20:38:59.853113 19320 raft_consensus.cc:2147] T 00000000000000000000000000000000 P f41e5b481b104c99945cad9121c4afbf [term 1 LEADER]: Raft consensus shutting down.
I0918 20:38:59.853876 19320 raft_consensus.cc:2174] T 00000000000000000000000000000000 P f41e5b481b104c99945cad9121c4afbf [term 1 FOLLOWER]: Raft consensus is shut down!
I0918 20:38:59.854123 19320 tablet_replica.cc:273] T 00000000000000000000000000000000 P f41e5b481b104c99945cad9121c4afbf: stopping tablet replica
I0918 20:38:59.872396 19320 master.cc:258] Master@127.18.222.61:42565 shutdown complete.
I0918 20:38:59.883985 19320 master.cc:247] Master@127.18.222.60:40745 shutting down...
I0918 20:38:59.903025 19320 raft_consensus.cc:2147] T 00000000000000000000000000000000 P ef93976569874340bcf974671452ec68 [term 1 FOLLOWER]: Raft consensus shutting down.
I0918 20:38:59.903549 19320 raft_consensus.cc:2174] T 00000000000000000000000000000000 P ef93976569874340bcf974671452ec68 [term 1 FOLLOWER]: Raft consensus is shut down!
I0918 20:38:59.903846 19320 tablet_replica.cc:273] T 00000000000000000000000000000000 P ef93976569874340bcf974671452ec68: stopping tablet replica
I0918 20:38:59.921322 19320 master.cc:258] Master@127.18.222.60:40745 shutdown complete. [ OK ] RemoteKsckTest.TestChecksumSnapshotCurrentTimestamp (6162 ms) [ RUN ] RemoteKsckTest.TestChecksumSnapshotLastingLongerThanAHM
I0918 20:38:59.952343 19320 test_util.cc:212] Using random seed: -744126789
I0918 20:38:59.953095 19320 internal_mini_cluster.cc:146] Creating distributed mini masters. Addrs: 127.18.222.62:34677,127.18.222.61:33575,127.18.222.60:32807
I0918 20:38:59.965700 19320 system_ntp.cc:193] NTP initialized. Skew: 500ppm Current error: 147092us
I0918 20:38:59.966099 19320 fs_manager.cc:263] Metadata directory not provided
I0918 20:38:59.966274 19320 fs_manager.cc:269] Using write-ahead log directory (fs_wal_dir) as metadata directory
I0918 20:38:59.966492 19320 server_base.cc:452] Could not load existing FS layout: Not found: could not find a healthy instance file
I0918 20:38:59.966619 19320 server_base.cc:453] Attempting to create new FS layout instead
I0918 20:38:59.967644 19320 fs_manager.cc:602] Generated new instance metadata in path /tmp/dist-test-task6lCVqo/test-tmp/ksck_remote-test.0.RemoteKsckTest.TestChecksumSnapshotLastingLongerThanAHM.1568839089958813-19320/minicluster-data/master-0-root/instance: uuid: "9677e12125ca44d483fd9cab2182a2a0" format_stamp: "Formatted at 2019-09-18 20:38:59 on dist-test-slave-dist-test-slave-85lk"
I0918 20:38:59.976554 19320 fs_manager.cc:503] Time spent creating directory manager: real 0.008s user 0.005s sys 0.003s
I0918 20:38:59.978090 19320 file_cache.cc:465] Constructed file cache lbm with capacity 419430
I0918 20:38:59.984931 19320 fs_manager.cc:419] Time spent opening block manager: real 0.001s user 0.001s sys 0.000s
I0918 20:38:59.985160 19320 fs_manager.cc:436] Opened local filesystem: /tmp/dist-test-task6lCVqo/test-tmp/ksck_remote-test.0.RemoteKsckTest.TestChecksumSnapshotLastingLongerThanAHM.1568839089958813-19320/minicluster-data/master-0-root uuid: "9677e12125ca44d483fd9cab2182a2a0" format_stamp: "Formatted at 2019-09-18 20:38:59 on dist-test-slave-dist-test-slave-85lk"
I0918 20:38:59.985424 19320 fs_report.cc:352] FS layout report -------------------- wal directory: /tmp/dist-test-task6lCVqo/test-tmp/ksck_remote-test.0.RemoteKsckTest.TestChecksumSnapshotLastingLongerThanAHM.1568839089958813-19320/minicluster-data/master-0-root metadata directory: /tmp/dist-test-task6lCVqo/test-tmp/ksck_remote-test.0.RemoteKsckTest.TestChecksumSnapshotLastingLongerThanAHM.1568839089958813-19320/minicluster-data/master-0-root 1 data directories: /tmp/dist-test-task6lCVqo/test-tmp/ksck_remote-test.0.RemoteKsckTest.TestChecksumSnapshotLastingLongerThanAHM.1568839089958813-19320/minicluster-data/master-0-root/data Total live blocks: 0 Total live bytes: 0 Total live bytes (after alignment): 0 Total number of LBM containers: 0 (0 full) Did not check for missing blocks Did not check for orphaned blocks Total full LBM containers with extra space: 0 (0 repaired) Total full LBM container extra space in bytes: 0 (0 repaired) Total incomplete LBM containers: 0 (0 repaired) Total LBM partial records: 0 (0 repaired)
I0918 20:39:00.034711 19320 rpc_server.cc:205] RPC server started. Bound to: 127.18.222.62:34677
I0918 20:39:00.036509 19320 webserver.cc:374] Webserver started at http://127.18.222.62:32919/ using document root and password file
I0918 20:39:00.038192 23659 data_dirs.cc:939] Could only allocate 1 dirs of requested 3 for tablet 00000000000000000000000000000000. 1 dirs total, 0 dirs full, 0 dirs failed
I0918 20:39:00.043099 23659 sys_catalog.cc:307] member_type: VOTER last_known_addr { host: "127.18.222.62" port: 34677 } has no permanent_uuid. Determining permanent_uuid...
I0918 20:39:00.062708 19320 system_ntp.cc:193] NTP initialized. Skew: 500ppm Current error: 147592us
I0918 20:39:00.063302 19320 fs_manager.cc:263] Metadata directory not provided
I0918 20:39:00.063594 19320 fs_manager.cc:269] Using write-ahead log directory (fs_wal_dir) as metadata directory
I0918 20:39:00.063961 19320 server_base.cc:452] Could not load existing FS layout: Not found: could not find a healthy instance file
I0918 20:39:00.064079 19320 server_base.cc:453] Attempting to create new FS layout instead
I0918 20:39:00.065317 19320 fs_manager.cc:602] Generated new instance metadata in path /tmp/dist-test-task6lCVqo/test-tmp/ksck_remote-test.0.RemoteKsckTest.TestChecksumSnapshotLastingLongerThanAHM.1568839089958813-19320/minicluster-data/master-1-root/instance: uuid: "5149d1f41d644da7ad63a91236c71d5b" format_stamp: "Formatted at 2019-09-18 20:39:00 on dist-test-slave-dist-test-slave-85lk"
I0918 20:39:00.067538 23659 sys_catalog.cc:307] member_type: VOTER last_known_addr { host: "127.18.222.61" port: 33575 } has no permanent_uuid. Determining permanent_uuid...
W0918 20:39:00.069353 23659 consensus_peers.cc:607] Error getting permanent uuid from config peer 127.18.222.61:33575: Network error: Client connection negotiation failed: client connection to 127.18.222.61:33575: connect: Connection refused (error 111)
I0918 20:39:00.075945 19320 fs_manager.cc:503] Time spent creating directory manager: real 0.010s user 0.008s sys 0.004s
I0918 20:39:00.077598 19320 file_cache.cc:465] Constructed file cache lbm with capacity 419430
I0918 20:39:00.085852 19320 fs_manager.cc:419] Time spent opening block manager: real 0.002s user 0.001s sys 0.000s
I0918 20:39:00.086053 19320 fs_manager.cc:436] Opened local filesystem: /tmp/dist-test-task6lCVqo/test-tmp/ksck_remote-test.0.RemoteKsckTest.TestChecksumSnapshotLastingLongerThanAHM.1568839089958813-19320/minicluster-data/master-1-root uuid: "5149d1f41d644da7ad63a91236c71d5b" format_stamp: "Formatted at 2019-09-18 20:39:00 on dist-test-slave-dist-test-slave-85lk"
I0918 20:39:00.086354 19320 fs_report.cc:352] FS layout report -------------------- wal directory: /tmp/dist-test-task6lCVqo/test-tmp/ksck_remote-test.0.RemoteKsckTest.TestChecksumSnapshotLastingLongerThanAHM.1568839089958813-19320/minicluster-data/master-1-root metadata directory: /tmp/dist-test-task6lCVqo/test-tmp/ksck_remote-test.0.RemoteKsckTest.TestChecksumSnapshotLastingLongerThanAHM.1568839089958813-19320/minicluster-data/master-1-root 1 data directories: /tmp/dist-test-task6lCVqo/test-tmp/ksck_remote-test.0.RemoteKsckTest.TestChecksumSnapshotLastingLongerThanAHM.1568839089958813-19320/minicluster-data/master-1-root/data Total live blocks: 0 Total live bytes: 0 Total live bytes (after alignment): 0 Total number of LBM containers: 0 (0 full) Did not check for missing blocks Did not check for orphaned blocks Total full LBM containers with extra space: 0 (0 repaired) Total full LBM container extra space in bytes: 0 (0 repaired) Total incomplete LBM containers: 0 (0 repaired) Total LBM partial records: 0 (0 repaired)
I0918 20:39:00.117719 23659 consensus_peers.cc:617] Retrying to get permanent uuid for remote peer: member_type: VOTER last_known_addr { host: "127.18.222.61" port: 33575 } attempt: 1
W0918 20:39:00.119787 23659 consensus_peers.cc:607] Error getting permanent uuid from config peer 127.18.222.61:33575: Network error: Client connection negotiation failed: client connection to 127.18.222.61:33575: connect: Connection refused (error 111)
I0918 20:39:00.154147 23659 consensus_peers.cc:617] Retrying to get permanent uuid for remote peer: member_type: VOTER last_known_addr { host: "127.18.222.61" port: 33575 } attempt: 2
W0918 20:39:00.156230 23659 consensus_peers.cc:607] Error getting permanent uuid from config peer 127.18.222.61:33575: Network error: Client connection negotiation failed: client connection to 127.18.222.61:33575: connect: Connection refused (error 111)
I0918 20:39:00.163600 19320 rpc_server.cc:205] RPC server started. Bound to: 127.18.222.61:33575
I0918 20:39:00.165498 19320 webserver.cc:374] Webserver started at http://127.18.222.61:45321/ using document root and password file
I0918 20:39:00.167165 23716 data_dirs.cc:939] Could only allocate 1 dirs of requested 3 for tablet 00000000000000000000000000000000. 1 dirs total, 0 dirs full, 0 dirs failed
I0918 20:39:00.172207 23716 sys_catalog.cc:307] member_type: VOTER last_known_addr { host: "127.18.222.62" port: 34677 } has no permanent_uuid. Determining permanent_uuid...
I0918 20:39:00.187525 19320 system_ntp.cc:193] NTP initialized. Skew: 500ppm Current error: 147592us
I0918 20:39:00.188001 19320 fs_manager.cc:263] Metadata directory not provided
I0918 20:39:00.188257 19320 fs_manager.cc:269] Using write-ahead log directory (fs_wal_dir) as metadata directory
I0918 20:39:00.188491 19320 server_base.cc:452] Could not load existing FS layout: Not found: could not find a healthy instance file
I0918 20:39:00.188625 19320 server_base.cc:453] Attempting to create new FS layout instead
I0918 20:39:00.189476 23716 sys_catalog.cc:307] member_type: VOTER last_known_addr { host: "127.18.222.61" port: 33575 } has no permanent_uuid. Determining permanent_uuid...
I0918 20:39:00.189761 19320 fs_manager.cc:602] Generated new instance metadata in path /tmp/dist-test-task6lCVqo/test-tmp/ksck_remote-test.0.RemoteKsckTest.TestChecksumSnapshotLastingLongerThanAHM.1568839089958813-19320/minicluster-data/master-2-root/instance: uuid: "120945e9b78f41feaa64417f83cdee59" format_stamp: "Formatted at 2019-09-18 20:39:00 on dist-test-slave-dist-test-slave-85lk"
I0918 20:39:00.200634 19320 fs_manager.cc:503] Time spent creating directory manager: real 0.010s user 0.006s sys 0.004s
I0918 20:39:00.201897 23716 sys_catalog.cc:307] member_type: VOTER last_known_addr { host: "127.18.222.60" port: 32807 } has no permanent_uuid. Determining permanent_uuid...
I0918 20:39:00.202826 19320 file_cache.cc:465] Constructed file cache lbm with capacity 419430
W0918 20:39:00.203888 23716 consensus_peers.cc:607] Error getting permanent uuid from config peer 127.18.222.60:32807: Network error: Client connection negotiation failed: client connection to 127.18.222.60:32807: connect: Connection refused (error 111)
I0918 20:39:00.211084 19320 fs_manager.cc:419] Time spent opening block manager: real 0.001s user 0.001s sys 0.000s
I0918 20:39:00.211361 19320 fs_manager.cc:436] Opened local filesystem: /tmp/dist-test-task6lCVqo/test-tmp/ksck_remote-test.0.RemoteKsckTest.TestChecksumSnapshotLastingLongerThanAHM.1568839089958813-19320/minicluster-data/master-2-root uuid: "120945e9b78f41feaa64417f83cdee59" format_stamp: "Formatted at 2019-09-18 20:39:00 on dist-test-slave-dist-test-slave-85lk"
I0918 20:39:00.211598 19320 fs_report.cc:352] FS layout report -------------------- wal directory: /tmp/dist-test-task6lCVqo/test-tmp/ksck_remote-test.0.RemoteKsckTest.TestChecksumSnapshotLastingLongerThanAHM.1568839089958813-19320/minicluster-data/master-2-root metadata directory: /tmp/dist-test-task6lCVqo/test-tmp/ksck_remote-test.0.RemoteKsckTest.TestChecksumSnapshotLastingLongerThanAHM.1568839089958813-19320/minicluster-data/master-2-root 1 data directories: /tmp/dist-test-task6lCVqo/test-tmp/ksck_remote-test.0.RemoteKsckTest.TestChecksumSnapshotLastingLongerThanAHM.1568839089958813-19320/minicluster-data/master-2-root/data Total live blocks: 0 Total live bytes: 0 Total live bytes (after alignment): 0 Total number of LBM containers: 0 (0 full) Did not check for missing blocks Did not check for orphaned blocks Total full LBM containers with extra space: 0 (0 repaired) Total full LBM container extra space in bytes: 0 (0 repaired) Total incomplete LBM containers: 0 (0 repaired) Total LBM partial records: 0 (0 repaired)
I0918 20:39:00.226613 23659 consensus_peers.cc:617] Retrying to get permanent uuid for remote peer: member_type: VOTER last_known_addr { host: "127.18.222.61" port: 33575 } attempt: 3
I0918 20:39:00.239477 23659 sys_catalog.cc:307] member_type: VOTER last_known_addr { host: "127.18.222.60" port: 32807 } has no permanent_uuid. Determining permanent_uuid...
W0918 20:39:00.241302 23659 consensus_peers.cc:607] Error getting permanent uuid from config peer 127.18.222.60:32807: Network error: Client connection negotiation failed: client connection to 127.18.222.60:32807: connect: Connection refused (error 111)
I0918 20:39:00.257448 23716 consensus_peers.cc:617] Retrying to get permanent uuid for remote peer: member_type: VOTER last_known_addr { host: "127.18.222.60" port: 32807 } attempt: 1
W0918 20:39:00.260300 23716 consensus_peers.cc:607] Error getting permanent uuid from config peer 127.18.222.60:32807: Network error: Client connection negotiation failed: client connection to 127.18.222.60:32807: connect: Connection refused (error 111)
I0918 20:39:00.264806 23659 consensus_peers.cc:617] Retrying to get permanent uuid for remote peer: member_type: VOTER last_known_addr { host: "127.18.222.60" port: 32807 } attempt: 1
W0918 20:39:00.267446 23659 consensus_peers.cc:607] Error getting permanent uuid from config peer 127.18.222.60:32807: Network error: Client connection negotiation failed: client connection to 127.18.222.60:32807: connect: Connection refused (error 111)
I0918 20:39:00.270325 19320 rpc_server.cc:205] RPC server started. Bound to: 127.18.222.60:32807
I0918 20:39:00.272238 19320 webserver.cc:374] Webserver started at http://127.18.222.60:38037/ using document root and password file
I0918 20:39:00.273216 19320 internal_mini_cluster.cc:166] Waiting to initialize catalog manager on master 0
I0918 20:39:00.274032 23773 data_dirs.cc:939] Could only allocate 1 dirs of requested 3 for tablet 00000000000000000000000000000000. 1 dirs total, 0 dirs full, 0 dirs failed
I0918 20:39:00.278695 23773 sys_catalog.cc:307] member_type: VOTER last_known_addr { host: "127.18.222.62" port: 34677 } has no permanent_uuid. Determining permanent_uuid...
I0918 20:39:00.294519 23773 sys_catalog.cc:307] member_type: VOTER last_known_addr { host: "127.18.222.61" port: 33575 } has no permanent_uuid. Determining permanent_uuid...
I0918 20:39:00.304576 23773 sys_catalog.cc:307] member_type: VOTER last_known_addr { host: "127.18.222.60" port: 32807 } has no permanent_uuid. Determining permanent_uuid...
I0918 20:39:00.319842 23773 tablet_bootstrap.cc:439] T 00000000000000000000000000000000 P 120945e9b78f41feaa64417f83cdee59: Bootstrap starting.
I0918 20:39:00.321976 23659 consensus_peers.cc:617] Retrying to get permanent uuid for remote peer: member_type: VOTER last_known_addr { host: "127.18.222.60" port: 32807 } attempt: 2
I0918 20:39:00.322494 23773 tablet_bootstrap.cc:590] T 00000000000000000000000000000000 P 120945e9b78f41feaa64417f83cdee59: No blocks or log segments found. Creating new log.
I0918 20:39:00.324782 23716 consensus_peers.cc:617] Retrying to get permanent uuid for remote peer: member_type: VOTER last_known_addr { host: "127.18.222.60" port: 32807 } attempt: 2
I0918 20:39:00.326797 23773 tablet_bootstrap.cc:439] T 00000000000000000000000000000000 P 120945e9b78f41feaa64417f83cdee59: No bootstrap required, opened a new log
I0918 20:39:00.328732 23773 raft_consensus.cc:340] T 00000000000000000000000000000000 P 120945e9b78f41feaa64417f83cdee59 [term 0 FOLLOWER]: Replica starting. Triggering 0 pending transactions. Active config: opid_index: -1 OBSOLETE_local: false peers { permanent_uuid: "9677e12125ca44d483fd9cab2182a2a0" member_type: VOTER last_known_addr { host: "127.18.222.62" port: 34677 } } peers { permanent_uuid: "5149d1f41d644da7ad63a91236c71d5b" member_type: VOTER last_known_addr { host: "127.18.222.61" port: 33575 } } peers { permanent_uuid: "120945e9b78f41feaa64417f83cdee59" member_type: VOTER last_known_addr { host: "127.18.222.60" port: 32807 } }
I0918 20:39:00.329457 23773 raft_consensus.cc:366] T 00000000000000000000000000000000 P 120945e9b78f41feaa64417f83cdee59 [term 0 FOLLOWER]: Consensus starting up: Expiring failure detector timer to make a prompt election more likely
I0918 20:39:00.329690 23773 raft_consensus.cc:705] T 00000000000000000000000000000000 P 120945e9b78f41feaa64417f83cdee59 [term 0 FOLLOWER]: Becoming Follower/Learner. State: Replica: 120945e9b78f41feaa64417f83cdee59, State: Initialized, Role: FOLLOWER
I0918 20:39:00.330345 23773 consensus_queue.cc:229] T 00000000000000000000000000000000 P 120945e9b78f41feaa64417f83cdee59 [NON_LEADER]: Queue going to NON_LEADER mode. State: All replicated index: 0, Majority replicated index: 0, Committed index: 0, Last appended: 0.0, Last appended by leader: 0, Current term: 0, Majority size: -1, State: 0, Mode: NON_LEADER, active raft config: opid_index: -1 OBSOLETE_local: false peers { permanent_uuid: "9677e12125ca44d483fd9cab2182a2a0" member_type: VOTER last_known_addr { host: "127.18.222.62" port: 34677 } } peers { permanent_uuid: "5149d1f41d644da7ad63a91236c71d5b" member_type: VOTER last_known_addr { host: "127.18.222.61" port: 33575 } } peers { permanent_uuid: "120945e9b78f41feaa64417f83cdee59" member_type: VOTER last_known_addr { host: "127.18.222.60" port: 32807 } }
I0918 20:39:00.332458 23773 sys_catalog.cc:340] T 00000000000000000000000000000000 P 120945e9b78f41feaa64417f83cdee59 [sys.catalog]: SysCatalogTable state changed. Reason: Started TabletReplica. Latest consensus state: current_term: 0 committed_config { opid_index: -1 OBSOLETE_local: false peers { permanent_uuid: "9677e12125ca44d483fd9cab2182a2a0" member_type: VOTER last_known_addr { host: "127.18.222.62" port: 34677 } } peers { permanent_uuid: "5149d1f41d644da7ad63a91236c71d5b" member_type: VOTER last_known_addr { host: "127.18.222.61" port: 33575 } } peers { permanent_uuid: "120945e9b78f41feaa64417f83cdee59" member_type: VOTER last_known_addr { host: "127.18.222.60" port: 32807 } } }
I0918 20:39:00.333210 23773 sys_catalog.cc:343] T 00000000000000000000000000000000 P 120945e9b78f41feaa64417f83cdee59 [sys.catalog]: This master's current role is: FOLLOWER
I0918 20:39:00.332698 23778 sys_catalog.cc:340] T 00000000000000000000000000000000 P 120945e9b78f41feaa64417f83cdee59 [sys.catalog]: SysCatalogTable state changed. Reason: RaftConsensus started. Latest consensus state: current_term: 0 committed_config { opid_index: -1 OBSOLETE_local: false peers { permanent_uuid: "9677e12125ca44d483fd9cab2182a2a0" member_type: VOTER last_known_addr { host: "127.18.222.62" port: 34677 } } peers { permanent_uuid: "5149d1f41d644da7ad63a91236c71d5b" member_type: VOTER last_known_addr { host: "127.18.222.61" port: 33575 } } peers { permanent_uuid: "120945e9b78f41feaa64417f83cdee59" member_type: VOTER last_known_addr { host: "127.18.222.60" port: 32807 } } }
I0918 20:39:00.333763 23778 sys_catalog.cc:343] T 00000000000000000000000000000000 P 120945e9b78f41feaa64417f83cdee59 [sys.catalog]: This master's current role is: FOLLOWER
I0918 20:39:00.334318 23773 sys_catalog.cc:428] T 00000000000000000000000000000000 P 120945e9b78f41feaa64417f83cdee59 [sys.catalog]: configured and running, proceeding with master startup.
W0918 20:39:00.337741 23779 catalog_manager.cc:1155] T 00000000000000000000000000000000 P 120945e9b78f41feaa64417f83cdee59: acquiring CA information for follower catalog manager: Not found: root CA entry not found
W0918 20:39:00.337957 23779 catalog_manager.cc:627] Not found: root CA entry not found: failed to prepare follower catalog manager, will retry
I0918 20:39:00.343257 23659 tablet_bootstrap.cc:439] T 00000000000000000000000000000000 P 9677e12125ca44d483fd9cab2182a2a0: Bootstrap starting.
I0918 20:39:00.347085 23659 tablet_bootstrap.cc:590] T 00000000000000000000000000000000 P 9677e12125ca44d483fd9cab2182a2a0: No blocks or log segments found. Creating new log.
I0918 20:39:00.347723 23716 tablet_bootstrap.cc:439] T 00000000000000000000000000000000 P 5149d1f41d644da7ad63a91236c71d5b: Bootstrap starting.
I0918 20:39:00.350782 23659 tablet_bootstrap.cc:439] T 00000000000000000000000000000000 P 9677e12125ca44d483fd9cab2182a2a0: No bootstrap required, opened a new log
I0918 20:39:00.351430 23716 tablet_bootstrap.cc:590] T 00000000000000000000000000000000 P 5149d1f41d644da7ad63a91236c71d5b: No blocks or log segments found. Creating new log.
I0918 20:39:00.353175 23659 raft_consensus.cc:340] T 00000000000000000000000000000000 P 9677e12125ca44d483fd9cab2182a2a0 [term 0 FOLLOWER]: Replica starting. Triggering 0 pending transactions. Active config: opid_index: -1 OBSOLETE_local: false peers { permanent_uuid: "9677e12125ca44d483fd9cab2182a2a0" member_type: VOTER last_known_addr { host: "127.18.222.62" port: 34677 } } peers { permanent_uuid: "5149d1f41d644da7ad63a91236c71d5b" member_type: VOTER last_known_addr { host: "127.18.222.61" port: 33575 } } peers { permanent_uuid: "120945e9b78f41feaa64417f83cdee59" member_type: VOTER last_known_addr { host: "127.18.222.60" port: 32807 } }
I0918 20:39:00.354002 23659 raft_consensus.cc:366] T 00000000000000000000000000000000 P 9677e12125ca44d483fd9cab2182a2a0 [term 0 FOLLOWER]: Consensus starting up: Expiring failure detector timer to make a prompt election more likely
I0918 20:39:00.354218 23659 raft_consensus.cc:705] T 00000000000000000000000000000000 P 9677e12125ca44d483fd9cab2182a2a0 [term 0 FOLLOWER]: Becoming Follower/Learner. State: Replica: 9677e12125ca44d483fd9cab2182a2a0, State: Initialized, Role: FOLLOWER
I0918 20:39:00.354899 23716 tablet_bootstrap.cc:439] T 00000000000000000000000000000000 P 5149d1f41d644da7ad63a91236c71d5b: No bootstrap required, opened a new log
I0918 20:39:00.354898 23659 consensus_queue.cc:229] T 00000000000000000000000000000000 P 9677e12125ca44d483fd9cab2182a2a0 [NON_LEADER]: Queue going to NON_LEADER mode. State: All replicated index: 0, Majority replicated index: 0, Committed index: 0, Last appended: 0.0, Last appended by leader: 0, Current term: 0, Majority size: -1, State: 0, Mode: NON_LEADER, active raft config: opid_index: -1 OBSOLETE_local: false peers { permanent_uuid: "9677e12125ca44d483fd9cab2182a2a0" member_type: VOTER last_known_addr { host: "127.18.222.62" port: 34677 } } peers { permanent_uuid: "5149d1f41d644da7ad63a91236c71d5b" member_type: VOTER last_known_addr { host: "127.18.222.61" port: 33575 } } peers { permanent_uuid: "120945e9b78f41feaa64417f83cdee59" member_type: VOTER last_known_addr { host: "127.18.222.60" port: 32807 } }
I0918 20:39:00.357003 23782 sys_catalog.cc:340] T 00000000000000000000000000000000 P 9677e12125ca44d483fd9cab2182a2a0 [sys.catalog]: SysCatalogTable state changed. Reason: RaftConsensus started. Latest consensus state: current_term: 0 committed_config { opid_index: -1 OBSOLETE_local: false peers { permanent_uuid: "9677e12125ca44d483fd9cab2182a2a0" member_type: VOTER last_known_addr { host: "127.18.222.62" port: 34677 } } peers { permanent_uuid: "5149d1f41d644da7ad63a91236c71d5b" member_type: VOTER last_known_addr { host: "127.18.222.61" port: 33575 } } peers { permanent_uuid: "120945e9b78f41feaa64417f83cdee59" member_type: VOTER last_known_addr { host: "127.18.222.60" port: 32807 } } }
I0918 20:39:00.356904 23659 sys_catalog.cc:340] T 00000000000000000000000000000000 P 9677e12125ca44d483fd9cab2182a2a0 [sys.catalog]: SysCatalogTable state changed. Reason: Started TabletReplica. Latest consensus state: current_term: 0 committed_config { opid_index: -1 OBSOLETE_local: false peers { permanent_uuid: "9677e12125ca44d483fd9cab2182a2a0" member_type: VOTER last_known_addr { host: "127.18.222.62" port: 34677 } } peers { permanent_uuid: "5149d1f41d644da7ad63a91236c71d5b" member_type: VOTER last_known_addr { host: "127.18.222.61" port: 33575 } } peers { permanent_uuid: "120945e9b78f41feaa64417f83cdee59" member_type: VOTER last_known_addr { host: "127.18.222.60" port: 32807 } } }
I0918 20:39:00.357625 23782 sys_catalog.cc:343] T 00000000000000000000000000000000 P 9677e12125ca44d483fd9cab2182a2a0 [sys.catalog]: This master's current role is: FOLLOWER
I0918 20:39:00.357695 23659 sys_catalog.cc:343] T 00000000000000000000000000000000 P 9677e12125ca44d483fd9cab2182a2a0 [sys.catalog]: This master's current role is: FOLLOWER
I0918 20:39:00.357384 23716 raft_consensus.cc:340] T 00000000000000000000000000000000 P 5149d1f41d644da7ad63a91236c71d5b [term 0 FOLLOWER]: Replica starting. Triggering 0 pending transactions. Active config: opid_index: -1 OBSOLETE_local: false peers { permanent_uuid: "9677e12125ca44d483fd9cab2182a2a0" member_type: VOTER last_known_addr { host: "127.18.222.62" port: 34677 } } peers { permanent_uuid: "5149d1f41d644da7ad63a91236c71d5b" member_type: VOTER last_known_addr { host: "127.18.222.61" port: 33575 } } peers { permanent_uuid: "120945e9b78f41feaa64417f83cdee59" member_type: VOTER last_known_addr { host: "127.18.222.60" port: 32807 } }
I0918 20:39:00.358144 23716 raft_consensus.cc:366] T 00000000000000000000000000000000 P 5149d1f41d644da7ad63a91236c71d5b [term 0 FOLLOWER]: Consensus starting up: Expiring failure detector timer to make a prompt election more likely
I0918 20:39:00.358413 23716 raft_consensus.cc:705] T 00000000000000000000000000000000 P 5149d1f41d644da7ad63a91236c71d5b [term 0 FOLLOWER]: Becoming Follower/Learner. State: Replica: 5149d1f41d644da7ad63a91236c71d5b, State: Initialized, Role: FOLLOWER
I0918 20:39:00.358970 23659 sys_catalog.cc:428] T 00000000000000000000000000000000 P 9677e12125ca44d483fd9cab2182a2a0 [sys.catalog]: configured and running, proceeding with master startup.
I0918 20:39:00.358996 23716 consensus_queue.cc:229] T 00000000000000000000000000000000 P 5149d1f41d644da7ad63a91236c71d5b [NON_LEADER]: Queue going to NON_LEADER mode. State: All replicated index: 0, Majority replicated index: 0, Committed index: 0, Last appended: 0.0, Last appended by leader: 0, Current term: 0, Majority size: -1, State: 0, Mode: NON_LEADER, active raft config: opid_index: -1 OBSOLETE_local: false peers { permanent_uuid: "9677e12125ca44d483fd9cab2182a2a0" member_type: VOTER last_known_addr { host: "127.18.222.62" port: 34677 } } peers { permanent_uuid: "5149d1f41d644da7ad63a91236c71d5b" member_type: VOTER last_known_addr { host: "127.18.222.61" port: 33575 } } peers { permanent_uuid: "120945e9b78f41feaa64417f83cdee59" member_type: VOTER last_known_addr { host: "127.18.222.60" port: 32807 } }
I0918 20:39:00.360342 19320 internal_mini_cluster.cc:166] Waiting to initialize catalog manager on master 1
W0918 20:39:00.362329 23783 catalog_manager.cc:1155] T 00000000000000000000000000000000 P 9677e12125ca44d483fd9cab2182a2a0: acquiring CA information for follower catalog manager: Not found: root CA entry not found
W0918 20:39:00.362573 23783 catalog_manager.cc:627] Not found: root CA entry not found: failed to prepare follower catalog manager, will retry
I0918 20:39:00.363158 23716 sys_catalog.cc:340] T 00000000000000000000000000000000 P 5149d1f41d644da7ad63a91236c71d5b [sys.catalog]: SysCatalogTable state changed. Reason: Started TabletReplica. Latest consensus state: current_term: 0 committed_config { opid_index: -1 OBSOLETE_local: false peers { permanent_uuid: "9677e12125ca44d483fd9cab2182a2a0" member_type: VOTER last_known_addr { host: "127.18.222.62" port: 34677 } } peers { permanent_uuid: "5149d1f41d644da7ad63a91236c71d5b" member_type: VOTER last_known_addr { host: "127.18.222.61" port: 33575 } } peers { permanent_uuid: "120945e9b78f41feaa64417f83cdee59" member_type: VOTER last_known_addr { host: "127.18.222.60" port: 32807 } } }
I0918 20:39:00.363301 23784 sys_catalog.cc:340] T 00000000000000000000000000000000 P 5149d1f41d644da7ad63a91236c71d5b [sys.catalog]: SysCatalogTable state changed. Reason: RaftConsensus started. Latest consensus state: current_term: 0 committed_config { opid_index: -1 OBSOLETE_local: false peers { permanent_uuid: "9677e12125ca44d483fd9cab2182a2a0" member_type: VOTER last_known_addr { host: "127.18.222.62" port: 34677 } } peers { permanent_uuid: "5149d1f41d644da7ad63a91236c71d5b" member_type: VOTER last_known_addr { host: "127.18.222.61" port: 33575 } } peers { permanent_uuid: "120945e9b78f41feaa64417f83cdee59" member_type: VOTER last_known_addr { host: "127.18.222.60" port: 32807 } } }
I0918 20:39:00.363734 23716 sys_catalog.cc:343] T 00000000000000000000000000000000 P 5149d1f41d644da7ad63a91236c71d5b [sys.catalog]: This master's current role is: FOLLOWER
I0918 20:39:00.363930 23784 sys_catalog.cc:343] T 00000000000000000000000000000000 P 5149d1f41d644da7ad63a91236c71d5b [sys.catalog]: This master's current role is: FOLLOWER
I0918 20:39:00.364694 23716 sys_catalog.cc:428] T 00000000000000000000000000000000 P 5149d1f41d644da7ad63a91236c71d5b [sys.catalog]: configured and running, proceeding with master startup.
I0918 20:39:00.365691 19320 internal_mini_cluster.cc:166] Waiting to initialize catalog manager on master 2
W0918 20:39:00.368336 23785 catalog_manager.cc:1155] T 00000000000000000000000000000000 P 5149d1f41d644da7ad63a91236c71d5b: acquiring CA information for follower catalog manager: Not found: root CA entry not found
W0918 20:39:00.368649 23785 catalog_manager.cc:627] Not found: root CA entry not found: failed to prepare follower catalog manager, will retry
I0918 20:39:00.381815 19320 system_ntp.cc:193] NTP initialized. Skew: 500ppm Current error: 147592us
I0918 20:39:00.382218 19320 fs_manager.cc:263] Metadata directory not provided
I0918 20:39:00.382380 19320 fs_manager.cc:269] Using write-ahead log directory (fs_wal_dir) as metadata directory
I0918 20:39:00.382598 19320 server_base.cc:452] Could not load existing FS layout: Not found: could not find a healthy instance file
I0918 20:39:00.382722 19320 server_base.cc:453] Attempting to create new FS layout instead
I0918 20:39:00.383805 19320 fs_manager.cc:602] Generated new instance metadata in path /tmp/dist-test-task6lCVqo/test-tmp/ksck_remote-test.0.RemoteKsckTest.TestChecksumSnapshotLastingLongerThanAHM.1568839089958813-19320/minicluster-data/ts-0-root/instance: uuid: "0b23c65819784c9d8689114664470d10" format_stamp: "Formatted at 2019-09-18 20:39:00 on dist-test-slave-dist-test-slave-85lk"
I0918 20:39:00.386528 23784 raft_consensus.cc:472] T 00000000000000000000000000000000 P 5149d1f41d644da7ad63a91236c71d5b [term 0 FOLLOWER]: Starting pre-election (no leader contacted us within the election timeout)
I0918 20:39:00.387042 23784 raft_consensus.cc:494] T 00000000000000000000000000000000 P 5149d1f41d644da7ad63a91236c71d5b [term 0 FOLLOWER]: Starting pre-election with config: opid_index: -1 OBSOLETE_local: false peers { permanent_uuid: "9677e12125ca44d483fd9cab2182a2a0" member_type: VOTER last_known_addr { host: "127.18.222.62" port: 34677 } } peers { permanent_uuid: "5149d1f41d644da7ad63a91236c71d5b" member_type: VOTER last_known_addr { host: "127.18.222.61" port: 33575 } } peers { permanent_uuid: "120945e9b78f41feaa64417f83cdee59" member_type: VOTER last_known_addr { host: "127.18.222.60" port: 32807 } }
I0918 20:39:00.388501 23784 leader_election.cc:296] T 00000000000000000000000000000000 P 5149d1f41d644da7ad63a91236c71d5b [CANDIDATE]: Term 1 pre-election: Requested pre-vote from peers 9677e12125ca44d483fd9cab2182a2a0 (127.18.222.62:34677), 120945e9b78f41feaa64417f83cdee59 (127.18.222.60:32807)
