I0918 20:38:33.486789 19320 fs_report.cc:352] FS layout report -------------------- wal directory: /tmp/dist-test-task6lCVqo/test-tmp/ksck_remote-test.0.RemoteKsckTest.TestChecksum.1568839089958813-19320/minicluster-data/master-1-root metadata directory: /tmp/dist-test-task6lCVqo/test-tmp/ksck_remote-test.0.RemoteKsckTest.TestChecksum.1568839089958813-19320/minicluster-data/master-1-root 1 data directories: /tmp/dist-test-task6lCVqo/test-tmp/ksck_remote-test.0.RemoteKsckTest.TestChecksum.1568839089958813-19320/minicluster-data/master-1-root/data Total live blocks: 0 Total live bytes: 0 Total live bytes (after alignment): 0 Total number of LBM containers: 0 (0 full) Did not check for missing blocks Did not check for orphaned blocks Total full LBM containers with extra space: 0 (0 repaired) Total full LBM container extra space in bytes: 0 (0 repaired) Total incomplete LBM containers: 0 (0 repaired) Total LBM partial records: 0 (0 repaired)
I0918 20:38:33.494365 21533 consensus_peers.cc:617] Retrying to get permanent uuid for remote peer: member_type: VOTER last_known_addr { host: "127.18.222.61" port: 34847 } attempt: 1
W0918 20:38:33.496163 21533 consensus_peers.cc:607] Error getting permanent uuid from config peer 127.18.222.61:34847: Network error: Client connection negotiation failed: client connection to 127.18.222.61:34847: connect: Connection refused (error 111)
I0918 20:38:33.534557 21533 consensus_peers.cc:617] Retrying to get permanent uuid for remote peer: member_type: VOTER last_known_addr { host: "127.18.222.61" port: 34847 } attempt: 2
W0918 20:38:33.536589 21533 consensus_peers.cc:607] Error getting permanent uuid from config peer 127.18.222.61:34847: Network error: Client connection negotiation failed: client connection to 127.18.222.61:34847: connect: Connection refused (error 111)
I0918 20:38:33.564491 19320 rpc_server.cc:205] RPC server started. Bound to: 127.18.222.61:34847
I0918 20:38:33.566550 19320 webserver.cc:374] Webserver started at http://127.18.222.61:33531/ using document root and password file
I0918 20:38:33.568958 21590 data_dirs.cc:939] Could only allocate 1 dirs of requested 3 for tablet 00000000000000000000000000000000. 1 dirs total, 0 dirs full, 0 dirs failed
I0918 20:38:33.576066 21590 sys_catalog.cc:307] member_type: VOTER last_known_addr { host: "127.18.222.62" port: 40939 } has no permanent_uuid. Determining permanent_uuid...
I0918 20:38:33.589545 19320 system_ntp.cc:193] NTP initialized. Skew: 500ppm Current error: 134092us
I0918 20:38:33.589777 21590 sys_catalog.cc:307] member_type: VOTER last_known_addr { host: "127.18.222.61" port: 34847 } has no permanent_uuid. Determining permanent_uuid...
I0918 20:38:33.589977 19320 fs_manager.cc:263] Metadata directory not provided
I0918 20:38:33.590268 19320 fs_manager.cc:269] Using write-ahead log directory (fs_wal_dir) as metadata directory
I0918 20:38:33.590498 19320 server_base.cc:452] Could not load existing FS layout: Not found: could not find a healthy instance file
I0918 20:38:33.590677 19320 server_base.cc:453] Attempting to create new FS layout instead
I0918 20:38:33.592247 19320 fs_manager.cc:602] Generated new instance metadata in path /tmp/dist-test-task6lCVqo/test-tmp/ksck_remote-test.0.RemoteKsckTest.TestChecksum.1568839089958813-19320/minicluster-data/master-2-root/instance: uuid: "23a446a27d414a34bbdab5f72442acfa" format_stamp: "Formatted at 2019-09-18 20:38:33 on dist-test-slave-dist-test-slave-85lk"
I0918 20:38:33.607957 21590 sys_catalog.cc:307] member_type: VOTER last_known_addr { host: "127.18.222.60" port: 39895 } has no permanent_uuid. Determining permanent_uuid...
I0918 20:38:33.608655 19320 fs_manager.cc:503] Time spent creating directory manager: real 0.016s user 0.013s sys 0.001s
W0918 20:38:33.609719 21590 consensus_peers.cc:607] Error getting permanent uuid from config peer 127.18.222.60:39895: Network error: Client connection negotiation failed: client connection to 127.18.222.60:39895: connect: Connection refused (error 111)
I0918 20:38:33.610232 19320 file_cache.cc:465] Constructed file cache lbm with capacity 419430
I0918 20:38:33.613039 21533 consensus_peers.cc:617] Retrying to get permanent uuid for remote peer: member_type: VOTER last_known_addr { host: "127.18.222.61" port: 34847 } attempt: 3
I0918 20:38:33.619748 19320 fs_manager.cc:419] Time spent opening block manager: real 0.002s user 0.001s sys 0.000s
I0918 20:38:33.620020 19320 fs_manager.cc:436] Opened local filesystem: /tmp/dist-test-task6lCVqo/test-tmp/ksck_remote-test.0.RemoteKsckTest.TestChecksum.1568839089958813-19320/minicluster-data/master-2-root uuid: "23a446a27d414a34bbdab5f72442acfa" format_stamp: "Formatted at 2019-09-18 20:38:33 on dist-test-slave-dist-test-slave-85lk"
I0918 20:38:33.620383 19320 fs_report.cc:352] FS layout report -------------------- wal directory: /tmp/dist-test-task6lCVqo/test-tmp/ksck_remote-test.0.RemoteKsckTest.TestChecksum.1568839089958813-19320/minicluster-data/master-2-root metadata directory: /tmp/dist-test-task6lCVqo/test-tmp/ksck_remote-test.0.RemoteKsckTest.TestChecksum.1568839089958813-19320/minicluster-data/master-2-root 1 data directories: /tmp/dist-test-task6lCVqo/test-tmp/ksck_remote-test.0.RemoteKsckTest.TestChecksum.1568839089958813-19320/minicluster-data/master-2-root/data Total live blocks: 0 Total live bytes: 0 Total live bytes (after alignment): 0 Total number of LBM containers: 0 (0 full) Did not check for missing blocks Did not check for orphaned blocks Total full LBM containers with extra space: 0 (0 repaired) Total full LBM container extra space in bytes: 0 (0 repaired) Total incomplete LBM containers: 0 (0 repaired) Total LBM partial records: 0 (0 repaired)
I0918 20:38:33.622853 21533 sys_catalog.cc:307] member_type: VOTER last_known_addr { host: "127.18.222.60" port: 39895 } has no permanent_uuid. Determining permanent_uuid...
W0918 20:38:33.624903 21533 consensus_peers.cc:607] Error getting permanent uuid from config peer 127.18.222.60:39895: Network error: Client connection negotiation failed: client connection to 127.18.222.60:39895: connect: Connection refused (error 111)
I0918 20:38:33.650496 21533 consensus_peers.cc:617] Retrying to get permanent uuid for remote peer: member_type: VOTER last_known_addr { host: "127.18.222.60" port: 39895 } attempt: 1
W0918 20:38:33.652575 21533 consensus_peers.cc:607] Error getting permanent uuid from config peer 127.18.222.60:39895: Network error: Client connection negotiation failed: client connection to 127.18.222.60:39895: connect: Connection refused (error 111)
I0918 20:38:33.675123 21590 consensus_peers.cc:617] Retrying to get permanent uuid for remote peer: member_type: VOTER last_known_addr { host: "127.18.222.60" port: 39895 } attempt: 1
W0918 20:38:33.677639 21590 consensus_peers.cc:607] Error getting permanent uuid from config peer 127.18.222.60:39895: Network error: Client connection negotiation failed: client connection to 127.18.222.60:39895: connect: Connection refused (error 111)
I0918 20:38:33.684677 19320 rpc_server.cc:205] RPC server started. Bound to: 127.18.222.60:39895
I0918 20:38:33.686492 19320 webserver.cc:374] Webserver started at http://127.18.222.60:35771/ using document root and password file
I0918 20:38:33.687583 19320 internal_mini_cluster.cc:166] Waiting to initialize catalog manager on master 0
I0918 20:38:33.688655 21647 data_dirs.cc:939] Could only allocate 1 dirs of requested 3 for tablet 00000000000000000000000000000000. 1 dirs total, 0 dirs full, 0 dirs failed
I0918 20:38:33.693253 21647 sys_catalog.cc:307] member_type: VOTER last_known_addr { host: "127.18.222.62" port: 40939 } has no permanent_uuid. Determining permanent_uuid...
I0918 20:38:33.703780 21647 sys_catalog.cc:307] member_type: VOTER last_known_addr { host: "127.18.222.61" port: 34847 } has no permanent_uuid. Determining permanent_uuid...
I0918 20:38:33.709039 21533 consensus_peers.cc:617] Retrying to get permanent uuid for remote peer: member_type: VOTER last_known_addr { host: "127.18.222.60" port: 39895 } attempt: 2
I0918 20:38:33.713519 21647 sys_catalog.cc:307] member_type: VOTER last_known_addr { host: "127.18.222.60" port: 39895 } has no permanent_uuid. Determining permanent_uuid...
I0918 20:38:33.727481 21533 tablet_bootstrap.cc:439] T 00000000000000000000000000000000 P 8eaf326bfbed476987e5379cbccca3c8: Bootstrap starting.
I0918 20:38:33.730020 21647 tablet_bootstrap.cc:439] T 00000000000000000000000000000000 P 23a446a27d414a34bbdab5f72442acfa: Bootstrap starting.
I0918 20:38:33.730492 21533 tablet_bootstrap.cc:590] T 00000000000000000000000000000000 P 8eaf326bfbed476987e5379cbccca3c8: No blocks or log segments found. Creating new log.
I0918 20:38:33.733187 21647 tablet_bootstrap.cc:590] T 00000000000000000000000000000000 P 23a446a27d414a34bbdab5f72442acfa: No blocks or log segments found. Creating new log.
I0918 20:38:33.733877 21533 tablet_bootstrap.cc:439] T 00000000000000000000000000000000 P 8eaf326bfbed476987e5379cbccca3c8: No bootstrap required, opened a new log
I0918 20:38:33.735105 21590 consensus_peers.cc:617] Retrying to get permanent uuid for remote peer: member_type: VOTER last_known_addr { host: "127.18.222.60" port: 39895 } attempt: 2
I0918 20:38:33.737365 21647 tablet_bootstrap.cc:439] T 00000000000000000000000000000000 P 23a446a27d414a34bbdab5f72442acfa: No bootstrap required, opened a new log
I0918 20:38:33.738698 21533 raft_consensus.cc:340] T 00000000000000000000000000000000 P 8eaf326bfbed476987e5379cbccca3c8 [term 0 FOLLOWER]: Replica starting. Triggering 0 pending transactions. Active config: opid_index: -1 OBSOLETE_local: false peers { permanent_uuid: "8eaf326bfbed476987e5379cbccca3c8" member_type: VOTER last_known_addr { host: "127.18.222.62" port: 40939 } } peers { permanent_uuid: "c5165bb9c7334058a7bb869966482ee5" member_type: VOTER last_known_addr { host: "127.18.222.61" port: 34847 } } peers { permanent_uuid: "23a446a27d414a34bbdab5f72442acfa" member_type: VOTER last_known_addr { host: "127.18.222.60" port: 39895 } }
I0918 20:38:33.739207 21533 raft_consensus.cc:366] T 00000000000000000000000000000000 P 8eaf326bfbed476987e5379cbccca3c8 [term 0 FOLLOWER]: Consensus starting up: Expiring failure detector timer to make a prompt election more likely
I0918 20:38:33.739419 21533 raft_consensus.cc:705] T 00000000000000000000000000000000 P 8eaf326bfbed476987e5379cbccca3c8 [term 0 FOLLOWER]: Becoming Follower/Learner. State: Replica: 8eaf326bfbed476987e5379cbccca3c8, State: Initialized, Role: FOLLOWER
I0918 20:38:33.740053 21533 consensus_queue.cc:229] T 00000000000000000000000000000000 P 8eaf326bfbed476987e5379cbccca3c8 [NON_LEADER]: Queue going to NON_LEADER mode. State: All replicated index: 0, Majority replicated index: 0, Committed index: 0, Last appended: 0.0, Last appended by leader: 0, Current term: 0, Majority size: -1, State: 0, Mode: NON_LEADER, active raft config: opid_index: -1 OBSOLETE_local: false peers { permanent_uuid: "8eaf326bfbed476987e5379cbccca3c8" member_type: VOTER last_known_addr { host: "127.18.222.62" port: 40939 } } peers { permanent_uuid: "c5165bb9c7334058a7bb869966482ee5" member_type: VOTER last_known_addr { host: "127.18.222.61" port: 34847 } } peers { permanent_uuid: "23a446a27d414a34bbdab5f72442acfa" member_type: VOTER last_known_addr { host: "127.18.222.60" port: 39895 } }
I0918 20:38:33.741649 21647 raft_consensus.cc:340] T 00000000000000000000000000000000 P 23a446a27d414a34bbdab5f72442acfa [term 0 FOLLOWER]: Replica starting. Triggering 0 pending transactions. Active config: opid_index: -1 OBSOLETE_local: false peers { permanent_uuid: "8eaf326bfbed476987e5379cbccca3c8" member_type: VOTER last_known_addr { host: "127.18.222.62" port: 40939 } } peers { permanent_uuid: "c5165bb9c7334058a7bb869966482ee5" member_type: VOTER last_known_addr { host: "127.18.222.61" port: 34847 } } peers { permanent_uuid: "23a446a27d414a34bbdab5f72442acfa" member_type: VOTER last_known_addr { host: "127.18.222.60" port: 39895 } }
I0918 20:38:33.742185 21647 raft_consensus.cc:366] T 00000000000000000000000000000000 P 23a446a27d414a34bbdab5f72442acfa [term 0 FOLLOWER]: Consensus starting up: Expiring failure detector timer to make a prompt election more likely
I0918 20:38:33.742360 21647 raft_consensus.cc:705] T 00000000000000000000000000000000 P 23a446a27d414a34bbdab5f72442acfa [term 0 FOLLOWER]: Becoming Follower/Learner. State: Replica: 23a446a27d414a34bbdab5f72442acfa, State: Initialized, Role: FOLLOWER
I0918 20:38:33.742815 21647 consensus_queue.cc:229] T 00000000000000000000000000000000 P 23a446a27d414a34bbdab5f72442acfa [NON_LEADER]: Queue going to NON_LEADER mode. State: All replicated index: 0, Majority replicated index: 0, Committed index: 0, Last appended: 0.0, Last appended by leader: 0, Current term: 0, Majority size: -1, State: 0, Mode: NON_LEADER, active raft config: opid_index: -1 OBSOLETE_local: false peers { permanent_uuid: "8eaf326bfbed476987e5379cbccca3c8" member_type: VOTER last_known_addr { host: "127.18.222.62" port: 40939 } } peers { permanent_uuid: "c5165bb9c7334058a7bb869966482ee5" member_type: VOTER last_known_addr { host: "127.18.222.61" port: 34847 } } peers { permanent_uuid: "23a446a27d414a34bbdab5f72442acfa" member_type: VOTER last_known_addr { host: "127.18.222.60" port: 39895 } }
I0918 20:38:33.743949 21533 sys_catalog.cc:340] T 00000000000000000000000000000000 P 8eaf326bfbed476987e5379cbccca3c8 [sys.catalog]: SysCatalogTable state changed. Reason: Started TabletReplica. Latest consensus state: current_term: 0 committed_config { opid_index: -1 OBSOLETE_local: false peers { permanent_uuid: "8eaf326bfbed476987e5379cbccca3c8" member_type: VOTER last_known_addr { host: "127.18.222.62" port: 40939 } } peers { permanent_uuid: "c5165bb9c7334058a7bb869966482ee5" member_type: VOTER last_known_addr { host: "127.18.222.61" port: 34847 } } peers { permanent_uuid: "23a446a27d414a34bbdab5f72442acfa" member_type: VOTER last_known_addr { host: "127.18.222.60" port: 39895 } } }
I0918 20:38:33.744820 21533 sys_catalog.cc:343] T 00000000000000000000000000000000 P 8eaf326bfbed476987e5379cbccca3c8 [sys.catalog]: This master's current role is: FOLLOWER
I0918 20:38:33.744359 21653 sys_catalog.cc:340] T 00000000000000000000000000000000 P 8eaf326bfbed476987e5379cbccca3c8 [sys.catalog]: SysCatalogTable state changed. Reason: RaftConsensus started. Latest consensus state: current_term: 0 committed_config { opid_index: -1 OBSOLETE_local: false peers { permanent_uuid: "8eaf326bfbed476987e5379cbccca3c8" member_type: VOTER last_known_addr { host: "127.18.222.62" port: 40939 } } peers { permanent_uuid: "c5165bb9c7334058a7bb869966482ee5" member_type: VOTER last_known_addr { host: "127.18.222.61" port: 34847 } } peers { permanent_uuid: "23a446a27d414a34bbdab5f72442acfa" member_type: VOTER last_known_addr { host: "127.18.222.60" port: 39895 } } }
I0918 20:38:33.745429 21653 sys_catalog.cc:343] T 00000000000000000000000000000000 P 8eaf326bfbed476987e5379cbccca3c8 [sys.catalog]: This master's current role is: FOLLOWER
I0918 20:38:33.745252 21647 sys_catalog.cc:340] T 00000000000000000000000000000000 P 23a446a27d414a34bbdab5f72442acfa [sys.catalog]: SysCatalogTable state changed. Reason: Started TabletReplica. Latest consensus state: current_term: 0 committed_config { opid_index: -1 OBSOLETE_local: false peers { permanent_uuid: "8eaf326bfbed476987e5379cbccca3c8" member_type: VOTER last_known_addr { host: "127.18.222.62" port: 40939 } } peers { permanent_uuid: "c5165bb9c7334058a7bb869966482ee5" member_type: VOTER last_known_addr { host: "127.18.222.61" port: 34847 } } peers { permanent_uuid: "23a446a27d414a34bbdab5f72442acfa" member_type: VOTER last_known_addr { host: "127.18.222.60" port: 39895 } } }
I0918 20:38:33.746047 21647 sys_catalog.cc:343] T 00000000000000000000000000000000 P 23a446a27d414a34bbdab5f72442acfa [sys.catalog]: This master's current role is: FOLLOWER
I0918 20:38:33.746248 21533 sys_catalog.cc:428] T 00000000000000000000000000000000 P 8eaf326bfbed476987e5379cbccca3c8 [sys.catalog]: configured and running, proceeding with master startup.
I0918 20:38:33.746764 21654 sys_catalog.cc:340] T 00000000000000000000000000000000 P 23a446a27d414a34bbdab5f72442acfa [sys.catalog]: SysCatalogTable state changed. Reason: RaftConsensus started. Latest consensus state: current_term: 0 committed_config { opid_index: -1 OBSOLETE_local: false peers { permanent_uuid: "8eaf326bfbed476987e5379cbccca3c8" member_type: VOTER last_known_addr { host: "127.18.222.62" port: 40939 } } peers { permanent_uuid: "c5165bb9c7334058a7bb869966482ee5" member_type: VOTER last_known_addr { host: "127.18.222.61" port: 34847 } } peers { permanent_uuid: "23a446a27d414a34bbdab5f72442acfa" member_type: VOTER last_known_addr { host: "127.18.222.60" port: 39895 } } }
I0918 20:38:33.747771 21654 sys_catalog.cc:343] T 00000000000000000000000000000000 P 23a446a27d414a34bbdab5f72442acfa [sys.catalog]: This master's current role is: FOLLOWER
I0918 20:38:33.747838 21647 sys_catalog.cc:428] T 00000000000000000000000000000000 P 23a446a27d414a34bbdab5f72442acfa [sys.catalog]: configured and running, proceeding with master startup.
I0918 20:38:33.748540 19320 internal_mini_cluster.cc:166] Waiting to initialize catalog manager on master 1
W0918 20:38:33.751750 21655 catalog_manager.cc:1155] T 00000000000000000000000000000000 P 8eaf326bfbed476987e5379cbccca3c8: acquiring CA information for follower catalog manager: Not found: root CA entry not found
W0918 20:38:33.752046 21655 catalog_manager.cc:627] Not found: root CA entry not found: failed to prepare follower catalog manager, will retry
I0918 20:38:33.753304 21590 tablet_bootstrap.cc:439] T 00000000000000000000000000000000 P c5165bb9c7334058a7bb869966482ee5: Bootstrap starting.
I0918 20:38:33.756106 21590 tablet_bootstrap.cc:590] T 00000000000000000000000000000000 P c5165bb9c7334058a7bb869966482ee5: No blocks or log segments found. Creating new log.
I0918 20:38:33.759492 21590 tablet_bootstrap.cc:439] T 00000000000000000000000000000000 P c5165bb9c7334058a7bb869966482ee5: No bootstrap required, opened a new log
W0918 20:38:33.761010 21656 catalog_manager.cc:1155] T 00000000000000000000000000000000 P 23a446a27d414a34bbdab5f72442acfa: acquiring CA information for follower catalog manager: Not found: root CA entry not found
W0918 20:38:33.761297 21656 catalog_manager.cc:627] Not found: root CA entry not found: failed to prepare follower catalog manager, will retry
I0918 20:38:33.761632 21590 raft_consensus.cc:340] T 00000000000000000000000000000000 P c5165bb9c7334058a7bb869966482ee5 [term 0 FOLLOWER]: Replica starting. Triggering 0 pending transactions. Active config: opid_index: -1 OBSOLETE_local: false peers { permanent_uuid: "8eaf326bfbed476987e5379cbccca3c8" member_type: VOTER last_known_addr { host: "127.18.222.62" port: 40939 } } peers { permanent_uuid: "c5165bb9c7334058a7bb869966482ee5" member_type: VOTER last_known_addr { host: "127.18.222.61" port: 34847 } } peers { permanent_uuid: "23a446a27d414a34bbdab5f72442acfa" member_type: VOTER last_known_addr { host: "127.18.222.60" port: 39895 } }
I0918 20:38:33.762118 21590 raft_consensus.cc:366] T 00000000000000000000000000000000 P c5165bb9c7334058a7bb869966482ee5 [term 0 FOLLOWER]: Consensus starting up: Expiring failure detector timer to make a prompt election more likely
I0918 20:38:33.762280 21590 raft_consensus.cc:705] T 00000000000000000000000000000000 P c5165bb9c7334058a7bb869966482ee5 [term 0 FOLLOWER]: Becoming Follower/Learner. State: Replica: c5165bb9c7334058a7bb869966482ee5, State: Initialized, Role: FOLLOWER
I0918 20:38:33.762713 21590 consensus_queue.cc:229] T 00000000000000000000000000000000 P c5165bb9c7334058a7bb869966482ee5 [NON_LEADER]: Queue going to NON_LEADER mode. State: All replicated index: 0, Majority replicated index: 0, Committed index: 0, Last appended: 0.0, Last appended by leader: 0, Current term: 0, Majority size: -1, State: 0, Mode: NON_LEADER, active raft config: opid_index: -1 OBSOLETE_local: false peers { permanent_uuid: "8eaf326bfbed476987e5379cbccca3c8" member_type: VOTER last_known_addr { host: "127.18.222.62" port: 40939 } } peers { permanent_uuid: "c5165bb9c7334058a7bb869966482ee5" member_type: VOTER last_known_addr { host: "127.18.222.61" port: 34847 } } peers { permanent_uuid: "23a446a27d414a34bbdab5f72442acfa" member_type: VOTER last_known_addr { host: "127.18.222.60" port: 39895 } }
I0918 20:38:33.764161 21590 sys_catalog.cc:340] T 00000000000000000000000000000000 P c5165bb9c7334058a7bb869966482ee5 [sys.catalog]: SysCatalogTable state changed. Reason: Started TabletReplica. Latest consensus state: current_term: 0 committed_config { opid_index: -1 OBSOLETE_local: false peers { permanent_uuid: "8eaf326bfbed476987e5379cbccca3c8" member_type: VOTER last_known_addr { host: "127.18.222.62" port: 40939 } } peers { permanent_uuid: "c5165bb9c7334058a7bb869966482ee5" member_type: VOTER last_known_addr { host: "127.18.222.61" port: 34847 } } peers { permanent_uuid: "23a446a27d414a34bbdab5f72442acfa" member_type: VOTER last_known_addr { host: "127.18.222.60" port: 39895 } } }
I0918 20:38:33.764654 21590 sys_catalog.cc:343] T 00000000000000000000000000000000 P c5165bb9c7334058a7bb869966482ee5 [sys.catalog]: This master's current role is: FOLLOWER
I0918 20:38:33.764380 21658 sys_catalog.cc:340] T 00000000000000000000000000000000 P c5165bb9c7334058a7bb869966482ee5 [sys.catalog]: SysCatalogTable state changed. Reason: RaftConsensus started. Latest consensus state: current_term: 0 committed_config { opid_index: -1 OBSOLETE_local: false peers { permanent_uuid: "8eaf326bfbed476987e5379cbccca3c8" member_type: VOTER last_known_addr { host: "127.18.222.62" port: 40939 } } peers { permanent_uuid: "c5165bb9c7334058a7bb869966482ee5" member_type: VOTER last_known_addr { host: "127.18.222.61" port: 34847 } } peers { permanent_uuid: "23a446a27d414a34bbdab5f72442acfa" member_type: VOTER last_known_addr { host: "127.18.222.60" port: 39895 } } }
I0918 20:38:33.765012 21658 sys_catalog.cc:343] T 00000000000000000000000000000000 P c5165bb9c7334058a7bb869966482ee5 [sys.catalog]: This master's current role is: FOLLOWER
I0918 20:38:33.765554 21590 sys_catalog.cc:428] T 00000000000000000000000000000000 P c5165bb9c7334058a7bb869966482ee5 [sys.catalog]: configured and running, proceeding with master startup.
I0918 20:38:33.766477 19320 internal_mini_cluster.cc:166] Waiting to initialize catalog manager on master 2
W0918 20:38:33.769287 21659 catalog_manager.cc:1155] T 00000000000000000000000000000000 P c5165bb9c7334058a7bb869966482ee5: acquiring CA information for follower catalog manager: Not found: root CA entry not found
W0918 20:38:33.769587 21659 catalog_manager.cc:627] Not found: root CA entry not found: failed to prepare follower catalog manager, will retry
I0918 20:38:33.783373 19320 system_ntp.cc:193] NTP initialized. Skew: 500ppm Current error: 134092us
I0918 20:38:33.783758 19320 fs_manager.cc:263] Metadata directory not provided
I0918 20:38:33.783905 19320 fs_manager.cc:269] Using write-ahead log directory (fs_wal_dir) as metadata directory
I0918 20:38:33.784097 19320 server_base.cc:452] Could not load existing FS layout: Not found: could not find a healthy instance file
I0918 20:38:33.784224 19320 server_base.cc:453] Attempting to create new FS layout instead
I0918 20:38:33.785212 19320 fs_manager.cc:602] Generated new instance metadata in path /tmp/dist-test-task6lCVqo/test-tmp/ksck_remote-test.0.RemoteKsckTest.TestChecksum.1568839089958813-19320/minicluster-data/ts-0-root/instance: uuid: "5a30c225d1e543d69c2601bde2c33afc" format_stamp: "Formatted at 2019-09-18 20:38:33 on dist-test-slave-dist-test-slave-85lk"
I0918 20:38:33.795517 19320 fs_manager.cc:503] Time spent creating directory manager: real 0.010s user 0.011s sys 0.000s
I0918 20:38:33.797176 19320 file_cache.cc:465] Constructed file cache lbm with capacity 419430
I0918 20:38:33.805402 19320 fs_manager.cc:419] Time spent opening block manager: real 0.002s user 0.001s sys 0.000s
I0918 20:38:33.805588 19320 fs_manager.cc:436] Opened local filesystem: /tmp/dist-test-task6lCVqo/test-tmp/ksck_remote-test.0.RemoteKsckTest.TestChecksum.1568839089958813-19320/minicluster-data/ts-0-root uuid: "5a30c225d1e543d69c2601bde2c33afc" format_stamp: "Formatted at 2019-09-18 20:38:33 on dist-test-slave-dist-test-slave-85lk"
I0918 20:38:33.805829 19320 fs_report.cc:352] FS layout report -------------------- wal directory: /tmp/dist-test-task6lCVqo/test-tmp/ksck_remote-test.0.RemoteKsckTest.TestChecksum.1568839089958813-19320/minicluster-data/ts-0-root metadata directory: /tmp/dist-test-task6lCVqo/test-tmp/ksck_remote-test.0.RemoteKsckTest.TestChecksum.1568839089958813-19320/minicluster-data/ts-0-root 1 data directories: /tmp/dist-test-task6lCVqo/test-tmp/ksck_remote-test.0.RemoteKsckTest.TestChecksum.1568839089958813-19320/minicluster-data/ts-0-root/data Total live blocks: 0 Total live bytes: 0 Total live bytes (after alignment): 0 Total number of LBM containers: 0 (0 full) Did not check for missing blocks Did not check for orphaned blocks Total full LBM containers with extra space: 0 (0 repaired) Total full LBM container extra space in bytes: 0 (0 repaired) Total incomplete LBM containers: 0 (0 repaired) Total LBM partial records: 0 (0 repaired)
I0918 20:38:33.843760 19320 ts_tablet_manager.cc:383] Loaded tablet metadata (0 total tablets, 0 live tablets)
I0918 20:38:33.843937 19320 ts_tablet_manager.cc:403] Registered 0 tablets
I0918 20:38:33.884526 19320 rpc_server.cc:205] RPC server started. Bound to: 127.18.222.1:39639
I0918 20:38:33.886369 19320 webserver.cc:374] Webserver started at http://127.18.222.1:41661/ using document root and password file
I0918 20:38:33.919402 21724 heartbeater.cc:322] Connected to a master server at 127.18.222.60:39895
I0918 20:38:33.919462 21726 heartbeater.cc:322] Connected to a master server at 127.18.222.62:40939
I0918 20:38:33.919651 21725 heartbeater.cc:322] Connected to a master server at 127.18.222.61:34847
I0918 20:38:33.919816 21724 heartbeater.cc:406] Registering TS with master...
I0918 20:38:33.920022 21726 heartbeater.cc:406] Registering TS with master...
I0918 20:38:33.920089 21725 heartbeater.cc:406] Registering TS with master...
I0918 20:38:33.920565 21724 heartbeater.cc:455] Master 127.18.222.60:39895 requested a full tablet report, sending...
I0918 20:38:33.920799 21726 heartbeater.cc:455] Master 127.18.222.62:40939 requested a full tablet report, sending...
I0918 20:38:33.920892 21725 heartbeater.cc:455] Master 127.18.222.61:34847 requested a full tablet report, sending...
I0918 20:38:33.923367 21500 ts_manager.cc:186] Registered new tserver with Master: 5a30c225d1e543d69c2601bde2c33afc (127.18.222.1:39639)
I0918 20:38:33.923964 21557 ts_manager.cc:186] Registered new tserver with Master: 5a30c225d1e543d69c2601bde2c33afc (127.18.222.1:39639)
I0918 20:38:33.923337 21614 ts_manager.cc:186] Registered new tserver with Master: 5a30c225d1e543d69c2601bde2c33afc (127.18.222.1:39639)
I0918 20:38:33.929330 19320 system_ntp.cc:193] NTP initialized. Skew: 500ppm Current error: 134092us
I0918 20:38:33.929683 19320 fs_manager.cc:263] Metadata directory not provided
I0918 20:38:33.929831 19320 fs_manager.cc:269] Using write-ahead log directory (fs_wal_dir) as metadata directory
I0918 20:38:33.930013 19320 server_base.cc:452] Could not load existing FS layout: Not found: could not find a healthy instance file
I0918 20:38:33.930127 19320 server_base.cc:453] Attempting to create new FS layout instead
I0918 20:38:33.931061 19320 fs_manager.cc:602] Generated new instance metadata in path /tmp/dist-test-task6lCVqo/test-tmp/ksck_remote-test.0.RemoteKsckTest.TestChecksum.1568839089958813-19320/minicluster-data/ts-1-root/instance: uuid: "a2535df90af94322a63997ab490e9f7b" format_stamp: "Formatted at 2019-09-18 20:38:33 on dist-test-slave-dist-test-slave-85lk"
I0918 20:38:33.943859 19320 fs_manager.cc:503] Time spent creating directory manager: real 0.012s user 0.013s sys 0.000s
I0918 20:38:33.945441 19320 file_cache.cc:465] Constructed file cache lbm with capacity 419430
I0918 20:38:33.956312 19320 fs_manager.cc:419] Time spent opening block manager: real 0.001s user 0.001s sys 0.000s
I0918 20:38:33.956523 19320 fs_manager.cc:436] Opened local filesystem: /tmp/dist-test-task6lCVqo/test-tmp/ksck_remote-test.0.RemoteKsckTest.TestChecksum.1568839089958813-19320/minicluster-data/ts-1-root uuid: "a2535df90af94322a63997ab490e9f7b" format_stamp: "Formatted at 2019-09-18 20:38:33 on dist-test-slave-dist-test-slave-85lk"
I0918 20:38:33.956748 19320 fs_report.cc:352] FS layout report -------------------- wal directory: /tmp/dist-test-task6lCVqo/test-tmp/ksck_remote-test.0.RemoteKsckTest.TestChecksum.1568839089958813-19320/minicluster-data/ts-1-root metadata directory: /tmp/dist-test-task6lCVqo/test-tmp/ksck_remote-test.0.RemoteKsckTest.TestChecksum.1568839089958813-19320/minicluster-data/ts-1-root 1 data directories: /tmp/dist-test-task6lCVqo/test-tmp/ksck_remote-test.0.RemoteKsckTest.TestChecksum.1568839089958813-19320/minicluster-data/ts-1-root/data Total live blocks: 0 Total live bytes: 0 Total live bytes (after alignment): 0 Total number of LBM containers: 0 (0 full) Did not check for missing blocks Did not check for orphaned blocks Total full LBM containers with extra space: 0 (0 repaired) Total full LBM container extra space in bytes: 0 (0 repaired) Total incomplete LBM containers: 0 (0 repaired) Total LBM partial records: 0 (0 repaired)
I0918 20:38:33.984426 19320 ts_tablet_manager.cc:383] Loaded tablet metadata (0 total tablets, 0 live tablets)
I0918 20:38:33.984622 19320 ts_tablet_manager.cc:403] Registered 0 tablets
I0918 20:38:34.046329 19320 rpc_server.cc:205] RPC server started. Bound to: 127.18.222.2:43981
I0918 20:38:34.048375 19320 webserver.cc:374] Webserver started at http://127.18.222.2:34287/ using document root and password file
I0918 20:38:34.092869 21795 heartbeater.cc:322] Connected to a master server at 127.18.222.60:39895
I0918 20:38:34.093252 21795 heartbeater.cc:406] Registering TS with master...
I0918 20:38:34.093861 21795 heartbeater.cc:455] Master 127.18.222.60:39895 requested a full tablet report, sending...
I0918 20:38:34.095893 21796 heartbeater.cc:322] Connected to a master server at 127.18.222.61:34847
I0918 20:38:34.096199 21796 heartbeater.cc:406] Registering TS with master...
I0918 20:38:34.096582 21614 ts_manager.cc:186] Registered new tserver with Master: a2535df90af94322a63997ab490e9f7b (127.18.222.2:43981)
I0918 20:38:34.096817 21796 heartbeater.cc:455] Master 127.18.222.61:34847 requested a full tablet report, sending...
I0918 20:38:34.098997 21557 ts_manager.cc:186] Registered new tserver with Master: a2535df90af94322a63997ab490e9f7b (127.18.222.2:43981)
I0918 20:38:34.104035 21653 raft_consensus.cc:472] T 00000000000000000000000000000000 P 8eaf326bfbed476987e5379cbccca3c8 [term 0 FOLLOWER]: Starting pre-election (no leader contacted us within the election timeout)
I0918 20:38:34.104408 21797 heartbeater.cc:322] Connected to a master server at 127.18.222.62:40939
I0918 20:38:34.104836 21797 heartbeater.cc:406] Registering TS with master...
I0918 20:38:34.104502 21653 raft_consensus.cc:494] T 00000000000000000000000000000000 P 8eaf326bfbed476987e5379cbccca3c8 [term 0 FOLLOWER]: Starting pre-election with config: opid_index: -1 OBSOLETE_local: false peers { permanent_uuid: "8eaf326bfbed476987e5379cbccca3c8" member_type: VOTER last_known_addr { host: "127.18.222.62" port: 40939 } } peers { permanent_uuid: "c5165bb9c7334058a7bb869966482ee5" member_type: VOTER last_known_addr { host: "127.18.222.61" port: 34847 } } peers { permanent_uuid: "23a446a27d414a34bbdab5f72442acfa" member_type: VOTER last_known_addr { host: "127.18.222.60" port: 39895 } }
I0918 20:38:34.105373 21797 heartbeater.cc:455] Master 127.18.222.62:40939 requested a full tablet report, sending...
I0918 20:38:34.106132 21653 leader_election.cc:296] T 00000000000000000000000000000000 P 8eaf326bfbed476987e5379cbccca3c8 [CANDIDATE]: Term 1 pre-election: Requested pre-vote from peers c5165bb9c7334058a7bb869966482ee5 (127.18.222.61:34847), 23a446a27d414a34bbdab5f72442acfa (127.18.222.60:39895)
I0918 20:38:34.107086 21567 tablet_service.cc:1295] Received RequestConsensusVote() RPC: tablet_id: "00000000000000000000000000000000" candidate_uuid: "8eaf326bfbed476987e5379cbccca3c8" candidate_term: 1 candidate_status { last_received { term: 0 index: 0 } } ignore_live_leader: false dest_uuid: "c5165bb9c7334058a7bb869966482ee5" is_pre_election: true
I0918 20:38:34.107762 21500 ts_manager.cc:186] Registered new tserver with Master: a2535df90af94322a63997ab490e9f7b (127.18.222.2:43981)
I0918 20:38:34.107782 21624 tablet_service.cc:1295] Received RequestConsensusVote() RPC: tablet_id: "00000000000000000000000000000000" candidate_uuid: "8eaf326bfbed476987e5379cbccca3c8" candidate_term: 1 candidate_status { last_received { term: 0 index: 0 } } ignore_live_leader: false dest_uuid: "23a446a27d414a34bbdab5f72442acfa" is_pre_election: true
I0918 20:38:34.108260 21567 raft_consensus.cc:2350] T 00000000000000000000000000000000 P c5165bb9c7334058a7bb869966482ee5 [term 0 FOLLOWER]: Leader pre-election vote request: Granting yes vote for candidate 8eaf326bfbed476987e5379cbccca3c8 in term 0.
I0918 20:38:34.108642 21624 raft_consensus.cc:2350] T 00000000000000000000000000000000 P 23a446a27d414a34bbdab5f72442acfa [term 0 FOLLOWER]: Leader pre-election vote request: Granting yes vote for candidate 8eaf326bfbed476987e5379cbccca3c8 in term 0.
I0918 20:38:34.109623 21484 leader_election.cc:310] T 00000000000000000000000000000000 P 8eaf326bfbed476987e5379cbccca3c8 [CANDIDATE]: Term 1 pre-election: Election decided. Result: candidate won. Election summary: received 2 responses out of 3 voters: 2 yes votes; 0 no votes. yes voters: 8eaf326bfbed476987e5379cbccca3c8, c5165bb9c7334058a7bb869966482ee5; no voters:
I0918 20:38:34.110460 21653 raft_consensus.cc:2644] T 00000000000000000000000000000000 P 8eaf326bfbed476987e5379cbccca3c8 [term 0 FOLLOWER]: Leader pre-election won for term 1
I0918 20:38:34.110745 21653 raft_consensus.cc:472] T 00000000000000000000000000000000 P 8eaf326bfbed476987e5379cbccca3c8 [term 0 FOLLOWER]: Starting leader election (no leader contacted us within the election timeout)
I0918 20:38:34.111017 21653 raft_consensus.cc:2890] T 00000000000000000000000000000000 P 8eaf326bfbed476987e5379cbccca3c8 [term 0 FOLLOWER]: Advancing to term 1
I0918 20:38:34.113826 19320 system_ntp.cc:193] NTP initialized. Skew: 500ppm Current error: 134592us
I0918 20:38:34.114305 19320 fs_manager.cc:263] Metadata directory not provided
I0918 20:38:34.114521 19320 fs_manager.cc:269] Using write-ahead log directory (fs_wal_dir) as metadata directory
I0918 20:38:34.114807 19320 server_base.cc:452] Could not load existing FS layout: Not found: could not find a healthy instance file
I0918 20:38:34.114996 19320 server_base.cc:453] Attempting to create new FS layout instead
I0918 20:38:34.116300 19320 fs_manager.cc:602] Generated new instance metadata in path /tmp/dist-test-task6lCVqo/test-tmp/ksck_remote-test.0.RemoteKsckTest.TestChecksum.1568839089958813-19320/minicluster-data/ts-2-root/instance: uuid: "772cb6045c9d4a7785077cdfe1b5312a" format_stamp: "Formatted at 2019-09-18 20:38:34 on dist-test-slave-dist-test-slave-85lk"
I0918 20:38:34.117653 21653 raft_consensus.cc:494] T 00000000000000000000000000000000 P 8eaf326bfbed476987e5379cbccca3c8 [term 1 FOLLOWER]: Starting leader election with config: opid_index: -1 OBSOLETE_local: false peers { permanent_uuid: "8eaf326bfbed476987e5379cbccca3c8" member_type: VOTER last_known_addr { host: "127.18.222.62" port: 40939 } } peers { permanent_uuid: "c5165bb9c7334058a7bb869966482ee5" member_type: VOTER last_known_addr { host: "127.18.222.61" port: 34847 } } peers { permanent_uuid: "23a446a27d414a34bbdab5f72442acfa" member_type: VOTER last_known_addr { host: "127.18.222.60" port: 39895 } }
I0918 20:38:34.119848 21567 tablet_service.cc:1295] Received RequestConsensusVote() RPC: tablet_id: "00000000000000000000000000000000" candidate_uuid: "8eaf326bfbed476987e5379cbccca3c8" candidate_term: 1 candidate_status { last_received { term: 0 index: 0 } } ignore_live_leader: false dest_uuid: "c5165bb9c7334058a7bb869966482ee5"
I0918 20:38:34.120796 21567 raft_consensus.cc:2890] T 00000000000000000000000000000000 P c5165bb9c7334058a7bb869966482ee5 [term 0 FOLLOWER]: Advancing to term 1
I0918 20:38:34.121385 21624 tablet_service.cc:1295] Received RequestConsensusVote() RPC: tablet_id: "00000000000000000000000000000000" candidate_uuid: "8eaf326bfbed476987e5379cbccca3c8" candidate_term: 1 candidate_status { last_received { term: 0 index: 0 } } ignore_live_leader: false dest_uuid: "23a446a27d414a34bbdab5f72442acfa"
I0918 20:38:34.121798 21624 raft_consensus.cc:2890] T 00000000000000000000000000000000 P 23a446a27d414a34bbdab5f72442acfa [term 0 FOLLOWER]: Advancing to term 1
I0918 20:38:34.126977 21624 raft_consensus.cc:2350] T 00000000000000000000000000000000 P 23a446a27d414a34bbdab5f72442acfa [term 1 FOLLOWER]: Leader election vote request: Granting yes vote for candidate 8eaf326bfbed476987e5379cbccca3c8 in term 1.
I0918 20:38:34.128130 21481 leader_election.cc:310] T 00000000000000000000000000000000 P 8eaf326bfbed476987e5379cbccca3c8 [CANDIDATE]: Term 1 election: Election decided. Result: candidate won. Election summary: received 2 responses out of 3 voters: 2 yes votes; 0 no votes. yes voters: 23a446a27d414a34bbdab5f72442acfa, 8eaf326bfbed476987e5379cbccca3c8; no voters:
I0918 20:38:34.130282 21567 raft_consensus.cc:2350] T 00000000000000000000000000000000 P c5165bb9c7334058a7bb869966482ee5 [term 1 FOLLOWER]: Leader election vote request: Granting yes vote for candidate 8eaf326bfbed476987e5379cbccca3c8 in term 1.
I0918 20:38:34.131031 21653 leader_election.cc:296] T 00000000000000000000000000000000 P 8eaf326bfbed476987e5379cbccca3c8 [CANDIDATE]: Term 1 election: Requested vote from peers c5165bb9c7334058a7bb869966482ee5 (127.18.222.61:34847), 23a446a27d414a34bbdab5f72442acfa (127.18.222.60:39895)
I0918 20:38:34.131522 21653 raft_consensus.cc:2644] T 00000000000000000000000000000000 P 8eaf326bfbed476987e5379cbccca3c8 [term 1 FOLLOWER]: Leader election won for term 1
I0918 20:38:34.131916 21653 raft_consensus.cc:667] T 00000000000000000000000000000000 P 8eaf326bfbed476987e5379cbccca3c8 [term 1 LEADER]: Becoming Leader. State: Replica: 8eaf326bfbed476987e5379cbccca3c8, State: Running, Role: LEADER
I0918 20:38:34.132510 21653 consensus_queue.cc:206] T 00000000000000000000000000000000 P 8eaf326bfbed476987e5379cbccca3c8 [LEADER]: Queue going to LEADER mode. State: All replicated index: 0, Majority replicated index: 0, Committed index: 0, Last appended: 0.0, Last appended by leader: 0, Current term: 1, Majority size: 2, State: 0, Mode: LEADER, active raft config: opid_index: -1 OBSOLETE_local: false peers { permanent_uuid: "8eaf326bfbed476987e5379cbccca3c8" member_type: VOTER last_known_addr { host: "127.18.222.62" port: 40939 } } peers { permanent_uuid: "c5165bb9c7334058a7bb869966482ee5" member_type: VOTER last_known_addr { host: "127.18.222.61" port: 34847 } } peers { permanent_uuid: "23a446a27d414a34bbdab5f72442acfa" member_type: VOTER last_known_addr { host: "127.18.222.60" port: 39895 } }
I0918 20:38:34.136425 19320 fs_manager.cc:503] Time spent creating directory manager: real 0.020s user 0.010s sys 0.005s
I0918 20:38:34.137578 21802 sys_catalog.cc:340] T 00000000000000000000000000000000 P 8eaf326bfbed476987e5379cbccca3c8 [sys.catalog]: SysCatalogTable state changed. Reason: New leader 8eaf326bfbed476987e5379cbccca3c8. Latest consensus state: current_term: 1 leader_uuid: "8eaf326bfbed476987e5379cbccca3c8" committed_config { opid_index: -1 OBSOLETE_local: false peers { permanent_uuid: "8eaf326bfbed476987e5379cbccca3c8" member_type: VOTER last_known_addr { host: "127.18.222.62" port: 40939 } } peers { permanent_uuid: "c5165bb9c7334058a7bb869966482ee5" member_type: VOTER last_known_addr { host: "127.18.222.61" port: 34847 } } peers { permanent_uuid: "23a446a27d414a34bbdab5f72442acfa" member_type: VOTER last_known_addr { host: "127.18.222.60" port: 39895 } } }
I0918 20:38:34.138222 21802 sys_catalog.cc:343] T 00000000000000000000000000000000 P 8eaf326bfbed476987e5379cbccca3c8 [sys.catalog]: This master's current role is: LEADER
I0918 20:38:34.138783 19320 file_cache.cc:465] Constructed file cache lbm with capacity 419430
I0918 20:38:34.139915 21805 catalog_manager.cc:1086] Loading table and tablet metadata into memory...
I0918 20:38:34.143529 21805 catalog_manager.cc:1097] Initializing Kudu internal certificate authority...
I0918 20:38:34.153156 19320 fs_manager.cc:419] Time spent opening block manager: real 0.002s user 0.000s sys 0.002s
I0918 20:38:34.153487 19320 fs_manager.cc:436] Opened local filesystem: /tmp/dist-test-task6lCVqo/test-tmp/ksck_remote-test.0.RemoteKsckTest.TestChecksum.1568839089958813-19320/minicluster-data/ts-2-root uuid: "772cb6045c9d4a7785077cdfe1b5312a" format_stamp: "Formatted at 2019-09-18 20:38:34 on dist-test-slave-dist-test-slave-85lk"
I0918 20:38:34.153811 19320 fs_report.cc:352] FS layout report -------------------- wal directory: /tmp/dist-test-task6lCVqo/test-tmp/ksck_remote-test.0.RemoteKsckTest.TestChecksum.1568839089958813-19320/minicluster-data/ts-2-root metadata directory: /tmp/dist-test-task6lCVqo/test-tmp/ksck_remote-test.0.RemoteKsckTest.TestChecksum.1568839089958813-19320/minicluster-data/ts-2-root 1 data directories: /tmp/dist-test-task6lCVqo/test-tmp/ksck_remote-test.0.RemoteKsckTest.TestChecksum.1568839089958813-19320/minicluster-data/ts-2-root/data Total live blocks: 0 Total live bytes: 0 Total live bytes (after alignment): 0 Total number of LBM containers: 0 (0 full) Did not check for missing blocks Did not check for orphaned blocks Total full LBM containers with extra space: 0 (0 repaired) Total full LBM container extra space in bytes: 0 (0 repaired) Total incomplete LBM containers: 0 (0 repaired) Total LBM partial records: 0 (0 repaired)
I0918 20:38:34.204696 21624 raft_consensus.cc:1184] T 00000000000000000000000000000000 P 23a446a27d414a34bbdab5f72442acfa [term 1 FOLLOWER]: Refusing update from remote peer 8eaf326bfbed476987e5379cbccca3c8: Log matching property violated. Preceding OpId in replica: term: 0 index: 0. Preceding OpId from leader: term: 1 index: 2. (index mismatch)
I0918 20:38:34.206287 21802 consensus_queue.cc:984] T 00000000000000000000000000000000 P 8eaf326bfbed476987e5379cbccca3c8 [LEADER]: Connected to new peer: Peer: permanent_uuid: "23a446a27d414a34bbdab5f72442acfa" member_type: VOTER last_known_addr { host: "127.18.222.60" port: 39895 }, Status: LMP_MISMATCH, Last received: 0.0, Next index: 1, Last known committed idx: 0, Time since last communication: 0.000s
I0918 20:38:34.209375 21567 raft_consensus.cc:1184] T 00000000000000000000000000000000 P c5165bb9c7334058a7bb869966482ee5 [term 1 FOLLOWER]: Refusing update from remote peer 8eaf326bfbed476987e5379cbccca3c8: Log matching property violated. Preceding OpId in replica: term: 0 index: 0. Preceding OpId from leader: term: 1 index: 2. (index mismatch)
I0918 20:38:34.210741 21802 consensus_queue.cc:984] T 00000000000000000000000000000000 P 8eaf326bfbed476987e5379cbccca3c8 [LEADER]: Connected to new peer: Peer: permanent_uuid: "c5165bb9c7334058a7bb869966482ee5" member_type: VOTER last_known_addr { host: "127.18.222.61" port: 34847 }, Status: LMP_MISMATCH, Last received: 0.0, Next index: 1, Last known committed idx: 0, Time since last communication: 0.000s
I0918 20:38:34.228128 21654 sys_catalog.cc:340] T 00000000000000000000000000000000 P 23a446a27d414a34bbdab5f72442acfa [sys.catalog]: SysCatalogTable state changed. Reason: New leader 8eaf326bfbed476987e5379cbccca3c8. Latest consensus state: current_term: 1 leader_uuid: "8eaf326bfbed476987e5379cbccca3c8" committed_config { opid_index: -1 OBSOLETE_local: false peers { permanent_uuid: "8eaf326bfbed476987e5379cbccca3c8" member_type: VOTER last_known_addr { host: "127.18.222.62" port: 40939 } } peers { permanent_uuid: "c5165bb9c7334058a7bb869966482ee5" member_type: VOTER last_known_addr { host: "127.18.222.61" port: 34847 } } peers { permanent_uuid: "23a446a27d414a34bbdab5f72442acfa" member_type: VOTER last_known_addr { host: "127.18.222.60" port: 39895 } } }
I0918 20:38:34.229005 21654 sys_catalog.cc:343] T 00000000000000000000000000000000 P 23a446a27d414a34bbdab5f72442acfa [sys.catalog]: This master's current role is: FOLLOWER
I0918 20:38:34.232465 21658 sys_catalog.cc:340] T 00000000000000000000000000000000 P c5165bb9c7334058a7bb869966482ee5 [sys.catalog]: SysCatalogTable state changed. Reason: New leader 8eaf326bfbed476987e5379cbccca3c8. Latest consensus state: current_term: 1 leader_uuid: "8eaf326bfbed476987e5379cbccca3c8" committed_config { opid_index: -1 OBSOLETE_local: false peers { permanent_uuid: "8eaf326bfbed476987e5379cbccca3c8" member_type: VOTER last_known_addr { host: "127.18.222.62" port: 40939 } } peers { permanent_uuid: "c5165bb9c7334058a7bb869966482ee5" member_type: VOTER last_known_addr { host: "127.18.222.61" port: 34847 } } peers { permanent_uuid: "23a446a27d414a34bbdab5f72442acfa" member_type: VOTER last_known_addr { host: "127.18.222.60" port: 39895 } } }
I0918 20:38:34.233618 21658 sys_catalog.cc:343] T 00000000000000000000000000000000 P c5165bb9c7334058a7bb869966482ee5 [sys.catalog]: This master's current role is: FOLLOWER
I0918 20:38:34.246744 21802 sys_catalog.cc:340] T 00000000000000000000000000000000 P 8eaf326bfbed476987e5379cbccca3c8 [sys.catalog]: SysCatalogTable state changed. Reason: Peer health change. Latest consensus state: current_term: 1 leader_uuid: "8eaf326bfbed476987e5379cbccca3c8" committed_config { opid_index: -1 OBSOLETE_local: false peers { permanent_uuid: "8eaf326bfbed476987e5379cbccca3c8" member_type: VOTER last_known_addr { host: "127.18.222.62" port: 40939 } } peers { permanent_uuid: "c5165bb9c7334058a7bb869966482ee5" member_type: VOTER last_known_addr { host: "127.18.222.61" port: 34847 } } peers { permanent_uuid: "23a446a27d414a34bbdab5f72442acfa" member_type: VOTER last_known_addr { host: "127.18.222.60" port: 39895 } } }
I0918 20:38:34.249912 21802 sys_catalog.cc:343] T 00000000000000000000000000000000 P 8eaf326bfbed476987e5379cbccca3c8 [sys.catalog]: This master's current role is: LEADER
I0918 20:38:34.258038 21802 sys_catalog.cc:340] T 00000000000000000000000000000000 P 8eaf326bfbed476987e5379cbccca3c8 [sys.catalog]: SysCatalogTable state changed. Reason: Peer health change. Latest consensus state: current_term: 1 leader_uuid: "8eaf326bfbed476987e5379cbccca3c8" committed_config { opid_index: -1 OBSOLETE_local: false peers { permanent_uuid: "8eaf326bfbed476987e5379cbccca3c8" member_type: VOTER last_known_addr { host: "127.18.222.62" port: 40939 } } peers { permanent_uuid: "c5165bb9c7334058a7bb869966482ee5" member_type: VOTER last_known_addr { host: "127.18.222.61" port: 34847 } } peers { permanent_uuid: "23a446a27d414a34bbdab5f72442acfa" member_type: VOTER last_known_addr { host: "127.18.222.60" port: 39895 } } }
I0918 20:38:34.261871 21802 sys_catalog.cc:343] T 00000000000000000000000000000000 P 8eaf326bfbed476987e5379cbccca3c8 [sys.catalog]: This master's current role is: LEADER
I0918 20:38:34.268657 21654 sys_catalog.cc:340] T 00000000000000000000000000000000 P 23a446a27d414a34bbdab5f72442acfa [sys.catalog]: SysCatalogTable state changed. Reason: Replicated consensus-only round. Latest consensus state: current_term: 1 leader_uuid: "8eaf326bfbed476987e5379cbccca3c8" committed_config { opid_index: -1 OBSOLETE_local: false peers { permanent_uuid: "8eaf326bfbed476987e5379cbccca3c8" member_type: VOTER last_known_addr { host: "127.18.222.62" port: 40939 } } peers { permanent_uuid: "c5165bb9c7334058a7bb869966482ee5" member_type: VOTER last_known_addr { host: "127.18.222.61" port: 34847 } } peers { permanent_uuid: "23a446a27d414a34bbdab5f72442acfa" member_type: VOTER last_known_addr { host: "127.18.222.60" port: 39895 } } }
I0918 20:38:34.269659 21654 sys_catalog.cc:343] T 00000000000000000000000000000000 P 23a446a27d414a34bbdab5f72442acfa [sys.catalog]: This master's current role is: FOLLOWER
I0918 20:38:34.282793 21658 sys_catalog.cc:340] T 00000000000000000000000000000000 P c5165bb9c7334058a7bb869966482ee5 [sys.catalog]: SysCatalogTable state changed. Reason: Replicated consensus-only round. Latest consensus state: current_term: 1 leader_uuid: "8eaf326bfbed476987e5379cbccca3c8" committed_config { opid_index: -1 OBSOLETE_local: false peers { permanent_uuid: "8eaf326bfbed476987e5379cbccca3c8" member_type: VOTER last_known_addr { host: "127.18.222.62" port: 40939 } } peers { permanent_uuid: "c5165bb9c7334058a7bb869966482ee5" member_type: VOTER last_known_addr { host: "127.18.222.61" port: 34847 } } peers { permanent_uuid: "23a446a27d414a34bbdab5f72442acfa" member_type: VOTER last_known_addr { host: "127.18.222.60" port: 39895 } } }
I0918 20:38:34.283385 21658 sys_catalog.cc:343] T 00000000000000000000000000000000 P c5165bb9c7334058a7bb869966482ee5 [sys.catalog]: This master's current role is: FOLLOWER
I0918 20:38:34.284853 21805 catalog_manager.cc:981] Generated new certificate authority record
I0918 20:38:34.285627 19320 ts_tablet_manager.cc:383] Loaded tablet metadata (0 total tablets, 0 live tablets)
I0918 20:38:34.285934 19320 ts_tablet_manager.cc:403] Registered 0 tablets
I0918 20:38:34.287043 21805 catalog_manager.cc:1106] Loading token signing keys...
I0918 20:38:34.326452 21805 catalog_manager.cc:4446] T 00000000000000000000000000000000 P 8eaf326bfbed476987e5379cbccca3c8: Generated new TSK 0
I0918 20:38:34.328291 21805 catalog_manager.cc:1116] Initializing in-progress tserver states...
I0918 20:38:34.342406 21500 master_service.cc:276] Signed X509 certificate for tserver {username='slave'} at 127.0.0.1:50968
I0918 20:38:34.345592 21499 master_service.cc:276] Signed X509 certificate for tserver {username='slave'} at 127.0.0.1:50962
