I0918 20:38:22.288832 20179 tablet_service.cc:1295] Received RequestConsensusVote() RPC: tablet_id: "319bc51fcd494e1b92a4837dcd658383" candidate_uuid: "60645d4f7df445de88c17b9c461ebcc4" candidate_term: 1 candidate_status { last_received { term: 0 index: 0 } } ignore_live_leader: false dest_uuid: "252cea633d73492e8b9fb46364ebe78f"
I0918 20:38:22.292178 20179 raft_consensus.cc:2890] T 319bc51fcd494e1b92a4837dcd658383 P 252cea633d73492e8b9fb46364ebe78f [term 0 FOLLOWER]: Advancing to term 1
I0918 20:38:22.293582 20108 tablet_service.cc:1295] Received RequestConsensusVote() RPC: tablet_id: "052ace92eef0481cae05a81aec482e05" candidate_uuid: "60645d4f7df445de88c17b9c461ebcc4" candidate_term: 1 candidate_status { last_received { term: 0 index: 0 } } ignore_live_leader: false dest_uuid: "3810d972c23b409788635c10f7594962"
I0918 20:38:22.294198 20108 raft_consensus.cc:2890] T 052ace92eef0481cae05a81aec482e05 P 3810d972c23b409788635c10f7594962 [term 0 FOLLOWER]: Advancing to term 1
I0918 20:38:22.294050 20178 tablet_service.cc:1295] Received RequestConsensusVote() RPC: tablet_id: "052ace92eef0481cae05a81aec482e05" candidate_uuid: "60645d4f7df445de88c17b9c461ebcc4" candidate_term: 1 candidate_status { last_received { term: 0 index: 0 } } ignore_live_leader: false dest_uuid: "252cea633d73492e8b9fb46364ebe78f"
I0918 20:38:22.294704 20178 raft_consensus.cc:2890] T 052ace92eef0481cae05a81aec482e05 P 252cea633d73492e8b9fb46364ebe78f [term 0 FOLLOWER]: Advancing to term 1
I0918 20:38:22.299221 20179 raft_consensus.cc:2350] T 319bc51fcd494e1b92a4837dcd658383 P 252cea633d73492e8b9fb46364ebe78f [term 1 FOLLOWER]: Leader election vote request: Granting yes vote for candidate 60645d4f7df445de88c17b9c461ebcc4 in term 1.
I0918 20:38:22.301641 20178 raft_consensus.cc:2350] T 052ace92eef0481cae05a81aec482e05 P 252cea633d73492e8b9fb46364ebe78f [term 1 FOLLOWER]: Leader election vote request: Granting yes vote for candidate 60645d4f7df445de88c17b9c461ebcc4 in term 1.
I0918 20:38:22.290335 20107 raft_consensus.cc:2350] T 319bc51fcd494e1b92a4837dcd658383 P 3810d972c23b409788635c10f7594962 [term 1 FOLLOWER]: Leader election vote request: Granting yes vote for candidate 60645d4f7df445de88c17b9c461ebcc4 in term 1.
I0918 20:38:22.303638 20108 raft_consensus.cc:2350] T 052ace92eef0481cae05a81aec482e05 P 3810d972c23b409788635c10f7594962 [term 1 FOLLOWER]: Leader election vote request: Granting yes vote for candidate 60645d4f7df445de88c17b9c461ebcc4 in term 1.
I0918 20:38:22.304877 20216 leader_election.cc:310] T 319bc51fcd494e1b92a4837dcd658383 P 60645d4f7df445de88c17b9c461ebcc4 [CANDIDATE]: Term 1 election: Election decided. Result: candidate won. Election summary: received 2 responses out of 3 voters: 2 yes votes; 0 no votes. yes voters: 252cea633d73492e8b9fb46364ebe78f, 60645d4f7df445de88c17b9c461ebcc4; no voters:
I0918 20:38:22.306381 20216 leader_election.cc:310] T 052ace92eef0481cae05a81aec482e05 P 60645d4f7df445de88c17b9c461ebcc4 [CANDIDATE]: Term 1 election: Election decided. Result: candidate won. Election summary: received 2 responses out of 3 voters: 2 yes votes; 0 no votes. yes voters: 3810d972c23b409788635c10f7594962, 60645d4f7df445de88c17b9c461ebcc4; no voters:
I0918 20:38:22.308450 20333 raft_consensus.cc:2644] T 319bc51fcd494e1b92a4837dcd658383 P 60645d4f7df445de88c17b9c461ebcc4 [term 1 FOLLOWER]: Leader election won for term 1
I0918 20:38:22.309208 20310 raft_consensus.cc:2644] T 052ace92eef0481cae05a81aec482e05 P 60645d4f7df445de88c17b9c461ebcc4 [term 1 FOLLOWER]: Leader election won for term 1
I0918 20:38:22.312042 20323 leader_election.cc:296] T 052ace92eef0481cae05a81aec482e05 P 60645d4f7df445de88c17b9c461ebcc4 [CANDIDATE]: Term 1 election: Requested vote from peers 3810d972c23b409788635c10f7594962 (127.18.222.1:39537), 252cea633d73492e8b9fb46364ebe78f (127.18.222.2:42709)
I0918 20:38:22.312116 20333 raft_consensus.cc:667] T 319bc51fcd494e1b92a4837dcd658383 P 60645d4f7df445de88c17b9c461ebcc4 [term 1 LEADER]: Becoming Leader. State: Replica: 60645d4f7df445de88c17b9c461ebcc4, State: Running, Role: LEADER
I0918 20:38:22.313555 20333 consensus_queue.cc:206] T 319bc51fcd494e1b92a4837dcd658383 P 60645d4f7df445de88c17b9c461ebcc4 [LEADER]: Queue going to LEADER mode. State: All replicated index: 0, Majority replicated index: 0, Committed index: 0, Last appended: 0.0, Last appended by leader: 0, Current term: 1, Majority size: 2, State: 0, Mode: LEADER, active raft config: opid_index: -1 OBSOLETE_local: false peers { permanent_uuid: "3810d972c23b409788635c10f7594962" member_type: VOTER last_known_addr { host: "127.18.222.1" port: 39537 } } peers { permanent_uuid: "60645d4f7df445de88c17b9c461ebcc4" member_type: VOTER last_known_addr { host: "127.18.222.3" port: 43027 } } peers { permanent_uuid: "252cea633d73492e8b9fb46364ebe78f" member_type: VOTER last_known_addr { host: "127.18.222.2" port: 42709 } }
I0918 20:38:22.314761 20310 raft_consensus.cc:667] T 052ace92eef0481cae05a81aec482e05 P 60645d4f7df445de88c17b9c461ebcc4 [term 1 LEADER]: Becoming Leader. State: Replica: 60645d4f7df445de88c17b9c461ebcc4, State: Running, Role: LEADER
I0918 20:38:22.315455 20310 consensus_queue.cc:206] T 052ace92eef0481cae05a81aec482e05 P 60645d4f7df445de88c17b9c461ebcc4 [LEADER]: Queue going to LEADER mode. State: All replicated index: 0, Majority replicated index: 0, Committed index: 0, Last appended: 0.0, Last appended by leader: 0, Current term: 1, Majority size: 2, State: 0, Mode: LEADER, active raft config: opid_index: -1 OBSOLETE_local: false peers { permanent_uuid: "3810d972c23b409788635c10f7594962" member_type: VOTER last_known_addr { host: "127.18.222.1" port: 39537 } } peers { permanent_uuid: "252cea633d73492e8b9fb46364ebe78f" member_type: VOTER last_known_addr { host: "127.18.222.2" port: 42709 } } peers { permanent_uuid: "60645d4f7df445de88c17b9c461ebcc4" member_type: VOTER last_known_addr { host: "127.18.222.3" port: 43027 } }
I0918 20:38:22.327677 20020 catalog_manager.cc:4131] T 319bc51fcd494e1b92a4837dcd658383 P 60645d4f7df445de88c17b9c461ebcc4 reported cstate change: term changed from 0 to 1, leader changed from to 60645d4f7df445de88c17b9c461ebcc4 (127.18.222.3). New cstate: current_term: 1 leader_uuid: "60645d4f7df445de88c17b9c461ebcc4" committed_config { opid_index: -1 OBSOLETE_local: false peers { permanent_uuid: "3810d972c23b409788635c10f7594962" member_type: VOTER last_known_addr { host: "127.18.222.1" port: 39537 } health_report { overall_health: UNKNOWN } } peers { permanent_uuid: "60645d4f7df445de88c17b9c461ebcc4" member_type: VOTER last_known_addr { host: "127.18.222.3" port: 43027 } health_report { overall_health: HEALTHY } } peers { permanent_uuid: "252cea633d73492e8b9fb46364ebe78f" member_type: VOTER last_known_addr { host: "127.18.222.2" port: 42709 } health_report { overall_health: UNKNOWN } } }
I0918 20:38:22.330157 20020 catalog_manager.cc:4131] T 052ace92eef0481cae05a81aec482e05 P 60645d4f7df445de88c17b9c461ebcc4 reported cstate change: term changed from 0 to 1, leader changed from to 60645d4f7df445de88c17b9c461ebcc4 (127.18.222.3). New cstate: current_term: 1 leader_uuid: "60645d4f7df445de88c17b9c461ebcc4" committed_config { opid_index: -1 OBSOLETE_local: false peers { permanent_uuid: "3810d972c23b409788635c10f7594962" member_type: VOTER last_known_addr { host: "127.18.222.1" port: 39537 } health_report { overall_health: UNKNOWN } } peers { permanent_uuid: "252cea633d73492e8b9fb46364ebe78f" member_type: VOTER last_known_addr { host: "127.18.222.2" port: 42709 } health_report { overall_health: UNKNOWN } } peers { permanent_uuid: "60645d4f7df445de88c17b9c461ebcc4" member_type: VOTER last_known_addr { host: "127.18.222.3" port: 43027 } health_report { overall_health: HEALTHY } } }
I0918 20:38:22.689517 20333 consensus_queue.cc:984] T e46166b371974ac8b3f2bb853951c7a6 P 60645d4f7df445de88c17b9c461ebcc4 [LEADER]: Connected to new peer: Peer: permanent_uuid: "252cea633d73492e8b9fb46364ebe78f" member_type: VOTER last_known_addr { host: "127.18.222.2" port: 42709 }, Status: LMP_MISMATCH, Last received: 0.0, Next index: 1, Last known committed idx: 0, Time since last communication: 0.000s
I0918 20:38:22.737349 20310 consensus_queue.cc:984] T e46166b371974ac8b3f2bb853951c7a6 P 60645d4f7df445de88c17b9c461ebcc4 [LEADER]: Connected to new peer: Peer: permanent_uuid: "3810d972c23b409788635c10f7594962" member_type: VOTER last_known_addr { host: "127.18.222.1" port: 39537 }, Status: LMP_MISMATCH, Last received: 0.0, Next index: 1, Last known committed idx: 0, Time since last communication: 0.000s
I0918 20:38:22.781795 20310 consensus_queue.cc:984] T 319bc51fcd494e1b92a4837dcd658383 P 60645d4f7df445de88c17b9c461ebcc4 [LEADER]: Connected to new peer: Peer: permanent_uuid: "3810d972c23b409788635c10f7594962" member_type: VOTER last_known_addr { host: "127.18.222.1" port: 39537 }, Status: LMP_MISMATCH, Last received: 0.0, Next index: 1, Last known committed idx: 0, Time since last communication: 0.000s
I0918 20:38:22.815865 20334 consensus_queue.cc:984] T 319bc51fcd494e1b92a4837dcd658383 P 60645d4f7df445de88c17b9c461ebcc4 [LEADER]: Connected to new peer: Peer: permanent_uuid: "252cea633d73492e8b9fb46364ebe78f" member_type: VOTER last_known_addr { host: "127.18.222.2" port: 42709 }, Status: LMP_MISMATCH, Last received: 0.0, Next index: 1, Last known committed idx: 0, Time since last communication: 0.000s
I0918 20:38:22.851816 20334 consensus_queue.cc:984] T 052ace92eef0481cae05a81aec482e05 P 60645d4f7df445de88c17b9c461ebcc4 [LEADER]: Connected to new peer: Peer: permanent_uuid: "252cea633d73492e8b9fb46364ebe78f" member_type: VOTER last_known_addr { host: "127.18.222.2" port: 42709 }, Status: LMP_MISMATCH, Last received: 0.0, Next index: 1, Last known committed idx: 0, Time since last communication: 0.000s
I0918 20:38:22.894887 20334 consensus_queue.cc:984] T 052ace92eef0481cae05a81aec482e05 P 60645d4f7df445de88c17b9c461ebcc4 [LEADER]: Connected to new peer: Peer: permanent_uuid: "3810d972c23b409788635c10f7594962" member_type: VOTER last_known_addr { host: "127.18.222.1" port: 39537 }, Status: LMP_MISMATCH, Last received: 0.0, Next index: 1, Last known committed idx: 0, Time since last communication: 0.000s
I0918 20:38:23.152261 19320 tablet_server.cc:155] TabletServer shutting down...
I0918 20:38:23.217424 19320 ts_tablet_manager.cc:1159] Shutting down tablet manager...
I0918 20:38:23.217841 19320 tablet_replica.cc:273] T 052ace92eef0481cae05a81aec482e05 P 3810d972c23b409788635c10f7594962: stopping tablet replica
I0918 20:38:23.218380 19320 raft_consensus.cc:2147] T 052ace92eef0481cae05a81aec482e05 P 3810d972c23b409788635c10f7594962 [term 1 FOLLOWER]: Raft consensus shutting down.
I0918 20:38:23.218667 19320 raft_consensus.cc:2174] T 052ace92eef0481cae05a81aec482e05 P 3810d972c23b409788635c10f7594962 [term 1 FOLLOWER]: Raft consensus is shut down!
I0918 20:38:23.222070 19320 tablet_replica.cc:273] T 319bc51fcd494e1b92a4837dcd658383 P 3810d972c23b409788635c10f7594962: stopping tablet replica
I0918 20:38:23.222579 19320 raft_consensus.cc:2147] T 319bc51fcd494e1b92a4837dcd658383 P 3810d972c23b409788635c10f7594962 [term 1 FOLLOWER]: Raft consensus shutting down.
I0918 20:38:23.222848 19320 raft_consensus.cc:2174] T 319bc51fcd494e1b92a4837dcd658383 P 3810d972c23b409788635c10f7594962 [term 1 FOLLOWER]: Raft consensus is shut down!
I0918 20:38:23.225773 19320 tablet_replica.cc:273] T e46166b371974ac8b3f2bb853951c7a6 P 3810d972c23b409788635c10f7594962: stopping tablet replica
I0918 20:38:23.226263 19320 raft_consensus.cc:2147] T e46166b371974ac8b3f2bb853951c7a6 P 3810d972c23b409788635c10f7594962 [term 1 FOLLOWER]: Raft consensus shutting down.
I0918 20:38:23.226553 19320 raft_consensus.cc:2174] T e46166b371974ac8b3f2bb853951c7a6 P 3810d972c23b409788635c10f7594962 [term 1 FOLLOWER]: Raft consensus is shut down!
I0918 20:38:23.243476 19320 tablet_server.cc:169] TabletServer shutdown complete.
I0918 20:38:23.244444 19320 tablet_server.cc:155] TabletServer shutting down...
I0918 20:38:23.244822 19320 tablet_server.cc:169] TabletServer shutdown complete.
W0918 20:38:23.254926 20216 consensus_peers.cc:458] T e46166b371974ac8b3f2bb853951c7a6 P 60645d4f7df445de88c17b9c461ebcc4 -> Peer 3810d972c23b409788635c10f7594962 (127.18.222.1:39537): Couldn't send request to peer 3810d972c23b409788635c10f7594962. Status: Network error: Client connection negotiation failed: client connection to 127.18.222.1:39537: connect: Connection refused (error 111). This is attempt 1: this message will repeat every 5th retry.
I0918 20:38:23.256871 19320 tablet_server.cc:155] TabletServer shutting down...
I0918 20:38:23.299278 19320 ts_tablet_manager.cc:1159] Shutting down tablet manager...
I0918 20:38:23.299592 19320 tablet_replica.cc:273] T 052ace92eef0481cae05a81aec482e05 P 252cea633d73492e8b9fb46364ebe78f: stopping tablet replica
I0918 20:38:23.299976 19320 raft_consensus.cc:2147] T 052ace92eef0481cae05a81aec482e05 P 252cea633d73492e8b9fb46364ebe78f [term 1 FOLLOWER]: Raft consensus shutting down.
I0918 20:38:23.300268 19320 raft_consensus.cc:2174] T 052ace92eef0481cae05a81aec482e05 P 252cea633d73492e8b9fb46364ebe78f [term 1 FOLLOWER]: Raft consensus is shut down!
I0918 20:38:23.303436 19320 tablet_replica.cc:273] T e46166b371974ac8b3f2bb853951c7a6 P 252cea633d73492e8b9fb46364ebe78f: stopping tablet replica
I0918 20:38:23.304033 19320 raft_consensus.cc:2147] T e46166b371974ac8b3f2bb853951c7a6 P 252cea633d73492e8b9fb46364ebe78f [term 1 FOLLOWER]: Raft consensus shutting down.
I0918 20:38:23.304402 19320 raft_consensus.cc:2174] T e46166b371974ac8b3f2bb853951c7a6 P 252cea633d73492e8b9fb46364ebe78f [term 1 FOLLOWER]: Raft consensus is shut down!
W0918 20:38:23.305553 20216 consensus_peers.cc:458] T 052ace92eef0481cae05a81aec482e05 P 60645d4f7df445de88c17b9c461ebcc4 -> Peer 3810d972c23b409788635c10f7594962 (127.18.222.1:39537): Couldn't send request to peer 3810d972c23b409788635c10f7594962. Status: Network error: Client connection negotiation failed: client connection to 127.18.222.1:39537: connect: Connection refused (error 111). This is attempt 1: this message will repeat every 5th retry.
I0918 20:38:23.307467 19320 tablet_replica.cc:273] T 319bc51fcd494e1b92a4837dcd658383 P 252cea633d73492e8b9fb46364ebe78f: stopping tablet replica
I0918 20:38:23.308007 19320 raft_consensus.cc:2147] T 319bc51fcd494e1b92a4837dcd658383 P 252cea633d73492e8b9fb46364ebe78f [term 1 FOLLOWER]: Raft consensus shutting down.
I0918 20:38:23.308382 19320 raft_consensus.cc:2174] T 319bc51fcd494e1b92a4837dcd658383 P 252cea633d73492e8b9fb46364ebe78f [term 1 FOLLOWER]: Raft consensus is shut down!
I0918 20:38:23.330569 19320 tablet_server.cc:169] TabletServer shutdown complete.
I0918 20:38:23.330837 19320 tablet_server.cc:155] TabletServer shutting down...
I0918 20:38:23.331266 19320 tablet_server.cc:169] TabletServer shutdown complete.
I0918 20:38:23.341343 19320 tablet_server.cc:155] TabletServer shutting down...
W0918 20:38:23.351250 20216 consensus_peers.cc:458] T 319bc51fcd494e1b92a4837dcd658383 P 60645d4f7df445de88c17b9c461ebcc4 -> Peer 252cea633d73492e8b9fb46364ebe78f (127.18.222.2:42709): Couldn't send request to peer 252cea633d73492e8b9fb46364ebe78f. Status: Network error: Client connection negotiation failed: client connection to 127.18.222.2:42709: connect: Connection refused (error 111). This is attempt 1: this message will repeat every 5th retry.
I0918 20:38:23.373953 19320 ts_tablet_manager.cc:1159] Shutting down tablet manager...
I0918 20:38:23.374277 19320 tablet_replica.cc:273] T e46166b371974ac8b3f2bb853951c7a6 P 60645d4f7df445de88c17b9c461ebcc4: stopping tablet replica
I0918 20:38:23.374774 19320 raft_consensus.cc:2147] T e46166b371974ac8b3f2bb853951c7a6 P 60645d4f7df445de88c17b9c461ebcc4 [term 1 LEADER]: Raft consensus shutting down.
I0918 20:38:23.375424 19320 raft_consensus.cc:2174] T e46166b371974ac8b3f2bb853951c7a6 P 60645d4f7df445de88c17b9c461ebcc4 [term 1 FOLLOWER]: Raft consensus is shut down!
W0918 20:38:23.376169 20216 consensus_peers.cc:458] T 319bc51fcd494e1b92a4837dcd658383 P 60645d4f7df445de88c17b9c461ebcc4 -> Peer 3810d972c23b409788635c10f7594962 (127.18.222.1:39537): Couldn't send request to peer 3810d972c23b409788635c10f7594962. Status: Network error: Client connection negotiation failed: client connection to 127.18.222.1:39537: connect: Connection refused (error 111). This is attempt 1: this message will repeat every 5th retry.
I0918 20:38:23.378383 19320 tablet_replica.cc:273] T 319bc51fcd494e1b92a4837dcd658383 P 60645d4f7df445de88c17b9c461ebcc4: stopping tablet replica
I0918 20:38:23.378748 19320 raft_consensus.cc:2147] T 319bc51fcd494e1b92a4837dcd658383 P 60645d4f7df445de88c17b9c461ebcc4 [term 1 LEADER]: Raft consensus shutting down.
I0918 20:38:23.379390 19320 raft_consensus.cc:2174] T 319bc51fcd494e1b92a4837dcd658383 P 60645d4f7df445de88c17b9c461ebcc4 [term 1 FOLLOWER]: Raft consensus is shut down!
I0918 20:38:23.381708 19320 tablet_replica.cc:273] T 052ace92eef0481cae05a81aec482e05 P 60645d4f7df445de88c17b9c461ebcc4: stopping tablet replica
I0918 20:38:23.382056 19320 raft_consensus.cc:2147] T 052ace92eef0481cae05a81aec482e05 P 60645d4f7df445de88c17b9c461ebcc4 [term 1 LEADER]: Raft consensus shutting down.
I0918 20:38:23.382622 19320 raft_consensus.cc:2174] T 052ace92eef0481cae05a81aec482e05 P 60645d4f7df445de88c17b9c461ebcc4 [term 1 FOLLOWER]: Raft consensus is shut down!
I0918 20:38:23.408427 19320 tablet_server.cc:169] TabletServer shutdown complete.
I0918 20:38:23.408623 19320 tablet_server.cc:155] TabletServer shutting down...
I0918 20:38:23.408957 19320 tablet_server.cc:169] TabletServer shutdown complete.
I0918 20:38:23.417855 19320 master.cc:247] Master@127.18.222.62:33587 shutting down...
I0918 20:38:23.433729 19320 raft_consensus.cc:2147] T 00000000000000000000000000000000 P 5fa8ea8cc088448b988deacd9000a0ad [term 1 FOLLOWER]: Raft consensus shutting down.
I0918 20:38:23.434088 19320 raft_consensus.cc:2174] T 00000000000000000000000000000000 P 5fa8ea8cc088448b988deacd9000a0ad [term 1 FOLLOWER]: Raft consensus is shut down!
I0918 20:38:23.434316 19320 tablet_replica.cc:273] T 00000000000000000000000000000000 P 5fa8ea8cc088448b988deacd9000a0ad: stopping tablet replica
I0918 20:38:23.452179 19320 master.cc:258] Master@127.18.222.62:33587 shutdown complete.
I0918 20:38:23.459683 19320 master.cc:247] Master@127.18.222.61:45425 shutting down...
I0918 20:38:23.477509 19320 raft_consensus.cc:2147] T 00000000000000000000000000000000 P 35ee39e0fecc41c0bb51dd5ccac4848b [term 1 FOLLOWER]: Raft consensus shutting down.
I0918 20:38:23.477852 19320 raft_consensus.cc:2174] T 00000000000000000000000000000000 P 35ee39e0fecc41c0bb51dd5ccac4848b [term 1 FOLLOWER]: Raft consensus is shut down!
I0918 20:38:23.478049 19320 tablet_replica.cc:273] T 00000000000000000000000000000000 P 35ee39e0fecc41c0bb51dd5ccac4848b: stopping tablet replica
I0918 20:38:23.495218 19320 master.cc:258] Master@127.18.222.61:45425 shutdown complete.
I0918 20:38:23.502478 19320 master.cc:247] Master@127.18.222.60:44401 shutting down...
I0918 20:38:23.519457 19320 raft_consensus.cc:2147] T 00000000000000000000000000000000 P 252ccf1ea83e476392b25d8272d26a03 [term 1 LEADER]: Raft consensus shutting down.
I0918 20:38:23.520175 19320 raft_consensus.cc:2174] T 00000000000000000000000000000000 P 252ccf1ea83e476392b25d8272d26a03 [term 1 FOLLOWER]: Raft consensus is shut down!
I0918 20:38:23.520417 19320 tablet_replica.cc:273] T 00000000000000000000000000000000 P 252ccf1ea83e476392b25d8272d26a03: stopping tablet replica
I0918 20:38:23.537501 19320 master.cc:258] Master@127.18.222.60:44401 shutdown complete. [ OK ] RemoteKsckTest.TestCheckUnusualFlags (3013 ms) [ RUN ] RemoteKsckTest.TestTabletServerMismatchedUUID
I0918 20:38:23.567338 19320 test_util.cc:212] Using random seed: -780511793
I0918 20:38:23.568092 19320 internal_mini_cluster.cc:146] Creating distributed mini masters. Addrs: 127.18.222.62:41123,127.18.222.61:44665,127.18.222.60:42463
I0918 20:38:23.580233 19320 system_ntp.cc:193] NTP initialized. Skew: 500ppm Current error: 129092us
I0918 20:38:23.580564 19320 fs_manager.cc:263] Metadata directory not provided
I0918 20:38:23.580703 19320 fs_manager.cc:269] Using write-ahead log directory (fs_wal_dir) as metadata directory
I0918 20:38:23.580890 19320 server_base.cc:452] Could not load existing FS layout: Not found: could not find a healthy instance file
I0918 20:38:23.580999 19320 server_base.cc:453] Attempting to create new FS layout instead
I0918 20:38:23.581935 19320 fs_manager.cc:602] Generated new instance metadata in path /tmp/dist-test-task6lCVqo/test-tmp/ksck_remote-test.0.RemoteKsckTest.TestTabletServerMismatchedUUID.1568839089958813-19320/minicluster-data/master-0-root/instance: uuid: "4fc5f353671b4c1d8241bd0dd8e762b5" format_stamp: "Formatted at 2019-09-18 20:38:23 on dist-test-slave-dist-test-slave-85lk"
I0918 20:38:23.590288 19320 fs_manager.cc:503] Time spent creating directory manager: real 0.008s user 0.009s sys 0.001s
I0918 20:38:23.591675 19320 file_cache.cc:465] Constructed file cache lbm with capacity 419430
I0918 20:38:23.598103 19320 fs_manager.cc:419] Time spent opening block manager: real 0.001s user 0.001s sys 0.000s
I0918 20:38:23.598280 19320 fs_manager.cc:436] Opened local filesystem: /tmp/dist-test-task6lCVqo/test-tmp/ksck_remote-test.0.RemoteKsckTest.TestTabletServerMismatchedUUID.1568839089958813-19320/minicluster-data/master-0-root uuid: "4fc5f353671b4c1d8241bd0dd8e762b5" format_stamp: "Formatted at 2019-09-18 20:38:23 on dist-test-slave-dist-test-slave-85lk"
I0918 20:38:23.598505 19320 fs_report.cc:352] FS layout report -------------------- wal directory: /tmp/dist-test-task6lCVqo/test-tmp/ksck_remote-test.0.RemoteKsckTest.TestTabletServerMismatchedUUID.1568839089958813-19320/minicluster-data/master-0-root metadata directory: /tmp/dist-test-task6lCVqo/test-tmp/ksck_remote-test.0.RemoteKsckTest.TestTabletServerMismatchedUUID.1568839089958813-19320/minicluster-data/master-0-root 1 data directories: /tmp/dist-test-task6lCVqo/test-tmp/ksck_remote-test.0.RemoteKsckTest.TestTabletServerMismatchedUUID.1568839089958813-19320/minicluster-data/master-0-root/data Total live blocks: 0 Total live bytes: 0 Total live bytes (after alignment): 0 Total number of LBM containers: 0 (0 full) Did not check for missing blocks Did not check for orphaned blocks Total full LBM containers with extra space: 0 (0 repaired) Total full LBM container extra space in bytes: 0 (0 repaired) Total incomplete LBM containers: 0 (0 repaired) Total LBM partial records: 0 (0 repaired)
I0918 20:38:23.652846 19320 rpc_server.cc:205] RPC server started. Bound to: 127.18.222.62:41123
I0918 20:38:23.654564 19320 webserver.cc:374] Webserver started at http://127.18.222.62:40545/ using document root and password file
I0918 20:38:23.656419 20441 data_dirs.cc:939] Could only allocate 1 dirs of requested 3 for tablet 00000000000000000000000000000000. 1 dirs total, 0 dirs full, 0 dirs failed
I0918 20:38:23.660847 20441 sys_catalog.cc:307] member_type: VOTER last_known_addr { host: "127.18.222.62" port: 41123 } has no permanent_uuid. Determining permanent_uuid...
I0918 20:38:23.669674 19320 system_ntp.cc:193] NTP initialized. Skew: 500ppm Current error: 129092us
I0918 20:38:23.670033 19320 fs_manager.cc:263] Metadata directory not provided
I0918 20:38:23.670198 19320 fs_manager.cc:269] Using write-ahead log directory (fs_wal_dir) as metadata directory
I0918 20:38:23.670507 19320 server_base.cc:452] Could not load existing FS layout: Not found: could not find a healthy instance file
I0918 20:38:23.670691 19320 server_base.cc:453] Attempting to create new FS layout instead
I0918 20:38:23.672080 19320 fs_manager.cc:602] Generated new instance metadata in path /tmp/dist-test-task6lCVqo/test-tmp/ksck_remote-test.0.RemoteKsckTest.TestTabletServerMismatchedUUID.1568839089958813-19320/minicluster-data/master-1-root/instance: uuid: "6e70059559ab43c7ad0ec1fc928d667e" format_stamp: "Formatted at 2019-09-18 20:38:23 on dist-test-slave-dist-test-slave-85lk"
I0918 20:38:23.677737 20441 sys_catalog.cc:307] member_type: VOTER last_known_addr { host: "127.18.222.61" port: 44665 } has no permanent_uuid. Determining permanent_uuid...
W0918 20:38:23.679463 20441 consensus_peers.cc:607] Error getting permanent uuid from config peer 127.18.222.61:44665: Network error: Client connection negotiation failed: client connection to 127.18.222.61:44665: connect: Connection refused (error 111)
I0918 20:38:23.684010 19320 fs_manager.cc:503] Time spent creating directory manager: real 0.011s user 0.010s sys 0.001s
I0918 20:38:23.685559 19320 file_cache.cc:465] Constructed file cache lbm with capacity 419430
I0918 20:38:23.693465 19320 fs_manager.cc:419] Time spent opening block manager: real 0.001s user 0.001s sys 0.000s
I0918 20:38:23.693663 19320 fs_manager.cc:436] Opened local filesystem: /tmp/dist-test-task6lCVqo/test-tmp/ksck_remote-test.0.RemoteKsckTest.TestTabletServerMismatchedUUID.1568839089958813-19320/minicluster-data/master-1-root uuid: "6e70059559ab43c7ad0ec1fc928d667e" format_stamp: "Formatted at 2019-09-18 20:38:23 on dist-test-slave-dist-test-slave-85lk"
I0918 20:38:23.693940 19320 fs_report.cc:352] FS layout report -------------------- wal directory: /tmp/dist-test-task6lCVqo/test-tmp/ksck_remote-test.0.RemoteKsckTest.TestTabletServerMismatchedUUID.1568839089958813-19320/minicluster-data/master-1-root metadata directory: /tmp/dist-test-task6lCVqo/test-tmp/ksck_remote-test.0.RemoteKsckTest.TestTabletServerMismatchedUUID.1568839089958813-19320/minicluster-data/master-1-root 1 data directories: /tmp/dist-test-task6lCVqo/test-tmp/ksck_remote-test.0.RemoteKsckTest.TestTabletServerMismatchedUUID.1568839089958813-19320/minicluster-data/master-1-root/data Total live blocks: 0 Total live bytes: 0 Total live bytes (after alignment): 0 Total number of LBM containers: 0 (0 full) Did not check for missing blocks Did not check for orphaned blocks Total full LBM containers with extra space: 0 (0 repaired) Total full LBM container extra space in bytes: 0 (0 repaired) Total incomplete LBM containers: 0 (0 repaired) Total LBM partial records: 0 (0 repaired)
I0918 20:38:23.740865 20441 consensus_peers.cc:617] Retrying to get permanent uuid for remote peer: member_type: VOTER last_known_addr { host: "127.18.222.61" port: 44665 } attempt: 1
W0918 20:38:23.743991 20441 consensus_peers.cc:607] Error getting permanent uuid from config peer 127.18.222.61:44665: Network error: Client connection negotiation failed: client connection to 127.18.222.61:44665: connect: Connection refused (error 111)
I0918 20:38:23.759057 19320 rpc_server.cc:205] RPC server started. Bound to: 127.18.222.61:44665
I0918 20:38:23.760874 19320 webserver.cc:374] Webserver started at http://127.18.222.61:42739/ using document root and password file
I0918 20:38:23.762557 20498 data_dirs.cc:939] Could only allocate 1 dirs of requested 3 for tablet 00000000000000000000000000000000. 1 dirs total, 0 dirs full, 0 dirs failed
I0918 20:38:23.766863 20498 sys_catalog.cc:307] member_type: VOTER last_known_addr { host: "127.18.222.62" port: 41123 } has no permanent_uuid. Determining permanent_uuid...
I0918 20:38:23.779254 20498 sys_catalog.cc:307] member_type: VOTER last_known_addr { host: "127.18.222.61" port: 44665 } has no permanent_uuid. Determining permanent_uuid...
I0918 20:38:23.789607 19320 system_ntp.cc:193] NTP initialized. Skew: 500ppm Current error: 129092us
I0918 20:38:23.790113 19320 fs_manager.cc:263] Metadata directory not provided
I0918 20:38:23.790340 19320 fs_manager.cc:269] Using write-ahead log directory (fs_wal_dir) as metadata directory
I0918 20:38:23.790632 19320 server_base.cc:452] Could not load existing FS layout: Not found: could not find a healthy instance file
I0918 20:38:23.790819 19320 server_base.cc:453] Attempting to create new FS layout instead
I0918 20:38:23.792121 19320 fs_manager.cc:602] Generated new instance metadata in path /tmp/dist-test-task6lCVqo/test-tmp/ksck_remote-test.0.RemoteKsckTest.TestTabletServerMismatchedUUID.1568839089958813-19320/minicluster-data/master-2-root/instance: uuid: "893da579794d43378162b1bf6704dc54" format_stamp: "Formatted at 2019-09-18 20:38:23 on dist-test-slave-dist-test-slave-85lk"
I0918 20:38:23.794481 20498 sys_catalog.cc:307] member_type: VOTER last_known_addr { host: "127.18.222.60" port: 42463 } has no permanent_uuid. Determining permanent_uuid...
W0918 20:38:23.796267 20498 consensus_peers.cc:607] Error getting permanent uuid from config peer 127.18.222.60:42463: Network error: Client connection negotiation failed: client connection to 127.18.222.60:42463: connect: Connection refused (error 111)
I0918 20:38:23.798491 20441 consensus_peers.cc:617] Retrying to get permanent uuid for remote peer: member_type: VOTER last_known_addr { host: "127.18.222.61" port: 44665 } attempt: 2
I0918 20:38:23.803426 19320 fs_manager.cc:503] Time spent creating directory manager: real 0.011s user 0.011s sys 0.000s
I0918 20:38:23.804996 19320 file_cache.cc:465] Constructed file cache lbm with capacity 419430
I0918 20:38:23.808499 20441 sys_catalog.cc:307] member_type: VOTER last_known_addr { host: "127.18.222.60" port: 42463 } has no permanent_uuid. Determining permanent_uuid...
W0918 20:38:23.810089 20441 consensus_peers.cc:607] Error getting permanent uuid from config peer 127.18.222.60:42463: Network error: Client connection negotiation failed: client connection to 127.18.222.60:42463: connect: Connection refused (error 111)
I0918 20:38:23.813971 19320 fs_manager.cc:419] Time spent opening block manager: real 0.001s user 0.001s sys 0.000s
I0918 20:38:23.814190 19320 fs_manager.cc:436] Opened local filesystem: /tmp/dist-test-task6lCVqo/test-tmp/ksck_remote-test.0.RemoteKsckTest.TestTabletServerMismatchedUUID.1568839089958813-19320/minicluster-data/master-2-root uuid: "893da579794d43378162b1bf6704dc54" format_stamp: "Formatted at 2019-09-18 20:38:23 on dist-test-slave-dist-test-slave-85lk"
I0918 20:38:23.814440 19320 fs_report.cc:352] FS layout report -------------------- wal directory: /tmp/dist-test-task6lCVqo/test-tmp/ksck_remote-test.0.RemoteKsckTest.TestTabletServerMismatchedUUID.1568839089958813-19320/minicluster-data/master-2-root metadata directory: /tmp/dist-test-task6lCVqo/test-tmp/ksck_remote-test.0.RemoteKsckTest.TestTabletServerMismatchedUUID.1568839089958813-19320/minicluster-data/master-2-root 1 data directories: /tmp/dist-test-task6lCVqo/test-tmp/ksck_remote-test.0.RemoteKsckTest.TestTabletServerMismatchedUUID.1568839089958813-19320/minicluster-data/master-2-root/data Total live blocks: 0 Total live bytes: 0 Total live bytes (after alignment): 0 Total number of LBM containers: 0 (0 full) Did not check for missing blocks Did not check for orphaned blocks Total full LBM containers with extra space: 0 (0 repaired) Total full LBM container extra space in bytes: 0 (0 repaired) Total incomplete LBM containers: 0 (0 repaired) Total LBM partial records: 0 (0 repaired)
I0918 20:38:23.820637 20498 consensus_peers.cc:617] Retrying to get permanent uuid for remote peer: member_type: VOTER last_known_addr { host: "127.18.222.60" port: 42463 } attempt: 1
W0918 20:38:23.822433 20498 consensus_peers.cc:607] Error getting permanent uuid from config peer 127.18.222.60:42463: Network error: Client connection negotiation failed: client connection to 127.18.222.60:42463: connect: Connection refused (error 111)
I0918 20:38:23.871553 20441 consensus_peers.cc:617] Retrying to get permanent uuid for remote peer: member_type: VOTER last_known_addr { host: "127.18.222.60" port: 42463 } attempt: 1
W0918 20:38:23.873888 20441 consensus_peers.cc:607] Error getting permanent uuid from config peer 127.18.222.60:42463: Network error: Client connection negotiation failed: client connection to 127.18.222.60:42463: connect: Connection refused (error 111)
I0918 20:38:23.877355 19320 rpc_server.cc:205] RPC server started. Bound to: 127.18.222.60:42463
I0918 20:38:23.879084 19320 webserver.cc:374] Webserver started at http://127.18.222.60:45443/ using document root and password file
I0918 20:38:23.880784 20555 data_dirs.cc:939] Could only allocate 1 dirs of requested 3 for tablet 00000000000000000000000000000000. 1 dirs total, 0 dirs full, 0 dirs failed
I0918 20:38:23.883802 19320 internal_mini_cluster.cc:166] Waiting to initialize catalog manager on master 0
I0918 20:38:23.885257 20555 sys_catalog.cc:307] member_type: VOTER last_known_addr { host: "127.18.222.62" port: 41123 } has no permanent_uuid. Determining permanent_uuid...
I0918 20:38:23.887787 20498 consensus_peers.cc:617] Retrying to get permanent uuid for remote peer: member_type: VOTER last_known_addr { host: "127.18.222.60" port: 42463 } attempt: 2
I0918 20:38:23.898527 20555 sys_catalog.cc:307] member_type: VOTER last_known_addr { host: "127.18.222.61" port: 44665 } has no permanent_uuid. Determining permanent_uuid...
I0918 20:38:23.906435 20498 tablet_bootstrap.cc:439] T 00000000000000000000000000000000 P 6e70059559ab43c7ad0ec1fc928d667e: Bootstrap starting.
I0918 20:38:23.909957 20498 tablet_bootstrap.cc:590] T 00000000000000000000000000000000 P 6e70059559ab43c7ad0ec1fc928d667e: No blocks or log segments found. Creating new log.
I0918 20:38:23.910111 20555 sys_catalog.cc:307] member_type: VOTER last_known_addr { host: "127.18.222.60" port: 42463 } has no permanent_uuid. Determining permanent_uuid...
I0918 20:38:23.913292 20441 consensus_peers.cc:617] Retrying to get permanent uuid for remote peer: member_type: VOTER last_known_addr { host: "127.18.222.60" port: 42463 } attempt: 2
I0918 20:38:23.914659 20498 tablet_bootstrap.cc:439] T 00000000000000000000000000000000 P 6e70059559ab43c7ad0ec1fc928d667e: No bootstrap required, opened a new log
I0918 20:38:23.921813 20498 raft_consensus.cc:340] T 00000000000000000000000000000000 P 6e70059559ab43c7ad0ec1fc928d667e [term 0 FOLLOWER]: Replica starting. Triggering 0 pending transactions. Active config: opid_index: -1 OBSOLETE_local: false peers { permanent_uuid: "4fc5f353671b4c1d8241bd0dd8e762b5" member_type: VOTER last_known_addr { host: "127.18.222.62" port: 41123 } } peers { permanent_uuid: "6e70059559ab43c7ad0ec1fc928d667e" member_type: VOTER last_known_addr { host: "127.18.222.61" port: 44665 } } peers { permanent_uuid: "893da579794d43378162b1bf6704dc54" member_type: VOTER last_known_addr { host: "127.18.222.60" port: 42463 } }
I0918 20:38:23.922464 20498 raft_consensus.cc:366] T 00000000000000000000000000000000 P 6e70059559ab43c7ad0ec1fc928d667e [term 0 FOLLOWER]: Consensus starting up: Expiring failure detector timer to make a prompt election more likely
I0918 20:38:23.922675 20498 raft_consensus.cc:705] T 00000000000000000000000000000000 P 6e70059559ab43c7ad0ec1fc928d667e [term 0 FOLLOWER]: Becoming Follower/Learner. State: Replica: 6e70059559ab43c7ad0ec1fc928d667e, State: Initialized, Role: FOLLOWER
I0918 20:38:23.925169 20498 consensus_queue.cc:229] T 00000000000000000000000000000000 P 6e70059559ab43c7ad0ec1fc928d667e [NON_LEADER]: Queue going to NON_LEADER mode. State: All replicated index: 0, Majority replicated index: 0, Committed index: 0, Last appended: 0.0, Last appended by leader: 0, Current term: 0, Majority size: -1, State: 0, Mode: NON_LEADER, active raft config: opid_index: -1 OBSOLETE_local: false peers { permanent_uuid: "4fc5f353671b4c1d8241bd0dd8e762b5" member_type: VOTER last_known_addr { host: "127.18.222.62" port: 41123 } } peers { permanent_uuid: "6e70059559ab43c7ad0ec1fc928d667e" member_type: VOTER last_known_addr { host: "127.18.222.61" port: 44665 } } peers { permanent_uuid: "893da579794d43378162b1bf6704dc54" member_type: VOTER last_known_addr { host: "127.18.222.60" port: 42463 } }
I0918 20:38:23.926069 20560 raft_consensus.cc:472] T 00000000000000000000000000000000 P 6e70059559ab43c7ad0ec1fc928d667e [term 0 FOLLOWER]: Starting pre-election (no leader contacted us within the election timeout)
I0918 20:38:23.926398 20560 raft_consensus.cc:494] T 00000000000000000000000000000000 P 6e70059559ab43c7ad0ec1fc928d667e [term 0 FOLLOWER]: Starting pre-election with config: opid_index: -1 OBSOLETE_local: false peers { permanent_uuid: "4fc5f353671b4c1d8241bd0dd8e762b5" member_type: VOTER last_known_addr { host: "127.18.222.62" port: 41123 } } peers { permanent_uuid: "6e70059559ab43c7ad0ec1fc928d667e" member_type: VOTER last_known_addr { host: "127.18.222.61" port: 44665 } } peers { permanent_uuid: "893da579794d43378162b1bf6704dc54" member_type: VOTER last_known_addr { host: "127.18.222.60" port: 42463 } }
I0918 20:38:23.929633 20498 sys_catalog.cc:340] T 00000000000000000000000000000000 P 6e70059559ab43c7ad0ec1fc928d667e [sys.catalog]: SysCatalogTable state changed. Reason: Started TabletReplica. Latest consensus state: current_term: 0 committed_config { opid_index: -1 OBSOLETE_local: false peers { permanent_uuid: "4fc5f353671b4c1d8241bd0dd8e762b5" member_type: VOTER last_known_addr { host: "127.18.222.62" port: 41123 } } peers { permanent_uuid: "6e70059559ab43c7ad0ec1fc928d667e" member_type: VOTER last_known_addr { host: "127.18.222.61" port: 44665 } } peers { permanent_uuid: "893da579794d43378162b1bf6704dc54" member_type: VOTER last_known_addr { host: "127.18.222.60" port: 42463 } } }
I0918 20:38:23.930410 20498 sys_catalog.cc:343] T 00000000000000000000000000000000 P 6e70059559ab43c7ad0ec1fc928d667e [sys.catalog]: This master's current role is: FOLLOWER
I0918 20:38:23.933961 20498 sys_catalog.cc:428] T 00000000000000000000000000000000 P 6e70059559ab43c7ad0ec1fc928d667e [sys.catalog]: configured and running, proceeding with master startup.
I0918 20:38:23.931186 20561 sys_catalog.cc:340] T 00000000000000000000000000000000 P 6e70059559ab43c7ad0ec1fc928d667e [sys.catalog]: SysCatalogTable state changed. Reason: RaftConsensus started. Latest consensus state: current_term: 0 committed_config { opid_index: -1 OBSOLETE_local: false peers { permanent_uuid: "4fc5f353671b4c1d8241bd0dd8e762b5" member_type: VOTER last_known_addr { host: "127.18.222.62" port: 41123 } } peers { permanent_uuid: "6e70059559ab43c7ad0ec1fc928d667e" member_type: VOTER last_known_addr { host: "127.18.222.61" port: 44665 } } peers { permanent_uuid: "893da579794d43378162b1bf6704dc54" member_type: VOTER last_known_addr { host: "127.18.222.60" port: 42463 } } }
I0918 20:38:23.932654 20560 leader_election.cc:296] T 00000000000000000000000000000000 P 6e70059559ab43c7ad0ec1fc928d667e [CANDIDATE]: Term 1 pre-election: Requested pre-vote from peers 4fc5f353671b4c1d8241bd0dd8e762b5 (127.18.222.62:41123), 893da579794d43378162b1bf6704dc54 (127.18.222.60:42463)
I0918 20:38:23.935621 20555 tablet_bootstrap.cc:439] T 00000000000000000000000000000000 P 893da579794d43378162b1bf6704dc54: Bootstrap starting.
I0918 20:38:23.939314 20555 tablet_bootstrap.cc:590] T 00000000000000000000000000000000 P 893da579794d43378162b1bf6704dc54: No blocks or log segments found. Creating new log.
I0918 20:38:23.934859 20561 sys_catalog.cc:343] T 00000000000000000000000000000000 P 6e70059559ab43c7ad0ec1fc928d667e [sys.catalog]: This master's current role is: FOLLOWER
I0918 20:38:23.939405 20441 tablet_bootstrap.cc:439] T 00000000000000000000000000000000 P 4fc5f353671b4c1d8241bd0dd8e762b5: Bootstrap starting.
I0918 20:38:23.943352 20441 tablet_bootstrap.cc:590] T 00000000000000000000000000000000 P 4fc5f353671b4c1d8241bd0dd8e762b5: No blocks or log segments found. Creating new log.
W0918 20:38:23.944695 20562 catalog_manager.cc:1155] T 00000000000000000000000000000000 P 6e70059559ab43c7ad0ec1fc928d667e: acquiring CA information for follower catalog manager: Not found: root CA entry not found
W0918 20:38:23.944998 20562 catalog_manager.cc:627] Not found: root CA entry not found: failed to prepare follower catalog manager, will retry
I0918 20:38:23.945094 20555 tablet_bootstrap.cc:439] T 00000000000000000000000000000000 P 893da579794d43378162b1bf6704dc54: No bootstrap required, opened a new log
I0918 20:38:23.948529 20555 raft_consensus.cc:340] T 00000000000000000000000000000000 P 893da579794d43378162b1bf6704dc54 [term 0 FOLLOWER]: Replica starting. Triggering 0 pending transactions. Active config: opid_index: -1 OBSOLETE_local: false peers { permanent_uuid: "4fc5f353671b4c1d8241bd0dd8e762b5" member_type: VOTER last_known_addr { host: "127.18.222.62" port: 41123 } } peers { permanent_uuid: "6e70059559ab43c7ad0ec1fc928d667e" member_type: VOTER last_known_addr { host: "127.18.222.61" port: 44665 } } peers { permanent_uuid: "893da579794d43378162b1bf6704dc54" member_type: VOTER last_known_addr { host: "127.18.222.60" port: 42463 } }
I0918 20:38:23.949239 20555 raft_consensus.cc:366] T 00000000000000000000000000000000 P 893da579794d43378162b1bf6704dc54 [term 0 FOLLOWER]: Consensus starting up: Expiring failure detector timer to make a prompt election more likely
I0918 20:38:23.949446 20555 raft_consensus.cc:705] T 00000000000000000000000000000000 P 893da579794d43378162b1bf6704dc54 [term 0 FOLLOWER]: Becoming Follower/Learner. State: Replica: 893da579794d43378162b1bf6704dc54, State: Initialized, Role: FOLLOWER
I0918 20:38:23.949990 20555 consensus_queue.cc:229] T 00000000000000000000000000000000 P 893da579794d43378162b1bf6704dc54 [NON_LEADER]: Queue going to NON_LEADER mode. State: All replicated index: 0, Majority replicated index: 0, Committed index: 0, Last appended: 0.0, Last appended by leader: 0, Current term: 0, Majority size: -1, State: 0, Mode: NON_LEADER, active raft config: opid_index: -1 OBSOLETE_local: false peers { permanent_uuid: "4fc5f353671b4c1d8241bd0dd8e762b5" member_type: VOTER last_known_addr { host: "127.18.222.62" port: 41123 } } peers { permanent_uuid: "6e70059559ab43c7ad0ec1fc928d667e" member_type: VOTER last_known_addr { host: "127.18.222.61" port: 44665 } } peers { permanent_uuid: "893da579794d43378162b1bf6704dc54" member_type: VOTER last_known_addr { host: "127.18.222.60" port: 42463 } }
I0918 20:38:23.951853 20555 sys_catalog.cc:340] T 00000000000000000000000000000000 P 893da579794d43378162b1bf6704dc54 [sys.catalog]: SysCatalogTable state changed. Reason: Started TabletReplica. Latest consensus state: current_term: 0 committed_config { opid_index: -1 OBSOLETE_local: false peers { permanent_uuid: "4fc5f353671b4c1d8241bd0dd8e762b5" member_type: VOTER last_known_addr { host: "127.18.222.62" port: 41123 } } peers { permanent_uuid: "6e70059559ab43c7ad0ec1fc928d667e" member_type: VOTER last_known_addr { host: "127.18.222.61" port: 44665 } } peers { permanent_uuid: "893da579794d43378162b1bf6704dc54" member_type: VOTER last_known_addr { host: "127.18.222.60" port: 42463 } } }
I0918 20:38:23.952564 20555 sys_catalog.cc:343] T 00000000000000000000000000000000 P 893da579794d43378162b1bf6704dc54 [sys.catalog]: This master's current role is: FOLLOWER
I0918 20:38:23.952616 20441 tablet_bootstrap.cc:439] T 00000000000000000000000000000000 P 4fc5f353671b4c1d8241bd0dd8e762b5: No bootstrap required, opened a new log
I0918 20:38:23.953807 20555 sys_catalog.cc:428] T 00000000000000000000000000000000 P 893da579794d43378162b1bf6704dc54 [sys.catalog]: configured and running, proceeding with master startup.
I0918 20:38:23.953918 20532 tablet_service.cc:1295] Received RequestConsensusVote() RPC: tablet_id: "00000000000000000000000000000000" candidate_uuid: "6e70059559ab43c7ad0ec1fc928d667e" candidate_term: 1 candidate_status { last_received { term: 0 index: 0 } } ignore_live_leader: false dest_uuid: "893da579794d43378162b1bf6704dc54" is_pre_election: true
I0918 20:38:23.954668 20532 raft_consensus.cc:2350] T 00000000000000000000000000000000 P 893da579794d43378162b1bf6704dc54 [term 0 FOLLOWER]: Leader pre-election vote request: Granting yes vote for candidate 6e70059559ab43c7ad0ec1fc928d667e in term 0.
I0918 20:38:23.952143 20565 sys_catalog.cc:340] T 00000000000000000000000000000000 P 893da579794d43378162b1bf6704dc54 [sys.catalog]: SysCatalogTable state changed. Reason: RaftConsensus started. Latest consensus state: current_term: 0 committed_config { opid_index: -1 OBSOLETE_local: false peers { permanent_uuid: "4fc5f353671b4c1d8241bd0dd8e762b5" member_type: VOTER last_known_addr { host: "127.18.222.62" port: 41123 } } peers { permanent_uuid: "6e70059559ab43c7ad0ec1fc928d667e" member_type: VOTER last_known_addr { host: "127.18.222.61" port: 44665 } } peers { permanent_uuid: "893da579794d43378162b1bf6704dc54" member_type: VOTER last_known_addr { host: "127.18.222.60" port: 42463 } } }
I0918 20:38:23.955176 20565 sys_catalog.cc:343] T 00000000000000000000000000000000 P 893da579794d43378162b1bf6704dc54 [sys.catalog]: This master's current role is: FOLLOWER
I0918 20:38:23.954973 20441 raft_consensus.cc:340] T 00000000000000000000000000000000 P 4fc5f353671b4c1d8241bd0dd8e762b5 [term 0 FOLLOWER]: Replica starting. Triggering 0 pending transactions. Active config: opid_index: -1 OBSOLETE_local: false peers { permanent_uuid: "4fc5f353671b4c1d8241bd0dd8e762b5" member_type: VOTER last_known_addr { host: "127.18.222.62" port: 41123 } } peers { permanent_uuid: "6e70059559ab43c7ad0ec1fc928d667e" member_type: VOTER last_known_addr { host: "127.18.222.61" port: 44665 } } peers { permanent_uuid: "893da579794d43378162b1bf6704dc54" member_type: VOTER last_known_addr { host: "127.18.222.60" port: 42463 } }
I0918 20:38:23.955986 20449 leader_election.cc:310] T 00000000000000000000000000000000 P 6e70059559ab43c7ad0ec1fc928d667e [CANDIDATE]: Term 1 pre-election: Election decided. Result: candidate won. Election summary: received 2 responses out of 3 voters: 2 yes votes; 0 no votes. yes voters: 6e70059559ab43c7ad0ec1fc928d667e, 893da579794d43378162b1bf6704dc54; no voters:
I0918 20:38:23.956200 20441 raft_consensus.cc:366] T 00000000000000000000000000000000 P 4fc5f353671b4c1d8241bd0dd8e762b5 [term 0 FOLLOWER]: Consensus starting up: Expiring failure detector timer to make a prompt election more likely
I0918 20:38:23.956454 20441 raft_consensus.cc:705] T 00000000000000000000000000000000 P 4fc5f353671b4c1d8241bd0dd8e762b5 [term 0 FOLLOWER]: Becoming Follower/Learner. State: Replica: 4fc5f353671b4c1d8241bd0dd8e762b5, State: Initialized, Role: FOLLOWER
I0918 20:38:23.957054 20561 raft_consensus.cc:2644] T 00000000000000000000000000000000 P 6e70059559ab43c7ad0ec1fc928d667e [term 0 FOLLOWER]: Leader pre-election won for term 1
I0918 20:38:23.957401 20561 raft_consensus.cc:472] T 00000000000000000000000000000000 P 6e70059559ab43c7ad0ec1fc928d667e [term 0 FOLLOWER]: Starting leader election (no leader contacted us within the election timeout)
I0918 20:38:23.957702 20561 raft_consensus.cc:2890] T 00000000000000000000000000000000 P 6e70059559ab43c7ad0ec1fc928d667e [term 0 FOLLOWER]: Advancing to term 1
I0918 20:38:23.957197 20441 consensus_queue.cc:229] T 00000000000000000000000000000000 P 4fc5f353671b4c1d8241bd0dd8e762b5 [NON_LEADER]: Queue going to NON_LEADER mode. State: All replicated index: 0, Majority replicated index: 0, Committed index: 0, Last appended: 0.0, Last appended by leader: 0, Current term: 0, Majority size: -1, State: 0, Mode: NON_LEADER, active raft config: opid_index: -1 OBSOLETE_local: false peers { permanent_uuid: "4fc5f353671b4c1d8241bd0dd8e762b5" member_type: VOTER last_known_addr { host: "127.18.222.62" port: 41123 } } peers { permanent_uuid: "6e70059559ab43c7ad0ec1fc928d667e" member_type: VOTER last_known_addr { host: "127.18.222.61" port: 44665 } } peers { permanent_uuid: "893da579794d43378162b1bf6704dc54" member_type: VOTER last_known_addr { host: "127.18.222.60" port: 42463 } }
W0918 20:38:23.957865 20566 catalog_manager.cc:1155] T 00000000000000000000000000000000 P 893da579794d43378162b1bf6704dc54: acquiring CA information for follower catalog manager: Not found: root CA entry not found
W0918 20:38:23.958185 20566 catalog_manager.cc:627] Not found: root CA entry not found: failed to prepare follower catalog manager, will retry
I0918 20:38:23.959169 20441 sys_catalog.cc:340] T 00000000000000000000000000000000 P 4fc5f353671b4c1d8241bd0dd8e762b5 [sys.catalog]: SysCatalogTable state changed. Reason: Started TabletReplica. Latest consensus state: current_term: 0 committed_config { opid_index: -1 OBSOLETE_local: false peers { permanent_uuid: "4fc5f353671b4c1d8241bd0dd8e762b5" member_type: VOTER last_known_addr { host: "127.18.222.62" port: 41123 } } peers { permanent_uuid: "6e70059559ab43c7ad0ec1fc928d667e" member_type: VOTER last_known_addr { host: "127.18.222.61" port: 44665 } } peers { permanent_uuid: "893da579794d43378162b1bf6704dc54" member_type: VOTER last_known_addr { host: "127.18.222.60" port: 42463 } } }
I0918 20:38:23.959357 20567 sys_catalog.cc:340] T 00000000000000000000000000000000 P 4fc5f353671b4c1d8241bd0dd8e762b5 [sys.catalog]: SysCatalogTable state changed. Reason: RaftConsensus started. Latest consensus state: current_term: 0 committed_config { opid_index: -1 OBSOLETE_local: false peers { permanent_uuid: "4fc5f353671b4c1d8241bd0dd8e762b5" member_type: VOTER last_known_addr { host: "127.18.222.62" port: 41123 } } peers { permanent_uuid: "6e70059559ab43c7ad0ec1fc928d667e" member_type: VOTER last_known_addr { host: "127.18.222.61" port: 44665 } } peers { permanent_uuid: "893da579794d43378162b1bf6704dc54" member_type: VOTER last_known_addr { host: "127.18.222.60" port: 42463 } } }
I0918 20:38:23.959951 20441 sys_catalog.cc:343] T 00000000000000000000000000000000 P 4fc5f353671b4c1d8241bd0dd8e762b5 [sys.catalog]: This master's current role is: FOLLOWER
I0918 20:38:23.960183 20567 sys_catalog.cc:343] T 00000000000000000000000000000000 P 4fc5f353671b4c1d8241bd0dd8e762b5 [sys.catalog]: This master's current role is: FOLLOWER
I0918 20:38:23.961135 20441 sys_catalog.cc:428] T 00000000000000000000000000000000 P 4fc5f353671b4c1d8241bd0dd8e762b5 [sys.catalog]: configured and running, proceeding with master startup.
