I0918 20:39:17.682598 19320 fs_manager.cc:602] Generated new instance metadata in path /tmp/dist-test-task6lCVqo/test-tmp/ksck_remote-test.0.RemoteKsckTest.TestFilterOnNoTableCluster.1568839089958813-19320/minicluster-data/master-2-root/instance: uuid: "d38eb92d8be54a50953dc5aed9dc8c62" format_stamp: "Formatted at 2019-09-18 20:39:17 on dist-test-slave-dist-test-slave-85lk"
I0918 20:39:17.687371 25489 consensus_peers.cc:617] Retrying to get permanent uuid for remote peer: member_type: VOTER last_known_addr { host: "127.18.222.61" port: 38137 } attempt: 2
I0918 20:39:17.695621 25546 sys_catalog.cc:307] member_type: VOTER last_known_addr { host: "127.18.222.60" port: 41641 } has no permanent_uuid. Determining permanent_uuid...
W0918 20:39:17.697965 25546 consensus_peers.cc:607] Error getting permanent uuid from config peer 127.18.222.60:41641: Network error: Client connection negotiation failed: client connection to 127.18.222.60:41641: connect: Connection refused (error 111)
I0918 20:39:17.699023 19320 fs_manager.cc:503] Time spent creating directory manager: real 0.016s user 0.014s sys 0.000s
I0918 20:39:17.701464 19320 file_cache.cc:465] Constructed file cache lbm with capacity 419430
I0918 20:39:17.705034 25489 sys_catalog.cc:307] member_type: VOTER last_known_addr { host: "127.18.222.60" port: 41641 } has no permanent_uuid. Determining permanent_uuid...
W0918 20:39:17.706686 25489 consensus_peers.cc:607] Error getting permanent uuid from config peer 127.18.222.60:41641: Network error: Client connection negotiation failed: client connection to 127.18.222.60:41641: connect: Connection refused (error 111)
I0918 20:39:17.710875 19320 fs_manager.cc:419] Time spent opening block manager: real 0.001s user 0.001s sys 0.000s
I0918 20:39:17.711127 19320 fs_manager.cc:436] Opened local filesystem: /tmp/dist-test-task6lCVqo/test-tmp/ksck_remote-test.0.RemoteKsckTest.TestFilterOnNoTableCluster.1568839089958813-19320/minicluster-data/master-2-root uuid: "d38eb92d8be54a50953dc5aed9dc8c62" format_stamp: "Formatted at 2019-09-18 20:39:17 on dist-test-slave-dist-test-slave-85lk"
I0918 20:39:17.711366 19320 fs_report.cc:352] FS layout report -------------------- wal directory: /tmp/dist-test-task6lCVqo/test-tmp/ksck_remote-test.0.RemoteKsckTest.TestFilterOnNoTableCluster.1568839089958813-19320/minicluster-data/master-2-root metadata directory: /tmp/dist-test-task6lCVqo/test-tmp/ksck_remote-test.0.RemoteKsckTest.TestFilterOnNoTableCluster.1568839089958813-19320/minicluster-data/master-2-root 1 data directories: /tmp/dist-test-task6lCVqo/test-tmp/ksck_remote-test.0.RemoteKsckTest.TestFilterOnNoTableCluster.1568839089958813-19320/minicluster-data/master-2-root/data Total live blocks: 0 Total live bytes: 0 Total live bytes (after alignment): 0 Total number of LBM containers: 0 (0 full) Did not check for missing blocks Did not check for orphaned blocks Total full LBM containers with extra space: 0 (0 repaired) Total full LBM container extra space in bytes: 0 (0 repaired) Total incomplete LBM containers: 0 (0 repaired) Total LBM partial records: 0 (0 repaired)
I0918 20:39:17.757155 25489 consensus_peers.cc:617] Retrying to get permanent uuid for remote peer: member_type: VOTER last_known_addr { host: "127.18.222.60" port: 41641 } attempt: 1
I0918 20:39:17.758600 25546 consensus_peers.cc:617] Retrying to get permanent uuid for remote peer: member_type: VOTER last_known_addr { host: "127.18.222.60" port: 41641 } attempt: 1
W0918 20:39:17.759616 25489 consensus_peers.cc:607] Error getting permanent uuid from config peer 127.18.222.60:41641: Network error: Client connection negotiation failed: client connection to 127.18.222.60:41641: connect: Connection refused (error 111)
W0918 20:39:17.760553 25546 consensus_peers.cc:607] Error getting permanent uuid from config peer 127.18.222.60:41641: Network error: Client connection negotiation failed: client connection to 127.18.222.60:41641: connect: Connection refused (error 111)
I0918 20:39:17.818143 25489 consensus_peers.cc:617] Retrying to get permanent uuid for remote peer: member_type: VOTER last_known_addr { host: "127.18.222.60" port: 41641 } attempt: 2
W0918 20:39:17.820549 25489 consensus_peers.cc:607] Error getting permanent uuid from config peer 127.18.222.60:41641: Network error: Client connection negotiation failed: client connection to 127.18.222.60:41641: connect: Connection refused (error 111)
I0918 20:39:17.825639 19320 rpc_server.cc:205] RPC server started. Bound to: 127.18.222.60:41641
I0918 20:39:17.827512 19320 webserver.cc:374] Webserver started at http://127.18.222.60:46069/ using document root and password file
I0918 20:39:17.827913 25546 consensus_peers.cc:617] Retrying to get permanent uuid for remote peer: member_type: VOTER last_known_addr { host: "127.18.222.60" port: 41641 } attempt: 2
I0918 20:39:17.828627 19320 internal_mini_cluster.cc:166] Waiting to initialize catalog manager on master 0
I0918 20:39:17.829905 25604 data_dirs.cc:939] Could only allocate 1 dirs of requested 3 for tablet 00000000000000000000000000000000. 1 dirs total, 0 dirs full, 0 dirs failed
I0918 20:39:17.837687 25604 sys_catalog.cc:307] member_type: VOTER last_known_addr { host: "127.18.222.62" port: 36069 } has no permanent_uuid. Determining permanent_uuid...
I0918 20:39:17.848961 25546 tablet_bootstrap.cc:439] T 00000000000000000000000000000000 P 5f649e2399b743d9a53a42952539e941: Bootstrap starting.
I0918 20:39:17.852291 25604 sys_catalog.cc:307] member_type: VOTER last_known_addr { host: "127.18.222.61" port: 38137 } has no permanent_uuid. Determining permanent_uuid...
I0918 20:39:17.852849 25546 tablet_bootstrap.cc:590] T 00000000000000000000000000000000 P 5f649e2399b743d9a53a42952539e941: No blocks or log segments found. Creating new log.
I0918 20:39:17.856596 25546 tablet_bootstrap.cc:439] T 00000000000000000000000000000000 P 5f649e2399b743d9a53a42952539e941: No bootstrap required, opened a new log
I0918 20:39:17.858567 25546 raft_consensus.cc:340] T 00000000000000000000000000000000 P 5f649e2399b743d9a53a42952539e941 [term 0 FOLLOWER]: Replica starting. Triggering 0 pending transactions. Active config: opid_index: -1 OBSOLETE_local: false peers { permanent_uuid: "b8424e7d64a648f3952fd83c45ad7fc4" member_type: VOTER last_known_addr { host: "127.18.222.62" port: 36069 } } peers { permanent_uuid: "5f649e2399b743d9a53a42952539e941" member_type: VOTER last_known_addr { host: "127.18.222.61" port: 38137 } } peers { permanent_uuid: "d38eb92d8be54a50953dc5aed9dc8c62" member_type: VOTER last_known_addr { host: "127.18.222.60" port: 41641 } }
I0918 20:39:17.859103 25546 raft_consensus.cc:366] T 00000000000000000000000000000000 P 5f649e2399b743d9a53a42952539e941 [term 0 FOLLOWER]: Consensus starting up: Expiring failure detector timer to make a prompt election more likely
I0918 20:39:17.859285 25546 raft_consensus.cc:705] T 00000000000000000000000000000000 P 5f649e2399b743d9a53a42952539e941 [term 0 FOLLOWER]: Becoming Follower/Learner. State: Replica: 5f649e2399b743d9a53a42952539e941, State: Initialized, Role: FOLLOWER
I0918 20:39:17.860108 25546 consensus_queue.cc:229] T 00000000000000000000000000000000 P 5f649e2399b743d9a53a42952539e941 [NON_LEADER]: Queue going to NON_LEADER mode. State: All replicated index: 0, Majority replicated index: 0, Committed index: 0, Last appended: 0.0, Last appended by leader: 0, Current term: 0, Majority size: -1, State: 0, Mode: NON_LEADER, active raft config: opid_index: -1 OBSOLETE_local: false peers { permanent_uuid: "b8424e7d64a648f3952fd83c45ad7fc4" member_type: VOTER last_known_addr { host: "127.18.222.62" port: 36069 } } peers { permanent_uuid: "5f649e2399b743d9a53a42952539e941" member_type: VOTER last_known_addr { host: "127.18.222.61" port: 38137 } } peers { permanent_uuid: "d38eb92d8be54a50953dc5aed9dc8c62" member_type: VOTER last_known_addr { host: "127.18.222.60" port: 41641 } }
I0918 20:39:17.862172 25546 sys_catalog.cc:340] T 00000000000000000000000000000000 P 5f649e2399b743d9a53a42952539e941 [sys.catalog]: SysCatalogTable state changed. Reason: Started TabletReplica. Latest consensus state: current_term: 0 committed_config { opid_index: -1 OBSOLETE_local: false peers { permanent_uuid: "b8424e7d64a648f3952fd83c45ad7fc4" member_type: VOTER last_known_addr { host: "127.18.222.62" port: 36069 } } peers { permanent_uuid: "5f649e2399b743d9a53a42952539e941" member_type: VOTER last_known_addr { host: "127.18.222.61" port: 38137 } } peers { permanent_uuid: "d38eb92d8be54a50953dc5aed9dc8c62" member_type: VOTER last_known_addr { host: "127.18.222.60" port: 41641 } } }
I0918 20:39:17.862501 25608 sys_catalog.cc:340] T 00000000000000000000000000000000 P 5f649e2399b743d9a53a42952539e941 [sys.catalog]: SysCatalogTable state changed. Reason: RaftConsensus started. Latest consensus state: current_term: 0 committed_config { opid_index: -1 OBSOLETE_local: false peers { permanent_uuid: "b8424e7d64a648f3952fd83c45ad7fc4" member_type: VOTER last_known_addr { host: "127.18.222.62" port: 36069 } } peers { permanent_uuid: "5f649e2399b743d9a53a42952539e941" member_type: VOTER last_known_addr { host: "127.18.222.61" port: 38137 } } peers { permanent_uuid: "d38eb92d8be54a50953dc5aed9dc8c62" member_type: VOTER last_known_addr { host: "127.18.222.60" port: 41641 } } }
I0918 20:39:17.863023 25546 sys_catalog.cc:343] T 00000000000000000000000000000000 P 5f649e2399b743d9a53a42952539e941 [sys.catalog]: This master's current role is: FOLLOWER
I0918 20:39:17.863271 25608 sys_catalog.cc:343] T 00000000000000000000000000000000 P 5f649e2399b743d9a53a42952539e941 [sys.catalog]: This master's current role is: FOLLOWER
I0918 20:39:17.863929 25604 sys_catalog.cc:307] member_type: VOTER last_known_addr { host: "127.18.222.60" port: 41641 } has no permanent_uuid. Determining permanent_uuid...
I0918 20:39:17.864362 25546 sys_catalog.cc:428] T 00000000000000000000000000000000 P 5f649e2399b743d9a53a42952539e941 [sys.catalog]: configured and running, proceeding with master startup.
W0918 20:39:17.868173 25609 catalog_manager.cc:1155] T 00000000000000000000000000000000 P 5f649e2399b743d9a53a42952539e941: acquiring CA information for follower catalog manager: Not found: root CA entry not found
W0918 20:39:17.868386 25609 catalog_manager.cc:627] Not found: root CA entry not found: failed to prepare follower catalog manager, will retry
I0918 20:39:17.879482 25604 tablet_bootstrap.cc:439] T 00000000000000000000000000000000 P d38eb92d8be54a50953dc5aed9dc8c62: Bootstrap starting.
I0918 20:39:17.882874 25604 tablet_bootstrap.cc:590] T 00000000000000000000000000000000 P d38eb92d8be54a50953dc5aed9dc8c62: No blocks or log segments found. Creating new log.
I0918 20:39:17.886246 25604 tablet_bootstrap.cc:439] T 00000000000000000000000000000000 P d38eb92d8be54a50953dc5aed9dc8c62: No bootstrap required, opened a new log
I0918 20:39:17.888022 25604 raft_consensus.cc:340] T 00000000000000000000000000000000 P d38eb92d8be54a50953dc5aed9dc8c62 [term 0 FOLLOWER]: Replica starting. Triggering 0 pending transactions. Active config: opid_index: -1 OBSOLETE_local: false peers { permanent_uuid: "b8424e7d64a648f3952fd83c45ad7fc4" member_type: VOTER last_known_addr { host: "127.18.222.62" port: 36069 } } peers { permanent_uuid: "5f649e2399b743d9a53a42952539e941" member_type: VOTER last_known_addr { host: "127.18.222.61" port: 38137 } } peers { permanent_uuid: "d38eb92d8be54a50953dc5aed9dc8c62" member_type: VOTER last_known_addr { host: "127.18.222.60" port: 41641 } }
I0918 20:39:17.888533 25604 raft_consensus.cc:366] T 00000000000000000000000000000000 P d38eb92d8be54a50953dc5aed9dc8c62 [term 0 FOLLOWER]: Consensus starting up: Expiring failure detector timer to make a prompt election more likely
I0918 20:39:17.888710 25604 raft_consensus.cc:705] T 00000000000000000000000000000000 P d38eb92d8be54a50953dc5aed9dc8c62 [term 0 FOLLOWER]: Becoming Follower/Learner. State: Replica: d38eb92d8be54a50953dc5aed9dc8c62, State: Initialized, Role: FOLLOWER
I0918 20:39:17.889257 25604 consensus_queue.cc:229] T 00000000000000000000000000000000 P d38eb92d8be54a50953dc5aed9dc8c62 [NON_LEADER]: Queue going to NON_LEADER mode. State: All replicated index: 0, Majority replicated index: 0, Committed index: 0, Last appended: 0.0, Last appended by leader: 0, Current term: 0, Majority size: -1, State: 0, Mode: NON_LEADER, active raft config: opid_index: -1 OBSOLETE_local: false peers { permanent_uuid: "b8424e7d64a648f3952fd83c45ad7fc4" member_type: VOTER last_known_addr { host: "127.18.222.62" port: 36069 } } peers { permanent_uuid: "5f649e2399b743d9a53a42952539e941" member_type: VOTER last_known_addr { host: "127.18.222.61" port: 38137 } } peers { permanent_uuid: "d38eb92d8be54a50953dc5aed9dc8c62" member_type: VOTER last_known_addr { host: "127.18.222.60" port: 41641 } }
I0918 20:39:17.890830 25611 sys_catalog.cc:340] T 00000000000000000000000000000000 P d38eb92d8be54a50953dc5aed9dc8c62 [sys.catalog]: SysCatalogTable state changed. Reason: RaftConsensus started. Latest consensus state: current_term: 0 committed_config { opid_index: -1 OBSOLETE_local: false peers { permanent_uuid: "b8424e7d64a648f3952fd83c45ad7fc4" member_type: VOTER last_known_addr { host: "127.18.222.62" port: 36069 } } peers { permanent_uuid: "5f649e2399b743d9a53a42952539e941" member_type: VOTER last_known_addr { host: "127.18.222.61" port: 38137 } } peers { permanent_uuid: "d38eb92d8be54a50953dc5aed9dc8c62" member_type: VOTER last_known_addr { host: "127.18.222.60" port: 41641 } } }
I0918 20:39:17.891336 25611 sys_catalog.cc:343] T 00000000000000000000000000000000 P d38eb92d8be54a50953dc5aed9dc8c62 [sys.catalog]: This master's current role is: FOLLOWER
I0918 20:39:17.891913 25604 sys_catalog.cc:340] T 00000000000000000000000000000000 P d38eb92d8be54a50953dc5aed9dc8c62 [sys.catalog]: SysCatalogTable state changed. Reason: Started TabletReplica. Latest consensus state: current_term: 0 committed_config { opid_index: -1 OBSOLETE_local: false peers { permanent_uuid: "b8424e7d64a648f3952fd83c45ad7fc4" member_type: VOTER last_known_addr { host: "127.18.222.62" port: 36069 } } peers { permanent_uuid: "5f649e2399b743d9a53a42952539e941" member_type: VOTER last_known_addr { host: "127.18.222.61" port: 38137 } } peers { permanent_uuid: "d38eb92d8be54a50953dc5aed9dc8c62" member_type: VOTER last_known_addr { host: "127.18.222.60" port: 41641 } } }
I0918 20:39:17.892452 25604 sys_catalog.cc:343] T 00000000000000000000000000000000 P d38eb92d8be54a50953dc5aed9dc8c62 [sys.catalog]: This master's current role is: FOLLOWER
I0918 20:39:17.893373 25604 sys_catalog.cc:428] T 00000000000000000000000000000000 P d38eb92d8be54a50953dc5aed9dc8c62 [sys.catalog]: configured and running, proceeding with master startup.
I0918 20:39:17.894385 25612 catalog_manager.cc:569] Waiting for catalog manager background task thread to start: Service unavailable: Catalog manager is not initialized. State: Starting
I0918 20:39:17.931151 25489 consensus_peers.cc:617] Retrying to get permanent uuid for remote peer: member_type: VOTER last_known_addr { host: "127.18.222.60" port: 41641 } attempt: 3
I0918 20:39:17.946753 25489 tablet_bootstrap.cc:439] T 00000000000000000000000000000000 P b8424e7d64a648f3952fd83c45ad7fc4: Bootstrap starting.
I0918 20:39:17.949962 25489 tablet_bootstrap.cc:590] T 00000000000000000000000000000000 P b8424e7d64a648f3952fd83c45ad7fc4: No blocks or log segments found. Creating new log.
I0918 20:39:17.953495 25489 tablet_bootstrap.cc:439] T 00000000000000000000000000000000 P b8424e7d64a648f3952fd83c45ad7fc4: No bootstrap required, opened a new log
I0918 20:39:17.955193 25489 raft_consensus.cc:340] T 00000000000000000000000000000000 P b8424e7d64a648f3952fd83c45ad7fc4 [term 0 FOLLOWER]: Replica starting. Triggering 0 pending transactions. Active config: opid_index: -1 OBSOLETE_local: false peers { permanent_uuid: "b8424e7d64a648f3952fd83c45ad7fc4" member_type: VOTER last_known_addr { host: "127.18.222.62" port: 36069 } } peers { permanent_uuid: "5f649e2399b743d9a53a42952539e941" member_type: VOTER last_known_addr { host: "127.18.222.61" port: 38137 } } peers { permanent_uuid: "d38eb92d8be54a50953dc5aed9dc8c62" member_type: VOTER last_known_addr { host: "127.18.222.60" port: 41641 } }
I0918 20:39:17.955819 25489 raft_consensus.cc:366] T 00000000000000000000000000000000 P b8424e7d64a648f3952fd83c45ad7fc4 [term 0 FOLLOWER]: Consensus starting up: Expiring failure detector timer to make a prompt election more likely
I0918 20:39:17.956025 25489 raft_consensus.cc:705] T 00000000000000000000000000000000 P b8424e7d64a648f3952fd83c45ad7fc4 [term 0 FOLLOWER]: Becoming Follower/Learner. State: Replica: b8424e7d64a648f3952fd83c45ad7fc4, State: Initialized, Role: FOLLOWER
I0918 20:39:17.956569 25489 consensus_queue.cc:229] T 00000000000000000000000000000000 P b8424e7d64a648f3952fd83c45ad7fc4 [NON_LEADER]: Queue going to NON_LEADER mode. State: All replicated index: 0, Majority replicated index: 0, Committed index: 0, Last appended: 0.0, Last appended by leader: 0, Current term: 0, Majority size: -1, State: 0, Mode: NON_LEADER, active raft config: opid_index: -1 OBSOLETE_local: false peers { permanent_uuid: "b8424e7d64a648f3952fd83c45ad7fc4" member_type: VOTER last_known_addr { host: "127.18.222.62" port: 36069 } } peers { permanent_uuid: "5f649e2399b743d9a53a42952539e941" member_type: VOTER last_known_addr { host: "127.18.222.61" port: 38137 } } peers { permanent_uuid: "d38eb92d8be54a50953dc5aed9dc8c62" member_type: VOTER last_known_addr { host: "127.18.222.60" port: 41641 } }
I0918 20:39:17.958283 25489 sys_catalog.cc:340] T 00000000000000000000000000000000 P b8424e7d64a648f3952fd83c45ad7fc4 [sys.catalog]: SysCatalogTable state changed. Reason: Started TabletReplica. Latest consensus state: current_term: 0 committed_config { opid_index: -1 OBSOLETE_local: false peers { permanent_uuid: "b8424e7d64a648f3952fd83c45ad7fc4" member_type: VOTER last_known_addr { host: "127.18.222.62" port: 36069 } } peers { permanent_uuid: "5f649e2399b743d9a53a42952539e941" member_type: VOTER last_known_addr { host: "127.18.222.61" port: 38137 } } peers { permanent_uuid: "d38eb92d8be54a50953dc5aed9dc8c62" member_type: VOTER last_known_addr { host: "127.18.222.60" port: 41641 } } }
I0918 20:39:17.959030 25489 sys_catalog.cc:343] T 00000000000000000000000000000000 P b8424e7d64a648f3952fd83c45ad7fc4 [sys.catalog]: This master's current role is: FOLLOWER
I0918 20:39:17.958568 25614 sys_catalog.cc:340] T 00000000000000000000000000000000 P b8424e7d64a648f3952fd83c45ad7fc4 [sys.catalog]: SysCatalogTable state changed. Reason: RaftConsensus started. Latest consensus state: current_term: 0 committed_config { opid_index: -1 OBSOLETE_local: false peers { permanent_uuid: "b8424e7d64a648f3952fd83c45ad7fc4" member_type: VOTER last_known_addr { host: "127.18.222.62" port: 36069 } } peers { permanent_uuid: "5f649e2399b743d9a53a42952539e941" member_type: VOTER last_known_addr { host: "127.18.222.61" port: 38137 } } peers { permanent_uuid: "d38eb92d8be54a50953dc5aed9dc8c62" member_type: VOTER last_known_addr { host: "127.18.222.60" port: 41641 } } }
I0918 20:39:17.959400 25614 sys_catalog.cc:343] T 00000000000000000000000000000000 P b8424e7d64a648f3952fd83c45ad7fc4 [sys.catalog]: This master's current role is: FOLLOWER
I0918 20:39:17.960220 25489 sys_catalog.cc:428] T 00000000000000000000000000000000 P b8424e7d64a648f3952fd83c45ad7fc4 [sys.catalog]: configured and running, proceeding with master startup.
I0918 20:39:17.961304 19320 internal_mini_cluster.cc:166] Waiting to initialize catalog manager on master 1
I0918 20:39:17.961513 19320 internal_mini_cluster.cc:166] Waiting to initialize catalog manager on master 2
W0918 20:39:17.963438 25615 catalog_manager.cc:1155] T 00000000000000000000000000000000 P b8424e7d64a648f3952fd83c45ad7fc4: acquiring CA information for follower catalog manager: Not found: root CA entry not found
W0918 20:39:17.963766 25615 catalog_manager.cc:627] Not found: root CA entry not found: failed to prepare follower catalog manager, will retry
I0918 20:39:17.977556 19320 system_ntp.cc:193] NTP initialized. Skew: 500ppm Current error: 156092us
I0918 20:39:17.978055 19320 fs_manager.cc:263] Metadata directory not provided
I0918 20:39:17.978220 19320 fs_manager.cc:269] Using write-ahead log directory (fs_wal_dir) as metadata directory
I0918 20:39:17.978483 19320 server_base.cc:452] Could not load existing FS layout: Not found: could not find a healthy instance file
I0918 20:39:17.978606 19320 server_base.cc:453] Attempting to create new FS layout instead
I0918 20:39:17.979635 19320 fs_manager.cc:602] Generated new instance metadata in path /tmp/dist-test-task6lCVqo/test-tmp/ksck_remote-test.0.RemoteKsckTest.TestFilterOnNoTableCluster.1568839089958813-19320/minicluster-data/ts-0-root/instance: uuid: "c8bf460a227d45cabebe5bcdb8771950" format_stamp: "Formatted at 2019-09-18 20:39:17 on dist-test-slave-dist-test-slave-85lk"
I0918 20:39:17.989712 19320 fs_manager.cc:503] Time spent creating directory manager: real 0.010s user 0.009s sys 0.000s
I0918 20:39:17.991405 19320 file_cache.cc:465] Constructed file cache lbm with capacity 419430
I0918 20:39:18.000210 19320 fs_manager.cc:419] Time spent opening block manager: real 0.002s user 0.001s sys 0.000s
I0918 20:39:18.000445 19320 fs_manager.cc:436] Opened local filesystem: /tmp/dist-test-task6lCVqo/test-tmp/ksck_remote-test.0.RemoteKsckTest.TestFilterOnNoTableCluster.1568839089958813-19320/minicluster-data/ts-0-root uuid: "c8bf460a227d45cabebe5bcdb8771950" format_stamp: "Formatted at 2019-09-18 20:39:17 on dist-test-slave-dist-test-slave-85lk"
I0918 20:39:18.000727 19320 fs_report.cc:352] FS layout report -------------------- wal directory: /tmp/dist-test-task6lCVqo/test-tmp/ksck_remote-test.0.RemoteKsckTest.TestFilterOnNoTableCluster.1568839089958813-19320/minicluster-data/ts-0-root metadata directory: /tmp/dist-test-task6lCVqo/test-tmp/ksck_remote-test.0.RemoteKsckTest.TestFilterOnNoTableCluster.1568839089958813-19320/minicluster-data/ts-0-root 1 data directories: /tmp/dist-test-task6lCVqo/test-tmp/ksck_remote-test.0.RemoteKsckTest.TestFilterOnNoTableCluster.1568839089958813-19320/minicluster-data/ts-0-root/data Total live blocks: 0 Total live bytes: 0 Total live bytes (after alignment): 0 Total number of LBM containers: 0 (0 full) Did not check for missing blocks Did not check for orphaned blocks Total full LBM containers with extra space: 0 (0 repaired) Total full LBM container extra space in bytes: 0 (0 repaired) Total incomplete LBM containers: 0 (0 repaired) Total LBM partial records: 0 (0 repaired)
I0918 20:39:18.019582 19320 ts_tablet_manager.cc:383] Loaded tablet metadata (0 total tablets, 0 live tablets)
I0918 20:39:18.019774 19320 ts_tablet_manager.cc:403] Registered 0 tablets
I0918 20:39:18.039499 25611 raft_consensus.cc:472] T 00000000000000000000000000000000 P d38eb92d8be54a50953dc5aed9dc8c62 [term 0 FOLLOWER]: Starting pre-election (no leader contacted us within the election timeout)
I0918 20:39:18.040401 25611 raft_consensus.cc:494] T 00000000000000000000000000000000 P d38eb92d8be54a50953dc5aed9dc8c62 [term 0 FOLLOWER]: Starting pre-election with config: opid_index: -1 OBSOLETE_local: false peers { permanent_uuid: "b8424e7d64a648f3952fd83c45ad7fc4" member_type: VOTER last_known_addr { host: "127.18.222.62" port: 36069 } } peers { permanent_uuid: "5f649e2399b743d9a53a42952539e941" member_type: VOTER last_known_addr { host: "127.18.222.61" port: 38137 } } peers { permanent_uuid: "d38eb92d8be54a50953dc5aed9dc8c62" member_type: VOTER last_known_addr { host: "127.18.222.60" port: 41641 } }
I0918 20:39:18.042836 25611 leader_election.cc:296] T 00000000000000000000000000000000 P d38eb92d8be54a50953dc5aed9dc8c62 [CANDIDATE]: Term 1 pre-election: Requested pre-vote from peers b8424e7d64a648f3952fd83c45ad7fc4 (127.18.222.62:36069), 5f649e2399b743d9a53a42952539e941 (127.18.222.61:38137)
I0918 20:39:18.043473 25466 tablet_service.cc:1295] Received RequestConsensusVote() RPC: tablet_id: "00000000000000000000000000000000" candidate_uuid: "d38eb92d8be54a50953dc5aed9dc8c62" candidate_term: 1 candidate_status { last_received { term: 0 index: 0 } } ignore_live_leader: false dest_uuid: "b8424e7d64a648f3952fd83c45ad7fc4" is_pre_election: true
I0918 20:39:18.043848 25523 tablet_service.cc:1295] Received RequestConsensusVote() RPC: tablet_id: "00000000000000000000000000000000" candidate_uuid: "d38eb92d8be54a50953dc5aed9dc8c62" candidate_term: 1 candidate_status { last_received { term: 0 index: 0 } } ignore_live_leader: false dest_uuid: "5f649e2399b743d9a53a42952539e941" is_pre_election: true
I0918 20:39:18.044340 25466 raft_consensus.cc:2350] T 00000000000000000000000000000000 P b8424e7d64a648f3952fd83c45ad7fc4 [term 0 FOLLOWER]: Leader pre-election vote request: Granting yes vote for candidate d38eb92d8be54a50953dc5aed9dc8c62 in term 0.
I0918 20:39:18.044721 25523 raft_consensus.cc:2350] T 00000000000000000000000000000000 P 5f649e2399b743d9a53a42952539e941 [term 0 FOLLOWER]: Leader pre-election vote request: Granting yes vote for candidate d38eb92d8be54a50953dc5aed9dc8c62 in term 0.
I0918 20:39:18.045644 25554 leader_election.cc:310] T 00000000000000000000000000000000 P d38eb92d8be54a50953dc5aed9dc8c62 [CANDIDATE]: Term 1 pre-election: Election decided. Result: candidate won. Election summary: received 2 responses out of 3 voters: 2 yes votes; 0 no votes. yes voters: b8424e7d64a648f3952fd83c45ad7fc4, d38eb92d8be54a50953dc5aed9dc8c62; no voters:
I0918 20:39:18.046555 25611 raft_consensus.cc:2644] T 00000000000000000000000000000000 P d38eb92d8be54a50953dc5aed9dc8c62 [term 0 FOLLOWER]: Leader pre-election won for term 1
I0918 20:39:18.046923 25611 raft_consensus.cc:472] T 00000000000000000000000000000000 P d38eb92d8be54a50953dc5aed9dc8c62 [term 0 FOLLOWER]: Starting leader election (no leader contacted us within the election timeout)
I0918 20:39:18.047242 25611 raft_consensus.cc:2890] T 00000000000000000000000000000000 P d38eb92d8be54a50953dc5aed9dc8c62 [term 0 FOLLOWER]: Advancing to term 1
I0918 20:39:18.055893 25611 raft_consensus.cc:494] T 00000000000000000000000000000000 P d38eb92d8be54a50953dc5aed9dc8c62 [term 1 FOLLOWER]: Starting leader election with config: opid_index: -1 OBSOLETE_local: false peers { permanent_uuid: "b8424e7d64a648f3952fd83c45ad7fc4" member_type: VOTER last_known_addr { host: "127.18.222.62" port: 36069 } } peers { permanent_uuid: "5f649e2399b743d9a53a42952539e941" member_type: VOTER last_known_addr { host: "127.18.222.61" port: 38137 } } peers { permanent_uuid: "d38eb92d8be54a50953dc5aed9dc8c62" member_type: VOTER last_known_addr { host: "127.18.222.60" port: 41641 } }
I0918 20:39:18.058387 25611 leader_election.cc:296] T 00000000000000000000000000000000 P d38eb92d8be54a50953dc5aed9dc8c62 [CANDIDATE]: Term 1 election: Requested vote from peers b8424e7d64a648f3952fd83c45ad7fc4 (127.18.222.62:36069), 5f649e2399b743d9a53a42952539e941 (127.18.222.61:38137)
I0918 20:39:18.059046 25466 tablet_service.cc:1295] Received RequestConsensusVote() RPC: tablet_id: "00000000000000000000000000000000" candidate_uuid: "d38eb92d8be54a50953dc5aed9dc8c62" candidate_term: 1 candidate_status { last_received { term: 0 index: 0 } } ignore_live_leader: false dest_uuid: "b8424e7d64a648f3952fd83c45ad7fc4"
I0918 20:39:18.059231 25523 tablet_service.cc:1295] Received RequestConsensusVote() RPC: tablet_id: "00000000000000000000000000000000" candidate_uuid: "d38eb92d8be54a50953dc5aed9dc8c62" candidate_term: 1 candidate_status { last_received { term: 0 index: 0 } } ignore_live_leader: false dest_uuid: "5f649e2399b743d9a53a42952539e941"
I0918 20:39:18.059599 25466 raft_consensus.cc:2890] T 00000000000000000000000000000000 P b8424e7d64a648f3952fd83c45ad7fc4 [term 0 FOLLOWER]: Advancing to term 1
I0918 20:39:18.060170 25523 raft_consensus.cc:2890] T 00000000000000000000000000000000 P 5f649e2399b743d9a53a42952539e941 [term 0 FOLLOWER]: Advancing to term 1
I0918 20:39:18.066923 25523 raft_consensus.cc:2350] T 00000000000000000000000000000000 P 5f649e2399b743d9a53a42952539e941 [term 1 FOLLOWER]: Leader election vote request: Granting yes vote for candidate d38eb92d8be54a50953dc5aed9dc8c62 in term 1.
I0918 20:39:18.068363 25466 raft_consensus.cc:2350] T 00000000000000000000000000000000 P b8424e7d64a648f3952fd83c45ad7fc4 [term 1 FOLLOWER]: Leader election vote request: Granting yes vote for candidate d38eb92d8be54a50953dc5aed9dc8c62 in term 1.
I0918 20:39:18.068603 25552 leader_election.cc:310] T 00000000000000000000000000000000 P d38eb92d8be54a50953dc5aed9dc8c62 [CANDIDATE]: Term 1 election: Election decided. Result: candidate won. Election summary: received 2 responses out of 3 voters: 2 yes votes; 0 no votes. yes voters: 5f649e2399b743d9a53a42952539e941, d38eb92d8be54a50953dc5aed9dc8c62; no voters:
I0918 20:39:18.069561 25611 raft_consensus.cc:2644] T 00000000000000000000000000000000 P d38eb92d8be54a50953dc5aed9dc8c62 [term 1 FOLLOWER]: Leader election won for term 1
I0918 20:39:18.070950 25611 raft_consensus.cc:667] T 00000000000000000000000000000000 P d38eb92d8be54a50953dc5aed9dc8c62 [term 1 LEADER]: Becoming Leader. State: Replica: d38eb92d8be54a50953dc5aed9dc8c62, State: Running, Role: LEADER
I0918 20:39:18.071900 25611 consensus_queue.cc:206] T 00000000000000000000000000000000 P d38eb92d8be54a50953dc5aed9dc8c62 [LEADER]: Queue going to LEADER mode. State: All replicated index: 0, Majority replicated index: 0, Committed index: 0, Last appended: 0.0, Last appended by leader: 0, Current term: 1, Majority size: 2, State: 0, Mode: LEADER, active raft config: opid_index: -1 OBSOLETE_local: false peers { permanent_uuid: "b8424e7d64a648f3952fd83c45ad7fc4" member_type: VOTER last_known_addr { host: "127.18.222.62" port: 36069 } } peers { permanent_uuid: "5f649e2399b743d9a53a42952539e941" member_type: VOTER last_known_addr { host: "127.18.222.61" port: 38137 } } peers { permanent_uuid: "d38eb92d8be54a50953dc5aed9dc8c62" member_type: VOTER last_known_addr { host: "127.18.222.60" port: 41641 } }
I0918 20:39:18.076092 19320 rpc_server.cc:205] RPC server started. Bound to: 127.18.222.1:45671
I0918 20:39:18.079002 25677 sys_catalog.cc:340] T 00000000000000000000000000000000 P d38eb92d8be54a50953dc5aed9dc8c62 [sys.catalog]: SysCatalogTable state changed. Reason: New leader d38eb92d8be54a50953dc5aed9dc8c62. Latest consensus state: current_term: 1 leader_uuid: "d38eb92d8be54a50953dc5aed9dc8c62" committed_config { opid_index: -1 OBSOLETE_local: false peers { permanent_uuid: "b8424e7d64a648f3952fd83c45ad7fc4" member_type: VOTER last_known_addr { host: "127.18.222.62" port: 36069 } } peers { permanent_uuid: "5f649e2399b743d9a53a42952539e941" member_type: VOTER last_known_addr { host: "127.18.222.61" port: 38137 } } peers { permanent_uuid: "d38eb92d8be54a50953dc5aed9dc8c62" member_type: VOTER last_known_addr { host: "127.18.222.60" port: 41641 } } }
I0918 20:39:18.080013 25677 sys_catalog.cc:343] T 00000000000000000000000000000000 P d38eb92d8be54a50953dc5aed9dc8c62 [sys.catalog]: This master's current role is: LEADER
I0918 20:39:18.081652 19320 webserver.cc:374] Webserver started at http://127.18.222.1:46097/ using document root and password file
I0918 20:39:18.082685 25682 catalog_manager.cc:1086] Loading table and tablet metadata into memory...
I0918 20:39:18.092998 25682 catalog_manager.cc:1097] Initializing Kudu internal certificate authority...
I0918 20:39:18.112807 25684 heartbeater.cc:322] Connected to a master server at 127.18.222.61:38137
I0918 20:39:18.113199 25684 heartbeater.cc:406] Registering TS with master...
I0918 20:39:18.114567 25684 heartbeater.cc:455] Master 127.18.222.61:38137 requested a full tablet report, sending...
I0918 20:39:18.117393 25513 ts_manager.cc:186] Registered new tserver with Master: c8bf460a227d45cabebe5bcdb8771950 (127.18.222.1:45671)
I0918 20:39:18.122725 25683 heartbeater.cc:322] Connected to a master server at 127.18.222.60:41641
I0918 20:39:18.123073 25683 heartbeater.cc:406] Registering TS with master...
I0918 20:39:18.123250 25686 heartbeater.cc:322] Connected to a master server at 127.18.222.62:36069
I0918 20:39:18.123653 25686 heartbeater.cc:406] Registering TS with master...
I0918 20:39:18.123865 25683 heartbeater.cc:455] Master 127.18.222.60:41641 requested a full tablet report, sending...
I0918 20:39:18.124195 25686 heartbeater.cc:455] Master 127.18.222.62:36069 requested a full tablet report, sending...
I0918 20:39:18.126024 25571 ts_manager.cc:186] Registered new tserver with Master: c8bf460a227d45cabebe5bcdb8771950 (127.18.222.1:45671)
I0918 20:39:18.126858 25456 ts_manager.cc:186] Registered new tserver with Master: c8bf460a227d45cabebe5bcdb8771950 (127.18.222.1:45671)
I0918 20:39:18.129302 19320 system_ntp.cc:193] NTP initialized. Skew: 500ppm Current error: 156592us
I0918 20:39:18.129855 19320 fs_manager.cc:263] Metadata directory not provided
I0918 20:39:18.130085 19320 fs_manager.cc:269] Using write-ahead log directory (fs_wal_dir) as metadata directory
I0918 20:39:18.130393 19320 server_base.cc:452] Could not load existing FS layout: Not found: could not find a healthy instance file
I0918 20:39:18.130578 19320 server_base.cc:453] Attempting to create new FS layout instead
I0918 20:39:18.132122 19320 fs_manager.cc:602] Generated new instance metadata in path /tmp/dist-test-task6lCVqo/test-tmp/ksck_remote-test.0.RemoteKsckTest.TestFilterOnNoTableCluster.1568839089958813-19320/minicluster-data/ts-1-root/instance: uuid: "38427f7b42664adab4dfa31963a8b7c2" format_stamp: "Formatted at 2019-09-18 20:39:18 on dist-test-slave-dist-test-slave-85lk"
I0918 20:39:18.136355 25466 raft_consensus.cc:1184] T 00000000000000000000000000000000 P b8424e7d64a648f3952fd83c45ad7fc4 [term 1 FOLLOWER]: Refusing update from remote peer d38eb92d8be54a50953dc5aed9dc8c62: Log matching property violated. Preceding OpId in replica: term: 0 index: 0. Preceding OpId from leader: term: 1 index: 2. (index mismatch)
I0918 20:39:18.136386 25523 raft_consensus.cc:1184] T 00000000000000000000000000000000 P 5f649e2399b743d9a53a42952539e941 [term 1 FOLLOWER]: Refusing update from remote peer d38eb92d8be54a50953dc5aed9dc8c62: Log matching property violated. Preceding OpId in replica: term: 0 index: 0. Preceding OpId from leader: term: 1 index: 2. (index mismatch)
I0918 20:39:18.138099 25611 consensus_queue.cc:984] T 00000000000000000000000000000000 P d38eb92d8be54a50953dc5aed9dc8c62 [LEADER]: Connected to new peer: Peer: permanent_uuid: "b8424e7d64a648f3952fd83c45ad7fc4" member_type: VOTER last_known_addr { host: "127.18.222.62" port: 36069 }, Status: LMP_MISMATCH, Last received: 0.0, Next index: 1, Last known committed idx: 0, Time since last communication: 0.000s
I0918 20:39:18.139820 25677 consensus_queue.cc:984] T 00000000000000000000000000000000 P d38eb92d8be54a50953dc5aed9dc8c62 [LEADER]: Connected to new peer: Peer: permanent_uuid: "5f649e2399b743d9a53a42952539e941" member_type: VOTER last_known_addr { host: "127.18.222.61" port: 38137 }, Status: LMP_MISMATCH, Last received: 0.0, Next index: 1, Last known committed idx: 0, Time since last communication: 0.000s
I0918 20:39:18.149528 19320 fs_manager.cc:503] Time spent creating directory manager: real 0.017s user 0.016s sys 0.000s
I0918 20:39:18.152784 19320 file_cache.cc:465] Constructed file cache lbm with capacity 419430
I0918 20:39:18.153033 25614 sys_catalog.cc:340] T 00000000000000000000000000000000 P b8424e7d64a648f3952fd83c45ad7fc4 [sys.catalog]: SysCatalogTable state changed. Reason: New leader d38eb92d8be54a50953dc5aed9dc8c62. Latest consensus state: current_term: 1 leader_uuid: "d38eb92d8be54a50953dc5aed9dc8c62" committed_config { opid_index: -1 OBSOLETE_local: false peers { permanent_uuid: "b8424e7d64a648f3952fd83c45ad7fc4" member_type: VOTER last_known_addr { host: "127.18.222.62" port: 36069 } } peers { permanent_uuid: "5f649e2399b743d9a53a42952539e941" member_type: VOTER last_known_addr { host: "127.18.222.61" port: 38137 } } peers { permanent_uuid: "d38eb92d8be54a50953dc5aed9dc8c62" member_type: VOTER last_known_addr { host: "127.18.222.60" port: 41641 } } }
I0918 20:39:18.154088 25614 sys_catalog.cc:343] T 00000000000000000000000000000000 P b8424e7d64a648f3952fd83c45ad7fc4 [sys.catalog]: This master's current role is: FOLLOWER
I0918 20:39:18.154013 25608 sys_catalog.cc:340] T 00000000000000000000000000000000 P 5f649e2399b743d9a53a42952539e941 [sys.catalog]: SysCatalogTable state changed. Reason: New leader d38eb92d8be54a50953dc5aed9dc8c62. Latest consensus state: current_term: 1 leader_uuid: "d38eb92d8be54a50953dc5aed9dc8c62" committed_config { opid_index: -1 OBSOLETE_local: false peers { permanent_uuid: "b8424e7d64a648f3952fd83c45ad7fc4" member_type: VOTER last_known_addr { host: "127.18.222.62" port: 36069 } } peers { permanent_uuid: "5f649e2399b743d9a53a42952539e941" member_type: VOTER last_known_addr { host: "127.18.222.61" port: 38137 } } peers { permanent_uuid: "d38eb92d8be54a50953dc5aed9dc8c62" member_type: VOTER last_known_addr { host: "127.18.222.60" port: 41641 } } }
I0918 20:39:18.154739 25608 sys_catalog.cc:343] T 00000000000000000000000000000000 P 5f649e2399b743d9a53a42952539e941 [sys.catalog]: This master's current role is: FOLLOWER
I0918 20:39:18.179311 25614 sys_catalog.cc:340] T 00000000000000000000000000000000 P b8424e7d64a648f3952fd83c45ad7fc4 [sys.catalog]: SysCatalogTable state changed. Reason: Replicated consensus-only round. Latest consensus state: current_term: 1 leader_uuid: "d38eb92d8be54a50953dc5aed9dc8c62" committed_config { opid_index: -1 OBSOLETE_local: false peers { permanent_uuid: "b8424e7d64a648f3952fd83c45ad7fc4" member_type: VOTER last_known_addr { host: "127.18.222.62" port: 36069 } } peers { permanent_uuid: "5f649e2399b743d9a53a42952539e941" member_type: VOTER last_known_addr { host: "127.18.222.61" port: 38137 } } peers { permanent_uuid: "d38eb92d8be54a50953dc5aed9dc8c62" member_type: VOTER last_known_addr { host: "127.18.222.60" port: 41641 } } }
I0918 20:39:18.180435 25614 sys_catalog.cc:343] T 00000000000000000000000000000000 P b8424e7d64a648f3952fd83c45ad7fc4 [sys.catalog]: This master's current role is: FOLLOWER
I0918 20:39:18.184926 25611 sys_catalog.cc:340] T 00000000000000000000000000000000 P d38eb92d8be54a50953dc5aed9dc8c62 [sys.catalog]: SysCatalogTable state changed. Reason: Peer health change. Latest consensus state: current_term: 1 leader_uuid: "d38eb92d8be54a50953dc5aed9dc8c62" committed_config { opid_index: -1 OBSOLETE_local: false peers { permanent_uuid: "b8424e7d64a648f3952fd83c45ad7fc4" member_type: VOTER last_known_addr { host: "127.18.222.62" port: 36069 } } peers { permanent_uuid: "5f649e2399b743d9a53a42952539e941" member_type: VOTER last_known_addr { host: "127.18.222.61" port: 38137 } } peers { permanent_uuid: "d38eb92d8be54a50953dc5aed9dc8c62" member_type: VOTER last_known_addr { host: "127.18.222.60" port: 41641 } } }
I0918 20:39:18.186861 25611 sys_catalog.cc:343] T 00000000000000000000000000000000 P d38eb92d8be54a50953dc5aed9dc8c62 [sys.catalog]: This master's current role is: LEADER
I0918 20:39:18.188045 25611 sys_catalog.cc:340] T 00000000000000000000000000000000 P d38eb92d8be54a50953dc5aed9dc8c62 [sys.catalog]: SysCatalogTable state changed. Reason: Peer health change. Latest consensus state: current_term: 1 leader_uuid: "d38eb92d8be54a50953dc5aed9dc8c62" committed_config { opid_index: -1 OBSOLETE_local: false peers { permanent_uuid: "b8424e7d64a648f3952fd83c45ad7fc4" member_type: VOTER last_known_addr { host: "127.18.222.62" port: 36069 } } peers { permanent_uuid: "5f649e2399b743d9a53a42952539e941" member_type: VOTER last_known_addr { host: "127.18.222.61" port: 38137 } } peers { permanent_uuid: "d38eb92d8be54a50953dc5aed9dc8c62" member_type: VOTER last_known_addr { host: "127.18.222.60" port: 41641 } } }
I0918 20:39:18.188993 25611 sys_catalog.cc:343] T 00000000000000000000000000000000 P d38eb92d8be54a50953dc5aed9dc8c62 [sys.catalog]: This master's current role is: LEADER
I0918 20:39:18.191507 19320 fs_manager.cc:419] Time spent opening block manager: real 0.017s user 0.011s sys 0.004s
I0918 20:39:18.192014 19320 fs_manager.cc:436] Opened local filesystem: /tmp/dist-test-task6lCVqo/test-tmp/ksck_remote-test.0.RemoteKsckTest.TestFilterOnNoTableCluster.1568839089958813-19320/minicluster-data/ts-1-root uuid: "38427f7b42664adab4dfa31963a8b7c2" format_stamp: "Formatted at 2019-09-18 20:39:18 on dist-test-slave-dist-test-slave-85lk"
I0918 20:39:18.191615 25608 sys_catalog.cc:340] T 00000000000000000000000000000000 P 5f649e2399b743d9a53a42952539e941 [sys.catalog]: SysCatalogTable state changed. Reason: Replicated consensus-only round. Latest consensus state: current_term: 1 leader_uuid: "d38eb92d8be54a50953dc5aed9dc8c62" committed_config { opid_index: -1 OBSOLETE_local: false peers { permanent_uuid: "b8424e7d64a648f3952fd83c45ad7fc4" member_type: VOTER last_known_addr { host: "127.18.222.62" port: 36069 } } peers { permanent_uuid: "5f649e2399b743d9a53a42952539e941" member_type: VOTER last_known_addr { host: "127.18.222.61" port: 38137 } } peers { permanent_uuid: "d38eb92d8be54a50953dc5aed9dc8c62" member_type: VOTER last_known_addr { host: "127.18.222.60" port: 41641 } } }
I0918 20:39:18.193334 25608 sys_catalog.cc:343] T 00000000000000000000000000000000 P 5f649e2399b743d9a53a42952539e941 [sys.catalog]: This master's current role is: FOLLOWER
I0918 20:39:18.192399 19320 fs_report.cc:352] FS layout report -------------------- wal directory: /tmp/dist-test-task6lCVqo/test-tmp/ksck_remote-test.0.RemoteKsckTest.TestFilterOnNoTableCluster.1568839089958813-19320/minicluster-data/ts-1-root metadata directory: /tmp/dist-test-task6lCVqo/test-tmp/ksck_remote-test.0.RemoteKsckTest.TestFilterOnNoTableCluster.1568839089958813-19320/minicluster-data/ts-1-root 1 data directories: /tmp/dist-test-task6lCVqo/test-tmp/ksck_remote-test.0.RemoteKsckTest.TestFilterOnNoTableCluster.1568839089958813-19320/minicluster-data/ts-1-root/data Total live blocks: 0 Total live bytes: 0 Total live bytes (after alignment): 0 Total number of LBM containers: 0 (0 full) Did not check for missing blocks Did not check for orphaned blocks Total full LBM containers with extra space: 0 (0 repaired) Total full LBM container extra space in bytes: 0 (0 repaired) Total incomplete LBM containers: 0 (0 repaired) Total LBM partial records: 0 (0 repaired)
I0918 20:39:18.195596 25682 catalog_manager.cc:981] Generated new certificate authority record
I0918 20:39:18.197996 25682 catalog_manager.cc:1106] Loading token signing keys...
I0918 20:39:18.225986 25682 catalog_manager.cc:4446] T 00000000000000000000000000000000 P d38eb92d8be54a50953dc5aed9dc8c62: Generated new TSK 0
I0918 20:39:18.226826 25682 catalog_manager.cc:1116] Initializing in-progress tserver states...
I0918 20:39:18.231868 19320 ts_tablet_manager.cc:383] Loaded tablet metadata (0 total tablets, 0 live tablets)
I0918 20:39:18.232153 19320 ts_tablet_manager.cc:403] Registered 0 tablets
I0918 20:39:18.243607 25571 master_service.cc:276] Signed X509 certificate for tserver {username='slave'} at 127.0.0.1:57726
I0918 20:39:18.257938 25683 heartbeater.cc:447] Master 127.18.222.60:41641 was elected leader, sending a full tablet report...
I0918 20:39:18.283321 19320 rpc_server.cc:205] RPC server started. Bound to: 127.18.222.2:37907
I0918 20:39:18.285444 19320 webserver.cc:374] Webserver started at http://127.18.222.2:37885/ using document root and password file
I0918 20:39:18.317256 25763 heartbeater.cc:322] Connected to a master server at 127.18.222.60:41641
I0918 20:39:18.317839 25763 heartbeater.cc:406] Registering TS with master...
I0918 20:39:18.326516 25763 heartbeater.cc:455] Master 127.18.222.60:41641 requested a full tablet report, sending...
I0918 20:39:18.330425 25571 ts_manager.cc:186] Registered new tserver with Master: 38427f7b42664adab4dfa31963a8b7c2 (127.18.222.2:37907)
I0918 20:39:18.332746 25571 master_service.cc:276] Signed X509 certificate for tserver {username='slave'} at 127.0.0.1:57732
I0918 20:39:18.341840 25764 heartbeater.cc:322] Connected to a master server at 127.18.222.61:38137
I0918 20:39:18.342238 25764 heartbeater.cc:406] Registering TS with master...
I0918 20:39:18.343044 25764 heartbeater.cc:455] Master 127.18.222.61:38137 requested a full tablet report, sending...
I0918 20:39:18.345628 25513 ts_manager.cc:186] Registered new tserver with Master: 38427f7b42664adab4dfa31963a8b7c2 (127.18.222.2:37907)
I0918 20:39:18.348322 25766 heartbeater.cc:322] Connected to a master server at 127.18.222.62:36069
I0918 20:39:18.348644 25766 heartbeater.cc:406] Registering TS with master...
I0918 20:39:18.348644 25763 heartbeater.cc:447] Master 127.18.222.60:41641 was elected leader, sending a full tablet report...
I0918 20:39:18.352257 25766 heartbeater.cc:455] Master 127.18.222.62:36069 requested a full tablet report, sending...
I0918 20:39:18.354122 25455 ts_manager.cc:186] Registered new tserver with Master: 38427f7b42664adab4dfa31963a8b7c2 (127.18.222.2:37907)
I0918 20:39:18.357429 19320 system_ntp.cc:193] NTP initialized. Skew: 500ppm Current error: 156592us
I0918 20:39:18.357918 19320 fs_manager.cc:263] Metadata directory not provided
I0918 20:39:18.358129 19320 fs_manager.cc:269] Using write-ahead log directory (fs_wal_dir) as metadata directory
I0918 20:39:18.358387 19320 server_base.cc:452] Could not load existing FS layout: Not found: could not find a healthy instance file
I0918 20:39:18.358577 19320 server_base.cc:453] Attempting to create new FS layout instead
I0918 20:39:18.359972 19320 fs_manager.cc:602] Generated new instance metadata in path /tmp/dist-test-task6lCVqo/test-tmp/ksck_remote-test.0.RemoteKsckTest.TestFilterOnNoTableCluster.1568839089958813-19320/minicluster-data/ts-2-root/instance: uuid: "7d9b076d29dc4a24860e3f89aec6b4a0" format_stamp: "Formatted at 2019-09-18 20:39:18 on dist-test-slave-dist-test-slave-85lk"
I0918 20:39:18.374009 19320 fs_manager.cc:503] Time spent creating directory manager: real 0.013s user 0.013s sys 0.000s
I0918 20:39:18.376289 19320 file_cache.cc:465] Constructed file cache lbm with capacity 419430
I0918 20:39:18.386248 19320 fs_manager.cc:419] Time spent opening block manager: real 0.002s user 0.001s sys 0.000s
I0918 20:39:18.386533 19320 fs_manager.cc:436] Opened local filesystem: /tmp/dist-test-task6lCVqo/test-tmp/ksck_remote-test.0.RemoteKsckTest.TestFilterOnNoTableCluster.1568839089958813-19320/minicluster-data/ts-2-root uuid: "7d9b076d29dc4a24860e3f89aec6b4a0" format_stamp: "Formatted at 2019-09-18 20:39:18 on dist-test-slave-dist-test-slave-85lk"
I0918 20:39:18.386799 19320 fs_report.cc:352] FS layout report -------------------- wal directory: /tmp/dist-test-task6lCVqo/test-tmp/ksck_remote-test.0.RemoteKsckTest.TestFilterOnNoTableCluster.1568839089958813-19320/minicluster-data/ts-2-root metadata directory: /tmp/dist-test-task6lCVqo/test-tmp/ksck_remote-test.0.RemoteKsckTest.TestFilterOnNoTableCluster.1568839089958813-19320/minicluster-data/ts-2-root 1 data directories: /tmp/dist-test-task6lCVqo/test-tmp/ksck_remote-test.0.RemoteKsckTest.TestFilterOnNoTableCluster.1568839089958813-19320/minicluster-data/ts-2-root/data Total live blocks: 0 Total live bytes: 0 Total live bytes (after alignment): 0 Total number of LBM containers: 0 (0 full) Did not check for missing blocks Did not check for orphaned blocks Total full LBM containers with extra space: 0 (0 repaired) Total full LBM container extra space in bytes: 0 (0 repaired) Total incomplete LBM containers: 0 (0 repaired) Total LBM partial records: 0 (0 repaired)
I0918 20:39:18.419217 19320 ts_tablet_manager.cc:383] Loaded tablet metadata (0 total tablets, 0 live tablets)
I0918 20:39:18.419500 19320 ts_tablet_manager.cc:403] Registered 0 tablets
I0918 20:39:18.479599 19320 rpc_server.cc:205] RPC server started. Bound to: 127.18.222.3:46373
I0918 20:39:18.481701 19320 webserver.cc:374] Webserver started at http://127.18.222.3:45035/ using document root and password file
I0918 20:39:18.548889 25835 heartbeater.cc:322] Connected to a master server at 127.18.222.61:38137
I0918 20:39:18.549373 25835 heartbeater.cc:406] Registering TS with master...
I0918 20:39:18.549957 25835 heartbeater.cc:455] Master 127.18.222.61:38137 requested a full tablet report, sending...
I0918 20:39:18.552646 25513 ts_manager.cc:186] Registered new tserver with Master: 7d9b076d29dc4a24860e3f89aec6b4a0 (127.18.222.3:46373)
I0918 20:39:18.559962 25834 heartbeater.cc:322] Connected to a master server at 127.18.222.60:41641
I0918 20:39:18.560253 25834 heartbeater.cc:406] Registering TS with master...
I0918 20:39:18.560834 25834 heartbeater.cc:455] Master 127.18.222.60:41641 requested a full tablet report, sending...
I0918 20:39:18.561087 25837 heartbeater.cc:322] Connected to a master server at 127.18.222.62:36069
I0918 20:39:18.561436 25837 heartbeater.cc:406] Registering TS with master...
I0918 20:39:18.561959 25837 heartbeater.cc:455] Master 127.18.222.62:36069 requested a full tablet report, sending...
I0918 20:39:18.562440 25570 ts_manager.cc:186] Registered new tserver with Master: 7d9b076d29dc4a24860e3f89aec6b4a0 (127.18.222.3:46373)
I0918 20:39:18.564796 25570 master_service.cc:276] Signed X509 certificate for tserver {username='slave'} at 127.0.0.1:57738
I0918 20:39:18.564949 25455 ts_manager.cc:186] Registered new tserver with Master: 7d9b076d29dc4a24860e3f89aec6b4a0 (127.18.222.3:46373)
I0918 20:39:18.567631 19320 internal_mini_cluster.cc:328] 3 TS(s) registered with all masters after 0.026528791s
I0918 20:39:18.580261 25834 heartbeater.cc:447] Master 127.18.222.60:41641 was elected leader, sending a full tablet report...
