I0918 20:39:04.261234 24303 tablet_service.cc:1295] Received RequestConsensusVote() RPC: tablet_id: "f8c2642ea0304e688341b21aa88ecb49" candidate_uuid: "9ac9d6c4caff4b8dab06322af4fda065" candidate_term: 1 candidate_status { last_received { term: 0 index: 0 } } ignore_live_leader: false dest_uuid: "18903fadbbe345ee98fd47291e7835f4"
I0918 20:39:04.261919 24303 raft_consensus.cc:2890] T f8c2642ea0304e688341b21aa88ecb49 P 18903fadbbe345ee98fd47291e7835f4 [term 0 FOLLOWER]: Advancing to term 1
I0918 20:39:04.261739 24302 tablet_service.cc:1295] Received RequestConsensusVote() RPC: tablet_id: "384e39e1a8be4cabbdc4819e81ab4ea2" candidate_uuid: "18498189d0874c39adf8a1bcd497997a" candidate_term: 1 candidate_status { last_received { term: 0 index: 0 } } ignore_live_leader: false dest_uuid: "18903fadbbe345ee98fd47291e7835f4"
I0918 20:39:04.262408 24302 raft_consensus.cc:2890] T 384e39e1a8be4cabbdc4819e81ab4ea2 P 18903fadbbe345ee98fd47291e7835f4 [term 0 FOLLOWER]: Advancing to term 1
I0918 20:39:04.264051 24445 raft_consensus.cc:2350] T f8c2642ea0304e688341b21aa88ecb49 P 18498189d0874c39adf8a1bcd497997a [term 1 FOLLOWER]: Leader election vote request: Granting yes vote for candidate 9ac9d6c4caff4b8dab06322af4fda065 in term 1.
I0918 20:39:04.265583 24337 leader_election.cc:310] T f8c2642ea0304e688341b21aa88ecb49 P 9ac9d6c4caff4b8dab06322af4fda065 [CANDIDATE]: Term 1 election: Election decided. Result: candidate won. Election summary: received 2 responses out of 3 voters: 2 yes votes; 0 no votes. yes voters: 18498189d0874c39adf8a1bcd497997a, 9ac9d6c4caff4b8dab06322af4fda065; no voters:
I0918 20:39:04.266566 24494 raft_consensus.cc:2644] T f8c2642ea0304e688341b21aa88ecb49 P 9ac9d6c4caff4b8dab06322af4fda065 [term 1 FOLLOWER]: Leader election won for term 1
I0918 20:39:04.259173 24497 consensus_queue.cc:206] T 0602be5295b54b65ae9325757f5443af P 18498189d0874c39adf8a1bcd497997a [LEADER]: Queue going to LEADER mode. State: All replicated index: 0, Majority replicated index: 0, Committed index: 0, Last appended: 0.0, Last appended by leader: 0, Current term: 1, Majority size: 2, State: 0, Mode: LEADER, active raft config: opid_index: -1 OBSOLETE_local: false peers { permanent_uuid: "9ac9d6c4caff4b8dab06322af4fda065" member_type: VOTER last_known_addr { host: "127.18.222.2" port: 40761 } } peers { permanent_uuid: "18498189d0874c39adf8a1bcd497997a" member_type: VOTER last_known_addr { host: "127.18.222.3" port: 42283 } } peers { permanent_uuid: "18903fadbbe345ee98fd47291e7835f4" member_type: VOTER last_known_addr { host: "127.18.222.1" port: 33561 } }
I0918 20:39:04.270938 24302 raft_consensus.cc:2350] T 384e39e1a8be4cabbdc4819e81ab4ea2 P 18903fadbbe345ee98fd47291e7835f4 [term 1 FOLLOWER]: Leader election vote request: Granting yes vote for candidate 18498189d0874c39adf8a1bcd497997a in term 1.
I0918 20:39:04.275080 24407 leader_election.cc:310] T 384e39e1a8be4cabbdc4819e81ab4ea2 P 18498189d0874c39adf8a1bcd497997a [CANDIDATE]: Term 1 election: Election decided. Result: candidate won. Election summary: received 2 responses out of 3 voters: 2 yes votes; 0 no votes. yes voters: 18498189d0874c39adf8a1bcd497997a, 9ac9d6c4caff4b8dab06322af4fda065; no voters:
I0918 20:39:04.275970 24511 raft_consensus.cc:2644] T 384e39e1a8be4cabbdc4819e81ab4ea2 P 18498189d0874c39adf8a1bcd497997a [term 1 FOLLOWER]: Leader election won for term 1
I0918 20:39:04.279914 24494 raft_consensus.cc:667] T f8c2642ea0304e688341b21aa88ecb49 P 9ac9d6c4caff4b8dab06322af4fda065 [term 1 LEADER]: Becoming Leader. State: Replica: 9ac9d6c4caff4b8dab06322af4fda065, State: Running, Role: LEADER
I0918 20:39:04.281590 24303 raft_consensus.cc:2350] T f8c2642ea0304e688341b21aa88ecb49 P 18903fadbbe345ee98fd47291e7835f4 [term 1 FOLLOWER]: Leader election vote request: Granting yes vote for candidate 9ac9d6c4caff4b8dab06322af4fda065 in term 1.
I0918 20:39:04.281026 24494 consensus_queue.cc:206] T f8c2642ea0304e688341b21aa88ecb49 P 9ac9d6c4caff4b8dab06322af4fda065 [LEADER]: Queue going to LEADER mode. State: All replicated index: 0, Majority replicated index: 0, Committed index: 0, Last appended: 0.0, Last appended by leader: 0, Current term: 1, Majority size: 2, State: 0, Mode: LEADER, active raft config: opid_index: -1 OBSOLETE_local: false peers { permanent_uuid: "18903fadbbe345ee98fd47291e7835f4" member_type: VOTER last_known_addr { host: "127.18.222.1" port: 33561 } } peers { permanent_uuid: "9ac9d6c4caff4b8dab06322af4fda065" member_type: VOTER last_known_addr { host: "127.18.222.2" port: 40761 } } peers { permanent_uuid: "18498189d0874c39adf8a1bcd497997a" member_type: VOTER last_known_addr { host: "127.18.222.3" port: 42283 } }
I0918 20:39:04.283605 24511 raft_consensus.cc:667] T 384e39e1a8be4cabbdc4819e81ab4ea2 P 18498189d0874c39adf8a1bcd497997a [term 1 LEADER]: Becoming Leader. State: Replica: 18498189d0874c39adf8a1bcd497997a, State: Running, Role: LEADER
I0918 20:39:04.289573 24511 consensus_queue.cc:206] T 384e39e1a8be4cabbdc4819e81ab4ea2 P 18498189d0874c39adf8a1bcd497997a [LEADER]: Queue going to LEADER mode. State: All replicated index: 0, Majority replicated index: 0, Committed index: 0, Last appended: 0.0, Last appended by leader: 0, Current term: 1, Majority size: 2, State: 0, Mode: LEADER, active raft config: opid_index: -1 OBSOLETE_local: false peers { permanent_uuid: "18903fadbbe345ee98fd47291e7835f4" member_type: VOTER last_known_addr { host: "127.18.222.1" port: 33561 } } peers { permanent_uuid: "9ac9d6c4caff4b8dab06322af4fda065" member_type: VOTER last_known_addr { host: "127.18.222.2" port: 40761 } } peers { permanent_uuid: "18498189d0874c39adf8a1bcd497997a" member_type: VOTER last_known_addr { host: "127.18.222.3" port: 42283 } }
I0918 20:39:04.295543 24201 catalog_manager.cc:4131] T 0602be5295b54b65ae9325757f5443af P 18498189d0874c39adf8a1bcd497997a reported cstate change: term changed from 0 to 1, leader changed from to 18498189d0874c39adf8a1bcd497997a (127.18.222.3). New cstate: current_term: 1 leader_uuid: "18498189d0874c39adf8a1bcd497997a" committed_config { opid_index: -1 OBSOLETE_local: false peers { permanent_uuid: "9ac9d6c4caff4b8dab06322af4fda065" member_type: VOTER last_known_addr { host: "127.18.222.2" port: 40761 } health_report { overall_health: UNKNOWN } } peers { permanent_uuid: "18498189d0874c39adf8a1bcd497997a" member_type: VOTER last_known_addr { host: "127.18.222.3" port: 42283 } health_report { overall_health: HEALTHY } } peers { permanent_uuid: "18903fadbbe345ee98fd47291e7835f4" member_type: VOTER last_known_addr { host: "127.18.222.1" port: 33561 } health_report { overall_health: UNKNOWN } } }
I0918 20:39:04.299538 24203 catalog_manager.cc:4131] T f8c2642ea0304e688341b21aa88ecb49 P 9ac9d6c4caff4b8dab06322af4fda065 reported cstate change: term changed from 0 to 1, leader changed from to 9ac9d6c4caff4b8dab06322af4fda065 (127.18.222.2). New cstate: current_term: 1 leader_uuid: "9ac9d6c4caff4b8dab06322af4fda065" committed_config { opid_index: -1 OBSOLETE_local: false peers { permanent_uuid: "18903fadbbe345ee98fd47291e7835f4" member_type: VOTER last_known_addr { host: "127.18.222.1" port: 33561 } health_report { overall_health: UNKNOWN } } peers { permanent_uuid: "9ac9d6c4caff4b8dab06322af4fda065" member_type: VOTER last_known_addr { host: "127.18.222.2" port: 40761 } health_report { overall_health: HEALTHY } } peers { permanent_uuid: "18498189d0874c39adf8a1bcd497997a" member_type: VOTER last_known_addr { host: "127.18.222.3" port: 42283 } health_report { overall_health: UNKNOWN } } }
I0918 20:39:04.344126 24201 catalog_manager.cc:4131] T 384e39e1a8be4cabbdc4819e81ab4ea2 P 18498189d0874c39adf8a1bcd497997a reported cstate change: term changed from 0 to 1, leader changed from to 18498189d0874c39adf8a1bcd497997a (127.18.222.3). New cstate: current_term: 1 leader_uuid: "18498189d0874c39adf8a1bcd497997a" committed_config { opid_index: -1 OBSOLETE_local: false peers { permanent_uuid: "18903fadbbe345ee98fd47291e7835f4" member_type: VOTER last_known_addr { host: "127.18.222.1" port: 33561 } health_report { overall_health: UNKNOWN } } peers { permanent_uuid: "9ac9d6c4caff4b8dab06322af4fda065" member_type: VOTER last_known_addr { host: "127.18.222.2" port: 40761 } health_report { overall_health: UNKNOWN } } peers { permanent_uuid: "18498189d0874c39adf8a1bcd497997a" member_type: VOTER last_known_addr { host: "127.18.222.3" port: 42283 } health_report { overall_health: HEALTHY } } }
I0918 20:39:04.675149 24494 consensus_queue.cc:984] T f8c2642ea0304e688341b21aa88ecb49 P 9ac9d6c4caff4b8dab06322af4fda065 [LEADER]: Connected to new peer: Peer: permanent_uuid: "18498189d0874c39adf8a1bcd497997a" member_type: VOTER last_known_addr { host: "127.18.222.3" port: 42283 }, Status: LMP_MISMATCH, Last received: 0.0, Next index: 1, Last known committed idx: 0, Time since last communication: 0.000s
I0918 20:39:04.680814 24512 consensus_queue.cc:984] T f8c2642ea0304e688341b21aa88ecb49 P 9ac9d6c4caff4b8dab06322af4fda065 [LEADER]: Connected to new peer: Peer: permanent_uuid: "18903fadbbe345ee98fd47291e7835f4" member_type: VOTER last_known_addr { host: "127.18.222.1" port: 33561 }, Status: LMP_MISMATCH, Last received: 0.0, Next index: 1, Last known committed idx: 0, Time since last communication: 0.002s
I0918 20:39:04.746016 24511 consensus_queue.cc:984] T 0602be5295b54b65ae9325757f5443af P 18498189d0874c39adf8a1bcd497997a [LEADER]: Connected to new peer: Peer: permanent_uuid: "9ac9d6c4caff4b8dab06322af4fda065" member_type: VOTER last_known_addr { host: "127.18.222.2" port: 40761 }, Status: LMP_MISMATCH, Last received: 0.0, Next index: 1, Last known committed idx: 0, Time since last communication: 0.000s
I0918 20:39:04.782402 24511 consensus_queue.cc:984] T 0602be5295b54b65ae9325757f5443af P 18498189d0874c39adf8a1bcd497997a [LEADER]: Connected to new peer: Peer: permanent_uuid: "18903fadbbe345ee98fd47291e7835f4" member_type: VOTER last_known_addr { host: "127.18.222.1" port: 33561 }, Status: LMP_MISMATCH, Last received: 0.0, Next index: 1, Last known committed idx: 0, Time since last communication: 0.000s
I0918 20:39:04.895404 24511 consensus_queue.cc:984] T 384e39e1a8be4cabbdc4819e81ab4ea2 P 18498189d0874c39adf8a1bcd497997a [LEADER]: Connected to new peer: Peer: permanent_uuid: "9ac9d6c4caff4b8dab06322af4fda065" member_type: VOTER last_known_addr { host: "127.18.222.2" port: 40761 }, Status: LMP_MISMATCH, Last received: 0.0, Next index: 1, Last known committed idx: 0, Time since last communication: 0.000s
I0918 20:39:04.940927 24554 consensus_queue.cc:984] T 384e39e1a8be4cabbdc4819e81ab4ea2 P 18498189d0874c39adf8a1bcd497997a [LEADER]: Connected to new peer: Peer: permanent_uuid: "18903fadbbe345ee98fd47291e7835f4" member_type: VOTER last_known_addr { host: "127.18.222.1" port: 33561 }, Status: LMP_MISMATCH, Last received: 0.0, Next index: 1, Last known committed idx: 0, Time since last communication: 0.021s
I0918 20:39:04.994421 19320 master.cc:247] Master@127.18.222.60:46245 shutting down...
I0918 20:39:04.995344 24186 messenger.cc:381] Service unavailable: service kudu.master.MasterService not registered on Master
I0918 20:39:05.004082 24188 messenger.cc:381] Service unavailable: service kudu.master.MasterService not registered on Master
I0918 20:39:05.013025 24187 messenger.cc:381] Service unavailable: service kudu.master.MasterService not registered on Master
I0918 20:39:05.014081 24188 messenger.cc:381] Service unavailable: service kudu.master.MasterService not registered on Master
I0918 20:39:05.014891 24186 messenger.cc:381] Service unavailable: service kudu.master.MasterService not registered on Master
I0918 20:39:05.028894 24187 messenger.cc:381] Service unavailable: service kudu.master.MasterService not registered on Master
I0918 20:39:05.029181 24186 messenger.cc:381] Service unavailable: service kudu.master.MasterService not registered on Master
I0918 20:39:05.036792 24188 messenger.cc:381] Service unavailable: service kudu.master.MasterService not registered on Master
I0918 20:39:05.044672 24187 messenger.cc:381] Service unavailable: service kudu.master.MasterService not registered on Master
I0918 20:39:05.045874 24186 messenger.cc:381] Service unavailable: service kudu.master.MasterService not registered on Master
I0918 20:39:05.050618 24188 messenger.cc:381] Service unavailable: service kudu.master.MasterService not registered on Master
I0918 20:39:05.059298 24187 messenger.cc:381] Service unavailable: service kudu.master.MasterService not registered on Master
I0918 20:39:05.060256 24186 messenger.cc:381] Service unavailable: service kudu.master.MasterService not registered on Master
I0918 20:39:05.065058 24188 messenger.cc:381] Service unavailable: service kudu.master.MasterService not registered on Master
I0918 20:39:05.067538 19320 raft_consensus.cc:2147] T 00000000000000000000000000000000 P 2fe1f99a02a849dca2a9e9aa4ed858dc [term 1 LEADER]: Raft consensus shutting down.
I0918 20:39:05.068504 19320 raft_consensus.cc:2174] T 00000000000000000000000000000000 P 2fe1f99a02a849dca2a9e9aa4ed858dc [term 1 FOLLOWER]: Raft consensus is shut down!
I0918 20:39:05.068789 19320 tablet_replica.cc:273] T 00000000000000000000000000000000 P 2fe1f99a02a849dca2a9e9aa4ed858dc: stopping tablet replica
I0918 20:39:05.072697 24187 messenger.cc:381] Service unavailable: service kudu.master.MasterService not registered on Master
I0918 20:39:05.074774 24186 messenger.cc:381] Service unavailable: service kudu.master.MasterService not registered on Master
I0918 20:39:05.077895 24188 messenger.cc:381] Service unavailable: service kudu.master.MasterService not registered on Master
I0918 20:39:05.100632 19320 master.cc:258] Master@127.18.222.60:46245 shutdown complete.
I0918 20:39:06.340607 24572 raft_consensus.cc:472] T 00000000000000000000000000000000 P 17f33eef4f4c4000a2dc645ff32512d7 [term 1 FOLLOWER]: Starting pre-election (detected failure of leader 2fe1f99a02a849dca2a9e9aa4ed858dc)
I0918 20:39:06.341159 24572 raft_consensus.cc:494] T 00000000000000000000000000000000 P 17f33eef4f4c4000a2dc645ff32512d7 [term 1 FOLLOWER]: Starting pre-election with config: opid_index: -1 OBSOLETE_local: false peers { permanent_uuid: "17f33eef4f4c4000a2dc645ff32512d7" member_type: VOTER last_known_addr { host: "127.18.222.62" port: 43565 } } peers { permanent_uuid: "b69dbcabcdda4e728f542c193ca7b1b2" member_type: VOTER last_known_addr { host: "127.18.222.61" port: 39201 } } peers { permanent_uuid: "2fe1f99a02a849dca2a9e9aa4ed858dc" member_type: VOTER last_known_addr { host: "127.18.222.60" port: 46245 } }
I0918 20:39:06.342857 24572 leader_election.cc:296] T 00000000000000000000000000000000 P 17f33eef4f4c4000a2dc645ff32512d7 [CANDIDATE]: Term 2 pre-election: Requested pre-vote from peers b69dbcabcdda4e728f542c193ca7b1b2 (127.18.222.61:39201), 2fe1f99a02a849dca2a9e9aa4ed858dc (127.18.222.60:46245)
I0918 20:39:06.343667 24156 tablet_service.cc:1295] Received RequestConsensusVote() RPC: tablet_id: "00000000000000000000000000000000" candidate_uuid: "17f33eef4f4c4000a2dc645ff32512d7" candidate_term: 2 candidate_status { last_received { term: 1 index: 8 } } ignore_live_leader: false dest_uuid: "b69dbcabcdda4e728f542c193ca7b1b2" is_pre_election: true
I0918 20:39:06.344667 24156 raft_consensus.cc:2311] T 00000000000000000000000000000000 P b69dbcabcdda4e728f542c193ca7b1b2 [term 1 FOLLOWER]: Leader pre-election vote request: Denying vote to candidate 17f33eef4f4c4000a2dc645ff32512d7 for term 2 because replica is either leader or believes a valid leader to be alive.
W0918 20:39:06.345911 24071 leader_election.cc:341] T 00000000000000000000000000000000 P 17f33eef4f4c4000a2dc645ff32512d7 [CANDIDATE]: Term 2 pre-election: RPC error from VoteRequest() call to peer 2fe1f99a02a849dca2a9e9aa4ed858dc (127.18.222.60:46245): Network error: Client connection negotiation failed: client connection to 127.18.222.60:46245: connect: Connection refused (error 111)
I0918 20:39:06.346719 24070 leader_election.cc:310] T 00000000000000000000000000000000 P 17f33eef4f4c4000a2dc645ff32512d7 [CANDIDATE]: Term 2 pre-election: Election decided. Result: candidate lost. Election summary: received 3 responses out of 3 voters: 1 yes votes; 2 no votes. yes voters: 17f33eef4f4c4000a2dc645ff32512d7; no voters: 2fe1f99a02a849dca2a9e9aa4ed858dc, b69dbcabcdda4e728f542c193ca7b1b2
I0918 20:39:06.347487 24572 raft_consensus.cc:2592] T 00000000000000000000000000000000 P 17f33eef4f4c4000a2dc645ff32512d7 [term 1 FOLLOWER]: Leader pre-election lost for term 2. Reason: could not achieve majority
I0918 20:39:06.468705 24574 raft_consensus.cc:472] T 00000000000000000000000000000000 P b69dbcabcdda4e728f542c193ca7b1b2 [term 1 FOLLOWER]: Starting pre-election (detected failure of leader 2fe1f99a02a849dca2a9e9aa4ed858dc)
I0918 20:39:06.469126 24574 raft_consensus.cc:494] T 00000000000000000000000000000000 P b69dbcabcdda4e728f542c193ca7b1b2 [term 1 FOLLOWER]: Starting pre-election with config: opid_index: -1 OBSOLETE_local: false peers { permanent_uuid: "17f33eef4f4c4000a2dc645ff32512d7" member_type: VOTER last_known_addr { host: "127.18.222.62" port: 43565 } } peers { permanent_uuid: "b69dbcabcdda4e728f542c193ca7b1b2" member_type: VOTER last_known_addr { host: "127.18.222.61" port: 39201 } } peers { permanent_uuid: "2fe1f99a02a849dca2a9e9aa4ed858dc" member_type: VOTER last_known_addr { host: "127.18.222.60" port: 46245 } }
I0918 20:39:06.470829 24574 leader_election.cc:296] T 00000000000000000000000000000000 P b69dbcabcdda4e728f542c193ca7b1b2 [CANDIDATE]: Term 2 pre-election: Requested pre-vote from peers 17f33eef4f4c4000a2dc645ff32512d7 (127.18.222.62:43565), 2fe1f99a02a849dca2a9e9aa4ed858dc (127.18.222.60:46245)
I0918 20:39:06.471508 24098 tablet_service.cc:1295] Received RequestConsensusVote() RPC: tablet_id: "00000000000000000000000000000000" candidate_uuid: "b69dbcabcdda4e728f542c193ca7b1b2" candidate_term: 2 candidate_status { last_received { term: 1 index: 8 } } ignore_live_leader: false dest_uuid: "17f33eef4f4c4000a2dc645ff32512d7" is_pre_election: true
I0918 20:39:06.472402 24098 raft_consensus.cc:2350] T 00000000000000000000000000000000 P 17f33eef4f4c4000a2dc645ff32512d7 [term 1 FOLLOWER]: Leader pre-election vote request: Granting yes vote for candidate b69dbcabcdda4e728f542c193ca7b1b2 in term 1.
W0918 20:39:06.473170 24128 leader_election.cc:341] T 00000000000000000000000000000000 P b69dbcabcdda4e728f542c193ca7b1b2 [CANDIDATE]: Term 2 pre-election: RPC error from VoteRequest() call to peer 2fe1f99a02a849dca2a9e9aa4ed858dc (127.18.222.60:46245): Network error: Client connection negotiation failed: client connection to 127.18.222.60:46245: connect: Connection refused (error 111)
I0918 20:39:06.473897 24128 leader_election.cc:310] T 00000000000000000000000000000000 P b69dbcabcdda4e728f542c193ca7b1b2 [CANDIDATE]: Term 2 pre-election: Election decided. Result: candidate won. Election summary: received 3 responses out of 3 voters: 2 yes votes; 1 no votes. yes voters: 17f33eef4f4c4000a2dc645ff32512d7, b69dbcabcdda4e728f542c193ca7b1b2; no voters: 2fe1f99a02a849dca2a9e9aa4ed858dc
I0918 20:39:06.475091 24574 raft_consensus.cc:2644] T 00000000000000000000000000000000 P b69dbcabcdda4e728f542c193ca7b1b2 [term 1 FOLLOWER]: Leader pre-election won for term 2
I0918 20:39:06.475433 24574 raft_consensus.cc:472] T 00000000000000000000000000000000 P b69dbcabcdda4e728f542c193ca7b1b2 [term 1 FOLLOWER]: Starting leader election (detected failure of leader 2fe1f99a02a849dca2a9e9aa4ed858dc)
I0918 20:39:06.475891 24574 raft_consensus.cc:2890] T 00000000000000000000000000000000 P b69dbcabcdda4e728f542c193ca7b1b2 [term 1 FOLLOWER]: Advancing to term 2
I0918 20:39:06.481504 24574 raft_consensus.cc:494] T 00000000000000000000000000000000 P b69dbcabcdda4e728f542c193ca7b1b2 [term 2 FOLLOWER]: Starting leader election with config: opid_index: -1 OBSOLETE_local: false peers { permanent_uuid: "17f33eef4f4c4000a2dc645ff32512d7" member_type: VOTER last_known_addr { host: "127.18.222.62" port: 43565 } } peers { permanent_uuid: "b69dbcabcdda4e728f542c193ca7b1b2" member_type: VOTER last_known_addr { host: "127.18.222.61" port: 39201 } } peers { permanent_uuid: "2fe1f99a02a849dca2a9e9aa4ed858dc" member_type: VOTER last_known_addr { host: "127.18.222.60" port: 46245 } }
I0918 20:39:06.483994 24098 tablet_service.cc:1295] Received RequestConsensusVote() RPC: tablet_id: "00000000000000000000000000000000" candidate_uuid: "b69dbcabcdda4e728f542c193ca7b1b2" candidate_term: 2 candidate_status { last_received { term: 1 index: 8 } } ignore_live_leader: false dest_uuid: "17f33eef4f4c4000a2dc645ff32512d7"
I0918 20:39:06.484617 24098 raft_consensus.cc:2890] T 00000000000000000000000000000000 P 17f33eef4f4c4000a2dc645ff32512d7 [term 1 FOLLOWER]: Advancing to term 2
W0918 20:39:06.486959 24128 leader_election.cc:341] T 00000000000000000000000000000000 P b69dbcabcdda4e728f542c193ca7b1b2 [CANDIDATE]: Term 2 election: RPC error from VoteRequest() call to peer 2fe1f99a02a849dca2a9e9aa4ed858dc (127.18.222.60:46245): Network error: Client connection negotiation failed: client connection to 127.18.222.60:46245: connect: Connection refused (error 111)
I0918 20:39:06.486953 24574 leader_election.cc:296] T 00000000000000000000000000000000 P b69dbcabcdda4e728f542c193ca7b1b2 [CANDIDATE]: Term 2 election: Requested vote from peers 17f33eef4f4c4000a2dc645ff32512d7 (127.18.222.62:43565), 2fe1f99a02a849dca2a9e9aa4ed858dc (127.18.222.60:46245)
I0918 20:39:06.490013 24098 raft_consensus.cc:2350] T 00000000000000000000000000000000 P 17f33eef4f4c4000a2dc645ff32512d7 [term 2 FOLLOWER]: Leader election vote request: Granting yes vote for candidate b69dbcabcdda4e728f542c193ca7b1b2 in term 2.
I0918 20:39:06.490944 24128 leader_election.cc:310] T 00000000000000000000000000000000 P b69dbcabcdda4e728f542c193ca7b1b2 [CANDIDATE]: Term 2 election: Election decided. Result: candidate won. Election summary: received 3 responses out of 3 voters: 2 yes votes; 1 no votes. yes voters: 17f33eef4f4c4000a2dc645ff32512d7, b69dbcabcdda4e728f542c193ca7b1b2; no voters: 2fe1f99a02a849dca2a9e9aa4ed858dc
I0918 20:39:06.492738 24574 raft_consensus.cc:2644] T 00000000000000000000000000000000 P b69dbcabcdda4e728f542c193ca7b1b2 [term 2 FOLLOWER]: Leader election won for term 2
I0918 20:39:06.495005 24574 raft_consensus.cc:667] T 00000000000000000000000000000000 P b69dbcabcdda4e728f542c193ca7b1b2 [term 2 LEADER]: Becoming Leader. State: Replica: b69dbcabcdda4e728f542c193ca7b1b2, State: Running, Role: LEADER
I0918 20:39:06.495810 24574 consensus_queue.cc:206] T 00000000000000000000000000000000 P b69dbcabcdda4e728f542c193ca7b1b2 [LEADER]: Queue going to LEADER mode. State: All replicated index: 0, Majority replicated index: 8, Committed index: 8, Last appended: 1.8, Last appended by leader: 8, Current term: 2, Majority size: 2, State: 0, Mode: LEADER, active raft config: opid_index: -1 OBSOLETE_local: false peers { permanent_uuid: "17f33eef4f4c4000a2dc645ff32512d7" member_type: VOTER last_known_addr { host: "127.18.222.62" port: 43565 } } peers { permanent_uuid: "b69dbcabcdda4e728f542c193ca7b1b2" member_type: VOTER last_known_addr { host: "127.18.222.61" port: 39201 } } peers { permanent_uuid: "2fe1f99a02a849dca2a9e9aa4ed858dc" member_type: VOTER last_known_addr { host: "127.18.222.60" port: 46245 } }
I0918 20:39:06.501700 24576 sys_catalog.cc:340] T 00000000000000000000000000000000 P b69dbcabcdda4e728f542c193ca7b1b2 [sys.catalog]: SysCatalogTable state changed. Reason: New leader b69dbcabcdda4e728f542c193ca7b1b2. Latest consensus state: current_term: 2 leader_uuid: "b69dbcabcdda4e728f542c193ca7b1b2" committed_config { opid_index: -1 OBSOLETE_local: false peers { permanent_uuid: "17f33eef4f4c4000a2dc645ff32512d7" member_type: VOTER last_known_addr { host: "127.18.222.62" port: 43565 } } peers { permanent_uuid: "b69dbcabcdda4e728f542c193ca7b1b2" member_type: VOTER last_known_addr { host: "127.18.222.61" port: 39201 } } peers { permanent_uuid: "2fe1f99a02a849dca2a9e9aa4ed858dc" member_type: VOTER last_known_addr { host: "127.18.222.60" port: 46245 } } }
I0918 20:39:06.507611 24576 sys_catalog.cc:343] T 00000000000000000000000000000000 P b69dbcabcdda4e728f542c193ca7b1b2 [sys.catalog]: This master's current role is: LEADER
I0918 20:39:06.513016 24578 catalog_manager.cc:1086] Loading table and tablet metadata into memory...
I0918 20:39:06.517441 24578 catalog_manager.cc:387] Loaded metadata for table ksck-test-table [id=a4f242a4ca084f94b9e61f19e3fac22a]
I0918 20:39:06.524116 24578 catalog_manager.cc:441] Loaded metadata for tablet 0602be5295b54b65ae9325757f5443af (table ksck-test-table [id=a4f242a4ca084f94b9e61f19e3fac22a])
I0918 20:39:06.525110 24578 catalog_manager.cc:441] Loaded metadata for tablet 384e39e1a8be4cabbdc4819e81ab4ea2 (table ksck-test-table [id=a4f242a4ca084f94b9e61f19e3fac22a])
I0918 20:39:06.526021 24578 catalog_manager.cc:441] Loaded metadata for tablet f8c2642ea0304e688341b21aa88ecb49 (table ksck-test-table [id=a4f242a4ca084f94b9e61f19e3fac22a])
I0918 20:39:06.526810 24578 catalog_manager.cc:1097] Initializing Kudu internal certificate authority...
I0918 20:39:06.531090 24578 catalog_manager.cc:1106] Loading token signing keys...
I0918 20:39:06.534134 24578 catalog_manager.cc:4457] T 00000000000000000000000000000000 P b69dbcabcdda4e728f542c193ca7b1b2: Loaded TSK: 0
I0918 20:39:06.535518 24578 catalog_manager.cc:1116] Initializing in-progress tserver states...
I0918 20:39:06.552620 24398 heartbeater.cc:447] Master 127.18.222.61:39201 was elected leader, sending a full tablet report...
I0918 20:39:06.553442 24469 heartbeater.cc:447] Master 127.18.222.61:39201 was elected leader, sending a full tablet report...
I0918 20:39:06.557121 24327 heartbeater.cc:447] Master 127.18.222.61:39201 was elected leader, sending a full tablet report...
I0918 20:39:06.735453 19320 tablet_server.cc:155] TabletServer shutting down...
I0918 20:39:06.784431 19320 ts_tablet_manager.cc:1159] Shutting down tablet manager...
I0918 20:39:06.784869 19320 tablet_replica.cc:273] T f8c2642ea0304e688341b21aa88ecb49 P 18903fadbbe345ee98fd47291e7835f4: stopping tablet replica
I0918 20:39:06.785429 19320 raft_consensus.cc:2147] T f8c2642ea0304e688341b21aa88ecb49 P 18903fadbbe345ee98fd47291e7835f4 [term 1 FOLLOWER]: Raft consensus shutting down.
I0918 20:39:06.785866 19320 raft_consensus.cc:2174] T f8c2642ea0304e688341b21aa88ecb49 P 18903fadbbe345ee98fd47291e7835f4 [term 1 FOLLOWER]: Raft consensus is shut down!
I0918 20:39:06.788242 19320 tablet_replica.cc:273] T 384e39e1a8be4cabbdc4819e81ab4ea2 P 18903fadbbe345ee98fd47291e7835f4: stopping tablet replica
I0918 20:39:06.788568 19320 raft_consensus.cc:2147] T 384e39e1a8be4cabbdc4819e81ab4ea2 P 18903fadbbe345ee98fd47291e7835f4 [term 1 FOLLOWER]: Raft consensus shutting down.
I0918 20:39:06.788877 19320 raft_consensus.cc:2174] T 384e39e1a8be4cabbdc4819e81ab4ea2 P 18903fadbbe345ee98fd47291e7835f4 [term 1 FOLLOWER]: Raft consensus is shut down!
I0918 20:39:06.790839 19320 tablet_replica.cc:273] T 0602be5295b54b65ae9325757f5443af P 18903fadbbe345ee98fd47291e7835f4: stopping tablet replica
I0918 20:39:06.791188 19320 raft_consensus.cc:2147] T 0602be5295b54b65ae9325757f5443af P 18903fadbbe345ee98fd47291e7835f4 [term 1 FOLLOWER]: Raft consensus shutting down.
I0918 20:39:06.791441 19320 raft_consensus.cc:2174] T 0602be5295b54b65ae9325757f5443af P 18903fadbbe345ee98fd47291e7835f4 [term 1 FOLLOWER]: Raft consensus is shut down!
I0918 20:39:06.815899 19320 tablet_server.cc:169] TabletServer shutdown complete.
I0918 20:39:06.816164 19320 tablet_server.cc:155] TabletServer shutting down...
I0918 20:39:06.816566 19320 tablet_server.cc:169] TabletServer shutdown complete.
I0918 20:39:06.829246 19320 tablet_server.cc:155] TabletServer shutting down...
I0918 20:39:06.852295 24335 messenger.cc:381] Service unavailable: service kudu.consensus.ConsensusService not registered on TabletServer
W0918 20:39:06.855304 24407 consensus_peers.cc:458] T 0602be5295b54b65ae9325757f5443af P 18498189d0874c39adf8a1bcd497997a -> Peer 9ac9d6c4caff4b8dab06322af4fda065 (127.18.222.2:40761): Couldn't send request to peer 9ac9d6c4caff4b8dab06322af4fda065. Status: Remote error: Service unavailable: service kudu.consensus.ConsensusService not registered on TabletServer. This is attempt 1: this message will repeat every 5th retry.
I0918 20:39:06.870165 19320 ts_tablet_manager.cc:1159] Shutting down tablet manager...
I0918 20:39:06.870494 19320 tablet_replica.cc:273] T 384e39e1a8be4cabbdc4819e81ab4ea2 P 9ac9d6c4caff4b8dab06322af4fda065: stopping tablet replica
I0918 20:39:06.870991 19320 raft_consensus.cc:2147] T 384e39e1a8be4cabbdc4819e81ab4ea2 P 9ac9d6c4caff4b8dab06322af4fda065 [term 1 FOLLOWER]: Raft consensus shutting down.
I0918 20:39:06.871296 19320 raft_consensus.cc:2174] T 384e39e1a8be4cabbdc4819e81ab4ea2 P 9ac9d6c4caff4b8dab06322af4fda065 [term 1 FOLLOWER]: Raft consensus is shut down!
I0918 20:39:06.873347 19320 tablet_replica.cc:273] T f8c2642ea0304e688341b21aa88ecb49 P 9ac9d6c4caff4b8dab06322af4fda065: stopping tablet replica
I0918 20:39:06.873694 19320 raft_consensus.cc:2147] T f8c2642ea0304e688341b21aa88ecb49 P 9ac9d6c4caff4b8dab06322af4fda065 [term 1 LEADER]: Raft consensus shutting down.
I0918 20:39:06.874327 19320 raft_consensus.cc:2174] T f8c2642ea0304e688341b21aa88ecb49 P 9ac9d6c4caff4b8dab06322af4fda065 [term 1 FOLLOWER]: Raft consensus is shut down!
I0918 20:39:06.876646 19320 tablet_replica.cc:273] T 0602be5295b54b65ae9325757f5443af P 9ac9d6c4caff4b8dab06322af4fda065: stopping tablet replica
I0918 20:39:06.876991 19320 raft_consensus.cc:2147] T 0602be5295b54b65ae9325757f5443af P 9ac9d6c4caff4b8dab06322af4fda065 [term 1 FOLLOWER]: Raft consensus shutting down.
I0918 20:39:06.877393 19320 raft_consensus.cc:2174] T 0602be5295b54b65ae9325757f5443af P 9ac9d6c4caff4b8dab06322af4fda065 [term 1 FOLLOWER]: Raft consensus is shut down!
I0918 20:39:06.905059 19320 tablet_server.cc:169] TabletServer shutdown complete.
I0918 20:39:06.905256 19320 tablet_server.cc:155] TabletServer shutting down...
I0918 20:39:06.905654 19320 tablet_server.cc:169] TabletServer shutdown complete.
I0918 20:39:06.922267 19320 tablet_server.cc:155] TabletServer shutting down...
W0918 20:39:06.959740 24407 consensus_peers.cc:458] T 384e39e1a8be4cabbdc4819e81ab4ea2 P 18498189d0874c39adf8a1bcd497997a -> Peer 18903fadbbe345ee98fd47291e7835f4 (127.18.222.1:33561): Couldn't send request to peer 18903fadbbe345ee98fd47291e7835f4. Status: Network error: Client connection negotiation failed: client connection to 127.18.222.1:33561: connect: Connection refused (error 111). This is attempt 1: this message will repeat every 5th retry.
W0918 20:39:06.973474 24128 consensus_peers.cc:458] T 00000000000000000000000000000000 P b69dbcabcdda4e728f542c193ca7b1b2 -> Peer 2fe1f99a02a849dca2a9e9aa4ed858dc (127.18.222.60:46245): Couldn't send request to peer 2fe1f99a02a849dca2a9e9aa4ed858dc. Status: Network error: Client connection negotiation failed: client connection to 127.18.222.60:46245: connect: Connection refused (error 111). This is attempt 1: this message will repeat every 5th retry.
I0918 20:39:06.992696 19320 ts_tablet_manager.cc:1159] Shutting down tablet manager...
I0918 20:39:06.993194 19320 tablet_replica.cc:273] T f8c2642ea0304e688341b21aa88ecb49 P 18498189d0874c39adf8a1bcd497997a: stopping tablet replica
I0918 20:39:06.993867 19320 raft_consensus.cc:2147] T f8c2642ea0304e688341b21aa88ecb49 P 18498189d0874c39adf8a1bcd497997a [term 1 FOLLOWER]: Raft consensus shutting down.
I0918 20:39:06.994390 19320 raft_consensus.cc:2174] T f8c2642ea0304e688341b21aa88ecb49 P 18498189d0874c39adf8a1bcd497997a [term 1 FOLLOWER]: Raft consensus is shut down!
I0918 20:39:06.998399 19320 tablet_replica.cc:273] T 384e39e1a8be4cabbdc4819e81ab4ea2 P 18498189d0874c39adf8a1bcd497997a: stopping tablet replica
I0918 20:39:06.999060 19320 raft_consensus.cc:2147] T 384e39e1a8be4cabbdc4819e81ab4ea2 P 18498189d0874c39adf8a1bcd497997a [term 1 LEADER]: Raft consensus shutting down.
I0918 20:39:07.000320 19320 raft_consensus.cc:2174] T 384e39e1a8be4cabbdc4819e81ab4ea2 P 18498189d0874c39adf8a1bcd497997a [term 1 FOLLOWER]: Raft consensus is shut down!
I0918 20:39:07.003115 19320 tablet_replica.cc:273] T 0602be5295b54b65ae9325757f5443af P 18498189d0874c39adf8a1bcd497997a: stopping tablet replica
I0918 20:39:07.003616 19320 raft_consensus.cc:2147] T 0602be5295b54b65ae9325757f5443af P 18498189d0874c39adf8a1bcd497997a [term 1 LEADER]: Raft consensus shutting down.
I0918 20:39:07.004606 19320 raft_consensus.cc:2174] T 0602be5295b54b65ae9325757f5443af P 18498189d0874c39adf8a1bcd497997a [term 1 FOLLOWER]: Raft consensus is shut down!
I0918 20:39:07.031193 19320 tablet_server.cc:169] TabletServer shutdown complete.
I0918 20:39:07.031535 19320 tablet_server.cc:155] TabletServer shutting down...
I0918 20:39:07.032081 19320 tablet_server.cc:169] TabletServer shutdown complete.
I0918 20:39:07.050359 19320 master.cc:247] Master@127.18.222.62:43565 shutting down...
I0918 20:39:07.061012 24070 messenger.cc:381] Service unavailable: service kudu.consensus.ConsensusService not registered on Master
W0918 20:39:07.061959 24128 consensus_peers.cc:458] T 00000000000000000000000000000000 P b69dbcabcdda4e728f542c193ca7b1b2 -> Peer 17f33eef4f4c4000a2dc645ff32512d7 (127.18.222.62:43565): Couldn't send request to peer 17f33eef4f4c4000a2dc645ff32512d7. Status: Remote error: Service unavailable: service kudu.consensus.ConsensusService not registered on Master. This is attempt 1: this message will repeat every 5th retry.
I0918 20:39:07.081514 19320 raft_consensus.cc:2147] T 00000000000000000000000000000000 P 17f33eef4f4c4000a2dc645ff32512d7 [term 2 FOLLOWER]: Raft consensus shutting down.
I0918 20:39:07.082229 19320 raft_consensus.cc:2174] T 00000000000000000000000000000000 P 17f33eef4f4c4000a2dc645ff32512d7 [term 2 FOLLOWER]: Raft consensus is shut down!
I0918 20:39:07.082687 19320 tablet_replica.cc:273] T 00000000000000000000000000000000 P 17f33eef4f4c4000a2dc645ff32512d7: stopping tablet replica
I0918 20:39:07.105906 19320 master.cc:258] Master@127.18.222.62:43565 shutdown complete.
I0918 20:39:07.118592 19320 master.cc:247] Master@127.18.222.61:39201 shutting down...
I0918 20:39:07.151830 19320 raft_consensus.cc:2147] T 00000000000000000000000000000000 P b69dbcabcdda4e728f542c193ca7b1b2 [term 2 LEADER]: Raft consensus shutting down.
I0918 20:39:07.152781 19320 pending_rounds.cc:64] T 00000000000000000000000000000000 P b69dbcabcdda4e728f542c193ca7b1b2: Trying to abort 1 pending transactions.
I0918 20:39:07.152948 19320 pending_rounds.cc:70] T 00000000000000000000000000000000 P b69dbcabcdda4e728f542c193ca7b1b2: Aborting transaction as it isn't in flight: id { term: 2 index: 9 } timestamp: 6425965144054943744 op_type: NO_OP noop_request { }
I0918 20:39:07.153410 19320 raft_consensus.cc:2727] T 00000000000000000000000000000000 P b69dbcabcdda4e728f542c193ca7b1b2 [term 2 LEADER]: NO_OP replication failed: Aborted: Transaction aborted
I0918 20:39:07.153780 19320 raft_consensus.cc:2174] T 00000000000000000000000000000000 P b69dbcabcdda4e728f542c193ca7b1b2 [term 2 FOLLOWER]: Raft consensus is shut down!
I0918 20:39:07.154165 19320 tablet_replica.cc:273] T 00000000000000000000000000000000 P b69dbcabcdda4e728f542c193ca7b1b2: stopping tablet replica
I0918 20:39:07.179832 19320 master.cc:258] Master@127.18.222.61:39201 shutdown complete. [ OK ] RemoteKsckTest.TestLeaderMasterDown (4719 ms) [ RUN ] RemoteKsckTest.TestClusterWithLocation
I0918 20:39:07.232296 19320 test_util.cc:212] Using random seed: -736846846
I0918 20:39:07.233193 19320 internal_mini_cluster.cc:146] Creating distributed mini masters. Addrs: 127.18.222.62:37057,127.18.222.61:42813,127.18.222.60:45381
I0918 20:39:07.250900 19320 system_ntp.cc:193] NTP initialized. Skew: 500ppm Current error: 151092us
I0918 20:39:07.251497 19320 fs_manager.cc:263] Metadata directory not provided
I0918 20:39:07.252056 19320 fs_manager.cc:269] Using write-ahead log directory (fs_wal_dir) as metadata directory
I0918 20:39:07.252312 19320 server_base.cc:452] Could not load existing FS layout: Not found: could not find a healthy instance file
I0918 20:39:07.252501 19320 server_base.cc:453] Attempting to create new FS layout instead
I0918 20:39:07.253799 19320 fs_manager.cc:602] Generated new instance metadata in path /tmp/dist-test-task6lCVqo/test-tmp/ksck_remote-test.0.RemoteKsckTest.TestClusterWithLocation.1568839089958813-19320/minicluster-data/master-0-root/instance: uuid: "c099560cc34545d88ee0f5408bf0078e" format_stamp: "Formatted at 2019-09-18 20:39:07 on dist-test-slave-dist-test-slave-85lk"
I0918 20:39:07.264765 19320 fs_manager.cc:503] Time spent creating directory manager: real 0.010s user 0.012s sys 0.000s
I0918 20:39:07.266773 19320 file_cache.cc:465] Constructed file cache lbm with capacity 419430
I0918 20:39:07.275876 19320 fs_manager.cc:419] Time spent opening block manager: real 0.002s user 0.001s sys 0.000s
I0918 20:39:07.276108 19320 fs_manager.cc:436] Opened local filesystem: /tmp/dist-test-task6lCVqo/test-tmp/ksck_remote-test.0.RemoteKsckTest.TestClusterWithLocation.1568839089958813-19320/minicluster-data/master-0-root uuid: "c099560cc34545d88ee0f5408bf0078e" format_stamp: "Formatted at 2019-09-18 20:39:07 on dist-test-slave-dist-test-slave-85lk"
I0918 20:39:07.276489 19320 fs_report.cc:352] FS layout report -------------------- wal directory: /tmp/dist-test-task6lCVqo/test-tmp/ksck_remote-test.0.RemoteKsckTest.TestClusterWithLocation.1568839089958813-19320/minicluster-data/master-0-root metadata directory: /tmp/dist-test-task6lCVqo/test-tmp/ksck_remote-test.0.RemoteKsckTest.TestClusterWithLocation.1568839089958813-19320/minicluster-data/master-0-root 1 data directories: /tmp/dist-test-task6lCVqo/test-tmp/ksck_remote-test.0.RemoteKsckTest.TestClusterWithLocation.1568839089958813-19320/minicluster-data/master-0-root/data Total live blocks: 0 Total live bytes: 0 Total live bytes (after alignment): 0 Total number of LBM containers: 0 (0 full) Did not check for missing blocks Did not check for orphaned blocks Total full LBM containers with extra space: 0 (0 repaired) Total full LBM container extra space in bytes: 0 (0 repaired) Total incomplete LBM containers: 0 (0 repaired) Total LBM partial records: 0 (0 repaired)
I0918 20:39:07.365658 19320 rpc_server.cc:205] RPC server started. Bound to: 127.18.222.62:37057
I0918 20:39:07.367508 19320 webserver.cc:374] Webserver started at http://127.18.222.62:44307/ using document root and password file
I0918 20:39:07.369383 24644 data_dirs.cc:939] Could only allocate 1 dirs of requested 3 for tablet 00000000000000000000000000000000. 1 dirs total, 0 dirs full, 0 dirs failed
I0918 20:39:07.374421 24644 sys_catalog.cc:307] member_type: VOTER last_known_addr { host: "127.18.222.62" port: 37057 } has no permanent_uuid. Determining permanent_uuid...
I0918 20:39:07.385614 19320 system_ntp.cc:193] NTP initialized. Skew: 500ppm Current error: 151092us
I0918 20:39:07.386116 19320 fs_manager.cc:263] Metadata directory not provided
I0918 20:39:07.386355 19320 fs_manager.cc:269] Using write-ahead log directory (fs_wal_dir) as metadata directory
I0918 20:39:07.386612 19320 server_base.cc:452] Could not load existing FS layout: Not found: could not find a healthy instance file
I0918 20:39:07.386775 19320 server_base.cc:453] Attempting to create new FS layout instead
I0918 20:39:07.388132 19320 fs_manager.cc:602] Generated new instance metadata in path /tmp/dist-test-task6lCVqo/test-tmp/ksck_remote-test.0.RemoteKsckTest.TestClusterWithLocation.1568839089958813-19320/minicluster-data/master-1-root/instance: uuid: "b6ca09a1f9e5496f95857e93a1bfddfc" format_stamp: "Formatted at 2019-09-18 20:39:07 on dist-test-slave-dist-test-slave-85lk"
I0918 20:39:07.389291 24644 sys_catalog.cc:307] member_type: VOTER last_known_addr { host: "127.18.222.61" port: 42813 } has no permanent_uuid. Determining permanent_uuid...
W0918 20:39:07.391206 24644 consensus_peers.cc:607] Error getting permanent uuid from config peer 127.18.222.61:42813: Network error: Client connection negotiation failed: client connection to 127.18.222.61:42813: connect: Connection refused (error 111)
I0918 20:39:07.398368 19320 fs_manager.cc:503] Time spent creating directory manager: real 0.010s user 0.010s sys 0.000s
I0918 20:39:07.400157 19320 file_cache.cc:465] Constructed file cache lbm with capacity 419430
I0918 20:39:07.407958 19320 fs_manager.cc:419] Time spent opening block manager: real 0.001s user 0.001s sys 0.000s
I0918 20:39:07.408147 19320 fs_manager.cc:436] Opened local filesystem: /tmp/dist-test-task6lCVqo/test-tmp/ksck_remote-test.0.RemoteKsckTest.TestClusterWithLocation.1568839089958813-19320/minicluster-data/master-1-root uuid: "b6ca09a1f9e5496f95857e93a1bfddfc" format_stamp: "Formatted at 2019-09-18 20:39:07 on dist-test-slave-dist-test-slave-85lk"
I0918 20:39:07.408421 19320 fs_report.cc:352] FS layout report -------------------- wal directory: /tmp/dist-test-task6lCVqo/test-tmp/ksck_remote-test.0.RemoteKsckTest.TestClusterWithLocation.1568839089958813-19320/minicluster-data/master-1-root metadata directory: /tmp/dist-test-task6lCVqo/test-tmp/ksck_remote-test.0.RemoteKsckTest.TestClusterWithLocation.1568839089958813-19320/minicluster-data/master-1-root 1 data directories: /tmp/dist-test-task6lCVqo/test-tmp/ksck_remote-test.0.RemoteKsckTest.TestClusterWithLocation.1568839089958813-19320/minicluster-data/master-1-root/data Total live blocks: 0 Total live bytes: 0 Total live bytes (after alignment): 0 Total number of LBM containers: 0 (0 full) Did not check for missing blocks Did not check for orphaned blocks Total full LBM containers with extra space: 0 (0 repaired) Total full LBM container extra space in bytes: 0 (0 repaired) Total incomplete LBM containers: 0 (0 repaired) Total LBM partial records: 0 (0 repaired)
I0918 20:39:07.426604 24644 consensus_peers.cc:617] Retrying to get permanent uuid for remote peer: member_type: VOTER last_known_addr { host: "127.18.222.61" port: 42813 } attempt: 1
W0918 20:39:07.428828 24644 consensus_peers.cc:607] Error getting permanent uuid from config peer 127.18.222.61:42813: Network error: Client connection negotiation failed: client connection to 127.18.222.61:42813: connect: Connection refused (error 111)
I0918 20:39:07.481211 24644 consensus_peers.cc:617] Retrying to get permanent uuid for remote peer: member_type: VOTER last_known_addr { host: "127.18.222.61" port: 42813 } attempt: 2
W0918 20:39:07.483356 24644 consensus_peers.cc:607] Error getting permanent uuid from config peer 127.18.222.61:42813: Network error: Client connection negotiation failed: client connection to 127.18.222.61:42813: connect: Connection refused (error 111)
I0918 20:39:07.492359 19320 rpc_server.cc:205] RPC server started. Bound to: 127.18.222.61:42813
I0918 20:39:07.494237 19320 webserver.cc:374] Webserver started at http://127.18.222.61:44771/ using document root and password file
I0918 20:39:07.495935 24701 data_dirs.cc:939] Could only allocate 1 dirs of requested 3 for tablet 00000000000000000000000000000000. 1 dirs total, 0 dirs full, 0 dirs failed
I0918 20:39:07.500701 24701 sys_catalog.cc:307] member_type: VOTER last_known_addr { host: "127.18.222.62" port: 37057 } has no permanent_uuid. Determining permanent_uuid...
I0918 20:39:07.515682 19320 system_ntp.cc:193] NTP initialized. Skew: 500ppm Current error: 151092us
I0918 20:39:07.516156 19320 fs_manager.cc:263] Metadata directory not provided
I0918 20:39:07.516379 19320 fs_manager.cc:269] Using write-ahead log directory (fs_wal_dir) as metadata directory
I0918 20:39:07.516639 19320 server_base.cc:452] Could not load existing FS layout: Not found: could not find a healthy instance file
I0918 20:39:07.516815 19320 server_base.cc:453] Attempting to create new FS layout instead
I0918 20:39:07.517539 24701 sys_catalog.cc:307] member_type: VOTER last_known_addr { host: "127.18.222.61" port: 42813 } has no permanent_uuid. Determining permanent_uuid...
I0918 20:39:07.517951 19320 fs_manager.cc:602] Generated new instance metadata in path /tmp/dist-test-task6lCVqo/test-tmp/ksck_remote-test.0.RemoteKsckTest.TestClusterWithLocation.1568839089958813-19320/minicluster-data/master-2-root/instance: uuid: "1b0782873fac45c19186dd7e9966b568" format_stamp: "Formatted at 2019-09-18 20:39:07 on dist-test-slave-dist-test-slave-85lk"
I0918 20:39:07.530674 24701 sys_catalog.cc:307] member_type: VOTER last_known_addr { host: "127.18.222.60" port: 45381 } has no permanent_uuid. Determining permanent_uuid...
I0918 20:39:07.530939 19320 fs_manager.cc:503] Time spent creating directory manager: real 0.013s user 0.010s sys 0.005s
W0918 20:39:07.532622 24701 consensus_peers.cc:607] Error getting permanent uuid from config peer 127.18.222.60:45381: Network error: Client connection negotiation failed: client connection to 127.18.222.60:45381: connect: Connection refused (error 111)
I0918 20:39:07.533217 19320 file_cache.cc:465] Constructed file cache lbm with capacity 419430
I0918 20:39:07.541373 19320 fs_manager.cc:419] Time spent opening block manager: real 0.001s user 0.001s sys 0.000s
I0918 20:39:07.541574 19320 fs_manager.cc:436] Opened local filesystem: /tmp/dist-test-task6lCVqo/test-tmp/ksck_remote-test.0.RemoteKsckTest.TestClusterWithLocation.1568839089958813-19320/minicluster-data/master-2-root uuid: "1b0782873fac45c19186dd7e9966b568" format_stamp: "Formatted at 2019-09-18 20:39:07 on dist-test-slave-dist-test-slave-85lk"
I0918 20:39:07.541833 19320 fs_report.cc:352] FS layout report -------------------- wal directory: /tmp/dist-test-task6lCVqo/test-tmp/ksck_remote-test.0.RemoteKsckTest.TestClusterWithLocation.1568839089958813-19320/minicluster-data/master-2-root metadata directory: /tmp/dist-test-task6lCVqo/test-tmp/ksck_remote-test.0.RemoteKsckTest.TestClusterWithLocation.1568839089958813-19320/minicluster-data/master-2-root 1 data directories: /tmp/dist-test-task6lCVqo/test-tmp/ksck_remote-test.0.RemoteKsckTest.TestClusterWithLocation.1568839089958813-19320/minicluster-data/master-2-root/data Total live blocks: 0 Total live bytes: 0 Total live bytes (after alignment): 0 Total number of LBM containers: 0 (0 full) Did not check for missing blocks Did not check for orphaned blocks Total full LBM containers with extra space: 0 (0 repaired) Total full LBM container extra space in bytes: 0 (0 repaired) Total incomplete LBM containers: 0 (0 repaired) Total LBM partial records: 0 (0 repaired)
I0918 20:39:07.549763 24644 consensus_peers.cc:617] Retrying to get permanent uuid for remote peer: member_type: VOTER last_known_addr { host: "127.18.222.61" port: 42813 } attempt: 3
I0918 20:39:07.557996 24701 consensus_peers.cc:617] Retrying to get permanent uuid for remote peer: member_type: VOTER last_known_addr { host: "127.18.222.60" port: 45381 } attempt: 1
W0918 20:39:07.560223 24701 consensus_peers.cc:607] Error getting permanent uuid from config peer 127.18.222.60:45381: Network error: Client connection negotiation failed: client connection to 127.18.222.60:45381: connect: Connection refused (error 111)
I0918 20:39:07.561841 24644 sys_catalog.cc:307] member_type: VOTER last_known_addr { host: "127.18.222.60" port: 45381 } has no permanent_uuid. Determining permanent_uuid...
W0918 20:39:07.563601 24644 consensus_peers.cc:607] Error getting permanent uuid from config peer 127.18.222.60:45381: Network error: Client connection negotiation failed: client connection to 127.18.222.60:45381: connect: Connection refused (error 111)
I0918 20:39:07.606312 19320 rpc_server.cc:205] RPC server started. Bound to: 127.18.222.60:45381
I0918 20:39:07.608196 19320 webserver.cc:374] Webserver started at http://127.18.222.60:35537/ using document root and password file
I0918 20:39:07.609197 19320 internal_mini_cluster.cc:166] Waiting to initialize catalog manager on master 0
I0918 20:39:07.610111 24758 data_dirs.cc:939] Could only allocate 1 dirs of requested 3 for tablet 00000000000000000000000000000000. 1 dirs total, 0 dirs full, 0 dirs failed
I0918 20:39:07.615022 24758 sys_catalog.cc:307] member_type: VOTER last_known_addr { host: "127.18.222.62" port: 37057 } has no permanent_uuid. Determining permanent_uuid...
I0918 20:39:07.618058 24644 consensus_peers.cc:617] Retrying to get permanent uuid for remote peer: member_type: VOTER last_known_addr { host: "127.18.222.60" port: 45381 } attempt: 1
I0918 20:39:07.628094 24758 sys_catalog.cc:307] member_type: VOTER last_known_addr { host: "127.18.222.61" port: 42813 } has no permanent_uuid. Determining permanent_uuid...
I0918 20:39:07.629623 24701 consensus_peers.cc:617] Retrying to get permanent uuid for remote peer: member_type: VOTER last_known_addr { host: "127.18.222.60" port: 45381 } attempt: 2
I0918 20:39:07.640123 24644 tablet_bootstrap.cc:439] T 00000000000000000000000000000000 P c099560cc34545d88ee0f5408bf0078e: Bootstrap starting.
I0918 20:39:07.643182 24758 sys_catalog.cc:307] member_type: VOTER last_known_addr { host: "127.18.222.60" port: 45381 } has no permanent_uuid. Determining permanent_uuid...
I0918 20:39:07.644466 24644 tablet_bootstrap.cc:590] T 00000000000000000000000000000000 P c099560cc34545d88ee0f5408bf0078e: No blocks or log segments found. Creating new log.
I0918 20:39:07.650228 24701 tablet_bootstrap.cc:439] T 00000000000000000000000000000000 P b6ca09a1f9e5496f95857e93a1bfddfc: Bootstrap starting.
I0918 20:39:07.653704 24701 tablet_bootstrap.cc:590] T 00000000000000000000000000000000 P b6ca09a1f9e5496f95857e93a1bfddfc: No blocks or log segments found. Creating new log.
I0918 20:39:07.657886 24644 tablet_bootstrap.cc:439] T 00000000000000000000000000000000 P c099560cc34545d88ee0f5408bf0078e: No bootstrap required, opened a new log
I0918 20:39:07.660334 24701 tablet_bootstrap.cc:439] T 00000000000000000000000000000000 P b6ca09a1f9e5496f95857e93a1bfddfc: No bootstrap required, opened a new log
I0918 20:39:07.661697 24758 tablet_bootstrap.cc:439] T 00000000000000000000000000000000 P 1b0782873fac45c19186dd7e9966b568: Bootstrap starting.
