I0918 20:39:09.392427 24592 messenger.cc:381] Service unavailable: service kudu.master.MasterService not registered on Master
I0918 20:39:09.393115 24595 messenger.cc:381] Service unavailable: service kudu.master.MasterService not registered on Master
I0918 20:39:09.426054 19320 master.cc:258] Master@127.18.222.62:37057 shutdown complete.
I0918 20:39:09.462265 19320 system_ntp.cc:193] NTP initialized. Skew: 500ppm Current error: 152092us
I0918 20:39:09.462653 19320 fs_manager.cc:263] Metadata directory not provided
I0918 20:39:09.462813 19320 fs_manager.cc:266] Using existing metadata directory in first data directory
I0918 20:39:09.466027 19320 fs_manager.cc:399] Time spent opening directory manager: real 0.003s user 0.004s sys 0.000s
I0918 20:39:09.468111 19320 file_cache.cc:465] Constructed file cache lbm with capacity 419430
I0918 20:39:09.484226 19320 fs_manager.cc:419] Time spent opening block manager: real 0.002s user 0.002s sys 0.000s
I0918 20:39:09.484534 19320 fs_manager.cc:436] Opened local filesystem: /tmp/dist-test-task6lCVqo/test-tmp/ksck_remote-test.0.RemoteKsckTest.TestClusterWithLocation.1568839089958813-19320/minicluster-data/master-0-root uuid: "c099560cc34545d88ee0f5408bf0078e" format_stamp: "Formatted at 2019-09-18 20:39:07 on dist-test-slave-dist-test-slave-85lk"
I0918 20:39:09.484872 19320 fs_report.cc:352] FS layout report -------------------- wal directory: /tmp/dist-test-task6lCVqo/test-tmp/ksck_remote-test.0.RemoteKsckTest.TestClusterWithLocation.1568839089958813-19320/minicluster-data/master-0-root metadata directory: /tmp/dist-test-task6lCVqo/test-tmp/ksck_remote-test.0.RemoteKsckTest.TestClusterWithLocation.1568839089958813-19320/minicluster-data/master-0-root 1 data directories: /tmp/dist-test-task6lCVqo/test-tmp/ksck_remote-test.0.RemoteKsckTest.TestClusterWithLocation.1568839089958813-19320/minicluster-data/master-0-root/data Total live blocks: 0 Total live bytes: 0 Total live bytes (after alignment): 0 Total number of LBM containers: 0 (0 full) Did not check for missing blocks Did not check for orphaned blocks Total full LBM containers with extra space: 0 (0 repaired) Total full LBM container extra space in bytes: 0 (0 repaired) Total incomplete LBM containers: 0 (0 repaired) Total LBM partial records: 0 (0 repaired)
I0918 20:39:09.507917 25020 raft_consensus.cc:472] T 4b86906ac1084018a23f202664ca0276 P 20d7112efcfa495c9baa82bd089f4928 [term 0 FOLLOWER]: Starting pre-election (no leader contacted us within the election timeout)
I0918 20:39:09.508415 25020 raft_consensus.cc:494] T 4b86906ac1084018a23f202664ca0276 P 20d7112efcfa495c9baa82bd089f4928 [term 0 FOLLOWER]: Starting pre-election with config: opid_index: -1 OBSOLETE_local: false peers { permanent_uuid: "c6071a1b02054de29eddfe6865eafb8e" member_type: VOTER last_known_addr { host: "127.18.222.1" port: 45627 } } peers { permanent_uuid: "20d7112efcfa495c9baa82bd089f4928" member_type: VOTER last_known_addr { host: "127.18.222.2" port: 42835 } } peers { permanent_uuid: "4f96668e49f44cfe9cdfe6462347a594" member_type: VOTER last_known_addr { host: "127.18.222.3" port: 45255 } }
I0918 20:39:09.510107 25020 leader_election.cc:296] T 4b86906ac1084018a23f202664ca0276 P 20d7112efcfa495c9baa82bd089f4928 [CANDIDATE]: Term 1 pre-election: Requested pre-vote from peers c6071a1b02054de29eddfe6865eafb8e (127.18.222.1:45627), 4f96668e49f44cfe9cdfe6462347a594 (127.18.222.3:45255)
I0918 20:39:09.526278 25017 consensus_queue.cc:984] T 8119ec3019aa43a78aace2e7ed85055d P c6071a1b02054de29eddfe6865eafb8e [LEADER]: Connected to new peer: Peer: permanent_uuid: "4f96668e49f44cfe9cdfe6462347a594" member_type: VOTER last_known_addr { host: "127.18.222.3" port: 45255 }, Status: LMP_MISMATCH, Last received: 0.0, Next index: 1, Last known committed idx: 0, Time since last communication: 0.000s
I0918 20:39:09.548848 24812 tablet_service.cc:1295] Received RequestConsensusVote() RPC: tablet_id: "4b86906ac1084018a23f202664ca0276" candidate_uuid: "20d7112efcfa495c9baa82bd089f4928" candidate_term: 1 candidate_status { last_received { term: 0 index: 0 } } ignore_live_leader: false dest_uuid: "c6071a1b02054de29eddfe6865eafb8e" is_pre_election: true
I0918 20:39:09.549652 24812 raft_consensus.cc:2280] T 4b86906ac1084018a23f202664ca0276 P c6071a1b02054de29eddfe6865eafb8e [term 1 FOLLOWER]: Leader pre-election vote request: Denying vote to candidate 20d7112efcfa495c9baa82bd089f4928 in current term 1: Already voted for candidate 4f96668e49f44cfe9cdfe6462347a594 in this term.
I0918 20:39:09.550951 25036 consensus_queue.cc:984] T 4b86906ac1084018a23f202664ca0276 P 4f96668e49f44cfe9cdfe6462347a594 [LEADER]: Connected to new peer: Peer: permanent_uuid: "c6071a1b02054de29eddfe6865eafb8e" member_type: VOTER last_known_addr { host: "127.18.222.1" port: 45627 }, Status: LMP_MISMATCH, Last received: 0.0, Next index: 1, Last known committed idx: 0, Time since last communication: 0.000s
I0918 20:39:09.555492 24964 tablet_service.cc:1295] Received RequestConsensusVote() RPC: tablet_id: "4b86906ac1084018a23f202664ca0276" candidate_uuid: "20d7112efcfa495c9baa82bd089f4928" candidate_term: 1 candidate_status { last_received { term: 0 index: 0 } } ignore_live_leader: false dest_uuid: "4f96668e49f44cfe9cdfe6462347a594" is_pre_election: true
I0918 20:39:09.556394 24964 raft_consensus.cc:2311] T 4b86906ac1084018a23f202664ca0276 P 4f96668e49f44cfe9cdfe6462347a594 [term 1 LEADER]: Leader pre-election vote request: Denying vote to candidate 20d7112efcfa495c9baa82bd089f4928 for term 1 because replica is either leader or believes a valid leader to be alive.
I0918 20:39:09.557575 24846 leader_election.cc:310] T 4b86906ac1084018a23f202664ca0276 P 20d7112efcfa495c9baa82bd089f4928 [CANDIDATE]: Term 1 pre-election: Election decided. Result: candidate lost. Election summary: received 3 responses out of 3 voters: 1 yes votes; 2 no votes. yes voters: 20d7112efcfa495c9baa82bd089f4928; no voters: 4f96668e49f44cfe9cdfe6462347a594, c6071a1b02054de29eddfe6865eafb8e
I0918 20:39:09.558823 25020 raft_consensus.cc:2890] T 4b86906ac1084018a23f202664ca0276 P 20d7112efcfa495c9baa82bd089f4928 [term 0 FOLLOWER]: Advancing to term 1
I0918 20:39:09.565555 25020 raft_consensus.cc:2592] T 4b86906ac1084018a23f202664ca0276 P 20d7112efcfa495c9baa82bd089f4928 [term 1 FOLLOWER]: Leader pre-election lost for term 1. Reason: could not achieve majority
I0918 20:39:09.590344 25037 consensus_queue.cc:984] T 98003d0b22fb4a248daa8ba50ca38265 P 4f96668e49f44cfe9cdfe6462347a594 [LEADER]: Connected to new peer: Peer: permanent_uuid: "20d7112efcfa495c9baa82bd089f4928" member_type: VOTER last_known_addr { host: "127.18.222.2" port: 42835 }, Status: LMP_MISMATCH, Last received: 0.0, Next index: 1, Last known committed idx: 0, Time since last communication: 0.001s
I0918 20:39:09.604841 25032 consensus_queue.cc:984] T 8119ec3019aa43a78aace2e7ed85055d P c6071a1b02054de29eddfe6865eafb8e [LEADER]: Connected to new peer: Peer: permanent_uuid: "20d7112efcfa495c9baa82bd089f4928" member_type: VOTER last_known_addr { host: "127.18.222.2" port: 42835 }, Status: LMP_MISMATCH, Last received: 0.0, Next index: 1, Last known committed idx: 0, Time since last communication: 0.000s
I0918 20:39:09.608918 25037 consensus_queue.cc:984] T 98003d0b22fb4a248daa8ba50ca38265 P 4f96668e49f44cfe9cdfe6462347a594 [LEADER]: Connected to new peer: Peer: permanent_uuid: "c6071a1b02054de29eddfe6865eafb8e" member_type: VOTER last_known_addr { host: "127.18.222.1" port: 45627 }, Status: LMP_MISMATCH, Last received: 0.0, Next index: 1, Last known committed idx: 0, Time since last communication: 0.000s
I0918 20:39:09.669836 25036 consensus_queue.cc:984] T 4b86906ac1084018a23f202664ca0276 P 4f96668e49f44cfe9cdfe6462347a594 [LEADER]: Connected to new peer: Peer: permanent_uuid: "20d7112efcfa495c9baa82bd089f4928" member_type: VOTER last_known_addr { host: "127.18.222.2" port: 42835 }, Status: LMP_MISMATCH, Last received: 0.0, Next index: 1, Last known committed idx: 0, Time since last communication: 0.000s
I0918 20:39:09.833362 19320 rpc_server.cc:205] RPC server started. Bound to: 127.18.222.62:37057
I0918 20:39:09.836544 19320 webserver.cc:374] Webserver started at http://127.18.222.62:44375/ using document root and password file
I0918 20:39:09.844080 19320 master.cc:247] Master@127.18.222.61:42813 shutting down...
I0918 20:39:09.851395 24652 messenger.cc:381] Service unavailable: service kudu.master.MasterService not registered on Master
I0918 20:39:09.858482 24649 messenger.cc:381] Service unavailable: service kudu.master.MasterService not registered on Master
I0918 20:39:09.860188 24652 messenger.cc:381] Service unavailable: service kudu.master.MasterService not registered on Master
I0918 20:39:09.864153 25124 sys_catalog.cc:188] Verifying existing consensus state
I0918 20:39:09.877043 24649 messenger.cc:381] Service unavailable: service kudu.master.MasterService not registered on Master
I0918 20:39:09.878051 24652 messenger.cc:381] Service unavailable: service kudu.master.MasterService not registered on Master
I0918 20:39:09.878857 25124 tablet_bootstrap.cc:439] T 00000000000000000000000000000000 P c099560cc34545d88ee0f5408bf0078e: Bootstrap starting.
I0918 20:39:09.879365 24652 messenger.cc:381] Service unavailable: service kudu.master.MasterService not registered on Master
I0918 20:39:09.890909 24649 messenger.cc:381] Service unavailable: service kudu.master.MasterService not registered on Master
I0918 20:39:09.896705 24652 messenger.cc:381] Service unavailable: service kudu.master.MasterService not registered on Master
I0918 20:39:09.906625 24992 heartbeater.cc:322] Connected to a master server at 127.18.222.62:37057
I0918 20:39:09.908673 24649 messenger.cc:381] Service unavailable: service kudu.master.MasterService not registered on Master
I0918 20:39:09.910344 24652 messenger.cc:381] Service unavailable: service kudu.master.MasterService not registered on Master
I0918 20:39:09.915763 24652 messenger.cc:381] Service unavailable: service kudu.master.MasterService not registered on Master
I0918 20:39:09.918606 24837 heartbeater.cc:322] Connected to a master server at 127.18.222.62:37057
I0918 20:39:09.921726 24913 heartbeater.cc:322] Connected to a master server at 127.18.222.62:37057
I0918 20:39:09.922652 24649 messenger.cc:381] Service unavailable: service kudu.master.MasterService not registered on Master
I0918 20:39:09.930904 24652 messenger.cc:381] Service unavailable: service kudu.master.MasterService not registered on Master
I0918 20:39:09.931546 24652 messenger.cc:381] Service unavailable: service kudu.master.MasterService not registered on Master
I0918 20:39:09.935437 24649 messenger.cc:381] Service unavailable: service kudu.master.MasterService not registered on Master
I0918 20:39:09.942574 19320 raft_consensus.cc:2147] T 00000000000000000000000000000000 P b6ca09a1f9e5496f95857e93a1bfddfc [term 1 FOLLOWER]: Raft consensus shutting down.
I0918 20:39:09.943224 19320 raft_consensus.cc:2174] T 00000000000000000000000000000000 P b6ca09a1f9e5496f95857e93a1bfddfc [term 1 FOLLOWER]: Raft consensus is shut down!
I0918 20:39:09.943557 19320 tablet_replica.cc:273] T 00000000000000000000000000000000 P b6ca09a1f9e5496f95857e93a1bfddfc: stopping tablet replica
I0918 20:39:09.948104 24649 messenger.cc:381] Service unavailable: service kudu.master.MasterService not registered on Master
I0918 20:39:09.946105 24652 messenger.cc:381] Service unavailable: service kudu.master.MasterService not registered on Master
I0918 20:39:09.952085 24652 messenger.cc:381] Service unavailable: service kudu.master.MasterService not registered on Master
I0918 20:39:09.952316 25124 tablet_bootstrap.cc:439] T 00000000000000000000000000000000 P c099560cc34545d88ee0f5408bf0078e: Bootstrap replayed 1/1 log segments. Stats: ops{read=8 overwritten=0 applied=8 ignored=0} inserts{seen=6 ignored=0} mutations{seen=6 ignored=0} orphaned_commits=0. Pending: 0 replicates
I0918 20:39:09.956032 25124 tablet_bootstrap.cc:439] T 00000000000000000000000000000000 P c099560cc34545d88ee0f5408bf0078e: Bootstrap complete.
I0918 20:39:09.958691 25124 raft_consensus.cc:340] T 00000000000000000000000000000000 P c099560cc34545d88ee0f5408bf0078e [term 1 FOLLOWER]: Replica starting. Triggering 0 pending transactions. Active config: opid_index: -1 OBSOLETE_local: false peers { permanent_uuid: "c099560cc34545d88ee0f5408bf0078e" member_type: VOTER last_known_addr { host: "127.18.222.62" port: 37057 } } peers { permanent_uuid: "b6ca09a1f9e5496f95857e93a1bfddfc" member_type: VOTER last_known_addr { host: "127.18.222.61" port: 42813 } } peers { permanent_uuid: "1b0782873fac45c19186dd7e9966b568" member_type: VOTER last_known_addr { host: "127.18.222.60" port: 45381 } }
I0918 20:39:09.960052 25124 raft_consensus.cc:705] T 00000000000000000000000000000000 P c099560cc34545d88ee0f5408bf0078e [term 1 FOLLOWER]: Becoming Follower/Learner. State: Replica: c099560cc34545d88ee0f5408bf0078e, State: Initialized, Role: FOLLOWER
I0918 20:39:09.960991 25124 consensus_queue.cc:229] T 00000000000000000000000000000000 P c099560cc34545d88ee0f5408bf0078e [NON_LEADER]: Queue going to NON_LEADER mode. State: All replicated index: 0, Majority replicated index: 0, Committed index: 8, Last appended: 1.8, Last appended by leader: 8, Current term: 0, Majority size: -1, State: 0, Mode: NON_LEADER, active raft config: opid_index: -1 OBSOLETE_local: false peers { permanent_uuid: "c099560cc34545d88ee0f5408bf0078e" member_type: VOTER last_known_addr { host: "127.18.222.62" port: 37057 } } peers { permanent_uuid: "b6ca09a1f9e5496f95857e93a1bfddfc" member_type: VOTER last_known_addr { host: "127.18.222.61" port: 42813 } } peers { permanent_uuid: "1b0782873fac45c19186dd7e9966b568" member_type: VOTER last_known_addr { host: "127.18.222.60" port: 45381 } }
I0918 20:39:09.962790 24652 messenger.cc:381] Service unavailable: service kudu.master.MasterService not registered on Master
I0918 20:39:09.966771 25124 sys_catalog.cc:340] T 00000000000000000000000000000000 P c099560cc34545d88ee0f5408bf0078e [sys.catalog]: SysCatalogTable state changed. Reason: Started TabletReplica. Latest consensus state: current_term: 1 committed_config { opid_index: -1 OBSOLETE_local: false peers { permanent_uuid: "c099560cc34545d88ee0f5408bf0078e" member_type: VOTER last_known_addr { host: "127.18.222.62" port: 37057 } } peers { permanent_uuid: "b6ca09a1f9e5496f95857e93a1bfddfc" member_type: VOTER last_known_addr { host: "127.18.222.61" port: 42813 } } peers { permanent_uuid: "1b0782873fac45c19186dd7e9966b568" member_type: VOTER last_known_addr { host: "127.18.222.60" port: 45381 } } }
I0918 20:39:09.968645 25124 sys_catalog.cc:343] T 00000000000000000000000000000000 P c099560cc34545d88ee0f5408bf0078e [sys.catalog]: This master's current role is: FOLLOWER
I0918 20:39:09.969887 25124 sys_catalog.cc:428] T 00000000000000000000000000000000 P c099560cc34545d88ee0f5408bf0078e [sys.catalog]: configured and running, proceeding with master startup.
I0918 20:39:09.974157 25128 sys_catalog.cc:340] T 00000000000000000000000000000000 P c099560cc34545d88ee0f5408bf0078e [sys.catalog]: SysCatalogTable state changed. Reason: RaftConsensus started. Latest consensus state: current_term: 1 committed_config { opid_index: -1 OBSOLETE_local: false peers { permanent_uuid: "c099560cc34545d88ee0f5408bf0078e" member_type: VOTER last_known_addr { host: "127.18.222.62" port: 37057 } } peers { permanent_uuid: "b6ca09a1f9e5496f95857e93a1bfddfc" member_type: VOTER last_known_addr { host: "127.18.222.61" port: 42813 } } peers { permanent_uuid: "1b0782873fac45c19186dd7e9966b568" member_type: VOTER last_known_addr { host: "127.18.222.60" port: 45381 } } }
I0918 20:39:09.974952 25128 sys_catalog.cc:343] T 00000000000000000000000000000000 P c099560cc34545d88ee0f5408bf0078e [sys.catalog]: This master's current role is: FOLLOWER
I0918 20:39:09.976392 25090 master_service.cc:229] Got heartbeat from unknown tserver (permanent_uuid: "4f96668e49f44cfe9cdfe6462347a594" instance_seqno: 1568839148219987) as {username='slave'} at 127.0.0.1:39566; Asking this server to re-register.
I0918 20:39:09.980648 25089 master_service.cc:229] Got heartbeat from unknown tserver (permanent_uuid: "c6071a1b02054de29eddfe6865eafb8e" instance_seqno: 1568839147802738) as {username='slave'} at 127.0.0.1:39570; Asking this server to re-register.
I0918 20:39:09.983184 24992 heartbeater.cc:406] Registering TS with master...
I0918 20:39:09.984407 24837 heartbeater.cc:406] Registering TS with master...
I0918 20:39:09.989733 25090 master_service.cc:229] Got heartbeat from unknown tserver (permanent_uuid: "20d7112efcfa495c9baa82bd089f4928" instance_seqno: 1568839147984755) as {username='slave'} at 127.0.0.1:39568; Asking this server to re-register.
I0918 20:39:09.991495 25129 catalog_manager.cc:1153] T 00000000000000000000000000000000 P c099560cc34545d88ee0f5408bf0078e: acquiring CA information for follower catalog manager: success
I0918 20:39:10.033354 24913 heartbeater.cc:406] Registering TS with master...
I0918 20:39:10.154815 25129 catalog_manager.cc:1181] T 00000000000000000000000000000000 P c099560cc34545d88ee0f5408bf0078e: importing token verification keys for follower catalog manager: success; most recent TSK sequence number 0
I0918 20:39:10.161914 25089 ts_manager.cc:186] Registered new tserver with Master: 4f96668e49f44cfe9cdfe6462347a594 (127.18.222.3:45255)
I0918 20:39:10.507479 19320 master.cc:258] Master@127.18.222.61:42813 shutdown complete.
I0918 20:39:10.509472 25090 ts_manager.cc:186] Registered new tserver with Master: c6071a1b02054de29eddfe6865eafb8e (127.18.222.1:45627)
I0918 20:39:10.524190 25088 ts_manager.cc:186] Registered new tserver with Master: 20d7112efcfa495c9baa82bd089f4928 (127.18.222.2:42835)
W0918 20:39:10.634361 24845 outbound_call.cc:287] RPC callback for RPC call kudu.master.MasterService.TSHeartbeat -> {remote=127.18.222.62:37057, user_credentials={real_user=slave}} blocked reactor thread for 77774.6us
I0918 20:39:10.851191 25137 raft_consensus.cc:472] T 00000000000000000000000000000000 P 1b0782873fac45c19186dd7e9966b568 [term 1 FOLLOWER]: Starting pre-election (detected failure of leader c099560cc34545d88ee0f5408bf0078e)
I0918 20:39:10.852061 25137 raft_consensus.cc:494] T 00000000000000000000000000000000 P 1b0782873fac45c19186dd7e9966b568 [term 1 FOLLOWER]: Starting pre-election with config: opid_index: -1 OBSOLETE_local: false peers { permanent_uuid: "c099560cc34545d88ee0f5408bf0078e" member_type: VOTER last_known_addr { host: "127.18.222.62" port: 37057 } } peers { permanent_uuid: "b6ca09a1f9e5496f95857e93a1bfddfc" member_type: VOTER last_known_addr { host: "127.18.222.61" port: 42813 } } peers { permanent_uuid: "1b0782873fac45c19186dd7e9966b568" member_type: VOTER last_known_addr { host: "127.18.222.60" port: 45381 } }
I0918 20:39:10.854069 25137 leader_election.cc:296] T 00000000000000000000000000000000 P 1b0782873fac45c19186dd7e9966b568 [CANDIDATE]: Term 2 pre-election: Requested pre-vote from peers c099560cc34545d88ee0f5408bf0078e (127.18.222.62:37057), b6ca09a1f9e5496f95857e93a1bfddfc (127.18.222.61:42813)
W0918 20:39:10.882171 24709 leader_election.cc:341] T 00000000000000000000000000000000 P 1b0782873fac45c19186dd7e9966b568 [CANDIDATE]: Term 2 pre-election: RPC error from VoteRequest() call to peer b6ca09a1f9e5496f95857e93a1bfddfc (127.18.222.61:42813): Network error: Client connection negotiation failed: client connection to 127.18.222.61:42813: connect: Connection refused (error 111)
I0918 20:39:10.900194 25100 tablet_service.cc:1295] Received RequestConsensusVote() RPC: tablet_id: "00000000000000000000000000000000" candidate_uuid: "1b0782873fac45c19186dd7e9966b568" candidate_term: 2 candidate_status { last_received { term: 1 index: 8 } } ignore_live_leader: false dest_uuid: "c099560cc34545d88ee0f5408bf0078e" is_pre_election: true
I0918 20:39:10.901405 25100 raft_consensus.cc:2350] T 00000000000000000000000000000000 P c099560cc34545d88ee0f5408bf0078e [term 1 FOLLOWER]: Leader pre-election vote request: Granting yes vote for candidate 1b0782873fac45c19186dd7e9966b568 in term 1.
I0918 20:39:10.902909 24707 leader_election.cc:310] T 00000000000000000000000000000000 P 1b0782873fac45c19186dd7e9966b568 [CANDIDATE]: Term 2 pre-election: Election decided. Result: candidate won. Election summary: received 3 responses out of 3 voters: 2 yes votes; 1 no votes. yes voters: 1b0782873fac45c19186dd7e9966b568, c099560cc34545d88ee0f5408bf0078e; no voters: b6ca09a1f9e5496f95857e93a1bfddfc
I0918 20:39:10.903970 25137 raft_consensus.cc:2644] T 00000000000000000000000000000000 P 1b0782873fac45c19186dd7e9966b568 [term 1 FOLLOWER]: Leader pre-election won for term 2
I0918 20:39:10.904266 25137 raft_consensus.cc:472] T 00000000000000000000000000000000 P 1b0782873fac45c19186dd7e9966b568 [term 1 FOLLOWER]: Starting leader election (detected failure of leader c099560cc34545d88ee0f5408bf0078e)
I0918 20:39:10.905082 25137 raft_consensus.cc:2890] T 00000000000000000000000000000000 P 1b0782873fac45c19186dd7e9966b568 [term 1 FOLLOWER]: Advancing to term 2
I0918 20:39:10.914005 25137 raft_consensus.cc:494] T 00000000000000000000000000000000 P 1b0782873fac45c19186dd7e9966b568 [term 2 FOLLOWER]: Starting leader election with config: opid_index: -1 OBSOLETE_local: false peers { permanent_uuid: "c099560cc34545d88ee0f5408bf0078e" member_type: VOTER last_known_addr { host: "127.18.222.62" port: 37057 } } peers { permanent_uuid: "b6ca09a1f9e5496f95857e93a1bfddfc" member_type: VOTER last_known_addr { host: "127.18.222.61" port: 42813 } } peers { permanent_uuid: "1b0782873fac45c19186dd7e9966b568" member_type: VOTER last_known_addr { host: "127.18.222.60" port: 45381 } }
I0918 20:39:10.916319 25100 tablet_service.cc:1295] Received RequestConsensusVote() RPC: tablet_id: "00000000000000000000000000000000" candidate_uuid: "1b0782873fac45c19186dd7e9966b568" candidate_term: 2 candidate_status { last_received { term: 1 index: 8 } } ignore_live_leader: false dest_uuid: "c099560cc34545d88ee0f5408bf0078e"
I0918 20:39:10.916939 25100 raft_consensus.cc:2890] T 00000000000000000000000000000000 P c099560cc34545d88ee0f5408bf0078e [term 1 FOLLOWER]: Advancing to term 2
W0918 20:39:10.917116 24709 leader_election.cc:341] T 00000000000000000000000000000000 P 1b0782873fac45c19186dd7e9966b568 [CANDIDATE]: Term 2 election: RPC error from VoteRequest() call to peer b6ca09a1f9e5496f95857e93a1bfddfc (127.18.222.61:42813): Network error: Client connection negotiation failed: client connection to 127.18.222.61:42813: connect: Connection refused (error 111)
I0918 20:39:10.919801 19320 system_ntp.cc:193] NTP initialized. Skew: 500ppm Current error: 152592us
I0918 20:39:10.920486 19320 fs_manager.cc:263] Metadata directory not provided
I0918 20:39:10.920733 19320 fs_manager.cc:266] Using existing metadata directory in first data directory
I0918 20:39:10.923816 25137 leader_election.cc:296] T 00000000000000000000000000000000 P 1b0782873fac45c19186dd7e9966b568 [CANDIDATE]: Term 2 election: Requested vote from peers c099560cc34545d88ee0f5408bf0078e (127.18.222.62:37057), b6ca09a1f9e5496f95857e93a1bfddfc (127.18.222.61:42813)
I0918 20:39:10.924387 25100 raft_consensus.cc:2350] T 00000000000000000000000000000000 P c099560cc34545d88ee0f5408bf0078e [term 2 FOLLOWER]: Leader election vote request: Granting yes vote for candidate 1b0782873fac45c19186dd7e9966b568 in term 2.
I0918 20:39:10.925659 24707 leader_election.cc:310] T 00000000000000000000000000000000 P 1b0782873fac45c19186dd7e9966b568 [CANDIDATE]: Term 2 election: Election decided. Result: candidate won. Election summary: received 3 responses out of 3 voters: 2 yes votes; 1 no votes. yes voters: 1b0782873fac45c19186dd7e9966b568, c099560cc34545d88ee0f5408bf0078e; no voters: b6ca09a1f9e5496f95857e93a1bfddfc
I0918 20:39:10.926371 25137 raft_consensus.cc:2644] T 00000000000000000000000000000000 P 1b0782873fac45c19186dd7e9966b568 [term 2 FOLLOWER]: Leader election won for term 2
I0918 20:39:10.935741 25137 raft_consensus.cc:667] T 00000000000000000000000000000000 P 1b0782873fac45c19186dd7e9966b568 [term 2 LEADER]: Becoming Leader. State: Replica: 1b0782873fac45c19186dd7e9966b568, State: Running, Role: LEADER
I0918 20:39:10.940150 19320 fs_manager.cc:399] Time spent opening directory manager: real 0.018s user 0.009s sys 0.009s
I0918 20:39:10.939878 25137 consensus_queue.cc:206] T 00000000000000000000000000000000 P 1b0782873fac45c19186dd7e9966b568 [LEADER]: Queue going to LEADER mode. State: All replicated index: 0, Majority replicated index: 8, Committed index: 8, Last appended: 1.8, Last appended by leader: 8, Current term: 2, Majority size: 2, State: 0, Mode: LEADER, active raft config: opid_index: -1 OBSOLETE_local: false peers { permanent_uuid: "c099560cc34545d88ee0f5408bf0078e" member_type: VOTER last_known_addr { host: "127.18.222.62" port: 37057 } } peers { permanent_uuid: "b6ca09a1f9e5496f95857e93a1bfddfc" member_type: VOTER last_known_addr { host: "127.18.222.61" port: 42813 } } peers { permanent_uuid: "1b0782873fac45c19186dd7e9966b568" member_type: VOTER last_known_addr { host: "127.18.222.60" port: 45381 } }
I0918 20:39:10.942526 19320 file_cache.cc:465] Constructed file cache lbm with capacity 419430
I0918 20:39:10.951423 25142 sys_catalog.cc:340] T 00000000000000000000000000000000 P 1b0782873fac45c19186dd7e9966b568 [sys.catalog]: SysCatalogTable state changed. Reason: New leader 1b0782873fac45c19186dd7e9966b568. Latest consensus state: current_term: 2 leader_uuid: "1b0782873fac45c19186dd7e9966b568" committed_config { opid_index: -1 OBSOLETE_local: false peers { permanent_uuid: "c099560cc34545d88ee0f5408bf0078e" member_type: VOTER last_known_addr { host: "127.18.222.62" port: 37057 } } peers { permanent_uuid: "b6ca09a1f9e5496f95857e93a1bfddfc" member_type: VOTER last_known_addr { host: "127.18.222.61" port: 42813 } } peers { permanent_uuid: "1b0782873fac45c19186dd7e9966b568" member_type: VOTER last_known_addr { host: "127.18.222.60" port: 45381 } } }
I0918 20:39:10.953212 25142 sys_catalog.cc:343] T 00000000000000000000000000000000 P 1b0782873fac45c19186dd7e9966b568 [sys.catalog]: This master's current role is: LEADER
I0918 20:39:10.961161 25144 catalog_manager.cc:1086] Loading table and tablet metadata into memory...
I0918 20:39:10.961264 19320 fs_manager.cc:419] Time spent opening block manager: real 0.003s user 0.000s sys 0.002s
I0918 20:39:10.963904 19320 fs_manager.cc:436] Opened local filesystem: /tmp/dist-test-task6lCVqo/test-tmp/ksck_remote-test.0.RemoteKsckTest.TestClusterWithLocation.1568839089958813-19320/minicluster-data/master-1-root uuid: "b6ca09a1f9e5496f95857e93a1bfddfc" format_stamp: "Formatted at 2019-09-18 20:39:07 on dist-test-slave-dist-test-slave-85lk"
I0918 20:39:10.968518 19320 fs_report.cc:352] FS layout report -------------------- wal directory: /tmp/dist-test-task6lCVqo/test-tmp/ksck_remote-test.0.RemoteKsckTest.TestClusterWithLocation.1568839089958813-19320/minicluster-data/master-1-root metadata directory: /tmp/dist-test-task6lCVqo/test-tmp/ksck_remote-test.0.RemoteKsckTest.TestClusterWithLocation.1568839089958813-19320/minicluster-data/master-1-root 1 data directories: /tmp/dist-test-task6lCVqo/test-tmp/ksck_remote-test.0.RemoteKsckTest.TestClusterWithLocation.1568839089958813-19320/minicluster-data/master-1-root/data Total live blocks: 0 Total live bytes: 0 Total live bytes (after alignment): 0 Total number of LBM containers: 0 (0 full) Did not check for missing blocks Did not check for orphaned blocks Total full LBM containers with extra space: 0 (0 repaired) Total full LBM container extra space in bytes: 0 (0 repaired) Total incomplete LBM containers: 0 (0 repaired) Total LBM partial records: 0 (0 repaired)
I0918 20:39:10.971801 25144 catalog_manager.cc:387] Loaded metadata for table ksck-test-table [id=7aa24a7d75d54b7889f05c617afd1dfb]
I0918 20:39:10.977654 25144 catalog_manager.cc:441] Loaded metadata for tablet 4b86906ac1084018a23f202664ca0276 (table ksck-test-table [id=7aa24a7d75d54b7889f05c617afd1dfb])
I0918 20:39:10.979183 25144 catalog_manager.cc:441] Loaded metadata for tablet 8119ec3019aa43a78aace2e7ed85055d (table ksck-test-table [id=7aa24a7d75d54b7889f05c617afd1dfb])
I0918 20:39:10.980589 25144 catalog_manager.cc:441] Loaded metadata for tablet 98003d0b22fb4a248daa8ba50ca38265 (table ksck-test-table [id=7aa24a7d75d54b7889f05c617afd1dfb])
I0918 20:39:10.981624 25144 catalog_manager.cc:1097] Initializing Kudu internal certificate authority...
I0918 20:39:10.986884 25144 catalog_manager.cc:1106] Loading token signing keys...
I0918 20:39:10.990537 25144 catalog_manager.cc:4457] T 00000000000000000000000000000000 P 1b0782873fac45c19186dd7e9966b568: Loaded TSK: 0
I0918 20:39:10.992189 25144 catalog_manager.cc:1116] Initializing in-progress tserver states...
I0918 20:39:11.009876 24835 heartbeater.cc:447] Master 127.18.222.60:45381 was elected leader, sending a full tablet report...
I0918 20:39:11.009980 24988 heartbeater.cc:447] Master 127.18.222.60:45381 was elected leader, sending a full tablet report...
I0918 20:39:11.019354 24909 heartbeater.cc:447] Master 127.18.222.60:45381 was elected leader, sending a full tablet report...
I0918 20:39:11.133703 19320 rpc_server.cc:205] RPC server started. Bound to: 127.18.222.61:42813
I0918 20:39:11.136621 19320 webserver.cc:374] Webserver started at http://127.18.222.61:44145/ using document root and password file
I0918 20:39:11.138949 19320 master.cc:247] Master@127.18.222.60:45381 shutting down...
I0918 20:39:11.140868 24709 messenger.cc:381] Service unavailable: service kudu.master.MasterService not registered on Master
I0918 20:39:11.147055 24707 messenger.cc:381] Service unavailable: service kudu.master.MasterService not registered on Master
I0918 20:39:11.147964 24707 messenger.cc:381] Service unavailable: service kudu.master.MasterService not registered on Master
I0918 20:39:11.163331 24709 messenger.cc:381] Service unavailable: service kudu.master.MasterService not registered on Master
I0918 20:39:11.239907 24709 messenger.cc:381] Service unavailable: service kudu.master.MasterService not registered on Master
I0918 20:39:11.248628 24707 messenger.cc:381] Service unavailable: service kudu.master.MasterService not registered on Master
I0918 20:39:11.277972 24709 messenger.cc:381] Service unavailable: service kudu.master.MasterService not registered on Master
I0918 20:39:11.288733 24707 messenger.cc:381] Service unavailable: service kudu.master.MasterService not registered on Master
I0918 20:39:11.294212 24709 messenger.cc:381] Service unavailable: service kudu.master.MasterService not registered on Master
I0918 20:39:11.301919 24707 messenger.cc:381] Service unavailable: service kudu.master.MasterService not registered on Master
I0918 20:39:11.308194 24707 messenger.cc:381] Service unavailable: service kudu.master.MasterService not registered on Master
I0918 20:39:11.319301 24707 messenger.cc:381] Service unavailable: service kudu.master.MasterService not registered on Master
I0918 20:39:11.319806 24709 messenger.cc:381] Service unavailable: service kudu.master.MasterService not registered on Master
I0918 20:39:11.330965 24707 messenger.cc:381] Service unavailable: service kudu.master.MasterService not registered on Master
I0918 20:39:11.342425 24707 messenger.cc:381] Service unavailable: service kudu.master.MasterService not registered on Master
I0918 20:39:11.346995 24709 messenger.cc:381] Service unavailable: service kudu.master.MasterService not registered on Master
I0918 20:39:11.350817 25198 sys_catalog.cc:188] Verifying existing consensus state
I0918 20:39:11.370007 24707 messenger.cc:381] Service unavailable: service kudu.master.MasterService not registered on Master
I0918 20:39:11.395665 24707 messenger.cc:381] Service unavailable: service kudu.master.MasterService not registered on Master
I0918 20:39:11.411041 25198 tablet_bootstrap.cc:439] T 00000000000000000000000000000000 P b6ca09a1f9e5496f95857e93a1bfddfc: Bootstrap starting.
I0918 20:39:11.416296 24709 messenger.cc:381] Service unavailable: service kudu.master.MasterService not registered on Master
I0918 20:39:11.416819 24707 messenger.cc:381] Service unavailable: service kudu.master.MasterService not registered on Master
I0918 20:39:11.419591 24707 messenger.cc:381] Service unavailable: service kudu.master.MasterService not registered on Master
I0918 20:39:11.426159 24989 heartbeater.cc:322] Connected to a master server at 127.18.222.61:42813
I0918 20:39:11.440172 24707 messenger.cc:381] Service unavailable: service kudu.master.MasterService not registered on Master
I0918 20:39:11.440968 24836 heartbeater.cc:322] Connected to a master server at 127.18.222.61:42813
I0918 20:39:11.445190 24910 heartbeater.cc:322] Connected to a master server at 127.18.222.61:42813
I0918 20:39:11.445241 24709 messenger.cc:381] Service unavailable: service kudu.master.MasterService not registered on Master
I0918 20:39:11.451400 24707 messenger.cc:381] Service unavailable: service kudu.master.MasterService not registered on Master
I0918 20:39:11.457044 19320 raft_consensus.cc:2147] T 00000000000000000000000000000000 P 1b0782873fac45c19186dd7e9966b568 [term 2 LEADER]: Raft consensus shutting down.
I0918 20:39:11.457999 19320 pending_rounds.cc:64] T 00000000000000000000000000000000 P 1b0782873fac45c19186dd7e9966b568: Trying to abort 1 pending transactions.
I0918 20:39:11.458386 19320 pending_rounds.cc:70] T 00000000000000000000000000000000 P 1b0782873fac45c19186dd7e9966b568: Aborting transaction as it isn't in flight: id { term: 2 index: 9 } timestamp: 6425965162258554880 op_type: NO_OP noop_request { }
I0918 20:39:11.458997 19320 raft_consensus.cc:2727] T 00000000000000000000000000000000 P 1b0782873fac45c19186dd7e9966b568 [term 2 LEADER]: NO_OP replication failed: Aborted: Transaction aborted
I0918 20:39:11.459275 19320 raft_consensus.cc:2174] T 00000000000000000000000000000000 P 1b0782873fac45c19186dd7e9966b568 [term 2 FOLLOWER]: Raft consensus is shut down!
I0918 20:39:11.462435 19320 tablet_replica.cc:273] T 00000000000000000000000000000000 P 1b0782873fac45c19186dd7e9966b568: stopping tablet replica
I0918 20:39:11.465662 24707 messenger.cc:381] Service unavailable: service kudu.master.MasterService not registered on Master
I0918 20:39:11.466580 24707 messenger.cc:381] Service unavailable: service kudu.master.MasterService not registered on Master
I0918 20:39:11.472656 24709 messenger.cc:381] Service unavailable: service kudu.master.MasterService not registered on Master
I0918 20:39:11.479969 24836 heartbeater.cc:322] Connected to a master server at 127.18.222.61:42813
I0918 20:39:11.485718 24709 messenger.cc:381] Service unavailable: service kudu.master.MasterService not registered on Master
I0918 20:39:11.510679 25198 tablet_bootstrap.cc:439] T 00000000000000000000000000000000 P b6ca09a1f9e5496f95857e93a1bfddfc: Bootstrap replayed 1/1 log segments. Stats: ops{read=8 overwritten=0 applied=8 ignored=0} inserts{seen=6 ignored=0} mutations{seen=6 ignored=0} orphaned_commits=0. Pending: 0 replicates
I0918 20:39:11.511256 19320 master.cc:258] Master@127.18.222.60:45381 shutdown complete.
I0918 20:39:11.512080 25198 tablet_bootstrap.cc:439] T 00000000000000000000000000000000 P b6ca09a1f9e5496f95857e93a1bfddfc: Bootstrap complete.
I0918 20:39:11.519017 25198 raft_consensus.cc:340] T 00000000000000000000000000000000 P b6ca09a1f9e5496f95857e93a1bfddfc [term 1 FOLLOWER]: Replica starting. Triggering 0 pending transactions. Active config: opid_index: -1 OBSOLETE_local: false peers { permanent_uuid: "c099560cc34545d88ee0f5408bf0078e" member_type: VOTER last_known_addr { host: "127.18.222.62" port: 37057 } } peers { permanent_uuid: "b6ca09a1f9e5496f95857e93a1bfddfc" member_type: VOTER last_known_addr { host: "127.18.222.61" port: 42813 } } peers { permanent_uuid: "1b0782873fac45c19186dd7e9966b568" member_type: VOTER last_known_addr { host: "127.18.222.60" port: 45381 } }
I0918 20:39:11.519981 25198 raft_consensus.cc:705] T 00000000000000000000000000000000 P b6ca09a1f9e5496f95857e93a1bfddfc [term 1 FOLLOWER]: Becoming Follower/Learner. State: Replica: b6ca09a1f9e5496f95857e93a1bfddfc, State: Initialized, Role: FOLLOWER
I0918 20:39:11.520824 25198 consensus_queue.cc:229] T 00000000000000000000000000000000 P b6ca09a1f9e5496f95857e93a1bfddfc [NON_LEADER]: Queue going to NON_LEADER mode. State: All replicated index: 0, Majority replicated index: 0, Committed index: 8, Last appended: 1.8, Last appended by leader: 8, Current term: 0, Majority size: -1, State: 0, Mode: NON_LEADER, active raft config: opid_index: -1 OBSOLETE_local: false peers { permanent_uuid: "c099560cc34545d88ee0f5408bf0078e" member_type: VOTER last_known_addr { host: "127.18.222.62" port: 37057 } } peers { permanent_uuid: "b6ca09a1f9e5496f95857e93a1bfddfc" member_type: VOTER last_known_addr { host: "127.18.222.61" port: 42813 } } peers { permanent_uuid: "1b0782873fac45c19186dd7e9966b568" member_type: VOTER last_known_addr { host: "127.18.222.60" port: 45381 } }
I0918 20:39:11.524704 25198 sys_catalog.cc:340] T 00000000000000000000000000000000 P b6ca09a1f9e5496f95857e93a1bfddfc [sys.catalog]: SysCatalogTable state changed. Reason: Started TabletReplica. Latest consensus state: current_term: 1 committed_config { opid_index: -1 OBSOLETE_local: false peers { permanent_uuid: "c099560cc34545d88ee0f5408bf0078e" member_type: VOTER last_known_addr { host: "127.18.222.62" port: 37057 } } peers { permanent_uuid: "b6ca09a1f9e5496f95857e93a1bfddfc" member_type: VOTER last_known_addr { host: "127.18.222.61" port: 42813 } } peers { permanent_uuid: "1b0782873fac45c19186dd7e9966b568" member_type: VOTER last_known_addr { host: "127.18.222.60" port: 45381 } } }
I0918 20:39:11.525010 25205 sys_catalog.cc:340] T 00000000000000000000000000000000 P b6ca09a1f9e5496f95857e93a1bfddfc [sys.catalog]: SysCatalogTable state changed. Reason: RaftConsensus started. Latest consensus state: current_term: 1 committed_config { opid_index: -1 OBSOLETE_local: false peers { permanent_uuid: "c099560cc34545d88ee0f5408bf0078e" member_type: VOTER last_known_addr { host: "127.18.222.62" port: 37057 } } peers { permanent_uuid: "b6ca09a1f9e5496f95857e93a1bfddfc" member_type: VOTER last_known_addr { host: "127.18.222.61" port: 42813 } } peers { permanent_uuid: "1b0782873fac45c19186dd7e9966b568" member_type: VOTER last_known_addr { host: "127.18.222.60" port: 45381 } } }
I0918 20:39:11.525554 25198 sys_catalog.cc:343] T 00000000000000000000000000000000 P b6ca09a1f9e5496f95857e93a1bfddfc [sys.catalog]: This master's current role is: FOLLOWER
I0918 20:39:11.525818 25205 sys_catalog.cc:343] T 00000000000000000000000000000000 P b6ca09a1f9e5496f95857e93a1bfddfc [sys.catalog]: This master's current role is: FOLLOWER
I0918 20:39:11.526945 25198 sys_catalog.cc:428] T 00000000000000000000000000000000 P b6ca09a1f9e5496f95857e93a1bfddfc [sys.catalog]: configured and running, proceeding with master startup.
I0918 20:39:11.527216 25175 raft_consensus.cc:2890] T 00000000000000000000000000000000 P b6ca09a1f9e5496f95857e93a1bfddfc [term 1 FOLLOWER]: Advancing to term 2
I0918 20:39:11.536729 24989 heartbeater.cc:322] Connected to a master server at 127.18.222.61:42813
I0918 20:39:11.543618 25175 raft_consensus.cc:1184] T 00000000000000000000000000000000 P b6ca09a1f9e5496f95857e93a1bfddfc [term 2 FOLLOWER]: Refusing update from remote peer 1b0782873fac45c19186dd7e9966b568: Log matching property violated. Preceding OpId in replica: term: 1 index: 8. Preceding OpId from leader: term: 2 index: 9. (index mismatch)
W0918 20:39:11.548647 25146 connection.cc:562] Connection torn down before Call kudu.consensus.ConsensusService.UpdateConsensus from 127.0.0.1:41582 (request call id 1) could send its response
I0918 20:39:11.549343 25165 master_service.cc:229] Got heartbeat from unknown tserver (permanent_uuid: "20d7112efcfa495c9baa82bd089f4928" instance_seqno: 1568839147984755) as {username='slave'} at 127.0.0.1:41580; Asking this server to re-register.
I0918 20:39:11.550839 24910 heartbeater.cc:406] Registering TS with master...
I0918 20:39:11.551460 25164 master_service.cc:229] Got heartbeat from unknown tserver (permanent_uuid: "c6071a1b02054de29eddfe6865eafb8e" instance_seqno: 1568839147802738) as {username='slave'} at 127.0.0.1:41578; Asking this server to re-register.
I0918 20:39:11.552366 25163 master_service.cc:229] Got heartbeat from unknown tserver (permanent_uuid: "4f96668e49f44cfe9cdfe6462347a594" instance_seqno: 1568839148219987) as {username='slave'} at 127.0.0.1:41576; Asking this server to re-register.
I0918 20:39:11.553414 24836 heartbeater.cc:406] Registering TS with master...
I0918 20:39:11.662595 25164 ts_manager.cc:186] Registered new tserver with Master: 20d7112efcfa495c9baa82bd089f4928 (127.18.222.2:42835)
I0918 20:39:11.672933 24989 heartbeater.cc:406] Registering TS with master...
I0918 20:39:11.755362 25206 catalog_manager.cc:1153] T 00000000000000000000000000000000 P b6ca09a1f9e5496f95857e93a1bfddfc: acquiring CA information for follower catalog manager: success
I0918 20:39:11.777015 25163 ts_manager.cc:186] Registered new tserver with Master: c6071a1b02054de29eddfe6865eafb8e (127.18.222.1:45627)
I0918 20:39:11.800004 19320 system_ntp.cc:193] NTP initialized. Skew: 500ppm Current error: 153092us
I0918 20:39:11.801079 19320 fs_manager.cc:263] Metadata directory not provided
I0918 20:39:11.801681 19320 fs_manager.cc:266] Using existing metadata directory in first data directory
I0918 20:39:11.803998 25206 catalog_manager.cc:1181] T 00000000000000000000000000000000 P b6ca09a1f9e5496f95857e93a1bfddfc: importing token verification keys for follower catalog manager: success; most recent TSK sequence number 0
I0918 20:39:11.817816 19320 fs_manager.cc:399] Time spent opening directory manager: real 0.008s user 0.000s sys 0.002s
I0918 20:39:11.818403 25165 ts_manager.cc:186] Registered new tserver with Master: 4f96668e49f44cfe9cdfe6462347a594 (127.18.222.3:45255)
I0918 20:39:11.820046 19320 file_cache.cc:465] Constructed file cache lbm with capacity 419430
I0918 20:39:11.835029 19320 fs_manager.cc:419] Time spent opening block manager: real 0.002s user 0.001s sys 0.000s
I0918 20:39:11.835640 19320 fs_manager.cc:436] Opened local filesystem: /tmp/dist-test-task6lCVqo/test-tmp/ksck_remote-test.0.RemoteKsckTest.TestClusterWithLocation.1568839089958813-19320/minicluster-data/master-2-root uuid: "1b0782873fac45c19186dd7e9966b568" format_stamp: "Formatted at 2019-09-18 20:39:07 on dist-test-slave-dist-test-slave-85lk"
I0918 20:39:11.836133 19320 fs_report.cc:352] FS layout report -------------------- wal directory: /tmp/dist-test-task6lCVqo/test-tmp/ksck_remote-test.0.RemoteKsckTest.TestClusterWithLocation.1568839089958813-19320/minicluster-data/master-2-root metadata directory: /tmp/dist-test-task6lCVqo/test-tmp/ksck_remote-test.0.RemoteKsckTest.TestClusterWithLocation.1568839089958813-19320/minicluster-data/master-2-root 1 data directories: /tmp/dist-test-task6lCVqo/test-tmp/ksck_remote-test.0.RemoteKsckTest.TestClusterWithLocation.1568839089958813-19320/minicluster-data/master-2-root/data Total live blocks: 0 Total live bytes: 0 Total live bytes (after alignment): 0 Total number of LBM containers: 0 (0 full) Did not check for missing blocks Did not check for orphaned blocks Total full LBM containers with extra space: 0 (0 repaired) Total full LBM container extra space in bytes: 0 (0 repaired) Total incomplete LBM containers: 0 (0 repaired) Total LBM partial records: 0 (0 repaired)
I0918 20:39:12.024197 19320 rpc_server.cc:205] RPC server started. Bound to: 127.18.222.60:45381
I0918 20:39:12.034191 19320 webserver.cc:374] Webserver started at http://127.18.222.60:39679/ using document root and password file
I0918 20:39:12.076143 25268 sys_catalog.cc:188] Verifying existing consensus state
I0918 20:39:12.090608 24988 heartbeater.cc:322] Connected to a master server at 127.18.222.60:45381
I0918 20:39:12.092787 24909 heartbeater.cc:322] Connected to a master server at 127.18.222.60:45381
I0918 20:39:12.095232 24835 heartbeater.cc:322] Connected to a master server at 127.18.222.60:45381
I0918 20:39:12.103837 25268 tablet_bootstrap.cc:439] T 00000000000000000000000000000000 P 1b0782873fac45c19186dd7e9966b568: Bootstrap starting.
I0918 20:39:12.111546 19320 system_ntp.cc:193] NTP initialized. Skew: 500ppm Current error: 153592us
I0918 20:39:12.116293 19320 fs_manager.cc:263] Metadata directory not provided
I0918 20:39:12.116605 19320 fs_manager.cc:269] Using write-ahead log directory (fs_wal_dir) as metadata directory
I0918 20:39:12.117597 19320 server_base.cc:452] Could not load existing FS layout: Not found: could not find a healthy instance file
I0918 20:39:12.118194 19320 server_base.cc:453] Attempting to create new FS layout instead
I0918 20:39:12.122496 19320 fs_manager.cc:602] Generated new instance metadata in path /tmp/dist-test-task6lCVqo/test-tmp/ksck_remote-test.0.RemoteKsckTest.TestClusterWithLocation.1568839089958813-19320/minicluster-data/ts-3-root/instance: uuid: "2ffe169c7ea24f32b0ba24da590e6d2b" format_stamp: "Formatted at 2019-09-18 20:39:12 on dist-test-slave-dist-test-slave-85lk"
I0918 20:39:12.143144 25268 tablet_bootstrap.cc:439] T 00000000000000000000000000000000 P 1b0782873fac45c19186dd7e9966b568: Bootstrap replayed 1/1 log segments. Stats: ops{read=9 overwritten=0 applied=8 ignored=0} inserts{seen=6 ignored=0} mutations{seen=6 ignored=0} orphaned_commits=0. Pending: 1 replicates
I0918 20:39:12.144454 25268 tablet_bootstrap.cc:439] T 00000000000000000000000000000000 P 1b0782873fac45c19186dd7e9966b568: Bootstrap complete.
I0918 20:39:12.144901 19320 fs_manager.cc:503] Time spent creating directory manager: real 0.022s user 0.012s sys 0.003s
I0918 20:39:12.147471 19320 file_cache.cc:465] Constructed file cache lbm with capacity 419430
I0918 20:39:12.147433 25268 raft_consensus.cc:340] T 00000000000000000000000000000000 P 1b0782873fac45c19186dd7e9966b568 [term 2 FOLLOWER]: Replica starting. Triggering 1 pending transactions. Active config: opid_index: -1 OBSOLETE_local: false peers { permanent_uuid: "c099560cc34545d88ee0f5408bf0078e" member_type: VOTER last_known_addr { host: "127.18.222.62" port: 37057 } } peers { permanent_uuid: "b6ca09a1f9e5496f95857e93a1bfddfc" member_type: VOTER last_known_addr { host: "127.18.222.61" port: 42813 } } peers { permanent_uuid: "1b0782873fac45c19186dd7e9966b568" member_type: VOTER last_known_addr { host: "127.18.222.60" port: 45381 } }
I0918 20:39:12.148672 25268 raft_consensus.cc:705] T 00000000000000000000000000000000 P 1b0782873fac45c19186dd7e9966b568 [term 2 FOLLOWER]: Becoming Follower/Learner. State: Replica: 1b0782873fac45c19186dd7e9966b568, State: Initialized, Role: FOLLOWER
I0918 20:39:12.149425 25268 consensus_queue.cc:229] T 00000000000000000000000000000000 P 1b0782873fac45c19186dd7e9966b568 [NON_LEADER]: Queue going to NON_LEADER mode. State: All replicated index: 0, Majority replicated index: 0, Committed index: 8, Last appended: 2.9, Last appended by leader: 9, Current term: 0, Majority size: -1, State: 0, Mode: NON_LEADER, active raft config: opid_index: -1 OBSOLETE_local: false peers { permanent_uuid: "c099560cc34545d88ee0f5408bf0078e" member_type: VOTER last_known_addr { host: "127.18.222.62" port: 37057 } } peers { permanent_uuid: "b6ca09a1f9e5496f95857e93a1bfddfc" member_type: VOTER last_known_addr { host: "127.18.222.61" port: 42813 } } peers { permanent_uuid: "1b0782873fac45c19186dd7e9966b568" member_type: VOTER last_known_addr { host: "127.18.222.60" port: 45381 } }
I0918 20:39:12.155239 25268 sys_catalog.cc:340] T 00000000000000000000000000000000 P 1b0782873fac45c19186dd7e9966b568 [sys.catalog]: SysCatalogTable state changed. Reason: Started TabletReplica. Latest consensus state: current_term: 2 committed_config { opid_index: -1 OBSOLETE_local: false peers { permanent_uuid: "c099560cc34545d88ee0f5408bf0078e" member_type: VOTER last_known_addr { host: "127.18.222.62" port: 37057 } } peers { permanent_uuid: "b6ca09a1f9e5496f95857e93a1bfddfc" member_type: VOTER last_known_addr { host: "127.18.222.61" port: 42813 } } peers { permanent_uuid: "1b0782873fac45c19186dd7e9966b568" member_type: VOTER last_known_addr { host: "127.18.222.60" port: 45381 } } }
I0918 20:39:12.156184 25268 sys_catalog.cc:343] T 00000000000000000000000000000000 P 1b0782873fac45c19186dd7e9966b568 [sys.catalog]: This master's current role is: FOLLOWER
I0918 20:39:12.157476 25268 sys_catalog.cc:428] T 00000000000000000000000000000000 P 1b0782873fac45c19186dd7e9966b568 [sys.catalog]: configured and running, proceeding with master startup.
I0918 20:39:12.155457 25271 sys_catalog.cc:340] T 00000000000000000000000000000000 P 1b0782873fac45c19186dd7e9966b568 [sys.catalog]: SysCatalogTable state changed. Reason: RaftConsensus started. Latest consensus state: current_term: 2 committed_config { opid_index: -1 OBSOLETE_local: false peers { permanent_uuid: "c099560cc34545d88ee0f5408bf0078e" member_type: VOTER last_known_addr { host: "127.18.222.62" port: 37057 } } peers { permanent_uuid: "b6ca09a1f9e5496f95857e93a1bfddfc" member_type: VOTER last_known_addr { host: "127.18.222.61" port: 42813 } } peers { permanent_uuid: "1b0782873fac45c19186dd7e9966b568" member_type: VOTER last_known_addr { host: "127.18.222.60" port: 45381 } } }
I0918 20:39:12.166247 25271 sys_catalog.cc:343] T 00000000000000000000000000000000 P 1b0782873fac45c19186dd7e9966b568 [sys.catalog]: This master's current role is: FOLLOWER
I0918 20:39:12.166927 25231 master_service.cc:229] Got heartbeat from unknown tserver (permanent_uuid: "c6071a1b02054de29eddfe6865eafb8e" instance_seqno: 1568839147802738) as {username='slave'} at 127.0.0.1:34354; Asking this server to re-register.
I0918 20:39:12.168555 24835 heartbeater.cc:406] Registering TS with master...
I0918 20:39:12.172597 19320 fs_manager.cc:419] Time spent opening block manager: real 0.008s user 0.003s sys 0.001s
