I0918 20:38:27.580744 19320 fs_manager.cc:436] Opened local filesystem: /tmp/dist-test-task6lCVqo/test-tmp/ksck_remote-test.0.RemoteKsckTest.TestTableConsistency.1568839089958813-19320/minicluster-data/ts-0-root uuid: "3ff36990b0c44cf7b62f9e2df4a80087" format_stamp: "Formatted at 2019-09-18 20:38:27 on dist-test-slave-dist-test-slave-85lk"
I0918 20:38:27.581007 19320 fs_report.cc:352] FS layout report -------------------- wal directory: /tmp/dist-test-task6lCVqo/test-tmp/ksck_remote-test.0.RemoteKsckTest.TestTableConsistency.1568839089958813-19320/minicluster-data/ts-0-root metadata directory: /tmp/dist-test-task6lCVqo/test-tmp/ksck_remote-test.0.RemoteKsckTest.TestTableConsistency.1568839089958813-19320/minicluster-data/ts-0-root 1 data directories: /tmp/dist-test-task6lCVqo/test-tmp/ksck_remote-test.0.RemoteKsckTest.TestTableConsistency.1568839089958813-19320/minicluster-data/ts-0-root/data Total live blocks: 0 Total live bytes: 0 Total live bytes (after alignment): 0 Total number of LBM containers: 0 (0 full) Did not check for missing blocks Did not check for orphaned blocks Total full LBM containers with extra space: 0 (0 repaired) Total full LBM container extra space in bytes: 0 (0 repaired) Total incomplete LBM containers: 0 (0 repaired) Total LBM partial records: 0 (0 repaired)
I0918 20:38:27.605957 19320 ts_tablet_manager.cc:383] Loaded tablet metadata (0 total tablets, 0 live tablets)
I0918 20:38:27.606230 19320 ts_tablet_manager.cc:403] Registered 0 tablets
I0918 20:38:27.607133 21121 raft_consensus.cc:1184] T 00000000000000000000000000000000 P 2362c3ddd9814f6b9cf972f09ea443fb [term 1 FOLLOWER]: Refusing update from remote peer fbf7f3ed055e466888130f93b574c7b5: Log matching property violated. Preceding OpId in replica: term: 0 index: 0. Preceding OpId from leader: term: 1 index: 2. (index mismatch)
I0918 20:38:27.607393 21065 raft_consensus.cc:1184] T 00000000000000000000000000000000 P 74d1e2b653404613bbdfa0e3c67634b7 [term 1 FOLLOWER]: Refusing update from remote peer fbf7f3ed055e466888130f93b574c7b5: Log matching property violated. Preceding OpId in replica: term: 0 index: 0. Preceding OpId from leader: term: 1 index: 2. (index mismatch)
I0918 20:38:27.608729 21149 consensus_queue.cc:984] T 00000000000000000000000000000000 P fbf7f3ed055e466888130f93b574c7b5 [LEADER]: Connected to new peer: Peer: permanent_uuid: "74d1e2b653404613bbdfa0e3c67634b7" member_type: VOTER last_known_addr { host: "127.18.222.61" port: 40493 }, Status: LMP_MISMATCH, Last received: 0.0, Next index: 1, Last known committed idx: 0, Time since last communication: 0.000s
I0918 20:38:27.609372 21158 consensus_queue.cc:984] T 00000000000000000000000000000000 P fbf7f3ed055e466888130f93b574c7b5 [LEADER]: Connected to new peer: Peer: permanent_uuid: "2362c3ddd9814f6b9cf972f09ea443fb" member_type: VOTER last_known_addr { host: "127.18.222.60" port: 44745 }, Status: LMP_MISMATCH, Last received: 0.0, Next index: 1, Last known committed idx: 0, Time since last communication: 0.000s
I0918 20:38:27.617374 21156 sys_catalog.cc:340] T 00000000000000000000000000000000 P 2362c3ddd9814f6b9cf972f09ea443fb [sys.catalog]: SysCatalogTable state changed. Reason: New leader fbf7f3ed055e466888130f93b574c7b5. Latest consensus state: current_term: 1 leader_uuid: "fbf7f3ed055e466888130f93b574c7b5" committed_config { opid_index: -1 OBSOLETE_local: false peers { permanent_uuid: "fbf7f3ed055e466888130f93b574c7b5" member_type: VOTER last_known_addr { host: "127.18.222.62" port: 32943 } } peers { permanent_uuid: "74d1e2b653404613bbdfa0e3c67634b7" member_type: VOTER last_known_addr { host: "127.18.222.61" port: 40493 } } peers { permanent_uuid: "2362c3ddd9814f6b9cf972f09ea443fb" member_type: VOTER last_known_addr { host: "127.18.222.60" port: 44745 } } }
I0918 20:38:27.617971 21156 sys_catalog.cc:343] T 00000000000000000000000000000000 P 2362c3ddd9814f6b9cf972f09ea443fb [sys.catalog]: This master's current role is: FOLLOWER
I0918 20:38:27.621023 21153 sys_catalog.cc:340] T 00000000000000000000000000000000 P 74d1e2b653404613bbdfa0e3c67634b7 [sys.catalog]: SysCatalogTable state changed. Reason: New leader fbf7f3ed055e466888130f93b574c7b5. Latest consensus state: current_term: 1 leader_uuid: "fbf7f3ed055e466888130f93b574c7b5" committed_config { opid_index: -1 OBSOLETE_local: false peers { permanent_uuid: "fbf7f3ed055e466888130f93b574c7b5" member_type: VOTER last_known_addr { host: "127.18.222.62" port: 32943 } } peers { permanent_uuid: "74d1e2b653404613bbdfa0e3c67634b7" member_type: VOTER last_known_addr { host: "127.18.222.61" port: 40493 } } peers { permanent_uuid: "2362c3ddd9814f6b9cf972f09ea443fb" member_type: VOTER last_known_addr { host: "127.18.222.60" port: 44745 } } }
I0918 20:38:27.622359 21153 sys_catalog.cc:343] T 00000000000000000000000000000000 P 74d1e2b653404613bbdfa0e3c67634b7 [sys.catalog]: This master's current role is: FOLLOWER
I0918 20:38:27.635236 21149 sys_catalog.cc:340] T 00000000000000000000000000000000 P fbf7f3ed055e466888130f93b574c7b5 [sys.catalog]: SysCatalogTable state changed. Reason: Peer health change. Latest consensus state: current_term: 1 leader_uuid: "fbf7f3ed055e466888130f93b574c7b5" committed_config { opid_index: -1 OBSOLETE_local: false peers { permanent_uuid: "fbf7f3ed055e466888130f93b574c7b5" member_type: VOTER last_known_addr { host: "127.18.222.62" port: 32943 } } peers { permanent_uuid: "74d1e2b653404613bbdfa0e3c67634b7" member_type: VOTER last_known_addr { host: "127.18.222.61" port: 40493 } } peers { permanent_uuid: "2362c3ddd9814f6b9cf972f09ea443fb" member_type: VOTER last_known_addr { host: "127.18.222.60" port: 44745 } } }
I0918 20:38:27.636426 21149 sys_catalog.cc:343] T 00000000000000000000000000000000 P fbf7f3ed055e466888130f93b574c7b5 [sys.catalog]: This master's current role is: LEADER
I0918 20:38:27.637454 21149 sys_catalog.cc:340] T 00000000000000000000000000000000 P fbf7f3ed055e466888130f93b574c7b5 [sys.catalog]: SysCatalogTable state changed. Reason: Peer health change. Latest consensus state: current_term: 1 leader_uuid: "fbf7f3ed055e466888130f93b574c7b5" committed_config { opid_index: -1 OBSOLETE_local: false peers { permanent_uuid: "fbf7f3ed055e466888130f93b574c7b5" member_type: VOTER last_known_addr { host: "127.18.222.62" port: 32943 } } peers { permanent_uuid: "74d1e2b653404613bbdfa0e3c67634b7" member_type: VOTER last_known_addr { host: "127.18.222.61" port: 40493 } } peers { permanent_uuid: "2362c3ddd9814f6b9cf972f09ea443fb" member_type: VOTER last_known_addr { host: "127.18.222.60" port: 44745 } } }
I0918 20:38:27.639497 21149 sys_catalog.cc:343] T 00000000000000000000000000000000 P fbf7f3ed055e466888130f93b574c7b5 [sys.catalog]: This master's current role is: LEADER
I0918 20:38:27.640858 21160 catalog_manager.cc:981] Generated new certificate authority record
I0918 20:38:27.642853 21153 sys_catalog.cc:340] T 00000000000000000000000000000000 P 74d1e2b653404613bbdfa0e3c67634b7 [sys.catalog]: SysCatalogTable state changed. Reason: Replicated consensus-only round. Latest consensus state: current_term: 1 leader_uuid: "fbf7f3ed055e466888130f93b574c7b5" committed_config { opid_index: -1 OBSOLETE_local: false peers { permanent_uuid: "fbf7f3ed055e466888130f93b574c7b5" member_type: VOTER last_known_addr { host: "127.18.222.62" port: 32943 } } peers { permanent_uuid: "74d1e2b653404613bbdfa0e3c67634b7" member_type: VOTER last_known_addr { host: "127.18.222.61" port: 40493 } } peers { permanent_uuid: "2362c3ddd9814f6b9cf972f09ea443fb" member_type: VOTER last_known_addr { host: "127.18.222.60" port: 44745 } } }
I0918 20:38:27.643610 21153 sys_catalog.cc:343] T 00000000000000000000000000000000 P 74d1e2b653404613bbdfa0e3c67634b7 [sys.catalog]: This master's current role is: FOLLOWER
I0918 20:38:27.644582 21160 catalog_manager.cc:1106] Loading token signing keys...
I0918 20:38:27.645331 21156 sys_catalog.cc:340] T 00000000000000000000000000000000 P 2362c3ddd9814f6b9cf972f09ea443fb [sys.catalog]: SysCatalogTable state changed. Reason: Replicated consensus-only round. Latest consensus state: current_term: 1 leader_uuid: "fbf7f3ed055e466888130f93b574c7b5" committed_config { opid_index: -1 OBSOLETE_local: false peers { permanent_uuid: "fbf7f3ed055e466888130f93b574c7b5" member_type: VOTER last_known_addr { host: "127.18.222.62" port: 32943 } } peers { permanent_uuid: "74d1e2b653404613bbdfa0e3c67634b7" member_type: VOTER last_known_addr { host: "127.18.222.61" port: 40493 } } peers { permanent_uuid: "2362c3ddd9814f6b9cf972f09ea443fb" member_type: VOTER last_known_addr { host: "127.18.222.60" port: 44745 } } }
I0918 20:38:27.646121 21156 sys_catalog.cc:343] T 00000000000000000000000000000000 P 2362c3ddd9814f6b9cf972f09ea443fb [sys.catalog]: This master's current role is: FOLLOWER
I0918 20:38:27.664762 21160 catalog_manager.cc:4446] T 00000000000000000000000000000000 P fbf7f3ed055e466888130f93b574c7b5: Generated new TSK 0
I0918 20:38:27.665539 21160 catalog_manager.cc:1116] Initializing in-progress tserver states...
I0918 20:38:27.686890 19320 rpc_server.cc:205] RPC server started. Bound to: 127.18.222.1:41435
I0918 20:38:27.688776 19320 webserver.cc:374] Webserver started at http://127.18.222.1:38135/ using document root and password file
I0918 20:38:27.713979 21235 heartbeater.cc:322] Connected to a master server at 127.18.222.61:40493
I0918 20:38:27.714361 21235 heartbeater.cc:406] Registering TS with master...
I0918 20:38:27.714941 21235 heartbeater.cc:455] Master 127.18.222.61:40493 requested a full tablet report, sending...
I0918 20:38:27.715274 21234 heartbeater.cc:322] Connected to a master server at 127.18.222.60:44745
I0918 20:38:27.715656 21234 heartbeater.cc:406] Registering TS with master...
I0918 20:38:27.716193 21234 heartbeater.cc:455] Master 127.18.222.60:44745 requested a full tablet report, sending...
I0918 20:38:27.717514 21055 ts_manager.cc:186] Registered new tserver with Master: 3ff36990b0c44cf7b62f9e2df4a80087 (127.18.222.1:41435)
I0918 20:38:27.718747 21112 ts_manager.cc:186] Registered new tserver with Master: 3ff36990b0c44cf7b62f9e2df4a80087 (127.18.222.1:41435)
I0918 20:38:27.720129 21236 heartbeater.cc:322] Connected to a master server at 127.18.222.62:32943
I0918 20:38:27.720469 21236 heartbeater.cc:406] Registering TS with master...
I0918 20:38:27.720886 21236 heartbeater.cc:455] Master 127.18.222.62:32943 requested a full tablet report, sending...
I0918 20:38:27.721959 19320 system_ntp.cc:193] NTP initialized. Skew: 500ppm Current error: 131092us
I0918 20:38:27.722455 19320 fs_manager.cc:263] Metadata directory not provided
I0918 20:38:27.722592 20998 ts_manager.cc:186] Registered new tserver with Master: 3ff36990b0c44cf7b62f9e2df4a80087 (127.18.222.1:41435)
I0918 20:38:27.722699 19320 fs_manager.cc:269] Using write-ahead log directory (fs_wal_dir) as metadata directory
I0918 20:38:27.723083 19320 server_base.cc:452] Could not load existing FS layout: Not found: could not find a healthy instance file
I0918 20:38:27.723289 19320 server_base.cc:453] Attempting to create new FS layout instead
I0918 20:38:27.724684 19320 fs_manager.cc:602] Generated new instance metadata in path /tmp/dist-test-task6lCVqo/test-tmp/ksck_remote-test.0.RemoteKsckTest.TestTableConsistency.1568839089958813-19320/minicluster-data/ts-1-root/instance: uuid: "1514f228147341d5baafc932fda5d90f" format_stamp: "Formatted at 2019-09-18 20:38:27 on dist-test-slave-dist-test-slave-85lk"
I0918 20:38:27.725540 20998 master_service.cc:276] Signed X509 certificate for tserver {username='slave'} at 127.0.0.1:43550
I0918 20:38:27.736964 19320 fs_manager.cc:503] Time spent creating directory manager: real 0.012s user 0.011s sys 0.001s
I0918 20:38:27.738226 21236 heartbeater.cc:447] Master 127.18.222.62:32943 was elected leader, sending a full tablet report...
I0918 20:38:27.738512 19320 file_cache.cc:465] Constructed file cache lbm with capacity 419430
I0918 20:38:27.748183 19320 fs_manager.cc:419] Time spent opening block manager: real 0.001s user 0.001s sys 0.000s
I0918 20:38:27.748383 19320 fs_manager.cc:436] Opened local filesystem: /tmp/dist-test-task6lCVqo/test-tmp/ksck_remote-test.0.RemoteKsckTest.TestTableConsistency.1568839089958813-19320/minicluster-data/ts-1-root uuid: "1514f228147341d5baafc932fda5d90f" format_stamp: "Formatted at 2019-09-18 20:38:27 on dist-test-slave-dist-test-slave-85lk"
I0918 20:38:27.748638 19320 fs_report.cc:352] FS layout report -------------------- wal directory: /tmp/dist-test-task6lCVqo/test-tmp/ksck_remote-test.0.RemoteKsckTest.TestTableConsistency.1568839089958813-19320/minicluster-data/ts-1-root metadata directory: /tmp/dist-test-task6lCVqo/test-tmp/ksck_remote-test.0.RemoteKsckTest.TestTableConsistency.1568839089958813-19320/minicluster-data/ts-1-root 1 data directories: /tmp/dist-test-task6lCVqo/test-tmp/ksck_remote-test.0.RemoteKsckTest.TestTableConsistency.1568839089958813-19320/minicluster-data/ts-1-root/data Total live blocks: 0 Total live bytes: 0 Total live bytes (after alignment): 0 Total number of LBM containers: 0 (0 full) Did not check for missing blocks Did not check for orphaned blocks Total full LBM containers with extra space: 0 (0 repaired) Total full LBM container extra space in bytes: 0 (0 repaired) Total incomplete LBM containers: 0 (0 repaired) Total LBM partial records: 0 (0 repaired)
I0918 20:38:27.784866 19320 ts_tablet_manager.cc:383] Loaded tablet metadata (0 total tablets, 0 live tablets)
I0918 20:38:27.785184 19320 ts_tablet_manager.cc:403] Registered 0 tablets
I0918 20:38:27.833714 19320 rpc_server.cc:205] RPC server started. Bound to: 127.18.222.2:41977
I0918 20:38:27.835670 19320 webserver.cc:374] Webserver started at http://127.18.222.2:33023/ using document root and password file
I0918 20:38:27.858515 21305 heartbeater.cc:322] Connected to a master server at 127.18.222.60:44745
I0918 20:38:27.858871 21305 heartbeater.cc:406] Registering TS with master...
I0918 20:38:27.859483 21305 heartbeater.cc:455] Master 127.18.222.60:44745 requested a full tablet report, sending...
I0918 20:38:27.862149 21112 ts_manager.cc:186] Registered new tserver with Master: 1514f228147341d5baafc932fda5d90f (127.18.222.2:41977)
I0918 20:38:27.867009 21306 heartbeater.cc:322] Connected to a master server at 127.18.222.61:40493
I0918 20:38:27.867305 21306 heartbeater.cc:406] Registering TS with master...
I0918 20:38:27.867786 21306 heartbeater.cc:455] Master 127.18.222.61:40493 requested a full tablet report, sending...
I0918 20:38:27.870062 21054 ts_manager.cc:186] Registered new tserver with Master: 1514f228147341d5baafc932fda5d90f (127.18.222.2:41977)
I0918 20:38:27.872565 21308 heartbeater.cc:322] Connected to a master server at 127.18.222.62:32943
I0918 20:38:27.872882 21308 heartbeater.cc:406] Registering TS with master...
I0918 20:38:27.873461 21308 heartbeater.cc:455] Master 127.18.222.62:32943 requested a full tablet report, sending...
I0918 20:38:27.874575 19320 system_ntp.cc:193] NTP initialized. Skew: 500ppm Current error: 131092us
I0918 20:38:27.875047 19320 fs_manager.cc:263] Metadata directory not provided
I0918 20:38:27.875286 19320 fs_manager.cc:269] Using write-ahead log directory (fs_wal_dir) as metadata directory
I0918 20:38:27.875283 20998 ts_manager.cc:186] Registered new tserver with Master: 1514f228147341d5baafc932fda5d90f (127.18.222.2:41977)
I0918 20:38:27.875649 19320 server_base.cc:452] Could not load existing FS layout: Not found: could not find a healthy instance file
I0918 20:38:27.875929 19320 server_base.cc:453] Attempting to create new FS layout instead
I0918 20:38:27.877250 19320 fs_manager.cc:602] Generated new instance metadata in path /tmp/dist-test-task6lCVqo/test-tmp/ksck_remote-test.0.RemoteKsckTest.TestTableConsistency.1568839089958813-19320/minicluster-data/ts-2-root/instance: uuid: "862f8a414df940f490cbe38227675ef4" format_stamp: "Formatted at 2019-09-18 20:38:27 on dist-test-slave-dist-test-slave-85lk"
I0918 20:38:27.877565 20998 master_service.cc:276] Signed X509 certificate for tserver {username='slave'} at 127.0.0.1:43556
I0918 20:38:27.890134 19320 fs_manager.cc:503] Time spent creating directory manager: real 0.012s user 0.013s sys 0.000s
I0918 20:38:27.890693 21308 heartbeater.cc:447] Master 127.18.222.62:32943 was elected leader, sending a full tablet report...
I0918 20:38:27.892048 19320 file_cache.cc:465] Constructed file cache lbm with capacity 419430
I0918 20:38:27.902474 19320 fs_manager.cc:419] Time spent opening block manager: real 0.002s user 0.001s sys 0.001s
I0918 20:38:27.902698 19320 fs_manager.cc:436] Opened local filesystem: /tmp/dist-test-task6lCVqo/test-tmp/ksck_remote-test.0.RemoteKsckTest.TestTableConsistency.1568839089958813-19320/minicluster-data/ts-2-root uuid: "862f8a414df940f490cbe38227675ef4" format_stamp: "Formatted at 2019-09-18 20:38:27 on dist-test-slave-dist-test-slave-85lk"
I0918 20:38:27.902976 19320 fs_report.cc:352] FS layout report -------------------- wal directory: /tmp/dist-test-task6lCVqo/test-tmp/ksck_remote-test.0.RemoteKsckTest.TestTableConsistency.1568839089958813-19320/minicluster-data/ts-2-root metadata directory: /tmp/dist-test-task6lCVqo/test-tmp/ksck_remote-test.0.RemoteKsckTest.TestTableConsistency.1568839089958813-19320/minicluster-data/ts-2-root 1 data directories: /tmp/dist-test-task6lCVqo/test-tmp/ksck_remote-test.0.RemoteKsckTest.TestTableConsistency.1568839089958813-19320/minicluster-data/ts-2-root/data Total live blocks: 0 Total live bytes: 0 Total live bytes (after alignment): 0 Total number of LBM containers: 0 (0 full) Did not check for missing blocks Did not check for orphaned blocks Total full LBM containers with extra space: 0 (0 repaired) Total full LBM container extra space in bytes: 0 (0 repaired) Total incomplete LBM containers: 0 (0 repaired) Total LBM partial records: 0 (0 repaired)
I0918 20:38:27.956301 19320 ts_tablet_manager.cc:383] Loaded tablet metadata (0 total tablets, 0 live tablets)
I0918 20:38:27.956513 19320 ts_tablet_manager.cc:403] Registered 0 tablets
I0918 20:38:28.008368 19320 rpc_server.cc:205] RPC server started. Bound to: 127.18.222.3:45615
I0918 20:38:28.010541 19320 webserver.cc:374] Webserver started at http://127.18.222.3:34373/ using document root and password file
I0918 20:38:28.101837 21376 heartbeater.cc:322] Connected to a master server at 127.18.222.60:44745
I0918 20:38:28.102214 21376 heartbeater.cc:406] Registering TS with master...
I0918 20:38:28.102957 21376 heartbeater.cc:455] Master 127.18.222.60:44745 requested a full tablet report, sending...
I0918 20:38:28.105939 21111 ts_manager.cc:186] Registered new tserver with Master: 862f8a414df940f490cbe38227675ef4 (127.18.222.3:45615)
I0918 20:38:28.110419 21377 heartbeater.cc:322] Connected to a master server at 127.18.222.61:40493
I0918 20:38:28.110795 21377 heartbeater.cc:406] Registering TS with master...
I0918 20:38:28.111397 21377 heartbeater.cc:455] Master 127.18.222.61:40493 requested a full tablet report, sending...
I0918 20:38:28.113972 21054 ts_manager.cc:186] Registered new tserver with Master: 862f8a414df940f490cbe38227675ef4 (127.18.222.3:45615)
I0918 20:38:28.117766 21378 heartbeater.cc:322] Connected to a master server at 127.18.222.62:32943
I0918 20:38:28.118118 21378 heartbeater.cc:406] Registering TS with master...
I0918 20:38:28.118598 21378 heartbeater.cc:455] Master 127.18.222.62:32943 requested a full tablet report, sending...
I0918 20:38:28.120604 20998 ts_manager.cc:186] Registered new tserver with Master: 862f8a414df940f490cbe38227675ef4 (127.18.222.3:45615)
I0918 20:38:28.120791 19320 internal_mini_cluster.cc:328] 3 TS(s) registered with all masters after 0.037498722s
I0918 20:38:28.123407 20998 master_service.cc:276] Signed X509 certificate for tserver {username='slave'} at 127.0.0.1:43562
I0918 20:38:28.142038 21378 heartbeater.cc:447] Master 127.18.222.62:32943 was elected leader, sending a full tablet report...
I0918 20:38:28.218905 20996 catalog_manager.cc:1451] Servicing CreateTable request from {username='slave'} at 127.0.0.1:43568: name: "ksck-test-table" schema { columns { name: "key" type: INT32 is_key: true is_nullable: false encoding: AUTO_ENCODING compression: DEFAULT_COMPRESSION cfile_block_size: 0 } columns { name: "int_val" type: INT32 is_key: false is_nullable: false encoding: AUTO_ENCODING compression: DEFAULT_COMPRESSION cfile_block_size: 0 } } num_replicas: 3 split_rows_range_bounds { rows: "\004\001\n\000\000\000\004\001\024\000\000\000" } partition_schema { range_schema { columns { name: "key" } } }
W0918 20:38:28.220794 20996 catalog_manager.cc:1616] The number of live tablet servers is not enough to re-replicate a tablet replica of the newly created table ksck-test-table in case of a server failure: 4 tablet servers would be needed, 3 are available. Consider bringing up more tablet servers.
I0918 20:38:28.385399 21343 tablet_service.cc:1022] Processing CreateTablet for tablet 1a31b5a965a7404bbda0d2779e584d53 (table=ksck-test-table [id=7553ef1a3cbd4109ae466d89baed73f8]), partition=RANGE (key) PARTITION VALUES < 10
I0918 20:38:28.386669 21343 data_dirs.cc:939] Could only allocate 1 dirs of requested 3 for tablet 1a31b5a965a7404bbda0d2779e584d53. 1 dirs total, 0 dirs full, 0 dirs failed
I0918 20:38:28.387729 21342 tablet_service.cc:1022] Processing CreateTablet for tablet 17a83b80ba4e44bb979907ef18954b69 (table=ksck-test-table [id=7553ef1a3cbd4109ae466d89baed73f8]), partition=RANGE (key) PARTITION 10 <= VALUES < 20
I0918 20:38:28.388198 21341 tablet_service.cc:1022] Processing CreateTablet for tablet 542bf88d39f1442d94d8d8e9084447f7 (table=ksck-test-table [id=7553ef1a3cbd4109ae466d89baed73f8]), partition=RANGE (key) PARTITION VALUES >= 20
I0918 20:38:28.388747 21342 data_dirs.cc:939] Could only allocate 1 dirs of requested 3 for tablet 17a83b80ba4e44bb979907ef18954b69. 1 dirs total, 0 dirs full, 0 dirs failed
I0918 20:38:28.389410 21341 data_dirs.cc:939] Could only allocate 1 dirs of requested 3 for tablet 542bf88d39f1442d94d8d8e9084447f7. 1 dirs total, 0 dirs full, 0 dirs failed
I0918 20:38:28.405990 21405 tablet_bootstrap.cc:439] T 17a83b80ba4e44bb979907ef18954b69 P 862f8a414df940f490cbe38227675ef4: Bootstrap starting.
I0918 20:38:28.409642 21405 tablet_bootstrap.cc:590] T 17a83b80ba4e44bb979907ef18954b69 P 862f8a414df940f490cbe38227675ef4: No blocks or log segments found. Creating new log.
I0918 20:38:28.422523 21405 tablet_bootstrap.cc:439] T 17a83b80ba4e44bb979907ef18954b69 P 862f8a414df940f490cbe38227675ef4: No bootstrap required, opened a new log
I0918 20:38:28.423012 21405 ts_tablet_manager.cc:1085] T 17a83b80ba4e44bb979907ef18954b69 P 862f8a414df940f490cbe38227675ef4: Time spent bootstrapping tablet: real 0.017s user 0.009s sys 0.003s
I0918 20:38:28.425186 21405 raft_consensus.cc:340] T 17a83b80ba4e44bb979907ef18954b69 P 862f8a414df940f490cbe38227675ef4 [term 0 FOLLOWER]: Replica starting. Triggering 0 pending transactions. Active config: opid_index: -1 OBSOLETE_local: false peers { permanent_uuid: "3ff36990b0c44cf7b62f9e2df4a80087" member_type: VOTER last_known_addr { host: "127.18.222.1" port: 41435 } } peers { permanent_uuid: "1514f228147341d5baafc932fda5d90f" member_type: VOTER last_known_addr { host: "127.18.222.2" port: 41977 } } peers { permanent_uuid: "862f8a414df940f490cbe38227675ef4" member_type: VOTER last_known_addr { host: "127.18.222.3" port: 45615 } }
I0918 20:38:28.425943 21405 raft_consensus.cc:366] T 17a83b80ba4e44bb979907ef18954b69 P 862f8a414df940f490cbe38227675ef4 [term 0 FOLLOWER]: Consensus starting up: Expiring failure detector timer to make a prompt election more likely
I0918 20:38:28.426163 21405 raft_consensus.cc:705] T 17a83b80ba4e44bb979907ef18954b69 P 862f8a414df940f490cbe38227675ef4 [term 0 FOLLOWER]: Becoming Follower/Learner. State: Replica: 862f8a414df940f490cbe38227675ef4, State: Initialized, Role: FOLLOWER
I0918 20:38:28.426986 21405 consensus_queue.cc:229] T 17a83b80ba4e44bb979907ef18954b69 P 862f8a414df940f490cbe38227675ef4 [NON_LEADER]: Queue going to NON_LEADER mode. State: All replicated index: 0, Majority replicated index: 0, Committed index: 0, Last appended: 0.0, Last appended by leader: 0, Current term: 0, Majority size: -1, State: 0, Mode: NON_LEADER, active raft config: opid_index: -1 OBSOLETE_local: false peers { permanent_uuid: "3ff36990b0c44cf7b62f9e2df4a80087" member_type: VOTER last_known_addr { host: "127.18.222.1" port: 41435 } } peers { permanent_uuid: "1514f228147341d5baafc932fda5d90f" member_type: VOTER last_known_addr { host: "127.18.222.2" port: 41977 } } peers { permanent_uuid: "862f8a414df940f490cbe38227675ef4" member_type: VOTER last_known_addr { host: "127.18.222.3" port: 45615 } }
I0918 20:38:28.429085 21405 ts_tablet_manager.cc:1113] T 17a83b80ba4e44bb979907ef18954b69 P 862f8a414df940f490cbe38227675ef4: Time spent starting tablet: real 0.006s user 0.006s sys 0.000s
I0918 20:38:28.429639 21405 tablet_bootstrap.cc:439] T 1a31b5a965a7404bbda0d2779e584d53 P 862f8a414df940f490cbe38227675ef4: Bootstrap starting.
I0918 20:38:28.432139 21405 tablet_bootstrap.cc:590] T 1a31b5a965a7404bbda0d2779e584d53 P 862f8a414df940f490cbe38227675ef4: No blocks or log segments found. Creating new log.
I0918 20:38:28.436776 21405 tablet_bootstrap.cc:439] T 1a31b5a965a7404bbda0d2779e584d53 P 862f8a414df940f490cbe38227675ef4: No bootstrap required, opened a new log
I0918 20:38:28.440229 21201 tablet_service.cc:1022] Processing CreateTablet for tablet 1a31b5a965a7404bbda0d2779e584d53 (table=ksck-test-table [id=7553ef1a3cbd4109ae466d89baed73f8]), partition=RANGE (key) PARTITION VALUES < 10
I0918 20:38:28.440356 21200 tablet_service.cc:1022] Processing CreateTablet for tablet 17a83b80ba4e44bb979907ef18954b69 (table=ksck-test-table [id=7553ef1a3cbd4109ae466d89baed73f8]), partition=RANGE (key) PARTITION 10 <= VALUES < 20
I0918 20:38:28.441361 21199 tablet_service.cc:1022] Processing CreateTablet for tablet 542bf88d39f1442d94d8d8e9084447f7 (table=ksck-test-table [id=7553ef1a3cbd4109ae466d89baed73f8]), partition=RANGE (key) PARTITION VALUES >= 20
I0918 20:38:28.441409 21201 data_dirs.cc:939] Could only allocate 1 dirs of requested 3 for tablet 1a31b5a965a7404bbda0d2779e584d53. 1 dirs total, 0 dirs full, 0 dirs failed
I0918 20:38:28.445089 21200 data_dirs.cc:939] Could only allocate 1 dirs of requested 3 for tablet 17a83b80ba4e44bb979907ef18954b69. 1 dirs total, 0 dirs full, 0 dirs failed
I0918 20:38:28.448971 21199 data_dirs.cc:939] Could only allocate 1 dirs of requested 3 for tablet 542bf88d39f1442d94d8d8e9084447f7. 1 dirs total, 0 dirs full, 0 dirs failed
I0918 20:38:28.449568 21405 ts_tablet_manager.cc:1085] T 1a31b5a965a7404bbda0d2779e584d53 P 862f8a414df940f490cbe38227675ef4: Time spent bootstrapping tablet: real 0.020s user 0.014s sys 0.000s
I0918 20:38:28.455327 21405 raft_consensus.cc:340] T 1a31b5a965a7404bbda0d2779e584d53 P 862f8a414df940f490cbe38227675ef4 [term 0 FOLLOWER]: Replica starting. Triggering 0 pending transactions. Active config: opid_index: -1 OBSOLETE_local: false peers { permanent_uuid: "862f8a414df940f490cbe38227675ef4" member_type: VOTER last_known_addr { host: "127.18.222.3" port: 45615 } } peers { permanent_uuid: "1514f228147341d5baafc932fda5d90f" member_type: VOTER last_known_addr { host: "127.18.222.2" port: 41977 } } peers { permanent_uuid: "3ff36990b0c44cf7b62f9e2df4a80087" member_type: VOTER last_known_addr { host: "127.18.222.1" port: 41435 } }
I0918 20:38:28.456135 21405 raft_consensus.cc:366] T 1a31b5a965a7404bbda0d2779e584d53 P 862f8a414df940f490cbe38227675ef4 [term 0 FOLLOWER]: Consensus starting up: Expiring failure detector timer to make a prompt election more likely
I0918 20:38:28.456396 21405 raft_consensus.cc:705] T 1a31b5a965a7404bbda0d2779e584d53 P 862f8a414df940f490cbe38227675ef4 [term 0 FOLLOWER]: Becoming Follower/Learner. State: Replica: 862f8a414df940f490cbe38227675ef4, State: Initialized, Role: FOLLOWER
I0918 20:38:28.457129 21405 consensus_queue.cc:229] T 1a31b5a965a7404bbda0d2779e584d53 P 862f8a414df940f490cbe38227675ef4 [NON_LEADER]: Queue going to NON_LEADER mode. State: All replicated index: 0, Majority replicated index: 0, Committed index: 0, Last appended: 0.0, Last appended by leader: 0, Current term: 0, Majority size: -1, State: 0, Mode: NON_LEADER, active raft config: opid_index: -1 OBSOLETE_local: false peers { permanent_uuid: "862f8a414df940f490cbe38227675ef4" member_type: VOTER last_known_addr { host: "127.18.222.3" port: 45615 } } peers { permanent_uuid: "1514f228147341d5baafc932fda5d90f" member_type: VOTER last_known_addr { host: "127.18.222.2" port: 41977 } } peers { permanent_uuid: "3ff36990b0c44cf7b62f9e2df4a80087" member_type: VOTER last_known_addr { host: "127.18.222.1" port: 41435 } }
I0918 20:38:28.458441 21272 tablet_service.cc:1022] Processing CreateTablet for tablet 1a31b5a965a7404bbda0d2779e584d53 (table=ksck-test-table [id=7553ef1a3cbd4109ae466d89baed73f8]), partition=RANGE (key) PARTITION VALUES < 10
I0918 20:38:28.459462 21272 data_dirs.cc:939] Could only allocate 1 dirs of requested 3 for tablet 1a31b5a965a7404bbda0d2779e584d53. 1 dirs total, 0 dirs full, 0 dirs failed
I0918 20:38:28.460320 21271 tablet_service.cc:1022] Processing CreateTablet for tablet 17a83b80ba4e44bb979907ef18954b69 (table=ksck-test-table [id=7553ef1a3cbd4109ae466d89baed73f8]), partition=RANGE (key) PARTITION 10 <= VALUES < 20
I0918 20:38:28.461402 21271 data_dirs.cc:939] Could only allocate 1 dirs of requested 3 for tablet 17a83b80ba4e44bb979907ef18954b69. 1 dirs total, 0 dirs full, 0 dirs failed
I0918 20:38:28.462460 21270 tablet_service.cc:1022] Processing CreateTablet for tablet 542bf88d39f1442d94d8d8e9084447f7 (table=ksck-test-table [id=7553ef1a3cbd4109ae466d89baed73f8]), partition=RANGE (key) PARTITION VALUES >= 20
I0918 20:38:28.463582 21270 data_dirs.cc:939] Could only allocate 1 dirs of requested 3 for tablet 542bf88d39f1442d94d8d8e9084447f7. 1 dirs total, 0 dirs full, 0 dirs failed
I0918 20:38:28.469954 21405 ts_tablet_manager.cc:1113] T 1a31b5a965a7404bbda0d2779e584d53 P 862f8a414df940f490cbe38227675ef4: Time spent starting tablet: real 0.020s user 0.002s sys 0.003s
I0918 20:38:28.470863 21405 tablet_bootstrap.cc:439] T 542bf88d39f1442d94d8d8e9084447f7 P 862f8a414df940f490cbe38227675ef4: Bootstrap starting.
I0918 20:38:28.476259 21409 tablet_bootstrap.cc:439] T 1a31b5a965a7404bbda0d2779e584d53 P 3ff36990b0c44cf7b62f9e2df4a80087: Bootstrap starting.
I0918 20:38:28.485960 21409 tablet_bootstrap.cc:590] T 1a31b5a965a7404bbda0d2779e584d53 P 3ff36990b0c44cf7b62f9e2df4a80087: No blocks or log segments found. Creating new log.
I0918 20:38:28.490936 21405 tablet_bootstrap.cc:590] T 542bf88d39f1442d94d8d8e9084447f7 P 862f8a414df940f490cbe38227675ef4: No blocks or log segments found. Creating new log.
I0918 20:38:28.529476 21411 tablet_bootstrap.cc:439] T 17a83b80ba4e44bb979907ef18954b69 P 1514f228147341d5baafc932fda5d90f: Bootstrap starting.
I0918 20:38:28.538866 21154 catalog_manager.cc:1153] T 00000000000000000000000000000000 P 74d1e2b653404613bbdfa0e3c67634b7: acquiring CA information for follower catalog manager: success
I0918 20:38:28.540846 21409 tablet_bootstrap.cc:439] T 1a31b5a965a7404bbda0d2779e584d53 P 3ff36990b0c44cf7b62f9e2df4a80087: No bootstrap required, opened a new log
I0918 20:38:28.542517 21409 ts_tablet_manager.cc:1085] T 1a31b5a965a7404bbda0d2779e584d53 P 3ff36990b0c44cf7b62f9e2df4a80087: Time spent bootstrapping tablet: real 0.070s user 0.010s sys 0.000s
I0918 20:38:28.544085 21411 tablet_bootstrap.cc:590] T 17a83b80ba4e44bb979907ef18954b69 P 1514f228147341d5baafc932fda5d90f: No blocks or log segments found. Creating new log.
I0918 20:38:28.544342 21407 raft_consensus.cc:472] T 17a83b80ba4e44bb979907ef18954b69 P 862f8a414df940f490cbe38227675ef4 [term 0 FOLLOWER]: Starting pre-election (no leader contacted us within the election timeout)
I0918 20:38:28.544811 21407 raft_consensus.cc:494] T 17a83b80ba4e44bb979907ef18954b69 P 862f8a414df940f490cbe38227675ef4 [term 0 FOLLOWER]: Starting pre-election with config: opid_index: -1 OBSOLETE_local: false peers { permanent_uuid: "3ff36990b0c44cf7b62f9e2df4a80087" member_type: VOTER last_known_addr { host: "127.18.222.1" port: 41435 } } peers { permanent_uuid: "1514f228147341d5baafc932fda5d90f" member_type: VOTER last_known_addr { host: "127.18.222.2" port: 41977 } } peers { permanent_uuid: "862f8a414df940f490cbe38227675ef4" member_type: VOTER last_known_addr { host: "127.18.222.3" port: 45615 } }
I0918 20:38:28.546870 21407 leader_election.cc:296] T 17a83b80ba4e44bb979907ef18954b69 P 862f8a414df940f490cbe38227675ef4 [CANDIDATE]: Term 1 pre-election: Requested pre-vote from peers 3ff36990b0c44cf7b62f9e2df4a80087 (127.18.222.1:41435), 1514f228147341d5baafc932fda5d90f (127.18.222.2:41977)
I0918 20:38:28.547075 21409 raft_consensus.cc:340] T 1a31b5a965a7404bbda0d2779e584d53 P 3ff36990b0c44cf7b62f9e2df4a80087 [term 0 FOLLOWER]: Replica starting. Triggering 0 pending transactions. Active config: opid_index: -1 OBSOLETE_local: false peers { permanent_uuid: "862f8a414df940f490cbe38227675ef4" member_type: VOTER last_known_addr { host: "127.18.222.3" port: 45615 } } peers { permanent_uuid: "1514f228147341d5baafc932fda5d90f" member_type: VOTER last_known_addr { host: "127.18.222.2" port: 41977 } } peers { permanent_uuid: "3ff36990b0c44cf7b62f9e2df4a80087" member_type: VOTER last_known_addr { host: "127.18.222.1" port: 41435 } }
I0918 20:38:28.548056 21409 raft_consensus.cc:366] T 1a31b5a965a7404bbda0d2779e584d53 P 3ff36990b0c44cf7b62f9e2df4a80087 [term 0 FOLLOWER]: Consensus starting up: Expiring failure detector timer to make a prompt election more likely
I0918 20:38:28.548401 21409 raft_consensus.cc:705] T 1a31b5a965a7404bbda0d2779e584d53 P 3ff36990b0c44cf7b62f9e2df4a80087 [term 0 FOLLOWER]: Becoming Follower/Learner. State: Replica: 3ff36990b0c44cf7b62f9e2df4a80087, State: Initialized, Role: FOLLOWER
I0918 20:38:28.549121 21409 consensus_queue.cc:229] T 1a31b5a965a7404bbda0d2779e584d53 P 3ff36990b0c44cf7b62f9e2df4a80087 [NON_LEADER]: Queue going to NON_LEADER mode. State: All replicated index: 0, Majority replicated index: 0, Committed index: 0, Last appended: 0.0, Last appended by leader: 0, Current term: 0, Majority size: -1, State: 0, Mode: NON_LEADER, active raft config: opid_index: -1 OBSOLETE_local: false peers { permanent_uuid: "862f8a414df940f490cbe38227675ef4" member_type: VOTER last_known_addr { host: "127.18.222.3" port: 45615 } } peers { permanent_uuid: "1514f228147341d5baafc932fda5d90f" member_type: VOTER last_known_addr { host: "127.18.222.2" port: 41977 } } peers { permanent_uuid: "3ff36990b0c44cf7b62f9e2df4a80087" member_type: VOTER last_known_addr { host: "127.18.222.1" port: 41435 } }
I0918 20:38:28.558542 21405 tablet_bootstrap.cc:439] T 542bf88d39f1442d94d8d8e9084447f7 P 862f8a414df940f490cbe38227675ef4: No bootstrap required, opened a new log
I0918 20:38:28.559113 21405 ts_tablet_manager.cc:1085] T 542bf88d39f1442d94d8d8e9084447f7 P 862f8a414df940f490cbe38227675ef4: Time spent bootstrapping tablet: real 0.088s user 0.014s sys 0.011s
I0918 20:38:28.561410 21154 catalog_manager.cc:1181] T 00000000000000000000000000000000 P 74d1e2b653404613bbdfa0e3c67634b7: importing token verification keys for follower catalog manager: success; most recent TSK sequence number 0
I0918 20:38:28.564363 21409 ts_tablet_manager.cc:1113] T 1a31b5a965a7404bbda0d2779e584d53 P 3ff36990b0c44cf7b62f9e2df4a80087: Time spent starting tablet: real 0.021s user 0.007s sys 0.000s
I0918 20:38:28.565167 21409 tablet_bootstrap.cc:439] T 542bf88d39f1442d94d8d8e9084447f7 P 3ff36990b0c44cf7b62f9e2df4a80087: Bootstrap starting.
I0918 20:38:28.568789 21405 raft_consensus.cc:340] T 542bf88d39f1442d94d8d8e9084447f7 P 862f8a414df940f490cbe38227675ef4 [term 0 FOLLOWER]: Replica starting. Triggering 0 pending transactions. Active config: opid_index: -1 OBSOLETE_local: false peers { permanent_uuid: "1514f228147341d5baafc932fda5d90f" member_type: VOTER last_known_addr { host: "127.18.222.2" port: 41977 } } peers { permanent_uuid: "3ff36990b0c44cf7b62f9e2df4a80087" member_type: VOTER last_known_addr { host: "127.18.222.1" port: 41435 } } peers { permanent_uuid: "862f8a414df940f490cbe38227675ef4" member_type: VOTER last_known_addr { host: "127.18.222.3" port: 45615 } }
I0918 20:38:28.569533 21405 raft_consensus.cc:366] T 542bf88d39f1442d94d8d8e9084447f7 P 862f8a414df940f490cbe38227675ef4 [term 0 FOLLOWER]: Consensus starting up: Expiring failure detector timer to make a prompt election more likely
I0918 20:38:28.569778 21405 raft_consensus.cc:705] T 542bf88d39f1442d94d8d8e9084447f7 P 862f8a414df940f490cbe38227675ef4 [term 0 FOLLOWER]: Becoming Follower/Learner. State: Replica: 862f8a414df940f490cbe38227675ef4, State: Initialized, Role: FOLLOWER
I0918 20:38:28.571267 21405 consensus_queue.cc:229] T 542bf88d39f1442d94d8d8e9084447f7 P 862f8a414df940f490cbe38227675ef4 [NON_LEADER]: Queue going to NON_LEADER mode. State: All replicated index: 0, Majority replicated index: 0, Committed index: 0, Last appended: 0.0, Last appended by leader: 0, Current term: 0, Majority size: -1, State: 0, Mode: NON_LEADER, active raft config: opid_index: -1 OBSOLETE_local: false peers { permanent_uuid: "1514f228147341d5baafc932fda5d90f" member_type: VOTER last_known_addr { host: "127.18.222.2" port: 41977 } } peers { permanent_uuid: "3ff36990b0c44cf7b62f9e2df4a80087" member_type: VOTER last_known_addr { host: "127.18.222.1" port: 41435 } } peers { permanent_uuid: "862f8a414df940f490cbe38227675ef4" member_type: VOTER last_known_addr { host: "127.18.222.3" port: 45615 } }
I0918 20:38:28.574326 21409 tablet_bootstrap.cc:590] T 542bf88d39f1442d94d8d8e9084447f7 P 3ff36990b0c44cf7b62f9e2df4a80087: No blocks or log segments found. Creating new log.
I0918 20:38:28.579798 21407 raft_consensus.cc:472] T 1a31b5a965a7404bbda0d2779e584d53 P 862f8a414df940f490cbe38227675ef4 [term 0 FOLLOWER]: Starting pre-election (no leader contacted us within the election timeout)
I0918 20:38:28.581055 21407 raft_consensus.cc:494] T 1a31b5a965a7404bbda0d2779e584d53 P 862f8a414df940f490cbe38227675ef4 [term 0 FOLLOWER]: Starting pre-election with config: opid_index: -1 OBSOLETE_local: false peers { permanent_uuid: "862f8a414df940f490cbe38227675ef4" member_type: VOTER last_known_addr { host: "127.18.222.3" port: 45615 } } peers { permanent_uuid: "1514f228147341d5baafc932fda5d90f" member_type: VOTER last_known_addr { host: "127.18.222.2" port: 41977 } } peers { permanent_uuid: "3ff36990b0c44cf7b62f9e2df4a80087" member_type: VOTER last_known_addr { host: "127.18.222.1" port: 41435 } }
I0918 20:38:28.584969 21407 leader_election.cc:296] T 1a31b5a965a7404bbda0d2779e584d53 P 862f8a414df940f490cbe38227675ef4 [CANDIDATE]: Term 1 pre-election: Requested pre-vote from peers 1514f228147341d5baafc932fda5d90f (127.18.222.2:41977), 3ff36990b0c44cf7b62f9e2df4a80087 (127.18.222.1:41435)
I0918 20:38:28.585902 21405 ts_tablet_manager.cc:1113] T 542bf88d39f1442d94d8d8e9084447f7 P 862f8a414df940f490cbe38227675ef4: Time spent starting tablet: real 0.027s user 0.006s sys 0.000s
I0918 20:38:28.583575 21157 catalog_manager.cc:1153] T 00000000000000000000000000000000 P 2362c3ddd9814f6b9cf972f09ea443fb: acquiring CA information for follower catalog manager: success
I0918 20:38:28.593035 21157 catalog_manager.cc:1181] T 00000000000000000000000000000000 P 2362c3ddd9814f6b9cf972f09ea443fb: importing token verification keys for follower catalog manager: success; most recent TSK sequence number 0
I0918 20:38:28.609405 21411 tablet_bootstrap.cc:439] T 17a83b80ba4e44bb979907ef18954b69 P 1514f228147341d5baafc932fda5d90f: No bootstrap required, opened a new log
I0918 20:38:28.610050 21411 ts_tablet_manager.cc:1085] T 17a83b80ba4e44bb979907ef18954b69 P 1514f228147341d5baafc932fda5d90f: Time spent bootstrapping tablet: real 0.081s user 0.014s sys 0.015s
I0918 20:38:28.611500 21409 tablet_bootstrap.cc:439] T 542bf88d39f1442d94d8d8e9084447f7 P 3ff36990b0c44cf7b62f9e2df4a80087: No bootstrap required, opened a new log
I0918 20:38:28.612066 21409 ts_tablet_manager.cc:1085] T 542bf88d39f1442d94d8d8e9084447f7 P 3ff36990b0c44cf7b62f9e2df4a80087: Time spent bootstrapping tablet: real 0.047s user 0.001s sys 0.006s
I0918 20:38:28.612385 21411 raft_consensus.cc:340] T 17a83b80ba4e44bb979907ef18954b69 P 1514f228147341d5baafc932fda5d90f [term 0 FOLLOWER]: Replica starting. Triggering 0 pending transactions. Active config: opid_index: -1 OBSOLETE_local: false peers { permanent_uuid: "3ff36990b0c44cf7b62f9e2df4a80087" member_type: VOTER last_known_addr { host: "127.18.222.1" port: 41435 } } peers { permanent_uuid: "1514f228147341d5baafc932fda5d90f" member_type: VOTER last_known_addr { host: "127.18.222.2" port: 41977 } } peers { permanent_uuid: "862f8a414df940f490cbe38227675ef4" member_type: VOTER last_known_addr { host: "127.18.222.3" port: 45615 } }
I0918 20:38:28.613241 21411 raft_consensus.cc:366] T 17a83b80ba4e44bb979907ef18954b69 P 1514f228147341d5baafc932fda5d90f [term 0 FOLLOWER]: Consensus starting up: Expiring failure detector timer to make a prompt election more likely
I0918 20:38:28.613479 21411 raft_consensus.cc:705] T 17a83b80ba4e44bb979907ef18954b69 P 1514f228147341d5baafc932fda5d90f [term 0 FOLLOWER]: Becoming Follower/Learner. State: Replica: 1514f228147341d5baafc932fda5d90f, State: Initialized, Role: FOLLOWER
I0918 20:38:28.614135 21411 consensus_queue.cc:229] T 17a83b80ba4e44bb979907ef18954b69 P 1514f228147341d5baafc932fda5d90f [NON_LEADER]: Queue going to NON_LEADER mode. State: All replicated index: 0, Majority replicated index: 0, Committed index: 0, Last appended: 0.0, Last appended by leader: 0, Current term: 0, Majority size: -1, State: 0, Mode: NON_LEADER, active raft config: opid_index: -1 OBSOLETE_local: false peers { permanent_uuid: "3ff36990b0c44cf7b62f9e2df4a80087" member_type: VOTER last_known_addr { host: "127.18.222.1" port: 41435 } } peers { permanent_uuid: "1514f228147341d5baafc932fda5d90f" member_type: VOTER last_known_addr { host: "127.18.222.2" port: 41977 } } peers { permanent_uuid: "862f8a414df940f490cbe38227675ef4" member_type: VOTER last_known_addr { host: "127.18.222.3" port: 45615 } }
I0918 20:38:28.614151 21409 raft_consensus.cc:340] T 542bf88d39f1442d94d8d8e9084447f7 P 3ff36990b0c44cf7b62f9e2df4a80087 [term 0 FOLLOWER]: Replica starting. Triggering 0 pending transactions. Active config: opid_index: -1 OBSOLETE_local: false peers { permanent_uuid: "1514f228147341d5baafc932fda5d90f" member_type: VOTER last_known_addr { host: "127.18.222.2" port: 41977 } } peers { permanent_uuid: "3ff36990b0c44cf7b62f9e2df4a80087" member_type: VOTER last_known_addr { host: "127.18.222.1" port: 41435 } } peers { permanent_uuid: "862f8a414df940f490cbe38227675ef4" member_type: VOTER last_known_addr { host: "127.18.222.3" port: 45615 } }
I0918 20:38:28.615999 21409 raft_consensus.cc:366] T 542bf88d39f1442d94d8d8e9084447f7 P 3ff36990b0c44cf7b62f9e2df4a80087 [term 0 FOLLOWER]: Consensus starting up: Expiring failure detector timer to make a prompt election more likely
I0918 20:38:28.616266 21409 raft_consensus.cc:705] T 542bf88d39f1442d94d8d8e9084447f7 P 3ff36990b0c44cf7b62f9e2df4a80087 [term 0 FOLLOWER]: Becoming Follower/Learner. State: Replica: 3ff36990b0c44cf7b62f9e2df4a80087, State: Initialized, Role: FOLLOWER
I0918 20:38:28.616897 21409 consensus_queue.cc:229] T 542bf88d39f1442d94d8d8e9084447f7 P 3ff36990b0c44cf7b62f9e2df4a80087 [NON_LEADER]: Queue going to NON_LEADER mode. State: All replicated index: 0, Majority replicated index: 0, Committed index: 0, Last appended: 0.0, Last appended by leader: 0, Current term: 0, Majority size: -1, State: 0, Mode: NON_LEADER, active raft config: opid_index: -1 OBSOLETE_local: false peers { permanent_uuid: "1514f228147341d5baafc932fda5d90f" member_type: VOTER last_known_addr { host: "127.18.222.2" port: 41977 } } peers { permanent_uuid: "3ff36990b0c44cf7b62f9e2df4a80087" member_type: VOTER last_known_addr { host: "127.18.222.1" port: 41435 } } peers { permanent_uuid: "862f8a414df940f490cbe38227675ef4" member_type: VOTER last_known_addr { host: "127.18.222.3" port: 45615 } }
I0918 20:38:28.618171 21210 tablet_service.cc:1295] Received RequestConsensusVote() RPC: tablet_id: "1a31b5a965a7404bbda0d2779e584d53" candidate_uuid: "862f8a414df940f490cbe38227675ef4" candidate_term: 1 candidate_status { last_received { term: 0 index: 0 } } ignore_live_leader: false dest_uuid: "3ff36990b0c44cf7b62f9e2df4a80087" is_pre_election: true
I0918 20:38:28.618897 21210 raft_consensus.cc:2350] T 1a31b5a965a7404bbda0d2779e584d53 P 3ff36990b0c44cf7b62f9e2df4a80087 [term 0 FOLLOWER]: Leader pre-election vote request: Granting yes vote for candidate 862f8a414df940f490cbe38227675ef4 in term 0.
I0918 20:38:28.619715 21409 ts_tablet_manager.cc:1113] T 542bf88d39f1442d94d8d8e9084447f7 P 3ff36990b0c44cf7b62f9e2df4a80087: Time spent starting tablet: real 0.007s user 0.006s sys 0.000s
I0918 20:38:28.620151 21316 leader_election.cc:310] T 1a31b5a965a7404bbda0d2779e584d53 P 862f8a414df940f490cbe38227675ef4 [CANDIDATE]: Term 1 pre-election: Election decided. Result: candidate won. Election summary: received 2 responses out of 3 voters: 2 yes votes; 0 no votes. yes voters: 3ff36990b0c44cf7b62f9e2df4a80087, 862f8a414df940f490cbe38227675ef4; no voters:
I0918 20:38:28.621117 21407 raft_consensus.cc:2644] T 1a31b5a965a7404bbda0d2779e584d53 P 862f8a414df940f490cbe38227675ef4 [term 0 FOLLOWER]: Leader pre-election won for term 1
I0918 20:38:28.621420 21407 raft_consensus.cc:472] T 1a31b5a965a7404bbda0d2779e584d53 P 862f8a414df940f490cbe38227675ef4 [term 0 FOLLOWER]: Starting leader election (no leader contacted us within the election timeout)
I0918 20:38:28.621711 21407 raft_consensus.cc:2890] T 1a31b5a965a7404bbda0d2779e584d53 P 862f8a414df940f490cbe38227675ef4 [term 0 FOLLOWER]: Advancing to term 1
I0918 20:38:28.625053 21409 tablet_bootstrap.cc:439] T 17a83b80ba4e44bb979907ef18954b69 P 3ff36990b0c44cf7b62f9e2df4a80087: Bootstrap starting.
I0918 20:38:28.617729 21211 tablet_service.cc:1295] Received RequestConsensusVote() RPC: tablet_id: "17a83b80ba4e44bb979907ef18954b69" candidate_uuid: "862f8a414df940f490cbe38227675ef4" candidate_term: 1 candidate_status { last_received { term: 0 index: 0 } } ignore_live_leader: false dest_uuid: "3ff36990b0c44cf7b62f9e2df4a80087" is_pre_election: true
I0918 20:38:28.629451 21409 tablet_bootstrap.cc:590] T 17a83b80ba4e44bb979907ef18954b69 P 3ff36990b0c44cf7b62f9e2df4a80087: No blocks or log segments found. Creating new log.
W0918 20:38:28.631044 21316 leader_election.cc:348] T 17a83b80ba4e44bb979907ef18954b69 P 862f8a414df940f490cbe38227675ef4 [CANDIDATE]: Term 1 pre-election: Tablet error from VoteRequest() call to peer 3ff36990b0c44cf7b62f9e2df4a80087 (127.18.222.1:41435): Illegal state: must be running to vote when last-logged opid is not known
I0918 20:38:28.642992 21407 raft_consensus.cc:494] T 1a31b5a965a7404bbda0d2779e584d53 P 862f8a414df940f490cbe38227675ef4 [term 1 FOLLOWER]: Starting leader election with config: opid_index: -1 OBSOLETE_local: false peers { permanent_uuid: "862f8a414df940f490cbe38227675ef4" member_type: VOTER last_known_addr { host: "127.18.222.3" port: 45615 } } peers { permanent_uuid: "1514f228147341d5baafc932fda5d90f" member_type: VOTER last_known_addr { host: "127.18.222.2" port: 41977 } } peers { permanent_uuid: "3ff36990b0c44cf7b62f9e2df4a80087" member_type: VOTER last_known_addr { host: "127.18.222.1" port: 41435 } }
I0918 20:38:28.645941 21409 tablet_bootstrap.cc:439] T 17a83b80ba4e44bb979907ef18954b69 P 3ff36990b0c44cf7b62f9e2df4a80087: No bootstrap required, opened a new log
I0918 20:38:28.646193 21211 tablet_service.cc:1295] Received RequestConsensusVote() RPC: tablet_id: "1a31b5a965a7404bbda0d2779e584d53" candidate_uuid: "862f8a414df940f490cbe38227675ef4" candidate_term: 1 candidate_status { last_received { term: 0 index: 0 } } ignore_live_leader: false dest_uuid: "3ff36990b0c44cf7b62f9e2df4a80087"
I0918 20:38:28.646570 21409 ts_tablet_manager.cc:1085] T 17a83b80ba4e44bb979907ef18954b69 P 3ff36990b0c44cf7b62f9e2df4a80087: Time spent bootstrapping tablet: real 0.026s user 0.002s sys 0.012s
I0918 20:38:28.646960 21211 raft_consensus.cc:2890] T 1a31b5a965a7404bbda0d2779e584d53 P 3ff36990b0c44cf7b62f9e2df4a80087 [term 0 FOLLOWER]: Advancing to term 1
I0918 20:38:28.649163 21409 raft_consensus.cc:340] T 17a83b80ba4e44bb979907ef18954b69 P 3ff36990b0c44cf7b62f9e2df4a80087 [term 0 FOLLOWER]: Replica starting. Triggering 0 pending transactions. Active config: opid_index: -1 OBSOLETE_local: false peers { permanent_uuid: "3ff36990b0c44cf7b62f9e2df4a80087" member_type: VOTER last_known_addr { host: "127.18.222.1" port: 41435 } } peers { permanent_uuid: "1514f228147341d5baafc932fda5d90f" member_type: VOTER last_known_addr { host: "127.18.222.2" port: 41977 } } peers { permanent_uuid: "862f8a414df940f490cbe38227675ef4" member_type: VOTER last_known_addr { host: "127.18.222.3" port: 45615 } }
I0918 20:38:28.650101 21409 raft_consensus.cc:366] T 17a83b80ba4e44bb979907ef18954b69 P 3ff36990b0c44cf7b62f9e2df4a80087 [term 0 FOLLOWER]: Consensus starting up: Expiring failure detector timer to make a prompt election more likely
I0918 20:38:28.656320 21282 tablet_service.cc:1295] Received RequestConsensusVote() RPC: tablet_id: "17a83b80ba4e44bb979907ef18954b69" candidate_uuid: "862f8a414df940f490cbe38227675ef4" candidate_term: 1 candidate_status { last_received { term: 0 index: 0 } } ignore_live_leader: false dest_uuid: "1514f228147341d5baafc932fda5d90f" is_pre_election: true
I0918 20:38:28.650406 21409 raft_consensus.cc:705] T 17a83b80ba4e44bb979907ef18954b69 P 3ff36990b0c44cf7b62f9e2df4a80087 [term 0 FOLLOWER]: Becoming Follower/Learner. State: Replica: 3ff36990b0c44cf7b62f9e2df4a80087, State: Initialized, Role: FOLLOWER
I0918 20:38:28.657090 21282 raft_consensus.cc:2350] T 17a83b80ba4e44bb979907ef18954b69 P 1514f228147341d5baafc932fda5d90f [term 0 FOLLOWER]: Leader pre-election vote request: Granting yes vote for candidate 862f8a414df940f490cbe38227675ef4 in term 0.
