I0918 20:38:34.357228 21797 heartbeater.cc:447] Master 127.18.222.62:40939 was elected leader, sending a full tablet report...
I0918 20:38:34.359546 21726 heartbeater.cc:447] Master 127.18.222.62:40939 was elected leader, sending a full tablet report...
I0918 20:38:34.379557 19320 rpc_server.cc:205] RPC server started. Bound to: 127.18.222.3:46835
I0918 20:38:34.381665 19320 webserver.cc:374] Webserver started at http://127.18.222.3:34755/ using document root and password file
I0918 20:38:34.414861 21877 heartbeater.cc:322] Connected to a master server at 127.18.222.60:39895
I0918 20:38:34.415191 21877 heartbeater.cc:406] Registering TS with master...
I0918 20:38:34.416162 21877 heartbeater.cc:455] Master 127.18.222.60:39895 requested a full tablet report, sending...
I0918 20:38:34.418968 21614 ts_manager.cc:186] Registered new tserver with Master: 772cb6045c9d4a7785077cdfe1b5312a (127.18.222.3:46835)
I0918 20:38:34.429771 21878 heartbeater.cc:322] Connected to a master server at 127.18.222.61:34847
I0918 20:38:34.430130 21878 heartbeater.cc:406] Registering TS with master...
I0918 20:38:34.430549 21878 heartbeater.cc:455] Master 127.18.222.61:34847 requested a full tablet report, sending...
I0918 20:38:34.431602 21879 heartbeater.cc:322] Connected to a master server at 127.18.222.62:40939
I0918 20:38:34.432044 21879 heartbeater.cc:406] Registering TS with master...
I0918 20:38:34.432598 21879 heartbeater.cc:455] Master 127.18.222.62:40939 requested a full tablet report, sending...
I0918 20:38:34.433141 21557 ts_manager.cc:186] Registered new tserver with Master: 772cb6045c9d4a7785077cdfe1b5312a (127.18.222.3:46835)
I0918 20:38:34.435338 21499 ts_manager.cc:186] Registered new tserver with Master: 772cb6045c9d4a7785077cdfe1b5312a (127.18.222.3:46835)
I0918 20:38:34.437502 19320 internal_mini_cluster.cc:328] 3 TS(s) registered with all masters after 0.038020685s
I0918 20:38:34.437752 21499 master_service.cc:276] Signed X509 certificate for tserver {username='slave'} at 127.0.0.1:50974
I0918 20:38:34.453320 21879 heartbeater.cc:447] Master 127.18.222.62:40939 was elected leader, sending a full tablet report...
I0918 20:38:34.492907 21499 catalog_manager.cc:1451] Servicing CreateTable request from {username='slave'} at 127.0.0.1:50978: name: "ksck-test-table" schema { columns { name: "key" type: INT32 is_key: true is_nullable: false encoding: AUTO_ENCODING compression: DEFAULT_COMPRESSION cfile_block_size: 0 } columns { name: "int_val" type: INT32 is_key: false is_nullable: false encoding: AUTO_ENCODING compression: DEFAULT_COMPRESSION cfile_block_size: 0 } } num_replicas: 3 split_rows_range_bounds { rows: "\004\001\n\000\000\000\004\001\024\000\000\000" } partition_schema { range_schema { columns { name: "key" } } }
W0918 20:38:34.495404 21499 catalog_manager.cc:1616] The number of live tablet servers is not enough to re-replicate a tablet replica of the newly created table ksck-test-table in case of a server failure: 4 tablet servers would be needed, 3 are available. Consider bringing up more tablet servers.
I0918 20:38:34.628547 21843 tablet_service.cc:1022] Processing CreateTablet for tablet 5effc580c4394916a52d24cfe1b086f2 (table=ksck-test-table [id=fed44c2d57654b06b0045ee9ebb8640b]), partition=RANGE (key) PARTITION 10 <= VALUES < 20
I0918 20:38:34.629663 21843 data_dirs.cc:939] Could only allocate 1 dirs of requested 3 for tablet 5effc580c4394916a52d24cfe1b086f2. 1 dirs total, 0 dirs full, 0 dirs failed
I0918 20:38:34.631822 21762 tablet_service.cc:1022] Processing CreateTablet for tablet 56087a5c23f74746b0a391195509fb7a (table=ksck-test-table [id=fed44c2d57654b06b0045ee9ebb8640b]), partition=RANGE (key) PARTITION VALUES < 10
I0918 20:38:34.632645 21762 data_dirs.cc:939] Could only allocate 1 dirs of requested 3 for tablet 56087a5c23f74746b0a391195509fb7a. 1 dirs total, 0 dirs full, 0 dirs failed
I0918 20:38:34.632472 21842 tablet_service.cc:1022] Processing CreateTablet for tablet f851d4a38fc246a1ad249ee5a6eee631 (table=ksck-test-table [id=fed44c2d57654b06b0045ee9ebb8640b]), partition=RANGE (key) PARTITION VALUES >= 20
I0918 20:38:34.633451 21842 data_dirs.cc:939] Could only allocate 1 dirs of requested 3 for tablet f851d4a38fc246a1ad249ee5a6eee631. 1 dirs total, 0 dirs full, 0 dirs failed
I0918 20:38:34.635350 21844 tablet_service.cc:1022] Processing CreateTablet for tablet 56087a5c23f74746b0a391195509fb7a (table=ksck-test-table [id=fed44c2d57654b06b0045ee9ebb8640b]), partition=RANGE (key) PARTITION VALUES < 10
I0918 20:38:34.636517 21844 data_dirs.cc:939] Could only allocate 1 dirs of requested 3 for tablet 56087a5c23f74746b0a391195509fb7a. 1 dirs total, 0 dirs full, 0 dirs failed
I0918 20:38:34.642902 21761 tablet_service.cc:1022] Processing CreateTablet for tablet 5effc580c4394916a52d24cfe1b086f2 (table=ksck-test-table [id=fed44c2d57654b06b0045ee9ebb8640b]), partition=RANGE (key) PARTITION 10 <= VALUES < 20
I0918 20:38:34.643795 21761 data_dirs.cc:939] Could only allocate 1 dirs of requested 3 for tablet 5effc580c4394916a52d24cfe1b086f2. 1 dirs total, 0 dirs full, 0 dirs failed
I0918 20:38:34.655206 21760 tablet_service.cc:1022] Processing CreateTablet for tablet f851d4a38fc246a1ad249ee5a6eee631 (table=ksck-test-table [id=fed44c2d57654b06b0045ee9ebb8640b]), partition=RANGE (key) PARTITION VALUES >= 20
I0918 20:38:34.657073 21760 data_dirs.cc:939] Could only allocate 1 dirs of requested 3 for tablet f851d4a38fc246a1ad249ee5a6eee631. 1 dirs total, 0 dirs full, 0 dirs failed
I0918 20:38:34.688194 21691 tablet_service.cc:1022] Processing CreateTablet for tablet 56087a5c23f74746b0a391195509fb7a (table=ksck-test-table [id=fed44c2d57654b06b0045ee9ebb8640b]), partition=RANGE (key) PARTITION VALUES < 10
I0918 20:38:34.688531 21900 tablet_bootstrap.cc:439] T 5effc580c4394916a52d24cfe1b086f2 P a2535df90af94322a63997ab490e9f7b: Bootstrap starting.
I0918 20:38:34.689355 21691 data_dirs.cc:939] Could only allocate 1 dirs of requested 3 for tablet 56087a5c23f74746b0a391195509fb7a. 1 dirs total, 0 dirs full, 0 dirs failed
I0918 20:38:34.697223 21690 tablet_service.cc:1022] Processing CreateTablet for tablet 5effc580c4394916a52d24cfe1b086f2 (table=ksck-test-table [id=fed44c2d57654b06b0045ee9ebb8640b]), partition=RANGE (key) PARTITION 10 <= VALUES < 20
I0918 20:38:34.698608 21690 data_dirs.cc:939] Could only allocate 1 dirs of requested 3 for tablet 5effc580c4394916a52d24cfe1b086f2. 1 dirs total, 0 dirs full, 0 dirs failed
I0918 20:38:34.705926 21689 tablet_service.cc:1022] Processing CreateTablet for tablet f851d4a38fc246a1ad249ee5a6eee631 (table=ksck-test-table [id=fed44c2d57654b06b0045ee9ebb8640b]), partition=RANGE (key) PARTITION VALUES >= 20
I0918 20:38:34.707093 21689 data_dirs.cc:939] Could only allocate 1 dirs of requested 3 for tablet f851d4a38fc246a1ad249ee5a6eee631. 1 dirs total, 0 dirs full, 0 dirs failed
I0918 20:38:34.721796 21900 tablet_bootstrap.cc:590] T 5effc580c4394916a52d24cfe1b086f2 P a2535df90af94322a63997ab490e9f7b: No blocks or log segments found. Creating new log.
I0918 20:38:34.735383 21902 tablet_bootstrap.cc:439] T f851d4a38fc246a1ad249ee5a6eee631 P 5a30c225d1e543d69c2601bde2c33afc: Bootstrap starting.
I0918 20:38:34.752673 21901 tablet_bootstrap.cc:439] T 5effc580c4394916a52d24cfe1b086f2 P 772cb6045c9d4a7785077cdfe1b5312a: Bootstrap starting.
I0918 20:38:34.756639 21901 tablet_bootstrap.cc:590] T 5effc580c4394916a52d24cfe1b086f2 P 772cb6045c9d4a7785077cdfe1b5312a: No blocks or log segments found. Creating new log.
I0918 20:38:34.758036 21900 tablet_bootstrap.cc:439] T 5effc580c4394916a52d24cfe1b086f2 P a2535df90af94322a63997ab490e9f7b: No bootstrap required, opened a new log
I0918 20:38:34.758673 21900 ts_tablet_manager.cc:1085] T 5effc580c4394916a52d24cfe1b086f2 P a2535df90af94322a63997ab490e9f7b: Time spent bootstrapping tablet: real 0.070s user 0.013s sys 0.014s
I0918 20:38:34.759801 21902 tablet_bootstrap.cc:590] T f851d4a38fc246a1ad249ee5a6eee631 P 5a30c225d1e543d69c2601bde2c33afc: No blocks or log segments found. Creating new log.
I0918 20:38:34.769085 21656 catalog_manager.cc:1153] T 00000000000000000000000000000000 P 23a446a27d414a34bbdab5f72442acfa: acquiring CA information for follower catalog manager: success
I0918 20:38:34.771988 21900 raft_consensus.cc:340] T 5effc580c4394916a52d24cfe1b086f2 P a2535df90af94322a63997ab490e9f7b [term 0 FOLLOWER]: Replica starting. Triggering 0 pending transactions. Active config: opid_index: -1 OBSOLETE_local: false peers { permanent_uuid: "5a30c225d1e543d69c2601bde2c33afc" member_type: VOTER last_known_addr { host: "127.18.222.1" port: 39639 } } peers { permanent_uuid: "a2535df90af94322a63997ab490e9f7b" member_type: VOTER last_known_addr { host: "127.18.222.2" port: 43981 } } peers { permanent_uuid: "772cb6045c9d4a7785077cdfe1b5312a" member_type: VOTER last_known_addr { host: "127.18.222.3" port: 46835 } }
I0918 20:38:34.773386 21900 raft_consensus.cc:366] T 5effc580c4394916a52d24cfe1b086f2 P a2535df90af94322a63997ab490e9f7b [term 0 FOLLOWER]: Consensus starting up: Expiring failure detector timer to make a prompt election more likely
I0918 20:38:34.773723 21900 raft_consensus.cc:705] T 5effc580c4394916a52d24cfe1b086f2 P a2535df90af94322a63997ab490e9f7b [term 0 FOLLOWER]: Becoming Follower/Learner. State: Replica: a2535df90af94322a63997ab490e9f7b, State: Initialized, Role: FOLLOWER
I0918 20:38:34.774695 21900 consensus_queue.cc:229] T 5effc580c4394916a52d24cfe1b086f2 P a2535df90af94322a63997ab490e9f7b [NON_LEADER]: Queue going to NON_LEADER mode. State: All replicated index: 0, Majority replicated index: 0, Committed index: 0, Last appended: 0.0, Last appended by leader: 0, Current term: 0, Majority size: -1, State: 0, Mode: NON_LEADER, active raft config: opid_index: -1 OBSOLETE_local: false peers { permanent_uuid: "5a30c225d1e543d69c2601bde2c33afc" member_type: VOTER last_known_addr { host: "127.18.222.1" port: 39639 } } peers { permanent_uuid: "a2535df90af94322a63997ab490e9f7b" member_type: VOTER last_known_addr { host: "127.18.222.2" port: 43981 } } peers { permanent_uuid: "772cb6045c9d4a7785077cdfe1b5312a" member_type: VOTER last_known_addr { host: "127.18.222.3" port: 46835 } }
I0918 20:38:34.795096 21659 catalog_manager.cc:1153] T 00000000000000000000000000000000 P c5165bb9c7334058a7bb869966482ee5: acquiring CA information for follower catalog manager: success
I0918 20:38:34.809361 21901 tablet_bootstrap.cc:439] T 5effc580c4394916a52d24cfe1b086f2 P 772cb6045c9d4a7785077cdfe1b5312a: No bootstrap required, opened a new log
I0918 20:38:34.809957 21901 ts_tablet_manager.cc:1085] T 5effc580c4394916a52d24cfe1b086f2 P 772cb6045c9d4a7785077cdfe1b5312a: Time spent bootstrapping tablet: real 0.058s user 0.021s sys 0.011s
I0918 20:38:34.810827 21659 catalog_manager.cc:1181] T 00000000000000000000000000000000 P c5165bb9c7334058a7bb869966482ee5: importing token verification keys for follower catalog manager: success; most recent TSK sequence number 0
I0918 20:38:34.812213 21901 raft_consensus.cc:340] T 5effc580c4394916a52d24cfe1b086f2 P 772cb6045c9d4a7785077cdfe1b5312a [term 0 FOLLOWER]: Replica starting. Triggering 0 pending transactions. Active config: opid_index: -1 OBSOLETE_local: false peers { permanent_uuid: "5a30c225d1e543d69c2601bde2c33afc" member_type: VOTER last_known_addr { host: "127.18.222.1" port: 39639 } } peers { permanent_uuid: "a2535df90af94322a63997ab490e9f7b" member_type: VOTER last_known_addr { host: "127.18.222.2" port: 43981 } } peers { permanent_uuid: "772cb6045c9d4a7785077cdfe1b5312a" member_type: VOTER last_known_addr { host: "127.18.222.3" port: 46835 } }
I0918 20:38:34.812882 21901 raft_consensus.cc:366] T 5effc580c4394916a52d24cfe1b086f2 P 772cb6045c9d4a7785077cdfe1b5312a [term 0 FOLLOWER]: Consensus starting up: Expiring failure detector timer to make a prompt election more likely
I0918 20:38:34.813091 21901 raft_consensus.cc:705] T 5effc580c4394916a52d24cfe1b086f2 P 772cb6045c9d4a7785077cdfe1b5312a [term 0 FOLLOWER]: Becoming Follower/Learner. State: Replica: 772cb6045c9d4a7785077cdfe1b5312a, State: Initialized, Role: FOLLOWER
I0918 20:38:34.813573 21901 consensus_queue.cc:229] T 5effc580c4394916a52d24cfe1b086f2 P 772cb6045c9d4a7785077cdfe1b5312a [NON_LEADER]: Queue going to NON_LEADER mode. State: All replicated index: 0, Majority replicated index: 0, Committed index: 0, Last appended: 0.0, Last appended by leader: 0, Current term: 0, Majority size: -1, State: 0, Mode: NON_LEADER, active raft config: opid_index: -1 OBSOLETE_local: false peers { permanent_uuid: "5a30c225d1e543d69c2601bde2c33afc" member_type: VOTER last_known_addr { host: "127.18.222.1" port: 39639 } } peers { permanent_uuid: "a2535df90af94322a63997ab490e9f7b" member_type: VOTER last_known_addr { host: "127.18.222.2" port: 43981 } } peers { permanent_uuid: "772cb6045c9d4a7785077cdfe1b5312a" member_type: VOTER last_known_addr { host: "127.18.222.3" port: 46835 } }
I0918 20:38:34.830180 21900 ts_tablet_manager.cc:1113] T 5effc580c4394916a52d24cfe1b086f2 P a2535df90af94322a63997ab490e9f7b: Time spent starting tablet: real 0.071s user 0.007s sys 0.000s
I0918 20:38:34.831027 21900 tablet_bootstrap.cc:439] T 56087a5c23f74746b0a391195509fb7a P a2535df90af94322a63997ab490e9f7b: Bootstrap starting.
I0918 20:38:34.812675 21902 tablet_bootstrap.cc:439] T f851d4a38fc246a1ad249ee5a6eee631 P 5a30c225d1e543d69c2601bde2c33afc: No bootstrap required, opened a new log
I0918 20:38:34.834489 21902 ts_tablet_manager.cc:1085] T f851d4a38fc246a1ad249ee5a6eee631 P 5a30c225d1e543d69c2601bde2c33afc: Time spent bootstrapping tablet: real 0.100s user 0.016s sys 0.025s
I0918 20:38:34.834729 21900 tablet_bootstrap.cc:590] T 56087a5c23f74746b0a391195509fb7a P a2535df90af94322a63997ab490e9f7b: No blocks or log segments found. Creating new log.
I0918 20:38:34.835121 21656 catalog_manager.cc:1181] T 00000000000000000000000000000000 P 23a446a27d414a34bbdab5f72442acfa: importing token verification keys for follower catalog manager: success; most recent TSK sequence number 0
I0918 20:38:34.836710 21902 raft_consensus.cc:340] T f851d4a38fc246a1ad249ee5a6eee631 P 5a30c225d1e543d69c2601bde2c33afc [term 0 FOLLOWER]: Replica starting. Triggering 0 pending transactions. Active config: opid_index: -1 OBSOLETE_local: false peers { permanent_uuid: "5a30c225d1e543d69c2601bde2c33afc" member_type: VOTER last_known_addr { host: "127.18.222.1" port: 39639 } } peers { permanent_uuid: "a2535df90af94322a63997ab490e9f7b" member_type: VOTER last_known_addr { host: "127.18.222.2" port: 43981 } } peers { permanent_uuid: "772cb6045c9d4a7785077cdfe1b5312a" member_type: VOTER last_known_addr { host: "127.18.222.3" port: 46835 } }
I0918 20:38:34.837960 21902 raft_consensus.cc:366] T f851d4a38fc246a1ad249ee5a6eee631 P 5a30c225d1e543d69c2601bde2c33afc [term 0 FOLLOWER]: Consensus starting up: Expiring failure detector timer to make a prompt election more likely
I0918 20:38:34.838196 21902 raft_consensus.cc:705] T f851d4a38fc246a1ad249ee5a6eee631 P 5a30c225d1e543d69c2601bde2c33afc [term 0 FOLLOWER]: Becoming Follower/Learner. State: Replica: 5a30c225d1e543d69c2601bde2c33afc, State: Initialized, Role: FOLLOWER
I0918 20:38:34.839118 21901 ts_tablet_manager.cc:1113] T 5effc580c4394916a52d24cfe1b086f2 P 772cb6045c9d4a7785077cdfe1b5312a: Time spent starting tablet: real 0.029s user 0.005s sys 0.004s
I0918 20:38:34.839073 21902 consensus_queue.cc:229] T f851d4a38fc246a1ad249ee5a6eee631 P 5a30c225d1e543d69c2601bde2c33afc [NON_LEADER]: Queue going to NON_LEADER mode. State: All replicated index: 0, Majority replicated index: 0, Committed index: 0, Last appended: 0.0, Last appended by leader: 0, Current term: 0, Majority size: -1, State: 0, Mode: NON_LEADER, active raft config: opid_index: -1 OBSOLETE_local: false peers { permanent_uuid: "5a30c225d1e543d69c2601bde2c33afc" member_type: VOTER last_known_addr { host: "127.18.222.1" port: 39639 } } peers { permanent_uuid: "a2535df90af94322a63997ab490e9f7b" member_type: VOTER last_known_addr { host: "127.18.222.2" port: 43981 } } peers { permanent_uuid: "772cb6045c9d4a7785077cdfe1b5312a" member_type: VOTER last_known_addr { host: "127.18.222.3" port: 46835 } }
I0918 20:38:34.840184 21901 tablet_bootstrap.cc:439] T f851d4a38fc246a1ad249ee5a6eee631 P 772cb6045c9d4a7785077cdfe1b5312a: Bootstrap starting.
I0918 20:38:34.844856 21901 tablet_bootstrap.cc:590] T f851d4a38fc246a1ad249ee5a6eee631 P 772cb6045c9d4a7785077cdfe1b5312a: No blocks or log segments found. Creating new log.
I0918 20:38:34.852221 21900 tablet_bootstrap.cc:439] T 56087a5c23f74746b0a391195509fb7a P a2535df90af94322a63997ab490e9f7b: No bootstrap required, opened a new log
I0918 20:38:34.852732 21900 ts_tablet_manager.cc:1085] T 56087a5c23f74746b0a391195509fb7a P a2535df90af94322a63997ab490e9f7b: Time spent bootstrapping tablet: real 0.022s user 0.006s sys 0.000s
I0918 20:38:34.854964 21900 raft_consensus.cc:340] T 56087a5c23f74746b0a391195509fb7a P a2535df90af94322a63997ab490e9f7b [term 0 FOLLOWER]: Replica starting. Triggering 0 pending transactions. Active config: opid_index: -1 OBSOLETE_local: false peers { permanent_uuid: "772cb6045c9d4a7785077cdfe1b5312a" member_type: VOTER last_known_addr { host: "127.18.222.3" port: 46835 } } peers { permanent_uuid: "a2535df90af94322a63997ab490e9f7b" member_type: VOTER last_known_addr { host: "127.18.222.2" port: 43981 } } peers { permanent_uuid: "5a30c225d1e543d69c2601bde2c33afc" member_type: VOTER last_known_addr { host: "127.18.222.1" port: 39639 } }
I0918 20:38:34.855584 21900 raft_consensus.cc:366] T 56087a5c23f74746b0a391195509fb7a P a2535df90af94322a63997ab490e9f7b [term 0 FOLLOWER]: Consensus starting up: Expiring failure detector timer to make a prompt election more likely
I0918 20:38:34.855973 21900 raft_consensus.cc:705] T 56087a5c23f74746b0a391195509fb7a P a2535df90af94322a63997ab490e9f7b [term 0 FOLLOWER]: Becoming Follower/Learner. State: Replica: a2535df90af94322a63997ab490e9f7b, State: Initialized, Role: FOLLOWER
I0918 20:38:34.857077 21900 consensus_queue.cc:229] T 56087a5c23f74746b0a391195509fb7a P a2535df90af94322a63997ab490e9f7b [NON_LEADER]: Queue going to NON_LEADER mode. State: All replicated index: 0, Majority replicated index: 0, Committed index: 0, Last appended: 0.0, Last appended by leader: 0, Current term: 0, Majority size: -1, State: 0, Mode: NON_LEADER, active raft config: opid_index: -1 OBSOLETE_local: false peers { permanent_uuid: "772cb6045c9d4a7785077cdfe1b5312a" member_type: VOTER last_known_addr { host: "127.18.222.3" port: 46835 } } peers { permanent_uuid: "a2535df90af94322a63997ab490e9f7b" member_type: VOTER last_known_addr { host: "127.18.222.2" port: 43981 } } peers { permanent_uuid: "5a30c225d1e543d69c2601bde2c33afc" member_type: VOTER last_known_addr { host: "127.18.222.1" port: 39639 } }
I0918 20:38:34.874294 21902 ts_tablet_manager.cc:1113] T f851d4a38fc246a1ad249ee5a6eee631 P 5a30c225d1e543d69c2601bde2c33afc: Time spent starting tablet: real 0.040s user 0.004s sys 0.003s
I0918 20:38:34.875161 21902 tablet_bootstrap.cc:439] T 5effc580c4394916a52d24cfe1b086f2 P 5a30c225d1e543d69c2601bde2c33afc: Bootstrap starting.
I0918 20:38:34.880143 21902 tablet_bootstrap.cc:590] T 5effc580c4394916a52d24cfe1b086f2 P 5a30c225d1e543d69c2601bde2c33afc: No blocks or log segments found. Creating new log.
I0918 20:38:34.883481 21901 tablet_bootstrap.cc:439] T f851d4a38fc246a1ad249ee5a6eee631 P 772cb6045c9d4a7785077cdfe1b5312a: No bootstrap required, opened a new log
I0918 20:38:34.885051 21901 ts_tablet_manager.cc:1085] T f851d4a38fc246a1ad249ee5a6eee631 P 772cb6045c9d4a7785077cdfe1b5312a: Time spent bootstrapping tablet: real 0.045s user 0.008s sys 0.020s
I0918 20:38:34.884371 21902 tablet_bootstrap.cc:439] T 5effc580c4394916a52d24cfe1b086f2 P 5a30c225d1e543d69c2601bde2c33afc: No bootstrap required, opened a new log
I0918 20:38:34.887832 21902 ts_tablet_manager.cc:1085] T 5effc580c4394916a52d24cfe1b086f2 P 5a30c225d1e543d69c2601bde2c33afc: Time spent bootstrapping tablet: real 0.013s user 0.008s sys 0.000s
I0918 20:38:34.890221 21902 raft_consensus.cc:340] T 5effc580c4394916a52d24cfe1b086f2 P 5a30c225d1e543d69c2601bde2c33afc [term 0 FOLLOWER]: Replica starting. Triggering 0 pending transactions. Active config: opid_index: -1 OBSOLETE_local: false peers { permanent_uuid: "5a30c225d1e543d69c2601bde2c33afc" member_type: VOTER last_known_addr { host: "127.18.222.1" port: 39639 } } peers { permanent_uuid: "a2535df90af94322a63997ab490e9f7b" member_type: VOTER last_known_addr { host: "127.18.222.2" port: 43981 } } peers { permanent_uuid: "772cb6045c9d4a7785077cdfe1b5312a" member_type: VOTER last_known_addr { host: "127.18.222.3" port: 46835 } }
I0918 20:38:34.890985 21902 raft_consensus.cc:366] T 5effc580c4394916a52d24cfe1b086f2 P 5a30c225d1e543d69c2601bde2c33afc [term 0 FOLLOWER]: Consensus starting up: Expiring failure detector timer to make a prompt election more likely
I0918 20:38:34.891234 21902 raft_consensus.cc:705] T 5effc580c4394916a52d24cfe1b086f2 P 5a30c225d1e543d69c2601bde2c33afc [term 0 FOLLOWER]: Becoming Follower/Learner. State: Replica: 5a30c225d1e543d69c2601bde2c33afc, State: Initialized, Role: FOLLOWER
I0918 20:38:34.884454 21900 ts_tablet_manager.cc:1113] T 56087a5c23f74746b0a391195509fb7a P a2535df90af94322a63997ab490e9f7b: Time spent starting tablet: real 0.031s user 0.005s sys 0.000s
I0918 20:38:34.892647 21900 tablet_bootstrap.cc:439] T f851d4a38fc246a1ad249ee5a6eee631 P a2535df90af94322a63997ab490e9f7b: Bootstrap starting.
I0918 20:38:34.894410 21906 raft_consensus.cc:472] T 5effc580c4394916a52d24cfe1b086f2 P a2535df90af94322a63997ab490e9f7b [term 0 FOLLOWER]: Starting pre-election (no leader contacted us within the election timeout)
I0918 20:38:34.894925 21906 raft_consensus.cc:494] T 5effc580c4394916a52d24cfe1b086f2 P a2535df90af94322a63997ab490e9f7b [term 0 FOLLOWER]: Starting pre-election with config: opid_index: -1 OBSOLETE_local: false peers { permanent_uuid: "5a30c225d1e543d69c2601bde2c33afc" member_type: VOTER last_known_addr { host: "127.18.222.1" port: 39639 } } peers { permanent_uuid: "a2535df90af94322a63997ab490e9f7b" member_type: VOTER last_known_addr { host: "127.18.222.2" port: 43981 } } peers { permanent_uuid: "772cb6045c9d4a7785077cdfe1b5312a" member_type: VOTER last_known_addr { host: "127.18.222.3" port: 46835 } }
I0918 20:38:34.895524 21907 raft_consensus.cc:472] T 5effc580c4394916a52d24cfe1b086f2 P 772cb6045c9d4a7785077cdfe1b5312a [term 0 FOLLOWER]: Starting pre-election (no leader contacted us within the election timeout)
I0918 20:38:34.896051 21907 raft_consensus.cc:494] T 5effc580c4394916a52d24cfe1b086f2 P 772cb6045c9d4a7785077cdfe1b5312a [term 0 FOLLOWER]: Starting pre-election with config: opid_index: -1 OBSOLETE_local: false peers { permanent_uuid: "5a30c225d1e543d69c2601bde2c33afc" member_type: VOTER last_known_addr { host: "127.18.222.1" port: 39639 } } peers { permanent_uuid: "a2535df90af94322a63997ab490e9f7b" member_type: VOTER last_known_addr { host: "127.18.222.2" port: 43981 } } peers { permanent_uuid: "772cb6045c9d4a7785077cdfe1b5312a" member_type: VOTER last_known_addr { host: "127.18.222.3" port: 46835 } }
I0918 20:38:34.896952 21906 leader_election.cc:296] T 5effc580c4394916a52d24cfe1b086f2 P a2535df90af94322a63997ab490e9f7b [CANDIDATE]: Term 1 pre-election: Requested pre-vote from peers 5a30c225d1e543d69c2601bde2c33afc (127.18.222.1:39639), 772cb6045c9d4a7785077cdfe1b5312a (127.18.222.3:46835)
I0918 20:38:34.897858 21907 leader_election.cc:296] T 5effc580c4394916a52d24cfe1b086f2 P 772cb6045c9d4a7785077cdfe1b5312a [CANDIDATE]: Term 1 pre-election: Requested pre-vote from peers 5a30c225d1e543d69c2601bde2c33afc (127.18.222.1:39639), a2535df90af94322a63997ab490e9f7b (127.18.222.2:43981)
I0918 20:38:34.909505 21900 tablet_bootstrap.cc:590] T f851d4a38fc246a1ad249ee5a6eee631 P a2535df90af94322a63997ab490e9f7b: No blocks or log segments found. Creating new log.
I0918 20:38:34.924196 21902 consensus_queue.cc:229] T 5effc580c4394916a52d24cfe1b086f2 P 5a30c225d1e543d69c2601bde2c33afc [NON_LEADER]: Queue going to NON_LEADER mode. State: All replicated index: 0, Majority replicated index: 0, Committed index: 0, Last appended: 0.0, Last appended by leader: 0, Current term: 0, Majority size: -1, State: 0, Mode: NON_LEADER, active raft config: opid_index: -1 OBSOLETE_local: false peers { permanent_uuid: "5a30c225d1e543d69c2601bde2c33afc" member_type: VOTER last_known_addr { host: "127.18.222.1" port: 39639 } } peers { permanent_uuid: "a2535df90af94322a63997ab490e9f7b" member_type: VOTER last_known_addr { host: "127.18.222.2" port: 43981 } } peers { permanent_uuid: "772cb6045c9d4a7785077cdfe1b5312a" member_type: VOTER last_known_addr { host: "127.18.222.3" port: 46835 } }
I0918 20:38:34.887373 21901 raft_consensus.cc:340] T f851d4a38fc246a1ad249ee5a6eee631 P 772cb6045c9d4a7785077cdfe1b5312a [term 0 FOLLOWER]: Replica starting. Triggering 0 pending transactions. Active config: opid_index: -1 OBSOLETE_local: false peers { permanent_uuid: "5a30c225d1e543d69c2601bde2c33afc" member_type: VOTER last_known_addr { host: "127.18.222.1" port: 39639 } } peers { permanent_uuid: "a2535df90af94322a63997ab490e9f7b" member_type: VOTER last_known_addr { host: "127.18.222.2" port: 43981 } } peers { permanent_uuid: "772cb6045c9d4a7785077cdfe1b5312a" member_type: VOTER last_known_addr { host: "127.18.222.3" port: 46835 } }
I0918 20:38:34.926030 21901 raft_consensus.cc:366] T f851d4a38fc246a1ad249ee5a6eee631 P 772cb6045c9d4a7785077cdfe1b5312a [term 0 FOLLOWER]: Consensus starting up: Expiring failure detector timer to make a prompt election more likely
I0918 20:38:34.926266 21901 raft_consensus.cc:705] T f851d4a38fc246a1ad249ee5a6eee631 P 772cb6045c9d4a7785077cdfe1b5312a [term 0 FOLLOWER]: Becoming Follower/Learner. State: Replica: 772cb6045c9d4a7785077cdfe1b5312a, State: Initialized, Role: FOLLOWER
I0918 20:38:34.926820 21901 consensus_queue.cc:229] T f851d4a38fc246a1ad249ee5a6eee631 P 772cb6045c9d4a7785077cdfe1b5312a [NON_LEADER]: Queue going to NON_LEADER mode. State: All replicated index: 0, Majority replicated index: 0, Committed index: 0, Last appended: 0.0, Last appended by leader: 0, Current term: 0, Majority size: -1, State: 0, Mode: NON_LEADER, active raft config: opid_index: -1 OBSOLETE_local: false peers { permanent_uuid: "5a30c225d1e543d69c2601bde2c33afc" member_type: VOTER last_known_addr { host: "127.18.222.1" port: 39639 } } peers { permanent_uuid: "a2535df90af94322a63997ab490e9f7b" member_type: VOTER last_known_addr { host: "127.18.222.2" port: 43981 } } peers { permanent_uuid: "772cb6045c9d4a7785077cdfe1b5312a" member_type: VOTER last_known_addr { host: "127.18.222.3" port: 46835 } }
I0918 20:38:34.931201 21701 tablet_service.cc:1295] Received RequestConsensusVote() RPC: tablet_id: "5effc580c4394916a52d24cfe1b086f2" candidate_uuid: "772cb6045c9d4a7785077cdfe1b5312a" candidate_term: 1 candidate_status { last_received { term: 0 index: 0 } } ignore_live_leader: false dest_uuid: "5a30c225d1e543d69c2601bde2c33afc" is_pre_election: true
I0918 20:38:34.932135 21701 raft_consensus.cc:2350] T 5effc580c4394916a52d24cfe1b086f2 P 5a30c225d1e543d69c2601bde2c33afc [term 0 FOLLOWER]: Leader pre-election vote request: Granting yes vote for candidate 772cb6045c9d4a7785077cdfe1b5312a in term 0.
I0918 20:38:34.933696 21809 leader_election.cc:310] T 5effc580c4394916a52d24cfe1b086f2 P 772cb6045c9d4a7785077cdfe1b5312a [CANDIDATE]: Term 1 pre-election: Election decided. Result: candidate won. Election summary: received 2 responses out of 3 voters: 2 yes votes; 0 no votes. yes voters: 5a30c225d1e543d69c2601bde2c33afc, 772cb6045c9d4a7785077cdfe1b5312a; no voters:
I0918 20:38:34.935216 21907 raft_consensus.cc:2644] T 5effc580c4394916a52d24cfe1b086f2 P 772cb6045c9d4a7785077cdfe1b5312a [term 0 FOLLOWER]: Leader pre-election won for term 1
I0918 20:38:34.935591 21907 raft_consensus.cc:472] T 5effc580c4394916a52d24cfe1b086f2 P 772cb6045c9d4a7785077cdfe1b5312a [term 0 FOLLOWER]: Starting leader election (no leader contacted us within the election timeout)
I0918 20:38:34.936017 21907 raft_consensus.cc:2890] T 5effc580c4394916a52d24cfe1b086f2 P 772cb6045c9d4a7785077cdfe1b5312a [term 0 FOLLOWER]: Advancing to term 1
I0918 20:38:34.949388 21772 tablet_service.cc:1295] Received RequestConsensusVote() RPC: tablet_id: "5effc580c4394916a52d24cfe1b086f2" candidate_uuid: "772cb6045c9d4a7785077cdfe1b5312a" candidate_term: 1 candidate_status { last_received { term: 0 index: 0 } } ignore_live_leader: false dest_uuid: "a2535df90af94322a63997ab490e9f7b" is_pre_election: true
I0918 20:38:34.950166 21772 raft_consensus.cc:2350] T 5effc580c4394916a52d24cfe1b086f2 P a2535df90af94322a63997ab490e9f7b [term 0 FOLLOWER]: Leader pre-election vote request: Granting yes vote for candidate 772cb6045c9d4a7785077cdfe1b5312a in term 0.
I0918 20:38:34.955854 21909 raft_consensus.cc:472] T f851d4a38fc246a1ad249ee5a6eee631 P 5a30c225d1e543d69c2601bde2c33afc [term 0 FOLLOWER]: Starting pre-election (no leader contacted us within the election timeout)
I0918 20:38:34.956349 21909 raft_consensus.cc:494] T f851d4a38fc246a1ad249ee5a6eee631 P 5a30c225d1e543d69c2601bde2c33afc [term 0 FOLLOWER]: Starting pre-election with config: opid_index: -1 OBSOLETE_local: false peers { permanent_uuid: "5a30c225d1e543d69c2601bde2c33afc" member_type: VOTER last_known_addr { host: "127.18.222.1" port: 39639 } } peers { permanent_uuid: "a2535df90af94322a63997ab490e9f7b" member_type: VOTER last_known_addr { host: "127.18.222.2" port: 43981 } } peers { permanent_uuid: "772cb6045c9d4a7785077cdfe1b5312a" member_type: VOTER last_known_addr { host: "127.18.222.3" port: 46835 } }
I0918 20:38:34.957950 21902 ts_tablet_manager.cc:1113] T 5effc580c4394916a52d24cfe1b086f2 P 5a30c225d1e543d69c2601bde2c33afc: Time spent starting tablet: real 0.070s user 0.003s sys 0.003s
I0918 20:38:34.958293 21909 leader_election.cc:296] T f851d4a38fc246a1ad249ee5a6eee631 P 5a30c225d1e543d69c2601bde2c33afc [CANDIDATE]: Term 1 pre-election: Requested pre-vote from peers a2535df90af94322a63997ab490e9f7b (127.18.222.2:43981), 772cb6045c9d4a7785077cdfe1b5312a (127.18.222.3:46835)
I0918 20:38:34.958794 21902 tablet_bootstrap.cc:439] T 56087a5c23f74746b0a391195509fb7a P 5a30c225d1e543d69c2601bde2c33afc: Bootstrap starting.
I0918 20:38:34.955332 21907 raft_consensus.cc:494] T 5effc580c4394916a52d24cfe1b086f2 P 772cb6045c9d4a7785077cdfe1b5312a [term 1 FOLLOWER]: Starting leader election with config: opid_index: -1 OBSOLETE_local: false peers { permanent_uuid: "5a30c225d1e543d69c2601bde2c33afc" member_type: VOTER last_known_addr { host: "127.18.222.1" port: 39639 } } peers { permanent_uuid: "a2535df90af94322a63997ab490e9f7b" member_type: VOTER last_known_addr { host: "127.18.222.2" port: 43981 } } peers { permanent_uuid: "772cb6045c9d4a7785077cdfe1b5312a" member_type: VOTER last_known_addr { host: "127.18.222.3" port: 46835 } }
I0918 20:38:34.978065 21901 ts_tablet_manager.cc:1113] T f851d4a38fc246a1ad249ee5a6eee631 P 772cb6045c9d4a7785077cdfe1b5312a: Time spent starting tablet: real 0.093s user 0.003s sys 0.003s
I0918 20:38:34.997848 21772 tablet_service.cc:1295] Received RequestConsensusVote() RPC: tablet_id: "5effc580c4394916a52d24cfe1b086f2" candidate_uuid: "772cb6045c9d4a7785077cdfe1b5312a" candidate_term: 1 candidate_status { last_received { term: 0 index: 0 } } ignore_live_leader: false dest_uuid: "a2535df90af94322a63997ab490e9f7b"
I0918 20:38:34.998648 21772 raft_consensus.cc:2890] T 5effc580c4394916a52d24cfe1b086f2 P a2535df90af94322a63997ab490e9f7b [term 0 FOLLOWER]: Advancing to term 1
I0918 20:38:34.994096 21907 leader_election.cc:296] T 5effc580c4394916a52d24cfe1b086f2 P 772cb6045c9d4a7785077cdfe1b5312a [CANDIDATE]: Term 1 election: Requested vote from peers 5a30c225d1e543d69c2601bde2c33afc (127.18.222.1:39639), a2535df90af94322a63997ab490e9f7b (127.18.222.2:43981)
I0918 20:38:34.995602 21901 tablet_bootstrap.cc:439] T 56087a5c23f74746b0a391195509fb7a P 772cb6045c9d4a7785077cdfe1b5312a: Bootstrap starting.
I0918 20:38:35.007239 21772 raft_consensus.cc:2350] T 5effc580c4394916a52d24cfe1b086f2 P a2535df90af94322a63997ab490e9f7b [term 1 FOLLOWER]: Leader election vote request: Granting yes vote for candidate 772cb6045c9d4a7785077cdfe1b5312a in term 1.
I0918 20:38:35.023296 21809 leader_election.cc:310] T 5effc580c4394916a52d24cfe1b086f2 P 772cb6045c9d4a7785077cdfe1b5312a [CANDIDATE]: Term 1 election: Election decided. Result: candidate won. Election summary: received 2 responses out of 3 voters: 2 yes votes; 0 no votes. yes voters: 772cb6045c9d4a7785077cdfe1b5312a, a2535df90af94322a63997ab490e9f7b; no voters:
I0918 20:38:35.024547 21907 raft_consensus.cc:2644] T 5effc580c4394916a52d24cfe1b086f2 P 772cb6045c9d4a7785077cdfe1b5312a [term 1 FOLLOWER]: Leader election won for term 1
I0918 20:38:35.024801 21900 tablet_bootstrap.cc:439] T f851d4a38fc246a1ad249ee5a6eee631 P a2535df90af94322a63997ab490e9f7b: No bootstrap required, opened a new log
I0918 20:38:35.026520 21854 tablet_service.cc:1295] Received RequestConsensusVote() RPC: tablet_id: "5effc580c4394916a52d24cfe1b086f2" candidate_uuid: "a2535df90af94322a63997ab490e9f7b" candidate_term: 1 candidate_status { last_received { term: 0 index: 0 } } ignore_live_leader: false dest_uuid: "772cb6045c9d4a7785077cdfe1b5312a" is_pre_election: true
I0918 20:38:35.033509 21701 tablet_service.cc:1295] Received RequestConsensusVote() RPC: tablet_id: "5effc580c4394916a52d24cfe1b086f2" candidate_uuid: "772cb6045c9d4a7785077cdfe1b5312a" candidate_term: 1 candidate_status { last_received { term: 0 index: 0 } } ignore_live_leader: false dest_uuid: "5a30c225d1e543d69c2601bde2c33afc"
I0918 20:38:35.037050 21902 tablet_bootstrap.cc:590] T 56087a5c23f74746b0a391195509fb7a P 5a30c225d1e543d69c2601bde2c33afc: No blocks or log segments found. Creating new log.
I0918 20:38:35.034562 21900 ts_tablet_manager.cc:1085] T f851d4a38fc246a1ad249ee5a6eee631 P a2535df90af94322a63997ab490e9f7b: Time spent bootstrapping tablet: real 0.142s user 0.018s sys 0.004s
I0918 20:38:35.028122 21901 tablet_bootstrap.cc:590] T 56087a5c23f74746b0a391195509fb7a P 772cb6045c9d4a7785077cdfe1b5312a: No blocks or log segments found. Creating new log.
I0918 20:38:35.038995 21701 raft_consensus.cc:2890] T 5effc580c4394916a52d24cfe1b086f2 P 5a30c225d1e543d69c2601bde2c33afc [term 0 FOLLOWER]: Advancing to term 1
I0918 20:38:35.049557 21907 raft_consensus.cc:667] T 5effc580c4394916a52d24cfe1b086f2 P 772cb6045c9d4a7785077cdfe1b5312a [term 1 LEADER]: Becoming Leader. State: Replica: 772cb6045c9d4a7785077cdfe1b5312a, State: Running, Role: LEADER
I0918 20:38:35.055092 21907 consensus_queue.cc:206] T 5effc580c4394916a52d24cfe1b086f2 P 772cb6045c9d4a7785077cdfe1b5312a [LEADER]: Queue going to LEADER mode. State: All replicated index: 0, Majority replicated index: 0, Committed index: 0, Last appended: 0.0, Last appended by leader: 0, Current term: 1, Majority size: 2, State: 0, Mode: LEADER, active raft config: opid_index: -1 OBSOLETE_local: false peers { permanent_uuid: "5a30c225d1e543d69c2601bde2c33afc" member_type: VOTER last_known_addr { host: "127.18.222.1" port: 39639 } } peers { permanent_uuid: "a2535df90af94322a63997ab490e9f7b" member_type: VOTER last_known_addr { host: "127.18.222.2" port: 43981 } } peers { permanent_uuid: "772cb6045c9d4a7785077cdfe1b5312a" member_type: VOTER last_known_addr { host: "127.18.222.3" port: 46835 } }
I0918 20:38:35.057231 21900 raft_consensus.cc:340] T f851d4a38fc246a1ad249ee5a6eee631 P a2535df90af94322a63997ab490e9f7b [term 0 FOLLOWER]: Replica starting. Triggering 0 pending transactions. Active config: opid_index: -1 OBSOLETE_local: false peers { permanent_uuid: "5a30c225d1e543d69c2601bde2c33afc" member_type: VOTER last_known_addr { host: "127.18.222.1" port: 39639 } } peers { permanent_uuid: "a2535df90af94322a63997ab490e9f7b" member_type: VOTER last_known_addr { host: "127.18.222.2" port: 43981 } } peers { permanent_uuid: "772cb6045c9d4a7785077cdfe1b5312a" member_type: VOTER last_known_addr { host: "127.18.222.3" port: 46835 } }
I0918 20:38:35.058066 21900 raft_consensus.cc:366] T f851d4a38fc246a1ad249ee5a6eee631 P a2535df90af94322a63997ab490e9f7b [term 0 FOLLOWER]: Consensus starting up: Expiring failure detector timer to make a prompt election more likely
I0918 20:38:35.058317 21900 raft_consensus.cc:705] T f851d4a38fc246a1ad249ee5a6eee631 P a2535df90af94322a63997ab490e9f7b [term 0 FOLLOWER]: Becoming Follower/Learner. State: Replica: a2535df90af94322a63997ab490e9f7b, State: Initialized, Role: FOLLOWER
I0918 20:38:35.058894 21900 consensus_queue.cc:229] T f851d4a38fc246a1ad249ee5a6eee631 P a2535df90af94322a63997ab490e9f7b [NON_LEADER]: Queue going to NON_LEADER mode. State: All replicated index: 0, Majority replicated index: 0, Committed index: 0, Last appended: 0.0, Last appended by leader: 0, Current term: 0, Majority size: -1, State: 0, Mode: NON_LEADER, active raft config: opid_index: -1 OBSOLETE_local: false peers { permanent_uuid: "5a30c225d1e543d69c2601bde2c33afc" member_type: VOTER last_known_addr { host: "127.18.222.1" port: 39639 } } peers { permanent_uuid: "a2535df90af94322a63997ab490e9f7b" member_type: VOTER last_known_addr { host: "127.18.222.2" port: 43981 } } peers { permanent_uuid: "772cb6045c9d4a7785077cdfe1b5312a" member_type: VOTER last_known_addr { host: "127.18.222.3" port: 46835 } }
I0918 20:38:35.067925 21700 tablet_service.cc:1295] Received RequestConsensusVote() RPC: tablet_id: "5effc580c4394916a52d24cfe1b086f2" candidate_uuid: "a2535df90af94322a63997ab490e9f7b" candidate_term: 1 candidate_status { last_received { term: 0 index: 0 } } ignore_live_leader: false dest_uuid: "5a30c225d1e543d69c2601bde2c33afc" is_pre_election: true
I0918 20:38:35.063979 21701 raft_consensus.cc:2350] T 5effc580c4394916a52d24cfe1b086f2 P 5a30c225d1e543d69c2601bde2c33afc [term 1 FOLLOWER]: Leader election vote request: Granting yes vote for candidate 772cb6045c9d4a7785077cdfe1b5312a in term 1.
I0918 20:38:35.071179 21700 raft_consensus.cc:2325] T 5effc580c4394916a52d24cfe1b086f2 P 5a30c225d1e543d69c2601bde2c33afc [term 1 FOLLOWER]: Leader pre-election vote request: Denying vote to candidate a2535df90af94322a63997ab490e9f7b for term 1 because replica is already servicing an update from a current leader or another vote.
I0918 20:38:35.082406 21900 ts_tablet_manager.cc:1113] T f851d4a38fc246a1ad249ee5a6eee631 P a2535df90af94322a63997ab490e9f7b: Time spent starting tablet: real 0.043s user 0.006s sys 0.000s
I0918 20:38:35.083918 21772 tablet_service.cc:1295] Received RequestConsensusVote() RPC: tablet_id: "f851d4a38fc246a1ad249ee5a6eee631" candidate_uuid: "5a30c225d1e543d69c2601bde2c33afc" candidate_term: 1 candidate_status { last_received { term: 0 index: 0 } } ignore_live_leader: false dest_uuid: "a2535df90af94322a63997ab490e9f7b" is_pre_election: true
I0918 20:38:35.084579 21772 raft_consensus.cc:2350] T f851d4a38fc246a1ad249ee5a6eee631 P a2535df90af94322a63997ab490e9f7b [term 0 FOLLOWER]: Leader pre-election vote request: Granting yes vote for candidate 5a30c225d1e543d69c2601bde2c33afc in term 0.
I0918 20:38:35.085809 21664 leader_election.cc:310] T f851d4a38fc246a1ad249ee5a6eee631 P 5a30c225d1e543d69c2601bde2c33afc [CANDIDATE]: Term 1 pre-election: Election decided. Result: candidate won. Election summary: received 2 responses out of 3 voters: 2 yes votes; 0 no votes. yes voters: 5a30c225d1e543d69c2601bde2c33afc, a2535df90af94322a63997ab490e9f7b; no voters:
I0918 20:38:35.086764 21909 raft_consensus.cc:2644] T f851d4a38fc246a1ad249ee5a6eee631 P 5a30c225d1e543d69c2601bde2c33afc [term 0 FOLLOWER]: Leader pre-election won for term 1
I0918 20:38:35.087136 21909 raft_consensus.cc:472] T f851d4a38fc246a1ad249ee5a6eee631 P 5a30c225d1e543d69c2601bde2c33afc [term 0 FOLLOWER]: Starting leader election (no leader contacted us within the election timeout)
I0918 20:38:35.087463 21909 raft_consensus.cc:2890] T f851d4a38fc246a1ad249ee5a6eee631 P 5a30c225d1e543d69c2601bde2c33afc [term 0 FOLLOWER]: Advancing to term 1
I0918 20:38:35.098723 21854 raft_consensus.cc:2311] T 5effc580c4394916a52d24cfe1b086f2 P 772cb6045c9d4a7785077cdfe1b5312a [term 1 LEADER]: Leader pre-election vote request: Denying vote to candidate a2535df90af94322a63997ab490e9f7b for term 1 because replica is either leader or believes a valid leader to be alive.
I0918 20:38:35.101925 21735 leader_election.cc:310] T 5effc580c4394916a52d24cfe1b086f2 P a2535df90af94322a63997ab490e9f7b [CANDIDATE]: Term 1 pre-election: Election decided. Result: candidate lost. Election summary: received 3 responses out of 3 voters: 1 yes votes; 2 no votes. yes voters: a2535df90af94322a63997ab490e9f7b; no voters: 5a30c225d1e543d69c2601bde2c33afc, 772cb6045c9d4a7785077cdfe1b5312a
I0918 20:38:35.103368 21906 raft_consensus.cc:2592] T 5effc580c4394916a52d24cfe1b086f2 P a2535df90af94322a63997ab490e9f7b [term 1 FOLLOWER]: Leader pre-election lost for term 1. Reason: could not achieve majority
I0918 20:38:35.110002 21854 tablet_service.cc:1295] Received RequestConsensusVote() RPC: tablet_id: "f851d4a38fc246a1ad249ee5a6eee631" candidate_uuid: "5a30c225d1e543d69c2601bde2c33afc" candidate_term: 1 candidate_status { last_received { term: 0 index: 0 } } ignore_live_leader: false dest_uuid: "772cb6045c9d4a7785077cdfe1b5312a" is_pre_election: true
I0918 20:38:35.110715 21854 raft_consensus.cc:2350] T f851d4a38fc246a1ad249ee5a6eee631 P 772cb6045c9d4a7785077cdfe1b5312a [term 0 FOLLOWER]: Leader pre-election vote request: Granting yes vote for candidate 5a30c225d1e543d69c2601bde2c33afc in term 0.
I0918 20:38:35.109438 21499 catalog_manager.cc:4131] T 5effc580c4394916a52d24cfe1b086f2 P 772cb6045c9d4a7785077cdfe1b5312a reported cstate change: term changed from 0 to 1, leader changed from to 772cb6045c9d4a7785077cdfe1b5312a (127.18.222.3). New cstate: current_term: 1 leader_uuid: "772cb6045c9d4a7785077cdfe1b5312a" committed_config { opid_index: -1 OBSOLETE_local: false peers { permanent_uuid: "5a30c225d1e543d69c2601bde2c33afc" member_type: VOTER last_known_addr { host: "127.18.222.1" port: 39639 } health_report { overall_health: UNKNOWN } } peers { permanent_uuid: "a2535df90af94322a63997ab490e9f7b" member_type: VOTER last_known_addr { host: "127.18.222.2" port: 43981 } health_report { overall_health: UNKNOWN } } peers { permanent_uuid: "772cb6045c9d4a7785077cdfe1b5312a" member_type: VOTER last_known_addr { host: "127.18.222.3" port: 46835 } health_report { overall_health: HEALTHY } } }
I0918 20:38:35.116070 21909 raft_consensus.cc:494] T f851d4a38fc246a1ad249ee5a6eee631 P 5a30c225d1e543d69c2601bde2c33afc [term 1 FOLLOWER]: Starting leader election with config: opid_index: -1 OBSOLETE_local: false peers { permanent_uuid: "5a30c225d1e543d69c2601bde2c33afc" member_type: VOTER last_known_addr { host: "127.18.222.1" port: 39639 } } peers { permanent_uuid: "a2535df90af94322a63997ab490e9f7b" member_type: VOTER last_known_addr { host: "127.18.222.2" port: 43981 } } peers { permanent_uuid: "772cb6045c9d4a7785077cdfe1b5312a" member_type: VOTER last_known_addr { host: "127.18.222.3" port: 46835 } }
I0918 20:38:35.119315 21909 leader_election.cc:296] T f851d4a38fc246a1ad249ee5a6eee631 P 5a30c225d1e543d69c2601bde2c33afc [CANDIDATE]: Term 1 election: Requested vote from peers a2535df90af94322a63997ab490e9f7b (127.18.222.2:43981), 772cb6045c9d4a7785077cdfe1b5312a (127.18.222.3:46835)
I0918 20:38:35.120926 21854 tablet_service.cc:1295] Received RequestConsensusVote() RPC: tablet_id: "f851d4a38fc246a1ad249ee5a6eee631" candidate_uuid: "5a30c225d1e543d69c2601bde2c33afc" candidate_term: 1 candidate_status { last_received { term: 0 index: 0 } } ignore_live_leader: false dest_uuid: "772cb6045c9d4a7785077cdfe1b5312a"
I0918 20:38:35.121645 21854 raft_consensus.cc:2890] T f851d4a38fc246a1ad249ee5a6eee631 P 772cb6045c9d4a7785077cdfe1b5312a [term 0 FOLLOWER]: Advancing to term 1
I0918 20:38:35.127189 21772 tablet_service.cc:1295] Received RequestConsensusVote() RPC: tablet_id: "f851d4a38fc246a1ad249ee5a6eee631" candidate_uuid: "5a30c225d1e543d69c2601bde2c33afc" candidate_term: 1 candidate_status { last_received { term: 0 index: 0 } } ignore_live_leader: false dest_uuid: "a2535df90af94322a63997ab490e9f7b"
I0918 20:38:35.128520 21772 raft_consensus.cc:2890] T f851d4a38fc246a1ad249ee5a6eee631 P a2535df90af94322a63997ab490e9f7b [term 0 FOLLOWER]: Advancing to term 1
I0918 20:38:35.137568 21901 tablet_bootstrap.cc:439] T 56087a5c23f74746b0a391195509fb7a P 772cb6045c9d4a7785077cdfe1b5312a: No bootstrap required, opened a new log
I0918 20:38:35.138222 21901 ts_tablet_manager.cc:1085] T 56087a5c23f74746b0a391195509fb7a P 772cb6045c9d4a7785077cdfe1b5312a: Time spent bootstrapping tablet: real 0.147s user 0.023s sys 0.013s
I0918 20:38:35.139941 21901 raft_consensus.cc:340] T 56087a5c23f74746b0a391195509fb7a P 772cb6045c9d4a7785077cdfe1b5312a [term 0 FOLLOWER]: Replica starting. Triggering 0 pending transactions. Active config: opid_index: -1 OBSOLETE_local: false peers { permanent_uuid: "772cb6045c9d4a7785077cdfe1b5312a" member_type: VOTER last_known_addr { host: "127.18.222.3" port: 46835 } } peers { permanent_uuid: "a2535df90af94322a63997ab490e9f7b" member_type: VOTER last_known_addr { host: "127.18.222.2" port: 43981 } } peers { permanent_uuid: "5a30c225d1e543d69c2601bde2c33afc" member_type: VOTER last_known_addr { host: "127.18.222.1" port: 39639 } }
I0918 20:38:35.140455 21901 raft_consensus.cc:366] T 56087a5c23f74746b0a391195509fb7a P 772cb6045c9d4a7785077cdfe1b5312a [term 0 FOLLOWER]: Consensus starting up: Expiring failure detector timer to make a prompt election more likely
I0918 20:38:35.140640 21901 raft_consensus.cc:705] T 56087a5c23f74746b0a391195509fb7a P 772cb6045c9d4a7785077cdfe1b5312a [term 0 FOLLOWER]: Becoming Follower/Learner. State: Replica: 772cb6045c9d4a7785077cdfe1b5312a, State: Initialized, Role: FOLLOWER
I0918 20:38:35.140836 21772 raft_consensus.cc:2350] T f851d4a38fc246a1ad249ee5a6eee631 P a2535df90af94322a63997ab490e9f7b [term 1 FOLLOWER]: Leader election vote request: Granting yes vote for candidate 5a30c225d1e543d69c2601bde2c33afc in term 1.
I0918 20:38:35.141208 21901 consensus_queue.cc:229] T 56087a5c23f74746b0a391195509fb7a P 772cb6045c9d4a7785077cdfe1b5312a [NON_LEADER]: Queue going to NON_LEADER mode. State: All replicated index: 0, Majority replicated index: 0, Committed index: 0, Last appended: 0.0, Last appended by leader: 0, Current term: 0, Majority size: -1, State: 0, Mode: NON_LEADER, active raft config: opid_index: -1 OBSOLETE_local: false peers { permanent_uuid: "772cb6045c9d4a7785077cdfe1b5312a" member_type: VOTER last_known_addr { host: "127.18.222.3" port: 46835 } } peers { permanent_uuid: "a2535df90af94322a63997ab490e9f7b" member_type: VOTER last_known_addr { host: "127.18.222.2" port: 43981 } } peers { permanent_uuid: "5a30c225d1e543d69c2601bde2c33afc" member_type: VOTER last_known_addr { host: "127.18.222.1" port: 39639 } }
I0918 20:38:35.143049 21901 ts_tablet_manager.cc:1113] T 56087a5c23f74746b0a391195509fb7a P 772cb6045c9d4a7785077cdfe1b5312a: Time spent starting tablet: real 0.005s user 0.005s sys 0.000s
I0918 20:38:35.144734 21902 tablet_bootstrap.cc:439] T 56087a5c23f74746b0a391195509fb7a P 5a30c225d1e543d69c2601bde2c33afc: No bootstrap required, opened a new log
I0918 20:38:35.145319 21902 ts_tablet_manager.cc:1085] T 56087a5c23f74746b0a391195509fb7a P 5a30c225d1e543d69c2601bde2c33afc: Time spent bootstrapping tablet: real 0.187s user 0.013s sys 0.005s
I0918 20:38:35.147534 21902 raft_consensus.cc:340] T 56087a5c23f74746b0a391195509fb7a P 5a30c225d1e543d69c2601bde2c33afc [term 0 FOLLOWER]: Replica starting. Triggering 0 pending transactions. Active config: opid_index: -1 OBSOLETE_local: false peers { permanent_uuid: "772cb6045c9d4a7785077cdfe1b5312a" member_type: VOTER last_known_addr { host: "127.18.222.3" port: 46835 } } peers { permanent_uuid: "a2535df90af94322a63997ab490e9f7b" member_type: VOTER last_known_addr { host: "127.18.222.2" port: 43981 } } peers { permanent_uuid: "5a30c225d1e543d69c2601bde2c33afc" member_type: VOTER last_known_addr { host: "127.18.222.1" port: 39639 } }
I0918 20:38:35.151931 21902 raft_consensus.cc:366] T 56087a5c23f74746b0a391195509fb7a P 5a30c225d1e543d69c2601bde2c33afc [term 0 FOLLOWER]: Consensus starting up: Expiring failure detector timer to make a prompt election more likely
I0918 20:38:35.152168 21902 raft_consensus.cc:705] T 56087a5c23f74746b0a391195509fb7a P 5a30c225d1e543d69c2601bde2c33afc [term 0 FOLLOWER]: Becoming Follower/Learner. State: Replica: 5a30c225d1e543d69c2601bde2c33afc, State: Initialized, Role: FOLLOWER
I0918 20:38:35.152647 21902 consensus_queue.cc:229] T 56087a5c23f74746b0a391195509fb7a P 5a30c225d1e543d69c2601bde2c33afc [NON_LEADER]: Queue going to NON_LEADER mode. State: All replicated index: 0, Majority replicated index: 0, Committed index: 0, Last appended: 0.0, Last appended by leader: 0, Current term: 0, Majority size: -1, State: 0, Mode: NON_LEADER, active raft config: opid_index: -1 OBSOLETE_local: false peers { permanent_uuid: "772cb6045c9d4a7785077cdfe1b5312a" member_type: VOTER last_known_addr { host: "127.18.222.3" port: 46835 } } peers { permanent_uuid: "a2535df90af94322a63997ab490e9f7b" member_type: VOTER last_known_addr { host: "127.18.222.2" port: 43981 } } peers { permanent_uuid: "5a30c225d1e543d69c2601bde2c33afc" member_type: VOTER last_known_addr { host: "127.18.222.1" port: 39639 } }
I0918 20:38:35.155071 21902 ts_tablet_manager.cc:1113] T 56087a5c23f74746b0a391195509fb7a P 5a30c225d1e543d69c2601bde2c33afc: Time spent starting tablet: real 0.009s user 0.005s sys 0.000s
I0918 20:38:35.154546 21664 leader_election.cc:310] T f851d4a38fc246a1ad249ee5a6eee631 P 5a30c225d1e543d69c2601bde2c33afc [CANDIDATE]: Term 1 election: Election decided. Result: candidate won. Election summary: received 2 responses out of 3 voters: 2 yes votes; 0 no votes. yes voters: 5a30c225d1e543d69c2601bde2c33afc, a2535df90af94322a63997ab490e9f7b; no voters:
I0918 20:38:35.160023 21909 raft_consensus.cc:2644] T f851d4a38fc246a1ad249ee5a6eee631 P 5a30c225d1e543d69c2601bde2c33afc [term 1 FOLLOWER]: Leader election won for term 1
