I0918 20:38:47.590162 19320 raft_consensus.cc:2147] T bd65e74409ad46799a393e20fbc31c54 P 1197af9577844861bc2218a92e37c173 [term 1 FOLLOWER]: Raft consensus shutting down.
I0918 20:38:47.590534 19320 raft_consensus.cc:2174] T bd65e74409ad46799a393e20fbc31c54 P 1197af9577844861bc2218a92e37c173 [term 1 FOLLOWER]: Raft consensus is shut down!
I0918 20:38:47.617624 19320 tablet_replica.cc:273] T 517a906cb7664795939d3758fc7d7a17 P 1197af9577844861bc2218a92e37c173: stopping tablet replica
I0918 20:38:47.618202 19320 raft_consensus.cc:2147] T 517a906cb7664795939d3758fc7d7a17 P 1197af9577844861bc2218a92e37c173 [term 1 FOLLOWER]: Raft consensus shutting down.
I0918 20:38:47.618569 19320 raft_consensus.cc:2174] T 517a906cb7664795939d3758fc7d7a17 P 1197af9577844861bc2218a92e37c173 [term 1 FOLLOWER]: Raft consensus is shut down!
I0918 20:38:47.621424 19320 tablet_replica.cc:273] T ba7b5078d5404513ad4b6aa39b249244 P 1197af9577844861bc2218a92e37c173: stopping tablet replica
I0918 20:38:47.621845 19320 raft_consensus.cc:2147] T ba7b5078d5404513ad4b6aa39b249244 P 1197af9577844861bc2218a92e37c173 [term 1 FOLLOWER]: Raft consensus shutting down.
I0918 20:38:47.622296 19320 raft_consensus.cc:2174] T ba7b5078d5404513ad4b6aa39b249244 P 1197af9577844861bc2218a92e37c173 [term 1 FOLLOWER]: Raft consensus is shut down!
W0918 20:38:47.642063 22462 ksck_checksum.cc:285] failed to submit task to start additional tablet checksums: Service unavailable: The pool has been shut down.
I0918 20:38:47.647851 19320 tablet_server.cc:169] TabletServer shutdown complete.
I0918 20:38:47.648105 19320 tablet_server.cc:155] TabletServer shutting down...
I0918 20:38:47.648428 19320 tablet_server.cc:169] TabletServer shutdown complete.
I0918 20:38:47.663162 19320 tablet_server.cc:155] TabletServer shutting down...
I0918 20:38:47.704197 19320 ts_tablet_manager.cc:1159] Shutting down tablet manager...
I0918 20:38:47.704512 19320 tablet_replica.cc:273] T 517a906cb7664795939d3758fc7d7a17 P 2f1a504155064a55b5a716a520e1f2ac: stopping tablet replica
I0918 20:38:47.704843 19320 raft_consensus.cc:2147] T 517a906cb7664795939d3758fc7d7a17 P 2f1a504155064a55b5a716a520e1f2ac [term 1 FOLLOWER]: Raft consensus shutting down.
I0918 20:38:47.705106 19320 raft_consensus.cc:2174] T 517a906cb7664795939d3758fc7d7a17 P 2f1a504155064a55b5a716a520e1f2ac [term 1 FOLLOWER]: Raft consensus is shut down!
I0918 20:38:47.707125 19320 tablet_replica.cc:273] T ba7b5078d5404513ad4b6aa39b249244 P 2f1a504155064a55b5a716a520e1f2ac: stopping tablet replica
I0918 20:38:47.707414 19320 raft_consensus.cc:2147] T ba7b5078d5404513ad4b6aa39b249244 P 2f1a504155064a55b5a716a520e1f2ac [term 1 FOLLOWER]: Raft consensus shutting down.
I0918 20:38:47.707639 19320 raft_consensus.cc:2174] T ba7b5078d5404513ad4b6aa39b249244 P 2f1a504155064a55b5a716a520e1f2ac [term 1 FOLLOWER]: Raft consensus is shut down!
I0918 20:38:47.709501 19320 tablet_replica.cc:273] T bd65e74409ad46799a393e20fbc31c54 P 2f1a504155064a55b5a716a520e1f2ac: stopping tablet replica
I0918 20:38:47.709769 19320 raft_consensus.cc:2147] T bd65e74409ad46799a393e20fbc31c54 P 2f1a504155064a55b5a716a520e1f2ac [term 1 FOLLOWER]: Raft consensus shutting down.
I0918 20:38:47.710000 19320 raft_consensus.cc:2174] T bd65e74409ad46799a393e20fbc31c54 P 2f1a504155064a55b5a716a520e1f2ac [term 1 FOLLOWER]: Raft consensus is shut down!
I0918 20:38:47.743659 19320 tablet_server.cc:169] TabletServer shutdown complete.
I0918 20:38:47.743947 19320 tablet_server.cc:155] TabletServer shutting down...
I0918 20:38:47.744313 19320 tablet_server.cc:169] TabletServer shutdown complete.
I0918 20:38:47.756520 19320 master.cc:247] Master@127.18.222.62:46257 shutting down...
I0918 20:38:47.781916 19320 raft_consensus.cc:2147] T 00000000000000000000000000000000 P ccffb4cc11b349b4ae52a0a13eb59b94 [term 1 FOLLOWER]: Raft consensus shutting down.
I0918 20:38:47.782320 19320 raft_consensus.cc:2174] T 00000000000000000000000000000000 P ccffb4cc11b349b4ae52a0a13eb59b94 [term 1 FOLLOWER]: Raft consensus is shut down!
I0918 20:38:47.782588 19320 tablet_replica.cc:273] T 00000000000000000000000000000000 P ccffb4cc11b349b4ae52a0a13eb59b94: stopping tablet replica
I0918 20:38:47.800734 19320 master.cc:258] Master@127.18.222.62:46257 shutdown complete.
I0918 20:38:47.809619 19320 master.cc:247] Master@127.18.222.61:41695 shutting down...
I0918 20:38:47.831400 19320 raft_consensus.cc:2147] T 00000000000000000000000000000000 P 6feec5fc783e4905982503aeadbd8d16 [term 1 LEADER]: Raft consensus shutting down.
I0918 20:38:47.832232 19320 raft_consensus.cc:2174] T 00000000000000000000000000000000 P 6feec5fc783e4905982503aeadbd8d16 [term 1 FOLLOWER]: Raft consensus is shut down!
I0918 20:38:47.832500 19320 tablet_replica.cc:273] T 00000000000000000000000000000000 P 6feec5fc783e4905982503aeadbd8d16: stopping tablet replica
I0918 20:38:47.851333 19320 master.cc:258] Master@127.18.222.61:41695 shutdown complete.
I0918 20:38:47.862073 19320 master.cc:247] Master@127.18.222.60:46633 shutting down...
I0918 20:38:47.885799 19320 raft_consensus.cc:2147] T 00000000000000000000000000000000 P ab28e98d635942f098b2bcad0bfd652c [term 1 FOLLOWER]: Raft consensus shutting down.
I0918 20:38:47.886142 19320 raft_consensus.cc:2174] T 00000000000000000000000000000000 P ab28e98d635942f098b2bcad0bfd652c [term 1 FOLLOWER]: Raft consensus is shut down!
I0918 20:38:47.886365 19320 tablet_replica.cc:273] T 00000000000000000000000000000000 P ab28e98d635942f098b2bcad0bfd652c: stopping tablet replica
I0918 20:38:47.903937 19320 master.cc:258] Master@127.18.222.60:46633 shutdown complete. [ OK ] RemoteKsckTest.TestChecksumTimeout (10734 ms) [ RUN ] RemoteKsckTest.TestChecksumSnapshot
I0918 20:38:47.938925 19320 test_util.cc:212] Using random seed: -756140205
I0918 20:38:47.939620 19320 internal_mini_cluster.cc:146] Creating distributed mini masters. Addrs: 127.18.222.62:38613,127.18.222.61:46291,127.18.222.60:33817
I0918 20:38:47.952069 19320 system_ntp.cc:193] NTP initialized. Skew: 500ppm Current error: 141092us
I0918 20:38:47.952415 19320 fs_manager.cc:263] Metadata directory not provided
I0918 20:38:47.952545 19320 fs_manager.cc:269] Using write-ahead log directory (fs_wal_dir) as metadata directory
I0918 20:38:47.952752 19320 server_base.cc:452] Could not load existing FS layout: Not found: could not find a healthy instance file
I0918 20:38:47.952877 19320 server_base.cc:453] Attempting to create new FS layout instead
I0918 20:38:47.953832 19320 fs_manager.cc:602] Generated new instance metadata in path /tmp/dist-test-task6lCVqo/test-tmp/ksck_remote-test.0.RemoteKsckTest.TestChecksumSnapshot.1568839089958813-19320/minicluster-data/master-0-root/instance: uuid: "50eed283ebb8415191b2a2ff60a43c25" format_stamp: "Formatted at 2019-09-18 20:38:47 on dist-test-slave-dist-test-slave-85lk"
I0918 20:38:47.963249 19320 fs_manager.cc:503] Time spent creating directory manager: real 0.009s user 0.010s sys 0.001s
I0918 20:38:47.964784 19320 file_cache.cc:465] Constructed file cache lbm with capacity 419430
I0918 20:38:47.971359 19320 fs_manager.cc:419] Time spent opening block manager: real 0.001s user 0.001s sys 0.000s
I0918 20:38:47.971551 19320 fs_manager.cc:436] Opened local filesystem: /tmp/dist-test-task6lCVqo/test-tmp/ksck_remote-test.0.RemoteKsckTest.TestChecksumSnapshot.1568839089958813-19320/minicluster-data/master-0-root uuid: "50eed283ebb8415191b2a2ff60a43c25" format_stamp: "Formatted at 2019-09-18 20:38:47 on dist-test-slave-dist-test-slave-85lk"
I0918 20:38:47.971880 19320 fs_report.cc:352] FS layout report -------------------- wal directory: /tmp/dist-test-task6lCVqo/test-tmp/ksck_remote-test.0.RemoteKsckTest.TestChecksumSnapshot.1568839089958813-19320/minicluster-data/master-0-root metadata directory: /tmp/dist-test-task6lCVqo/test-tmp/ksck_remote-test.0.RemoteKsckTest.TestChecksumSnapshot.1568839089958813-19320/minicluster-data/master-0-root 1 data directories: /tmp/dist-test-task6lCVqo/test-tmp/ksck_remote-test.0.RemoteKsckTest.TestChecksumSnapshot.1568839089958813-19320/minicluster-data/master-0-root/data Total live blocks: 0 Total live bytes: 0 Total live bytes (after alignment): 0 Total number of LBM containers: 0 (0 full) Did not check for missing blocks Did not check for orphaned blocks Total full LBM containers with extra space: 0 (0 repaired) Total full LBM container extra space in bytes: 0 (0 repaired) Total incomplete LBM containers: 0 (0 repaired) Total LBM partial records: 0 (0 repaired)
I0918 20:38:48.040484 19320 rpc_server.cc:205] RPC server started. Bound to: 127.18.222.62:38613
I0918 20:38:48.042279 19320 webserver.cc:374] Webserver started at http://127.18.222.62:34165/ using document root and password file
I0918 20:38:48.044060 22613 data_dirs.cc:939] Could only allocate 1 dirs of requested 3 for tablet 00000000000000000000000000000000. 1 dirs total, 0 dirs full, 0 dirs failed
I0918 20:38:48.048784 22613 sys_catalog.cc:307] member_type: VOTER last_known_addr { host: "127.18.222.62" port: 38613 } has no permanent_uuid. Determining permanent_uuid...
I0918 20:38:48.057931 19320 system_ntp.cc:193] NTP initialized. Skew: 500ppm Current error: 141592us
I0918 20:38:48.058547 19320 fs_manager.cc:263] Metadata directory not provided
I0918 20:38:48.058719 19320 fs_manager.cc:269] Using write-ahead log directory (fs_wal_dir) as metadata directory
I0918 20:38:48.058938 19320 server_base.cc:452] Could not load existing FS layout: Not found: could not find a healthy instance file
I0918 20:38:48.059073 19320 server_base.cc:453] Attempting to create new FS layout instead
I0918 20:38:48.060204 19320 fs_manager.cc:602] Generated new instance metadata in path /tmp/dist-test-task6lCVqo/test-tmp/ksck_remote-test.0.RemoteKsckTest.TestChecksumSnapshot.1568839089958813-19320/minicluster-data/master-1-root/instance: uuid: "1fe19deb62c543c3a2f16d29163424de" format_stamp: "Formatted at 2019-09-18 20:38:48 on dist-test-slave-dist-test-slave-85lk"
I0918 20:38:48.062113 22613 sys_catalog.cc:307] member_type: VOTER last_known_addr { host: "127.18.222.61" port: 46291 } has no permanent_uuid. Determining permanent_uuid...
W0918 20:38:48.063935 22613 consensus_peers.cc:607] Error getting permanent uuid from config peer 127.18.222.61:46291: Network error: Client connection negotiation failed: client connection to 127.18.222.61:46291: connect: Connection refused (error 111)
I0918 20:38:48.070716 19320 fs_manager.cc:503] Time spent creating directory manager: real 0.010s user 0.007s sys 0.003s
I0918 20:38:48.072490 19320 file_cache.cc:465] Constructed file cache lbm with capacity 419430
I0918 20:38:48.080405 19320 fs_manager.cc:419] Time spent opening block manager: real 0.001s user 0.001s sys 0.000s
I0918 20:38:48.080624 19320 fs_manager.cc:436] Opened local filesystem: /tmp/dist-test-task6lCVqo/test-tmp/ksck_remote-test.0.RemoteKsckTest.TestChecksumSnapshot.1568839089958813-19320/minicluster-data/master-1-root uuid: "1fe19deb62c543c3a2f16d29163424de" format_stamp: "Formatted at 2019-09-18 20:38:48 on dist-test-slave-dist-test-slave-85lk"
I0918 20:38:48.080883 19320 fs_report.cc:352] FS layout report -------------------- wal directory: /tmp/dist-test-task6lCVqo/test-tmp/ksck_remote-test.0.RemoteKsckTest.TestChecksumSnapshot.1568839089958813-19320/minicluster-data/master-1-root metadata directory: /tmp/dist-test-task6lCVqo/test-tmp/ksck_remote-test.0.RemoteKsckTest.TestChecksumSnapshot.1568839089958813-19320/minicluster-data/master-1-root 1 data directories: /tmp/dist-test-task6lCVqo/test-tmp/ksck_remote-test.0.RemoteKsckTest.TestChecksumSnapshot.1568839089958813-19320/minicluster-data/master-1-root/data Total live blocks: 0 Total live bytes: 0 Total live bytes (after alignment): 0 Total number of LBM containers: 0 (0 full) Did not check for missing blocks Did not check for orphaned blocks Total full LBM containers with extra space: 0 (0 repaired) Total full LBM container extra space in bytes: 0 (0 repaired) Total incomplete LBM containers: 0 (0 repaired) Total LBM partial records: 0 (0 repaired)
I0918 20:38:48.099292 22613 consensus_peers.cc:617] Retrying to get permanent uuid for remote peer: member_type: VOTER last_known_addr { host: "127.18.222.61" port: 46291 } attempt: 1
W0918 20:38:48.101299 22613 consensus_peers.cc:607] Error getting permanent uuid from config peer 127.18.222.61:46291: Network error: Client connection negotiation failed: client connection to 127.18.222.61:46291: connect: Connection refused (error 111)
I0918 20:38:48.133962 19320 rpc_server.cc:205] RPC server started. Bound to: 127.18.222.61:46291
I0918 20:38:48.136071 19320 webserver.cc:374] Webserver started at http://127.18.222.61:43521/ using document root and password file
I0918 20:38:48.138325 22670 data_dirs.cc:939] Could only allocate 1 dirs of requested 3 for tablet 00000000000000000000000000000000. 1 dirs total, 0 dirs full, 0 dirs failed
I0918 20:38:48.144838 22670 sys_catalog.cc:307] member_type: VOTER last_known_addr { host: "127.18.222.62" port: 38613 } has no permanent_uuid. Determining permanent_uuid...
I0918 20:38:48.158643 19320 system_ntp.cc:193] NTP initialized. Skew: 500ppm Current error: 141592us
I0918 20:38:48.158807 22670 sys_catalog.cc:307] member_type: VOTER last_known_addr { host: "127.18.222.61" port: 46291 } has no permanent_uuid. Determining permanent_uuid...
I0918 20:38:48.159123 19320 fs_manager.cc:263] Metadata directory not provided
I0918 20:38:48.159394 19320 fs_manager.cc:269] Using write-ahead log directory (fs_wal_dir) as metadata directory
I0918 20:38:48.159672 19320 server_base.cc:452] Could not load existing FS layout: Not found: could not find a healthy instance file
I0918 20:38:48.159850 19320 server_base.cc:453] Attempting to create new FS layout instead
I0918 20:38:48.161023 19320 fs_manager.cc:602] Generated new instance metadata in path /tmp/dist-test-task6lCVqo/test-tmp/ksck_remote-test.0.RemoteKsckTest.TestChecksumSnapshot.1568839089958813-19320/minicluster-data/master-2-root/instance: uuid: "b137a42405ad403182bd6e1b01fc43ec" format_stamp: "Formatted at 2019-09-18 20:38:48 on dist-test-slave-dist-test-slave-85lk"
I0918 20:38:48.162662 22613 consensus_peers.cc:617] Retrying to get permanent uuid for remote peer: member_type: VOTER last_known_addr { host: "127.18.222.61" port: 46291 } attempt: 2
I0918 20:38:48.176420 22670 sys_catalog.cc:307] member_type: VOTER last_known_addr { host: "127.18.222.60" port: 33817 } has no permanent_uuid. Determining permanent_uuid...
I0918 20:38:48.177165 22613 sys_catalog.cc:307] member_type: VOTER last_known_addr { host: "127.18.222.60" port: 33817 } has no permanent_uuid. Determining permanent_uuid...
I0918 20:38:48.178434 19320 fs_manager.cc:503] Time spent creating directory manager: real 0.017s user 0.016s sys 0.000s
W0918 20:38:48.178586 22670 consensus_peers.cc:607] Error getting permanent uuid from config peer 127.18.222.60:33817: Network error: Client connection negotiation failed: client connection to 127.18.222.60:33817: connect: Connection refused (error 111)
W0918 20:38:48.179196 22613 consensus_peers.cc:607] Error getting permanent uuid from config peer 127.18.222.60:33817: Network error: Client connection negotiation failed: client connection to 127.18.222.60:33817: connect: Connection refused (error 111)
I0918 20:38:48.180603 19320 file_cache.cc:465] Constructed file cache lbm with capacity 419430
I0918 20:38:48.188964 19320 fs_manager.cc:419] Time spent opening block manager: real 0.002s user 0.000s sys 0.002s
I0918 20:38:48.189172 19320 fs_manager.cc:436] Opened local filesystem: /tmp/dist-test-task6lCVqo/test-tmp/ksck_remote-test.0.RemoteKsckTest.TestChecksumSnapshot.1568839089958813-19320/minicluster-data/master-2-root uuid: "b137a42405ad403182bd6e1b01fc43ec" format_stamp: "Formatted at 2019-09-18 20:38:48 on dist-test-slave-dist-test-slave-85lk"
I0918 20:38:48.189448 19320 fs_report.cc:352] FS layout report -------------------- wal directory: /tmp/dist-test-task6lCVqo/test-tmp/ksck_remote-test.0.RemoteKsckTest.TestChecksumSnapshot.1568839089958813-19320/minicluster-data/master-2-root metadata directory: /tmp/dist-test-task6lCVqo/test-tmp/ksck_remote-test.0.RemoteKsckTest.TestChecksumSnapshot.1568839089958813-19320/minicluster-data/master-2-root 1 data directories: /tmp/dist-test-task6lCVqo/test-tmp/ksck_remote-test.0.RemoteKsckTest.TestChecksumSnapshot.1568839089958813-19320/minicluster-data/master-2-root/data Total live blocks: 0 Total live bytes: 0 Total live bytes (after alignment): 0 Total number of LBM containers: 0 (0 full) Did not check for missing blocks Did not check for orphaned blocks Total full LBM containers with extra space: 0 (0 repaired) Total full LBM container extra space in bytes: 0 (0 repaired) Total incomplete LBM containers: 0 (0 repaired) Total LBM partial records: 0 (0 repaired)
I0918 20:38:48.232256 22670 consensus_peers.cc:617] Retrying to get permanent uuid for remote peer: member_type: VOTER last_known_addr { host: "127.18.222.60" port: 33817 } attempt: 1
I0918 20:38:48.232540 22613 consensus_peers.cc:617] Retrying to get permanent uuid for remote peer: member_type: VOTER last_known_addr { host: "127.18.222.60" port: 33817 } attempt: 1
W0918 20:38:48.234635 22613 consensus_peers.cc:607] Error getting permanent uuid from config peer 127.18.222.60:33817: Network error: Client connection negotiation failed: client connection to 127.18.222.60:33817: connect: Connection refused (error 111)
W0918 20:38:48.235453 22670 consensus_peers.cc:607] Error getting permanent uuid from config peer 127.18.222.60:33817: Network error: Client connection negotiation failed: client connection to 127.18.222.60:33817: connect: Connection refused (error 111)
I0918 20:38:48.275478 19320 rpc_server.cc:205] RPC server started. Bound to: 127.18.222.60:33817
I0918 20:38:48.277299 19320 webserver.cc:374] Webserver started at http://127.18.222.60:36961/ using document root and password file
I0918 20:38:48.278240 19320 internal_mini_cluster.cc:166] Waiting to initialize catalog manager on master 0
I0918 20:38:48.279078 22728 data_dirs.cc:939] Could only allocate 1 dirs of requested 3 for tablet 00000000000000000000000000000000. 1 dirs total, 0 dirs full, 0 dirs failed
I0918 20:38:48.284015 22728 sys_catalog.cc:307] member_type: VOTER last_known_addr { host: "127.18.222.62" port: 38613 } has no permanent_uuid. Determining permanent_uuid...
I0918 20:38:48.293859 22670 consensus_peers.cc:617] Retrying to get permanent uuid for remote peer: member_type: VOTER last_known_addr { host: "127.18.222.60" port: 33817 } attempt: 2
I0918 20:38:48.295141 22728 sys_catalog.cc:307] member_type: VOTER last_known_addr { host: "127.18.222.61" port: 46291 } has no permanent_uuid. Determining permanent_uuid...
I0918 20:38:48.304184 22613 consensus_peers.cc:617] Retrying to get permanent uuid for remote peer: member_type: VOTER last_known_addr { host: "127.18.222.60" port: 33817 } attempt: 2
I0918 20:38:48.309274 22728 sys_catalog.cc:307] member_type: VOTER last_known_addr { host: "127.18.222.60" port: 33817 } has no permanent_uuid. Determining permanent_uuid...
I0918 20:38:48.316565 22670 tablet_bootstrap.cc:439] T 00000000000000000000000000000000 P 1fe19deb62c543c3a2f16d29163424de: Bootstrap starting.
I0918 20:38:48.320850 22670 tablet_bootstrap.cc:590] T 00000000000000000000000000000000 P 1fe19deb62c543c3a2f16d29163424de: No blocks or log segments found. Creating new log.
I0918 20:38:48.325755 22670 tablet_bootstrap.cc:439] T 00000000000000000000000000000000 P 1fe19deb62c543c3a2f16d29163424de: No bootstrap required, opened a new log
I0918 20:38:48.326683 22613 tablet_bootstrap.cc:439] T 00000000000000000000000000000000 P 50eed283ebb8415191b2a2ff60a43c25: Bootstrap starting.
I0918 20:38:48.328121 22670 raft_consensus.cc:340] T 00000000000000000000000000000000 P 1fe19deb62c543c3a2f16d29163424de [term 0 FOLLOWER]: Replica starting. Triggering 0 pending transactions. Active config: opid_index: -1 OBSOLETE_local: false peers { permanent_uuid: "50eed283ebb8415191b2a2ff60a43c25" member_type: VOTER last_known_addr { host: "127.18.222.62" port: 38613 } } peers { permanent_uuid: "1fe19deb62c543c3a2f16d29163424de" member_type: VOTER last_known_addr { host: "127.18.222.61" port: 46291 } } peers { permanent_uuid: "b137a42405ad403182bd6e1b01fc43ec" member_type: VOTER last_known_addr { host: "127.18.222.60" port: 33817 } }
I0918 20:38:48.328896 22670 raft_consensus.cc:366] T 00000000000000000000000000000000 P 1fe19deb62c543c3a2f16d29163424de [term 0 FOLLOWER]: Consensus starting up: Expiring failure detector timer to make a prompt election more likely
I0918 20:38:48.329123 22670 raft_consensus.cc:705] T 00000000000000000000000000000000 P 1fe19deb62c543c3a2f16d29163424de [term 0 FOLLOWER]: Becoming Follower/Learner. State: Replica: 1fe19deb62c543c3a2f16d29163424de, State: Initialized, Role: FOLLOWER
I0918 20:38:48.329777 22728 tablet_bootstrap.cc:439] T 00000000000000000000000000000000 P b137a42405ad403182bd6e1b01fc43ec: Bootstrap starting.
I0918 20:38:48.329782 22613 tablet_bootstrap.cc:590] T 00000000000000000000000000000000 P 50eed283ebb8415191b2a2ff60a43c25: No blocks or log segments found. Creating new log.
I0918 20:38:48.329771 22670 consensus_queue.cc:229] T 00000000000000000000000000000000 P 1fe19deb62c543c3a2f16d29163424de [NON_LEADER]: Queue going to NON_LEADER mode. State: All replicated index: 0, Majority replicated index: 0, Committed index: 0, Last appended: 0.0, Last appended by leader: 0, Current term: 0, Majority size: -1, State: 0, Mode: NON_LEADER, active raft config: opid_index: -1 OBSOLETE_local: false peers { permanent_uuid: "50eed283ebb8415191b2a2ff60a43c25" member_type: VOTER last_known_addr { host: "127.18.222.62" port: 38613 } } peers { permanent_uuid: "1fe19deb62c543c3a2f16d29163424de" member_type: VOTER last_known_addr { host: "127.18.222.61" port: 46291 } } peers { permanent_uuid: "b137a42405ad403182bd6e1b01fc43ec" member_type: VOTER last_known_addr { host: "127.18.222.60" port: 33817 } }
I0918 20:38:48.332163 22670 sys_catalog.cc:340] T 00000000000000000000000000000000 P 1fe19deb62c543c3a2f16d29163424de [sys.catalog]: SysCatalogTable state changed. Reason: Started TabletReplica. Latest consensus state: current_term: 0 committed_config { opid_index: -1 OBSOLETE_local: false peers { permanent_uuid: "50eed283ebb8415191b2a2ff60a43c25" member_type: VOTER last_known_addr { host: "127.18.222.62" port: 38613 } } peers { permanent_uuid: "1fe19deb62c543c3a2f16d29163424de" member_type: VOTER last_known_addr { host: "127.18.222.61" port: 46291 } } peers { permanent_uuid: "b137a42405ad403182bd6e1b01fc43ec" member_type: VOTER last_known_addr { host: "127.18.222.60" port: 33817 } } }
I0918 20:38:48.333184 22670 sys_catalog.cc:343] T 00000000000000000000000000000000 P 1fe19deb62c543c3a2f16d29163424de [sys.catalog]: This master's current role is: FOLLOWER
I0918 20:38:48.332548 22733 sys_catalog.cc:340] T 00000000000000000000000000000000 P 1fe19deb62c543c3a2f16d29163424de [sys.catalog]: SysCatalogTable state changed. Reason: RaftConsensus started. Latest consensus state: current_term: 0 committed_config { opid_index: -1 OBSOLETE_local: false peers { permanent_uuid: "50eed283ebb8415191b2a2ff60a43c25" member_type: VOTER last_known_addr { host: "127.18.222.62" port: 38613 } } peers { permanent_uuid: "1fe19deb62c543c3a2f16d29163424de" member_type: VOTER last_known_addr { host: "127.18.222.61" port: 46291 } } peers { permanent_uuid: "b137a42405ad403182bd6e1b01fc43ec" member_type: VOTER last_known_addr { host: "127.18.222.60" port: 33817 } } }
I0918 20:38:48.333887 22733 sys_catalog.cc:343] T 00000000000000000000000000000000 P 1fe19deb62c543c3a2f16d29163424de [sys.catalog]: This master's current role is: FOLLOWER
I0918 20:38:48.334237 22670 sys_catalog.cc:428] T 00000000000000000000000000000000 P 1fe19deb62c543c3a2f16d29163424de [sys.catalog]: configured and running, proceeding with master startup.
I0918 20:38:48.334859 22613 tablet_bootstrap.cc:439] T 00000000000000000000000000000000 P 50eed283ebb8415191b2a2ff60a43c25: No bootstrap required, opened a new log
I0918 20:38:48.336464 22728 tablet_bootstrap.cc:590] T 00000000000000000000000000000000 P b137a42405ad403182bd6e1b01fc43ec: No blocks or log segments found. Creating new log.
I0918 20:38:48.337514 22613 raft_consensus.cc:340] T 00000000000000000000000000000000 P 50eed283ebb8415191b2a2ff60a43c25 [term 0 FOLLOWER]: Replica starting. Triggering 0 pending transactions. Active config: opid_index: -1 OBSOLETE_local: false peers { permanent_uuid: "50eed283ebb8415191b2a2ff60a43c25" member_type: VOTER last_known_addr { host: "127.18.222.62" port: 38613 } } peers { permanent_uuid: "1fe19deb62c543c3a2f16d29163424de" member_type: VOTER last_known_addr { host: "127.18.222.61" port: 46291 } } peers { permanent_uuid: "b137a42405ad403182bd6e1b01fc43ec" member_type: VOTER last_known_addr { host: "127.18.222.60" port: 33817 } }
I0918 20:38:48.338289 22613 raft_consensus.cc:366] T 00000000000000000000000000000000 P 50eed283ebb8415191b2a2ff60a43c25 [term 0 FOLLOWER]: Consensus starting up: Expiring failure detector timer to make a prompt election more likely
W0918 20:38:48.338387 22735 catalog_manager.cc:1155] T 00000000000000000000000000000000 P 1fe19deb62c543c3a2f16d29163424de: acquiring CA information for follower catalog manager: Not found: root CA entry not found
I0918 20:38:48.338548 22613 raft_consensus.cc:705] T 00000000000000000000000000000000 P 50eed283ebb8415191b2a2ff60a43c25 [term 0 FOLLOWER]: Becoming Follower/Learner. State: Replica: 50eed283ebb8415191b2a2ff60a43c25, State: Initialized, Role: FOLLOWER
W0918 20:38:48.338692 22735 catalog_manager.cc:627] Not found: root CA entry not found: failed to prepare follower catalog manager, will retry
I0918 20:38:48.339277 22613 consensus_queue.cc:229] T 00000000000000000000000000000000 P 50eed283ebb8415191b2a2ff60a43c25 [NON_LEADER]: Queue going to NON_LEADER mode. State: All replicated index: 0, Majority replicated index: 0, Committed index: 0, Last appended: 0.0, Last appended by leader: 0, Current term: 0, Majority size: -1, State: 0, Mode: NON_LEADER, active raft config: opid_index: -1 OBSOLETE_local: false peers { permanent_uuid: "50eed283ebb8415191b2a2ff60a43c25" member_type: VOTER last_known_addr { host: "127.18.222.62" port: 38613 } } peers { permanent_uuid: "1fe19deb62c543c3a2f16d29163424de" member_type: VOTER last_known_addr { host: "127.18.222.61" port: 46291 } } peers { permanent_uuid: "b137a42405ad403182bd6e1b01fc43ec" member_type: VOTER last_known_addr { host: "127.18.222.60" port: 33817 } }
I0918 20:38:48.340766 22728 tablet_bootstrap.cc:439] T 00000000000000000000000000000000 P b137a42405ad403182bd6e1b01fc43ec: No bootstrap required, opened a new log
I0918 20:38:48.341572 22737 sys_catalog.cc:340] T 00000000000000000000000000000000 P 50eed283ebb8415191b2a2ff60a43c25 [sys.catalog]: SysCatalogTable state changed. Reason: RaftConsensus started. Latest consensus state: current_term: 0 committed_config { opid_index: -1 OBSOLETE_local: false peers { permanent_uuid: "50eed283ebb8415191b2a2ff60a43c25" member_type: VOTER last_known_addr { host: "127.18.222.62" port: 38613 } } peers { permanent_uuid: "1fe19deb62c543c3a2f16d29163424de" member_type: VOTER last_known_addr { host: "127.18.222.61" port: 46291 } } peers { permanent_uuid: "b137a42405ad403182bd6e1b01fc43ec" member_type: VOTER last_known_addr { host: "127.18.222.60" port: 33817 } } }
I0918 20:38:48.341434 22613 sys_catalog.cc:340] T 00000000000000000000000000000000 P 50eed283ebb8415191b2a2ff60a43c25 [sys.catalog]: SysCatalogTable state changed. Reason: Started TabletReplica. Latest consensus state: current_term: 0 committed_config { opid_index: -1 OBSOLETE_local: false peers { permanent_uuid: "50eed283ebb8415191b2a2ff60a43c25" member_type: VOTER last_known_addr { host: "127.18.222.62" port: 38613 } } peers { permanent_uuid: "1fe19deb62c543c3a2f16d29163424de" member_type: VOTER last_known_addr { host: "127.18.222.61" port: 46291 } } peers { permanent_uuid: "b137a42405ad403182bd6e1b01fc43ec" member_type: VOTER last_known_addr { host: "127.18.222.60" port: 33817 } } }
I0918 20:38:48.342142 22737 sys_catalog.cc:343] T 00000000000000000000000000000000 P 50eed283ebb8415191b2a2ff60a43c25 [sys.catalog]: This master's current role is: FOLLOWER
I0918 20:38:48.342263 22613 sys_catalog.cc:343] T 00000000000000000000000000000000 P 50eed283ebb8415191b2a2ff60a43c25 [sys.catalog]: This master's current role is: FOLLOWER
I0918 20:38:48.343516 22613 sys_catalog.cc:428] T 00000000000000000000000000000000 P 50eed283ebb8415191b2a2ff60a43c25 [sys.catalog]: configured and running, proceeding with master startup.
I0918 20:38:48.343410 22728 raft_consensus.cc:340] T 00000000000000000000000000000000 P b137a42405ad403182bd6e1b01fc43ec [term 0 FOLLOWER]: Replica starting. Triggering 0 pending transactions. Active config: opid_index: -1 OBSOLETE_local: false peers { permanent_uuid: "50eed283ebb8415191b2a2ff60a43c25" member_type: VOTER last_known_addr { host: "127.18.222.62" port: 38613 } } peers { permanent_uuid: "1fe19deb62c543c3a2f16d29163424de" member_type: VOTER last_known_addr { host: "127.18.222.61" port: 46291 } } peers { permanent_uuid: "b137a42405ad403182bd6e1b01fc43ec" member_type: VOTER last_known_addr { host: "127.18.222.60" port: 33817 } }
I0918 20:38:48.344313 22728 raft_consensus.cc:366] T 00000000000000000000000000000000 P b137a42405ad403182bd6e1b01fc43ec [term 0 FOLLOWER]: Consensus starting up: Expiring failure detector timer to make a prompt election more likely
I0918 20:38:48.344557 22728 raft_consensus.cc:705] T 00000000000000000000000000000000 P b137a42405ad403182bd6e1b01fc43ec [term 0 FOLLOWER]: Becoming Follower/Learner. State: Replica: b137a42405ad403182bd6e1b01fc43ec, State: Initialized, Role: FOLLOWER
I0918 20:38:48.344880 19320 internal_mini_cluster.cc:166] Waiting to initialize catalog manager on master 1
I0918 20:38:48.345156 19320 internal_mini_cluster.cc:166] Waiting to initialize catalog manager on master 2
I0918 20:38:48.345408 22728 consensus_queue.cc:229] T 00000000000000000000000000000000 P b137a42405ad403182bd6e1b01fc43ec [NON_LEADER]: Queue going to NON_LEADER mode. State: All replicated index: 0, Majority replicated index: 0, Committed index: 0, Last appended: 0.0, Last appended by leader: 0, Current term: 0, Majority size: -1, State: 0, Mode: NON_LEADER, active raft config: opid_index: -1 OBSOLETE_local: false peers { permanent_uuid: "50eed283ebb8415191b2a2ff60a43c25" member_type: VOTER last_known_addr { host: "127.18.222.62" port: 38613 } } peers { permanent_uuid: "1fe19deb62c543c3a2f16d29163424de" member_type: VOTER last_known_addr { host: "127.18.222.61" port: 46291 } } peers { permanent_uuid: "b137a42405ad403182bd6e1b01fc43ec" member_type: VOTER last_known_addr { host: "127.18.222.60" port: 33817 } }
I0918 20:38:48.347064 22728 sys_catalog.cc:340] T 00000000000000000000000000000000 P b137a42405ad403182bd6e1b01fc43ec [sys.catalog]: SysCatalogTable state changed. Reason: Started TabletReplica. Latest consensus state: current_term: 0 committed_config { opid_index: -1 OBSOLETE_local: false peers { permanent_uuid: "50eed283ebb8415191b2a2ff60a43c25" member_type: VOTER last_known_addr { host: "127.18.222.62" port: 38613 } } peers { permanent_uuid: "1fe19deb62c543c3a2f16d29163424de" member_type: VOTER last_known_addr { host: "127.18.222.61" port: 46291 } } peers { permanent_uuid: "b137a42405ad403182bd6e1b01fc43ec" member_type: VOTER last_known_addr { host: "127.18.222.60" port: 33817 } } }
W0918 20:38:48.347497 22738 catalog_manager.cc:1155] T 00000000000000000000000000000000 P 50eed283ebb8415191b2a2ff60a43c25: acquiring CA information for follower catalog manager: Not found: root CA entry not found
I0918 20:38:48.347574 22728 sys_catalog.cc:343] T 00000000000000000000000000000000 P b137a42405ad403182bd6e1b01fc43ec [sys.catalog]: This master's current role is: FOLLOWER
W0918 20:38:48.348057 22738 catalog_manager.cc:627] Not found: root CA entry not found: failed to prepare follower catalog manager, will retry
I0918 20:38:48.347415 22739 sys_catalog.cc:340] T 00000000000000000000000000000000 P b137a42405ad403182bd6e1b01fc43ec [sys.catalog]: SysCatalogTable state changed. Reason: RaftConsensus started. Latest consensus state: current_term: 0 committed_config { opid_index: -1 OBSOLETE_local: false peers { permanent_uuid: "50eed283ebb8415191b2a2ff60a43c25" member_type: VOTER last_known_addr { host: "127.18.222.62" port: 38613 } } peers { permanent_uuid: "1fe19deb62c543c3a2f16d29163424de" member_type: VOTER last_known_addr { host: "127.18.222.61" port: 46291 } } peers { permanent_uuid: "b137a42405ad403182bd6e1b01fc43ec" member_type: VOTER last_known_addr { host: "127.18.222.60" port: 33817 } } }
I0918 20:38:48.348402 22739 sys_catalog.cc:343] T 00000000000000000000000000000000 P b137a42405ad403182bd6e1b01fc43ec [sys.catalog]: This master's current role is: FOLLOWER
I0918 20:38:48.348966 22728 sys_catalog.cc:428] T 00000000000000000000000000000000 P b137a42405ad403182bd6e1b01fc43ec [sys.catalog]: configured and running, proceeding with master startup.
W0918 20:38:48.349277 22626 tablet.cc:1763] T 00000000000000000000000000000000 P 1fe19deb62c543c3a2f16d29163424de: Can't schedule compaction. Clean time has not been advanced past its initial value.
W0918 20:38:48.352773 22740 catalog_manager.cc:1155] T 00000000000000000000000000000000 P b137a42405ad403182bd6e1b01fc43ec: acquiring CA information for follower catalog manager: Not found: root CA entry not found
W0918 20:38:48.353073 22740 catalog_manager.cc:627] Not found: root CA entry not found: failed to prepare follower catalog manager, will retry
I0918 20:38:48.366722 19320 system_ntp.cc:193] NTP initialized. Skew: 500ppm Current error: 141592us
I0918 20:38:48.367094 19320 fs_manager.cc:263] Metadata directory not provided
I0918 20:38:48.367239 19320 fs_manager.cc:269] Using write-ahead log directory (fs_wal_dir) as metadata directory
I0918 20:38:48.367427 19320 server_base.cc:452] Could not load existing FS layout: Not found: could not find a healthy instance file
I0918 20:38:48.367539 19320 server_base.cc:453] Attempting to create new FS layout instead
I0918 20:38:48.368515 19320 fs_manager.cc:602] Generated new instance metadata in path /tmp/dist-test-task6lCVqo/test-tmp/ksck_remote-test.0.RemoteKsckTest.TestChecksumSnapshot.1568839089958813-19320/minicluster-data/ts-0-root/instance: uuid: "06662902cf85459a86d2fc0759450bcf" format_stamp: "Formatted at 2019-09-18 20:38:48 on dist-test-slave-dist-test-slave-85lk"
I0918 20:38:48.378144 19320 fs_manager.cc:503] Time spent creating directory manager: real 0.009s user 0.010s sys 0.000s
I0918 20:38:48.379607 19320 file_cache.cc:465] Constructed file cache lbm with capacity 419430
I0918 20:38:48.387820 19320 fs_manager.cc:419] Time spent opening block manager: real 0.002s user 0.001s sys 0.000s
I0918 20:38:48.388025 19320 fs_manager.cc:436] Opened local filesystem: /tmp/dist-test-task6lCVqo/test-tmp/ksck_remote-test.0.RemoteKsckTest.TestChecksumSnapshot.1568839089958813-19320/minicluster-data/ts-0-root uuid: "06662902cf85459a86d2fc0759450bcf" format_stamp: "Formatted at 2019-09-18 20:38:48 on dist-test-slave-dist-test-slave-85lk"
I0918 20:38:48.388255 19320 fs_report.cc:352] FS layout report -------------------- wal directory: /tmp/dist-test-task6lCVqo/test-tmp/ksck_remote-test.0.RemoteKsckTest.TestChecksumSnapshot.1568839089958813-19320/minicluster-data/ts-0-root metadata directory: /tmp/dist-test-task6lCVqo/test-tmp/ksck_remote-test.0.RemoteKsckTest.TestChecksumSnapshot.1568839089958813-19320/minicluster-data/ts-0-root 1 data directories: /tmp/dist-test-task6lCVqo/test-tmp/ksck_remote-test.0.RemoteKsckTest.TestChecksumSnapshot.1568839089958813-19320/minicluster-data/ts-0-root/data Total live blocks: 0 Total live bytes: 0 Total live bytes (after alignment): 0 Total number of LBM containers: 0 (0 full) Did not check for missing blocks Did not check for orphaned blocks Total full LBM containers with extra space: 0 (0 repaired) Total full LBM container extra space in bytes: 0 (0 repaired) Total incomplete LBM containers: 0 (0 repaired) Total LBM partial records: 0 (0 repaired)
I0918 20:38:48.388972 22739 raft_consensus.cc:472] T 00000000000000000000000000000000 P b137a42405ad403182bd6e1b01fc43ec [term 0 FOLLOWER]: Starting pre-election (no leader contacted us within the election timeout)
I0918 20:38:48.389516 22739 raft_consensus.cc:494] T 00000000000000000000000000000000 P b137a42405ad403182bd6e1b01fc43ec [term 0 FOLLOWER]: Starting pre-election with config: opid_index: -1 OBSOLETE_local: false peers { permanent_uuid: "50eed283ebb8415191b2a2ff60a43c25" member_type: VOTER last_known_addr { host: "127.18.222.62" port: 38613 } } peers { permanent_uuid: "1fe19deb62c543c3a2f16d29163424de" member_type: VOTER last_known_addr { host: "127.18.222.61" port: 46291 } } peers { permanent_uuid: "b137a42405ad403182bd6e1b01fc43ec" member_type: VOTER last_known_addr { host: "127.18.222.60" port: 33817 } }
I0918 20:38:48.391569 22739 leader_election.cc:296] T 00000000000000000000000000000000 P b137a42405ad403182bd6e1b01fc43ec [CANDIDATE]: Term 1 pre-election: Requested pre-vote from peers 50eed283ebb8415191b2a2ff60a43c25 (127.18.222.62:38613), 1fe19deb62c543c3a2f16d29163424de (127.18.222.61:46291)
I0918 20:38:48.392788 22647 tablet_service.cc:1295] Received RequestConsensusVote() RPC: tablet_id: "00000000000000000000000000000000" candidate_uuid: "b137a42405ad403182bd6e1b01fc43ec" candidate_term: 1 candidate_status { last_received { term: 0 index: 0 } } ignore_live_leader: false dest_uuid: "1fe19deb62c543c3a2f16d29163424de" is_pre_election: true
I0918 20:38:48.392704 22590 tablet_service.cc:1295] Received RequestConsensusVote() RPC: tablet_id: "00000000000000000000000000000000" candidate_uuid: "b137a42405ad403182bd6e1b01fc43ec" candidate_term: 1 candidate_status { last_received { term: 0 index: 0 } } ignore_live_leader: false dest_uuid: "50eed283ebb8415191b2a2ff60a43c25" is_pre_election: true
I0918 20:38:48.393518 22647 raft_consensus.cc:2350] T 00000000000000000000000000000000 P 1fe19deb62c543c3a2f16d29163424de [term 0 FOLLOWER]: Leader pre-election vote request: Granting yes vote for candidate b137a42405ad403182bd6e1b01fc43ec in term 0.
I0918 20:38:48.394124 22590 raft_consensus.cc:2350] T 00000000000000000000000000000000 P 50eed283ebb8415191b2a2ff60a43c25 [term 0 FOLLOWER]: Leader pre-election vote request: Granting yes vote for candidate b137a42405ad403182bd6e1b01fc43ec in term 0.
I0918 20:38:48.394990 22677 leader_election.cc:310] T 00000000000000000000000000000000 P b137a42405ad403182bd6e1b01fc43ec [CANDIDATE]: Term 1 pre-election: Election decided. Result: candidate won. Election summary: received 2 responses out of 3 voters: 2 yes votes; 0 no votes. yes voters: 1fe19deb62c543c3a2f16d29163424de, b137a42405ad403182bd6e1b01fc43ec; no voters:
I0918 20:38:48.395915 22739 raft_consensus.cc:2644] T 00000000000000000000000000000000 P b137a42405ad403182bd6e1b01fc43ec [term 0 FOLLOWER]: Leader pre-election won for term 1
I0918 20:38:48.396205 22739 raft_consensus.cc:472] T 00000000000000000000000000000000 P b137a42405ad403182bd6e1b01fc43ec [term 0 FOLLOWER]: Starting leader election (no leader contacted us within the election timeout)
I0918 20:38:48.396446 22739 raft_consensus.cc:2890] T 00000000000000000000000000000000 P b137a42405ad403182bd6e1b01fc43ec [term 0 FOLLOWER]: Advancing to term 1
I0918 20:38:48.400482 22739 raft_consensus.cc:494] T 00000000000000000000000000000000 P b137a42405ad403182bd6e1b01fc43ec [term 1 FOLLOWER]: Starting leader election with config: opid_index: -1 OBSOLETE_local: false peers { permanent_uuid: "50eed283ebb8415191b2a2ff60a43c25" member_type: VOTER last_known_addr { host: "127.18.222.62" port: 38613 } } peers { permanent_uuid: "1fe19deb62c543c3a2f16d29163424de" member_type: VOTER last_known_addr { host: "127.18.222.61" port: 46291 } } peers { permanent_uuid: "b137a42405ad403182bd6e1b01fc43ec" member_type: VOTER last_known_addr { host: "127.18.222.60" port: 33817 } }
I0918 20:38:48.401760 22739 leader_election.cc:296] T 00000000000000000000000000000000 P b137a42405ad403182bd6e1b01fc43ec [CANDIDATE]: Term 1 election: Requested vote from peers 50eed283ebb8415191b2a2ff60a43c25 (127.18.222.62:38613), 1fe19deb62c543c3a2f16d29163424de (127.18.222.61:46291)
I0918 20:38:48.402774 22647 tablet_service.cc:1295] Received RequestConsensusVote() RPC: tablet_id: "00000000000000000000000000000000" candidate_uuid: "b137a42405ad403182bd6e1b01fc43ec" candidate_term: 1 candidate_status { last_received { term: 0 index: 0 } } ignore_live_leader: false dest_uuid: "1fe19deb62c543c3a2f16d29163424de"
I0918 20:38:48.402731 22590 tablet_service.cc:1295] Received RequestConsensusVote() RPC: tablet_id: "00000000000000000000000000000000" candidate_uuid: "b137a42405ad403182bd6e1b01fc43ec" candidate_term: 1 candidate_status { last_received { term: 0 index: 0 } } ignore_live_leader: false dest_uuid: "50eed283ebb8415191b2a2ff60a43c25"
I0918 20:38:48.403558 22647 raft_consensus.cc:2890] T 00000000000000000000000000000000 P 1fe19deb62c543c3a2f16d29163424de [term 0 FOLLOWER]: Advancing to term 1
I0918 20:38:48.403586 22590 raft_consensus.cc:2890] T 00000000000000000000000000000000 P 50eed283ebb8415191b2a2ff60a43c25 [term 0 FOLLOWER]: Advancing to term 1
I0918 20:38:48.409723 22590 raft_consensus.cc:2350] T 00000000000000000000000000000000 P 50eed283ebb8415191b2a2ff60a43c25 [term 1 FOLLOWER]: Leader election vote request: Granting yes vote for candidate b137a42405ad403182bd6e1b01fc43ec in term 1.
I0918 20:38:48.409723 22647 raft_consensus.cc:2350] T 00000000000000000000000000000000 P 1fe19deb62c543c3a2f16d29163424de [term 1 FOLLOWER]: Leader election vote request: Granting yes vote for candidate b137a42405ad403182bd6e1b01fc43ec in term 1.
I0918 20:38:48.411039 22678 leader_election.cc:310] T 00000000000000000000000000000000 P b137a42405ad403182bd6e1b01fc43ec [CANDIDATE]: Term 1 election: Election decided. Result: candidate won. Election summary: received 2 responses out of 3 voters: 2 yes votes; 0 no votes. yes voters: 50eed283ebb8415191b2a2ff60a43c25, b137a42405ad403182bd6e1b01fc43ec; no voters:
I0918 20:38:48.411866 22739 raft_consensus.cc:2644] T 00000000000000000000000000000000 P b137a42405ad403182bd6e1b01fc43ec [term 1 FOLLOWER]: Leader election won for term 1
I0918 20:38:48.413167 22739 raft_consensus.cc:667] T 00000000000000000000000000000000 P b137a42405ad403182bd6e1b01fc43ec [term 1 LEADER]: Becoming Leader. State: Replica: b137a42405ad403182bd6e1b01fc43ec, State: Running, Role: LEADER
I0918 20:38:48.413727 22739 consensus_queue.cc:206] T 00000000000000000000000000000000 P b137a42405ad403182bd6e1b01fc43ec [LEADER]: Queue going to LEADER mode. State: All replicated index: 0, Majority replicated index: 0, Committed index: 0, Last appended: 0.0, Last appended by leader: 0, Current term: 1, Majority size: 2, State: 0, Mode: LEADER, active raft config: opid_index: -1 OBSOLETE_local: false peers { permanent_uuid: "50eed283ebb8415191b2a2ff60a43c25" member_type: VOTER last_known_addr { host: "127.18.222.62" port: 38613 } } peers { permanent_uuid: "1fe19deb62c543c3a2f16d29163424de" member_type: VOTER last_known_addr { host: "127.18.222.61" port: 46291 } } peers { permanent_uuid: "b137a42405ad403182bd6e1b01fc43ec" member_type: VOTER last_known_addr { host: "127.18.222.60" port: 33817 } }
I0918 20:38:48.417912 22747 sys_catalog.cc:340] T 00000000000000000000000000000000 P b137a42405ad403182bd6e1b01fc43ec [sys.catalog]: SysCatalogTable state changed. Reason: New leader b137a42405ad403182bd6e1b01fc43ec. Latest consensus state: current_term: 1 leader_uuid: "b137a42405ad403182bd6e1b01fc43ec" committed_config { opid_index: -1 OBSOLETE_local: false peers { permanent_uuid: "50eed283ebb8415191b2a2ff60a43c25" member_type: VOTER last_known_addr { host: "127.18.222.62" port: 38613 } } peers { permanent_uuid: "1fe19deb62c543c3a2f16d29163424de" member_type: VOTER last_known_addr { host: "127.18.222.61" port: 46291 } } peers { permanent_uuid: "b137a42405ad403182bd6e1b01fc43ec" member_type: VOTER last_known_addr { host: "127.18.222.60" port: 33817 } } }
I0918 20:38:48.418464 22747 sys_catalog.cc:343] T 00000000000000000000000000000000 P b137a42405ad403182bd6e1b01fc43ec [sys.catalog]: This master's current role is: LEADER
I0918 20:38:48.420066 22749 catalog_manager.cc:1086] Loading table and tablet metadata into memory...
I0918 20:38:48.422551 22749 catalog_manager.cc:1097] Initializing Kudu internal certificate authority...
I0918 20:38:48.434478 19320 ts_tablet_manager.cc:383] Loaded tablet metadata (0 total tablets, 0 live tablets)
I0918 20:38:48.434687 19320 ts_tablet_manager.cc:403] Registered 0 tablets
I0918 20:38:48.443017 22647 raft_consensus.cc:1184] T 00000000000000000000000000000000 P 1fe19deb62c543c3a2f16d29163424de [term 1 FOLLOWER]: Refusing update from remote peer b137a42405ad403182bd6e1b01fc43ec: Log matching property violated. Preceding OpId in replica: term: 0 index: 0. Preceding OpId from leader: term: 1 index: 2. (index mismatch)
I0918 20:38:48.443210 22590 raft_consensus.cc:1184] T 00000000000000000000000000000000 P 50eed283ebb8415191b2a2ff60a43c25 [term 1 FOLLOWER]: Refusing update from remote peer b137a42405ad403182bd6e1b01fc43ec: Log matching property violated. Preceding OpId in replica: term: 0 index: 0. Preceding OpId from leader: term: 1 index: 2. (index mismatch)
I0918 20:38:48.444386 22747 consensus_queue.cc:984] T 00000000000000000000000000000000 P b137a42405ad403182bd6e1b01fc43ec [LEADER]: Connected to new peer: Peer: permanent_uuid: "1fe19deb62c543c3a2f16d29163424de" member_type: VOTER last_known_addr { host: "127.18.222.61" port: 46291 }, Status: LMP_MISMATCH, Last received: 0.0, Next index: 1, Last known committed idx: 0, Time since last communication: 0.000s
I0918 20:38:48.445212 22739 consensus_queue.cc:984] T 00000000000000000000000000000000 P b137a42405ad403182bd6e1b01fc43ec [LEADER]: Connected to new peer: Peer: permanent_uuid: "50eed283ebb8415191b2a2ff60a43c25" member_type: VOTER last_known_addr { host: "127.18.222.62" port: 38613 }, Status: LMP_MISMATCH, Last received: 0.0, Next index: 1, Last known committed idx: 0, Time since last communication: 0.000s
I0918 20:38:48.458469 22733 sys_catalog.cc:340] T 00000000000000000000000000000000 P 1fe19deb62c543c3a2f16d29163424de [sys.catalog]: SysCatalogTable state changed. Reason: New leader b137a42405ad403182bd6e1b01fc43ec. Latest consensus state: current_term: 1 leader_uuid: "b137a42405ad403182bd6e1b01fc43ec" committed_config { opid_index: -1 OBSOLETE_local: false peers { permanent_uuid: "50eed283ebb8415191b2a2ff60a43c25" member_type: VOTER last_known_addr { host: "127.18.222.62" port: 38613 } } peers { permanent_uuid: "1fe19deb62c543c3a2f16d29163424de" member_type: VOTER last_known_addr { host: "127.18.222.61" port: 46291 } } peers { permanent_uuid: "b137a42405ad403182bd6e1b01fc43ec" member_type: VOTER last_known_addr { host: "127.18.222.60" port: 33817 } } }
I0918 20:38:48.458834 22737 sys_catalog.cc:340] T 00000000000000000000000000000000 P 50eed283ebb8415191b2a2ff60a43c25 [sys.catalog]: SysCatalogTable state changed. Reason: New leader b137a42405ad403182bd6e1b01fc43ec. Latest consensus state: current_term: 1 leader_uuid: "b137a42405ad403182bd6e1b01fc43ec" committed_config { opid_index: -1 OBSOLETE_local: false peers { permanent_uuid: "50eed283ebb8415191b2a2ff60a43c25" member_type: VOTER last_known_addr { host: "127.18.222.62" port: 38613 } } peers { permanent_uuid: "1fe19deb62c543c3a2f16d29163424de" member_type: VOTER last_known_addr { host: "127.18.222.61" port: 46291 } } peers { permanent_uuid: "b137a42405ad403182bd6e1b01fc43ec" member_type: VOTER last_known_addr { host: "127.18.222.60" port: 33817 } } }
I0918 20:38:48.459760 22733 sys_catalog.cc:343] T 00000000000000000000000000000000 P 1fe19deb62c543c3a2f16d29163424de [sys.catalog]: This master's current role is: FOLLOWER
I0918 20:38:48.459986 22737 sys_catalog.cc:343] T 00000000000000000000000000000000 P 50eed283ebb8415191b2a2ff60a43c25 [sys.catalog]: This master's current role is: FOLLOWER
I0918 20:38:48.470173 22739 sys_catalog.cc:340] T 00000000000000000000000000000000 P b137a42405ad403182bd6e1b01fc43ec [sys.catalog]: SysCatalogTable state changed. Reason: Peer health change. Latest consensus state: current_term: 1 leader_uuid: "b137a42405ad403182bd6e1b01fc43ec" committed_config { opid_index: -1 OBSOLETE_local: false peers { permanent_uuid: "50eed283ebb8415191b2a2ff60a43c25" member_type: VOTER last_known_addr { host: "127.18.222.62" port: 38613 } } peers { permanent_uuid: "1fe19deb62c543c3a2f16d29163424de" member_type: VOTER last_known_addr { host: "127.18.222.61" port: 46291 } } peers { permanent_uuid: "b137a42405ad403182bd6e1b01fc43ec" member_type: VOTER last_known_addr { host: "127.18.222.60" port: 33817 } } }
I0918 20:38:48.470744 22733 sys_catalog.cc:340] T 00000000000000000000000000000000 P 1fe19deb62c543c3a2f16d29163424de [sys.catalog]: SysCatalogTable state changed. Reason: Replicated consensus-only round. Latest consensus state: current_term: 1 leader_uuid: "b137a42405ad403182bd6e1b01fc43ec" committed_config { opid_index: -1 OBSOLETE_local: false peers { permanent_uuid: "50eed283ebb8415191b2a2ff60a43c25" member_type: VOTER last_known_addr { host: "127.18.222.62" port: 38613 } } peers { permanent_uuid: "1fe19deb62c543c3a2f16d29163424de" member_type: VOTER last_known_addr { host: "127.18.222.61" port: 46291 } } peers { permanent_uuid: "b137a42405ad403182bd6e1b01fc43ec" member_type: VOTER last_known_addr { host: "127.18.222.60" port: 33817 } } }
I0918 20:38:48.471480 22733 sys_catalog.cc:343] T 00000000000000000000000000000000 P 1fe19deb62c543c3a2f16d29163424de [sys.catalog]: This master's current role is: FOLLOWER
I0918 20:38:48.471401 22739 sys_catalog.cc:343] T 00000000000000000000000000000000 P b137a42405ad403182bd6e1b01fc43ec [sys.catalog]: This master's current role is: LEADER
