I0918 20:39:19.333176 25703 leader_election.cc:310] T ea2d24e8ebda434fa71708bf722f2054 P 38427f7b42664adab4dfa31963a8b7c2 [CANDIDATE]: Term 1 pre-election: Election decided. Result: candidate won. Election summary: received 2 responses out of 3 voters: 2 yes votes; 0 no votes. yes voters: 38427f7b42664adab4dfa31963a8b7c2, c8bf460a227d45cabebe5bcdb8771950; no voters:
I0918 20:39:19.334931 25861 raft_consensus.cc:494] T ea2d24e8ebda434fa71708bf722f2054 P 7d9b076d29dc4a24860e3f89aec6b4a0 [term 1 FOLLOWER]: Starting leader election with config: opid_index: -1 OBSOLETE_local: false peers { permanent_uuid: "c8bf460a227d45cabebe5bcdb8771950" member_type: VOTER last_known_addr { host: "127.18.222.1" port: 45671 } } peers { permanent_uuid: "38427f7b42664adab4dfa31963a8b7c2" member_type: VOTER last_known_addr { host: "127.18.222.2" port: 37907 } } peers { permanent_uuid: "7d9b076d29dc4a24860e3f89aec6b4a0" member_type: VOTER last_known_addr { host: "127.18.222.3" port: 46373 } }
I0918 20:39:19.340024 25864 raft_consensus.cc:2644] T ea2d24e8ebda434fa71708bf722f2054 P 38427f7b42664adab4dfa31963a8b7c2 [term 0 FOLLOWER]: Leader pre-election won for term 1
I0918 20:39:19.340354 25864 raft_consensus.cc:472] T ea2d24e8ebda434fa71708bf722f2054 P 38427f7b42664adab4dfa31963a8b7c2 [term 0 FOLLOWER]: Starting leader election (no leader contacted us within the election timeout)
I0918 20:39:19.340631 25864 raft_consensus.cc:2890] T ea2d24e8ebda434fa71708bf722f2054 P 38427f7b42664adab4dfa31963a8b7c2 [term 0 FOLLOWER]: Advancing to term 1
I0918 20:39:19.344552 25774 leader_election.cc:310] T d1c2d835755e4978a9a6dde379385a16 P 7d9b076d29dc4a24860e3f89aec6b4a0 [CANDIDATE]: Term 1 election: Election decided. Result: candidate won. Election summary: received 2 responses out of 3 voters: 2 yes votes; 0 no votes. yes voters: 7d9b076d29dc4a24860e3f89aec6b4a0, c8bf460a227d45cabebe5bcdb8771950; no voters:
I0918 20:39:19.327965 25869 raft_consensus.cc:2644] T de8606c55a2e478bb968edb59bf5140f P 7d9b076d29dc4a24860e3f89aec6b4a0 [term 1 FOLLOWER]: Leader election won for term 1
I0918 20:39:19.339412 25856 ts_tablet_manager.cc:1113] T ea2d24e8ebda434fa71708bf722f2054 P c8bf460a227d45cabebe5bcdb8771950: Time spent starting tablet: real 0.071s user 0.006s sys 0.000s
I0918 20:39:19.348266 25864 raft_consensus.cc:494] T ea2d24e8ebda434fa71708bf722f2054 P 38427f7b42664adab4dfa31963a8b7c2 [term 1 FOLLOWER]: Starting leader election with config: opid_index: -1 OBSOLETE_local: false peers { permanent_uuid: "c8bf460a227d45cabebe5bcdb8771950" member_type: VOTER last_known_addr { host: "127.18.222.1" port: 45671 } } peers { permanent_uuid: "38427f7b42664adab4dfa31963a8b7c2" member_type: VOTER last_known_addr { host: "127.18.222.2" port: 37907 } } peers { permanent_uuid: "7d9b076d29dc4a24860e3f89aec6b4a0" member_type: VOTER last_known_addr { host: "127.18.222.3" port: 46373 } }
I0918 20:39:19.349005 25861 leader_election.cc:296] T ea2d24e8ebda434fa71708bf722f2054 P 7d9b076d29dc4a24860e3f89aec6b4a0 [CANDIDATE]: Term 1 election: Requested vote from peers c8bf460a227d45cabebe5bcdb8771950 (127.18.222.1:45671), 38427f7b42664adab4dfa31963a8b7c2 (127.18.222.2:37907)
I0918 20:39:19.349586 25861 raft_consensus.cc:2644] T d1c2d835755e4978a9a6dde379385a16 P 7d9b076d29dc4a24860e3f89aec6b4a0 [term 1 FOLLOWER]: Leader election won for term 1
I0918 20:39:19.349978 25861 raft_consensus.cc:667] T d1c2d835755e4978a9a6dde379385a16 P 7d9b076d29dc4a24860e3f89aec6b4a0 [term 1 LEADER]: Becoming Leader. State: Replica: 7d9b076d29dc4a24860e3f89aec6b4a0, State: Running, Role: LEADER
I0918 20:39:19.350003 25864 leader_election.cc:296] T ea2d24e8ebda434fa71708bf722f2054 P 38427f7b42664adab4dfa31963a8b7c2 [CANDIDATE]: Term 1 election: Requested vote from peers c8bf460a227d45cabebe5bcdb8771950 (127.18.222.1:45671), 7d9b076d29dc4a24860e3f89aec6b4a0 (127.18.222.3:46373)
I0918 20:39:19.350562 25861 consensus_queue.cc:206] T d1c2d835755e4978a9a6dde379385a16 P 7d9b076d29dc4a24860e3f89aec6b4a0 [LEADER]: Queue going to LEADER mode. State: All replicated index: 0, Majority replicated index: 0, Committed index: 0, Last appended: 0.0, Last appended by leader: 0, Current term: 1, Majority size: 2, State: 0, Mode: LEADER, active raft config: opid_index: -1 OBSOLETE_local: false peers { permanent_uuid: "c8bf460a227d45cabebe5bcdb8771950" member_type: VOTER last_known_addr { host: "127.18.222.1" port: 45671 } } peers { permanent_uuid: "38427f7b42664adab4dfa31963a8b7c2" member_type: VOTER last_known_addr { host: "127.18.222.2" port: 37907 } } peers { permanent_uuid: "7d9b076d29dc4a24860e3f89aec6b4a0" member_type: VOTER last_known_addr { host: "127.18.222.3" port: 46373 } }
I0918 20:39:19.362155 25620 leader_election.cc:310] T d1c2d835755e4978a9a6dde379385a16 P c8bf460a227d45cabebe5bcdb8771950 [CANDIDATE]: Term 1 pre-election: Election decided. Result: candidate lost. Election summary: received 3 responses out of 3 voters: 1 yes votes; 2 no votes. yes voters: c8bf460a227d45cabebe5bcdb8771950; no voters: 38427f7b42664adab4dfa31963a8b7c2, 7d9b076d29dc4a24860e3f89aec6b4a0
I0918 20:39:19.358989 25869 raft_consensus.cc:667] T de8606c55a2e478bb968edb59bf5140f P 7d9b076d29dc4a24860e3f89aec6b4a0 [term 1 LEADER]: Becoming Leader. State: Replica: 7d9b076d29dc4a24860e3f89aec6b4a0, State: Running, Role: LEADER
I0918 20:39:19.362524 25656 tablet_service.cc:1295] Received RequestConsensusVote() RPC: tablet_id: "ea2d24e8ebda434fa71708bf722f2054" candidate_uuid: "38427f7b42664adab4dfa31963a8b7c2" candidate_term: 1 candidate_status { last_received { term: 0 index: 0 } } ignore_live_leader: false dest_uuid: "c8bf460a227d45cabebe5bcdb8771950"
I0918 20:39:19.362766 25657 tablet_service.cc:1295] Received RequestConsensusVote() RPC: tablet_id: "ea2d24e8ebda434fa71708bf722f2054" candidate_uuid: "7d9b076d29dc4a24860e3f89aec6b4a0" candidate_term: 1 candidate_status { last_received { term: 0 index: 0 } } ignore_live_leader: false dest_uuid: "c8bf460a227d45cabebe5bcdb8771950"
I0918 20:39:19.363210 25656 raft_consensus.cc:2890] T ea2d24e8ebda434fa71708bf722f2054 P c8bf460a227d45cabebe5bcdb8771950 [term 0 FOLLOWER]: Advancing to term 1
I0918 20:39:19.364320 25862 raft_consensus.cc:2592] T d1c2d835755e4978a9a6dde379385a16 P c8bf460a227d45cabebe5bcdb8771950 [term 1 FOLLOWER]: Leader pre-election lost for term 1. Reason: could not achieve majority
I0918 20:39:19.371793 25740 tablet_service.cc:1295] Received RequestConsensusVote() RPC: tablet_id: "ea2d24e8ebda434fa71708bf722f2054" candidate_uuid: "7d9b076d29dc4a24860e3f89aec6b4a0" candidate_term: 1 candidate_status { last_received { term: 0 index: 0 } } ignore_live_leader: false dest_uuid: "38427f7b42664adab4dfa31963a8b7c2"
I0918 20:39:19.372010 25656 raft_consensus.cc:2350] T ea2d24e8ebda434fa71708bf722f2054 P c8bf460a227d45cabebe5bcdb8771950 [term 1 FOLLOWER]: Leader election vote request: Granting yes vote for candidate 38427f7b42664adab4dfa31963a8b7c2 in term 1.
I0918 20:39:19.372597 25740 raft_consensus.cc:2280] T ea2d24e8ebda434fa71708bf722f2054 P 38427f7b42664adab4dfa31963a8b7c2 [term 1 FOLLOWER]: Leader election vote request: Denying vote to candidate 7d9b076d29dc4a24860e3f89aec6b4a0 in current term 1: Already voted for candidate 38427f7b42664adab4dfa31963a8b7c2 in this term.
I0918 20:39:19.372658 25657 raft_consensus.cc:2325] T ea2d24e8ebda434fa71708bf722f2054 P c8bf460a227d45cabebe5bcdb8771950 [term 1 FOLLOWER]: Leader election vote request: Denying vote to candidate 7d9b076d29dc4a24860e3f89aec6b4a0 for term 1 because replica is already servicing an update from a current leader or another vote.
I0918 20:39:19.373389 25703 leader_election.cc:310] T ea2d24e8ebda434fa71708bf722f2054 P 38427f7b42664adab4dfa31963a8b7c2 [CANDIDATE]: Term 1 election: Election decided. Result: candidate won. Election summary: received 2 responses out of 3 voters: 2 yes votes; 0 no votes. yes voters: 38427f7b42664adab4dfa31963a8b7c2, c8bf460a227d45cabebe5bcdb8771950; no voters:
I0918 20:39:19.374439 25864 raft_consensus.cc:2644] T ea2d24e8ebda434fa71708bf722f2054 P 38427f7b42664adab4dfa31963a8b7c2 [term 1 FOLLOWER]: Leader election won for term 1
I0918 20:39:19.363095 25869 consensus_queue.cc:206] T de8606c55a2e478bb968edb59bf5140f P 7d9b076d29dc4a24860e3f89aec6b4a0 [LEADER]: Queue going to LEADER mode. State: All replicated index: 0, Majority replicated index: 0, Committed index: 0, Last appended: 0.0, Last appended by leader: 0, Current term: 1, Majority size: 2, State: 0, Mode: LEADER, active raft config: opid_index: -1 OBSOLETE_local: false peers { permanent_uuid: "c8bf460a227d45cabebe5bcdb8771950" member_type: VOTER last_known_addr { host: "127.18.222.1" port: 45671 } } peers { permanent_uuid: "38427f7b42664adab4dfa31963a8b7c2" member_type: VOTER last_known_addr { host: "127.18.222.2" port: 37907 } } peers { permanent_uuid: "7d9b076d29dc4a24860e3f89aec6b4a0" member_type: VOTER last_known_addr { host: "127.18.222.3" port: 46373 } }
I0918 20:39:19.374851 25774 leader_election.cc:310] T ea2d24e8ebda434fa71708bf722f2054 P 7d9b076d29dc4a24860e3f89aec6b4a0 [CANDIDATE]: Term 1 election: Election decided. Result: candidate lost. Election summary: received 3 responses out of 3 voters: 1 yes votes; 2 no votes. yes voters: 7d9b076d29dc4a24860e3f89aec6b4a0; no voters: 38427f7b42664adab4dfa31963a8b7c2, c8bf460a227d45cabebe5bcdb8771950
I0918 20:39:19.376359 25878 raft_consensus.cc:2592] T ea2d24e8ebda434fa71708bf722f2054 P 7d9b076d29dc4a24860e3f89aec6b4a0 [term 1 FOLLOWER]: Leader election lost for term 1. Reason: could not achieve majority
I0918 20:39:19.377701 25864 raft_consensus.cc:667] T ea2d24e8ebda434fa71708bf722f2054 P 38427f7b42664adab4dfa31963a8b7c2 [term 1 LEADER]: Becoming Leader. State: Replica: 38427f7b42664adab4dfa31963a8b7c2, State: Running, Role: LEADER
I0918 20:39:19.378428 25864 consensus_queue.cc:206] T ea2d24e8ebda434fa71708bf722f2054 P 38427f7b42664adab4dfa31963a8b7c2 [LEADER]: Queue going to LEADER mode. State: All replicated index: 0, Majority replicated index: 0, Committed index: 0, Last appended: 0.0, Last appended by leader: 0, Current term: 1, Majority size: 2, State: 0, Mode: LEADER, active raft config: opid_index: -1 OBSOLETE_local: false peers { permanent_uuid: "c8bf460a227d45cabebe5bcdb8771950" member_type: VOTER last_known_addr { host: "127.18.222.1" port: 45671 } } peers { permanent_uuid: "38427f7b42664adab4dfa31963a8b7c2" member_type: VOTER last_known_addr { host: "127.18.222.2" port: 37907 } } peers { permanent_uuid: "7d9b076d29dc4a24860e3f89aec6b4a0" member_type: VOTER last_known_addr { host: "127.18.222.3" port: 46373 } }
I0918 20:39:19.381938 25811 tablet_service.cc:1295] Received RequestConsensusVote() RPC: tablet_id: "ea2d24e8ebda434fa71708bf722f2054" candidate_uuid: "38427f7b42664adab4dfa31963a8b7c2" candidate_term: 1 candidate_status { last_received { term: 0 index: 0 } } ignore_live_leader: false dest_uuid: "7d9b076d29dc4a24860e3f89aec6b4a0" is_pre_election: true
I0918 20:39:19.382856 25811 raft_consensus.cc:2280] T ea2d24e8ebda434fa71708bf722f2054 P 7d9b076d29dc4a24860e3f89aec6b4a0 [term 1 FOLLOWER]: Leader pre-election vote request: Denying vote to candidate 38427f7b42664adab4dfa31963a8b7c2 in current term 1: Already voted for candidate 7d9b076d29dc4a24860e3f89aec6b4a0 in this term.
I0918 20:39:19.384480 25811 tablet_service.cc:1295] Received RequestConsensusVote() RPC: tablet_id: "ea2d24e8ebda434fa71708bf722f2054" candidate_uuid: "38427f7b42664adab4dfa31963a8b7c2" candidate_term: 1 candidate_status { last_received { term: 0 index: 0 } } ignore_live_leader: false dest_uuid: "7d9b076d29dc4a24860e3f89aec6b4a0"
I0918 20:39:19.386590 25811 raft_consensus.cc:2280] T ea2d24e8ebda434fa71708bf722f2054 P 7d9b076d29dc4a24860e3f89aec6b4a0 [term 1 FOLLOWER]: Leader election vote request: Denying vote to candidate 38427f7b42664adab4dfa31963a8b7c2 in current term 1: Already voted for candidate 7d9b076d29dc4a24860e3f89aec6b4a0 in this term.
I0918 20:39:19.389963 25571 catalog_manager.cc:4131] T ea2d24e8ebda434fa71708bf722f2054 P 38427f7b42664adab4dfa31963a8b7c2 reported cstate change: term changed from 0 to 1, leader changed from to 38427f7b42664adab4dfa31963a8b7c2 (127.18.222.2). New cstate: current_term: 1 leader_uuid: "38427f7b42664adab4dfa31963a8b7c2" committed_config { opid_index: -1 OBSOLETE_local: false peers { permanent_uuid: "c8bf460a227d45cabebe5bcdb8771950" member_type: VOTER last_known_addr { host: "127.18.222.1" port: 45671 } health_report { overall_health: UNKNOWN } } peers { permanent_uuid: "38427f7b42664adab4dfa31963a8b7c2" member_type: VOTER last_known_addr { host: "127.18.222.2" port: 37907 } health_report { overall_health: HEALTHY } } peers { permanent_uuid: "7d9b076d29dc4a24860e3f89aec6b4a0" member_type: VOTER last_known_addr { host: "127.18.222.3" port: 46373 } health_report { overall_health: UNKNOWN } } }
I0918 20:39:19.398332 25568 catalog_manager.cc:4131] T de8606c55a2e478bb968edb59bf5140f P 7d9b076d29dc4a24860e3f89aec6b4a0 reported cstate change: term changed from 0 to 1, leader changed from to 7d9b076d29dc4a24860e3f89aec6b4a0 (127.18.222.3). New cstate: current_term: 1 leader_uuid: "7d9b076d29dc4a24860e3f89aec6b4a0" committed_config { opid_index: -1 OBSOLETE_local: false peers { permanent_uuid: "c8bf460a227d45cabebe5bcdb8771950" member_type: VOTER last_known_addr { host: "127.18.222.1" port: 45671 } health_report { overall_health: UNKNOWN } } peers { permanent_uuid: "38427f7b42664adab4dfa31963a8b7c2" member_type: VOTER last_known_addr { host: "127.18.222.2" port: 37907 } health_report { overall_health: UNKNOWN } } peers { permanent_uuid: "7d9b076d29dc4a24860e3f89aec6b4a0" member_type: VOTER last_known_addr { host: "127.18.222.3" port: 46373 } health_report { overall_health: HEALTHY } } }
I0918 20:39:19.400311 25568 catalog_manager.cc:4131] T d1c2d835755e4978a9a6dde379385a16 P 7d9b076d29dc4a24860e3f89aec6b4a0 reported cstate change: term changed from 0 to 1, leader changed from to 7d9b076d29dc4a24860e3f89aec6b4a0 (127.18.222.3). New cstate: current_term: 1 leader_uuid: "7d9b076d29dc4a24860e3f89aec6b4a0" committed_config { opid_index: -1 OBSOLETE_local: false peers { permanent_uuid: "c8bf460a227d45cabebe5bcdb8771950" member_type: VOTER last_known_addr { host: "127.18.222.1" port: 45671 } health_report { overall_health: UNKNOWN } } peers { permanent_uuid: "38427f7b42664adab4dfa31963a8b7c2" member_type: VOTER last_known_addr { host: "127.18.222.2" port: 37907 } health_report { overall_health: UNKNOWN } } peers { permanent_uuid: "7d9b076d29dc4a24860e3f89aec6b4a0" member_type: VOTER last_known_addr { host: "127.18.222.3" port: 46373 } health_report { overall_health: HEALTHY } } }
I0918 20:39:19.528539 25570 catalog_manager.cc:1947] Servicing DeleteTable request from {username='slave'} at 127.0.0.1:57748: table { table_name: "ksck-test-table" } modify_external_catalogs: true
I0918 20:39:19.560451 25570 catalog_manager.cc:4381] T 00000000000000000000000000000000 P d38eb92d8be54a50953dc5aed9dc8c62: Sending DeleteTablet for 3 replicas of tablet ea2d24e8ebda434fa71708bf722f2054
I0918 20:39:19.561077 25570 catalog_manager.cc:3523] Sending DeleteTablet(TABLET_DATA_DELETED) for tablet ea2d24e8ebda434fa71708bf722f2054 on c8bf460a227d45cabebe5bcdb8771950 (127.18.222.1:45671) (Table deleted at 2019-09-18 20:39:19 UTC)
I0918 20:39:19.562705 25647 tablet_service.cc:1066] Processing DeleteTablet for tablet ea2d24e8ebda434fa71708bf722f2054 with delete_type TABLET_DATA_DELETED (Table deleted at 2019-09-18 20:39:19 UTC) from {username='slave'} at 127.0.0.1:54632
I0918 20:39:19.564129 25570 catalog_manager.cc:3523] Sending DeleteTablet(TABLET_DATA_DELETED) for tablet ea2d24e8ebda434fa71708bf722f2054 on 38427f7b42664adab4dfa31963a8b7c2 (127.18.222.2:37907) (Table deleted at 2019-09-18 20:39:19 UTC)
I0918 20:39:19.565687 25570 catalog_manager.cc:3523] Sending DeleteTablet(TABLET_DATA_DELETED) for tablet ea2d24e8ebda434fa71708bf722f2054 on 7d9b076d29dc4a24860e3f89aec6b4a0 (127.18.222.3:46373) (Table deleted at 2019-09-18 20:39:19 UTC)
I0918 20:39:19.566323 25570 catalog_manager.cc:4381] T 00000000000000000000000000000000 P d38eb92d8be54a50953dc5aed9dc8c62: Sending DeleteTablet for 3 replicas of tablet d1c2d835755e4978a9a6dde379385a16
I0918 20:39:19.568514 25728 tablet_service.cc:1066] Processing DeleteTablet for tablet ea2d24e8ebda434fa71708bf722f2054 with delete_type TABLET_DATA_DELETED (Table deleted at 2019-09-18 20:39:19 UTC) from {username='slave'} at 127.0.0.1:57826
I0918 20:39:19.574748 25570 catalog_manager.cc:3523] Sending DeleteTablet(TABLET_DATA_DELETED) for tablet d1c2d835755e4978a9a6dde379385a16 on c8bf460a227d45cabebe5bcdb8771950 (127.18.222.1:45671) (Table deleted at 2019-09-18 20:39:19 UTC)
I0918 20:39:19.575911 25799 tablet_service.cc:1066] Processing DeleteTablet for tablet ea2d24e8ebda434fa71708bf722f2054 with delete_type TABLET_DATA_DELETED (Table deleted at 2019-09-18 20:39:19 UTC) from {username='slave'} at 127.0.0.1:45926
I0918 20:39:19.576038 25897 tablet_replica.cc:273] T ea2d24e8ebda434fa71708bf722f2054 P c8bf460a227d45cabebe5bcdb8771950: stopping tablet replica
I0918 20:39:19.577327 25647 tablet_service.cc:1066] Processing DeleteTablet for tablet d1c2d835755e4978a9a6dde379385a16 with delete_type TABLET_DATA_DELETED (Table deleted at 2019-09-18 20:39:19 UTC) from {username='slave'} at 127.0.0.1:54632
I0918 20:39:19.577440 25570 catalog_manager.cc:3523] Sending DeleteTablet(TABLET_DATA_DELETED) for tablet d1c2d835755e4978a9a6dde379385a16 on 38427f7b42664adab4dfa31963a8b7c2 (127.18.222.2:37907) (Table deleted at 2019-09-18 20:39:19 UTC)
I0918 20:39:19.576591 25898 tablet_replica.cc:273] T ea2d24e8ebda434fa71708bf722f2054 P 38427f7b42664adab4dfa31963a8b7c2: stopping tablet replica
I0918 20:39:19.583027 25898 raft_consensus.cc:2147] T ea2d24e8ebda434fa71708bf722f2054 P 38427f7b42664adab4dfa31963a8b7c2 [term 1 LEADER]: Raft consensus shutting down.
I0918 20:39:19.581374 25897 raft_consensus.cc:2147] T ea2d24e8ebda434fa71708bf722f2054 P c8bf460a227d45cabebe5bcdb8771950 [term 1 FOLLOWER]: Raft consensus shutting down.
I0918 20:39:19.586334 25897 raft_consensus.cc:2174] T ea2d24e8ebda434fa71708bf722f2054 P c8bf460a227d45cabebe5bcdb8771950 [term 1 FOLLOWER]: Raft consensus is shut down!
I0918 20:39:19.587649 25728 tablet_service.cc:1066] Processing DeleteTablet for tablet d1c2d835755e4978a9a6dde379385a16 with delete_type TABLET_DATA_DELETED (Table deleted at 2019-09-18 20:39:19 UTC) from {username='slave'} at 127.0.0.1:57826
I0918 20:39:19.585723 25898 pending_rounds.cc:64] T ea2d24e8ebda434fa71708bf722f2054 P 38427f7b42664adab4dfa31963a8b7c2: Trying to abort 1 pending transactions.
I0918 20:39:19.590046 25898 pending_rounds.cc:70] T ea2d24e8ebda434fa71708bf722f2054 P 38427f7b42664adab4dfa31963a8b7c2: Aborting transaction as it isn't in flight: id { term: 1 index: 1 } timestamp: 6425965196821626880 op_type: NO_OP noop_request { }
I0918 20:39:19.590595 25898 raft_consensus.cc:2727] T ea2d24e8ebda434fa71708bf722f2054 P 38427f7b42664adab4dfa31963a8b7c2 [term 1 LEADER]: NO_OP replication failed: Aborted: Transaction aborted
I0918 20:39:19.589877 25570 catalog_manager.cc:3523] Sending DeleteTablet(TABLET_DATA_DELETED) for tablet d1c2d835755e4978a9a6dde379385a16 on 7d9b076d29dc4a24860e3f89aec6b4a0 (127.18.222.3:46373) (Table deleted at 2019-09-18 20:39:19 UTC)
I0918 20:39:19.591349 25898 raft_consensus.cc:2174] T ea2d24e8ebda434fa71708bf722f2054 P 38427f7b42664adab4dfa31963a8b7c2 [term 1 FOLLOWER]: Raft consensus is shut down!
I0918 20:39:19.591485 25899 tablet_replica.cc:273] T ea2d24e8ebda434fa71708bf722f2054 P 7d9b076d29dc4a24860e3f89aec6b4a0: stopping tablet replica
I0918 20:39:19.592260 25899 raft_consensus.cc:2147] T ea2d24e8ebda434fa71708bf722f2054 P 7d9b076d29dc4a24860e3f89aec6b4a0 [term 1 FOLLOWER]: Raft consensus shutting down.
I0918 20:39:19.591686 25570 catalog_manager.cc:4381] T 00000000000000000000000000000000 P d38eb92d8be54a50953dc5aed9dc8c62: Sending DeleteTablet for 3 replicas of tablet de8606c55a2e478bb968edb59bf5140f
I0918 20:39:19.593626 25570 catalog_manager.cc:3523] Sending DeleteTablet(TABLET_DATA_DELETED) for tablet de8606c55a2e478bb968edb59bf5140f on c8bf460a227d45cabebe5bcdb8771950 (127.18.222.1:45671) (Table deleted at 2019-09-18 20:39:19 UTC)
I0918 20:39:19.592654 25799 tablet_service.cc:1066] Processing DeleteTablet for tablet d1c2d835755e4978a9a6dde379385a16 with delete_type TABLET_DATA_DELETED (Table deleted at 2019-09-18 20:39:19 UTC) from {username='slave'} at 127.0.0.1:45926
I0918 20:39:19.594822 25899 raft_consensus.cc:2174] T ea2d24e8ebda434fa71708bf722f2054 P 7d9b076d29dc4a24860e3f89aec6b4a0 [term 1 FOLLOWER]: Raft consensus is shut down!
I0918 20:39:19.598894 25899 ts_tablet_manager.cc:1440] T ea2d24e8ebda434fa71708bf722f2054 P 7d9b076d29dc4a24860e3f89aec6b4a0: Deleting tablet data with delete state TABLET_DATA_DELETED
I0918 20:39:19.599222 25647 tablet_service.cc:1066] Processing DeleteTablet for tablet de8606c55a2e478bb968edb59bf5140f with delete_type TABLET_DATA_DELETED (Table deleted at 2019-09-18 20:39:19 UTC) from {username='slave'} at 127.0.0.1:54632
I0918 20:39:19.601336 25570 catalog_manager.cc:3523] Sending DeleteTablet(TABLET_DATA_DELETED) for tablet de8606c55a2e478bb968edb59bf5140f on 38427f7b42664adab4dfa31963a8b7c2 (127.18.222.2:37907) (Table deleted at 2019-09-18 20:39:19 UTC)
I0918 20:39:19.602882 25728 tablet_service.cc:1066] Processing DeleteTablet for tablet de8606c55a2e478bb968edb59bf5140f with delete_type TABLET_DATA_DELETED (Table deleted at 2019-09-18 20:39:19 UTC) from {username='slave'} at 127.0.0.1:57826
I0918 20:39:19.603467 25897 ts_tablet_manager.cc:1440] T ea2d24e8ebda434fa71708bf722f2054 P c8bf460a227d45cabebe5bcdb8771950: Deleting tablet data with delete state TABLET_DATA_DELETED
I0918 20:39:19.604645 25898 ts_tablet_manager.cc:1440] T ea2d24e8ebda434fa71708bf722f2054 P 38427f7b42664adab4dfa31963a8b7c2: Deleting tablet data with delete state TABLET_DATA_DELETED
I0918 20:39:19.603976 25570 catalog_manager.cc:3523] Sending DeleteTablet(TABLET_DATA_DELETED) for tablet de8606c55a2e478bb968edb59bf5140f on 7d9b076d29dc4a24860e3f89aec6b4a0 (127.18.222.3:46373) (Table deleted at 2019-09-18 20:39:19 UTC)
I0918 20:39:19.625964 25799 tablet_service.cc:1066] Processing DeleteTablet for tablet de8606c55a2e478bb968edb59bf5140f with delete_type TABLET_DATA_DELETED (Table deleted at 2019-09-18 20:39:19 UTC) from {username='slave'} at 127.0.0.1:45926
I0918 20:39:19.631331 25899 ts_tablet_manager.cc:1453] T ea2d24e8ebda434fa71708bf722f2054 P 7d9b076d29dc4a24860e3f89aec6b4a0: tablet deleted with delete type TABLET_DATA_DELETED: last-logged OpId 0.0
I0918 20:39:19.634318 25899 log.cc:990] T ea2d24e8ebda434fa71708bf722f2054 P 7d9b076d29dc4a24860e3f89aec6b4a0: Deleting WAL directory at /tmp/dist-test-task6lCVqo/test-tmp/ksck_remote-test.0.RemoteKsckTest.TestFilterOnNoTableCluster.1568839089958813-19320/minicluster-data/ts-2-root/wals/ea2d24e8ebda434fa71708bf722f2054
I0918 20:39:19.635192 25899 ts_tablet_manager.cc:1474] T ea2d24e8ebda434fa71708bf722f2054 P 7d9b076d29dc4a24860e3f89aec6b4a0: Deleting consensus metadata
I0918 20:39:19.640496 25899 tablet_replica.cc:273] T d1c2d835755e4978a9a6dde379385a16 P 7d9b076d29dc4a24860e3f89aec6b4a0: stopping tablet replica
I0918 20:39:19.641166 25899 raft_consensus.cc:2147] T d1c2d835755e4978a9a6dde379385a16 P 7d9b076d29dc4a24860e3f89aec6b4a0 [term 1 LEADER]: Raft consensus shutting down.
I0918 20:39:19.644963 25899 pending_rounds.cc:64] T d1c2d835755e4978a9a6dde379385a16 P 7d9b076d29dc4a24860e3f89aec6b4a0: Trying to abort 1 pending transactions.
I0918 20:39:19.645210 25899 pending_rounds.cc:70] T d1c2d835755e4978a9a6dde379385a16 P 7d9b076d29dc4a24860e3f89aec6b4a0: Aborting transaction as it isn't in flight: id { term: 1 index: 1 } timestamp: 6425965196708564992 op_type: NO_OP noop_request { }
I0918 20:39:19.651305 25552 catalog_manager.cc:3501] TS 7d9b076d29dc4a24860e3f89aec6b4a0 (127.18.222.3:46373): tablet ea2d24e8ebda434fa71708bf722f2054 (table ksck-test-table [id=714964d98e494182ad5e27022fe25fcf]) successfully deleted
I0918 20:39:19.649785 25899 raft_consensus.cc:2727] T d1c2d835755e4978a9a6dde379385a16 P 7d9b076d29dc4a24860e3f89aec6b4a0 [term 1 LEADER]: NO_OP replication failed: Aborted: Transaction aborted
I0918 20:39:19.683784 25899 raft_consensus.cc:2174] T d1c2d835755e4978a9a6dde379385a16 P 7d9b076d29dc4a24860e3f89aec6b4a0 [term 1 FOLLOWER]: Raft consensus is shut down!
I0918 20:39:19.720890 25899 ts_tablet_manager.cc:1440] T d1c2d835755e4978a9a6dde379385a16 P 7d9b076d29dc4a24860e3f89aec6b4a0: Deleting tablet data with delete state TABLET_DATA_DELETED
I0918 20:39:19.747087 25898 ts_tablet_manager.cc:1453] T ea2d24e8ebda434fa71708bf722f2054 P 38427f7b42664adab4dfa31963a8b7c2: tablet deleted with delete type TABLET_DATA_DELETED: last-logged OpId 1.1
I0918 20:39:19.747588 25898 log.cc:990] T ea2d24e8ebda434fa71708bf722f2054 P 38427f7b42664adab4dfa31963a8b7c2: Deleting WAL directory at /tmp/dist-test-task6lCVqo/test-tmp/ksck_remote-test.0.RemoteKsckTest.TestFilterOnNoTableCluster.1568839089958813-19320/minicluster-data/ts-1-root/wals/ea2d24e8ebda434fa71708bf722f2054
I0918 20:39:19.750069 25898 ts_tablet_manager.cc:1474] T ea2d24e8ebda434fa71708bf722f2054 P 38427f7b42664adab4dfa31963a8b7c2: Deleting consensus metadata
I0918 20:39:19.764422 25554 catalog_manager.cc:3501] TS 38427f7b42664adab4dfa31963a8b7c2 (127.18.222.2:37907): tablet ea2d24e8ebda434fa71708bf722f2054 (table ksck-test-table [id=714964d98e494182ad5e27022fe25fcf]) successfully deleted
I0918 20:39:19.765426 25898 tablet_replica.cc:273] T d1c2d835755e4978a9a6dde379385a16 P 38427f7b42664adab4dfa31963a8b7c2: stopping tablet replica
I0918 20:39:19.766060 25898 raft_consensus.cc:2147] T d1c2d835755e4978a9a6dde379385a16 P 38427f7b42664adab4dfa31963a8b7c2 [term 1 FOLLOWER]: Raft consensus shutting down.
I0918 20:39:19.766480 25898 raft_consensus.cc:2174] T d1c2d835755e4978a9a6dde379385a16 P 38427f7b42664adab4dfa31963a8b7c2 [term 1 FOLLOWER]: Raft consensus is shut down!
I0918 20:39:19.781358 25898 ts_tablet_manager.cc:1440] T d1c2d835755e4978a9a6dde379385a16 P 38427f7b42664adab4dfa31963a8b7c2: Deleting tablet data with delete state TABLET_DATA_DELETED
I0918 20:39:19.784509 25869 consensus_queue.cc:984] T de8606c55a2e478bb968edb59bf5140f P 7d9b076d29dc4a24860e3f89aec6b4a0 [LEADER]: Connected to new peer: Peer: permanent_uuid: "38427f7b42664adab4dfa31963a8b7c2" member_type: VOTER last_known_addr { host: "127.18.222.2" port: 37907 }, Status: LMP_MISMATCH, Last received: 0.0, Next index: 1, Last known committed idx: 0, Time since last communication: 0.001s
I0918 20:39:19.780684 25897 ts_tablet_manager.cc:1453] T ea2d24e8ebda434fa71708bf722f2054 P c8bf460a227d45cabebe5bcdb8771950: tablet deleted with delete type TABLET_DATA_DELETED: last-logged OpId 0.0
I0918 20:39:19.787823 25897 log.cc:990] T ea2d24e8ebda434fa71708bf722f2054 P c8bf460a227d45cabebe5bcdb8771950: Deleting WAL directory at /tmp/dist-test-task6lCVqo/test-tmp/ksck_remote-test.0.RemoteKsckTest.TestFilterOnNoTableCluster.1568839089958813-19320/minicluster-data/ts-0-root/wals/ea2d24e8ebda434fa71708bf722f2054
I0918 20:39:19.789327 25897 ts_tablet_manager.cc:1474] T ea2d24e8ebda434fa71708bf722f2054 P c8bf460a227d45cabebe5bcdb8771950: Deleting consensus metadata
I0918 20:39:19.811859 25897 tablet_replica.cc:273] T d1c2d835755e4978a9a6dde379385a16 P c8bf460a227d45cabebe5bcdb8771950: stopping tablet replica
I0918 20:39:19.814954 25897 raft_consensus.cc:2147] T d1c2d835755e4978a9a6dde379385a16 P c8bf460a227d45cabebe5bcdb8771950 [term 1 FOLLOWER]: Raft consensus shutting down.
I0918 20:39:19.812294 25554 catalog_manager.cc:3501] TS c8bf460a227d45cabebe5bcdb8771950 (127.18.222.1:45671): tablet ea2d24e8ebda434fa71708bf722f2054 (table ksck-test-table [id=714964d98e494182ad5e27022fe25fcf]) successfully deleted
I0918 20:39:19.819875 25897 raft_consensus.cc:2174] T d1c2d835755e4978a9a6dde379385a16 P c8bf460a227d45cabebe5bcdb8771950 [term 1 FOLLOWER]: Raft consensus is shut down!
I0918 20:39:19.821092 25571 catalog_manager.cc:4008] Got report from deleted tablet de8606c55a2e478bb968edb59bf5140f (table ksck-test-table [id=714964d98e494182ad5e27022fe25fcf]) (Table deleted at 2019-09-18 20:39:19 UTC): Sending delete request for this tablet
I0918 20:39:19.822211 25571 catalog_manager.cc:3523] Sending DeleteTablet(TABLET_DATA_DELETED) for tablet de8606c55a2e478bb968edb59bf5140f on 38427f7b42664adab4dfa31963a8b7c2 (127.18.222.2:37907) (Table deleted at 2019-09-18 20:39:19 UTC)
I0918 20:39:19.822533 25897 ts_tablet_manager.cc:1440] T d1c2d835755e4978a9a6dde379385a16 P c8bf460a227d45cabebe5bcdb8771950: Deleting tablet data with delete state TABLET_DATA_DELETED
I0918 20:39:19.823745 25728 tablet_service.cc:1066] Processing DeleteTablet for tablet de8606c55a2e478bb968edb59bf5140f with delete_type TABLET_DATA_DELETED (Table deleted at 2019-09-18 20:39:19 UTC) from {username='slave'} at 127.0.0.1:57826
I0918 20:39:19.840426 25898 ts_tablet_manager.cc:1453] T d1c2d835755e4978a9a6dde379385a16 P 38427f7b42664adab4dfa31963a8b7c2: tablet deleted with delete type TABLET_DATA_DELETED: last-logged OpId 0.0
I0918 20:39:19.840914 25898 log.cc:990] T d1c2d835755e4978a9a6dde379385a16 P 38427f7b42664adab4dfa31963a8b7c2: Deleting WAL directory at /tmp/dist-test-task6lCVqo/test-tmp/ksck_remote-test.0.RemoteKsckTest.TestFilterOnNoTableCluster.1568839089958813-19320/minicluster-data/ts-1-root/wals/d1c2d835755e4978a9a6dde379385a16
I0918 20:39:19.841928 25898 ts_tablet_manager.cc:1474] T d1c2d835755e4978a9a6dde379385a16 P 38427f7b42664adab4dfa31963a8b7c2: Deleting consensus metadata
I0918 20:39:19.869628 25554 catalog_manager.cc:3501] TS 38427f7b42664adab4dfa31963a8b7c2 (127.18.222.2:37907): tablet d1c2d835755e4978a9a6dde379385a16 (table ksck-test-table [id=714964d98e494182ad5e27022fe25fcf]) successfully deleted
I0918 20:39:19.875353 25878 consensus_queue.cc:984] T de8606c55a2e478bb968edb59bf5140f P 7d9b076d29dc4a24860e3f89aec6b4a0 [LEADER]: Connected to new peer: Peer: permanent_uuid: "c8bf460a227d45cabebe5bcdb8771950" member_type: VOTER last_known_addr { host: "127.18.222.1" port: 45671 }, Status: LMP_MISMATCH, Last received: 0.0, Next index: 1, Last known committed idx: 0, Time since last communication: 0.001s
I0918 20:39:19.879525 25898 tablet_replica.cc:273] T de8606c55a2e478bb968edb59bf5140f P 38427f7b42664adab4dfa31963a8b7c2: stopping tablet replica
I0918 20:39:19.882673 25568 catalog_manager.cc:4008] Got report from deleted tablet de8606c55a2e478bb968edb59bf5140f (table ksck-test-table [id=714964d98e494182ad5e27022fe25fcf]) (Table deleted at 2019-09-18 20:39:19 UTC): Sending delete request for this tablet
I0918 20:39:19.894783 25568 catalog_manager.cc:3523] Sending DeleteTablet(TABLET_DATA_DELETED) for tablet de8606c55a2e478bb968edb59bf5140f on 7d9b076d29dc4a24860e3f89aec6b4a0 (127.18.222.3:46373) (Table deleted at 2019-09-18 20:39:19 UTC)
I0918 20:39:19.897578 25799 tablet_service.cc:1066] Processing DeleteTablet for tablet de8606c55a2e478bb968edb59bf5140f with delete_type TABLET_DATA_DELETED (Table deleted at 2019-09-18 20:39:19 UTC) from {username='slave'} at 127.0.0.1:45926
I0918 20:39:19.890790 25899 ts_tablet_manager.cc:1453] T d1c2d835755e4978a9a6dde379385a16 P 7d9b076d29dc4a24860e3f89aec6b4a0: tablet deleted with delete type TABLET_DATA_DELETED: last-logged OpId 1.1
I0918 20:39:19.904724 25899 log.cc:990] T d1c2d835755e4978a9a6dde379385a16 P 7d9b076d29dc4a24860e3f89aec6b4a0: Deleting WAL directory at /tmp/dist-test-task6lCVqo/test-tmp/ksck_remote-test.0.RemoteKsckTest.TestFilterOnNoTableCluster.1568839089958813-19320/minicluster-data/ts-2-root/wals/d1c2d835755e4978a9a6dde379385a16
I0918 20:39:19.905390 25899 ts_tablet_manager.cc:1474] T d1c2d835755e4978a9a6dde379385a16 P 7d9b076d29dc4a24860e3f89aec6b4a0: Deleting consensus metadata
I0918 20:39:19.887995 25898 raft_consensus.cc:2147] T de8606c55a2e478bb968edb59bf5140f P 38427f7b42664adab4dfa31963a8b7c2 [term 1 FOLLOWER]: Raft consensus shutting down.
I0918 20:39:19.911265 25568 catalog_manager.cc:4008] Got report from deleted tablet de8606c55a2e478bb968edb59bf5140f (table ksck-test-table [id=714964d98e494182ad5e27022fe25fcf]) (Table deleted at 2019-09-18 20:39:19 UTC): Sending delete request for this tablet
I0918 20:39:19.913041 25899 tablet_replica.cc:273] T de8606c55a2e478bb968edb59bf5140f P 7d9b076d29dc4a24860e3f89aec6b4a0: stopping tablet replica
I0918 20:39:19.913713 25899 raft_consensus.cc:2147] T de8606c55a2e478bb968edb59bf5140f P 7d9b076d29dc4a24860e3f89aec6b4a0 [term 1 LEADER]: Raft consensus shutting down.
I0918 20:39:19.914599 25899 raft_consensus.cc:2174] T de8606c55a2e478bb968edb59bf5140f P 7d9b076d29dc4a24860e3f89aec6b4a0 [term 1 FOLLOWER]: Raft consensus is shut down!
I0918 20:39:19.915450 25568 catalog_manager.cc:3523] Sending DeleteTablet(TABLET_DATA_DELETED) for tablet de8606c55a2e478bb968edb59bf5140f on 38427f7b42664adab4dfa31963a8b7c2 (127.18.222.2:37907) (Table deleted at 2019-09-18 20:39:19 UTC)
I0918 20:39:19.917248 25898 raft_consensus.cc:2174] T de8606c55a2e478bb968edb59bf5140f P 38427f7b42664adab4dfa31963a8b7c2 [term 1 FOLLOWER]: Raft consensus is shut down!
I0918 20:39:19.913628 25552 catalog_manager.cc:3501] TS 7d9b076d29dc4a24860e3f89aec6b4a0 (127.18.222.3:46373): tablet d1c2d835755e4978a9a6dde379385a16 (table ksck-test-table [id=714964d98e494182ad5e27022fe25fcf]) successfully deleted
I0918 20:39:19.920163 25728 tablet_service.cc:1066] Processing DeleteTablet for tablet de8606c55a2e478bb968edb59bf5140f with delete_type TABLET_DATA_DELETED (Table deleted at 2019-09-18 20:39:19 UTC) from {username='slave'} at 127.0.0.1:57826
I0918 20:39:19.936460 25898 ts_tablet_manager.cc:1440] T de8606c55a2e478bb968edb59bf5140f P 38427f7b42664adab4dfa31963a8b7c2: Deleting tablet data with delete state TABLET_DATA_DELETED
I0918 20:39:19.958288 25899 ts_tablet_manager.cc:1440] T de8606c55a2e478bb968edb59bf5140f P 7d9b076d29dc4a24860e3f89aec6b4a0: Deleting tablet data with delete state TABLET_DATA_DELETED
I0918 20:39:19.976989 25570 catalog_manager.cc:4008] Got report from deleted tablet de8606c55a2e478bb968edb59bf5140f (table ksck-test-table [id=714964d98e494182ad5e27022fe25fcf]) (Table deleted at 2019-09-18 20:39:19 UTC): Sending delete request for this tablet
I0918 20:39:19.978288 25570 catalog_manager.cc:3523] Sending DeleteTablet(TABLET_DATA_DELETED) for tablet de8606c55a2e478bb968edb59bf5140f on c8bf460a227d45cabebe5bcdb8771950 (127.18.222.1:45671) (Table deleted at 2019-09-18 20:39:19 UTC)
I0918 20:39:19.981035 25899 ts_tablet_manager.cc:1453] T de8606c55a2e478bb968edb59bf5140f P 7d9b076d29dc4a24860e3f89aec6b4a0: tablet deleted with delete type TABLET_DATA_DELETED: last-logged OpId 1.1
I0918 20:39:19.981560 25899 log.cc:990] T de8606c55a2e478bb968edb59bf5140f P 7d9b076d29dc4a24860e3f89aec6b4a0: Deleting WAL directory at /tmp/dist-test-task6lCVqo/test-tmp/ksck_remote-test.0.RemoteKsckTest.TestFilterOnNoTableCluster.1568839089958813-19320/minicluster-data/ts-2-root/wals/de8606c55a2e478bb968edb59bf5140f
I0918 20:39:19.982473 25899 ts_tablet_manager.cc:1474] T de8606c55a2e478bb968edb59bf5140f P 7d9b076d29dc4a24860e3f89aec6b4a0: Deleting consensus metadata
I0918 20:39:19.986387 25647 tablet_service.cc:1066] Processing DeleteTablet for tablet de8606c55a2e478bb968edb59bf5140f with delete_type TABLET_DATA_DELETED (Table deleted at 2019-09-18 20:39:19 UTC) from {username='slave'} at 127.0.0.1:54632
I0918 20:39:19.985464 25570 catalog_manager.cc:4008] Got report from deleted tablet de8606c55a2e478bb968edb59bf5140f (table ksck-test-table [id=714964d98e494182ad5e27022fe25fcf]) (Table deleted at 2019-09-18 20:39:19 UTC): Sending delete request for this tablet
I0918 20:39:19.990471 25570 catalog_manager.cc:3523] Sending DeleteTablet(TABLET_DATA_DELETED) for tablet de8606c55a2e478bb968edb59bf5140f on c8bf460a227d45cabebe5bcdb8771950 (127.18.222.1:45671) (Table deleted at 2019-09-18 20:39:19 UTC)
I0918 20:39:19.992065 25647 tablet_service.cc:1066] Processing DeleteTablet for tablet de8606c55a2e478bb968edb59bf5140f with delete_type TABLET_DATA_DELETED (Table deleted at 2019-09-18 20:39:19 UTC) from {username='slave'} at 127.0.0.1:54632
I0918 20:39:19.995370 25552 catalog_manager.cc:3501] TS 7d9b076d29dc4a24860e3f89aec6b4a0 (127.18.222.3:46373): tablet de8606c55a2e478bb968edb59bf5140f (table ksck-test-table [id=714964d98e494182ad5e27022fe25fcf]) successfully deleted
W0918 20:39:19.996366 25552 catalog_manager.cc:3481] TS 7d9b076d29dc4a24860e3f89aec6b4a0 (127.18.222.3:46373): delete failed for tablet de8606c55a2e478bb968edb59bf5140f because the tablet was not found. No further retry: Not found: Tablet not found: de8606c55a2e478bb968edb59bf5140f
I0918 20:39:20.010088 25898 ts_tablet_manager.cc:1453] T de8606c55a2e478bb968edb59bf5140f P 38427f7b42664adab4dfa31963a8b7c2: tablet deleted with delete type TABLET_DATA_DELETED: last-logged OpId 1.1
I0918 20:39:20.014266 25898 log.cc:990] T de8606c55a2e478bb968edb59bf5140f P 38427f7b42664adab4dfa31963a8b7c2: Deleting WAL directory at /tmp/dist-test-task6lCVqo/test-tmp/ksck_remote-test.0.RemoteKsckTest.TestFilterOnNoTableCluster.1568839089958813-19320/minicluster-data/ts-1-root/wals/de8606c55a2e478bb968edb59bf5140f
I0918 20:39:20.015450 25898 ts_tablet_manager.cc:1474] T de8606c55a2e478bb968edb59bf5140f P 38427f7b42664adab4dfa31963a8b7c2: Deleting consensus metadata
I0918 20:39:20.018723 25897 ts_tablet_manager.cc:1453] T d1c2d835755e4978a9a6dde379385a16 P c8bf460a227d45cabebe5bcdb8771950: tablet deleted with delete type TABLET_DATA_DELETED: last-logged OpId 0.0
I0918 20:39:20.019168 25897 log.cc:990] T d1c2d835755e4978a9a6dde379385a16 P c8bf460a227d45cabebe5bcdb8771950: Deleting WAL directory at /tmp/dist-test-task6lCVqo/test-tmp/ksck_remote-test.0.RemoteKsckTest.TestFilterOnNoTableCluster.1568839089958813-19320/minicluster-data/ts-0-root/wals/d1c2d835755e4978a9a6dde379385a16
I0918 20:39:20.020011 25897 ts_tablet_manager.cc:1474] T d1c2d835755e4978a9a6dde379385a16 P c8bf460a227d45cabebe5bcdb8771950: Deleting consensus metadata
I0918 20:39:20.020815 25554 catalog_manager.cc:3501] TS 38427f7b42664adab4dfa31963a8b7c2 (127.18.222.2:37907): tablet de8606c55a2e478bb968edb59bf5140f (table ksck-test-table [id=714964d98e494182ad5e27022fe25fcf]) successfully deleted
I0918 20:39:20.023018 25554 catalog_manager.cc:3501] TS c8bf460a227d45cabebe5bcdb8771950 (127.18.222.1:45671): tablet d1c2d835755e4978a9a6dde379385a16 (table ksck-test-table [id=714964d98e494182ad5e27022fe25fcf]) successfully deleted
W0918 20:39:20.026310 25554 catalog_manager.cc:3481] TS 38427f7b42664adab4dfa31963a8b7c2 (127.18.222.2:37907): delete failed for tablet de8606c55a2e478bb968edb59bf5140f because the tablet was not found. No further retry: Not found: Tablet not found: de8606c55a2e478bb968edb59bf5140f
W0918 20:39:20.027947 25554 catalog_manager.cc:3481] TS 38427f7b42664adab4dfa31963a8b7c2 (127.18.222.2:37907): delete failed for tablet de8606c55a2e478bb968edb59bf5140f because the tablet was not found. No further retry: Not found: Tablet not found: de8606c55a2e478bb968edb59bf5140f
I0918 20:39:20.029052 25897 tablet_replica.cc:273] T de8606c55a2e478bb968edb59bf5140f P c8bf460a227d45cabebe5bcdb8771950: stopping tablet replica
I0918 20:39:20.029774 25897 raft_consensus.cc:2147] T de8606c55a2e478bb968edb59bf5140f P c8bf460a227d45cabebe5bcdb8771950 [term 1 FOLLOWER]: Raft consensus shutting down.
I0918 20:39:20.030303 25897 raft_consensus.cc:2174] T de8606c55a2e478bb968edb59bf5140f P c8bf460a227d45cabebe5bcdb8771950 [term 1 FOLLOWER]: Raft consensus is shut down!
I0918 20:39:20.034535 25897 ts_tablet_manager.cc:1440] T de8606c55a2e478bb968edb59bf5140f P c8bf460a227d45cabebe5bcdb8771950: Deleting tablet data with delete state TABLET_DATA_DELETED
I0918 20:39:20.090879 25897 ts_tablet_manager.cc:1453] T de8606c55a2e478bb968edb59bf5140f P c8bf460a227d45cabebe5bcdb8771950: tablet deleted with delete type TABLET_DATA_DELETED: last-logged OpId 1.1
I0918 20:39:20.091279 25897 log.cc:990] T de8606c55a2e478bb968edb59bf5140f P c8bf460a227d45cabebe5bcdb8771950: Deleting WAL directory at /tmp/dist-test-task6lCVqo/test-tmp/ksck_remote-test.0.RemoteKsckTest.TestFilterOnNoTableCluster.1568839089958813-19320/minicluster-data/ts-0-root/wals/de8606c55a2e478bb968edb59bf5140f
I0918 20:39:20.092411 25897 ts_tablet_manager.cc:1474] T de8606c55a2e478bb968edb59bf5140f P c8bf460a227d45cabebe5bcdb8771950: Deleting consensus metadata
I0918 20:39:20.098321 25554 catalog_manager.cc:3501] TS c8bf460a227d45cabebe5bcdb8771950 (127.18.222.1:45671): tablet de8606c55a2e478bb968edb59bf5140f (table ksck-test-table [id=714964d98e494182ad5e27022fe25fcf]) successfully deleted
W0918 20:39:20.099010 25554 catalog_manager.cc:3481] TS c8bf460a227d45cabebe5bcdb8771950 (127.18.222.1:45671): delete failed for tablet de8606c55a2e478bb968edb59bf5140f because the tablet was not found. No further retry: Not found: Tablet not found: de8606c55a2e478bb968edb59bf5140f
W0918 20:39:20.099654 25554 catalog_manager.cc:3481] TS c8bf460a227d45cabebe5bcdb8771950 (127.18.222.1:45671): delete failed for tablet de8606c55a2e478bb968edb59bf5140f because the tablet was not found. No further retry: Not found: Tablet not found: de8606c55a2e478bb968edb59bf5140f
I0918 20:39:20.359112 19320 tablet_server.cc:155] TabletServer shutting down...
I0918 20:39:20.429292 19320 ts_tablet_manager.cc:1159] Shutting down tablet manager...
I0918 20:39:20.443343 19320 tablet_server.cc:169] TabletServer shutdown complete.
I0918 20:39:20.443552 19320 tablet_server.cc:155] TabletServer shutting down...
I0918 20:39:20.443974 19320 tablet_server.cc:169] TabletServer shutdown complete.
I0918 20:39:20.457408 19320 tablet_server.cc:155] TabletServer shutting down...
I0918 20:39:20.492368 19320 ts_tablet_manager.cc:1159] Shutting down tablet manager...
I0918 20:39:20.512495 19320 tablet_server.cc:169] TabletServer shutdown complete.
I0918 20:39:20.512856 19320 tablet_server.cc:155] TabletServer shutting down...
I0918 20:39:20.513411 19320 tablet_server.cc:169] TabletServer shutdown complete.
I0918 20:39:20.525717 19320 tablet_server.cc:155] TabletServer shutting down...
I0918 20:39:20.560360 19320 ts_tablet_manager.cc:1159] Shutting down tablet manager...
I0918 20:39:20.576310 19320 tablet_server.cc:169] TabletServer shutdown complete.
I0918 20:39:20.576508 19320 tablet_server.cc:155] TabletServer shutting down...
I0918 20:39:20.576894 19320 tablet_server.cc:169] TabletServer shutdown complete.
I0918 20:39:20.588063 19320 master.cc:247] Master@127.18.222.62:36069 shutting down...
I0918 20:39:20.604604 19320 raft_consensus.cc:2147] T 00000000000000000000000000000000 P b8424e7d64a648f3952fd83c45ad7fc4 [term 1 FOLLOWER]: Raft consensus shutting down.
I0918 20:39:20.605008 19320 raft_consensus.cc:2174] T 00000000000000000000000000000000 P b8424e7d64a648f3952fd83c45ad7fc4 [term 1 FOLLOWER]: Raft consensus is shut down!
I0918 20:39:20.605254 19320 tablet_replica.cc:273] T 00000000000000000000000000000000 P b8424e7d64a648f3952fd83c45ad7fc4: stopping tablet replica
I0918 20:39:20.623760 19320 master.cc:258] Master@127.18.222.62:36069 shutdown complete.
I0918 20:39:20.633833 19320 master.cc:247] Master@127.18.222.61:38137 shutting down...
I0918 20:39:20.651280 19320 raft_consensus.cc:2147] T 00000000000000000000000000000000 P 5f649e2399b743d9a53a42952539e941 [term 1 FOLLOWER]: Raft consensus shutting down.
I0918 20:39:20.651655 19320 raft_consensus.cc:2174] T 00000000000000000000000000000000 P 5f649e2399b743d9a53a42952539e941 [term 1 FOLLOWER]: Raft consensus is shut down!
I0918 20:39:20.651968 19320 tablet_replica.cc:273] T 00000000000000000000000000000000 P 5f649e2399b743d9a53a42952539e941: stopping tablet replica
I0918 20:39:20.669979 19320 master.cc:258] Master@127.18.222.61:38137 shutdown complete.
I0918 20:39:20.681376 19320 master.cc:247] Master@127.18.222.60:41641 shutting down...
I0918 20:39:20.701153 19320 raft_consensus.cc:2147] T 00000000000000000000000000000000 P d38eb92d8be54a50953dc5aed9dc8c62 [term 1 LEADER]: Raft consensus shutting down.
I0918 20:39:20.701943 19320 raft_consensus.cc:2174] T 00000000000000000000000000000000 P d38eb92d8be54a50953dc5aed9dc8c62 [term 1 FOLLOWER]: Raft consensus is shut down!
I0918 20:39:20.702204 19320 tablet_replica.cc:273] T 00000000000000000000000000000000 P d38eb92d8be54a50953dc5aed9dc8c62: stopping tablet replica
I0918 20:39:20.721235 19320 master.cc:258] Master@127.18.222.60:41641 shutdown complete. [ OK ] RemoteKsckTest.TestFilterOnNoTableCluster (3311 ms) [ RUN ] RemoteKsckTest.TestNonMatchingTableFilter
I0918 20:39:20.754408 19320 test_util.cc:212] Using random seed: -723324722
I0918 20:39:20.755146 19320 internal_mini_cluster.cc:146] Creating distributed mini masters. Addrs: 127.18.222.62:34959,127.18.222.61:43721,127.18.222.60:33177
I0918 20:39:20.767192 19320 system_ntp.cc:193] NTP initialized. Skew: 500ppm Current error: 157592us
I0918 20:39:20.767582 19320 fs_manager.cc:263] Metadata directory not provided
I0918 20:39:20.767925 19320 fs_manager.cc:269] Using write-ahead log directory (fs_wal_dir) as metadata directory
I0918 20:39:20.768141 19320 server_base.cc:452] Could not load existing FS layout: Not found: could not find a healthy instance file
I0918 20:39:20.768267 19320 server_base.cc:453] Attempting to create new FS layout instead
I0918 20:39:20.769268 19320 fs_manager.cc:602] Generated new instance metadata in path /tmp/dist-test-task6lCVqo/test-tmp/ksck_remote-test.0.RemoteKsckTest.TestNonMatchingTableFilter.1568839089958813-19320/minicluster-data/master-0-root/instance: uuid: "b27de89bfdca4ef4a3baf93a01c8d303" format_stamp: "Formatted at 2019-09-18 20:39:20 on dist-test-slave-dist-test-slave-85lk"
I0918 20:39:20.777644 19320 fs_manager.cc:503] Time spent creating directory manager: real 0.008s user 0.008s sys 0.001s
I0918 20:39:20.779069 19320 file_cache.cc:465] Constructed file cache lbm with capacity 419430
I0918 20:39:20.785948 19320 fs_manager.cc:419] Time spent opening block manager: real 0.001s user 0.001s sys 0.000s
I0918 20:39:20.786126 19320 fs_manager.cc:436] Opened local filesystem: /tmp/dist-test-task6lCVqo/test-tmp/ksck_remote-test.0.RemoteKsckTest.TestNonMatchingTableFilter.1568839089958813-19320/minicluster-data/master-0-root uuid: "b27de89bfdca4ef4a3baf93a01c8d303" format_stamp: "Formatted at 2019-09-18 20:39:20 on dist-test-slave-dist-test-slave-85lk"
I0918 20:39:20.786417 19320 fs_report.cc:352] FS layout report -------------------- wal directory: /tmp/dist-test-task6lCVqo/test-tmp/ksck_remote-test.0.RemoteKsckTest.TestNonMatchingTableFilter.1568839089958813-19320/minicluster-data/master-0-root metadata directory: /tmp/dist-test-task6lCVqo/test-tmp/ksck_remote-test.0.RemoteKsckTest.TestNonMatchingTableFilter.1568839089958813-19320/minicluster-data/master-0-root 1 data directories: /tmp/dist-test-task6lCVqo/test-tmp/ksck_remote-test.0.RemoteKsckTest.TestNonMatchingTableFilter.1568839089958813-19320/minicluster-data/master-0-root/data Total live blocks: 0 Total live bytes: 0 Total live bytes (after alignment): 0 Total number of LBM containers: 0 (0 full) Did not check for missing blocks Did not check for orphaned blocks Total full LBM containers with extra space: 0 (0 repaired) Total full LBM container extra space in bytes: 0 (0 repaired) Total incomplete LBM containers: 0 (0 repaired) Total LBM partial records: 0 (0 repaired)
I0918 20:39:20.863281 19320 rpc_server.cc:205] RPC server started. Bound to: 127.18.222.62:34959
I0918 20:39:20.865561 19320 webserver.cc:374] Webserver started at http://127.18.222.62:38271/ using document root and password file
I0918 20:39:20.867983 25992 data_dirs.cc:939] Could only allocate 1 dirs of requested 3 for tablet 00000000000000000000000000000000. 1 dirs total, 0 dirs full, 0 dirs failed
I0918 20:39:20.876080 25992 sys_catalog.cc:307] member_type: VOTER last_known_addr { host: "127.18.222.62" port: 34959 } has no permanent_uuid. Determining permanent_uuid...
I0918 20:39:20.886466 19320 system_ntp.cc:193] NTP initialized. Skew: 500ppm Current error: 157592us
I0918 20:39:20.887181 19320 fs_manager.cc:263] Metadata directory not provided
I0918 20:39:20.887447 19320 fs_manager.cc:269] Using write-ahead log directory (fs_wal_dir) as metadata directory
I0918 20:39:20.889816 19320 server_base.cc:452] Could not load existing FS layout: Not found: could not find a healthy instance file
I0918 20:39:20.890063 19320 server_base.cc:453] Attempting to create new FS layout instead
I0918 20:39:20.891530 19320 fs_manager.cc:602] Generated new instance metadata in path /tmp/dist-test-task6lCVqo/test-tmp/ksck_remote-test.0.RemoteKsckTest.TestNonMatchingTableFilter.1568839089958813-19320/minicluster-data/master-1-root/instance: uuid: "b1328916d51a41baa01800e39f6e6ad2" format_stamp: "Formatted at 2019-09-18 20:39:20 on dist-test-slave-dist-test-slave-85lk"
I0918 20:39:20.900817 25992 sys_catalog.cc:307] member_type: VOTER last_known_addr { host: "127.18.222.61" port: 43721 } has no permanent_uuid. Determining permanent_uuid...
W0918 20:39:20.903216 25992 consensus_peers.cc:607] Error getting permanent uuid from config peer 127.18.222.61:43721: Network error: Client connection negotiation failed: client connection to 127.18.222.61:43721: connect: Connection refused (error 111)
I0918 20:39:20.905355 19320 fs_manager.cc:503] Time spent creating directory manager: real 0.013s user 0.004s sys 0.009s
I0918 20:39:20.907125 19320 file_cache.cc:465] Constructed file cache lbm with capacity 419430
I0918 20:39:20.915303 19320 fs_manager.cc:419] Time spent opening block manager: real 0.002s user 0.001s sys 0.000s
I0918 20:39:20.915516 19320 fs_manager.cc:436] Opened local filesystem: /tmp/dist-test-task6lCVqo/test-tmp/ksck_remote-test.0.RemoteKsckTest.TestNonMatchingTableFilter.1568839089958813-19320/minicluster-data/master-1-root uuid: "b1328916d51a41baa01800e39f6e6ad2" format_stamp: "Formatted at 2019-09-18 20:39:20 on dist-test-slave-dist-test-slave-85lk"
