I0918 20:39:21.833863 26337 heartbeater.cc:406] Registering TS with master...
I0918 20:39:21.834431 26337 heartbeater.cc:455] Master 127.18.222.60:33177 requested a full tablet report, sending...
I0918 20:39:21.837127 26073 ts_manager.cc:186] Registered new tserver with Master: 4462c4818a1647ef9513032e7213c193 (127.18.222.3:39999)
I0918 20:39:21.840556 26338 heartbeater.cc:322] Connected to a master server at 127.18.222.61:43721
I0918 20:39:21.840859 26338 heartbeater.cc:406] Registering TS with master...
I0918 20:39:21.841428 26338 heartbeater.cc:455] Master 127.18.222.61:43721 requested a full tablet report, sending...
I0918 20:39:21.843775 26015 ts_manager.cc:186] Registered new tserver with Master: 4462c4818a1647ef9513032e7213c193 (127.18.222.3:39999)
I0918 20:39:21.844954 26339 heartbeater.cc:322] Connected to a master server at 127.18.222.62:34959
I0918 20:39:21.845444 26339 heartbeater.cc:406] Registering TS with master...
I0918 20:39:21.846094 26339 heartbeater.cc:455] Master 127.18.222.62:34959 requested a full tablet report, sending...
I0918 20:39:21.846285 26015 master_service.cc:276] Signed X509 certificate for tserver {username='slave'} at 127.0.0.1:34016
I0918 20:39:21.848892 25957 ts_manager.cc:186] Registered new tserver with Master: 4462c4818a1647ef9513032e7213c193 (127.18.222.3:39999)
I0918 20:39:21.848913 19320 internal_mini_cluster.cc:328] 3 TS(s) registered with all masters after 0.042536014s
I0918 20:39:21.860182 26338 heartbeater.cc:447] Master 127.18.222.61:43721 was elected leader, sending a full tablet report...
I0918 20:39:21.924387 26015 catalog_manager.cc:1451] Servicing CreateTable request from {username='slave'} at 127.0.0.1:34022: name: "ksck-test-table" schema { columns { name: "key" type: INT32 is_key: true is_nullable: false encoding: AUTO_ENCODING compression: DEFAULT_COMPRESSION cfile_block_size: 0 } columns { name: "int_val" type: INT32 is_key: false is_nullable: false encoding: AUTO_ENCODING compression: DEFAULT_COMPRESSION cfile_block_size: 0 } } num_replicas: 3 split_rows_range_bounds { rows: "\004\001\n\000\000\000\004\001\024\000\000\000" } partition_schema { range_schema { columns { name: "key" } } }
W0918 20:39:21.925886 26015 catalog_manager.cc:1616] The number of live tablet servers is not enough to re-replicate a tablet replica of the newly created table ksck-test-table in case of a server failure: 4 tablet servers would be needed, 3 are available. Consider bringing up more tablet servers.
I0918 20:39:22.065575 26304 tablet_service.cc:1022] Processing CreateTablet for tablet 3cf1523b639146c29bbf465d50405209 (table=ksck-test-table [id=25a2e165edef4726b9f859fc6c4922bb]), partition=RANGE (key) PARTITION VALUES < 10
I0918 20:39:22.066651 26304 data_dirs.cc:939] Could only allocate 1 dirs of requested 3 for tablet 3cf1523b639146c29bbf465d50405209. 1 dirs total, 0 dirs full, 0 dirs failed
I0918 20:39:22.068461 26303 tablet_service.cc:1022] Processing CreateTablet for tablet fe1a99b16020484a88a8f7888095479a (table=ksck-test-table [id=25a2e165edef4726b9f859fc6c4922bb]), partition=RANGE (key) PARTITION 10 <= VALUES < 20
I0918 20:39:22.069519 26303 data_dirs.cc:939] Could only allocate 1 dirs of requested 3 for tablet fe1a99b16020484a88a8f7888095479a. 1 dirs total, 0 dirs full, 0 dirs failed
I0918 20:39:22.072543 26302 tablet_service.cc:1022] Processing CreateTablet for tablet 891bd0a07cc944bfb77b70deae4de632 (table=ksck-test-table [id=25a2e165edef4726b9f859fc6c4922bb]), partition=RANGE (key) PARTITION VALUES >= 20
I0918 20:39:22.073638 26302 data_dirs.cc:939] Could only allocate 1 dirs of requested 3 for tablet 891bd0a07cc944bfb77b70deae4de632. 1 dirs total, 0 dirs full, 0 dirs failed
I0918 20:39:22.098830 26221 tablet_service.cc:1022] Processing CreateTablet for tablet 3cf1523b639146c29bbf465d50405209 (table=ksck-test-table [id=25a2e165edef4726b9f859fc6c4922bb]), partition=RANGE (key) PARTITION VALUES < 10
I0918 20:39:22.104542 26221 data_dirs.cc:939] Could only allocate 1 dirs of requested 3 for tablet 3cf1523b639146c29bbf465d50405209. 1 dirs total, 0 dirs full, 0 dirs failed
I0918 20:39:22.104822 26220 tablet_service.cc:1022] Processing CreateTablet for tablet fe1a99b16020484a88a8f7888095479a (table=ksck-test-table [id=25a2e165edef4726b9f859fc6c4922bb]), partition=RANGE (key) PARTITION 10 <= VALUES < 20
I0918 20:39:22.105877 26220 data_dirs.cc:939] Could only allocate 1 dirs of requested 3 for tablet fe1a99b16020484a88a8f7888095479a. 1 dirs total, 0 dirs full, 0 dirs failed
I0918 20:39:22.105983 26150 tablet_service.cc:1022] Processing CreateTablet for tablet 3cf1523b639146c29bbf465d50405209 (table=ksck-test-table [id=25a2e165edef4726b9f859fc6c4922bb]), partition=RANGE (key) PARTITION VALUES < 10
I0918 20:39:22.106806 26150 data_dirs.cc:939] Could only allocate 1 dirs of requested 3 for tablet 3cf1523b639146c29bbf465d50405209. 1 dirs total, 0 dirs full, 0 dirs failed
I0918 20:39:22.108427 26148 tablet_service.cc:1022] Processing CreateTablet for tablet 891bd0a07cc944bfb77b70deae4de632 (table=ksck-test-table [id=25a2e165edef4726b9f859fc6c4922bb]), partition=RANGE (key) PARTITION VALUES >= 20
I0918 20:39:22.109386 26148 data_dirs.cc:939] Could only allocate 1 dirs of requested 3 for tablet 891bd0a07cc944bfb77b70deae4de632. 1 dirs total, 0 dirs full, 0 dirs failed
I0918 20:39:22.110270 26149 tablet_service.cc:1022] Processing CreateTablet for tablet fe1a99b16020484a88a8f7888095479a (table=ksck-test-table [id=25a2e165edef4726b9f859fc6c4922bb]), partition=RANGE (key) PARTITION 10 <= VALUES < 20
I0918 20:39:22.111142 26149 data_dirs.cc:939] Could only allocate 1 dirs of requested 3 for tablet fe1a99b16020484a88a8f7888095479a. 1 dirs total, 0 dirs full, 0 dirs failed
I0918 20:39:22.112324 26219 tablet_service.cc:1022] Processing CreateTablet for tablet 891bd0a07cc944bfb77b70deae4de632 (table=ksck-test-table [id=25a2e165edef4726b9f859fc6c4922bb]), partition=RANGE (key) PARTITION VALUES >= 20
I0918 20:39:22.113379 26219 data_dirs.cc:939] Could only allocate 1 dirs of requested 3 for tablet 891bd0a07cc944bfb77b70deae4de632. 1 dirs total, 0 dirs full, 0 dirs failed
I0918 20:39:22.206954 26358 tablet_bootstrap.cc:439] T fe1a99b16020484a88a8f7888095479a P 4462c4818a1647ef9513032e7213c193: Bootstrap starting.
I0918 20:39:22.216033 26358 tablet_bootstrap.cc:590] T fe1a99b16020484a88a8f7888095479a P 4462c4818a1647ef9513032e7213c193: No blocks or log segments found. Creating new log.
I0918 20:39:22.220398 26359 tablet_bootstrap.cc:439] T fe1a99b16020484a88a8f7888095479a P 184d7d5558a34378a172945529659ee6: Bootstrap starting.
I0918 20:39:22.228643 26114 catalog_manager.cc:1153] T 00000000000000000000000000000000 P 3026503f76814232b3a196172349ca5c: acquiring CA information for follower catalog manager: success
I0918 20:39:22.237409 26114 catalog_manager.cc:1181] T 00000000000000000000000000000000 P 3026503f76814232b3a196172349ca5c: importing token verification keys for follower catalog manager: success; most recent TSK sequence number 0
I0918 20:39:22.238054 26359 tablet_bootstrap.cc:590] T fe1a99b16020484a88a8f7888095479a P 184d7d5558a34378a172945529659ee6: No blocks or log segments found. Creating new log.
I0918 20:39:22.243443 26360 tablet_bootstrap.cc:439] T 3cf1523b639146c29bbf465d50405209 P bd6134f31529493282c7cf50de21bfc3: Bootstrap starting.
I0918 20:39:22.248011 26358 tablet_bootstrap.cc:439] T fe1a99b16020484a88a8f7888095479a P 4462c4818a1647ef9513032e7213c193: No bootstrap required, opened a new log
I0918 20:39:22.261396 26358 ts_tablet_manager.cc:1085] T fe1a99b16020484a88a8f7888095479a P 4462c4818a1647ef9513032e7213c193: Time spent bootstrapping tablet: real 0.055s user 0.009s sys 0.000s
I0918 20:39:22.247474 26115 catalog_manager.cc:1153] T 00000000000000000000000000000000 P b27de89bfdca4ef4a3baf93a01c8d303: acquiring CA information for follower catalog manager: success
I0918 20:39:22.263490 26358 raft_consensus.cc:340] T fe1a99b16020484a88a8f7888095479a P 4462c4818a1647ef9513032e7213c193 [term 0 FOLLOWER]: Replica starting. Triggering 0 pending transactions. Active config: opid_index: -1 OBSOLETE_local: false peers { permanent_uuid: "184d7d5558a34378a172945529659ee6" member_type: VOTER last_known_addr { host: "127.18.222.1" port: 46755 } } peers { permanent_uuid: "bd6134f31529493282c7cf50de21bfc3" member_type: VOTER last_known_addr { host: "127.18.222.2" port: 34567 } } peers { permanent_uuid: "4462c4818a1647ef9513032e7213c193" member_type: VOTER last_known_addr { host: "127.18.222.3" port: 39999 } }
I0918 20:39:22.265017 26358 raft_consensus.cc:366] T fe1a99b16020484a88a8f7888095479a P 4462c4818a1647ef9513032e7213c193 [term 0 FOLLOWER]: Consensus starting up: Expiring failure detector timer to make a prompt election more likely
I0918 20:39:22.265362 26358 raft_consensus.cc:705] T fe1a99b16020484a88a8f7888095479a P 4462c4818a1647ef9513032e7213c193 [term 0 FOLLOWER]: Becoming Follower/Learner. State: Replica: 4462c4818a1647ef9513032e7213c193, State: Initialized, Role: FOLLOWER
I0918 20:39:22.265630 26360 tablet_bootstrap.cc:590] T 3cf1523b639146c29bbf465d50405209 P bd6134f31529493282c7cf50de21bfc3: No blocks or log segments found. Creating new log.
I0918 20:39:22.266201 26358 consensus_queue.cc:229] T fe1a99b16020484a88a8f7888095479a P 4462c4818a1647ef9513032e7213c193 [NON_LEADER]: Queue going to NON_LEADER mode. State: All replicated index: 0, Majority replicated index: 0, Committed index: 0, Last appended: 0.0, Last appended by leader: 0, Current term: 0, Majority size: -1, State: 0, Mode: NON_LEADER, active raft config: opid_index: -1 OBSOLETE_local: false peers { permanent_uuid: "184d7d5558a34378a172945529659ee6" member_type: VOTER last_known_addr { host: "127.18.222.1" port: 46755 } } peers { permanent_uuid: "bd6134f31529493282c7cf50de21bfc3" member_type: VOTER last_known_addr { host: "127.18.222.2" port: 34567 } } peers { permanent_uuid: "4462c4818a1647ef9513032e7213c193" member_type: VOTER last_known_addr { host: "127.18.222.3" port: 39999 } }
I0918 20:39:22.268940 26358 ts_tablet_manager.cc:1113] T fe1a99b16020484a88a8f7888095479a P 4462c4818a1647ef9513032e7213c193: Time spent starting tablet: real 0.007s user 0.006s sys 0.000s
I0918 20:39:22.269692 26115 catalog_manager.cc:1181] T 00000000000000000000000000000000 P b27de89bfdca4ef4a3baf93a01c8d303: importing token verification keys for follower catalog manager: success; most recent TSK sequence number 0
I0918 20:39:22.269783 26358 tablet_bootstrap.cc:439] T 3cf1523b639146c29bbf465d50405209 P 4462c4818a1647ef9513032e7213c193: Bootstrap starting.
I0918 20:39:22.280292 26358 tablet_bootstrap.cc:590] T 3cf1523b639146c29bbf465d50405209 P 4462c4818a1647ef9513032e7213c193: No blocks or log segments found. Creating new log.
I0918 20:39:22.283200 26359 tablet_bootstrap.cc:439] T fe1a99b16020484a88a8f7888095479a P 184d7d5558a34378a172945529659ee6: No bootstrap required, opened a new log
I0918 20:39:22.283754 26359 ts_tablet_manager.cc:1085] T fe1a99b16020484a88a8f7888095479a P 184d7d5558a34378a172945529659ee6: Time spent bootstrapping tablet: real 0.064s user 0.005s sys 0.012s
I0918 20:39:22.286145 26359 raft_consensus.cc:340] T fe1a99b16020484a88a8f7888095479a P 184d7d5558a34378a172945529659ee6 [term 0 FOLLOWER]: Replica starting. Triggering 0 pending transactions. Active config: opid_index: -1 OBSOLETE_local: false peers { permanent_uuid: "184d7d5558a34378a172945529659ee6" member_type: VOTER last_known_addr { host: "127.18.222.1" port: 46755 } } peers { permanent_uuid: "bd6134f31529493282c7cf50de21bfc3" member_type: VOTER last_known_addr { host: "127.18.222.2" port: 34567 } } peers { permanent_uuid: "4462c4818a1647ef9513032e7213c193" member_type: VOTER last_known_addr { host: "127.18.222.3" port: 39999 } }
I0918 20:39:22.286936 26359 raft_consensus.cc:366] T fe1a99b16020484a88a8f7888095479a P 184d7d5558a34378a172945529659ee6 [term 0 FOLLOWER]: Consensus starting up: Expiring failure detector timer to make a prompt election more likely
I0918 20:39:22.287219 26359 raft_consensus.cc:705] T fe1a99b16020484a88a8f7888095479a P 184d7d5558a34378a172945529659ee6 [term 0 FOLLOWER]: Becoming Follower/Learner. State: Replica: 184d7d5558a34378a172945529659ee6, State: Initialized, Role: FOLLOWER
I0918 20:39:22.288079 26359 consensus_queue.cc:229] T fe1a99b16020484a88a8f7888095479a P 184d7d5558a34378a172945529659ee6 [NON_LEADER]: Queue going to NON_LEADER mode. State: All replicated index: 0, Majority replicated index: 0, Committed index: 0, Last appended: 0.0, Last appended by leader: 0, Current term: 0, Majority size: -1, State: 0, Mode: NON_LEADER, active raft config: opid_index: -1 OBSOLETE_local: false peers { permanent_uuid: "184d7d5558a34378a172945529659ee6" member_type: VOTER last_known_addr { host: "127.18.222.1" port: 46755 } } peers { permanent_uuid: "bd6134f31529493282c7cf50de21bfc3" member_type: VOTER last_known_addr { host: "127.18.222.2" port: 34567 } } peers { permanent_uuid: "4462c4818a1647ef9513032e7213c193" member_type: VOTER last_known_addr { host: "127.18.222.3" port: 39999 } }
I0918 20:39:22.297521 26358 tablet_bootstrap.cc:439] T 3cf1523b639146c29bbf465d50405209 P 4462c4818a1647ef9513032e7213c193: No bootstrap required, opened a new log
I0918 20:39:22.298265 26358 ts_tablet_manager.cc:1085] T 3cf1523b639146c29bbf465d50405209 P 4462c4818a1647ef9513032e7213c193: Time spent bootstrapping tablet: real 0.029s user 0.010s sys 0.000s
I0918 20:39:22.298710 26360 tablet_bootstrap.cc:439] T 3cf1523b639146c29bbf465d50405209 P bd6134f31529493282c7cf50de21bfc3: No bootstrap required, opened a new log
I0918 20:39:22.299341 26360 ts_tablet_manager.cc:1085] T 3cf1523b639146c29bbf465d50405209 P bd6134f31529493282c7cf50de21bfc3: Time spent bootstrapping tablet: real 0.056s user 0.004s sys 0.009s
I0918 20:39:22.316476 26359 ts_tablet_manager.cc:1113] T fe1a99b16020484a88a8f7888095479a P 184d7d5558a34378a172945529659ee6: Time spent starting tablet: real 0.025s user 0.006s sys 0.011s
I0918 20:39:22.317728 26359 tablet_bootstrap.cc:439] T 3cf1523b639146c29bbf465d50405209 P 184d7d5558a34378a172945529659ee6: Bootstrap starting.
I0918 20:39:22.318785 26360 raft_consensus.cc:340] T 3cf1523b639146c29bbf465d50405209 P bd6134f31529493282c7cf50de21bfc3 [term 0 FOLLOWER]: Replica starting. Triggering 0 pending transactions. Active config: opid_index: -1 OBSOLETE_local: false peers { permanent_uuid: "4462c4818a1647ef9513032e7213c193" member_type: VOTER last_known_addr { host: "127.18.222.3" port: 39999 } } peers { permanent_uuid: "bd6134f31529493282c7cf50de21bfc3" member_type: VOTER last_known_addr { host: "127.18.222.2" port: 34567 } } peers { permanent_uuid: "184d7d5558a34378a172945529659ee6" member_type: VOTER last_known_addr { host: "127.18.222.1" port: 46755 } }
I0918 20:39:22.319999 26360 raft_consensus.cc:366] T 3cf1523b639146c29bbf465d50405209 P bd6134f31529493282c7cf50de21bfc3 [term 0 FOLLOWER]: Consensus starting up: Expiring failure detector timer to make a prompt election more likely
I0918 20:39:22.320279 26360 raft_consensus.cc:705] T 3cf1523b639146c29bbf465d50405209 P bd6134f31529493282c7cf50de21bfc3 [term 0 FOLLOWER]: Becoming Follower/Learner. State: Replica: bd6134f31529493282c7cf50de21bfc3, State: Initialized, Role: FOLLOWER
I0918 20:39:22.321130 26360 consensus_queue.cc:229] T 3cf1523b639146c29bbf465d50405209 P bd6134f31529493282c7cf50de21bfc3 [NON_LEADER]: Queue going to NON_LEADER mode. State: All replicated index: 0, Majority replicated index: 0, Committed index: 0, Last appended: 0.0, Last appended by leader: 0, Current term: 0, Majority size: -1, State: 0, Mode: NON_LEADER, active raft config: opid_index: -1 OBSOLETE_local: false peers { permanent_uuid: "4462c4818a1647ef9513032e7213c193" member_type: VOTER last_known_addr { host: "127.18.222.3" port: 39999 } } peers { permanent_uuid: "bd6134f31529493282c7cf50de21bfc3" member_type: VOTER last_known_addr { host: "127.18.222.2" port: 34567 } } peers { permanent_uuid: "184d7d5558a34378a172945529659ee6" member_type: VOTER last_known_addr { host: "127.18.222.1" port: 46755 } }
I0918 20:39:22.324956 26359 tablet_bootstrap.cc:590] T 3cf1523b639146c29bbf465d50405209 P 184d7d5558a34378a172945529659ee6: No blocks or log segments found. Creating new log.
I0918 20:39:22.328986 26366 raft_consensus.cc:472] T fe1a99b16020484a88a8f7888095479a P 184d7d5558a34378a172945529659ee6 [term 0 FOLLOWER]: Starting pre-election (no leader contacted us within the election timeout)
I0918 20:39:22.330737 26366 raft_consensus.cc:494] T fe1a99b16020484a88a8f7888095479a P 184d7d5558a34378a172945529659ee6 [term 0 FOLLOWER]: Starting pre-election with config: opid_index: -1 OBSOLETE_local: false peers { permanent_uuid: "184d7d5558a34378a172945529659ee6" member_type: VOTER last_known_addr { host: "127.18.222.1" port: 46755 } } peers { permanent_uuid: "bd6134f31529493282c7cf50de21bfc3" member_type: VOTER last_known_addr { host: "127.18.222.2" port: 34567 } } peers { permanent_uuid: "4462c4818a1647ef9513032e7213c193" member_type: VOTER last_known_addr { host: "127.18.222.3" port: 39999 } }
I0918 20:39:22.332932 26358 raft_consensus.cc:340] T 3cf1523b639146c29bbf465d50405209 P 4462c4818a1647ef9513032e7213c193 [term 0 FOLLOWER]: Replica starting. Triggering 0 pending transactions. Active config: opid_index: -1 OBSOLETE_local: false peers { permanent_uuid: "4462c4818a1647ef9513032e7213c193" member_type: VOTER last_known_addr { host: "127.18.222.3" port: 39999 } } peers { permanent_uuid: "bd6134f31529493282c7cf50de21bfc3" member_type: VOTER last_known_addr { host: "127.18.222.2" port: 34567 } } peers { permanent_uuid: "184d7d5558a34378a172945529659ee6" member_type: VOTER last_known_addr { host: "127.18.222.1" port: 46755 } }
I0918 20:39:22.333926 26358 raft_consensus.cc:366] T 3cf1523b639146c29bbf465d50405209 P 4462c4818a1647ef9513032e7213c193 [term 0 FOLLOWER]: Consensus starting up: Expiring failure detector timer to make a prompt election more likely
I0918 20:39:22.334199 26358 raft_consensus.cc:705] T 3cf1523b639146c29bbf465d50405209 P 4462c4818a1647ef9513032e7213c193 [term 0 FOLLOWER]: Becoming Follower/Learner. State: Replica: 4462c4818a1647ef9513032e7213c193, State: Initialized, Role: FOLLOWER
I0918 20:39:22.335033 26358 consensus_queue.cc:229] T 3cf1523b639146c29bbf465d50405209 P 4462c4818a1647ef9513032e7213c193 [NON_LEADER]: Queue going to NON_LEADER mode. State: All replicated index: 0, Majority replicated index: 0, Committed index: 0, Last appended: 0.0, Last appended by leader: 0, Current term: 0, Majority size: -1, State: 0, Mode: NON_LEADER, active raft config: opid_index: -1 OBSOLETE_local: false peers { permanent_uuid: "4462c4818a1647ef9513032e7213c193" member_type: VOTER last_known_addr { host: "127.18.222.3" port: 39999 } } peers { permanent_uuid: "bd6134f31529493282c7cf50de21bfc3" member_type: VOTER last_known_addr { host: "127.18.222.2" port: 34567 } } peers { permanent_uuid: "184d7d5558a34378a172945529659ee6" member_type: VOTER last_known_addr { host: "127.18.222.1" port: 46755 } }
I0918 20:39:22.341689 26363 raft_consensus.cc:472] T fe1a99b16020484a88a8f7888095479a P 4462c4818a1647ef9513032e7213c193 [term 0 FOLLOWER]: Starting pre-election (no leader contacted us within the election timeout)
I0918 20:39:22.342178 26363 raft_consensus.cc:494] T fe1a99b16020484a88a8f7888095479a P 4462c4818a1647ef9513032e7213c193 [term 0 FOLLOWER]: Starting pre-election with config: opid_index: -1 OBSOLETE_local: false peers { permanent_uuid: "184d7d5558a34378a172945529659ee6" member_type: VOTER last_known_addr { host: "127.18.222.1" port: 46755 } } peers { permanent_uuid: "bd6134f31529493282c7cf50de21bfc3" member_type: VOTER last_known_addr { host: "127.18.222.2" port: 34567 } } peers { permanent_uuid: "4462c4818a1647ef9513032e7213c193" member_type: VOTER last_known_addr { host: "127.18.222.3" port: 39999 } }
I0918 20:39:22.354506 26358 ts_tablet_manager.cc:1113] T 3cf1523b639146c29bbf465d50405209 P 4462c4818a1647ef9513032e7213c193: Time spent starting tablet: real 0.056s user 0.006s sys 0.000s
I0918 20:39:22.348104 26366 leader_election.cc:296] T fe1a99b16020484a88a8f7888095479a P 184d7d5558a34378a172945529659ee6 [CANDIDATE]: Term 1 pre-election: Requested pre-vote from peers bd6134f31529493282c7cf50de21bfc3 (127.18.222.2:34567), 4462c4818a1647ef9513032e7213c193 (127.18.222.3:39999)
I0918 20:39:22.365520 26360 ts_tablet_manager.cc:1113] T 3cf1523b639146c29bbf465d50405209 P bd6134f31529493282c7cf50de21bfc3: Time spent starting tablet: real 0.066s user 0.005s sys 0.003s
I0918 20:39:22.365748 26363 leader_election.cc:296] T fe1a99b16020484a88a8f7888095479a P 4462c4818a1647ef9513032e7213c193 [CANDIDATE]: Term 1 pre-election: Requested pre-vote from peers 184d7d5558a34378a172945529659ee6 (127.18.222.1:46755), bd6134f31529493282c7cf50de21bfc3 (127.18.222.2:34567)
I0918 20:39:22.366955 26360 tablet_bootstrap.cc:439] T 891bd0a07cc944bfb77b70deae4de632 P bd6134f31529493282c7cf50de21bfc3: Bootstrap starting.
I0918 20:39:22.365072 26358 tablet_bootstrap.cc:439] T 891bd0a07cc944bfb77b70deae4de632 P 4462c4818a1647ef9513032e7213c193: Bootstrap starting.
I0918 20:39:22.389163 26359 tablet_bootstrap.cc:439] T 3cf1523b639146c29bbf465d50405209 P 184d7d5558a34378a172945529659ee6: No bootstrap required, opened a new log
I0918 20:39:22.390017 26359 ts_tablet_manager.cc:1085] T 3cf1523b639146c29bbf465d50405209 P 184d7d5558a34378a172945529659ee6: Time spent bootstrapping tablet: real 0.072s user 0.008s sys 0.006s
I0918 20:39:22.401405 26359 raft_consensus.cc:340] T 3cf1523b639146c29bbf465d50405209 P 184d7d5558a34378a172945529659ee6 [term 0 FOLLOWER]: Replica starting. Triggering 0 pending transactions. Active config: opid_index: -1 OBSOLETE_local: false peers { permanent_uuid: "4462c4818a1647ef9513032e7213c193" member_type: VOTER last_known_addr { host: "127.18.222.3" port: 39999 } } peers { permanent_uuid: "bd6134f31529493282c7cf50de21bfc3" member_type: VOTER last_known_addr { host: "127.18.222.2" port: 34567 } } peers { permanent_uuid: "184d7d5558a34378a172945529659ee6" member_type: VOTER last_known_addr { host: "127.18.222.1" port: 46755 } }
I0918 20:39:22.402549 26359 raft_consensus.cc:366] T 3cf1523b639146c29bbf465d50405209 P 184d7d5558a34378a172945529659ee6 [term 0 FOLLOWER]: Consensus starting up: Expiring failure detector timer to make a prompt election more likely
I0918 20:39:22.402885 26359 raft_consensus.cc:705] T 3cf1523b639146c29bbf465d50405209 P 184d7d5558a34378a172945529659ee6 [term 0 FOLLOWER]: Becoming Follower/Learner. State: Replica: 184d7d5558a34378a172945529659ee6, State: Initialized, Role: FOLLOWER
I0918 20:39:22.403765 26359 consensus_queue.cc:229] T 3cf1523b639146c29bbf465d50405209 P 184d7d5558a34378a172945529659ee6 [NON_LEADER]: Queue going to NON_LEADER mode. State: All replicated index: 0, Majority replicated index: 0, Committed index: 0, Last appended: 0.0, Last appended by leader: 0, Current term: 0, Majority size: -1, State: 0, Mode: NON_LEADER, active raft config: opid_index: -1 OBSOLETE_local: false peers { permanent_uuid: "4462c4818a1647ef9513032e7213c193" member_type: VOTER last_known_addr { host: "127.18.222.3" port: 39999 } } peers { permanent_uuid: "bd6134f31529493282c7cf50de21bfc3" member_type: VOTER last_known_addr { host: "127.18.222.2" port: 34567 } } peers { permanent_uuid: "184d7d5558a34378a172945529659ee6" member_type: VOTER last_known_addr { host: "127.18.222.1" port: 46755 } }
I0918 20:39:22.429672 26359 ts_tablet_manager.cc:1113] T 3cf1523b639146c29bbf465d50405209 P 184d7d5558a34378a172945529659ee6: Time spent starting tablet: real 0.039s user 0.006s sys 0.001s
I0918 20:39:22.439345 26359 tablet_bootstrap.cc:439] T 891bd0a07cc944bfb77b70deae4de632 P 184d7d5558a34378a172945529659ee6: Bootstrap starting.
I0918 20:39:22.449019 26360 tablet_bootstrap.cc:590] T 891bd0a07cc944bfb77b70deae4de632 P bd6134f31529493282c7cf50de21bfc3: No blocks or log segments found. Creating new log.
I0918 20:39:22.444963 26358 tablet_bootstrap.cc:590] T 891bd0a07cc944bfb77b70deae4de632 P 4462c4818a1647ef9513032e7213c193: No blocks or log segments found. Creating new log.
I0918 20:39:22.461426 26359 tablet_bootstrap.cc:590] T 891bd0a07cc944bfb77b70deae4de632 P 184d7d5558a34378a172945529659ee6: No blocks or log segments found. Creating new log.
I0918 20:39:22.494290 26358 tablet_bootstrap.cc:439] T 891bd0a07cc944bfb77b70deae4de632 P 4462c4818a1647ef9513032e7213c193: No bootstrap required, opened a new log
I0918 20:39:22.496758 26358 ts_tablet_manager.cc:1085] T 891bd0a07cc944bfb77b70deae4de632 P 4462c4818a1647ef9513032e7213c193: Time spent bootstrapping tablet: real 0.141s user 0.015s sys 0.000s
I0918 20:39:22.496568 26314 tablet_service.cc:1295] Received RequestConsensusVote() RPC: tablet_id: "fe1a99b16020484a88a8f7888095479a" candidate_uuid: "184d7d5558a34378a172945529659ee6" candidate_term: 1 candidate_status { last_received { term: 0 index: 0 } } ignore_live_leader: false dest_uuid: "4462c4818a1647ef9513032e7213c193" is_pre_election: true
I0918 20:39:22.497335 26314 raft_consensus.cc:2350] T fe1a99b16020484a88a8f7888095479a P 4462c4818a1647ef9513032e7213c193 [term 0 FOLLOWER]: Leader pre-election vote request: Granting yes vote for candidate 184d7d5558a34378a172945529659ee6 in term 0.
I0918 20:39:22.499462 26121 leader_election.cc:310] T fe1a99b16020484a88a8f7888095479a P 184d7d5558a34378a172945529659ee6 [CANDIDATE]: Term 1 pre-election: Election decided. Result: candidate won. Election summary: received 2 responses out of 3 voters: 2 yes votes; 0 no votes. yes voters: 184d7d5558a34378a172945529659ee6, 4462c4818a1647ef9513032e7213c193; no voters:
I0918 20:39:22.500421 26366 raft_consensus.cc:2644] T fe1a99b16020484a88a8f7888095479a P 184d7d5558a34378a172945529659ee6 [term 0 FOLLOWER]: Leader pre-election won for term 1
I0918 20:39:22.500721 26366 raft_consensus.cc:472] T fe1a99b16020484a88a8f7888095479a P 184d7d5558a34378a172945529659ee6 [term 0 FOLLOWER]: Starting leader election (no leader contacted us within the election timeout)
I0918 20:39:22.501003 26366 raft_consensus.cc:2890] T fe1a99b16020484a88a8f7888095479a P 184d7d5558a34378a172945529659ee6 [term 0 FOLLOWER]: Advancing to term 1
I0918 20:39:22.505959 26231 tablet_service.cc:1295] Received RequestConsensusVote() RPC: tablet_id: "fe1a99b16020484a88a8f7888095479a" candidate_uuid: "4462c4818a1647ef9513032e7213c193" candidate_term: 1 candidate_status { last_received { term: 0 index: 0 } } ignore_live_leader: false dest_uuid: "bd6134f31529493282c7cf50de21bfc3" is_pre_election: true
W0918 20:39:22.507635 26278 leader_election.cc:348] T fe1a99b16020484a88a8f7888095479a P 4462c4818a1647ef9513032e7213c193 [CANDIDATE]: Term 1 pre-election: Tablet error from VoteRequest() call to peer bd6134f31529493282c7cf50de21bfc3 (127.18.222.2:34567): Illegal state: must be running to vote when last-logged opid is not known
I0918 20:39:22.513782 26366 raft_consensus.cc:494] T fe1a99b16020484a88a8f7888095479a P 184d7d5558a34378a172945529659ee6 [term 1 FOLLOWER]: Starting leader election with config: opid_index: -1 OBSOLETE_local: false peers { permanent_uuid: "184d7d5558a34378a172945529659ee6" member_type: VOTER last_known_addr { host: "127.18.222.1" port: 46755 } } peers { permanent_uuid: "bd6134f31529493282c7cf50de21bfc3" member_type: VOTER last_known_addr { host: "127.18.222.2" port: 34567 } } peers { permanent_uuid: "4462c4818a1647ef9513032e7213c193" member_type: VOTER last_known_addr { host: "127.18.222.3" port: 39999 } }
I0918 20:39:22.517818 26360 tablet_bootstrap.cc:439] T 891bd0a07cc944bfb77b70deae4de632 P bd6134f31529493282c7cf50de21bfc3: No bootstrap required, opened a new log
I0918 20:39:22.520856 26360 ts_tablet_manager.cc:1085] T 891bd0a07cc944bfb77b70deae4de632 P bd6134f31529493282c7cf50de21bfc3: Time spent bootstrapping tablet: real 0.154s user 0.008s sys 0.012s
I0918 20:39:22.519647 26314 tablet_service.cc:1295] Received RequestConsensusVote() RPC: tablet_id: "fe1a99b16020484a88a8f7888095479a" candidate_uuid: "184d7d5558a34378a172945529659ee6" candidate_term: 1 candidate_status { last_received { term: 0 index: 0 } } ignore_live_leader: false dest_uuid: "4462c4818a1647ef9513032e7213c193"
I0918 20:39:22.521405 26314 raft_consensus.cc:2890] T fe1a99b16020484a88a8f7888095479a P 4462c4818a1647ef9513032e7213c193 [term 0 FOLLOWER]: Advancing to term 1
I0918 20:39:22.519644 26160 tablet_service.cc:1295] Received RequestConsensusVote() RPC: tablet_id: "fe1a99b16020484a88a8f7888095479a" candidate_uuid: "4462c4818a1647ef9513032e7213c193" candidate_term: 1 candidate_status { last_received { term: 0 index: 0 } } ignore_live_leader: false dest_uuid: "184d7d5558a34378a172945529659ee6" is_pre_election: true
I0918 20:39:22.523231 26160 raft_consensus.cc:2280] T fe1a99b16020484a88a8f7888095479a P 184d7d5558a34378a172945529659ee6 [term 1 FOLLOWER]: Leader pre-election vote request: Denying vote to candidate 4462c4818a1647ef9513032e7213c193 in current term 1: Already voted for candidate 184d7d5558a34378a172945529659ee6 in this term.
I0918 20:39:22.518442 26366 leader_election.cc:296] T fe1a99b16020484a88a8f7888095479a P 184d7d5558a34378a172945529659ee6 [CANDIDATE]: Term 1 election: Requested vote from peers bd6134f31529493282c7cf50de21bfc3 (127.18.222.2:34567), 4462c4818a1647ef9513032e7213c193 (127.18.222.3:39999)
I0918 20:39:22.529522 26360 raft_consensus.cc:340] T 891bd0a07cc944bfb77b70deae4de632 P bd6134f31529493282c7cf50de21bfc3 [term 0 FOLLOWER]: Replica starting. Triggering 0 pending transactions. Active config: opid_index: -1 OBSOLETE_local: false peers { permanent_uuid: "bd6134f31529493282c7cf50de21bfc3" member_type: VOTER last_known_addr { host: "127.18.222.2" port: 34567 } } peers { permanent_uuid: "184d7d5558a34378a172945529659ee6" member_type: VOTER last_known_addr { host: "127.18.222.1" port: 46755 } } peers { permanent_uuid: "4462c4818a1647ef9513032e7213c193" member_type: VOTER last_known_addr { host: "127.18.222.3" port: 39999 } }
I0918 20:39:22.526121 26277 leader_election.cc:310] T fe1a99b16020484a88a8f7888095479a P 4462c4818a1647ef9513032e7213c193 [CANDIDATE]: Term 1 pre-election: Election decided. Result: candidate lost. Election summary: received 3 responses out of 3 voters: 1 yes votes; 2 no votes. yes voters: 4462c4818a1647ef9513032e7213c193; no voters: 184d7d5558a34378a172945529659ee6, bd6134f31529493282c7cf50de21bfc3
I0918 20:39:22.525506 26358 raft_consensus.cc:340] T 891bd0a07cc944bfb77b70deae4de632 P 4462c4818a1647ef9513032e7213c193 [term 0 FOLLOWER]: Replica starting. Triggering 0 pending transactions. Active config: opid_index: -1 OBSOLETE_local: false peers { permanent_uuid: "bd6134f31529493282c7cf50de21bfc3" member_type: VOTER last_known_addr { host: "127.18.222.2" port: 34567 } } peers { permanent_uuid: "184d7d5558a34378a172945529659ee6" member_type: VOTER last_known_addr { host: "127.18.222.1" port: 46755 } } peers { permanent_uuid: "4462c4818a1647ef9513032e7213c193" member_type: VOTER last_known_addr { host: "127.18.222.3" port: 39999 } }
I0918 20:39:22.533793 26358 raft_consensus.cc:366] T 891bd0a07cc944bfb77b70deae4de632 P 4462c4818a1647ef9513032e7213c193 [term 0 FOLLOWER]: Consensus starting up: Expiring failure detector timer to make a prompt election more likely
I0918 20:39:22.533426 26359 tablet_bootstrap.cc:439] T 891bd0a07cc944bfb77b70deae4de632 P 184d7d5558a34378a172945529659ee6: No bootstrap required, opened a new log
I0918 20:39:22.533856 26314 raft_consensus.cc:2350] T fe1a99b16020484a88a8f7888095479a P 4462c4818a1647ef9513032e7213c193 [term 1 FOLLOWER]: Leader election vote request: Granting yes vote for candidate 184d7d5558a34378a172945529659ee6 in term 1.
I0918 20:39:22.534842 26231 tablet_service.cc:1295] Received RequestConsensusVote() RPC: tablet_id: "fe1a99b16020484a88a8f7888095479a" candidate_uuid: "184d7d5558a34378a172945529659ee6" candidate_term: 1 candidate_status { last_received { term: 0 index: 0 } } ignore_live_leader: false dest_uuid: "bd6134f31529493282c7cf50de21bfc3" is_pre_election: true
I0918 20:39:22.537286 26358 raft_consensus.cc:705] T 891bd0a07cc944bfb77b70deae4de632 P 4462c4818a1647ef9513032e7213c193 [term 0 FOLLOWER]: Becoming Follower/Learner. State: Replica: 4462c4818a1647ef9513032e7213c193, State: Initialized, Role: FOLLOWER
I0918 20:39:22.535327 26230 tablet_service.cc:1295] Received RequestConsensusVote() RPC: tablet_id: "fe1a99b16020484a88a8f7888095479a" candidate_uuid: "184d7d5558a34378a172945529659ee6" candidate_term: 1 candidate_status { last_received { term: 0 index: 0 } } ignore_live_leader: false dest_uuid: "bd6134f31529493282c7cf50de21bfc3"
I0918 20:39:22.538834 26363 raft_consensus.cc:2592] T fe1a99b16020484a88a8f7888095479a P 4462c4818a1647ef9513032e7213c193 [term 1 FOLLOWER]: Leader pre-election lost for term 1. Reason: could not achieve majority
I0918 20:39:22.539125 26359 ts_tablet_manager.cc:1085] T 891bd0a07cc944bfb77b70deae4de632 P 184d7d5558a34378a172945529659ee6: Time spent bootstrapping tablet: real 0.100s user 0.007s sys 0.001s
I0918 20:39:22.539505 26121 leader_election.cc:310] T fe1a99b16020484a88a8f7888095479a P 184d7d5558a34378a172945529659ee6 [CANDIDATE]: Term 1 election: Election decided. Result: candidate won. Election summary: received 2 responses out of 3 voters: 2 yes votes; 0 no votes. yes voters: 184d7d5558a34378a172945529659ee6, 4462c4818a1647ef9513032e7213c193; no voters:
W0918 20:39:22.540058 26124 leader_election.cc:348] T fe1a99b16020484a88a8f7888095479a P 184d7d5558a34378a172945529659ee6 [CANDIDATE]: Term 1 pre-election: Tablet error from VoteRequest() call to peer bd6134f31529493282c7cf50de21bfc3 (127.18.222.2:34567): Illegal state: must be running to vote when last-logged opid is not known
W0918 20:39:22.540874 26124 leader_election.cc:348] T fe1a99b16020484a88a8f7888095479a P 184d7d5558a34378a172945529659ee6 [CANDIDATE]: Term 1 election: Tablet error from VoteRequest() call to peer bd6134f31529493282c7cf50de21bfc3 (127.18.222.2:34567): Illegal state: must be running to vote when last-logged opid is not known
I0918 20:39:22.542351 26358 consensus_queue.cc:229] T 891bd0a07cc944bfb77b70deae4de632 P 4462c4818a1647ef9513032e7213c193 [NON_LEADER]: Queue going to NON_LEADER mode. State: All replicated index: 0, Majority replicated index: 0, Committed index: 0, Last appended: 0.0, Last appended by leader: 0, Current term: 0, Majority size: -1, State: 0, Mode: NON_LEADER, active raft config: opid_index: -1 OBSOLETE_local: false peers { permanent_uuid: "bd6134f31529493282c7cf50de21bfc3" member_type: VOTER last_known_addr { host: "127.18.222.2" port: 34567 } } peers { permanent_uuid: "184d7d5558a34378a172945529659ee6" member_type: VOTER last_known_addr { host: "127.18.222.1" port: 46755 } } peers { permanent_uuid: "4462c4818a1647ef9513032e7213c193" member_type: VOTER last_known_addr { host: "127.18.222.3" port: 39999 } }
I0918 20:39:22.547910 26366 raft_consensus.cc:2644] T fe1a99b16020484a88a8f7888095479a P 184d7d5558a34378a172945529659ee6 [term 1 FOLLOWER]: Leader election won for term 1
I0918 20:39:22.549863 26366 raft_consensus.cc:667] T fe1a99b16020484a88a8f7888095479a P 184d7d5558a34378a172945529659ee6 [term 1 LEADER]: Becoming Leader. State: Replica: 184d7d5558a34378a172945529659ee6, State: Running, Role: LEADER
I0918 20:39:22.550530 26366 consensus_queue.cc:206] T fe1a99b16020484a88a8f7888095479a P 184d7d5558a34378a172945529659ee6 [LEADER]: Queue going to LEADER mode. State: All replicated index: 0, Majority replicated index: 0, Committed index: 0, Last appended: 0.0, Last appended by leader: 0, Current term: 1, Majority size: 2, State: 0, Mode: LEADER, active raft config: opid_index: -1 OBSOLETE_local: false peers { permanent_uuid: "184d7d5558a34378a172945529659ee6" member_type: VOTER last_known_addr { host: "127.18.222.1" port: 46755 } } peers { permanent_uuid: "bd6134f31529493282c7cf50de21bfc3" member_type: VOTER last_known_addr { host: "127.18.222.2" port: 34567 } } peers { permanent_uuid: "4462c4818a1647ef9513032e7213c193" member_type: VOTER last_known_addr { host: "127.18.222.3" port: 39999 } }
I0918 20:39:22.552961 26360 raft_consensus.cc:366] T 891bd0a07cc944bfb77b70deae4de632 P bd6134f31529493282c7cf50de21bfc3 [term 0 FOLLOWER]: Consensus starting up: Expiring failure detector timer to make a prompt election more likely
I0918 20:39:22.553345 26360 raft_consensus.cc:705] T 891bd0a07cc944bfb77b70deae4de632 P bd6134f31529493282c7cf50de21bfc3 [term 0 FOLLOWER]: Becoming Follower/Learner. State: Replica: bd6134f31529493282c7cf50de21bfc3, State: Initialized, Role: FOLLOWER
I0918 20:39:22.556814 26358 ts_tablet_manager.cc:1113] T 891bd0a07cc944bfb77b70deae4de632 P 4462c4818a1647ef9513032e7213c193: Time spent starting tablet: real 0.047s user 0.007s sys 0.000s
I0918 20:39:22.552455 26359 raft_consensus.cc:340] T 891bd0a07cc944bfb77b70deae4de632 P 184d7d5558a34378a172945529659ee6 [term 0 FOLLOWER]: Replica starting. Triggering 0 pending transactions. Active config: opid_index: -1 OBSOLETE_local: false peers { permanent_uuid: "bd6134f31529493282c7cf50de21bfc3" member_type: VOTER last_known_addr { host: "127.18.222.2" port: 34567 } } peers { permanent_uuid: "184d7d5558a34378a172945529659ee6" member_type: VOTER last_known_addr { host: "127.18.222.1" port: 46755 } } peers { permanent_uuid: "4462c4818a1647ef9513032e7213c193" member_type: VOTER last_known_addr { host: "127.18.222.3" port: 39999 } }
I0918 20:39:22.558706 26359 raft_consensus.cc:366] T 891bd0a07cc944bfb77b70deae4de632 P 184d7d5558a34378a172945529659ee6 [term 0 FOLLOWER]: Consensus starting up: Expiring failure detector timer to make a prompt election more likely
I0918 20:39:22.559022 26359 raft_consensus.cc:705] T 891bd0a07cc944bfb77b70deae4de632 P 184d7d5558a34378a172945529659ee6 [term 0 FOLLOWER]: Becoming Follower/Learner. State: Replica: 184d7d5558a34378a172945529659ee6, State: Initialized, Role: FOLLOWER
I0918 20:39:22.558554 26360 consensus_queue.cc:229] T 891bd0a07cc944bfb77b70deae4de632 P bd6134f31529493282c7cf50de21bfc3 [NON_LEADER]: Queue going to NON_LEADER mode. State: All replicated index: 0, Majority replicated index: 0, Committed index: 0, Last appended: 0.0, Last appended by leader: 0, Current term: 0, Majority size: -1, State: 0, Mode: NON_LEADER, active raft config: opid_index: -1 OBSOLETE_local: false peers { permanent_uuid: "bd6134f31529493282c7cf50de21bfc3" member_type: VOTER last_known_addr { host: "127.18.222.2" port: 34567 } } peers { permanent_uuid: "184d7d5558a34378a172945529659ee6" member_type: VOTER last_known_addr { host: "127.18.222.1" port: 46755 } } peers { permanent_uuid: "4462c4818a1647ef9513032e7213c193" member_type: VOTER last_known_addr { host: "127.18.222.3" port: 39999 } }
I0918 20:39:22.559949 26359 consensus_queue.cc:229] T 891bd0a07cc944bfb77b70deae4de632 P 184d7d5558a34378a172945529659ee6 [NON_LEADER]: Queue going to NON_LEADER mode. State: All replicated index: 0, Majority replicated index: 0, Committed index: 0, Last appended: 0.0, Last appended by leader: 0, Current term: 0, Majority size: -1, State: 0, Mode: NON_LEADER, active raft config: opid_index: -1 OBSOLETE_local: false peers { permanent_uuid: "bd6134f31529493282c7cf50de21bfc3" member_type: VOTER last_known_addr { host: "127.18.222.2" port: 34567 } } peers { permanent_uuid: "184d7d5558a34378a172945529659ee6" member_type: VOTER last_known_addr { host: "127.18.222.1" port: 46755 } } peers { permanent_uuid: "4462c4818a1647ef9513032e7213c193" member_type: VOTER last_known_addr { host: "127.18.222.3" port: 39999 } }
I0918 20:39:22.567859 26015 catalog_manager.cc:4131] T fe1a99b16020484a88a8f7888095479a P 184d7d5558a34378a172945529659ee6 reported cstate change: term changed from 0 to 1, leader changed from to 184d7d5558a34378a172945529659ee6 (127.18.222.1). New cstate: current_term: 1 leader_uuid: "184d7d5558a34378a172945529659ee6" committed_config { opid_index: -1 OBSOLETE_local: false peers { permanent_uuid: "184d7d5558a34378a172945529659ee6" member_type: VOTER last_known_addr { host: "127.18.222.1" port: 46755 } health_report { overall_health: HEALTHY } } peers { permanent_uuid: "bd6134f31529493282c7cf50de21bfc3" member_type: VOTER last_known_addr { host: "127.18.222.2" port: 34567 } health_report { overall_health: UNKNOWN } } peers { permanent_uuid: "4462c4818a1647ef9513032e7213c193" member_type: VOTER last_known_addr { host: "127.18.222.3" port: 39999 } health_report { overall_health: UNKNOWN } } }
I0918 20:39:22.573586 26363 raft_consensus.cc:472] T 3cf1523b639146c29bbf465d50405209 P 4462c4818a1647ef9513032e7213c193 [term 0 FOLLOWER]: Starting pre-election (no leader contacted us within the election timeout)
I0918 20:39:22.574100 26360 ts_tablet_manager.cc:1113] T 891bd0a07cc944bfb77b70deae4de632 P bd6134f31529493282c7cf50de21bfc3: Time spent starting tablet: real 0.049s user 0.002s sys 0.003s
I0918 20:39:22.577527 26363 raft_consensus.cc:494] T 3cf1523b639146c29bbf465d50405209 P 4462c4818a1647ef9513032e7213c193 [term 0 FOLLOWER]: Starting pre-election with config: opid_index: -1 OBSOLETE_local: false peers { permanent_uuid: "4462c4818a1647ef9513032e7213c193" member_type: VOTER last_known_addr { host: "127.18.222.3" port: 39999 } } peers { permanent_uuid: "bd6134f31529493282c7cf50de21bfc3" member_type: VOTER last_known_addr { host: "127.18.222.2" port: 34567 } } peers { permanent_uuid: "184d7d5558a34378a172945529659ee6" member_type: VOTER last_known_addr { host: "127.18.222.1" port: 46755 } }
I0918 20:39:22.583058 26363 leader_election.cc:296] T 3cf1523b639146c29bbf465d50405209 P 4462c4818a1647ef9513032e7213c193 [CANDIDATE]: Term 1 pre-election: Requested pre-vote from peers bd6134f31529493282c7cf50de21bfc3 (127.18.222.2:34567), 184d7d5558a34378a172945529659ee6 (127.18.222.1:46755)
I0918 20:39:22.583879 26230 tablet_service.cc:1295] Received RequestConsensusVote() RPC: tablet_id: "3cf1523b639146c29bbf465d50405209" candidate_uuid: "4462c4818a1647ef9513032e7213c193" candidate_term: 1 candidate_status { last_received { term: 0 index: 0 } } ignore_live_leader: false dest_uuid: "bd6134f31529493282c7cf50de21bfc3" is_pre_election: true
I0918 20:39:22.584565 26160 tablet_service.cc:1295] Received RequestConsensusVote() RPC: tablet_id: "3cf1523b639146c29bbf465d50405209" candidate_uuid: "4462c4818a1647ef9513032e7213c193" candidate_term: 1 candidate_status { last_received { term: 0 index: 0 } } ignore_live_leader: false dest_uuid: "184d7d5558a34378a172945529659ee6" is_pre_election: true
I0918 20:39:22.584638 26230 raft_consensus.cc:2350] T 3cf1523b639146c29bbf465d50405209 P bd6134f31529493282c7cf50de21bfc3 [term 0 FOLLOWER]: Leader pre-election vote request: Granting yes vote for candidate 4462c4818a1647ef9513032e7213c193 in term 0.
I0918 20:39:22.585309 26160 raft_consensus.cc:2350] T 3cf1523b639146c29bbf465d50405209 P 184d7d5558a34378a172945529659ee6 [term 0 FOLLOWER]: Leader pre-election vote request: Granting yes vote for candidate 4462c4818a1647ef9513032e7213c193 in term 0.
I0918 20:39:22.586026 26278 leader_election.cc:310] T 3cf1523b639146c29bbf465d50405209 P 4462c4818a1647ef9513032e7213c193 [CANDIDATE]: Term 1 pre-election: Election decided. Result: candidate won. Election summary: received 2 responses out of 3 voters: 2 yes votes; 0 no votes. yes voters: 4462c4818a1647ef9513032e7213c193, bd6134f31529493282c7cf50de21bfc3; no voters:
I0918 20:39:22.586958 26363 raft_consensus.cc:2644] T 3cf1523b639146c29bbf465d50405209 P 4462c4818a1647ef9513032e7213c193 [term 0 FOLLOWER]: Leader pre-election won for term 1
I0918 20:39:22.587409 26363 raft_consensus.cc:472] T 3cf1523b639146c29bbf465d50405209 P 4462c4818a1647ef9513032e7213c193 [term 0 FOLLOWER]: Starting leader election (no leader contacted us within the election timeout)
I0918 20:39:22.587805 26363 raft_consensus.cc:2890] T 3cf1523b639146c29bbf465d50405209 P 4462c4818a1647ef9513032e7213c193 [term 0 FOLLOWER]: Advancing to term 1
I0918 20:39:22.588986 26359 ts_tablet_manager.cc:1113] T 891bd0a07cc944bfb77b70deae4de632 P 184d7d5558a34378a172945529659ee6: Time spent starting tablet: real 0.049s user 0.006s sys 0.001s
I0918 20:39:22.592231 26360 tablet_bootstrap.cc:439] T fe1a99b16020484a88a8f7888095479a P bd6134f31529493282c7cf50de21bfc3: Bootstrap starting.
I0918 20:39:22.620370 26360 tablet_bootstrap.cc:590] T fe1a99b16020484a88a8f7888095479a P bd6134f31529493282c7cf50de21bfc3: No blocks or log segments found. Creating new log.
I0918 20:39:22.622225 26363 raft_consensus.cc:494] T 3cf1523b639146c29bbf465d50405209 P 4462c4818a1647ef9513032e7213c193 [term 1 FOLLOWER]: Starting leader election with config: opid_index: -1 OBSOLETE_local: false peers { permanent_uuid: "4462c4818a1647ef9513032e7213c193" member_type: VOTER last_known_addr { host: "127.18.222.3" port: 39999 } } peers { permanent_uuid: "bd6134f31529493282c7cf50de21bfc3" member_type: VOTER last_known_addr { host: "127.18.222.2" port: 34567 } } peers { permanent_uuid: "184d7d5558a34378a172945529659ee6" member_type: VOTER last_known_addr { host: "127.18.222.1" port: 46755 } }
I0918 20:39:22.623845 26368 raft_consensus.cc:472] T 891bd0a07cc944bfb77b70deae4de632 P bd6134f31529493282c7cf50de21bfc3 [term 0 FOLLOWER]: Starting pre-election (no leader contacted us within the election timeout)
I0918 20:39:22.628288 26230 tablet_service.cc:1295] Received RequestConsensusVote() RPC: tablet_id: "3cf1523b639146c29bbf465d50405209" candidate_uuid: "4462c4818a1647ef9513032e7213c193" candidate_term: 1 candidate_status { last_received { term: 0 index: 0 } } ignore_live_leader: false dest_uuid: "bd6134f31529493282c7cf50de21bfc3"
I0918 20:39:22.625351 26368 raft_consensus.cc:494] T 891bd0a07cc944bfb77b70deae4de632 P bd6134f31529493282c7cf50de21bfc3 [term 0 FOLLOWER]: Starting pre-election with config: opid_index: -1 OBSOLETE_local: false peers { permanent_uuid: "bd6134f31529493282c7cf50de21bfc3" member_type: VOTER last_known_addr { host: "127.18.222.2" port: 34567 } } peers { permanent_uuid: "184d7d5558a34378a172945529659ee6" member_type: VOTER last_known_addr { host: "127.18.222.1" port: 46755 } } peers { permanent_uuid: "4462c4818a1647ef9513032e7213c193" member_type: VOTER last_known_addr { host: "127.18.222.3" port: 39999 } }
I0918 20:39:22.629169 26360 tablet_bootstrap.cc:439] T fe1a99b16020484a88a8f7888095479a P bd6134f31529493282c7cf50de21bfc3: No bootstrap required, opened a new log
I0918 20:39:22.629792 26360 ts_tablet_manager.cc:1085] T fe1a99b16020484a88a8f7888095479a P bd6134f31529493282c7cf50de21bfc3: Time spent bootstrapping tablet: real 0.038s user 0.010s sys 0.000s
I0918 20:39:22.630486 26368 leader_election.cc:296] T 891bd0a07cc944bfb77b70deae4de632 P bd6134f31529493282c7cf50de21bfc3 [CANDIDATE]: Term 1 pre-election: Requested pre-vote from peers 184d7d5558a34378a172945529659ee6 (127.18.222.1:46755), 4462c4818a1647ef9513032e7213c193 (127.18.222.3:39999)
I0918 20:39:22.629107 26230 raft_consensus.cc:2890] T 3cf1523b639146c29bbf465d50405209 P bd6134f31529493282c7cf50de21bfc3 [term 0 FOLLOWER]: Advancing to term 1
I0918 20:39:22.632294 26360 raft_consensus.cc:340] T fe1a99b16020484a88a8f7888095479a P bd6134f31529493282c7cf50de21bfc3 [term 0 FOLLOWER]: Replica starting. Triggering 0 pending transactions. Active config: opid_index: -1 OBSOLETE_local: false peers { permanent_uuid: "184d7d5558a34378a172945529659ee6" member_type: VOTER last_known_addr { host: "127.18.222.1" port: 46755 } } peers { permanent_uuid: "bd6134f31529493282c7cf50de21bfc3" member_type: VOTER last_known_addr { host: "127.18.222.2" port: 34567 } } peers { permanent_uuid: "4462c4818a1647ef9513032e7213c193" member_type: VOTER last_known_addr { host: "127.18.222.3" port: 39999 } }
I0918 20:39:22.643959 26360 raft_consensus.cc:366] T fe1a99b16020484a88a8f7888095479a P bd6134f31529493282c7cf50de21bfc3 [term 0 FOLLOWER]: Consensus starting up: Expiring failure detector timer to make a prompt election more likely
I0918 20:39:22.644675 26360 raft_consensus.cc:705] T fe1a99b16020484a88a8f7888095479a P bd6134f31529493282c7cf50de21bfc3 [term 0 FOLLOWER]: Becoming Follower/Learner. State: Replica: bd6134f31529493282c7cf50de21bfc3, State: Initialized, Role: FOLLOWER
I0918 20:39:22.651429 26160 tablet_service.cc:1295] Received RequestConsensusVote() RPC: tablet_id: "3cf1523b639146c29bbf465d50405209" candidate_uuid: "4462c4818a1647ef9513032e7213c193" candidate_term: 1 candidate_status { last_received { term: 0 index: 0 } } ignore_live_leader: false dest_uuid: "184d7d5558a34378a172945529659ee6"
I0918 20:39:22.652287 26160 raft_consensus.cc:2890] T 3cf1523b639146c29bbf465d50405209 P 184d7d5558a34378a172945529659ee6 [term 0 FOLLOWER]: Advancing to term 1
I0918 20:39:22.654496 26230 raft_consensus.cc:2350] T 3cf1523b639146c29bbf465d50405209 P bd6134f31529493282c7cf50de21bfc3 [term 1 FOLLOWER]: Leader election vote request: Granting yes vote for candidate 4462c4818a1647ef9513032e7213c193 in term 1.
I0918 20:39:22.670481 26160 raft_consensus.cc:2350] T 3cf1523b639146c29bbf465d50405209 P 184d7d5558a34378a172945529659ee6 [term 1 FOLLOWER]: Leader election vote request: Granting yes vote for candidate 4462c4818a1647ef9513032e7213c193 in term 1.
I0918 20:39:22.672340 26277 leader_election.cc:310] T 3cf1523b639146c29bbf465d50405209 P 4462c4818a1647ef9513032e7213c193 [CANDIDATE]: Term 1 election: Election decided. Result: candidate won. Election summary: received 2 responses out of 3 voters: 2 yes votes; 0 no votes. yes voters: 184d7d5558a34378a172945529659ee6, 4462c4818a1647ef9513032e7213c193; no voters:
I0918 20:39:22.663589 26363 leader_election.cc:296] T 3cf1523b639146c29bbf465d50405209 P 4462c4818a1647ef9513032e7213c193 [CANDIDATE]: Term 1 election: Requested vote from peers bd6134f31529493282c7cf50de21bfc3 (127.18.222.2:34567), 184d7d5558a34378a172945529659ee6 (127.18.222.1:46755)
