I0918 20:38:39.506026 22428 raft_consensus.cc:705] T ba7b5078d5404513ad4b6aa39b249244 P 2f1a504155064a55b5a716a520e1f2ac [term 0 FOLLOWER]: Becoming Follower/Learner. State: Replica: 2f1a504155064a55b5a716a520e1f2ac, State: Initialized, Role: FOLLOWER
I0918 20:38:39.506469 22428 consensus_queue.cc:229] T ba7b5078d5404513ad4b6aa39b249244 P 2f1a504155064a55b5a716a520e1f2ac [NON_LEADER]: Queue going to NON_LEADER mode. State: All replicated index: 0, Majority replicated index: 0, Committed index: 0, Last appended: 0.0, Last appended by leader: 0, Current term: 0, Majority size: -1, State: 0, Mode: NON_LEADER, active raft config: opid_index: -1 OBSOLETE_local: false peers { permanent_uuid: "1197af9577844861bc2218a92e37c173" member_type: VOTER last_known_addr { host: "127.18.222.2" port: 35363 } } peers { permanent_uuid: "2f1a504155064a55b5a716a520e1f2ac" member_type: VOTER last_known_addr { host: "127.18.222.3" port: 46347 } } peers { permanent_uuid: "b4bb3d9a778a4d8e9a3987f0a6d863b0" member_type: VOTER last_known_addr { host: "127.18.222.1" port: 35785 } }
I0918 20:38:39.516383 22426 ts_tablet_manager.cc:1113] T 517a906cb7664795939d3758fc7d7a17 P 1197af9577844861bc2218a92e37c173: Time spent starting tablet: real 0.026s user 0.006s sys 0.000s
I0918 20:38:39.521533 22426 tablet_bootstrap.cc:439] T bd65e74409ad46799a393e20fbc31c54 P 1197af9577844861bc2218a92e37c173: Bootstrap starting.
I0918 20:38:39.525256 22430 tablet_bootstrap.cc:439] T bd65e74409ad46799a393e20fbc31c54 P b4bb3d9a778a4d8e9a3987f0a6d863b0: No bootstrap required, opened a new log
I0918 20:38:39.525982 22430 ts_tablet_manager.cc:1085] T bd65e74409ad46799a393e20fbc31c54 P b4bb3d9a778a4d8e9a3987f0a6d863b0: Time spent bootstrapping tablet: real 0.048s user 0.007s sys 0.002s
I0918 20:38:39.525482 22426 tablet_bootstrap.cc:590] T bd65e74409ad46799a393e20fbc31c54 P 1197af9577844861bc2218a92e37c173: No blocks or log segments found. Creating new log.
I0918 20:38:39.535848 22428 ts_tablet_manager.cc:1113] T ba7b5078d5404513ad4b6aa39b249244 P 2f1a504155064a55b5a716a520e1f2ac: Time spent starting tablet: real 0.039s user 0.005s sys 0.000s
I0918 20:38:39.536808 22428 tablet_bootstrap.cc:439] T 517a906cb7664795939d3758fc7d7a17 P 2f1a504155064a55b5a716a520e1f2ac: Bootstrap starting.
I0918 20:38:39.537761 22430 raft_consensus.cc:340] T bd65e74409ad46799a393e20fbc31c54 P b4bb3d9a778a4d8e9a3987f0a6d863b0 [term 0 FOLLOWER]: Replica starting. Triggering 0 pending transactions. Active config: opid_index: -1 OBSOLETE_local: false peers { permanent_uuid: "b4bb3d9a778a4d8e9a3987f0a6d863b0" member_type: VOTER last_known_addr { host: "127.18.222.1" port: 35785 } } peers { permanent_uuid: "1197af9577844861bc2218a92e37c173" member_type: VOTER last_known_addr { host: "127.18.222.2" port: 35363 } } peers { permanent_uuid: "2f1a504155064a55b5a716a520e1f2ac" member_type: VOTER last_known_addr { host: "127.18.222.3" port: 46347 } }
I0918 20:38:39.538854 22430 raft_consensus.cc:366] T bd65e74409ad46799a393e20fbc31c54 P b4bb3d9a778a4d8e9a3987f0a6d863b0 [term 0 FOLLOWER]: Consensus starting up: Expiring failure detector timer to make a prompt election more likely
I0918 20:38:39.539137 22430 raft_consensus.cc:705] T bd65e74409ad46799a393e20fbc31c54 P b4bb3d9a778a4d8e9a3987f0a6d863b0 [term 0 FOLLOWER]: Becoming Follower/Learner. State: Replica: b4bb3d9a778a4d8e9a3987f0a6d863b0, State: Initialized, Role: FOLLOWER
I0918 20:38:39.544797 22430 consensus_queue.cc:229] T bd65e74409ad46799a393e20fbc31c54 P b4bb3d9a778a4d8e9a3987f0a6d863b0 [NON_LEADER]: Queue going to NON_LEADER mode. State: All replicated index: 0, Majority replicated index: 0, Committed index: 0, Last appended: 0.0, Last appended by leader: 0, Current term: 0, Majority size: -1, State: 0, Mode: NON_LEADER, active raft config: opid_index: -1 OBSOLETE_local: false peers { permanent_uuid: "b4bb3d9a778a4d8e9a3987f0a6d863b0" member_type: VOTER last_known_addr { host: "127.18.222.1" port: 35785 } } peers { permanent_uuid: "1197af9577844861bc2218a92e37c173" member_type: VOTER last_known_addr { host: "127.18.222.2" port: 35363 } } peers { permanent_uuid: "2f1a504155064a55b5a716a520e1f2ac" member_type: VOTER last_known_addr { host: "127.18.222.3" port: 46347 } }
I0918 20:38:39.552373 22430 ts_tablet_manager.cc:1113] T bd65e74409ad46799a393e20fbc31c54 P b4bb3d9a778a4d8e9a3987f0a6d863b0: Time spent starting tablet: real 0.017s user 0.005s sys 0.001s
I0918 20:38:39.557073 22430 tablet_bootstrap.cc:439] T 517a906cb7664795939d3758fc7d7a17 P b4bb3d9a778a4d8e9a3987f0a6d863b0: Bootstrap starting.
I0918 20:38:39.560613 22430 tablet_bootstrap.cc:590] T 517a906cb7664795939d3758fc7d7a17 P b4bb3d9a778a4d8e9a3987f0a6d863b0: No blocks or log segments found. Creating new log.
I0918 20:38:39.577775 22426 tablet_bootstrap.cc:439] T bd65e74409ad46799a393e20fbc31c54 P 1197af9577844861bc2218a92e37c173: No bootstrap required, opened a new log
I0918 20:38:39.580539 22430 tablet_bootstrap.cc:439] T 517a906cb7664795939d3758fc7d7a17 P b4bb3d9a778a4d8e9a3987f0a6d863b0: No bootstrap required, opened a new log
I0918 20:38:39.581115 22430 ts_tablet_manager.cc:1085] T 517a906cb7664795939d3758fc7d7a17 P b4bb3d9a778a4d8e9a3987f0a6d863b0: Time spent bootstrapping tablet: real 0.024s user 0.007s sys 0.005s
I0918 20:38:39.583089 22426 ts_tablet_manager.cc:1085] T bd65e74409ad46799a393e20fbc31c54 P 1197af9577844861bc2218a92e37c173: Time spent bootstrapping tablet: real 0.062s user 0.030s sys 0.008s
I0918 20:38:39.585147 22428 tablet_bootstrap.cc:590] T 517a906cb7664795939d3758fc7d7a17 P 2f1a504155064a55b5a716a520e1f2ac: No blocks or log segments found. Creating new log.
I0918 20:38:39.589424 22430 raft_consensus.cc:340] T 517a906cb7664795939d3758fc7d7a17 P b4bb3d9a778a4d8e9a3987f0a6d863b0 [term 0 FOLLOWER]: Replica starting. Triggering 0 pending transactions. Active config: opid_index: -1 OBSOLETE_local: false peers { permanent_uuid: "b4bb3d9a778a4d8e9a3987f0a6d863b0" member_type: VOTER last_known_addr { host: "127.18.222.1" port: 35785 } } peers { permanent_uuid: "1197af9577844861bc2218a92e37c173" member_type: VOTER last_known_addr { host: "127.18.222.2" port: 35363 } } peers { permanent_uuid: "2f1a504155064a55b5a716a520e1f2ac" member_type: VOTER last_known_addr { host: "127.18.222.3" port: 46347 } }
I0918 20:38:39.590255 22430 raft_consensus.cc:366] T 517a906cb7664795939d3758fc7d7a17 P b4bb3d9a778a4d8e9a3987f0a6d863b0 [term 0 FOLLOWER]: Consensus starting up: Expiring failure detector timer to make a prompt election more likely
I0918 20:38:39.590498 22430 raft_consensus.cc:705] T 517a906cb7664795939d3758fc7d7a17 P b4bb3d9a778a4d8e9a3987f0a6d863b0 [term 0 FOLLOWER]: Becoming Follower/Learner. State: Replica: b4bb3d9a778a4d8e9a3987f0a6d863b0, State: Initialized, Role: FOLLOWER
I0918 20:38:39.591080 22430 consensus_queue.cc:229] T 517a906cb7664795939d3758fc7d7a17 P b4bb3d9a778a4d8e9a3987f0a6d863b0 [NON_LEADER]: Queue going to NON_LEADER mode. State: All replicated index: 0, Majority replicated index: 0, Committed index: 0, Last appended: 0.0, Last appended by leader: 0, Current term: 0, Majority size: -1, State: 0, Mode: NON_LEADER, active raft config: opid_index: -1 OBSOLETE_local: false peers { permanent_uuid: "b4bb3d9a778a4d8e9a3987f0a6d863b0" member_type: VOTER last_known_addr { host: "127.18.222.1" port: 35785 } } peers { permanent_uuid: "1197af9577844861bc2218a92e37c173" member_type: VOTER last_known_addr { host: "127.18.222.2" port: 35363 } } peers { permanent_uuid: "2f1a504155064a55b5a716a520e1f2ac" member_type: VOTER last_known_addr { host: "127.18.222.3" port: 46347 } }
I0918 20:38:39.592000 22434 raft_consensus.cc:472] T ba7b5078d5404513ad4b6aa39b249244 P b4bb3d9a778a4d8e9a3987f0a6d863b0 [term 0 FOLLOWER]: Starting pre-election (no leader contacted us within the election timeout)
I0918 20:38:39.592478 22434 raft_consensus.cc:494] T ba7b5078d5404513ad4b6aa39b249244 P b4bb3d9a778a4d8e9a3987f0a6d863b0 [term 0 FOLLOWER]: Starting pre-election with config: opid_index: -1 OBSOLETE_local: false peers { permanent_uuid: "1197af9577844861bc2218a92e37c173" member_type: VOTER last_known_addr { host: "127.18.222.2" port: 35363 } } peers { permanent_uuid: "2f1a504155064a55b5a716a520e1f2ac" member_type: VOTER last_known_addr { host: "127.18.222.3" port: 46347 } } peers { permanent_uuid: "b4bb3d9a778a4d8e9a3987f0a6d863b0" member_type: VOTER last_known_addr { host: "127.18.222.1" port: 35785 } }
I0918 20:38:39.593837 22428 tablet_bootstrap.cc:439] T 517a906cb7664795939d3758fc7d7a17 P 2f1a504155064a55b5a716a520e1f2ac: No bootstrap required, opened a new log
I0918 20:38:39.594483 22434 leader_election.cc:296] T ba7b5078d5404513ad4b6aa39b249244 P b4bb3d9a778a4d8e9a3987f0a6d863b0 [CANDIDATE]: Term 1 pre-election: Requested pre-vote from peers 1197af9577844861bc2218a92e37c173 (127.18.222.2:35363), 2f1a504155064a55b5a716a520e1f2ac (127.18.222.3:46347)
I0918 20:38:39.597687 22429 raft_consensus.cc:472] T ba7b5078d5404513ad4b6aa39b249244 P 1197af9577844861bc2218a92e37c173 [term 0 FOLLOWER]: Starting pre-election (no leader contacted us within the election timeout)
I0918 20:38:39.598174 22429 raft_consensus.cc:494] T ba7b5078d5404513ad4b6aa39b249244 P 1197af9577844861bc2218a92e37c173 [term 0 FOLLOWER]: Starting pre-election with config: opid_index: -1 OBSOLETE_local: false peers { permanent_uuid: "1197af9577844861bc2218a92e37c173" member_type: VOTER last_known_addr { host: "127.18.222.2" port: 35363 } } peers { permanent_uuid: "2f1a504155064a55b5a716a520e1f2ac" member_type: VOTER last_known_addr { host: "127.18.222.3" port: 46347 } } peers { permanent_uuid: "b4bb3d9a778a4d8e9a3987f0a6d863b0" member_type: VOTER last_known_addr { host: "127.18.222.1" port: 35785 } }
I0918 20:38:39.600436 22428 ts_tablet_manager.cc:1085] T 517a906cb7664795939d3758fc7d7a17 P 2f1a504155064a55b5a716a520e1f2ac: Time spent bootstrapping tablet: real 0.064s user 0.007s sys 0.000s
I0918 20:38:39.590101 22426 raft_consensus.cc:340] T bd65e74409ad46799a393e20fbc31c54 P 1197af9577844861bc2218a92e37c173 [term 0 FOLLOWER]: Replica starting. Triggering 0 pending transactions. Active config: opid_index: -1 OBSOLETE_local: false peers { permanent_uuid: "b4bb3d9a778a4d8e9a3987f0a6d863b0" member_type: VOTER last_known_addr { host: "127.18.222.1" port: 35785 } } peers { permanent_uuid: "1197af9577844861bc2218a92e37c173" member_type: VOTER last_known_addr { host: "127.18.222.2" port: 35363 } } peers { permanent_uuid: "2f1a504155064a55b5a716a520e1f2ac" member_type: VOTER last_known_addr { host: "127.18.222.3" port: 46347 } }
I0918 20:38:39.614264 22426 raft_consensus.cc:366] T bd65e74409ad46799a393e20fbc31c54 P 1197af9577844861bc2218a92e37c173 [term 0 FOLLOWER]: Consensus starting up: Expiring failure detector timer to make a prompt election more likely
I0918 20:38:39.614568 22426 raft_consensus.cc:705] T bd65e74409ad46799a393e20fbc31c54 P 1197af9577844861bc2218a92e37c173 [term 0 FOLLOWER]: Becoming Follower/Learner. State: Replica: 1197af9577844861bc2218a92e37c173, State: Initialized, Role: FOLLOWER
I0918 20:38:39.621673 22429 leader_election.cc:296] T ba7b5078d5404513ad4b6aa39b249244 P 1197af9577844861bc2218a92e37c173 [CANDIDATE]: Term 1 pre-election: Requested pre-vote from peers 2f1a504155064a55b5a716a520e1f2ac (127.18.222.3:46347), b4bb3d9a778a4d8e9a3987f0a6d863b0 (127.18.222.1:35785)
I0918 20:38:39.615389 22426 consensus_queue.cc:229] T bd65e74409ad46799a393e20fbc31c54 P 1197af9577844861bc2218a92e37c173 [NON_LEADER]: Queue going to NON_LEADER mode. State: All replicated index: 0, Majority replicated index: 0, Committed index: 0, Last appended: 0.0, Last appended by leader: 0, Current term: 0, Majority size: -1, State: 0, Mode: NON_LEADER, active raft config: opid_index: -1 OBSOLETE_local: false peers { permanent_uuid: "b4bb3d9a778a4d8e9a3987f0a6d863b0" member_type: VOTER last_known_addr { host: "127.18.222.1" port: 35785 } } peers { permanent_uuid: "1197af9577844861bc2218a92e37c173" member_type: VOTER last_known_addr { host: "127.18.222.2" port: 35363 } } peers { permanent_uuid: "2f1a504155064a55b5a716a520e1f2ac" member_type: VOTER last_known_addr { host: "127.18.222.3" port: 46347 } }
I0918 20:38:39.651314 22434 raft_consensus.cc:472] T bd65e74409ad46799a393e20fbc31c54 P b4bb3d9a778a4d8e9a3987f0a6d863b0 [term 0 FOLLOWER]: Starting pre-election (no leader contacted us within the election timeout)
I0918 20:38:39.652245 22426 ts_tablet_manager.cc:1113] T bd65e74409ad46799a393e20fbc31c54 P 1197af9577844861bc2218a92e37c173: Time spent starting tablet: real 0.069s user 0.004s sys 0.003s
I0918 20:38:39.652060 22434 raft_consensus.cc:494] T bd65e74409ad46799a393e20fbc31c54 P b4bb3d9a778a4d8e9a3987f0a6d863b0 [term 0 FOLLOWER]: Starting pre-election with config: opid_index: -1 OBSOLETE_local: false peers { permanent_uuid: "b4bb3d9a778a4d8e9a3987f0a6d863b0" member_type: VOTER last_known_addr { host: "127.18.222.1" port: 35785 } } peers { permanent_uuid: "1197af9577844861bc2218a92e37c173" member_type: VOTER last_known_addr { host: "127.18.222.2" port: 35363 } } peers { permanent_uuid: "2f1a504155064a55b5a716a520e1f2ac" member_type: VOTER last_known_addr { host: "127.18.222.3" port: 46347 } }
I0918 20:38:39.654321 22434 leader_election.cc:296] T bd65e74409ad46799a393e20fbc31c54 P b4bb3d9a778a4d8e9a3987f0a6d863b0 [CANDIDATE]: Term 1 pre-election: Requested pre-vote from peers 1197af9577844861bc2218a92e37c173 (127.18.222.2:35363), 2f1a504155064a55b5a716a520e1f2ac (127.18.222.3:46347)
I0918 20:38:39.682253 22430 ts_tablet_manager.cc:1113] T 517a906cb7664795939d3758fc7d7a17 P b4bb3d9a778a4d8e9a3987f0a6d863b0: Time spent starting tablet: real 0.101s user 0.039s sys 0.018s
I0918 20:38:39.694630 22441 raft_consensus.cc:472] T 517a906cb7664795939d3758fc7d7a17 P b4bb3d9a778a4d8e9a3987f0a6d863b0 [term 0 FOLLOWER]: Starting pre-election (no leader contacted us within the election timeout)
I0918 20:38:39.696225 22441 raft_consensus.cc:494] T 517a906cb7664795939d3758fc7d7a17 P b4bb3d9a778a4d8e9a3987f0a6d863b0 [term 0 FOLLOWER]: Starting pre-election with config: opid_index: -1 OBSOLETE_local: false peers { permanent_uuid: "b4bb3d9a778a4d8e9a3987f0a6d863b0" member_type: VOTER last_known_addr { host: "127.18.222.1" port: 35785 } } peers { permanent_uuid: "1197af9577844861bc2218a92e37c173" member_type: VOTER last_known_addr { host: "127.18.222.2" port: 35363 } } peers { permanent_uuid: "2f1a504155064a55b5a716a520e1f2ac" member_type: VOTER last_known_addr { host: "127.18.222.3" port: 46347 } }
I0918 20:38:39.698894 22441 leader_election.cc:296] T 517a906cb7664795939d3758fc7d7a17 P b4bb3d9a778a4d8e9a3987f0a6d863b0 [CANDIDATE]: Term 1 pre-election: Requested pre-vote from peers 1197af9577844861bc2218a92e37c173 (127.18.222.2:35363), 2f1a504155064a55b5a716a520e1f2ac (127.18.222.3:46347)
I0918 20:38:39.691028 22428 raft_consensus.cc:340] T 517a906cb7664795939d3758fc7d7a17 P 2f1a504155064a55b5a716a520e1f2ac [term 0 FOLLOWER]: Replica starting. Triggering 0 pending transactions. Active config: opid_index: -1 OBSOLETE_local: false peers { permanent_uuid: "b4bb3d9a778a4d8e9a3987f0a6d863b0" member_type: VOTER last_known_addr { host: "127.18.222.1" port: 35785 } } peers { permanent_uuid: "1197af9577844861bc2218a92e37c173" member_type: VOTER last_known_addr { host: "127.18.222.2" port: 35363 } } peers { permanent_uuid: "2f1a504155064a55b5a716a520e1f2ac" member_type: VOTER last_known_addr { host: "127.18.222.3" port: 46347 } }
I0918 20:38:39.701802 22428 raft_consensus.cc:366] T 517a906cb7664795939d3758fc7d7a17 P 2f1a504155064a55b5a716a520e1f2ac [term 0 FOLLOWER]: Consensus starting up: Expiring failure detector timer to make a prompt election more likely
I0918 20:38:39.703799 22428 raft_consensus.cc:705] T 517a906cb7664795939d3758fc7d7a17 P 2f1a504155064a55b5a716a520e1f2ac [term 0 FOLLOWER]: Becoming Follower/Learner. State: Replica: 2f1a504155064a55b5a716a520e1f2ac, State: Initialized, Role: FOLLOWER
I0918 20:38:39.707564 22303 tablet_service.cc:1295] Received RequestConsensusVote() RPC: tablet_id: "ba7b5078d5404513ad4b6aa39b249244" candidate_uuid: "b4bb3d9a778a4d8e9a3987f0a6d863b0" candidate_term: 1 candidate_status { last_received { term: 0 index: 0 } } ignore_live_leader: false dest_uuid: "1197af9577844861bc2218a92e37c173" is_pre_election: true
I0918 20:38:39.707917 22302 tablet_service.cc:1295] Received RequestConsensusVote() RPC: tablet_id: "bd65e74409ad46799a393e20fbc31c54" candidate_uuid: "b4bb3d9a778a4d8e9a3987f0a6d863b0" candidate_term: 1 candidate_status { last_received { term: 0 index: 0 } } ignore_live_leader: false dest_uuid: "1197af9577844861bc2218a92e37c173" is_pre_election: true
I0918 20:38:39.708295 22301 tablet_service.cc:1295] Received RequestConsensusVote() RPC: tablet_id: "517a906cb7664795939d3758fc7d7a17" candidate_uuid: "b4bb3d9a778a4d8e9a3987f0a6d863b0" candidate_term: 1 candidate_status { last_received { term: 0 index: 0 } } ignore_live_leader: false dest_uuid: "1197af9577844861bc2218a92e37c173" is_pre_election: true
I0918 20:38:39.709309 22303 raft_consensus.cc:2350] T ba7b5078d5404513ad4b6aa39b249244 P 1197af9577844861bc2218a92e37c173 [term 0 FOLLOWER]: Leader pre-election vote request: Granting yes vote for candidate b4bb3d9a778a4d8e9a3987f0a6d863b0 in term 0.
I0918 20:38:39.709674 22301 raft_consensus.cc:2350] T 517a906cb7664795939d3758fc7d7a17 P 1197af9577844861bc2218a92e37c173 [term 0 FOLLOWER]: Leader pre-election vote request: Granting yes vote for candidate b4bb3d9a778a4d8e9a3987f0a6d863b0 in term 0.
I0918 20:38:39.709358 22302 raft_consensus.cc:2350] T bd65e74409ad46799a393e20fbc31c54 P 1197af9577844861bc2218a92e37c173 [term 0 FOLLOWER]: Leader pre-election vote request: Granting yes vote for candidate b4bb3d9a778a4d8e9a3987f0a6d863b0 in term 0.
I0918 20:38:39.712281 22181 leader_election.cc:310] T ba7b5078d5404513ad4b6aa39b249244 P b4bb3d9a778a4d8e9a3987f0a6d863b0 [CANDIDATE]: Term 1 pre-election: Election decided. Result: candidate won. Election summary: received 2 responses out of 3 voters: 2 yes votes; 0 no votes. yes voters: 1197af9577844861bc2218a92e37c173, b4bb3d9a778a4d8e9a3987f0a6d863b0; no voters:
I0918 20:38:39.713263 22181 leader_election.cc:310] T 517a906cb7664795939d3758fc7d7a17 P b4bb3d9a778a4d8e9a3987f0a6d863b0 [CANDIDATE]: Term 1 pre-election: Election decided. Result: candidate won. Election summary: received 2 responses out of 3 voters: 2 yes votes; 0 no votes. yes voters: 1197af9577844861bc2218a92e37c173, b4bb3d9a778a4d8e9a3987f0a6d863b0; no voters:
I0918 20:38:39.714056 22434 raft_consensus.cc:2644] T ba7b5078d5404513ad4b6aa39b249244 P b4bb3d9a778a4d8e9a3987f0a6d863b0 [term 0 FOLLOWER]: Leader pre-election won for term 1
I0918 20:38:39.714386 22434 raft_consensus.cc:472] T ba7b5078d5404513ad4b6aa39b249244 P b4bb3d9a778a4d8e9a3987f0a6d863b0 [term 0 FOLLOWER]: Starting leader election (no leader contacted us within the election timeout)
I0918 20:38:39.713801 22428 consensus_queue.cc:229] T 517a906cb7664795939d3758fc7d7a17 P 2f1a504155064a55b5a716a520e1f2ac [NON_LEADER]: Queue going to NON_LEADER mode. State: All replicated index: 0, Majority replicated index: 0, Committed index: 0, Last appended: 0.0, Last appended by leader: 0, Current term: 0, Majority size: -1, State: 0, Mode: NON_LEADER, active raft config: opid_index: -1 OBSOLETE_local: false peers { permanent_uuid: "b4bb3d9a778a4d8e9a3987f0a6d863b0" member_type: VOTER last_known_addr { host: "127.18.222.1" port: 35785 } } peers { permanent_uuid: "1197af9577844861bc2218a92e37c173" member_type: VOTER last_known_addr { host: "127.18.222.2" port: 35363 } } peers { permanent_uuid: "2f1a504155064a55b5a716a520e1f2ac" member_type: VOTER last_known_addr { host: "127.18.222.3" port: 46347 } }
I0918 20:38:39.714629 22434 raft_consensus.cc:2890] T ba7b5078d5404513ad4b6aa39b249244 P b4bb3d9a778a4d8e9a3987f0a6d863b0 [term 0 FOLLOWER]: Advancing to term 1
I0918 20:38:39.714948 22441 raft_consensus.cc:2644] T 517a906cb7664795939d3758fc7d7a17 P b4bb3d9a778a4d8e9a3987f0a6d863b0 [term 0 FOLLOWER]: Leader pre-election won for term 1
I0918 20:38:39.715281 22441 raft_consensus.cc:472] T 517a906cb7664795939d3758fc7d7a17 P b4bb3d9a778a4d8e9a3987f0a6d863b0 [term 0 FOLLOWER]: Starting leader election (no leader contacted us within the election timeout)
I0918 20:38:39.717876 22374 tablet_service.cc:1295] Received RequestConsensusVote() RPC: tablet_id: "ba7b5078d5404513ad4b6aa39b249244" candidate_uuid: "b4bb3d9a778a4d8e9a3987f0a6d863b0" candidate_term: 1 candidate_status { last_received { term: 0 index: 0 } } ignore_live_leader: false dest_uuid: "2f1a504155064a55b5a716a520e1f2ac" is_pre_election: true
I0918 20:38:39.718673 22374 raft_consensus.cc:2350] T ba7b5078d5404513ad4b6aa39b249244 P 2f1a504155064a55b5a716a520e1f2ac [term 0 FOLLOWER]: Leader pre-election vote request: Granting yes vote for candidate b4bb3d9a778a4d8e9a3987f0a6d863b0 in term 0.
I0918 20:38:39.718911 22181 leader_election.cc:310] T bd65e74409ad46799a393e20fbc31c54 P b4bb3d9a778a4d8e9a3987f0a6d863b0 [CANDIDATE]: Term 1 pre-election: Election decided. Result: candidate won. Election summary: received 2 responses out of 3 voters: 2 yes votes; 0 no votes. yes voters: 1197af9577844861bc2218a92e37c173, b4bb3d9a778a4d8e9a3987f0a6d863b0; no voters:
I0918 20:38:39.715629 22441 raft_consensus.cc:2890] T 517a906cb7664795939d3758fc7d7a17 P b4bb3d9a778a4d8e9a3987f0a6d863b0 [term 0 FOLLOWER]: Advancing to term 1
I0918 20:38:39.722688 22373 tablet_service.cc:1295] Received RequestConsensusVote() RPC: tablet_id: "517a906cb7664795939d3758fc7d7a17" candidate_uuid: "b4bb3d9a778a4d8e9a3987f0a6d863b0" candidate_term: 1 candidate_status { last_received { term: 0 index: 0 } } ignore_live_leader: false dest_uuid: "2f1a504155064a55b5a716a520e1f2ac" is_pre_election: true
I0918 20:38:39.723408 22373 raft_consensus.cc:2350] T 517a906cb7664795939d3758fc7d7a17 P 2f1a504155064a55b5a716a520e1f2ac [term 0 FOLLOWER]: Leader pre-election vote request: Granting yes vote for candidate b4bb3d9a778a4d8e9a3987f0a6d863b0 in term 0.
I0918 20:38:39.720978 22374 tablet_service.cc:1295] Received RequestConsensusVote() RPC: tablet_id: "bd65e74409ad46799a393e20fbc31c54" candidate_uuid: "b4bb3d9a778a4d8e9a3987f0a6d863b0" candidate_term: 1 candidate_status { last_received { term: 0 index: 0 } } ignore_live_leader: false dest_uuid: "2f1a504155064a55b5a716a520e1f2ac" is_pre_election: true
I0918 20:38:39.722995 22428 ts_tablet_manager.cc:1113] T 517a906cb7664795939d3758fc7d7a17 P 2f1a504155064a55b5a716a520e1f2ac: Time spent starting tablet: real 0.122s user 0.005s sys 0.001s
I0918 20:38:39.724202 22374 raft_consensus.cc:2350] T bd65e74409ad46799a393e20fbc31c54 P 2f1a504155064a55b5a716a520e1f2ac [term 0 FOLLOWER]: Leader pre-election vote request: Granting yes vote for candidate b4bb3d9a778a4d8e9a3987f0a6d863b0 in term 0.
I0918 20:38:39.729290 22434 raft_consensus.cc:494] T ba7b5078d5404513ad4b6aa39b249244 P b4bb3d9a778a4d8e9a3987f0a6d863b0 [term 1 FOLLOWER]: Starting leader election with config: opid_index: -1 OBSOLETE_local: false peers { permanent_uuid: "1197af9577844861bc2218a92e37c173" member_type: VOTER last_known_addr { host: "127.18.222.2" port: 35363 } } peers { permanent_uuid: "2f1a504155064a55b5a716a520e1f2ac" member_type: VOTER last_known_addr { host: "127.18.222.3" port: 46347 } } peers { permanent_uuid: "b4bb3d9a778a4d8e9a3987f0a6d863b0" member_type: VOTER last_known_addr { host: "127.18.222.1" port: 35785 } }
I0918 20:38:39.730932 22434 leader_election.cc:296] T ba7b5078d5404513ad4b6aa39b249244 P b4bb3d9a778a4d8e9a3987f0a6d863b0 [CANDIDATE]: Term 1 election: Requested vote from peers 1197af9577844861bc2218a92e37c173 (127.18.222.2:35363), 2f1a504155064a55b5a716a520e1f2ac (127.18.222.3:46347)
I0918 20:38:39.731304 22434 raft_consensus.cc:2644] T bd65e74409ad46799a393e20fbc31c54 P b4bb3d9a778a4d8e9a3987f0a6d863b0 [term 0 FOLLOWER]: Leader pre-election won for term 1
I0918 20:38:39.733412 22374 tablet_service.cc:1295] Received RequestConsensusVote() RPC: tablet_id: "ba7b5078d5404513ad4b6aa39b249244" candidate_uuid: "b4bb3d9a778a4d8e9a3987f0a6d863b0" candidate_term: 1 candidate_status { last_received { term: 0 index: 0 } } ignore_live_leader: false dest_uuid: "2f1a504155064a55b5a716a520e1f2ac"
I0918 20:38:39.734030 22374 raft_consensus.cc:2890] T ba7b5078d5404513ad4b6aa39b249244 P 2f1a504155064a55b5a716a520e1f2ac [term 0 FOLLOWER]: Advancing to term 1
I0918 20:38:39.731567 22434 raft_consensus.cc:472] T bd65e74409ad46799a393e20fbc31c54 P b4bb3d9a778a4d8e9a3987f0a6d863b0 [term 0 FOLLOWER]: Starting leader election (no leader contacted us within the election timeout)
I0918 20:38:39.745627 22373 tablet_service.cc:1295] Received RequestConsensusVote() RPC: tablet_id: "ba7b5078d5404513ad4b6aa39b249244" candidate_uuid: "1197af9577844861bc2218a92e37c173" candidate_term: 1 candidate_status { last_received { term: 0 index: 0 } } ignore_live_leader: false dest_uuid: "2f1a504155064a55b5a716a520e1f2ac" is_pre_election: true
I0918 20:38:39.754653 22434 raft_consensus.cc:2890] T bd65e74409ad46799a393e20fbc31c54 P b4bb3d9a778a4d8e9a3987f0a6d863b0 [term 0 FOLLOWER]: Advancing to term 1
I0918 20:38:39.757242 22374 raft_consensus.cc:2350] T ba7b5078d5404513ad4b6aa39b249244 P 2f1a504155064a55b5a716a520e1f2ac [term 1 FOLLOWER]: Leader election vote request: Granting yes vote for candidate b4bb3d9a778a4d8e9a3987f0a6d863b0 in term 1.
I0918 20:38:39.757894 22373 raft_consensus.cc:2325] T ba7b5078d5404513ad4b6aa39b249244 P 2f1a504155064a55b5a716a520e1f2ac [term 1 FOLLOWER]: Leader pre-election vote request: Denying vote to candidate 1197af9577844861bc2218a92e37c173 for term 1 because replica is already servicing an update from a current leader or another vote.
I0918 20:38:39.758875 22441 raft_consensus.cc:494] T 517a906cb7664795939d3758fc7d7a17 P b4bb3d9a778a4d8e9a3987f0a6d863b0 [term 1 FOLLOWER]: Starting leader election with config: opid_index: -1 OBSOLETE_local: false peers { permanent_uuid: "b4bb3d9a778a4d8e9a3987f0a6d863b0" member_type: VOTER last_known_addr { host: "127.18.222.1" port: 35785 } } peers { permanent_uuid: "1197af9577844861bc2218a92e37c173" member_type: VOTER last_known_addr { host: "127.18.222.2" port: 35363 } } peers { permanent_uuid: "2f1a504155064a55b5a716a520e1f2ac" member_type: VOTER last_known_addr { host: "127.18.222.3" port: 46347 } }
I0918 20:38:39.760650 22302 tablet_service.cc:1295] Received RequestConsensusVote() RPC: tablet_id: "ba7b5078d5404513ad4b6aa39b249244" candidate_uuid: "b4bb3d9a778a4d8e9a3987f0a6d863b0" candidate_term: 1 candidate_status { last_received { term: 0 index: 0 } } ignore_live_leader: false dest_uuid: "1197af9577844861bc2218a92e37c173"
I0918 20:38:39.762576 22302 raft_consensus.cc:2890] T ba7b5078d5404513ad4b6aa39b249244 P 1197af9577844861bc2218a92e37c173 [term 0 FOLLOWER]: Advancing to term 1
I0918 20:38:39.760828 22227 tablet_service.cc:1295] Received RequestConsensusVote() RPC: tablet_id: "ba7b5078d5404513ad4b6aa39b249244" candidate_uuid: "1197af9577844861bc2218a92e37c173" candidate_term: 1 candidate_status { last_received { term: 0 index: 0 } } ignore_live_leader: false dest_uuid: "b4bb3d9a778a4d8e9a3987f0a6d863b0" is_pre_election: true
I0918 20:38:39.764221 22227 raft_consensus.cc:2280] T ba7b5078d5404513ad4b6aa39b249244 P b4bb3d9a778a4d8e9a3987f0a6d863b0 [term 1 FOLLOWER]: Leader pre-election vote request: Denying vote to candidate 1197af9577844861bc2218a92e37c173 in current term 1: Already voted for candidate b4bb3d9a778a4d8e9a3987f0a6d863b0 in this term.
I0918 20:38:39.769922 22302 raft_consensus.cc:2350] T ba7b5078d5404513ad4b6aa39b249244 P 1197af9577844861bc2218a92e37c173 [term 1 FOLLOWER]: Leader election vote request: Granting yes vote for candidate b4bb3d9a778a4d8e9a3987f0a6d863b0 in term 1.
I0918 20:38:39.761552 22184 leader_election.cc:310] T ba7b5078d5404513ad4b6aa39b249244 P b4bb3d9a778a4d8e9a3987f0a6d863b0 [CANDIDATE]: Term 1 election: Election decided. Result: candidate won. Election summary: received 2 responses out of 3 voters: 2 yes votes; 0 no votes. yes voters: 2f1a504155064a55b5a716a520e1f2ac, b4bb3d9a778a4d8e9a3987f0a6d863b0; no voters:
I0918 20:38:39.772433 22447 raft_consensus.cc:2644] T ba7b5078d5404513ad4b6aa39b249244 P b4bb3d9a778a4d8e9a3987f0a6d863b0 [term 1 FOLLOWER]: Leader election won for term 1
I0918 20:38:39.772222 22434 raft_consensus.cc:494] T bd65e74409ad46799a393e20fbc31c54 P b4bb3d9a778a4d8e9a3987f0a6d863b0 [term 1 FOLLOWER]: Starting leader election with config: opid_index: -1 OBSOLETE_local: false peers { permanent_uuid: "b4bb3d9a778a4d8e9a3987f0a6d863b0" member_type: VOTER last_known_addr { host: "127.18.222.1" port: 35785 } } peers { permanent_uuid: "1197af9577844861bc2218a92e37c173" member_type: VOTER last_known_addr { host: "127.18.222.2" port: 35363 } } peers { permanent_uuid: "2f1a504155064a55b5a716a520e1f2ac" member_type: VOTER last_known_addr { host: "127.18.222.3" port: 46347 } }
I0918 20:38:39.773164 22302 tablet_service.cc:1295] Received RequestConsensusVote() RPC: tablet_id: "517a906cb7664795939d3758fc7d7a17" candidate_uuid: "b4bb3d9a778a4d8e9a3987f0a6d863b0" candidate_term: 1 candidate_status { last_received { term: 0 index: 0 } } ignore_live_leader: false dest_uuid: "1197af9577844861bc2218a92e37c173"
I0918 20:38:39.773970 22434 leader_election.cc:296] T bd65e74409ad46799a393e20fbc31c54 P b4bb3d9a778a4d8e9a3987f0a6d863b0 [CANDIDATE]: Term 1 election: Requested vote from peers 1197af9577844861bc2218a92e37c173 (127.18.222.2:35363), 2f1a504155064a55b5a716a520e1f2ac (127.18.222.3:46347)
I0918 20:38:39.775135 22374 tablet_service.cc:1295] Received RequestConsensusVote() RPC: tablet_id: "517a906cb7664795939d3758fc7d7a17" candidate_uuid: "b4bb3d9a778a4d8e9a3987f0a6d863b0" candidate_term: 1 candidate_status { last_received { term: 0 index: 0 } } ignore_live_leader: false dest_uuid: "2f1a504155064a55b5a716a520e1f2ac"
I0918 20:38:39.771667 22441 leader_election.cc:296] T 517a906cb7664795939d3758fc7d7a17 P b4bb3d9a778a4d8e9a3987f0a6d863b0 [CANDIDATE]: Term 1 election: Requested vote from peers 1197af9577844861bc2218a92e37c173 (127.18.222.2:35363), 2f1a504155064a55b5a716a520e1f2ac (127.18.222.3:46347)
I0918 20:38:39.776248 22374 raft_consensus.cc:2890] T 517a906cb7664795939d3758fc7d7a17 P 2f1a504155064a55b5a716a520e1f2ac [term 0 FOLLOWER]: Advancing to term 1
I0918 20:38:39.777302 22302 raft_consensus.cc:2890] T 517a906cb7664795939d3758fc7d7a17 P 1197af9577844861bc2218a92e37c173 [term 0 FOLLOWER]: Advancing to term 1
I0918 20:38:39.779364 22373 tablet_service.cc:1295] Received RequestConsensusVote() RPC: tablet_id: "bd65e74409ad46799a393e20fbc31c54" candidate_uuid: "b4bb3d9a778a4d8e9a3987f0a6d863b0" candidate_term: 1 candidate_status { last_received { term: 0 index: 0 } } ignore_live_leader: false dest_uuid: "2f1a504155064a55b5a716a520e1f2ac"
I0918 20:38:39.780047 22373 raft_consensus.cc:2890] T bd65e74409ad46799a393e20fbc31c54 P 2f1a504155064a55b5a716a520e1f2ac [term 0 FOLLOWER]: Advancing to term 1
I0918 20:38:39.783406 22266 leader_election.cc:310] T ba7b5078d5404513ad4b6aa39b249244 P 1197af9577844861bc2218a92e37c173 [CANDIDATE]: Term 1 pre-election: Election decided. Result: candidate lost. Election summary: received 3 responses out of 3 voters: 1 yes votes; 2 no votes. yes voters: 1197af9577844861bc2218a92e37c173; no voters: 2f1a504155064a55b5a716a520e1f2ac, b4bb3d9a778a4d8e9a3987f0a6d863b0
I0918 20:38:39.783998 22301 tablet_service.cc:1295] Received RequestConsensusVote() RPC: tablet_id: "bd65e74409ad46799a393e20fbc31c54" candidate_uuid: "b4bb3d9a778a4d8e9a3987f0a6d863b0" candidate_term: 1 candidate_status { last_received { term: 0 index: 0 } } ignore_live_leader: false dest_uuid: "1197af9577844861bc2218a92e37c173"
I0918 20:38:39.784662 22301 raft_consensus.cc:2890] T bd65e74409ad46799a393e20fbc31c54 P 1197af9577844861bc2218a92e37c173 [term 0 FOLLOWER]: Advancing to term 1
I0918 20:38:39.784809 22429 raft_consensus.cc:2592] T ba7b5078d5404513ad4b6aa39b249244 P 1197af9577844861bc2218a92e37c173 [term 1 FOLLOWER]: Leader pre-election lost for term 1. Reason: could not achieve majority
I0918 20:38:39.787605 22373 raft_consensus.cc:2350] T bd65e74409ad46799a393e20fbc31c54 P 2f1a504155064a55b5a716a520e1f2ac [term 1 FOLLOWER]: Leader election vote request: Granting yes vote for candidate b4bb3d9a778a4d8e9a3987f0a6d863b0 in term 1.
I0918 20:38:39.789463 22184 leader_election.cc:310] T bd65e74409ad46799a393e20fbc31c54 P b4bb3d9a778a4d8e9a3987f0a6d863b0 [CANDIDATE]: Term 1 election: Election decided. Result: candidate won. Election summary: received 2 responses out of 3 voters: 2 yes votes; 0 no votes. yes voters: 2f1a504155064a55b5a716a520e1f2ac, b4bb3d9a778a4d8e9a3987f0a6d863b0; no voters:
I0918 20:38:39.790496 22441 raft_consensus.cc:2644] T bd65e74409ad46799a393e20fbc31c54 P b4bb3d9a778a4d8e9a3987f0a6d863b0 [term 1 FOLLOWER]: Leader election won for term 1
I0918 20:38:39.795398 22374 raft_consensus.cc:2350] T 517a906cb7664795939d3758fc7d7a17 P 2f1a504155064a55b5a716a520e1f2ac [term 1 FOLLOWER]: Leader election vote request: Granting yes vote for candidate b4bb3d9a778a4d8e9a3987f0a6d863b0 in term 1.
I0918 20:38:39.790992 22301 raft_consensus.cc:2350] T bd65e74409ad46799a393e20fbc31c54 P 1197af9577844861bc2218a92e37c173 [term 1 FOLLOWER]: Leader election vote request: Granting yes vote for candidate b4bb3d9a778a4d8e9a3987f0a6d863b0 in term 1.
I0918 20:38:39.796809 22184 leader_election.cc:310] T 517a906cb7664795939d3758fc7d7a17 P b4bb3d9a778a4d8e9a3987f0a6d863b0 [CANDIDATE]: Term 1 election: Election decided. Result: candidate won. Election summary: received 2 responses out of 3 voters: 2 yes votes; 0 no votes. yes voters: 2f1a504155064a55b5a716a520e1f2ac, b4bb3d9a778a4d8e9a3987f0a6d863b0; no voters:
I0918 20:38:39.801151 22447 raft_consensus.cc:667] T ba7b5078d5404513ad4b6aa39b249244 P b4bb3d9a778a4d8e9a3987f0a6d863b0 [term 1 LEADER]: Becoming Leader. State: Replica: b4bb3d9a778a4d8e9a3987f0a6d863b0, State: Running, Role: LEADER
I0918 20:38:39.802814 22434 raft_consensus.cc:2644] T 517a906cb7664795939d3758fc7d7a17 P b4bb3d9a778a4d8e9a3987f0a6d863b0 [term 1 FOLLOWER]: Leader election won for term 1
I0918 20:38:39.803237 22434 raft_consensus.cc:667] T 517a906cb7664795939d3758fc7d7a17 P b4bb3d9a778a4d8e9a3987f0a6d863b0 [term 1 LEADER]: Becoming Leader. State: Replica: b4bb3d9a778a4d8e9a3987f0a6d863b0, State: Running, Role: LEADER
I0918 20:38:39.792011 22441 raft_consensus.cc:667] T bd65e74409ad46799a393e20fbc31c54 P b4bb3d9a778a4d8e9a3987f0a6d863b0 [term 1 LEADER]: Becoming Leader. State: Replica: b4bb3d9a778a4d8e9a3987f0a6d863b0, State: Running, Role: LEADER
I0918 20:38:39.804471 22441 consensus_queue.cc:206] T bd65e74409ad46799a393e20fbc31c54 P b4bb3d9a778a4d8e9a3987f0a6d863b0 [LEADER]: Queue going to LEADER mode. State: All replicated index: 0, Majority replicated index: 0, Committed index: 0, Last appended: 0.0, Last appended by leader: 0, Current term: 1, Majority size: 2, State: 0, Mode: LEADER, active raft config: opid_index: -1 OBSOLETE_local: false peers { permanent_uuid: "b4bb3d9a778a4d8e9a3987f0a6d863b0" member_type: VOTER last_known_addr { host: "127.18.222.1" port: 35785 } } peers { permanent_uuid: "1197af9577844861bc2218a92e37c173" member_type: VOTER last_known_addr { host: "127.18.222.2" port: 35363 } } peers { permanent_uuid: "2f1a504155064a55b5a716a520e1f2ac" member_type: VOTER last_known_addr { host: "127.18.222.3" port: 46347 } }
I0918 20:38:39.804509 22434 consensus_queue.cc:206] T 517a906cb7664795939d3758fc7d7a17 P b4bb3d9a778a4d8e9a3987f0a6d863b0 [LEADER]: Queue going to LEADER mode. State: All replicated index: 0, Majority replicated index: 0, Committed index: 0, Last appended: 0.0, Last appended by leader: 0, Current term: 1, Majority size: 2, State: 0, Mode: LEADER, active raft config: opid_index: -1 OBSOLETE_local: false peers { permanent_uuid: "b4bb3d9a778a4d8e9a3987f0a6d863b0" member_type: VOTER last_known_addr { host: "127.18.222.1" port: 35785 } } peers { permanent_uuid: "1197af9577844861bc2218a92e37c173" member_type: VOTER last_known_addr { host: "127.18.222.2" port: 35363 } } peers { permanent_uuid: "2f1a504155064a55b5a716a520e1f2ac" member_type: VOTER last_known_addr { host: "127.18.222.3" port: 46347 } }
I0918 20:38:39.814841 22302 raft_consensus.cc:2350] T 517a906cb7664795939d3758fc7d7a17 P 1197af9577844861bc2218a92e37c173 [term 1 FOLLOWER]: Leader election vote request: Granting yes vote for candidate b4bb3d9a778a4d8e9a3987f0a6d863b0 in term 1.
I0918 20:38:39.809728 22447 consensus_queue.cc:206] T ba7b5078d5404513ad4b6aa39b249244 P b4bb3d9a778a4d8e9a3987f0a6d863b0 [LEADER]: Queue going to LEADER mode. State: All replicated index: 0, Majority replicated index: 0, Committed index: 0, Last appended: 0.0, Last appended by leader: 0, Current term: 1, Majority size: 2, State: 0, Mode: LEADER, active raft config: opid_index: -1 OBSOLETE_local: false peers { permanent_uuid: "1197af9577844861bc2218a92e37c173" member_type: VOTER last_known_addr { host: "127.18.222.2" port: 35363 } } peers { permanent_uuid: "2f1a504155064a55b5a716a520e1f2ac" member_type: VOTER last_known_addr { host: "127.18.222.3" port: 46347 } } peers { permanent_uuid: "b4bb3d9a778a4d8e9a3987f0a6d863b0" member_type: VOTER last_known_addr { host: "127.18.222.1" port: 35785 } }
I0918 20:38:39.832911 22076 catalog_manager.cc:4131] T ba7b5078d5404513ad4b6aa39b249244 P b4bb3d9a778a4d8e9a3987f0a6d863b0 reported cstate change: term changed from 0 to 1, leader changed from to b4bb3d9a778a4d8e9a3987f0a6d863b0 (127.18.222.1). New cstate: current_term: 1 leader_uuid: "b4bb3d9a778a4d8e9a3987f0a6d863b0" committed_config { opid_index: -1 OBSOLETE_local: false peers { permanent_uuid: "1197af9577844861bc2218a92e37c173" member_type: VOTER last_known_addr { host: "127.18.222.2" port: 35363 } health_report { overall_health: UNKNOWN } } peers { permanent_uuid: "2f1a504155064a55b5a716a520e1f2ac" member_type: VOTER last_known_addr { host: "127.18.222.3" port: 46347 } health_report { overall_health: UNKNOWN } } peers { permanent_uuid: "b4bb3d9a778a4d8e9a3987f0a6d863b0" member_type: VOTER last_known_addr { host: "127.18.222.1" port: 35785 } health_report { overall_health: HEALTHY } } }
I0918 20:38:39.887631 22076 catalog_manager.cc:4131] T bd65e74409ad46799a393e20fbc31c54 P b4bb3d9a778a4d8e9a3987f0a6d863b0 reported cstate change: term changed from 0 to 1, leader changed from to b4bb3d9a778a4d8e9a3987f0a6d863b0 (127.18.222.1). New cstate: current_term: 1 leader_uuid: "b4bb3d9a778a4d8e9a3987f0a6d863b0" committed_config { opid_index: -1 OBSOLETE_local: false peers { permanent_uuid: "b4bb3d9a778a4d8e9a3987f0a6d863b0" member_type: VOTER last_known_addr { host: "127.18.222.1" port: 35785 } health_report { overall_health: HEALTHY } } peers { permanent_uuid: "1197af9577844861bc2218a92e37c173" member_type: VOTER last_known_addr { host: "127.18.222.2" port: 35363 } health_report { overall_health: UNKNOWN } } peers { permanent_uuid: "2f1a504155064a55b5a716a520e1f2ac" member_type: VOTER last_known_addr { host: "127.18.222.3" port: 46347 } health_report { overall_health: UNKNOWN } } }
I0918 20:38:39.889181 22076 catalog_manager.cc:4131] T 517a906cb7664795939d3758fc7d7a17 P b4bb3d9a778a4d8e9a3987f0a6d863b0 reported cstate change: term changed from 0 to 1, leader changed from to b4bb3d9a778a4d8e9a3987f0a6d863b0 (127.18.222.1). New cstate: current_term: 1 leader_uuid: "b4bb3d9a778a4d8e9a3987f0a6d863b0" committed_config { opid_index: -1 OBSOLETE_local: false peers { permanent_uuid: "b4bb3d9a778a4d8e9a3987f0a6d863b0" member_type: VOTER last_known_addr { host: "127.18.222.1" port: 35785 } health_report { overall_health: HEALTHY } } peers { permanent_uuid: "1197af9577844861bc2218a92e37c173" member_type: VOTER last_known_addr { host: "127.18.222.2" port: 35363 } health_report { overall_health: UNKNOWN } } peers { permanent_uuid: "2f1a504155064a55b5a716a520e1f2ac" member_type: VOTER last_known_addr { host: "127.18.222.3" port: 46347 } health_report { overall_health: UNKNOWN } } }
I0918 20:38:40.034759 19320 ksck_remote-test.cc:412] Generating row writes...
I0918 20:38:40.249672 22447 consensus_queue.cc:984] T 517a906cb7664795939d3758fc7d7a17 P b4bb3d9a778a4d8e9a3987f0a6d863b0 [LEADER]: Connected to new peer: Peer: permanent_uuid: "2f1a504155064a55b5a716a520e1f2ac" member_type: VOTER last_known_addr { host: "127.18.222.3" port: 46347 }, Status: LMP_MISMATCH, Last received: 0.0, Next index: 1, Last known committed idx: 0, Time since last communication: 0.001s
I0918 20:38:40.257515 22447 consensus_queue.cc:984] T ba7b5078d5404513ad4b6aa39b249244 P b4bb3d9a778a4d8e9a3987f0a6d863b0 [LEADER]: Connected to new peer: Peer: permanent_uuid: "2f1a504155064a55b5a716a520e1f2ac" member_type: VOTER last_known_addr { host: "127.18.222.3" port: 46347 }, Status: LMP_MISMATCH, Last received: 0.0, Next index: 1, Last known committed idx: 0, Time since last communication: 0.001s
I0918 20:38:40.287839 22434 consensus_queue.cc:984] T bd65e74409ad46799a393e20fbc31c54 P b4bb3d9a778a4d8e9a3987f0a6d863b0 [LEADER]: Connected to new peer: Peer: permanent_uuid: "2f1a504155064a55b5a716a520e1f2ac" member_type: VOTER last_known_addr { host: "127.18.222.3" port: 46347 }, Status: LMP_MISMATCH, Last received: 0.0, Next index: 1, Last known committed idx: 0, Time since last communication: 0.001s
I0918 20:38:40.287968 22441 consensus_queue.cc:984] T ba7b5078d5404513ad4b6aa39b249244 P b4bb3d9a778a4d8e9a3987f0a6d863b0 [LEADER]: Connected to new peer: Peer: permanent_uuid: "1197af9577844861bc2218a92e37c173" member_type: VOTER last_known_addr { host: "127.18.222.2" port: 35363 }, Status: LMP_MISMATCH, Last received: 0.0, Next index: 1, Last known committed idx: 0, Time since last communication: 0.001s
I0918 20:38:40.330709 22447 consensus_queue.cc:984] T 517a906cb7664795939d3758fc7d7a17 P b4bb3d9a778a4d8e9a3987f0a6d863b0 [LEADER]: Connected to new peer: Peer: permanent_uuid: "1197af9577844861bc2218a92e37c173" member_type: VOTER last_known_addr { host: "127.18.222.2" port: 35363 }, Status: LMP_MISMATCH, Last received: 0.0, Next index: 1, Last known committed idx: 0, Time since last communication: 0.000s
I0918 20:38:40.447016 22434 consensus_queue.cc:984] T bd65e74409ad46799a393e20fbc31c54 P b4bb3d9a778a4d8e9a3987f0a6d863b0 [LEADER]: Connected to new peer: Peer: permanent_uuid: "1197af9577844861bc2218a92e37c173" member_type: VOTER last_known_addr { host: "127.18.222.2" port: 35363 }, Status: LMP_MISMATCH, Last received: 0.0, Next index: 1, Last known committed idx: 0, Time since last communication: 0.003s
I0918 20:38:42.999425 22499 rpcz_store.cc:269] Call kudu.tserver.TabletServerService.Write from 127.0.0.1:45514 (ReqId={client: 502c9e9781f24a22a6b936c9746065c8, seq_no=0, attempt_no=0}) took 1820ms. Request Metrics: {"spinlock_wait_cycles":4992,"child_traces":[["txn",{"apply.queue_time_us":316,"num_ops":3240,"prepare.queue_time_us":21418,"prepare.run_cpu_time_us":294806,"prepare.run_wall_time_us":569520,"raft.queue_time_us":483,"raft.run_cpu_time_us":2624,"raft.run_wall_time_us":3919,"replication_time_us":125249,"spinlock_wait_cycles":3246848,"thread_start_us":24227,"threads_started":2,"wal-append.queue_time_us":3503}]]}
W0918 20:38:43.202484 22407 outbound_call.cc:287] RPC callback for RPC call kudu.tserver.TabletServerService.Write -> {remote=127.18.222.1:35785, user_credentials={real_user=slave}} blocked reactor thread for 200790us
W0918 20:38:43.506139 22513 log.cc:669] Time spent T bd65e74409ad46799a393e20fbc31c54 P 1197af9577844861bc2218a92e37c173: Append to log took a long time: real 0.103s user 0.010s sys 0.000s
W0918 20:38:43.605175 22510 log.cc:669] Time spent T bd65e74409ad46799a393e20fbc31c54 P 2f1a504155064a55b5a716a520e1f2ac: Append to log took a long time: real 0.092s user 0.007s sys 0.006s
I0918 20:38:44.470445 22499 rpcz_store.cc:269] Call kudu.tserver.TabletServerService.Write from 127.0.0.1:45514 (ReqId={client: 502c9e9781f24a22a6b936c9746065c8, seq_no=3, attempt_no=0}) took 2276ms. Request Metrics: {"child_traces":[["txn",{"apply.queue_time_us":1091,"mutex_wait_us":20410,"num_ops":2993,"prepare.queue_time_us":219,"prepare.run_cpu_time_us":342580,"prepare.run_wall_time_us":1118245,"raft.queue_time_us":26032,"raft.run_cpu_time_us":4074,"raft.run_wall_time_us":4431,"replication_time_us":324201,"spinlock_wait_cycles":518144}]]}
W0918 20:38:44.557190 22407 outbound_call.cc:287] RPC callback for RPC call kudu.tserver.TabletServerService.Write -> {remote=127.18.222.1:35785, user_credentials={real_user=slave}} blocked reactor thread for 82218us
W0918 20:38:45.030048 22518 log.cc:669] Time spent T bd65e74409ad46799a393e20fbc31c54 P 2f1a504155064a55b5a716a520e1f2ac: Append to log took a long time: real 0.059s user 0.010s sys 0.000s
W0918 20:38:45.115440 22181 outbound_call.cc:287] RPC callback for RPC call kudu.consensus.ConsensusService.UpdateConsensus -> {remote=127.18.222.2:35363, user_credentials={real_user=slave}} blocked reactor thread for 49147us
I0918 20:38:46.494570 22522 rpcz_store.cc:269] Call kudu.tserver.TabletServerService.Write from 127.0.0.1:45514 (ReqId={client: 502c9e9781f24a22a6b936c9746065c8, seq_no=4, attempt_no=0}) took 2420ms. Request Metrics: {"child_traces":[["txn",{"apply.queue_time_us":62149,"num_ops":2441,"prepare.queue_time_us":12445,"prepare.run_cpu_time_us":256901,"prepare.run_wall_time_us":850749,"raft.queue_time_us":234,"raft.run_cpu_time_us":1913,"raft.run_wall_time_us":1964,"replication_time_us":128915,"spinlock_wait_cycles":33358464,"thread_start_us":65216,"threads_started":2}]]}
W0918 20:38:46.652489 22407 outbound_call.cc:287] RPC callback for RPC call kudu.tserver.TabletServerService.Write -> {remote=127.18.222.1:35785, user_credentials={real_user=slave}} blocked reactor thread for 143971us
W0918 20:38:46.653230 22184 outbound_call.cc:287] RPC callback for RPC call kudu.master.MasterService.TSHeartbeat -> {remote=127.18.222.60:46633, user_credentials={real_user=slave}} blocked reactor thread for 44030.4us
W0918 20:38:46.696681 22337 outbound_call.cc:287] RPC callback for RPC call kudu.master.MasterService.TSHeartbeat -> {remote=127.18.222.62:46257, user_credentials={real_user=slave}} blocked reactor thread for 88136.8us
I0918 20:38:47.179088 19320 tablet_server.cc:155] TabletServer shutting down...
I0918 20:38:47.191475 22184 messenger.cc:381] Service unavailable: service kudu.tserver.TabletServerService not registered on TabletServer
W0918 20:38:47.193848 22462 ksck_checksum.cc:285] failed to submit task to start additional tablet checksums: Service unavailable: The pool has been shut down.
I0918 20:38:47.197517 22184 messenger.cc:381] Service unavailable: service kudu.tserver.TabletServerService not registered on TabletServer
I0918 20:38:47.198076 22184 messenger.cc:381] Service unavailable: service kudu.tserver.TabletServerService not registered on TabletServer
W0918 20:38:47.199340 22461 ksck_checksum.cc:285] failed to submit task to start additional tablet checksums: Service unavailable: The pool has been shut down.
W0918 20:38:47.199914 22461 ksck_checksum.cc:285] failed to submit task to start additional tablet checksums: Service unavailable: The pool has been shut down.
W0918 20:38:47.200363 22461 ksck_checksum.cc:285] failed to submit task to start additional tablet checksums: Service unavailable: The pool has been shut down.
W0918 20:38:47.202308 22459 ksck_checksum.cc:285] failed to submit task to start additional tablet checksums: Service unavailable: The pool has been shut down.
W0918 20:38:47.205116 22462 ksck_checksum.cc:285] failed to submit task to start additional tablet checksums: Service unavailable: The pool has been shut down.
W0918 20:38:47.207284 22459 ksck_checksum.cc:285] failed to submit task to start additional tablet checksums: Service unavailable: The pool has been shut down.
I0918 20:38:47.384600 19320 ts_tablet_manager.cc:1159] Shutting down tablet manager...
I0918 20:38:47.385254 19320 tablet_replica.cc:273] T 517a906cb7664795939d3758fc7d7a17 P b4bb3d9a778a4d8e9a3987f0a6d863b0: stopping tablet replica
I0918 20:38:47.385869 19320 raft_consensus.cc:2147] T 517a906cb7664795939d3758fc7d7a17 P b4bb3d9a778a4d8e9a3987f0a6d863b0 [term 1 LEADER]: Raft consensus shutting down.
I0918 20:38:47.387411 19320 raft_consensus.cc:2174] T 517a906cb7664795939d3758fc7d7a17 P b4bb3d9a778a4d8e9a3987f0a6d863b0 [term 1 FOLLOWER]: Raft consensus is shut down!
I0918 20:38:47.390625 19320 tablet_replica.cc:273] T bd65e74409ad46799a393e20fbc31c54 P b4bb3d9a778a4d8e9a3987f0a6d863b0: stopping tablet replica
I0918 20:38:47.391117 19320 raft_consensus.cc:2147] T bd65e74409ad46799a393e20fbc31c54 P b4bb3d9a778a4d8e9a3987f0a6d863b0 [term 1 LEADER]: Raft consensus shutting down.
I0918 20:38:47.392009 19320 raft_consensus.cc:2174] T bd65e74409ad46799a393e20fbc31c54 P b4bb3d9a778a4d8e9a3987f0a6d863b0 [term 1 FOLLOWER]: Raft consensus is shut down!
I0918 20:38:47.461870 19320 tablet_replica.cc:273] T ba7b5078d5404513ad4b6aa39b249244 P b4bb3d9a778a4d8e9a3987f0a6d863b0: stopping tablet replica
I0918 20:38:47.462621 19320 raft_consensus.cc:2147] T ba7b5078d5404513ad4b6aa39b249244 P b4bb3d9a778a4d8e9a3987f0a6d863b0 [term 1 LEADER]: Raft consensus shutting down.
I0918 20:38:47.463567 19320 raft_consensus.cc:2174] T ba7b5078d5404513ad4b6aa39b249244 P b4bb3d9a778a4d8e9a3987f0a6d863b0 [term 1 FOLLOWER]: Raft consensus is shut down!
I0918 20:38:47.495283 19320 tablet_server.cc:169] TabletServer shutdown complete.
I0918 20:38:47.495615 19320 tablet_server.cc:155] TabletServer shutting down...
I0918 20:38:47.496146 19320 tablet_server.cc:169] TabletServer shutdown complete.
W0918 20:38:47.497325 22459 ksck_checksum.cc:285] failed to submit task to start additional tablet checksums: Service unavailable: The pool has been shut down.
I0918 20:38:47.521414 19320 tablet_server.cc:155] TabletServer shutting down...
I0918 20:38:47.589165 19320 ts_tablet_manager.cc:1159] Shutting down tablet manager...
I0918 20:38:47.589712 19320 tablet_replica.cc:273] T bd65e74409ad46799a393e20fbc31c54 P 1197af9577844861bc2218a92e37c173: stopping tablet replica
