I0918 20:38:14.292209 19759 consensus_queue.cc:229] T 97c5cc6796a841ea9c7ff4f235634ff2 P 244388b2e0714e6d81955c8eb0f32079 [NON_LEADER]: Queue going to NON_LEADER mode. State: All replicated index: 0, Majority replicated index: 0, Committed index: 0, Last appended: 0.0, Last appended by leader: 0, Current term: 0, Majority size: -1, State: 0, Mode: NON_LEADER, active raft config: opid_index: -1 OBSOLETE_local: false peers { permanent_uuid: "244388b2e0714e6d81955c8eb0f32079" member_type: VOTER last_known_addr { host: "127.18.222.2" port: 40105 } } peers { permanent_uuid: "37f57f2c32fe437fa6df8bf99c0a7610" member_type: VOTER last_known_addr { host: "127.18.222.1" port: 33889 } } peers { permanent_uuid: "9568719bcc02432ebaea2dbd7568a4d2" member_type: VOTER last_known_addr { host: "127.18.222.3" port: 46017 } }
I0918 20:38:14.303071 19759 ts_tablet_manager.cc:1113] T 97c5cc6796a841ea9c7ff4f235634ff2 P 244388b2e0714e6d81955c8eb0f32079: Time spent starting tablet: real 0.023s user 0.006s sys 0.002s
W0918 20:38:14.292670 19517 debug-util.cc:397] Leaking SignalData structure 0x7b0800117de0 after lost signal to thread 19436
W0918 20:38:14.308146 19517 debug-util.cc:397] Leaking SignalData structure 0x7b08000fb0c0 after lost signal to thread 19493
I0918 20:38:14.323132 19632 tablet_service.cc:1295] Received RequestConsensusVote() RPC: tablet_id: "f9e633149efb42098ddfed9bf8dffad3" candidate_uuid: "9568719bcc02432ebaea2dbd7568a4d2" candidate_term: 1 candidate_status { last_received { term: 0 index: 0 } } ignore_live_leader: false dest_uuid: "244388b2e0714e6d81955c8eb0f32079" is_pre_election: true
I0918 20:38:14.324589 19631 tablet_service.cc:1295] Received RequestConsensusVote() RPC: tablet_id: "8b5822f647d84454aae1d2764a137c54" candidate_uuid: "9568719bcc02432ebaea2dbd7568a4d2" candidate_term: 1 candidate_status { last_received { term: 0 index: 0 } } ignore_live_leader: false dest_uuid: "244388b2e0714e6d81955c8eb0f32079" is_pre_election: true
I0918 20:38:14.326155 19631 raft_consensus.cc:2350] T 8b5822f647d84454aae1d2764a137c54 P 244388b2e0714e6d81955c8eb0f32079 [term 0 FOLLOWER]: Leader pre-election vote request: Granting yes vote for candidate 9568719bcc02432ebaea2dbd7568a4d2 in term 0.
I0918 20:38:14.306756 19703 tablet_service.cc:1295] Received RequestConsensusVote() RPC: tablet_id: "97c5cc6796a841ea9c7ff4f235634ff2" candidate_uuid: "37f57f2c32fe437fa6df8bf99c0a7610" candidate_term: 1 candidate_status { last_received { term: 0 index: 0 } } ignore_live_leader: false dest_uuid: "9568719bcc02432ebaea2dbd7568a4d2" is_pre_election: true
I0918 20:38:14.328467 19632 raft_consensus.cc:2311] T f9e633149efb42098ddfed9bf8dffad3 P 244388b2e0714e6d81955c8eb0f32079 [term 1 LEADER]: Leader pre-election vote request: Denying vote to candidate 9568719bcc02432ebaea2dbd7568a4d2 for term 1 because replica is either leader or believes a valid leader to be alive.
I0918 20:38:14.328811 19664 leader_election.cc:310] T 8b5822f647d84454aae1d2764a137c54 P 9568719bcc02432ebaea2dbd7568a4d2 [CANDIDATE]: Term 1 pre-election: Election decided. Result: candidate won. Election summary: received 2 responses out of 3 voters: 2 yes votes; 0 no votes. yes voters: 244388b2e0714e6d81955c8eb0f32079, 9568719bcc02432ebaea2dbd7568a4d2; no voters:
I0918 20:38:14.330102 19765 raft_consensus.cc:2644] T 8b5822f647d84454aae1d2764a137c54 P 9568719bcc02432ebaea2dbd7568a4d2 [term 0 FOLLOWER]: Leader pre-election won for term 1
I0918 20:38:14.330401 19765 raft_consensus.cc:472] T 8b5822f647d84454aae1d2764a137c54 P 9568719bcc02432ebaea2dbd7568a4d2 [term 0 FOLLOWER]: Starting leader election (no leader contacted us within the election timeout)
I0918 20:38:14.330693 19765 raft_consensus.cc:2890] T 8b5822f647d84454aae1d2764a137c54 P 9568719bcc02432ebaea2dbd7568a4d2 [term 0 FOLLOWER]: Advancing to term 1
I0918 20:38:14.306638 19758 consensus_queue.cc:229] T 97c5cc6796a841ea9c7ff4f235634ff2 P 9568719bcc02432ebaea2dbd7568a4d2 [NON_LEADER]: Queue going to NON_LEADER mode. State: All replicated index: 0, Majority replicated index: 0, Committed index: 0, Last appended: 0.0, Last appended by leader: 0, Current term: 0, Majority size: -1, State: 0, Mode: NON_LEADER, active raft config: opid_index: -1 OBSOLETE_local: false peers { permanent_uuid: "244388b2e0714e6d81955c8eb0f32079" member_type: VOTER last_known_addr { host: "127.18.222.2" port: 40105 } } peers { permanent_uuid: "37f57f2c32fe437fa6df8bf99c0a7610" member_type: VOTER last_known_addr { host: "127.18.222.1" port: 33889 } } peers { permanent_uuid: "9568719bcc02432ebaea2dbd7568a4d2" member_type: VOTER last_known_addr { host: "127.18.222.3" port: 46017 } }
I0918 20:38:14.334684 19703 raft_consensus.cc:2350] T 97c5cc6796a841ea9c7ff4f235634ff2 P 9568719bcc02432ebaea2dbd7568a4d2 [term 0 FOLLOWER]: Leader pre-election vote request: Granting yes vote for candidate 37f57f2c32fe437fa6df8bf99c0a7610 in term 0.
I0918 20:38:14.336380 19511 leader_election.cc:310] T 97c5cc6796a841ea9c7ff4f235634ff2 P 37f57f2c32fe437fa6df8bf99c0a7610 [CANDIDATE]: Term 1 pre-election: Election decided. Result: candidate won. Election summary: received 3 responses out of 3 voters: 2 yes votes; 1 no votes. yes voters: 37f57f2c32fe437fa6df8bf99c0a7610, 9568719bcc02432ebaea2dbd7568a4d2; no voters: 244388b2e0714e6d81955c8eb0f32079
I0918 20:38:14.338937 19763 raft_consensus.cc:2644] T 97c5cc6796a841ea9c7ff4f235634ff2 P 37f57f2c32fe437fa6df8bf99c0a7610 [term 0 FOLLOWER]: Leader pre-election won for term 1
I0918 20:38:14.339226 19763 raft_consensus.cc:472] T 97c5cc6796a841ea9c7ff4f235634ff2 P 37f57f2c32fe437fa6df8bf99c0a7610 [term 0 FOLLOWER]: Starting leader election (no leader contacted us within the election timeout)
I0918 20:38:14.339529 19763 raft_consensus.cc:2890] T 97c5cc6796a841ea9c7ff4f235634ff2 P 37f57f2c32fe437fa6df8bf99c0a7610 [term 0 FOLLOWER]: Advancing to term 1
I0918 20:38:14.358801 19765 raft_consensus.cc:494] T 8b5822f647d84454aae1d2764a137c54 P 9568719bcc02432ebaea2dbd7568a4d2 [term 1 FOLLOWER]: Starting leader election with config: opid_index: -1 OBSOLETE_local: false peers { permanent_uuid: "37f57f2c32fe437fa6df8bf99c0a7610" member_type: VOTER last_known_addr { host: "127.18.222.1" port: 33889 } } peers { permanent_uuid: "244388b2e0714e6d81955c8eb0f32079" member_type: VOTER last_known_addr { host: "127.18.222.2" port: 40105 } } peers { permanent_uuid: "9568719bcc02432ebaea2dbd7568a4d2" member_type: VOTER last_known_addr { host: "127.18.222.3" port: 46017 } }
I0918 20:38:14.361101 19763 raft_consensus.cc:494] T 97c5cc6796a841ea9c7ff4f235634ff2 P 37f57f2c32fe437fa6df8bf99c0a7610 [term 1 FOLLOWER]: Starting leader election with config: opid_index: -1 OBSOLETE_local: false peers { permanent_uuid: "244388b2e0714e6d81955c8eb0f32079" member_type: VOTER last_known_addr { host: "127.18.222.2" port: 40105 } } peers { permanent_uuid: "37f57f2c32fe437fa6df8bf99c0a7610" member_type: VOTER last_known_addr { host: "127.18.222.1" port: 33889 } } peers { permanent_uuid: "9568719bcc02432ebaea2dbd7568a4d2" member_type: VOTER last_known_addr { host: "127.18.222.3" port: 46017 } }
I0918 20:38:14.363543 19632 tablet_service.cc:1295] Received RequestConsensusVote() RPC: tablet_id: "8b5822f647d84454aae1d2764a137c54" candidate_uuid: "9568719bcc02432ebaea2dbd7568a4d2" candidate_term: 1 candidate_status { last_received { term: 0 index: 0 } } ignore_live_leader: false dest_uuid: "244388b2e0714e6d81955c8eb0f32079"
I0918 20:38:14.365027 19632 raft_consensus.cc:2890] T 8b5822f647d84454aae1d2764a137c54 P 244388b2e0714e6d81955c8eb0f32079 [term 0 FOLLOWER]: Advancing to term 1
I0918 20:38:14.365345 19763 leader_election.cc:296] T 97c5cc6796a841ea9c7ff4f235634ff2 P 37f57f2c32fe437fa6df8bf99c0a7610 [CANDIDATE]: Term 1 election: Requested vote from peers 244388b2e0714e6d81955c8eb0f32079 (127.18.222.2:40105), 9568719bcc02432ebaea2dbd7568a4d2 (127.18.222.3:46017)
I0918 20:38:14.368382 19631 tablet_service.cc:1295] Received RequestConsensusVote() RPC: tablet_id: "97c5cc6796a841ea9c7ff4f235634ff2" candidate_uuid: "37f57f2c32fe437fa6df8bf99c0a7610" candidate_term: 1 candidate_status { last_received { term: 0 index: 0 } } ignore_live_leader: false dest_uuid: "244388b2e0714e6d81955c8eb0f32079"
I0918 20:38:14.370841 19631 raft_consensus.cc:2890] T 97c5cc6796a841ea9c7ff4f235634ff2 P 244388b2e0714e6d81955c8eb0f32079 [term 0 FOLLOWER]: Advancing to term 1
I0918 20:38:14.366592 19765 leader_election.cc:296] T 8b5822f647d84454aae1d2764a137c54 P 9568719bcc02432ebaea2dbd7568a4d2 [CANDIDATE]: Term 1 election: Requested vote from peers 37f57f2c32fe437fa6df8bf99c0a7610 (127.18.222.1:33889), 244388b2e0714e6d81955c8eb0f32079 (127.18.222.2:40105)
I0918 20:38:14.367590 19703 tablet_service.cc:1295] Received RequestConsensusVote() RPC: tablet_id: "97c5cc6796a841ea9c7ff4f235634ff2" candidate_uuid: "37f57f2c32fe437fa6df8bf99c0a7610" candidate_term: 1 candidate_status { last_received { term: 0 index: 0 } } ignore_live_leader: false dest_uuid: "9568719bcc02432ebaea2dbd7568a4d2"
I0918 20:38:14.386620 19632 raft_consensus.cc:2350] T 8b5822f647d84454aae1d2764a137c54 P 244388b2e0714e6d81955c8eb0f32079 [term 1 FOLLOWER]: Leader election vote request: Granting yes vote for candidate 9568719bcc02432ebaea2dbd7568a4d2 in term 1.
I0918 20:38:14.387902 19664 leader_election.cc:310] T 8b5822f647d84454aae1d2764a137c54 P 9568719bcc02432ebaea2dbd7568a4d2 [CANDIDATE]: Term 1 election: Election decided. Result: candidate won. Election summary: received 2 responses out of 3 voters: 2 yes votes; 0 no votes. yes voters: 244388b2e0714e6d81955c8eb0f32079, 9568719bcc02432ebaea2dbd7568a4d2; no voters:
I0918 20:38:14.388458 19703 raft_consensus.cc:2890] T 97c5cc6796a841ea9c7ff4f235634ff2 P 9568719bcc02432ebaea2dbd7568a4d2 [term 0 FOLLOWER]: Advancing to term 1
W0918 20:38:14.393280 19785 log.cc:669] Time spent T f9e633149efb42098ddfed9bf8dffad3 P 244388b2e0714e6d81955c8eb0f32079: Append to log took a long time: real 0.055s user 0.001s sys 0.000s
I0918 20:38:14.398018 19758 ts_tablet_manager.cc:1113] T 97c5cc6796a841ea9c7ff4f235634ff2 P 9568719bcc02432ebaea2dbd7568a4d2: Time spent starting tablet: real 0.108s user 0.021s sys 0.014s
I0918 20:38:14.397447 19765 raft_consensus.cc:2644] T 8b5822f647d84454aae1d2764a137c54 P 9568719bcc02432ebaea2dbd7568a4d2 [term 1 FOLLOWER]: Leader election won for term 1
I0918 20:38:14.399518 19765 raft_consensus.cc:667] T 8b5822f647d84454aae1d2764a137c54 P 9568719bcc02432ebaea2dbd7568a4d2 [term 1 LEADER]: Becoming Leader. State: Replica: 9568719bcc02432ebaea2dbd7568a4d2, State: Running, Role: LEADER
I0918 20:38:14.389128 19631 raft_consensus.cc:2350] T 97c5cc6796a841ea9c7ff4f235634ff2 P 244388b2e0714e6d81955c8eb0f32079 [term 1 FOLLOWER]: Leader election vote request: Granting yes vote for candidate 37f57f2c32fe437fa6df8bf99c0a7610 in term 1.
I0918 20:38:14.401019 19765 consensus_queue.cc:206] T 8b5822f647d84454aae1d2764a137c54 P 9568719bcc02432ebaea2dbd7568a4d2 [LEADER]: Queue going to LEADER mode. State: All replicated index: 0, Majority replicated index: 0, Committed index: 0, Last appended: 0.0, Last appended by leader: 0, Current term: 1, Majority size: 2, State: 0, Mode: LEADER, active raft config: opid_index: -1 OBSOLETE_local: false peers { permanent_uuid: "37f57f2c32fe437fa6df8bf99c0a7610" member_type: VOTER last_known_addr { host: "127.18.222.1" port: 33889 } } peers { permanent_uuid: "244388b2e0714e6d81955c8eb0f32079" member_type: VOTER last_known_addr { host: "127.18.222.2" port: 40105 } } peers { permanent_uuid: "9568719bcc02432ebaea2dbd7568a4d2" member_type: VOTER last_known_addr { host: "127.18.222.3" port: 46017 } }
I0918 20:38:14.404121 19510 leader_election.cc:310] T 97c5cc6796a841ea9c7ff4f235634ff2 P 37f57f2c32fe437fa6df8bf99c0a7610 [CANDIDATE]: Term 1 election: Election decided. Result: candidate won. Election summary: received 2 responses out of 3 voters: 2 yes votes; 0 no votes. yes voters: 244388b2e0714e6d81955c8eb0f32079, 37f57f2c32fe437fa6df8bf99c0a7610; no voters:
I0918 20:38:14.405979 19763 raft_consensus.cc:2644] T 97c5cc6796a841ea9c7ff4f235634ff2 P 37f57f2c32fe437fa6df8bf99c0a7610 [term 1 FOLLOWER]: Leader election won for term 1
I0918 20:38:14.414330 19763 raft_consensus.cc:667] T 97c5cc6796a841ea9c7ff4f235634ff2 P 37f57f2c32fe437fa6df8bf99c0a7610 [term 1 LEADER]: Becoming Leader. State: Replica: 37f57f2c32fe437fa6df8bf99c0a7610, State: Running, Role: LEADER
I0918 20:38:14.403919 19402 catalog_manager.cc:4131] T f9e633149efb42098ddfed9bf8dffad3 P 244388b2e0714e6d81955c8eb0f32079 reported cstate change: term changed from 0 to 1, leader changed from to 244388b2e0714e6d81955c8eb0f32079 (127.18.222.2). New cstate: current_term: 1 leader_uuid: "244388b2e0714e6d81955c8eb0f32079" committed_config { opid_index: -1 OBSOLETE_local: false peers { permanent_uuid: "37f57f2c32fe437fa6df8bf99c0a7610" member_type: VOTER last_known_addr { host: "127.18.222.1" port: 33889 } health_report { overall_health: UNKNOWN } } peers { permanent_uuid: "244388b2e0714e6d81955c8eb0f32079" member_type: VOTER last_known_addr { host: "127.18.222.2" port: 40105 } health_report { overall_health: HEALTHY } } peers { permanent_uuid: "9568719bcc02432ebaea2dbd7568a4d2" member_type: VOTER last_known_addr { host: "127.18.222.3" port: 46017 } health_report { overall_health: UNKNOWN } } }
I0918 20:38:14.421770 19703 raft_consensus.cc:2350] T 97c5cc6796a841ea9c7ff4f235634ff2 P 9568719bcc02432ebaea2dbd7568a4d2 [term 1 FOLLOWER]: Leader election vote request: Granting yes vote for candidate 37f57f2c32fe437fa6df8bf99c0a7610 in term 1.
I0918 20:38:14.416404 19763 consensus_queue.cc:206] T 97c5cc6796a841ea9c7ff4f235634ff2 P 37f57f2c32fe437fa6df8bf99c0a7610 [LEADER]: Queue going to LEADER mode. State: All replicated index: 0, Majority replicated index: 0, Committed index: 0, Last appended: 0.0, Last appended by leader: 0, Current term: 1, Majority size: 2, State: 0, Mode: LEADER, active raft config: opid_index: -1 OBSOLETE_local: false peers { permanent_uuid: "244388b2e0714e6d81955c8eb0f32079" member_type: VOTER last_known_addr { host: "127.18.222.2" port: 40105 } } peers { permanent_uuid: "37f57f2c32fe437fa6df8bf99c0a7610" member_type: VOTER last_known_addr { host: "127.18.222.1" port: 33889 } } peers { permanent_uuid: "9568719bcc02432ebaea2dbd7568a4d2" member_type: VOTER last_known_addr { host: "127.18.222.3" port: 46017 } }
I0918 20:38:14.435068 19403 catalog_manager.cc:4131] T 8b5822f647d84454aae1d2764a137c54 P 9568719bcc02432ebaea2dbd7568a4d2 reported cstate change: term changed from 0 to 1, leader changed from to 9568719bcc02432ebaea2dbd7568a4d2 (127.18.222.3). New cstate: current_term: 1 leader_uuid: "9568719bcc02432ebaea2dbd7568a4d2" committed_config { opid_index: -1 OBSOLETE_local: false peers { permanent_uuid: "37f57f2c32fe437fa6df8bf99c0a7610" member_type: VOTER last_known_addr { host: "127.18.222.1" port: 33889 } health_report { overall_health: UNKNOWN } } peers { permanent_uuid: "244388b2e0714e6d81955c8eb0f32079" member_type: VOTER last_known_addr { host: "127.18.222.2" port: 40105 } health_report { overall_health: UNKNOWN } } peers { permanent_uuid: "9568719bcc02432ebaea2dbd7568a4d2" member_type: VOTER last_known_addr { host: "127.18.222.3" port: 46017 } health_report { overall_health: HEALTHY } } }
I0918 20:38:14.442915 19559 tablet_service.cc:1295] Received RequestConsensusVote() RPC: tablet_id: "8b5822f647d84454aae1d2764a137c54" candidate_uuid: "9568719bcc02432ebaea2dbd7568a4d2" candidate_term: 1 candidate_status { last_received { term: 0 index: 0 } } ignore_live_leader: false dest_uuid: "37f57f2c32fe437fa6df8bf99c0a7610"
I0918 20:38:14.441285 19561 tablet_service.cc:1295] Received RequestConsensusVote() RPC: tablet_id: "f9e633149efb42098ddfed9bf8dffad3" candidate_uuid: "9568719bcc02432ebaea2dbd7568a4d2" candidate_term: 1 candidate_status { last_received { term: 0 index: 0 } } ignore_live_leader: false dest_uuid: "37f57f2c32fe437fa6df8bf99c0a7610" is_pre_election: true
I0918 20:38:14.444667 19559 raft_consensus.cc:2890] T 8b5822f647d84454aae1d2764a137c54 P 37f57f2c32fe437fa6df8bf99c0a7610 [term 0 FOLLOWER]: Advancing to term 1
I0918 20:38:14.443876 19560 tablet_service.cc:1295] Received RequestConsensusVote() RPC: tablet_id: "8b5822f647d84454aae1d2764a137c54" candidate_uuid: "9568719bcc02432ebaea2dbd7568a4d2" candidate_term: 1 candidate_status { last_received { term: 0 index: 0 } } ignore_live_leader: false dest_uuid: "37f57f2c32fe437fa6df8bf99c0a7610" is_pre_election: true
I0918 20:38:14.446035 19561 raft_consensus.cc:2280] T f9e633149efb42098ddfed9bf8dffad3 P 37f57f2c32fe437fa6df8bf99c0a7610 [term 1 FOLLOWER]: Leader pre-election vote request: Denying vote to candidate 9568719bcc02432ebaea2dbd7568a4d2 in current term 1: Already voted for candidate 244388b2e0714e6d81955c8eb0f32079 in this term.
I0918 20:38:14.452175 19667 leader_election.cc:310] T f9e633149efb42098ddfed9bf8dffad3 P 9568719bcc02432ebaea2dbd7568a4d2 [CANDIDATE]: Term 1 pre-election: Election decided. Result: candidate lost. Election summary: received 3 responses out of 3 voters: 1 yes votes; 2 no votes. yes voters: 9568719bcc02432ebaea2dbd7568a4d2; no voters: 244388b2e0714e6d81955c8eb0f32079, 37f57f2c32fe437fa6df8bf99c0a7610
I0918 20:38:14.453948 19765 raft_consensus.cc:2592] T f9e633149efb42098ddfed9bf8dffad3 P 9568719bcc02432ebaea2dbd7568a4d2 [term 1 FOLLOWER]: Leader pre-election lost for term 1. Reason: could not achieve majority
I0918 20:38:14.461249 19559 raft_consensus.cc:2350] T 8b5822f647d84454aae1d2764a137c54 P 37f57f2c32fe437fa6df8bf99c0a7610 [term 1 FOLLOWER]: Leader election vote request: Granting yes vote for candidate 9568719bcc02432ebaea2dbd7568a4d2 in term 1.
I0918 20:38:14.462024 19560 raft_consensus.cc:2325] T 8b5822f647d84454aae1d2764a137c54 P 37f57f2c32fe437fa6df8bf99c0a7610 [term 1 FOLLOWER]: Leader pre-election vote request: Denying vote to candidate 9568719bcc02432ebaea2dbd7568a4d2 for term 1 because replica is already servicing an update from a current leader or another vote.
I0918 20:38:14.494395 19404 catalog_manager.cc:4131] T 97c5cc6796a841ea9c7ff4f235634ff2 P 37f57f2c32fe437fa6df8bf99c0a7610 reported cstate change: term changed from 0 to 1, leader changed from to 37f57f2c32fe437fa6df8bf99c0a7610 (127.18.222.1). New cstate: current_term: 1 leader_uuid: "37f57f2c32fe437fa6df8bf99c0a7610" committed_config { opid_index: -1 OBSOLETE_local: false peers { permanent_uuid: "244388b2e0714e6d81955c8eb0f32079" member_type: VOTER last_known_addr { host: "127.18.222.2" port: 40105 } health_report { overall_health: UNKNOWN } } peers { permanent_uuid: "37f57f2c32fe437fa6df8bf99c0a7610" member_type: VOTER last_known_addr { host: "127.18.222.1" port: 33889 } health_report { overall_health: HEALTHY } } peers { permanent_uuid: "9568719bcc02432ebaea2dbd7568a4d2" member_type: VOTER last_known_addr { host: "127.18.222.3" port: 46017 } health_report { overall_health: UNKNOWN } } }
I0918 20:38:14.811347 19767 consensus_queue.cc:984] T f9e633149efb42098ddfed9bf8dffad3 P 244388b2e0714e6d81955c8eb0f32079 [LEADER]: Connected to new peer: Peer: permanent_uuid: "9568719bcc02432ebaea2dbd7568a4d2" member_type: VOTER last_known_addr { host: "127.18.222.3" port: 46017 }, Status: LMP_MISMATCH, Last received: 0.0, Next index: 1, Last known committed idx: 0, Time since last communication: 0.000s
I0918 20:38:14.854634 19765 consensus_queue.cc:984] T 8b5822f647d84454aae1d2764a137c54 P 9568719bcc02432ebaea2dbd7568a4d2 [LEADER]: Connected to new peer: Peer: permanent_uuid: "37f57f2c32fe437fa6df8bf99c0a7610" member_type: VOTER last_known_addr { host: "127.18.222.1" port: 33889 }, Status: LMP_MISMATCH, Last received: 0.0, Next index: 1, Last known committed idx: 0, Time since last communication: 0.000s
I0918 20:38:14.894708 19763 consensus_queue.cc:984] T 97c5cc6796a841ea9c7ff4f235634ff2 P 37f57f2c32fe437fa6df8bf99c0a7610 [LEADER]: Connected to new peer: Peer: permanent_uuid: "9568719bcc02432ebaea2dbd7568a4d2" member_type: VOTER last_known_addr { host: "127.18.222.3" port: 46017 }, Status: LMP_MISMATCH, Last received: 0.0, Next index: 1, Last known committed idx: 0, Time since last communication: 0.000s
I0918 20:38:14.895378 19787 consensus_queue.cc:984] T 97c5cc6796a841ea9c7ff4f235634ff2 P 37f57f2c32fe437fa6df8bf99c0a7610 [LEADER]: Connected to new peer: Peer: permanent_uuid: "244388b2e0714e6d81955c8eb0f32079" member_type: VOTER last_known_addr { host: "127.18.222.2" port: 40105 }, Status: LMP_MISMATCH, Last received: 0.0, Next index: 1, Last known committed idx: 0, Time since last communication: 0.000s
I0918 20:38:14.897382 19767 consensus_queue.cc:984] T f9e633149efb42098ddfed9bf8dffad3 P 244388b2e0714e6d81955c8eb0f32079 [LEADER]: Connected to new peer: Peer: permanent_uuid: "37f57f2c32fe437fa6df8bf99c0a7610" member_type: VOTER last_known_addr { host: "127.18.222.1" port: 33889 }, Status: LMP_MISMATCH, Last received: 0.0, Next index: 1, Last known committed idx: 0, Time since last communication: 0.000s
I0918 20:38:14.955796 19765 consensus_queue.cc:984] T 8b5822f647d84454aae1d2764a137c54 P 9568719bcc02432ebaea2dbd7568a4d2 [LEADER]: Connected to new peer: Peer: permanent_uuid: "244388b2e0714e6d81955c8eb0f32079" member_type: VOTER last_known_addr { host: "127.18.222.2" port: 40105 }, Status: LMP_MISMATCH, Last received: 0.0, Next index: 1, Last known committed idx: 0, Time since last communication: 0.001s
W0918 20:38:15.156566 19816 log.cc:669] Time spent T f9e633149efb42098ddfed9bf8dffad3 P 37f57f2c32fe437fa6df8bf99c0a7610: Append to log took a long time: real 0.097s user 0.001s sys 0.000s
W0918 20:38:15.237356 19596 outbound_call.cc:287] RPC callback for RPC call kudu.consensus.ConsensusService.UpdateConsensus -> {remote=127.18.222.1:33889, user_credentials={real_user=slave}} blocked reactor thread for 56734.3us
W0918 20:38:15.233839 19594 outbound_call.cc:287] RPC callback for RPC call kudu.consensus.ConsensusService.UpdateConsensus -> {remote=127.18.222.3:46017, user_credentials={real_user=slave}} blocked reactor thread for 53260.3us
I0918 20:38:16.302183 19320 tablet_server.cc:155] TabletServer shutting down...
I0918 20:38:16.393577 19320 ts_tablet_manager.cc:1159] Shutting down tablet manager...
I0918 20:38:16.394089 19320 tablet_replica.cc:273] T 8b5822f647d84454aae1d2764a137c54 P 37f57f2c32fe437fa6df8bf99c0a7610: stopping tablet replica
I0918 20:38:16.394773 19320 raft_consensus.cc:2147] T 8b5822f647d84454aae1d2764a137c54 P 37f57f2c32fe437fa6df8bf99c0a7610 [term 1 FOLLOWER]: Raft consensus shutting down.
I0918 20:38:16.395256 19320 raft_consensus.cc:2174] T 8b5822f647d84454aae1d2764a137c54 P 37f57f2c32fe437fa6df8bf99c0a7610 [term 1 FOLLOWER]: Raft consensus is shut down!
I0918 20:38:16.404067 19320 tablet_replica.cc:273] T f9e633149efb42098ddfed9bf8dffad3 P 37f57f2c32fe437fa6df8bf99c0a7610: stopping tablet replica
I0918 20:38:16.404422 19320 raft_consensus.cc:2147] T f9e633149efb42098ddfed9bf8dffad3 P 37f57f2c32fe437fa6df8bf99c0a7610 [term 1 FOLLOWER]: Raft consensus shutting down.
I0918 20:38:16.404712 19320 raft_consensus.cc:2174] T f9e633149efb42098ddfed9bf8dffad3 P 37f57f2c32fe437fa6df8bf99c0a7610 [term 1 FOLLOWER]: Raft consensus is shut down!
I0918 20:38:16.406872 19320 tablet_replica.cc:273] T 97c5cc6796a841ea9c7ff4f235634ff2 P 37f57f2c32fe437fa6df8bf99c0a7610: stopping tablet replica
I0918 20:38:16.409816 19320 raft_consensus.cc:2147] T 97c5cc6796a841ea9c7ff4f235634ff2 P 37f57f2c32fe437fa6df8bf99c0a7610 [term 1 LEADER]: Raft consensus shutting down.
I0918 20:38:16.412461 19320 raft_consensus.cc:2174] T 97c5cc6796a841ea9c7ff4f235634ff2 P 37f57f2c32fe437fa6df8bf99c0a7610 [term 1 FOLLOWER]: Raft consensus is shut down!
W0918 20:38:16.716640 19667 consensus_peers.cc:458] T 8b5822f647d84454aae1d2764a137c54 P 9568719bcc02432ebaea2dbd7568a4d2 -> Peer 37f57f2c32fe437fa6df8bf99c0a7610 (127.18.222.1:33889): Couldn't send request to peer 37f57f2c32fe437fa6df8bf99c0a7610. Status: Network error: Client connection negotiation failed: client connection to 127.18.222.1:33889: connect: Connection refused (error 111). This is attempt 1: this message will repeat every 5th retry.
W0918 20:38:16.721133 19596 consensus_peers.cc:458] T f9e633149efb42098ddfed9bf8dffad3 P 244388b2e0714e6d81955c8eb0f32079 -> Peer 37f57f2c32fe437fa6df8bf99c0a7610 (127.18.222.1:33889): Couldn't send request to peer 37f57f2c32fe437fa6df8bf99c0a7610. Status: Network error: Client connection negotiation failed: client connection to 127.18.222.1:33889: connect: Connection refused (error 111). This is attempt 1: this message will repeat every 5th retry.
I0918 20:38:17.638736 19862 raft_consensus.cc:472] T 97c5cc6796a841ea9c7ff4f235634ff2 P 9568719bcc02432ebaea2dbd7568a4d2 [term 1 FOLLOWER]: Starting pre-election (detected failure of leader 37f57f2c32fe437fa6df8bf99c0a7610)
I0918 20:38:17.639173 19862 raft_consensus.cc:494] T 97c5cc6796a841ea9c7ff4f235634ff2 P 9568719bcc02432ebaea2dbd7568a4d2 [term 1 FOLLOWER]: Starting pre-election with config: opid_index: -1 OBSOLETE_local: false peers { permanent_uuid: "244388b2e0714e6d81955c8eb0f32079" member_type: VOTER last_known_addr { host: "127.18.222.2" port: 40105 } } peers { permanent_uuid: "37f57f2c32fe437fa6df8bf99c0a7610" member_type: VOTER last_known_addr { host: "127.18.222.1" port: 33889 } } peers { permanent_uuid: "9568719bcc02432ebaea2dbd7568a4d2" member_type: VOTER last_known_addr { host: "127.18.222.3" port: 46017 } }
I0918 20:38:17.640547 19862 leader_election.cc:296] T 97c5cc6796a841ea9c7ff4f235634ff2 P 9568719bcc02432ebaea2dbd7568a4d2 [CANDIDATE]: Term 2 pre-election: Requested pre-vote from peers 244388b2e0714e6d81955c8eb0f32079 (127.18.222.2:40105), 37f57f2c32fe437fa6df8bf99c0a7610 (127.18.222.1:33889)
I0918 20:38:17.641393 19632 tablet_service.cc:1295] Received RequestConsensusVote() RPC: tablet_id: "97c5cc6796a841ea9c7ff4f235634ff2" candidate_uuid: "9568719bcc02432ebaea2dbd7568a4d2" candidate_term: 2 candidate_status { last_received { term: 1 index: 1 } } ignore_live_leader: false dest_uuid: "244388b2e0714e6d81955c8eb0f32079" is_pre_election: true
I0918 20:38:17.642226 19632 raft_consensus.cc:2311] T 97c5cc6796a841ea9c7ff4f235634ff2 P 244388b2e0714e6d81955c8eb0f32079 [term 1 FOLLOWER]: Leader pre-election vote request: Denying vote to candidate 9568719bcc02432ebaea2dbd7568a4d2 for term 2 because replica is either leader or believes a valid leader to be alive.
W0918 20:38:17.642799 19667 leader_election.cc:341] T 97c5cc6796a841ea9c7ff4f235634ff2 P 9568719bcc02432ebaea2dbd7568a4d2 [CANDIDATE]: Term 2 pre-election: RPC error from VoteRequest() call to peer 37f57f2c32fe437fa6df8bf99c0a7610 (127.18.222.1:33889): Network error: Client connection negotiation failed: client connection to 127.18.222.1:33889: connect: Connection refused (error 111)
I0918 20:38:17.643625 19664 leader_election.cc:310] T 97c5cc6796a841ea9c7ff4f235634ff2 P 9568719bcc02432ebaea2dbd7568a4d2 [CANDIDATE]: Term 2 pre-election: Election decided. Result: candidate lost. Election summary: received 3 responses out of 3 voters: 1 yes votes; 2 no votes. yes voters: 9568719bcc02432ebaea2dbd7568a4d2; no voters: 244388b2e0714e6d81955c8eb0f32079, 37f57f2c32fe437fa6df8bf99c0a7610
I0918 20:38:17.644830 19862 raft_consensus.cc:2592] T 97c5cc6796a841ea9c7ff4f235634ff2 P 9568719bcc02432ebaea2dbd7568a4d2 [term 1 FOLLOWER]: Leader pre-election lost for term 2. Reason: could not achieve majority
I0918 20:38:17.657311 19861 raft_consensus.cc:472] T 97c5cc6796a841ea9c7ff4f235634ff2 P 244388b2e0714e6d81955c8eb0f32079 [term 1 FOLLOWER]: Starting pre-election (detected failure of leader 37f57f2c32fe437fa6df8bf99c0a7610)
I0918 20:38:17.657855 19861 raft_consensus.cc:494] T 97c5cc6796a841ea9c7ff4f235634ff2 P 244388b2e0714e6d81955c8eb0f32079 [term 1 FOLLOWER]: Starting pre-election with config: opid_index: -1 OBSOLETE_local: false peers { permanent_uuid: "244388b2e0714e6d81955c8eb0f32079" member_type: VOTER last_known_addr { host: "127.18.222.2" port: 40105 } } peers { permanent_uuid: "37f57f2c32fe437fa6df8bf99c0a7610" member_type: VOTER last_known_addr { host: "127.18.222.1" port: 33889 } } peers { permanent_uuid: "9568719bcc02432ebaea2dbd7568a4d2" member_type: VOTER last_known_addr { host: "127.18.222.3" port: 46017 } }
I0918 20:38:17.659642 19861 leader_election.cc:296] T 97c5cc6796a841ea9c7ff4f235634ff2 P 244388b2e0714e6d81955c8eb0f32079 [CANDIDATE]: Term 2 pre-election: Requested pre-vote from peers 37f57f2c32fe437fa6df8bf99c0a7610 (127.18.222.1:33889), 9568719bcc02432ebaea2dbd7568a4d2 (127.18.222.3:46017)
I0918 20:38:17.660806 19702 tablet_service.cc:1295] Received RequestConsensusVote() RPC: tablet_id: "97c5cc6796a841ea9c7ff4f235634ff2" candidate_uuid: "244388b2e0714e6d81955c8eb0f32079" candidate_term: 2 candidate_status { last_received { term: 1 index: 1 } } ignore_live_leader: false dest_uuid: "9568719bcc02432ebaea2dbd7568a4d2" is_pre_election: true
I0918 20:38:17.661516 19702 raft_consensus.cc:2350] T 97c5cc6796a841ea9c7ff4f235634ff2 P 9568719bcc02432ebaea2dbd7568a4d2 [term 1 FOLLOWER]: Leader pre-election vote request: Granting yes vote for candidate 244388b2e0714e6d81955c8eb0f32079 in term 1.
W0918 20:38:17.662521 19596 leader_election.cc:341] T 97c5cc6796a841ea9c7ff4f235634ff2 P 244388b2e0714e6d81955c8eb0f32079 [CANDIDATE]: Term 2 pre-election: RPC error from VoteRequest() call to peer 37f57f2c32fe437fa6df8bf99c0a7610 (127.18.222.1:33889): Network error: Client connection negotiation failed: client connection to 127.18.222.1:33889: connect: Connection refused (error 111)
I0918 20:38:17.664153 19594 leader_election.cc:310] T 97c5cc6796a841ea9c7ff4f235634ff2 P 244388b2e0714e6d81955c8eb0f32079 [CANDIDATE]: Term 2 pre-election: Election decided. Result: candidate won. Election summary: received 3 responses out of 3 voters: 2 yes votes; 1 no votes. yes voters: 244388b2e0714e6d81955c8eb0f32079, 9568719bcc02432ebaea2dbd7568a4d2; no voters: 37f57f2c32fe437fa6df8bf99c0a7610
I0918 20:38:17.665012 19861 raft_consensus.cc:2644] T 97c5cc6796a841ea9c7ff4f235634ff2 P 244388b2e0714e6d81955c8eb0f32079 [term 1 FOLLOWER]: Leader pre-election won for term 2
I0918 20:38:17.665343 19861 raft_consensus.cc:472] T 97c5cc6796a841ea9c7ff4f235634ff2 P 244388b2e0714e6d81955c8eb0f32079 [term 1 FOLLOWER]: Starting leader election (detected failure of leader 37f57f2c32fe437fa6df8bf99c0a7610)
I0918 20:38:17.665714 19861 raft_consensus.cc:2890] T 97c5cc6796a841ea9c7ff4f235634ff2 P 244388b2e0714e6d81955c8eb0f32079 [term 1 FOLLOWER]: Advancing to term 2
I0918 20:38:17.673099 19861 raft_consensus.cc:494] T 97c5cc6796a841ea9c7ff4f235634ff2 P 244388b2e0714e6d81955c8eb0f32079 [term 2 FOLLOWER]: Starting leader election with config: opid_index: -1 OBSOLETE_local: false peers { permanent_uuid: "244388b2e0714e6d81955c8eb0f32079" member_type: VOTER last_known_addr { host: "127.18.222.2" port: 40105 } } peers { permanent_uuid: "37f57f2c32fe437fa6df8bf99c0a7610" member_type: VOTER last_known_addr { host: "127.18.222.1" port: 33889 } } peers { permanent_uuid: "9568719bcc02432ebaea2dbd7568a4d2" member_type: VOTER last_known_addr { host: "127.18.222.3" port: 46017 } }
W0918 20:38:17.677531 19596 leader_election.cc:341] T 97c5cc6796a841ea9c7ff4f235634ff2 P 244388b2e0714e6d81955c8eb0f32079 [CANDIDATE]: Term 2 election: RPC error from VoteRequest() call to peer 37f57f2c32fe437fa6df8bf99c0a7610 (127.18.222.1:33889): Network error: Client connection negotiation failed: client connection to 127.18.222.1:33889: connect: Connection refused (error 111)
I0918 20:38:17.678071 19861 leader_election.cc:296] T 97c5cc6796a841ea9c7ff4f235634ff2 P 244388b2e0714e6d81955c8eb0f32079 [CANDIDATE]: Term 2 election: Requested vote from peers 37f57f2c32fe437fa6df8bf99c0a7610 (127.18.222.1:33889), 9568719bcc02432ebaea2dbd7568a4d2 (127.18.222.3:46017)
I0918 20:38:17.678944 19702 tablet_service.cc:1295] Received RequestConsensusVote() RPC: tablet_id: "97c5cc6796a841ea9c7ff4f235634ff2" candidate_uuid: "244388b2e0714e6d81955c8eb0f32079" candidate_term: 2 candidate_status { last_received { term: 1 index: 1 } } ignore_live_leader: false dest_uuid: "9568719bcc02432ebaea2dbd7568a4d2"
I0918 20:38:17.679539 19702 raft_consensus.cc:2890] T 97c5cc6796a841ea9c7ff4f235634ff2 P 9568719bcc02432ebaea2dbd7568a4d2 [term 1 FOLLOWER]: Advancing to term 2
I0918 20:38:17.686556 19702 raft_consensus.cc:2350] T 97c5cc6796a841ea9c7ff4f235634ff2 P 9568719bcc02432ebaea2dbd7568a4d2 [term 2 FOLLOWER]: Leader election vote request: Granting yes vote for candidate 244388b2e0714e6d81955c8eb0f32079 in term 2.
I0918 20:38:17.687649 19594 leader_election.cc:310] T 97c5cc6796a841ea9c7ff4f235634ff2 P 244388b2e0714e6d81955c8eb0f32079 [CANDIDATE]: Term 2 election: Election decided. Result: candidate won. Election summary: received 3 responses out of 3 voters: 2 yes votes; 1 no votes. yes voters: 244388b2e0714e6d81955c8eb0f32079, 9568719bcc02432ebaea2dbd7568a4d2; no voters: 37f57f2c32fe437fa6df8bf99c0a7610
I0918 20:38:17.688484 19861 raft_consensus.cc:2644] T 97c5cc6796a841ea9c7ff4f235634ff2 P 244388b2e0714e6d81955c8eb0f32079 [term 2 FOLLOWER]: Leader election won for term 2
I0918 20:38:17.692498 19861 raft_consensus.cc:667] T 97c5cc6796a841ea9c7ff4f235634ff2 P 244388b2e0714e6d81955c8eb0f32079 [term 2 LEADER]: Becoming Leader. State: Replica: 244388b2e0714e6d81955c8eb0f32079, State: Running, Role: LEADER
I0918 20:38:17.693274 19861 consensus_queue.cc:206] T 97c5cc6796a841ea9c7ff4f235634ff2 P 244388b2e0714e6d81955c8eb0f32079 [LEADER]: Queue going to LEADER mode. State: All replicated index: 0, Majority replicated index: 1, Committed index: 1, Last appended: 1.1, Last appended by leader: 1, Current term: 2, Majority size: 2, State: 0, Mode: LEADER, active raft config: opid_index: -1 OBSOLETE_local: false peers { permanent_uuid: "244388b2e0714e6d81955c8eb0f32079" member_type: VOTER last_known_addr { host: "127.18.222.2" port: 40105 } } peers { permanent_uuid: "37f57f2c32fe437fa6df8bf99c0a7610" member_type: VOTER last_known_addr { host: "127.18.222.1" port: 33889 } } peers { permanent_uuid: "9568719bcc02432ebaea2dbd7568a4d2" member_type: VOTER last_known_addr { host: "127.18.222.3" port: 46017 } }
I0918 20:38:17.705708 19403 catalog_manager.cc:4131] T 97c5cc6796a841ea9c7ff4f235634ff2 P 244388b2e0714e6d81955c8eb0f32079 reported cstate change: term changed from 1 to 2, leader changed from 37f57f2c32fe437fa6df8bf99c0a7610 (127.18.222.1) to 244388b2e0714e6d81955c8eb0f32079 (127.18.222.2). New cstate: current_term: 2 leader_uuid: "244388b2e0714e6d81955c8eb0f32079" committed_config { opid_index: -1 OBSOLETE_local: false peers { permanent_uuid: "244388b2e0714e6d81955c8eb0f32079" member_type: VOTER last_known_addr { host: "127.18.222.2" port: 40105 } health_report { overall_health: HEALTHY } } peers { permanent_uuid: "37f57f2c32fe437fa6df8bf99c0a7610" member_type: VOTER last_known_addr { host: "127.18.222.1" port: 33889 } health_report { overall_health: UNKNOWN } } peers { permanent_uuid: "9568719bcc02432ebaea2dbd7568a4d2" member_type: VOTER last_known_addr { host: "127.18.222.3" port: 46017 } health_report { overall_health: UNKNOWN } } }
W0918 20:38:17.717882 19320 thread.cc:499] Waited for 1000ms trying to join with diag-logger (tid 19517)
W0918 20:38:18.190979 19596 consensus_peers.cc:458] T 97c5cc6796a841ea9c7ff4f235634ff2 P 244388b2e0714e6d81955c8eb0f32079 -> Peer 37f57f2c32fe437fa6df8bf99c0a7610 (127.18.222.1:33889): Couldn't send request to peer 37f57f2c32fe437fa6df8bf99c0a7610. Status: Network error: Client connection negotiation failed: client connection to 127.18.222.1:33889: connect: Connection refused (error 111). This is attempt 1: this message will repeat every 5th retry.
I0918 20:38:18.290751 19702 raft_consensus.cc:1184] T 97c5cc6796a841ea9c7ff4f235634ff2 P 9568719bcc02432ebaea2dbd7568a4d2 [term 2 FOLLOWER]: Refusing update from remote peer 244388b2e0714e6d81955c8eb0f32079: Log matching property violated. Preceding OpId in replica: term: 1 index: 1. Preceding OpId from leader: term: 2 index: 2. (index mismatch)
I0918 20:38:18.292882 19861 consensus_queue.cc:984] T 97c5cc6796a841ea9c7ff4f235634ff2 P 244388b2e0714e6d81955c8eb0f32079 [LEADER]: Connected to new peer: Peer: permanent_uuid: "9568719bcc02432ebaea2dbd7568a4d2" member_type: VOTER last_known_addr { host: "127.18.222.3" port: 46017 }, Status: LMP_MISMATCH, Last received: 0.0, Next index: 2, Last known committed idx: 1, Time since last communication: 0.000s
W0918 20:38:18.718359 19320 thread.cc:499] Waited for 2000ms trying to join with diag-logger (tid 19517)
W0918 20:38:19.144130 19596 consensus_peers.cc:458] T f9e633149efb42098ddfed9bf8dffad3 P 244388b2e0714e6d81955c8eb0f32079 -> Peer 37f57f2c32fe437fa6df8bf99c0a7610 (127.18.222.1:33889): Couldn't send request to peer 37f57f2c32fe437fa6df8bf99c0a7610. Status: Network error: Client connection negotiation failed: client connection to 127.18.222.1:33889: connect: Connection refused (error 111). This is attempt 6: this message will repeat every 5th retry.
W0918 20:38:19.371199 19667 consensus_peers.cc:458] T 8b5822f647d84454aae1d2764a137c54 P 9568719bcc02432ebaea2dbd7568a4d2 -> Peer 37f57f2c32fe437fa6df8bf99c0a7610 (127.18.222.1:33889): Couldn't send request to peer 37f57f2c32fe437fa6df8bf99c0a7610. Status: Network error: Client connection negotiation failed: client connection to 127.18.222.1:33889: connect: Connection refused (error 111). This is attempt 6: this message will repeat every 5th retry.
W0918 20:38:19.718798 19320 thread.cc:499] Waited for 3000ms trying to join with diag-logger (tid 19517)
I0918 20:38:20.156601 19320 tablet_server.cc:169] TabletServer shutdown complete.
I0918 20:38:20.156916 19320 tablet_server.cc:155] TabletServer shutting down...
I0918 20:38:20.157398 19320 tablet_server.cc:169] TabletServer shutdown complete.
I0918 20:38:20.176081 19320 tablet_server.cc:155] TabletServer shutting down...
I0918 20:38:20.195637 19596 messenger.cc:381] Service unavailable: service kudu.consensus.ConsensusService not registered on TabletServer
W0918 20:38:20.198114 19664 consensus_peers.cc:458] T 8b5822f647d84454aae1d2764a137c54 P 9568719bcc02432ebaea2dbd7568a4d2 -> Peer 244388b2e0714e6d81955c8eb0f32079 (127.18.222.2:40105): Couldn't send request to peer 244388b2e0714e6d81955c8eb0f32079. Status: Remote error: Service unavailable: service kudu.consensus.ConsensusService not registered on TabletServer. This is attempt 1: this message will repeat every 5th retry.
I0918 20:38:20.228312 19320 ts_tablet_manager.cc:1159] Shutting down tablet manager...
I0918 20:38:20.228716 19320 tablet_replica.cc:273] T 97c5cc6796a841ea9c7ff4f235634ff2 P 244388b2e0714e6d81955c8eb0f32079: stopping tablet replica
I0918 20:38:20.229846 19320 raft_consensus.cc:2147] T 97c5cc6796a841ea9c7ff4f235634ff2 P 244388b2e0714e6d81955c8eb0f32079 [term 2 LEADER]: Raft consensus shutting down.
I0918 20:38:20.231161 19320 raft_consensus.cc:2174] T 97c5cc6796a841ea9c7ff4f235634ff2 P 244388b2e0714e6d81955c8eb0f32079 [term 2 FOLLOWER]: Raft consensus is shut down!
I0918 20:38:20.233613 19320 tablet_replica.cc:273] T 8b5822f647d84454aae1d2764a137c54 P 244388b2e0714e6d81955c8eb0f32079: stopping tablet replica
I0918 20:38:20.233952 19320 raft_consensus.cc:2147] T 8b5822f647d84454aae1d2764a137c54 P 244388b2e0714e6d81955c8eb0f32079 [term 1 FOLLOWER]: Raft consensus shutting down.
I0918 20:38:20.234268 19320 raft_consensus.cc:2174] T 8b5822f647d84454aae1d2764a137c54 P 244388b2e0714e6d81955c8eb0f32079 [term 1 FOLLOWER]: Raft consensus is shut down!
I0918 20:38:20.236248 19320 tablet_replica.cc:273] T f9e633149efb42098ddfed9bf8dffad3 P 244388b2e0714e6d81955c8eb0f32079: stopping tablet replica
I0918 20:38:20.236584 19320 raft_consensus.cc:2147] T f9e633149efb42098ddfed9bf8dffad3 P 244388b2e0714e6d81955c8eb0f32079 [term 1 LEADER]: Raft consensus shutting down.
I0918 20:38:20.237802 19320 raft_consensus.cc:2174] T f9e633149efb42098ddfed9bf8dffad3 P 244388b2e0714e6d81955c8eb0f32079 [term 1 FOLLOWER]: Raft consensus is shut down!
I0918 20:38:20.262059 19320 tablet_server.cc:169] TabletServer shutdown complete.
I0918 20:38:20.262249 19320 tablet_server.cc:155] TabletServer shutting down...
I0918 20:38:20.262533 19320 tablet_server.cc:169] TabletServer shutdown complete.
I0918 20:38:20.274516 19320 tablet_server.cc:155] TabletServer shutting down...
I0918 20:38:20.307598 19320 ts_tablet_manager.cc:1159] Shutting down tablet manager...
I0918 20:38:20.307986 19320 tablet_replica.cc:273] T 97c5cc6796a841ea9c7ff4f235634ff2 P 9568719bcc02432ebaea2dbd7568a4d2: stopping tablet replica
I0918 20:38:20.308393 19320 raft_consensus.cc:2147] T 97c5cc6796a841ea9c7ff4f235634ff2 P 9568719bcc02432ebaea2dbd7568a4d2 [term 2 FOLLOWER]: Raft consensus shutting down.
I0918 20:38:20.308686 19320 raft_consensus.cc:2174] T 97c5cc6796a841ea9c7ff4f235634ff2 P 9568719bcc02432ebaea2dbd7568a4d2 [term 2 FOLLOWER]: Raft consensus is shut down!
I0918 20:38:20.310967 19320 tablet_replica.cc:273] T 8b5822f647d84454aae1d2764a137c54 P 9568719bcc02432ebaea2dbd7568a4d2: stopping tablet replica
I0918 20:38:20.311318 19320 raft_consensus.cc:2147] T 8b5822f647d84454aae1d2764a137c54 P 9568719bcc02432ebaea2dbd7568a4d2 [term 1 LEADER]: Raft consensus shutting down.
I0918 20:38:20.312269 19320 raft_consensus.cc:2174] T 8b5822f647d84454aae1d2764a137c54 P 9568719bcc02432ebaea2dbd7568a4d2 [term 1 FOLLOWER]: Raft consensus is shut down!
I0918 20:38:20.314338 19320 tablet_replica.cc:273] T f9e633149efb42098ddfed9bf8dffad3 P 9568719bcc02432ebaea2dbd7568a4d2: stopping tablet replica
I0918 20:38:20.314656 19320 raft_consensus.cc:2147] T f9e633149efb42098ddfed9bf8dffad3 P 9568719bcc02432ebaea2dbd7568a4d2 [term 1 FOLLOWER]: Raft consensus shutting down.
I0918 20:38:20.314932 19320 raft_consensus.cc:2174] T f9e633149efb42098ddfed9bf8dffad3 P 9568719bcc02432ebaea2dbd7568a4d2 [term 1 FOLLOWER]: Raft consensus is shut down!
I0918 20:38:20.336298 19320 tablet_server.cc:169] TabletServer shutdown complete.
I0918 20:38:20.336479 19320 tablet_server.cc:155] TabletServer shutting down...
I0918 20:38:20.336788 19320 tablet_server.cc:169] TabletServer shutdown complete.
I0918 20:38:20.346868 19320 master.cc:247] Master@127.18.222.62:44223 shutting down...
I0918 20:38:20.371186 19320 raft_consensus.cc:2147] T 00000000000000000000000000000000 P a9903afeb95a4ed8b8110650f809f965 [term 1 FOLLOWER]: Raft consensus shutting down.
I0918 20:38:20.371572 19320 raft_consensus.cc:2174] T 00000000000000000000000000000000 P a9903afeb95a4ed8b8110650f809f965 [term 1 FOLLOWER]: Raft consensus is shut down!
I0918 20:38:20.371868 19320 tablet_replica.cc:273] T 00000000000000000000000000000000 P a9903afeb95a4ed8b8110650f809f965: stopping tablet replica
I0918 20:38:20.390218 19320 master.cc:258] Master@127.18.222.62:44223 shutdown complete.
I0918 20:38:20.400136 19320 master.cc:247] Master@127.18.222.61:43611 shutting down...
W0918 20:38:20.414322 19387 consensus_peers.cc:458] T 00000000000000000000000000000000 P 200998a474bb42b2a13b5ec292154c78 -> Peer a9903afeb95a4ed8b8110650f809f965 (127.18.222.62:44223): Couldn't send request to peer a9903afeb95a4ed8b8110650f809f965. Status: Network error: Client connection negotiation failed: client connection to 127.18.222.62:44223: connect: Connection refused (error 111). This is attempt 1: this message will repeat every 5th retry.
I0918 20:38:20.442407 19320 raft_consensus.cc:2147] T 00000000000000000000000000000000 P 200998a474bb42b2a13b5ec292154c78 [term 1 LEADER]: Raft consensus shutting down.
I0918 20:38:20.443186 19320 raft_consensus.cc:2174] T 00000000000000000000000000000000 P 200998a474bb42b2a13b5ec292154c78 [term 1 FOLLOWER]: Raft consensus is shut down!
I0918 20:38:20.443460 19320 tablet_replica.cc:273] T 00000000000000000000000000000000 P 200998a474bb42b2a13b5ec292154c78: stopping tablet replica
I0918 20:38:20.462410 19320 master.cc:258] Master@127.18.222.61:43611 shutdown complete.
I0918 20:38:20.473563 19320 master.cc:247] Master@127.18.222.60:39395 shutting down...
I0918 20:38:20.496407 19320 raft_consensus.cc:2147] T 00000000000000000000000000000000 P db6ca21578fe4f5a86e7d466226a447a [term 1 FOLLOWER]: Raft consensus shutting down.
I0918 20:38:20.496767 19320 raft_consensus.cc:2174] T 00000000000000000000000000000000 P db6ca21578fe4f5a86e7d466226a447a [term 1 FOLLOWER]: Raft consensus is shut down!
I0918 20:38:20.496992 19320 tablet_replica.cc:273] T 00000000000000000000000000000000 P db6ca21578fe4f5a86e7d466226a447a: stopping tablet replica
I0918 20:38:20.514798 19320 master.cc:258] Master@127.18.222.60:39395 shutdown complete. [ OK ] RemoteKsckTest.TestClusterOk (10557 ms) [ RUN ] RemoteKsckTest.TestCheckUnusualFlags
I0918 20:38:20.553264 19320 test_util.cc:212] Using random seed: -783525866
I0918 20:38:20.554045 19320 internal_mini_cluster.cc:146] Creating distributed mini masters. Addrs: 127.18.222.62:33587,127.18.222.61:45425,127.18.222.60:44401
I0918 20:38:20.566510 19320 system_ntp.cc:193] NTP initialized. Skew: 500ppm Current error: 127592us
I0918 20:38:20.566890 19320 fs_manager.cc:263] Metadata directory not provided
I0918 20:38:20.567034 19320 fs_manager.cc:269] Using write-ahead log directory (fs_wal_dir) as metadata directory
I0918 20:38:20.567282 19320 server_base.cc:452] Could not load existing FS layout: Not found: could not find a healthy instance file
I0918 20:38:20.567400 19320 server_base.cc:453] Attempting to create new FS layout instead
I0918 20:38:20.568533 19320 fs_manager.cc:602] Generated new instance metadata in path /tmp/dist-test-task6lCVqo/test-tmp/ksck_remote-test.0.RemoteKsckTest.TestCheckUnusualFlags.1568839089958813-19320/minicluster-data/master-0-root/instance: uuid: "5fa8ea8cc088448b988deacd9000a0ad" format_stamp: "Formatted at 2019-09-18 20:38:20 on dist-test-slave-dist-test-slave-85lk"
I0918 20:38:20.576819 19320 fs_manager.cc:503] Time spent creating directory manager: real 0.008s user 0.008s sys 0.001s
I0918 20:38:20.578217 19320 file_cache.cc:465] Constructed file cache lbm with capacity 419430
I0918 20:38:20.585548 19320 fs_manager.cc:419] Time spent opening block manager: real 0.001s user 0.001s sys 0.000s
I0918 20:38:20.585729 19320 fs_manager.cc:436] Opened local filesystem: /tmp/dist-test-task6lCVqo/test-tmp/ksck_remote-test.0.RemoteKsckTest.TestCheckUnusualFlags.1568839089958813-19320/minicluster-data/master-0-root uuid: "5fa8ea8cc088448b988deacd9000a0ad" format_stamp: "Formatted at 2019-09-18 20:38:20 on dist-test-slave-dist-test-slave-85lk"
I0918 20:38:20.586000 19320 fs_report.cc:352] FS layout report -------------------- wal directory: /tmp/dist-test-task6lCVqo/test-tmp/ksck_remote-test.0.RemoteKsckTest.TestCheckUnusualFlags.1568839089958813-19320/minicluster-data/master-0-root metadata directory: /tmp/dist-test-task6lCVqo/test-tmp/ksck_remote-test.0.RemoteKsckTest.TestCheckUnusualFlags.1568839089958813-19320/minicluster-data/master-0-root 1 data directories: /tmp/dist-test-task6lCVqo/test-tmp/ksck_remote-test.0.RemoteKsckTest.TestCheckUnusualFlags.1568839089958813-19320/minicluster-data/master-0-root/data Total live blocks: 0 Total live bytes: 0 Total live bytes (after alignment): 0 Total number of LBM containers: 0 (0 full) Did not check for missing blocks Did not check for orphaned blocks Total full LBM containers with extra space: 0 (0 repaired) Total full LBM container extra space in bytes: 0 (0 repaired) Total incomplete LBM containers: 0 (0 repaired) Total LBM partial records: 0 (0 repaired)
I0918 20:38:20.662338 19320 rpc_server.cc:205] RPC server started. Bound to: 127.18.222.62:33587
I0918 20:38:20.664161 19320 webserver.cc:374] Webserver started at http://127.18.222.62:33487/ using document root and password file
I0918 20:38:20.666028 19941 data_dirs.cc:939] Could only allocate 1 dirs of requested 3 for tablet 00000000000000000000000000000000. 1 dirs total, 0 dirs full, 0 dirs failed
I0918 20:38:20.670600 19941 sys_catalog.cc:307] member_type: VOTER last_known_addr { host: "127.18.222.62" port: 33587 } has no permanent_uuid. Determining permanent_uuid...
I0918 20:38:20.683794 19320 system_ntp.cc:193] NTP initialized. Skew: 500ppm Current error: 127592us
I0918 20:38:20.684293 19320 fs_manager.cc:263] Metadata directory not provided
I0918 20:38:20.684520 19320 fs_manager.cc:269] Using write-ahead log directory (fs_wal_dir) as metadata directory
I0918 20:38:20.684839 19320 server_base.cc:452] Could not load existing FS layout: Not found: could not find a healthy instance file
I0918 20:38:20.685057 19320 server_base.cc:453] Attempting to create new FS layout instead
I0918 20:38:20.686448 19320 fs_manager.cc:602] Generated new instance metadata in path /tmp/dist-test-task6lCVqo/test-tmp/ksck_remote-test.0.RemoteKsckTest.TestCheckUnusualFlags.1568839089958813-19320/minicluster-data/master-1-root/instance: uuid: "35ee39e0fecc41c0bb51dd5ccac4848b" format_stamp: "Formatted at 2019-09-18 20:38:20 on dist-test-slave-dist-test-slave-85lk"
I0918 20:38:20.688985 19941 sys_catalog.cc:307] member_type: VOTER last_known_addr { host: "127.18.222.61" port: 45425 } has no permanent_uuid. Determining permanent_uuid...
W0918 20:38:20.690621 19941 consensus_peers.cc:607] Error getting permanent uuid from config peer 127.18.222.61:45425: Network error: Client connection negotiation failed: client connection to 127.18.222.61:45425: connect: Connection refused (error 111)
I0918 20:38:20.696789 19320 fs_manager.cc:503] Time spent creating directory manager: real 0.010s user 0.008s sys 0.003s
I0918 20:38:20.698274 19320 file_cache.cc:465] Constructed file cache lbm with capacity 419430
I0918 20:38:20.706135 19320 fs_manager.cc:419] Time spent opening block manager: real 0.002s user 0.001s sys 0.001s
I0918 20:38:20.706324 19320 fs_manager.cc:436] Opened local filesystem: /tmp/dist-test-task6lCVqo/test-tmp/ksck_remote-test.0.RemoteKsckTest.TestCheckUnusualFlags.1568839089958813-19320/minicluster-data/master-1-root uuid: "35ee39e0fecc41c0bb51dd5ccac4848b" format_stamp: "Formatted at 2019-09-18 20:38:20 on dist-test-slave-dist-test-slave-85lk"
