[==========] Running 21 tests from 1 test case. [----------] Global test environment set-up. [----------] 21 tests from RemoteKsckTest [ RUN ] RemoteKsckTest.TestClusterOk WARNING: Logging before InitGoogleLogging() is written to STDERR
I0918 20:38:09.997192 19320 test_util.cc:212] Using random seed: -794082038
I0918 20:38:10.000159 19320 internal_mini_cluster.cc:146] Creating distributed mini masters. Addrs: 127.18.222.62:44223,127.18.222.61:43611,127.18.222.60:39395
I0918 20:38:10.017616 19320 system_ntp.cc:193] NTP initialized. Skew: 500ppm Current error: 122592us
I0918 20:38:10.018223 19320 fs_manager.cc:263] Metadata directory not provided
I0918 20:38:10.018383 19320 fs_manager.cc:269] Using write-ahead log directory (fs_wal_dir) as metadata directory
I0918 20:38:10.018707 19320 server_base.cc:452] Could not load existing FS layout: Not found: could not find a healthy instance file
I0918 20:38:10.018865 19320 server_base.cc:453] Attempting to create new FS layout instead
I0918 20:38:10.022825 19320 fs_manager.cc:602] Generated new instance metadata in path /tmp/dist-test-task6lCVqo/test-tmp/ksck_remote-test.0.RemoteKsckTest.TestClusterOk.1568839089958813-19320/minicluster-data/master-0-root/instance: uuid: "a9903afeb95a4ed8b8110650f809f965" format_stamp: "Formatted at 2019-09-18 20:38:10 on dist-test-slave-dist-test-slave-85lk"
I0918 20:38:10.036556 19320 fs_manager.cc:503] Time spent creating directory manager: real 0.013s user 0.015s sys 0.001s
I0918 20:38:10.037885 19320 env_posix.cc:1676] Not raising this process' open files per process limit of 1048576; it is already as high as it can go
I0918 20:38:10.038540 19320 file_cache.cc:465] Constructed file cache lbm with capacity 419430
I0918 20:38:10.047238 19320 fs_manager.cc:419] Time spent opening block manager: real 0.003s user 0.002s sys 0.001s
I0918 20:38:10.047418 19320 fs_manager.cc:436] Opened local filesystem: /tmp/dist-test-task6lCVqo/test-tmp/ksck_remote-test.0.RemoteKsckTest.TestClusterOk.1568839089958813-19320/minicluster-data/master-0-root uuid: "a9903afeb95a4ed8b8110650f809f965" format_stamp: "Formatted at 2019-09-18 20:38:10 on dist-test-slave-dist-test-slave-85lk"
I0918 20:38:10.047770 19320 fs_report.cc:352] FS layout report -------------------- wal directory: /tmp/dist-test-task6lCVqo/test-tmp/ksck_remote-test.0.RemoteKsckTest.TestClusterOk.1568839089958813-19320/minicluster-data/master-0-root metadata directory: /tmp/dist-test-task6lCVqo/test-tmp/ksck_remote-test.0.RemoteKsckTest.TestClusterOk.1568839089958813-19320/minicluster-data/master-0-root 1 data directories: /tmp/dist-test-task6lCVqo/test-tmp/ksck_remote-test.0.RemoteKsckTest.TestClusterOk.1568839089958813-19320/minicluster-data/master-0-root/data Total live blocks: 0 Total live bytes: 0 Total live bytes (after alignment): 0 Total number of LBM containers: 0 (0 full) Did not check for missing blocks Did not check for orphaned blocks Total full LBM containers with extra space: 0 (0 repaired) Total full LBM container extra space in bytes: 0 (0 repaired) Total incomplete LBM containers: 0 (0 repaired) Total LBM partial records: 0 (0 repaired)
W0918 20:38:10.787902 19320 thread.cc:599] rpc reactor (reactor) Time spent creating pthread: real 0.709s user 0.331s sys 0.355s
W0918 20:38:10.788154 19320 thread.cc:566] rpc reactor (reactor) Time spent starting thread: real 0.709s user 0.331s sys 0.355s
I0918 20:38:10.855482 19320 env_posix.cc:1676] Not raising this process' running threads per effective uid limit of 18446744073709551615; it is already as high as it can go
I0918 20:38:10.910859 19320 rpc_server.cc:205] RPC server started. Bound to: 127.18.222.62:44223
I0918 20:38:10.913528 19320 webserver.cc:374] Webserver started at http://127.18.222.62:39733/ using document root and password file
I0918 20:38:10.916674 19381 data_dirs.cc:939] Could only allocate 1 dirs of requested 3 for tablet 00000000000000000000000000000000. 1 dirs total, 0 dirs full, 0 dirs failed
I0918 20:38:10.942768 19320 system_ntp.cc:193] NTP initialized. Skew: 500ppm Current error: 122592us
I0918 20:38:10.943158 19320 fs_manager.cc:263] Metadata directory not provided
I0918 20:38:10.943323 19320 fs_manager.cc:269] Using write-ahead log directory (fs_wal_dir) as metadata directory
I0918 20:38:10.943562 19320 server_base.cc:452] Could not load existing FS layout: Not found: could not find a healthy instance file
I0918 20:38:10.943739 19320 server_base.cc:453] Attempting to create new FS layout instead
I0918 20:38:10.944708 19320 fs_manager.cc:602] Generated new instance metadata in path /tmp/dist-test-task6lCVqo/test-tmp/ksck_remote-test.0.RemoteKsckTest.TestClusterOk.1568839089958813-19320/minicluster-data/master-1-root/instance: uuid: "200998a474bb42b2a13b5ec292154c78" format_stamp: "Formatted at 2019-09-18 20:38:10 on dist-test-slave-dist-test-slave-85lk"
I0918 20:38:10.944597 19381 sys_catalog.cc:307] member_type: VOTER last_known_addr { host: "127.18.222.62" port: 44223 } has no permanent_uuid. Determining permanent_uuid...
I0918 20:38:11.025579 19320 fs_manager.cc:503] Time spent creating directory manager: real 0.080s user 0.004s sys 0.008s
I0918 20:38:11.027153 19320 file_cache.cc:465] Constructed file cache lbm with capacity 419430
I0918 20:38:11.040508 19320 fs_manager.cc:419] Time spent opening block manager: real 0.002s user 0.001s sys 0.001s
I0918 20:38:11.040700 19320 fs_manager.cc:436] Opened local filesystem: /tmp/dist-test-task6lCVqo/test-tmp/ksck_remote-test.0.RemoteKsckTest.TestClusterOk.1568839089958813-19320/minicluster-data/master-1-root uuid: "200998a474bb42b2a13b5ec292154c78" format_stamp: "Formatted at 2019-09-18 20:38:10 on dist-test-slave-dist-test-slave-85lk"
I0918 20:38:11.040998 19320 fs_report.cc:352] FS layout report -------------------- wal directory: /tmp/dist-test-task6lCVqo/test-tmp/ksck_remote-test.0.RemoteKsckTest.TestClusterOk.1568839089958813-19320/minicluster-data/master-1-root metadata directory: /tmp/dist-test-task6lCVqo/test-tmp/ksck_remote-test.0.RemoteKsckTest.TestClusterOk.1568839089958813-19320/minicluster-data/master-1-root 1 data directories: /tmp/dist-test-task6lCVqo/test-tmp/ksck_remote-test.0.RemoteKsckTest.TestClusterOk.1568839089958813-19320/minicluster-data/master-1-root/data Total live blocks: 0 Total live bytes: 0 Total live bytes (after alignment): 0 Total number of LBM containers: 0 (0 full) Did not check for missing blocks Did not check for orphaned blocks Total full LBM containers with extra space: 0 (0 repaired) Total full LBM container extra space in bytes: 0 (0 repaired) Total incomplete LBM containers: 0 (0 repaired) Total LBM partial records: 0 (0 repaired)
I0918 20:38:11.054800 19381 sys_catalog.cc:307] member_type: VOTER last_known_addr { host: "127.18.222.61" port: 43611 } has no permanent_uuid. Determining permanent_uuid...
W0918 20:38:11.056946 19381 consensus_peers.cc:607] Error getting permanent uuid from config peer 127.18.222.61:43611: Network error: Client connection negotiation failed: client connection to 127.18.222.61:43611: connect: Connection refused (error 111)
I0918 20:38:11.096521 19381 consensus_peers.cc:617] Retrying to get permanent uuid for remote peer: member_type: VOTER last_known_addr { host: "127.18.222.61" port: 43611 } attempt: 1
W0918 20:38:11.098562 19381 consensus_peers.cc:607] Error getting permanent uuid from config peer 127.18.222.61:43611: Network error: Client connection negotiation failed: client connection to 127.18.222.61:43611: connect: Connection refused (error 111)
I0918 20:38:11.158203 19381 consensus_peers.cc:617] Retrying to get permanent uuid for remote peer: member_type: VOTER last_known_addr { host: "127.18.222.61" port: 43611 } attempt: 2
I0918 20:38:11.160212 19320 rpc_server.cc:205] RPC server started. Bound to: 127.18.222.61:43611
I0918 20:38:11.163224 19320 webserver.cc:374] Webserver started at http://127.18.222.61:46425/ using document root and password file
I0918 20:38:11.166577 19439 data_dirs.cc:939] Could only allocate 1 dirs of requested 3 for tablet 00000000000000000000000000000000. 1 dirs total, 0 dirs full, 0 dirs failed
I0918 20:38:11.172119 19439 sys_catalog.cc:307] member_type: VOTER last_known_addr { host: "127.18.222.62" port: 44223 } has no permanent_uuid. Determining permanent_uuid...
I0918 20:38:11.177335 19381 sys_catalog.cc:307] member_type: VOTER last_known_addr { host: "127.18.222.60" port: 39395 } has no permanent_uuid. Determining permanent_uuid...
W0918 20:38:11.179852 19381 consensus_peers.cc:607] Error getting permanent uuid from config peer 127.18.222.60:39395: Network error: Client connection negotiation failed: client connection to 127.18.222.60:39395: connect: Connection refused (error 111)
I0918 20:38:11.187350 19320 system_ntp.cc:193] NTP initialized. Skew: 500ppm Current error: 123092us
I0918 20:38:11.187898 19320 fs_manager.cc:263] Metadata directory not provided
I0918 20:38:11.188108 19320 fs_manager.cc:269] Using write-ahead log directory (fs_wal_dir) as metadata directory
I0918 20:38:11.188411 19320 server_base.cc:452] Could not load existing FS layout: Not found: could not find a healthy instance file
I0918 20:38:11.188530 19320 server_base.cc:453] Attempting to create new FS layout instead
I0918 20:38:11.189851 19320 fs_manager.cc:602] Generated new instance metadata in path /tmp/dist-test-task6lCVqo/test-tmp/ksck_remote-test.0.RemoteKsckTest.TestClusterOk.1568839089958813-19320/minicluster-data/master-2-root/instance: uuid: "db6ca21578fe4f5a86e7d466226a447a" format_stamp: "Formatted at 2019-09-18 20:38:11 on dist-test-slave-dist-test-slave-85lk"
I0918 20:38:11.191146 19439 sys_catalog.cc:307] member_type: VOTER last_known_addr { host: "127.18.222.61" port: 43611 } has no permanent_uuid. Determining permanent_uuid...
I0918 20:38:11.201118 19320 fs_manager.cc:503] Time spent creating directory manager: real 0.011s user 0.012s sys 0.000s
I0918 20:38:11.201161 19439 sys_catalog.cc:307] member_type: VOTER last_known_addr { host: "127.18.222.60" port: 39395 } has no permanent_uuid. Determining permanent_uuid...
I0918 20:38:11.202999 19320 file_cache.cc:465] Constructed file cache lbm with capacity 419430
W0918 20:38:11.203088 19439 consensus_peers.cc:607] Error getting permanent uuid from config peer 127.18.222.60:39395: Network error: Client connection negotiation failed: client connection to 127.18.222.60:39395: connect: Connection refused (error 111)
I0918 20:38:11.211422 19320 fs_manager.cc:419] Time spent opening block manager: real 0.002s user 0.001s sys 0.000s
I0918 20:38:11.211630 19320 fs_manager.cc:436] Opened local filesystem: /tmp/dist-test-task6lCVqo/test-tmp/ksck_remote-test.0.RemoteKsckTest.TestClusterOk.1568839089958813-19320/minicluster-data/master-2-root uuid: "db6ca21578fe4f5a86e7d466226a447a" format_stamp: "Formatted at 2019-09-18 20:38:11 on dist-test-slave-dist-test-slave-85lk"
I0918 20:38:11.211962 19320 fs_report.cc:352] FS layout report -------------------- wal directory: /tmp/dist-test-task6lCVqo/test-tmp/ksck_remote-test.0.RemoteKsckTest.TestClusterOk.1568839089958813-19320/minicluster-data/master-2-root metadata directory: /tmp/dist-test-task6lCVqo/test-tmp/ksck_remote-test.0.RemoteKsckTest.TestClusterOk.1568839089958813-19320/minicluster-data/master-2-root 1 data directories: /tmp/dist-test-task6lCVqo/test-tmp/ksck_remote-test.0.RemoteKsckTest.TestClusterOk.1568839089958813-19320/minicluster-data/master-2-root/data Total live blocks: 0 Total live bytes: 0 Total live bytes (after alignment): 0 Total number of LBM containers: 0 (0 full) Did not check for missing blocks Did not check for orphaned blocks Total full LBM containers with extra space: 0 (0 repaired) Total full LBM container extra space in bytes: 0 (0 repaired) Total incomplete LBM containers: 0 (0 repaired) Total LBM partial records: 0 (0 repaired)
I0918 20:38:11.236573 19381 consensus_peers.cc:617] Retrying to get permanent uuid for remote peer: member_type: VOTER last_known_addr { host: "127.18.222.60" port: 39395 } attempt: 1
W0918 20:38:11.238629 19381 consensus_peers.cc:607] Error getting permanent uuid from config peer 127.18.222.60:39395: Network error: Client connection negotiation failed: client connection to 127.18.222.60:39395: connect: Connection refused (error 111)
I0918 20:38:11.257633 19439 consensus_peers.cc:617] Retrying to get permanent uuid for remote peer: member_type: VOTER last_known_addr { host: "127.18.222.60" port: 39395 } attempt: 1
W0918 20:38:11.260080 19439 consensus_peers.cc:607] Error getting permanent uuid from config peer 127.18.222.60:39395: Network error: Client connection negotiation failed: client connection to 127.18.222.60:39395: connect: Connection refused (error 111)
I0918 20:38:11.271224 19381 consensus_peers.cc:617] Retrying to get permanent uuid for remote peer: member_type: VOTER last_known_addr { host: "127.18.222.60" port: 39395 } attempt: 2
W0918 20:38:11.274541 19381 consensus_peers.cc:607] Error getting permanent uuid from config peer 127.18.222.60:39395: Network error: Client connection negotiation failed: client connection to 127.18.222.60:39395: connect: Connection refused (error 111)
I0918 20:38:11.293088 19320 rpc_server.cc:205] RPC server started. Bound to: 127.18.222.60:39395
I0918 20:38:11.295253 19320 webserver.cc:374] Webserver started at http://127.18.222.60:45303/ using document root and password file
I0918 20:38:11.297811 19495 data_dirs.cc:939] Could only allocate 1 dirs of requested 3 for tablet 00000000000000000000000000000000. 1 dirs total, 0 dirs full, 0 dirs failed
I0918 20:38:11.299571 19439 consensus_peers.cc:617] Retrying to get permanent uuid for remote peer: member_type: VOTER last_known_addr { host: "127.18.222.60" port: 39395 } attempt: 2
I0918 20:38:11.299813 19320 internal_mini_cluster.cc:166] Waiting to initialize catalog manager on master 0
I0918 20:38:11.302893 19495 sys_catalog.cc:307] member_type: VOTER last_known_addr { host: "127.18.222.62" port: 44223 } has no permanent_uuid. Determining permanent_uuid...
I0918 20:38:11.320991 19439 tablet_bootstrap.cc:439] T 00000000000000000000000000000000 P 200998a474bb42b2a13b5ec292154c78: Bootstrap starting.
I0918 20:38:11.322037 19495 sys_catalog.cc:307] member_type: VOTER last_known_addr { host: "127.18.222.61" port: 43611 } has no permanent_uuid. Determining permanent_uuid...
I0918 20:38:11.325796 19439 tablet_bootstrap.cc:590] T 00000000000000000000000000000000 P 200998a474bb42b2a13b5ec292154c78: No blocks or log segments found. Creating new log.
I0918 20:38:11.328073 19439 log.cc:525] T 00000000000000000000000000000000 P 200998a474bb42b2a13b5ec292154c78: Log is configured to *not* fsync() on all Append() calls
I0918 20:38:11.331966 19439 tablet_bootstrap.cc:439] T 00000000000000000000000000000000 P 200998a474bb42b2a13b5ec292154c78: No bootstrap required, opened a new log
I0918 20:38:11.333320 19495 sys_catalog.cc:307] member_type: VOTER last_known_addr { host: "127.18.222.60" port: 39395 } has no permanent_uuid. Determining permanent_uuid...
I0918 20:38:11.348387 19495 tablet_bootstrap.cc:439] T 00000000000000000000000000000000 P db6ca21578fe4f5a86e7d466226a447a: Bootstrap starting.
I0918 20:38:11.348855 19439 raft_consensus.cc:340] T 00000000000000000000000000000000 P 200998a474bb42b2a13b5ec292154c78 [term 0 FOLLOWER]: Replica starting. Triggering 0 pending transactions. Active config: opid_index: -1 OBSOLETE_local: false peers { permanent_uuid: "a9903afeb95a4ed8b8110650f809f965" member_type: VOTER last_known_addr { host: "127.18.222.62" port: 44223 } } peers { permanent_uuid: "200998a474bb42b2a13b5ec292154c78" member_type: VOTER last_known_addr { host: "127.18.222.61" port: 43611 } } peers { permanent_uuid: "db6ca21578fe4f5a86e7d466226a447a" member_type: VOTER last_known_addr { host: "127.18.222.60" port: 39395 } }
I0918 20:38:11.349475 19439 raft_consensus.cc:366] T 00000000000000000000000000000000 P 200998a474bb42b2a13b5ec292154c78 [term 0 FOLLOWER]: Consensus starting up: Expiring failure detector timer to make a prompt election more likely
I0918 20:38:11.349702 19439 raft_consensus.cc:705] T 00000000000000000000000000000000 P 200998a474bb42b2a13b5ec292154c78 [term 0 FOLLOWER]: Becoming Follower/Learner. State: Replica: 200998a474bb42b2a13b5ec292154c78, State: Initialized, Role: FOLLOWER
I0918 20:38:11.350447 19439 consensus_queue.cc:229] T 00000000000000000000000000000000 P 200998a474bb42b2a13b5ec292154c78 [NON_LEADER]: Queue going to NON_LEADER mode. State: All replicated index: 0, Majority replicated index: 0, Committed index: 0, Last appended: 0.0, Last appended by leader: 0, Current term: 0, Majority size: -1, State: 0, Mode: NON_LEADER, active raft config: opid_index: -1 OBSOLETE_local: false peers { permanent_uuid: "a9903afeb95a4ed8b8110650f809f965" member_type: VOTER last_known_addr { host: "127.18.222.62" port: 44223 } } peers { permanent_uuid: "200998a474bb42b2a13b5ec292154c78" member_type: VOTER last_known_addr { host: "127.18.222.61" port: 43611 } } peers { permanent_uuid: "db6ca21578fe4f5a86e7d466226a447a" member_type: VOTER last_known_addr { host: "127.18.222.60" port: 39395 } }
I0918 20:38:11.351322 19495 tablet_bootstrap.cc:590] T 00000000000000000000000000000000 P db6ca21578fe4f5a86e7d466226a447a: No blocks or log segments found. Creating new log.
I0918 20:38:11.352820 19439 sys_catalog.cc:340] T 00000000000000000000000000000000 P 200998a474bb42b2a13b5ec292154c78 [sys.catalog]: SysCatalogTable state changed. Reason: Started TabletReplica. Latest consensus state: current_term: 0 committed_config { opid_index: -1 OBSOLETE_local: false peers { permanent_uuid: "a9903afeb95a4ed8b8110650f809f965" member_type: VOTER last_known_addr { host: "127.18.222.62" port: 44223 } } peers { permanent_uuid: "200998a474bb42b2a13b5ec292154c78" member_type: VOTER last_known_addr { host: "127.18.222.61" port: 43611 } } peers { permanent_uuid: "db6ca21578fe4f5a86e7d466226a447a" member_type: VOTER last_known_addr { host: "127.18.222.60" port: 39395 } } }
I0918 20:38:11.353438 19439 sys_catalog.cc:343] T 00000000000000000000000000000000 P 200998a474bb42b2a13b5ec292154c78 [sys.catalog]: This master's current role is: FOLLOWER
I0918 20:38:11.353271 19499 sys_catalog.cc:340] T 00000000000000000000000000000000 P 200998a474bb42b2a13b5ec292154c78 [sys.catalog]: SysCatalogTable state changed. Reason: RaftConsensus started. Latest consensus state: current_term: 0 committed_config { opid_index: -1 OBSOLETE_local: false peers { permanent_uuid: "a9903afeb95a4ed8b8110650f809f965" member_type: VOTER last_known_addr { host: "127.18.222.62" port: 44223 } } peers { permanent_uuid: "200998a474bb42b2a13b5ec292154c78" member_type: VOTER last_known_addr { host: "127.18.222.61" port: 43611 } } peers { permanent_uuid: "db6ca21578fe4f5a86e7d466226a447a" member_type: VOTER last_known_addr { host: "127.18.222.60" port: 39395 } } }
I0918 20:38:11.354230 19499 sys_catalog.cc:343] T 00000000000000000000000000000000 P 200998a474bb42b2a13b5ec292154c78 [sys.catalog]: This master's current role is: FOLLOWER
I0918 20:38:11.355074 19439 sys_catalog.cc:428] T 00000000000000000000000000000000 P 200998a474bb42b2a13b5ec292154c78 [sys.catalog]: configured and running, proceeding with master startup.
I0918 20:38:11.357296 19495 tablet_bootstrap.cc:439] T 00000000000000000000000000000000 P db6ca21578fe4f5a86e7d466226a447a: No bootstrap required, opened a new log
W0918 20:38:11.358203 19394 tablet.cc:1763] T 00000000000000000000000000000000 P 200998a474bb42b2a13b5ec292154c78: Can't schedule compaction. Clean time has not been advanced past its initial value.
I0918 20:38:11.359593 19495 raft_consensus.cc:340] T 00000000000000000000000000000000 P db6ca21578fe4f5a86e7d466226a447a [term 0 FOLLOWER]: Replica starting. Triggering 0 pending transactions. Active config: opid_index: -1 OBSOLETE_local: false peers { permanent_uuid: "a9903afeb95a4ed8b8110650f809f965" member_type: VOTER last_known_addr { host: "127.18.222.62" port: 44223 } } peers { permanent_uuid: "200998a474bb42b2a13b5ec292154c78" member_type: VOTER last_known_addr { host: "127.18.222.61" port: 43611 } } peers { permanent_uuid: "db6ca21578fe4f5a86e7d466226a447a" member_type: VOTER last_known_addr { host: "127.18.222.60" port: 39395 } }
I0918 20:38:11.360357 19495 raft_consensus.cc:366] T 00000000000000000000000000000000 P db6ca21578fe4f5a86e7d466226a447a [term 0 FOLLOWER]: Consensus starting up: Expiring failure detector timer to make a prompt election more likely
I0918 20:38:11.360585 19495 raft_consensus.cc:705] T 00000000000000000000000000000000 P db6ca21578fe4f5a86e7d466226a447a [term 0 FOLLOWER]: Becoming Follower/Learner. State: Replica: db6ca21578fe4f5a86e7d466226a447a, State: Initialized, Role: FOLLOWER
I0918 20:38:11.361186 19495 consensus_queue.cc:229] T 00000000000000000000000000000000 P db6ca21578fe4f5a86e7d466226a447a [NON_LEADER]: Queue going to NON_LEADER mode. State: All replicated index: 0, Majority replicated index: 0, Committed index: 0, Last appended: 0.0, Last appended by leader: 0, Current term: 0, Majority size: -1, State: 0, Mode: NON_LEADER, active raft config: opid_index: -1 OBSOLETE_local: false peers { permanent_uuid: "a9903afeb95a4ed8b8110650f809f965" member_type: VOTER last_known_addr { host: "127.18.222.62" port: 44223 } } peers { permanent_uuid: "200998a474bb42b2a13b5ec292154c78" member_type: VOTER last_known_addr { host: "127.18.222.61" port: 43611 } } peers { permanent_uuid: "db6ca21578fe4f5a86e7d466226a447a" member_type: VOTER last_known_addr { host: "127.18.222.60" port: 39395 } }
W0918 20:38:11.363659 19501 catalog_manager.cc:1155] T 00000000000000000000000000000000 P 200998a474bb42b2a13b5ec292154c78: acquiring CA information for follower catalog manager: Not found: root CA entry not found
W0918 20:38:11.364006 19501 catalog_manager.cc:627] Not found: root CA entry not found: failed to prepare follower catalog manager, will retry
I0918 20:38:11.364219 19495 sys_catalog.cc:340] T 00000000000000000000000000000000 P db6ca21578fe4f5a86e7d466226a447a [sys.catalog]: SysCatalogTable state changed. Reason: Started TabletReplica. Latest consensus state: current_term: 0 committed_config { opid_index: -1 OBSOLETE_local: false peers { permanent_uuid: "a9903afeb95a4ed8b8110650f809f965" member_type: VOTER last_known_addr { host: "127.18.222.62" port: 44223 } } peers { permanent_uuid: "200998a474bb42b2a13b5ec292154c78" member_type: VOTER last_known_addr { host: "127.18.222.61" port: 43611 } } peers { permanent_uuid: "db6ca21578fe4f5a86e7d466226a447a" member_type: VOTER last_known_addr { host: "127.18.222.60" port: 39395 } } }
I0918 20:38:11.364459 19503 sys_catalog.cc:340] T 00000000000000000000000000000000 P db6ca21578fe4f5a86e7d466226a447a [sys.catalog]: SysCatalogTable state changed. Reason: RaftConsensus started. Latest consensus state: current_term: 0 committed_config { opid_index: -1 OBSOLETE_local: false peers { permanent_uuid: "a9903afeb95a4ed8b8110650f809f965" member_type: VOTER last_known_addr { host: "127.18.222.62" port: 44223 } } peers { permanent_uuid: "200998a474bb42b2a13b5ec292154c78" member_type: VOTER last_known_addr { host: "127.18.222.61" port: 43611 } } peers { permanent_uuid: "db6ca21578fe4f5a86e7d466226a447a" member_type: VOTER last_known_addr { host: "127.18.222.60" port: 39395 } } }
I0918 20:38:11.365034 19495 sys_catalog.cc:343] T 00000000000000000000000000000000 P db6ca21578fe4f5a86e7d466226a447a [sys.catalog]: This master's current role is: FOLLOWER
I0918 20:38:11.365097 19503 sys_catalog.cc:343] T 00000000000000000000000000000000 P db6ca21578fe4f5a86e7d466226a447a [sys.catalog]: This master's current role is: FOLLOWER
I0918 20:38:11.366231 19495 sys_catalog.cc:428] T 00000000000000000000000000000000 P db6ca21578fe4f5a86e7d466226a447a [sys.catalog]: configured and running, proceeding with master startup.
W0918 20:38:11.370152 19504 catalog_manager.cc:1155] T 00000000000000000000000000000000 P db6ca21578fe4f5a86e7d466226a447a: acquiring CA information for follower catalog manager: Not found: root CA entry not found
W0918 20:38:11.370371 19504 catalog_manager.cc:627] Not found: root CA entry not found: failed to prepare follower catalog manager, will retry
I0918 20:38:11.371937 19381 consensus_peers.cc:617] Retrying to get permanent uuid for remote peer: member_type: VOTER last_known_addr { host: "127.18.222.60" port: 39395 } attempt: 3
I0918 20:38:11.387926 19381 tablet_bootstrap.cc:439] T 00000000000000000000000000000000 P a9903afeb95a4ed8b8110650f809f965: Bootstrap starting.
I0918 20:38:11.391902 19381 tablet_bootstrap.cc:590] T 00000000000000000000000000000000 P a9903afeb95a4ed8b8110650f809f965: No blocks or log segments found. Creating new log.
I0918 20:38:11.396724 19381 tablet_bootstrap.cc:439] T 00000000000000000000000000000000 P a9903afeb95a4ed8b8110650f809f965: No bootstrap required, opened a new log
I0918 20:38:11.398866 19381 raft_consensus.cc:340] T 00000000000000000000000000000000 P a9903afeb95a4ed8b8110650f809f965 [term 0 FOLLOWER]: Replica starting. Triggering 0 pending transactions. Active config: opid_index: -1 OBSOLETE_local: false peers { permanent_uuid: "a9903afeb95a4ed8b8110650f809f965" member_type: VOTER last_known_addr { host: "127.18.222.62" port: 44223 } } peers { permanent_uuid: "200998a474bb42b2a13b5ec292154c78" member_type: VOTER last_known_addr { host: "127.18.222.61" port: 43611 } } peers { permanent_uuid: "db6ca21578fe4f5a86e7d466226a447a" member_type: VOTER last_known_addr { host: "127.18.222.60" port: 39395 } }
I0918 20:38:11.399631 19381 raft_consensus.cc:366] T 00000000000000000000000000000000 P a9903afeb95a4ed8b8110650f809f965 [term 0 FOLLOWER]: Consensus starting up: Expiring failure detector timer to make a prompt election more likely
I0918 20:38:11.399914 19381 raft_consensus.cc:705] T 00000000000000000000000000000000 P a9903afeb95a4ed8b8110650f809f965 [term 0 FOLLOWER]: Becoming Follower/Learner. State: Replica: a9903afeb95a4ed8b8110650f809f965, State: Initialized, Role: FOLLOWER
I0918 20:38:11.400574 19381 consensus_queue.cc:229] T 00000000000000000000000000000000 P a9903afeb95a4ed8b8110650f809f965 [NON_LEADER]: Queue going to NON_LEADER mode. State: All replicated index: 0, Majority replicated index: 0, Committed index: 0, Last appended: 0.0, Last appended by leader: 0, Current term: 0, Majority size: -1, State: 0, Mode: NON_LEADER, active raft config: opid_index: -1 OBSOLETE_local: false peers { permanent_uuid: "a9903afeb95a4ed8b8110650f809f965" member_type: VOTER last_known_addr { host: "127.18.222.62" port: 44223 } } peers { permanent_uuid: "200998a474bb42b2a13b5ec292154c78" member_type: VOTER last_known_addr { host: "127.18.222.61" port: 43611 } } peers { permanent_uuid: "db6ca21578fe4f5a86e7d466226a447a" member_type: VOTER last_known_addr { host: "127.18.222.60" port: 39395 } }
I0918 20:38:11.403131 19381 sys_catalog.cc:340] T 00000000000000000000000000000000 P a9903afeb95a4ed8b8110650f809f965 [sys.catalog]: SysCatalogTable state changed. Reason: Started TabletReplica. Latest consensus state: current_term: 0 committed_config { opid_index: -1 OBSOLETE_local: false peers { permanent_uuid: "a9903afeb95a4ed8b8110650f809f965" member_type: VOTER last_known_addr { host: "127.18.222.62" port: 44223 } } peers { permanent_uuid: "200998a474bb42b2a13b5ec292154c78" member_type: VOTER last_known_addr { host: "127.18.222.61" port: 43611 } } peers { permanent_uuid: "db6ca21578fe4f5a86e7d466226a447a" member_type: VOTER last_known_addr { host: "127.18.222.60" port: 39395 } } }
I0918 20:38:11.403661 19381 sys_catalog.cc:343] T 00000000000000000000000000000000 P a9903afeb95a4ed8b8110650f809f965 [sys.catalog]: This master's current role is: FOLLOWER
I0918 20:38:11.403548 19506 sys_catalog.cc:340] T 00000000000000000000000000000000 P a9903afeb95a4ed8b8110650f809f965 [sys.catalog]: SysCatalogTable state changed. Reason: RaftConsensus started. Latest consensus state: current_term: 0 committed_config { opid_index: -1 OBSOLETE_local: false peers { permanent_uuid: "a9903afeb95a4ed8b8110650f809f965" member_type: VOTER last_known_addr { host: "127.18.222.62" port: 44223 } } peers { permanent_uuid: "200998a474bb42b2a13b5ec292154c78" member_type: VOTER last_known_addr { host: "127.18.222.61" port: 43611 } } peers { permanent_uuid: "db6ca21578fe4f5a86e7d466226a447a" member_type: VOTER last_known_addr { host: "127.18.222.60" port: 39395 } } }
I0918 20:38:11.404547 19506 sys_catalog.cc:343] T 00000000000000000000000000000000 P a9903afeb95a4ed8b8110650f809f965 [sys.catalog]: This master's current role is: FOLLOWER
I0918 20:38:11.404669 19381 sys_catalog.cc:428] T 00000000000000000000000000000000 P a9903afeb95a4ed8b8110650f809f965 [sys.catalog]: configured and running, proceeding with master startup.
I0918 20:38:11.406265 19320 internal_mini_cluster.cc:166] Waiting to initialize catalog manager on master 1
I0918 20:38:11.406489 19320 internal_mini_cluster.cc:166] Waiting to initialize catalog manager on master 2
W0918 20:38:11.409523 19507 catalog_manager.cc:1155] T 00000000000000000000000000000000 P a9903afeb95a4ed8b8110650f809f965: acquiring CA information for follower catalog manager: Not found: root CA entry not found
W0918 20:38:11.409795 19507 catalog_manager.cc:627] Not found: root CA entry not found: failed to prepare follower catalog manager, will retry
I0918 20:38:11.423938 19320 system_ntp.cc:193] NTP initialized. Skew: 500ppm Current error: 123092us
I0918 20:38:11.424335 19320 fs_manager.cc:263] Metadata directory not provided
I0918 20:38:11.424489 19320 fs_manager.cc:269] Using write-ahead log directory (fs_wal_dir) as metadata directory
I0918 20:38:11.424736 19320 server_base.cc:452] Could not load existing FS layout: Not found: could not find a healthy instance file
I0918 20:38:11.424860 19320 server_base.cc:453] Attempting to create new FS layout instead
I0918 20:38:11.425915 19320 fs_manager.cc:602] Generated new instance metadata in path /tmp/dist-test-task6lCVqo/test-tmp/ksck_remote-test.0.RemoteKsckTest.TestClusterOk.1568839089958813-19320/minicluster-data/ts-0-root/instance: uuid: "37f57f2c32fe437fa6df8bf99c0a7610" format_stamp: "Formatted at 2019-09-18 20:38:11 on dist-test-slave-dist-test-slave-85lk"
I0918 20:38:11.437459 19320 fs_manager.cc:503] Time spent creating directory manager: real 0.011s user 0.013s sys 0.000s
I0918 20:38:11.438956 19320 file_cache.cc:465] Constructed file cache lbm with capacity 419430
I0918 20:38:11.448216 19320 fs_manager.cc:419] Time spent opening block manager: real 0.003s user 0.002s sys 0.000s
I0918 20:38:11.448406 19320 fs_manager.cc:436] Opened local filesystem: /tmp/dist-test-task6lCVqo/test-tmp/ksck_remote-test.0.RemoteKsckTest.TestClusterOk.1568839089958813-19320/minicluster-data/ts-0-root uuid: "37f57f2c32fe437fa6df8bf99c0a7610" format_stamp: "Formatted at 2019-09-18 20:38:11 on dist-test-slave-dist-test-slave-85lk"
I0918 20:38:11.448696 19320 fs_report.cc:352] FS layout report -------------------- wal directory: /tmp/dist-test-task6lCVqo/test-tmp/ksck_remote-test.0.RemoteKsckTest.TestClusterOk.1568839089958813-19320/minicluster-data/ts-0-root metadata directory: /tmp/dist-test-task6lCVqo/test-tmp/ksck_remote-test.0.RemoteKsckTest.TestClusterOk.1568839089958813-19320/minicluster-data/ts-0-root 1 data directories: /tmp/dist-test-task6lCVqo/test-tmp/ksck_remote-test.0.RemoteKsckTest.TestClusterOk.1568839089958813-19320/minicluster-data/ts-0-root/data Total live blocks: 0 Total live bytes: 0 Total live bytes (after alignment): 0 Total number of LBM containers: 0 (0 full) Did not check for missing blocks Did not check for orphaned blocks Total full LBM containers with extra space: 0 (0 repaired) Total full LBM container extra space in bytes: 0 (0 repaired) Total incomplete LBM containers: 0 (0 repaired) Total LBM partial records: 0 (0 repaired)
I0918 20:38:11.457662 19499 raft_consensus.cc:472] T 00000000000000000000000000000000 P 200998a474bb42b2a13b5ec292154c78 [term 0 FOLLOWER]: Starting pre-election (no leader contacted us within the election timeout)
I0918 20:38:11.458303 19499 raft_consensus.cc:494] T 00000000000000000000000000000000 P 200998a474bb42b2a13b5ec292154c78 [term 0 FOLLOWER]: Starting pre-election with config: opid_index: -1 OBSOLETE_local: false peers { permanent_uuid: "a9903afeb95a4ed8b8110650f809f965" member_type: VOTER last_known_addr { host: "127.18.222.62" port: 44223 } } peers { permanent_uuid: "200998a474bb42b2a13b5ec292154c78" member_type: VOTER last_known_addr { host: "127.18.222.61" port: 43611 } } peers { permanent_uuid: "db6ca21578fe4f5a86e7d466226a447a" member_type: VOTER last_known_addr { host: "127.18.222.60" port: 39395 } }
I0918 20:38:11.462350 19358 tablet_service.cc:1295] Received RequestConsensusVote() RPC: tablet_id: "00000000000000000000000000000000" candidate_uuid: "200998a474bb42b2a13b5ec292154c78" candidate_term: 1 candidate_status { last_received { term: 0 index: 0 } } ignore_live_leader: false dest_uuid: "a9903afeb95a4ed8b8110650f809f965" is_pre_election: true
I0918 20:38:11.462533 19472 tablet_service.cc:1295] Received RequestConsensusVote() RPC: tablet_id: "00000000000000000000000000000000" candidate_uuid: "200998a474bb42b2a13b5ec292154c78" candidate_term: 1 candidate_status { last_received { term: 0 index: 0 } } ignore_live_leader: false dest_uuid: "db6ca21578fe4f5a86e7d466226a447a" is_pre_election: true
I0918 20:38:11.463282 19358 raft_consensus.cc:2350] T 00000000000000000000000000000000 P a9903afeb95a4ed8b8110650f809f965 [term 0 FOLLOWER]: Leader pre-election vote request: Granting yes vote for candidate 200998a474bb42b2a13b5ec292154c78 in term 0.
I0918 20:38:11.463454 19472 raft_consensus.cc:2350] T 00000000000000000000000000000000 P db6ca21578fe4f5a86e7d466226a447a [term 0 FOLLOWER]: Leader pre-election vote request: Granting yes vote for candidate 200998a474bb42b2a13b5ec292154c78 in term 0.
I0918 20:38:11.462873 19499 leader_election.cc:296] T 00000000000000000000000000000000 P 200998a474bb42b2a13b5ec292154c78 [CANDIDATE]: Term 1 pre-election: Requested pre-vote from peers a9903afeb95a4ed8b8110650f809f965 (127.18.222.62:44223), db6ca21578fe4f5a86e7d466226a447a (127.18.222.60:39395)
I0918 20:38:11.464915 19387 leader_election.cc:310] T 00000000000000000000000000000000 P 200998a474bb42b2a13b5ec292154c78 [CANDIDATE]: Term 1 pre-election: Election decided. Result: candidate won. Election summary: received 2 responses out of 3 voters: 2 yes votes; 0 no votes. yes voters: 200998a474bb42b2a13b5ec292154c78, a9903afeb95a4ed8b8110650f809f965; no voters:
I0918 20:38:11.465859 19499 raft_consensus.cc:2644] T 00000000000000000000000000000000 P 200998a474bb42b2a13b5ec292154c78 [term 0 FOLLOWER]: Leader pre-election won for term 1
I0918 20:38:11.466167 19499 raft_consensus.cc:472] T 00000000000000000000000000000000 P 200998a474bb42b2a13b5ec292154c78 [term 0 FOLLOWER]: Starting leader election (no leader contacted us within the election timeout)
I0918 20:38:11.466490 19499 raft_consensus.cc:2890] T 00000000000000000000000000000000 P 200998a474bb42b2a13b5ec292154c78 [term 0 FOLLOWER]: Advancing to term 1
I0918 20:38:11.472484 19499 raft_consensus.cc:494] T 00000000000000000000000000000000 P 200998a474bb42b2a13b5ec292154c78 [term 1 FOLLOWER]: Starting leader election with config: opid_index: -1 OBSOLETE_local: false peers { permanent_uuid: "a9903afeb95a4ed8b8110650f809f965" member_type: VOTER last_known_addr { host: "127.18.222.62" port: 44223 } } peers { permanent_uuid: "200998a474bb42b2a13b5ec292154c78" member_type: VOTER last_known_addr { host: "127.18.222.61" port: 43611 } } peers { permanent_uuid: "db6ca21578fe4f5a86e7d466226a447a" member_type: VOTER last_known_addr { host: "127.18.222.60" port: 39395 } }
I0918 20:38:11.475137 19358 tablet_service.cc:1295] Received RequestConsensusVote() RPC: tablet_id: "00000000000000000000000000000000" candidate_uuid: "200998a474bb42b2a13b5ec292154c78" candidate_term: 1 candidate_status { last_received { term: 0 index: 0 } } ignore_live_leader: false dest_uuid: "a9903afeb95a4ed8b8110650f809f965"
I0918 20:38:11.475214 19472 tablet_service.cc:1295] Received RequestConsensusVote() RPC: tablet_id: "00000000000000000000000000000000" candidate_uuid: "200998a474bb42b2a13b5ec292154c78" candidate_term: 1 candidate_status { last_received { term: 0 index: 0 } } ignore_live_leader: false dest_uuid: "db6ca21578fe4f5a86e7d466226a447a"
I0918 20:38:11.475647 19358 raft_consensus.cc:2890] T 00000000000000000000000000000000 P a9903afeb95a4ed8b8110650f809f965 [term 0 FOLLOWER]: Advancing to term 1
I0918 20:38:11.475795 19472 raft_consensus.cc:2890] T 00000000000000000000000000000000 P db6ca21578fe4f5a86e7d466226a447a [term 0 FOLLOWER]: Advancing to term 1
I0918 20:38:11.476339 19499 leader_election.cc:296] T 00000000000000000000000000000000 P 200998a474bb42b2a13b5ec292154c78 [CANDIDATE]: Term 1 election: Requested vote from peers a9903afeb95a4ed8b8110650f809f965 (127.18.222.62:44223), db6ca21578fe4f5a86e7d466226a447a (127.18.222.60:39395)
I0918 20:38:11.485734 19472 raft_consensus.cc:2350] T 00000000000000000000000000000000 P db6ca21578fe4f5a86e7d466226a447a [term 1 FOLLOWER]: Leader election vote request: Granting yes vote for candidate 200998a474bb42b2a13b5ec292154c78 in term 1.
I0918 20:38:11.486915 19358 raft_consensus.cc:2350] T 00000000000000000000000000000000 P a9903afeb95a4ed8b8110650f809f965 [term 1 FOLLOWER]: Leader election vote request: Granting yes vote for candidate 200998a474bb42b2a13b5ec292154c78 in term 1.
I0918 20:38:11.487260 19389 leader_election.cc:310] T 00000000000000000000000000000000 P 200998a474bb42b2a13b5ec292154c78 [CANDIDATE]: Term 1 election: Election decided. Result: candidate won. Election summary: received 2 responses out of 3 voters: 2 yes votes; 0 no votes. yes voters: 200998a474bb42b2a13b5ec292154c78, db6ca21578fe4f5a86e7d466226a447a; no voters:
I0918 20:38:11.488724 19499 raft_consensus.cc:2644] T 00000000000000000000000000000000 P 200998a474bb42b2a13b5ec292154c78 [term 1 FOLLOWER]: Leader election won for term 1
I0918 20:38:11.492314 19499 raft_consensus.cc:667] T 00000000000000000000000000000000 P 200998a474bb42b2a13b5ec292154c78 [term 1 LEADER]: Becoming Leader. State: Replica: 200998a474bb42b2a13b5ec292154c78, State: Running, Role: LEADER
I0918 20:38:11.493120 19499 consensus_queue.cc:206] T 00000000000000000000000000000000 P 200998a474bb42b2a13b5ec292154c78 [LEADER]: Queue going to LEADER mode. State: All replicated index: 0, Majority replicated index: 0, Committed index: 0, Last appended: 0.0, Last appended by leader: 0, Current term: 1, Majority size: 2, State: 0, Mode: LEADER, active raft config: opid_index: -1 OBSOLETE_local: false peers { permanent_uuid: "a9903afeb95a4ed8b8110650f809f965" member_type: VOTER last_known_addr { host: "127.18.222.62" port: 44223 } } peers { permanent_uuid: "200998a474bb42b2a13b5ec292154c78" member_type: VOTER last_known_addr { host: "127.18.222.61" port: 43611 } } peers { permanent_uuid: "db6ca21578fe4f5a86e7d466226a447a" member_type: VOTER last_known_addr { host: "127.18.222.60" port: 39395 } }
I0918 20:38:11.501605 19514 sys_catalog.cc:340] T 00000000000000000000000000000000 P 200998a474bb42b2a13b5ec292154c78 [sys.catalog]: SysCatalogTable state changed. Reason: New leader 200998a474bb42b2a13b5ec292154c78. Latest consensus state: current_term: 1 leader_uuid: "200998a474bb42b2a13b5ec292154c78" committed_config { opid_index: -1 OBSOLETE_local: false peers { permanent_uuid: "a9903afeb95a4ed8b8110650f809f965" member_type: VOTER last_known_addr { host: "127.18.222.62" port: 44223 } } peers { permanent_uuid: "200998a474bb42b2a13b5ec292154c78" member_type: VOTER last_known_addr { host: "127.18.222.61" port: 43611 } } peers { permanent_uuid: "db6ca21578fe4f5a86e7d466226a447a" member_type: VOTER last_known_addr { host: "127.18.222.60" port: 39395 } } }
I0918 20:38:11.502562 19514 sys_catalog.cc:343] T 00000000000000000000000000000000 P 200998a474bb42b2a13b5ec292154c78 [sys.catalog]: This master's current role is: LEADER
I0918 20:38:11.509137 19516 catalog_manager.cc:1086] Loading table and tablet metadata into memory...
I0918 20:38:11.514138 19516 catalog_manager.cc:1097] Initializing Kudu internal certificate authority...
I0918 20:38:11.549770 19320 ts_tablet_manager.cc:383] Loaded tablet metadata (0 total tablets, 0 live tablets)
I0918 20:38:11.550163 19320 ts_tablet_manager.cc:403] Registered 0 tablets
I0918 20:38:11.552562 19472 raft_consensus.cc:1184] T 00000000000000000000000000000000 P db6ca21578fe4f5a86e7d466226a447a [term 1 FOLLOWER]: Refusing update from remote peer 200998a474bb42b2a13b5ec292154c78: Log matching property violated. Preceding OpId in replica: term: 0 index: 0. Preceding OpId from leader: term: 1 index: 2. (index mismatch)
I0918 20:38:11.553503 19358 raft_consensus.cc:1184] T 00000000000000000000000000000000 P a9903afeb95a4ed8b8110650f809f965 [term 1 FOLLOWER]: Refusing update from remote peer 200998a474bb42b2a13b5ec292154c78: Log matching property violated. Preceding OpId in replica: term: 0 index: 0. Preceding OpId from leader: term: 1 index: 2. (index mismatch)
I0918 20:38:11.554976 19514 consensus_queue.cc:984] T 00000000000000000000000000000000 P 200998a474bb42b2a13b5ec292154c78 [LEADER]: Connected to new peer: Peer: permanent_uuid: "db6ca21578fe4f5a86e7d466226a447a" member_type: VOTER last_known_addr { host: "127.18.222.60" port: 39395 }, Status: LMP_MISMATCH, Last received: 0.0, Next index: 1, Last known committed idx: 0, Time since last communication: 0.001s
I0918 20:38:11.555891 19499 consensus_queue.cc:984] T 00000000000000000000000000000000 P 200998a474bb42b2a13b5ec292154c78 [LEADER]: Connected to new peer: Peer: permanent_uuid: "a9903afeb95a4ed8b8110650f809f965" member_type: VOTER last_known_addr { host: "127.18.222.62" port: 44223 }, Status: LMP_MISMATCH, Last received: 0.0, Next index: 1, Last known committed idx: 0, Time since last communication: 0.000s
I0918 20:38:11.567780 19506 sys_catalog.cc:340] T 00000000000000000000000000000000 P a9903afeb95a4ed8b8110650f809f965 [sys.catalog]: SysCatalogTable state changed. Reason: New leader 200998a474bb42b2a13b5ec292154c78. Latest consensus state: current_term: 1 leader_uuid: "200998a474bb42b2a13b5ec292154c78" committed_config { opid_index: -1 OBSOLETE_local: false peers { permanent_uuid: "a9903afeb95a4ed8b8110650f809f965" member_type: VOTER last_known_addr { host: "127.18.222.62" port: 44223 } } peers { permanent_uuid: "200998a474bb42b2a13b5ec292154c78" member_type: VOTER last_known_addr { host: "127.18.222.61" port: 43611 } } peers { permanent_uuid: "db6ca21578fe4f5a86e7d466226a447a" member_type: VOTER last_known_addr { host: "127.18.222.60" port: 39395 } } }
I0918 20:38:11.568642 19506 sys_catalog.cc:343] T 00000000000000000000000000000000 P a9903afeb95a4ed8b8110650f809f965 [sys.catalog]: This master's current role is: FOLLOWER
I0918 20:38:11.572199 19503 sys_catalog.cc:340] T 00000000000000000000000000000000 P db6ca21578fe4f5a86e7d466226a447a [sys.catalog]: SysCatalogTable state changed. Reason: New leader 200998a474bb42b2a13b5ec292154c78. Latest consensus state: current_term: 1 leader_uuid: "200998a474bb42b2a13b5ec292154c78" committed_config { opid_index: -1 OBSOLETE_local: false peers { permanent_uuid: "a9903afeb95a4ed8b8110650f809f965" member_type: VOTER last_known_addr { host: "127.18.222.62" port: 44223 } } peers { permanent_uuid: "200998a474bb42b2a13b5ec292154c78" member_type: VOTER last_known_addr { host: "127.18.222.61" port: 43611 } } peers { permanent_uuid: "db6ca21578fe4f5a86e7d466226a447a" member_type: VOTER last_known_addr { host: "127.18.222.60" port: 39395 } } }
I0918 20:38:11.573091 19503 sys_catalog.cc:343] T 00000000000000000000000000000000 P db6ca21578fe4f5a86e7d466226a447a [sys.catalog]: This master's current role is: FOLLOWER
I0918 20:38:11.575709 19520 mvcc.cc:203] Tried to move safe_time back from 6425964918978719744 to 6425964918764036096. Current Snapshot: MvccSnapshot[committed={T|T < 6425964918978719744}]
I0918 20:38:11.584007 19514 sys_catalog.cc:340] T 00000000000000000000000000000000 P 200998a474bb42b2a13b5ec292154c78 [sys.catalog]: SysCatalogTable state changed. Reason: Peer health change. Latest consensus state: current_term: 1 leader_uuid: "200998a474bb42b2a13b5ec292154c78" committed_config { opid_index: -1 OBSOLETE_local: false peers { permanent_uuid: "a9903afeb95a4ed8b8110650f809f965" member_type: VOTER last_known_addr { host: "127.18.222.62" port: 44223 } } peers { permanent_uuid: "200998a474bb42b2a13b5ec292154c78" member_type: VOTER last_known_addr { host: "127.18.222.61" port: 43611 } } peers { permanent_uuid: "db6ca21578fe4f5a86e7d466226a447a" member_type: VOTER last_known_addr { host: "127.18.222.60" port: 39395 } } }
I0918 20:38:11.585392 19514 sys_catalog.cc:343] T 00000000000000000000000000000000 P 200998a474bb42b2a13b5ec292154c78 [sys.catalog]: This master's current role is: LEADER
I0918 20:38:11.587779 19516 catalog_manager.cc:981] Generated new certificate authority record
I0918 20:38:11.591169 19514 sys_catalog.cc:340] T 00000000000000000000000000000000 P 200998a474bb42b2a13b5ec292154c78 [sys.catalog]: SysCatalogTable state changed. Reason: Peer health change. Latest consensus state: current_term: 1 leader_uuid: "200998a474bb42b2a13b5ec292154c78" committed_config { opid_index: -1 OBSOLETE_local: false peers { permanent_uuid: "a9903afeb95a4ed8b8110650f809f965" member_type: VOTER last_known_addr { host: "127.18.222.62" port: 44223 } } peers { permanent_uuid: "200998a474bb42b2a13b5ec292154c78" member_type: VOTER last_known_addr { host: "127.18.222.61" port: 43611 } } peers { permanent_uuid: "db6ca21578fe4f5a86e7d466226a447a" member_type: VOTER last_known_addr { host: "127.18.222.60" port: 39395 } } }
I0918 20:38:11.593078 19514 sys_catalog.cc:343] T 00000000000000000000000000000000 P 200998a474bb42b2a13b5ec292154c78 [sys.catalog]: This master's current role is: LEADER
I0918 20:38:11.598392 19516 catalog_manager.cc:1106] Loading token signing keys...
I0918 20:38:11.602579 19506 sys_catalog.cc:340] T 00000000000000000000000000000000 P a9903afeb95a4ed8b8110650f809f965 [sys.catalog]: SysCatalogTable state changed. Reason: Replicated consensus-only round. Latest consensus state: current_term: 1 leader_uuid: "200998a474bb42b2a13b5ec292154c78" committed_config { opid_index: -1 OBSOLETE_local: false peers { permanent_uuid: "a9903afeb95a4ed8b8110650f809f965" member_type: VOTER last_known_addr { host: "127.18.222.62" port: 44223 } } peers { permanent_uuid: "200998a474bb42b2a13b5ec292154c78" member_type: VOTER last_known_addr { host: "127.18.222.61" port: 43611 } } peers { permanent_uuid: "db6ca21578fe4f5a86e7d466226a447a" member_type: VOTER last_known_addr { host: "127.18.222.60" port: 39395 } } }
I0918 20:38:11.603394 19506 sys_catalog.cc:343] T 00000000000000000000000000000000 P a9903afeb95a4ed8b8110650f809f965 [sys.catalog]: This master's current role is: FOLLOWER
I0918 20:38:11.612347 19503 sys_catalog.cc:340] T 00000000000000000000000000000000 P db6ca21578fe4f5a86e7d466226a447a [sys.catalog]: SysCatalogTable state changed. Reason: Replicated consensus-only round. Latest consensus state: current_term: 1 leader_uuid: "200998a474bb42b2a13b5ec292154c78" committed_config { opid_index: -1 OBSOLETE_local: false peers { permanent_uuid: "a9903afeb95a4ed8b8110650f809f965" member_type: VOTER last_known_addr { host: "127.18.222.62" port: 44223 } } peers { permanent_uuid: "200998a474bb42b2a13b5ec292154c78" member_type: VOTER last_known_addr { host: "127.18.222.61" port: 43611 } } peers { permanent_uuid: "db6ca21578fe4f5a86e7d466226a447a" member_type: VOTER last_known_addr { host: "127.18.222.60" port: 39395 } } }
I0918 20:38:11.613342 19503 sys_catalog.cc:343] T 00000000000000000000000000000000 P db6ca21578fe4f5a86e7d466226a447a [sys.catalog]: This master's current role is: FOLLOWER
I0918 20:38:11.627826 19516 catalog_manager.cc:4446] T 00000000000000000000000000000000 P 200998a474bb42b2a13b5ec292154c78: Generated new TSK 0
I0918 20:38:11.636095 19516 catalog_manager.cc:1116] Initializing in-progress tserver states...
I0918 20:38:11.736182 19320 rpc_server.cc:205] RPC server started. Bound to: 127.18.222.1:33889
I0918 20:38:11.738828 19320 webserver.cc:374] Webserver started at http://127.18.222.1:38605/ using document root and password file
I0918 20:38:11.775967 19585 heartbeater.cc:322] Connected to a master server at 127.18.222.61:43611
I0918 20:38:11.776413 19585 heartbeater.cc:406] Registering TS with master...
I0918 20:38:11.777390 19585 heartbeater.cc:455] Master 127.18.222.61:43611 requested a full tablet report, sending...
I0918 20:38:11.782140 19405 ts_manager.cc:186] Registered new tserver with Master: 37f57f2c32fe437fa6df8bf99c0a7610 (127.18.222.1:33889)
I0918 20:38:11.785732 19405 master_service.cc:276] Signed X509 certificate for tserver {username='slave'} at 127.0.0.1:42534
I0918 20:38:11.790422 19584 heartbeater.cc:322] Connected to a master server at 127.18.222.60:39395
I0918 20:38:11.790848 19584 heartbeater.cc:406] Registering TS with master...
I0918 20:38:11.791358 19584 heartbeater.cc:455] Master 127.18.222.60:39395 requested a full tablet report, sending...
I0918 20:38:11.793129 19320 system_ntp.cc:193] NTP initialized. Skew: 500ppm Current error: 123092us
I0918 20:38:11.793473 19320 fs_manager.cc:263] Metadata directory not provided
I0918 20:38:11.793617 19320 fs_manager.cc:269] Using write-ahead log directory (fs_wal_dir) as metadata directory
I0918 20:38:11.793814 19320 server_base.cc:452] Could not load existing FS layout: Not found: could not find a healthy instance file
I0918 20:38:11.793922 19320 server_base.cc:453] Attempting to create new FS layout instead
I0918 20:38:11.794653 19462 ts_manager.cc:186] Registered new tserver with Master: 37f57f2c32fe437fa6df8bf99c0a7610 (127.18.222.1:33889)
