I0918 20:39:01.614758 24036 raft_consensus.cc:340] T 40fb273a8bdf44438c2a534ad4d6850d P 40e0e72158aa4ae6906b1da3389a0579 [term 0 FOLLOWER]: Replica starting. Triggering 0 pending transactions. Active config: opid_index: -1 OBSOLETE_local: false peers { permanent_uuid: "0b23c65819784c9d8689114664470d10" member_type: VOTER last_known_addr { host: "127.18.222.1" port: 43635 } } peers { permanent_uuid: "37fb4dcf66be4d2298262038652468bd" member_type: VOTER last_known_addr { host: "127.18.222.2" port: 37641 } } peers { permanent_uuid: "40e0e72158aa4ae6906b1da3389a0579" member_type: VOTER last_known_addr { host: "127.18.222.3" port: 34833 } }
I0918 20:39:01.629312 24036 raft_consensus.cc:366] T 40fb273a8bdf44438c2a534ad4d6850d P 40e0e72158aa4ae6906b1da3389a0579 [term 0 FOLLOWER]: Consensus starting up: Expiring failure detector timer to make a prompt election more likely
I0918 20:39:01.629593 24036 raft_consensus.cc:705] T 40fb273a8bdf44438c2a534ad4d6850d P 40e0e72158aa4ae6906b1da3389a0579 [term 0 FOLLOWER]: Becoming Follower/Learner. State: Replica: 40e0e72158aa4ae6906b1da3389a0579, State: Initialized, Role: FOLLOWER
I0918 20:39:01.630318 24036 consensus_queue.cc:229] T 40fb273a8bdf44438c2a534ad4d6850d P 40e0e72158aa4ae6906b1da3389a0579 [NON_LEADER]: Queue going to NON_LEADER mode. State: All replicated index: 0, Majority replicated index: 0, Committed index: 0, Last appended: 0.0, Last appended by leader: 0, Current term: 0, Majority size: -1, State: 0, Mode: NON_LEADER, active raft config: opid_index: -1 OBSOLETE_local: false peers { permanent_uuid: "0b23c65819784c9d8689114664470d10" member_type: VOTER last_known_addr { host: "127.18.222.1" port: 43635 } } peers { permanent_uuid: "37fb4dcf66be4d2298262038652468bd" member_type: VOTER last_known_addr { host: "127.18.222.2" port: 37641 } } peers { permanent_uuid: "40e0e72158aa4ae6906b1da3389a0579" member_type: VOTER last_known_addr { host: "127.18.222.3" port: 34833 } }
I0918 20:39:01.631533 24037 consensus_queue.cc:229] T 7a31e43eee9d4163a2f54129b325e20d P 37fb4dcf66be4d2298262038652468bd [NON_LEADER]: Queue going to NON_LEADER mode. State: All replicated index: 0, Majority replicated index: 0, Committed index: 0, Last appended: 0.0, Last appended by leader: 0, Current term: 0, Majority size: -1, State: 0, Mode: NON_LEADER, active raft config: opid_index: -1 OBSOLETE_local: false peers { permanent_uuid: "0b23c65819784c9d8689114664470d10" member_type: VOTER last_known_addr { host: "127.18.222.1" port: 43635 } } peers { permanent_uuid: "37fb4dcf66be4d2298262038652468bd" member_type: VOTER last_known_addr { host: "127.18.222.2" port: 37641 } } peers { permanent_uuid: "40e0e72158aa4ae6906b1da3389a0579" member_type: VOTER last_known_addr { host: "127.18.222.3" port: 34833 } }
I0918 20:39:01.635459 24037 ts_tablet_manager.cc:1113] T 7a31e43eee9d4163a2f54129b325e20d P 37fb4dcf66be4d2298262038652468bd: Time spent starting tablet: real 0.035s user 0.005s sys 0.000s
I0918 20:39:01.642238 24037 tablet_bootstrap.cc:439] T 40fb273a8bdf44438c2a534ad4d6850d P 37fb4dcf66be4d2298262038652468bd: Bootstrap starting.
I0918 20:39:01.646440 24036 ts_tablet_manager.cc:1113] T 40fb273a8bdf44438c2a534ad4d6850d P 40e0e72158aa4ae6906b1da3389a0579: Time spent starting tablet: real 0.041s user 0.003s sys 0.002s
I0918 20:39:01.652945 24036 tablet_bootstrap.cc:439] T 237b2f5024fe4dd2b0741079640cc8fa P 40e0e72158aa4ae6906b1da3389a0579: Bootstrap starting.
I0918 20:39:01.656524 24036 tablet_bootstrap.cc:590] T 237b2f5024fe4dd2b0741079640cc8fa P 40e0e72158aa4ae6906b1da3389a0579: No blocks or log segments found. Creating new log.
I0918 20:39:01.660630 24037 tablet_bootstrap.cc:590] T 40fb273a8bdf44438c2a534ad4d6850d P 37fb4dcf66be4d2298262038652468bd: No blocks or log segments found. Creating new log.
I0918 20:39:01.669765 24036 tablet_bootstrap.cc:439] T 237b2f5024fe4dd2b0741079640cc8fa P 40e0e72158aa4ae6906b1da3389a0579: No bootstrap required, opened a new log
I0918 20:39:01.670300 24036 ts_tablet_manager.cc:1085] T 237b2f5024fe4dd2b0741079640cc8fa P 40e0e72158aa4ae6906b1da3389a0579: Time spent bootstrapping tablet: real 0.018s user 0.005s sys 0.009s
I0918 20:39:01.677975 24036 raft_consensus.cc:340] T 237b2f5024fe4dd2b0741079640cc8fa P 40e0e72158aa4ae6906b1da3389a0579 [term 0 FOLLOWER]: Replica starting. Triggering 0 pending transactions. Active config: opid_index: -1 OBSOLETE_local: false peers { permanent_uuid: "0b23c65819784c9d8689114664470d10" member_type: VOTER last_known_addr { host: "127.18.222.1" port: 43635 } } peers { permanent_uuid: "37fb4dcf66be4d2298262038652468bd" member_type: VOTER last_known_addr { host: "127.18.222.2" port: 37641 } } peers { permanent_uuid: "40e0e72158aa4ae6906b1da3389a0579" member_type: VOTER last_known_addr { host: "127.18.222.3" port: 34833 } }
I0918 20:39:01.678759 24036 raft_consensus.cc:366] T 237b2f5024fe4dd2b0741079640cc8fa P 40e0e72158aa4ae6906b1da3389a0579 [term 0 FOLLOWER]: Consensus starting up: Expiring failure detector timer to make a prompt election more likely
I0918 20:39:01.678988 24036 raft_consensus.cc:705] T 237b2f5024fe4dd2b0741079640cc8fa P 40e0e72158aa4ae6906b1da3389a0579 [term 0 FOLLOWER]: Becoming Follower/Learner. State: Replica: 40e0e72158aa4ae6906b1da3389a0579, State: Initialized, Role: FOLLOWER
I0918 20:39:01.679602 24036 consensus_queue.cc:229] T 237b2f5024fe4dd2b0741079640cc8fa P 40e0e72158aa4ae6906b1da3389a0579 [NON_LEADER]: Queue going to NON_LEADER mode. State: All replicated index: 0, Majority replicated index: 0, Committed index: 0, Last appended: 0.0, Last appended by leader: 0, Current term: 0, Majority size: -1, State: 0, Mode: NON_LEADER, active raft config: opid_index: -1 OBSOLETE_local: false peers { permanent_uuid: "0b23c65819784c9d8689114664470d10" member_type: VOTER last_known_addr { host: "127.18.222.1" port: 43635 } } peers { permanent_uuid: "37fb4dcf66be4d2298262038652468bd" member_type: VOTER last_known_addr { host: "127.18.222.2" port: 37641 } } peers { permanent_uuid: "40e0e72158aa4ae6906b1da3389a0579" member_type: VOTER last_known_addr { host: "127.18.222.3" port: 34833 } }
I0918 20:39:01.682096 24037 tablet_bootstrap.cc:439] T 40fb273a8bdf44438c2a534ad4d6850d P 37fb4dcf66be4d2298262038652468bd: No bootstrap required, opened a new log
I0918 20:39:01.682780 24037 ts_tablet_manager.cc:1085] T 40fb273a8bdf44438c2a534ad4d6850d P 37fb4dcf66be4d2298262038652468bd: Time spent bootstrapping tablet: real 0.041s user 0.009s sys 0.004s
I0918 20:39:01.685261 24037 raft_consensus.cc:340] T 40fb273a8bdf44438c2a534ad4d6850d P 37fb4dcf66be4d2298262038652468bd [term 0 FOLLOWER]: Replica starting. Triggering 0 pending transactions. Active config: opid_index: -1 OBSOLETE_local: false peers { permanent_uuid: "0b23c65819784c9d8689114664470d10" member_type: VOTER last_known_addr { host: "127.18.222.1" port: 43635 } } peers { permanent_uuid: "37fb4dcf66be4d2298262038652468bd" member_type: VOTER last_known_addr { host: "127.18.222.2" port: 37641 } } peers { permanent_uuid: "40e0e72158aa4ae6906b1da3389a0579" member_type: VOTER last_known_addr { host: "127.18.222.3" port: 34833 } }
I0918 20:39:01.690989 24037 raft_consensus.cc:366] T 40fb273a8bdf44438c2a534ad4d6850d P 37fb4dcf66be4d2298262038652468bd [term 0 FOLLOWER]: Consensus starting up: Expiring failure detector timer to make a prompt election more likely
I0918 20:39:01.691299 24037 raft_consensus.cc:705] T 40fb273a8bdf44438c2a534ad4d6850d P 37fb4dcf66be4d2298262038652468bd [term 0 FOLLOWER]: Becoming Follower/Learner. State: Replica: 37fb4dcf66be4d2298262038652468bd, State: Initialized, Role: FOLLOWER
I0918 20:39:01.693521 24037 consensus_queue.cc:229] T 40fb273a8bdf44438c2a534ad4d6850d P 37fb4dcf66be4d2298262038652468bd [NON_LEADER]: Queue going to NON_LEADER mode. State: All replicated index: 0, Majority replicated index: 0, Committed index: 0, Last appended: 0.0, Last appended by leader: 0, Current term: 0, Majority size: -1, State: 0, Mode: NON_LEADER, active raft config: opid_index: -1 OBSOLETE_local: false peers { permanent_uuid: "0b23c65819784c9d8689114664470d10" member_type: VOTER last_known_addr { host: "127.18.222.1" port: 43635 } } peers { permanent_uuid: "37fb4dcf66be4d2298262038652468bd" member_type: VOTER last_known_addr { host: "127.18.222.2" port: 37641 } } peers { permanent_uuid: "40e0e72158aa4ae6906b1da3389a0579" member_type: VOTER last_known_addr { host: "127.18.222.3" port: 34833 } }
I0918 20:39:01.697227 24037 ts_tablet_manager.cc:1113] T 40fb273a8bdf44438c2a534ad4d6850d P 37fb4dcf66be4d2298262038652468bd: Time spent starting tablet: real 0.014s user 0.005s sys 0.000s
I0918 20:39:01.698041 24036 ts_tablet_manager.cc:1113] T 237b2f5024fe4dd2b0741079640cc8fa P 40e0e72158aa4ae6906b1da3389a0579: Time spent starting tablet: real 0.027s user 0.003s sys 0.003s
I0918 20:39:01.717967 24038 raft_consensus.cc:472] T 237b2f5024fe4dd2b0741079640cc8fa P 0b23c65819784c9d8689114664470d10 [term 0 FOLLOWER]: Starting pre-election (no leader contacted us within the election timeout)
I0918 20:39:01.718591 24038 raft_consensus.cc:494] T 237b2f5024fe4dd2b0741079640cc8fa P 0b23c65819784c9d8689114664470d10 [term 0 FOLLOWER]: Starting pre-election with config: opid_index: -1 OBSOLETE_local: false peers { permanent_uuid: "0b23c65819784c9d8689114664470d10" member_type: VOTER last_known_addr { host: "127.18.222.1" port: 43635 } } peers { permanent_uuid: "37fb4dcf66be4d2298262038652468bd" member_type: VOTER last_known_addr { host: "127.18.222.2" port: 37641 } } peers { permanent_uuid: "40e0e72158aa4ae6906b1da3389a0579" member_type: VOTER last_known_addr { host: "127.18.222.3" port: 34833 } }
I0918 20:39:01.721599 24038 leader_election.cc:296] T 237b2f5024fe4dd2b0741079640cc8fa P 0b23c65819784c9d8689114664470d10 [CANDIDATE]: Term 1 pre-election: Requested pre-vote from peers 37fb4dcf66be4d2298262038652468bd (127.18.222.2:37641), 40e0e72158aa4ae6906b1da3389a0579 (127.18.222.3:34833)
I0918 20:39:01.747910 24038 raft_consensus.cc:472] T 40fb273a8bdf44438c2a534ad4d6850d P 0b23c65819784c9d8689114664470d10 [term 0 FOLLOWER]: Starting pre-election (no leader contacted us within the election timeout)
I0918 20:39:01.750648 24038 raft_consensus.cc:494] T 40fb273a8bdf44438c2a534ad4d6850d P 0b23c65819784c9d8689114664470d10 [term 0 FOLLOWER]: Starting pre-election with config: opid_index: -1 OBSOLETE_local: false peers { permanent_uuid: "0b23c65819784c9d8689114664470d10" member_type: VOTER last_known_addr { host: "127.18.222.1" port: 43635 } } peers { permanent_uuid: "37fb4dcf66be4d2298262038652468bd" member_type: VOTER last_known_addr { host: "127.18.222.2" port: 37641 } } peers { permanent_uuid: "40e0e72158aa4ae6906b1da3389a0579" member_type: VOTER last_known_addr { host: "127.18.222.3" port: 34833 } }
I0918 20:39:01.754938 24038 leader_election.cc:296] T 40fb273a8bdf44438c2a534ad4d6850d P 0b23c65819784c9d8689114664470d10 [CANDIDATE]: Term 1 pre-election: Requested pre-vote from peers 37fb4dcf66be4d2298262038652468bd (127.18.222.2:37641), 40e0e72158aa4ae6906b1da3389a0579 (127.18.222.3:34833)
I0918 20:39:01.762859 23911 tablet_service.cc:1295] Received RequestConsensusVote() RPC: tablet_id: "237b2f5024fe4dd2b0741079640cc8fa" candidate_uuid: "0b23c65819784c9d8689114664470d10" candidate_term: 1 candidate_status { last_received { term: 0 index: 0 } } ignore_live_leader: false dest_uuid: "37fb4dcf66be4d2298262038652468bd" is_pre_election: true
I0918 20:39:01.764047 23911 raft_consensus.cc:2350] T 237b2f5024fe4dd2b0741079640cc8fa P 37fb4dcf66be4d2298262038652468bd [term 0 FOLLOWER]: Leader pre-election vote request: Granting yes vote for candidate 0b23c65819784c9d8689114664470d10 in term 0.
I0918 20:39:01.763417 23910 tablet_service.cc:1295] Received RequestConsensusVote() RPC: tablet_id: "40fb273a8bdf44438c2a534ad4d6850d" candidate_uuid: "0b23c65819784c9d8689114664470d10" candidate_term: 1 candidate_status { last_received { term: 0 index: 0 } } ignore_live_leader: false dest_uuid: "37fb4dcf66be4d2298262038652468bd" is_pre_election: true
I0918 20:39:01.765619 23910 raft_consensus.cc:2350] T 40fb273a8bdf44438c2a534ad4d6850d P 37fb4dcf66be4d2298262038652468bd [term 0 FOLLOWER]: Leader pre-election vote request: Granting yes vote for candidate 0b23c65819784c9d8689114664470d10 in term 0.
I0918 20:39:01.767372 23789 leader_election.cc:310] T 237b2f5024fe4dd2b0741079640cc8fa P 0b23c65819784c9d8689114664470d10 [CANDIDATE]: Term 1 pre-election: Election decided. Result: candidate won. Election summary: received 2 responses out of 3 voters: 2 yes votes; 0 no votes. yes voters: 0b23c65819784c9d8689114664470d10, 37fb4dcf66be4d2298262038652468bd; no voters:
I0918 20:39:01.768384 24038 raft_consensus.cc:2644] T 237b2f5024fe4dd2b0741079640cc8fa P 0b23c65819784c9d8689114664470d10 [term 0 FOLLOWER]: Leader pre-election won for term 1
I0918 20:39:01.768524 23789 leader_election.cc:310] T 40fb273a8bdf44438c2a534ad4d6850d P 0b23c65819784c9d8689114664470d10 [CANDIDATE]: Term 1 pre-election: Election decided. Result: candidate won. Election summary: received 2 responses out of 3 voters: 2 yes votes; 0 no votes. yes voters: 0b23c65819784c9d8689114664470d10, 37fb4dcf66be4d2298262038652468bd; no voters:
I0918 20:39:01.769493 24038 raft_consensus.cc:472] T 237b2f5024fe4dd2b0741079640cc8fa P 0b23c65819784c9d8689114664470d10 [term 0 FOLLOWER]: Starting leader election (no leader contacted us within the election timeout)
I0918 20:39:01.769834 24038 raft_consensus.cc:2890] T 237b2f5024fe4dd2b0741079640cc8fa P 0b23c65819784c9d8689114664470d10 [term 0 FOLLOWER]: Advancing to term 1
I0918 20:39:01.779875 24038 raft_consensus.cc:494] T 237b2f5024fe4dd2b0741079640cc8fa P 0b23c65819784c9d8689114664470d10 [term 1 FOLLOWER]: Starting leader election with config: opid_index: -1 OBSOLETE_local: false peers { permanent_uuid: "0b23c65819784c9d8689114664470d10" member_type: VOTER last_known_addr { host: "127.18.222.1" port: 43635 } } peers { permanent_uuid: "37fb4dcf66be4d2298262038652468bd" member_type: VOTER last_known_addr { host: "127.18.222.2" port: 37641 } } peers { permanent_uuid: "40e0e72158aa4ae6906b1da3389a0579" member_type: VOTER last_known_addr { host: "127.18.222.3" port: 34833 } }
I0918 20:39:01.781255 24038 leader_election.cc:296] T 237b2f5024fe4dd2b0741079640cc8fa P 0b23c65819784c9d8689114664470d10 [CANDIDATE]: Term 1 election: Requested vote from peers 37fb4dcf66be4d2298262038652468bd (127.18.222.2:37641), 40e0e72158aa4ae6906b1da3389a0579 (127.18.222.3:34833)
I0918 20:39:01.781729 24038 raft_consensus.cc:2644] T 40fb273a8bdf44438c2a534ad4d6850d P 0b23c65819784c9d8689114664470d10 [term 0 FOLLOWER]: Leader pre-election won for term 1
I0918 20:39:01.781958 24038 raft_consensus.cc:472] T 40fb273a8bdf44438c2a534ad4d6850d P 0b23c65819784c9d8689114664470d10 [term 0 FOLLOWER]: Starting leader election (no leader contacted us within the election timeout)
I0918 20:39:01.782196 24038 raft_consensus.cc:2890] T 40fb273a8bdf44438c2a534ad4d6850d P 0b23c65819784c9d8689114664470d10 [term 0 FOLLOWER]: Advancing to term 1
I0918 20:39:01.788601 23910 tablet_service.cc:1295] Received RequestConsensusVote() RPC: tablet_id: "237b2f5024fe4dd2b0741079640cc8fa" candidate_uuid: "0b23c65819784c9d8689114664470d10" candidate_term: 1 candidate_status { last_received { term: 0 index: 0 } } ignore_live_leader: false dest_uuid: "37fb4dcf66be4d2298262038652468bd"
I0918 20:39:01.789362 23910 raft_consensus.cc:2890] T 237b2f5024fe4dd2b0741079640cc8fa P 37fb4dcf66be4d2298262038652468bd [term 0 FOLLOWER]: Advancing to term 1
I0918 20:39:01.789131 24038 raft_consensus.cc:494] T 40fb273a8bdf44438c2a534ad4d6850d P 0b23c65819784c9d8689114664470d10 [term 1 FOLLOWER]: Starting leader election with config: opid_index: -1 OBSOLETE_local: false peers { permanent_uuid: "0b23c65819784c9d8689114664470d10" member_type: VOTER last_known_addr { host: "127.18.222.1" port: 43635 } } peers { permanent_uuid: "37fb4dcf66be4d2298262038652468bd" member_type: VOTER last_known_addr { host: "127.18.222.2" port: 37641 } } peers { permanent_uuid: "40e0e72158aa4ae6906b1da3389a0579" member_type: VOTER last_known_addr { host: "127.18.222.3" port: 34833 } }
I0918 20:39:01.790539 24038 leader_election.cc:296] T 40fb273a8bdf44438c2a534ad4d6850d P 0b23c65819784c9d8689114664470d10 [CANDIDATE]: Term 1 election: Requested vote from peers 37fb4dcf66be4d2298262038652468bd (127.18.222.2:37641), 40e0e72158aa4ae6906b1da3389a0579 (127.18.222.3:34833)
I0918 20:39:01.794111 23910 raft_consensus.cc:2350] T 237b2f5024fe4dd2b0741079640cc8fa P 37fb4dcf66be4d2298262038652468bd [term 1 FOLLOWER]: Leader election vote request: Granting yes vote for candidate 0b23c65819784c9d8689114664470d10 in term 1.
I0918 20:39:01.796833 23982 tablet_service.cc:1295] Received RequestConsensusVote() RPC: tablet_id: "237b2f5024fe4dd2b0741079640cc8fa" candidate_uuid: "0b23c65819784c9d8689114664470d10" candidate_term: 1 candidate_status { last_received { term: 0 index: 0 } } ignore_live_leader: false dest_uuid: "40e0e72158aa4ae6906b1da3389a0579" is_pre_election: true
I0918 20:39:01.797536 23982 raft_consensus.cc:2350] T 237b2f5024fe4dd2b0741079640cc8fa P 40e0e72158aa4ae6906b1da3389a0579 [term 0 FOLLOWER]: Leader pre-election vote request: Granting yes vote for candidate 0b23c65819784c9d8689114664470d10 in term 0.
I0918 20:39:01.804127 23980 tablet_service.cc:1295] Received RequestConsensusVote() RPC: tablet_id: "40fb273a8bdf44438c2a534ad4d6850d" candidate_uuid: "0b23c65819784c9d8689114664470d10" candidate_term: 1 candidate_status { last_received { term: 0 index: 0 } } ignore_live_leader: false dest_uuid: "40e0e72158aa4ae6906b1da3389a0579"
I0918 20:39:01.804705 23980 raft_consensus.cc:2890] T 40fb273a8bdf44438c2a534ad4d6850d P 40e0e72158aa4ae6906b1da3389a0579 [term 0 FOLLOWER]: Advancing to term 1
I0918 20:39:01.805670 23789 leader_election.cc:310] T 237b2f5024fe4dd2b0741079640cc8fa P 0b23c65819784c9d8689114664470d10 [CANDIDATE]: Term 1 election: Election decided. Result: candidate won. Election summary: received 2 responses out of 3 voters: 2 yes votes; 0 no votes. yes voters: 0b23c65819784c9d8689114664470d10, 37fb4dcf66be4d2298262038652468bd; no voters:
I0918 20:39:01.806923 24038 raft_consensus.cc:2644] T 237b2f5024fe4dd2b0741079640cc8fa P 0b23c65819784c9d8689114664470d10 [term 1 FOLLOWER]: Leader election won for term 1
I0918 20:39:01.807390 24038 raft_consensus.cc:667] T 237b2f5024fe4dd2b0741079640cc8fa P 0b23c65819784c9d8689114664470d10 [term 1 LEADER]: Becoming Leader. State: Replica: 0b23c65819784c9d8689114664470d10, State: Running, Role: LEADER
I0918 20:39:01.803458 23981 tablet_service.cc:1295] Received RequestConsensusVote() RPC: tablet_id: "237b2f5024fe4dd2b0741079640cc8fa" candidate_uuid: "0b23c65819784c9d8689114664470d10" candidate_term: 1 candidate_status { last_received { term: 0 index: 0 } } ignore_live_leader: false dest_uuid: "40e0e72158aa4ae6906b1da3389a0579"
I0918 20:39:01.808140 23981 raft_consensus.cc:2890] T 237b2f5024fe4dd2b0741079640cc8fa P 40e0e72158aa4ae6906b1da3389a0579 [term 0 FOLLOWER]: Advancing to term 1
I0918 20:39:01.808051 24038 consensus_queue.cc:206] T 237b2f5024fe4dd2b0741079640cc8fa P 0b23c65819784c9d8689114664470d10 [LEADER]: Queue going to LEADER mode. State: All replicated index: 0, Majority replicated index: 0, Committed index: 0, Last appended: 0.0, Last appended by leader: 0, Current term: 1, Majority size: 2, State: 0, Mode: LEADER, active raft config: opid_index: -1 OBSOLETE_local: false peers { permanent_uuid: "0b23c65819784c9d8689114664470d10" member_type: VOTER last_known_addr { host: "127.18.222.1" port: 43635 } } peers { permanent_uuid: "37fb4dcf66be4d2298262038652468bd" member_type: VOTER last_known_addr { host: "127.18.222.2" port: 37641 } } peers { permanent_uuid: "40e0e72158aa4ae6906b1da3389a0579" member_type: VOTER last_known_addr { host: "127.18.222.3" port: 34833 } }
I0918 20:39:01.809250 23982 tablet_service.cc:1295] Received RequestConsensusVote() RPC: tablet_id: "40fb273a8bdf44438c2a534ad4d6850d" candidate_uuid: "0b23c65819784c9d8689114664470d10" candidate_term: 1 candidate_status { last_received { term: 0 index: 0 } } ignore_live_leader: false dest_uuid: "40e0e72158aa4ae6906b1da3389a0579" is_pre_election: true
I0918 20:39:01.810760 23910 tablet_service.cc:1295] Received RequestConsensusVote() RPC: tablet_id: "40fb273a8bdf44438c2a534ad4d6850d" candidate_uuid: "0b23c65819784c9d8689114664470d10" candidate_term: 1 candidate_status { last_received { term: 0 index: 0 } } ignore_live_leader: false dest_uuid: "37fb4dcf66be4d2298262038652468bd"
I0918 20:39:01.811393 23910 raft_consensus.cc:2890] T 40fb273a8bdf44438c2a534ad4d6850d P 37fb4dcf66be4d2298262038652468bd [term 0 FOLLOWER]: Advancing to term 1
I0918 20:39:01.817570 23980 raft_consensus.cc:2350] T 40fb273a8bdf44438c2a534ad4d6850d P 40e0e72158aa4ae6906b1da3389a0579 [term 1 FOLLOWER]: Leader election vote request: Granting yes vote for candidate 0b23c65819784c9d8689114664470d10 in term 1.
I0918 20:39:01.818264 23982 raft_consensus.cc:2325] T 40fb273a8bdf44438c2a534ad4d6850d P 40e0e72158aa4ae6906b1da3389a0579 [term 1 FOLLOWER]: Leader pre-election vote request: Denying vote to candidate 0b23c65819784c9d8689114664470d10 for term 1 because replica is already servicing an update from a current leader or another vote.
I0918 20:39:01.822737 23981 raft_consensus.cc:2350] T 237b2f5024fe4dd2b0741079640cc8fa P 40e0e72158aa4ae6906b1da3389a0579 [term 1 FOLLOWER]: Leader election vote request: Granting yes vote for candidate 0b23c65819784c9d8689114664470d10 in term 1.
I0918 20:39:01.823372 23910 raft_consensus.cc:2350] T 40fb273a8bdf44438c2a534ad4d6850d P 37fb4dcf66be4d2298262038652468bd [term 1 FOLLOWER]: Leader election vote request: Granting yes vote for candidate 0b23c65819784c9d8689114664470d10 in term 1.
I0918 20:39:01.824993 23789 leader_election.cc:310] T 40fb273a8bdf44438c2a534ad4d6850d P 0b23c65819784c9d8689114664470d10 [CANDIDATE]: Term 1 election: Election decided. Result: candidate won. Election summary: received 2 responses out of 3 voters: 2 yes votes; 0 no votes. yes voters: 0b23c65819784c9d8689114664470d10, 37fb4dcf66be4d2298262038652468bd; no voters:
I0918 20:39:01.825999 24051 raft_consensus.cc:2644] T 40fb273a8bdf44438c2a534ad4d6850d P 0b23c65819784c9d8689114664470d10 [term 1 FOLLOWER]: Leader election won for term 1
I0918 20:39:01.827900 24051 raft_consensus.cc:667] T 40fb273a8bdf44438c2a534ad4d6850d P 0b23c65819784c9d8689114664470d10 [term 1 LEADER]: Becoming Leader. State: Replica: 0b23c65819784c9d8689114664470d10, State: Running, Role: LEADER
I0918 20:39:01.828734 24051 consensus_queue.cc:206] T 40fb273a8bdf44438c2a534ad4d6850d P 0b23c65819784c9d8689114664470d10 [LEADER]: Queue going to LEADER mode. State: All replicated index: 0, Majority replicated index: 0, Committed index: 0, Last appended: 0.0, Last appended by leader: 0, Current term: 1, Majority size: 2, State: 0, Mode: LEADER, active raft config: opid_index: -1 OBSOLETE_local: false peers { permanent_uuid: "0b23c65819784c9d8689114664470d10" member_type: VOTER last_known_addr { host: "127.18.222.1" port: 43635 } } peers { permanent_uuid: "37fb4dcf66be4d2298262038652468bd" member_type: VOTER last_known_addr { host: "127.18.222.2" port: 37641 } } peers { permanent_uuid: "40e0e72158aa4ae6906b1da3389a0579" member_type: VOTER last_known_addr { host: "127.18.222.3" port: 34833 } }
I0918 20:39:01.840075 23682 catalog_manager.cc:4131] T 237b2f5024fe4dd2b0741079640cc8fa P 0b23c65819784c9d8689114664470d10 reported cstate change: term changed from 0 to 1, leader changed from to 0b23c65819784c9d8689114664470d10 (127.18.222.1). New cstate: current_term: 1 leader_uuid: "0b23c65819784c9d8689114664470d10" committed_config { opid_index: -1 OBSOLETE_local: false peers { permanent_uuid: "0b23c65819784c9d8689114664470d10" member_type: VOTER last_known_addr { host: "127.18.222.1" port: 43635 } health_report { overall_health: HEALTHY } } peers { permanent_uuid: "37fb4dcf66be4d2298262038652468bd" member_type: VOTER last_known_addr { host: "127.18.222.2" port: 37641 } health_report { overall_health: UNKNOWN } } peers { permanent_uuid: "40e0e72158aa4ae6906b1da3389a0579" member_type: VOTER last_known_addr { host: "127.18.222.3" port: 34833 } health_report { overall_health: UNKNOWN } } }
I0918 20:39:01.877054 23680 catalog_manager.cc:4131] T 40fb273a8bdf44438c2a534ad4d6850d P 0b23c65819784c9d8689114664470d10 reported cstate change: term changed from 0 to 1, leader changed from to 0b23c65819784c9d8689114664470d10 (127.18.222.1). New cstate: current_term: 1 leader_uuid: "0b23c65819784c9d8689114664470d10" committed_config { opid_index: -1 OBSOLETE_local: false peers { permanent_uuid: "0b23c65819784c9d8689114664470d10" member_type: VOTER last_known_addr { host: "127.18.222.1" port: 43635 } health_report { overall_health: HEALTHY } } peers { permanent_uuid: "37fb4dcf66be4d2298262038652468bd" member_type: VOTER last_known_addr { host: "127.18.222.2" port: 37641 } health_report { overall_health: UNKNOWN } } peers { permanent_uuid: "40e0e72158aa4ae6906b1da3389a0579" member_type: VOTER last_known_addr { host: "127.18.222.3" port: 34833 } health_report { overall_health: UNKNOWN } } }
I0918 20:39:01.938084 24051 raft_consensus.cc:472] T 7a31e43eee9d4163a2f54129b325e20d P 0b23c65819784c9d8689114664470d10 [term 0 FOLLOWER]: Starting pre-election (no leader contacted us within the election timeout)
I0918 20:39:01.938534 24051 raft_consensus.cc:494] T 7a31e43eee9d4163a2f54129b325e20d P 0b23c65819784c9d8689114664470d10 [term 0 FOLLOWER]: Starting pre-election with config: opid_index: -1 OBSOLETE_local: false peers { permanent_uuid: "0b23c65819784c9d8689114664470d10" member_type: VOTER last_known_addr { host: "127.18.222.1" port: 43635 } } peers { permanent_uuid: "37fb4dcf66be4d2298262038652468bd" member_type: VOTER last_known_addr { host: "127.18.222.2" port: 37641 } } peers { permanent_uuid: "40e0e72158aa4ae6906b1da3389a0579" member_type: VOTER last_known_addr { host: "127.18.222.3" port: 34833 } }
I0918 20:39:01.939915 24051 leader_election.cc:296] T 7a31e43eee9d4163a2f54129b325e20d P 0b23c65819784c9d8689114664470d10 [CANDIDATE]: Term 1 pre-election: Requested pre-vote from peers 37fb4dcf66be4d2298262038652468bd (127.18.222.2:37641), 40e0e72158aa4ae6906b1da3389a0579 (127.18.222.3:34833)
I0918 20:39:01.940773 23910 tablet_service.cc:1295] Received RequestConsensusVote() RPC: tablet_id: "7a31e43eee9d4163a2f54129b325e20d" candidate_uuid: "0b23c65819784c9d8689114664470d10" candidate_term: 1 candidate_status { last_received { term: 0 index: 0 } } ignore_live_leader: false dest_uuid: "37fb4dcf66be4d2298262038652468bd" is_pre_election: true
I0918 20:39:01.941018 23981 tablet_service.cc:1295] Received RequestConsensusVote() RPC: tablet_id: "7a31e43eee9d4163a2f54129b325e20d" candidate_uuid: "0b23c65819784c9d8689114664470d10" candidate_term: 1 candidate_status { last_received { term: 0 index: 0 } } ignore_live_leader: false dest_uuid: "40e0e72158aa4ae6906b1da3389a0579" is_pre_election: true
I0918 20:39:01.941505 23910 raft_consensus.cc:2350] T 7a31e43eee9d4163a2f54129b325e20d P 37fb4dcf66be4d2298262038652468bd [term 0 FOLLOWER]: Leader pre-election vote request: Granting yes vote for candidate 0b23c65819784c9d8689114664470d10 in term 0.
I0918 20:39:01.941690 23981 raft_consensus.cc:2350] T 7a31e43eee9d4163a2f54129b325e20d P 40e0e72158aa4ae6906b1da3389a0579 [term 0 FOLLOWER]: Leader pre-election vote request: Granting yes vote for candidate 0b23c65819784c9d8689114664470d10 in term 0.
I0918 20:39:01.942692 23789 leader_election.cc:310] T 7a31e43eee9d4163a2f54129b325e20d P 0b23c65819784c9d8689114664470d10 [CANDIDATE]: Term 1 pre-election: Election decided. Result: candidate won. Election summary: received 2 responses out of 3 voters: 2 yes votes; 0 no votes. yes voters: 0b23c65819784c9d8689114664470d10, 37fb4dcf66be4d2298262038652468bd; no voters:
I0918 20:39:01.943526 24051 raft_consensus.cc:2644] T 7a31e43eee9d4163a2f54129b325e20d P 0b23c65819784c9d8689114664470d10 [term 0 FOLLOWER]: Leader pre-election won for term 1
I0918 20:39:01.943914 24051 raft_consensus.cc:472] T 7a31e43eee9d4163a2f54129b325e20d P 0b23c65819784c9d8689114664470d10 [term 0 FOLLOWER]: Starting leader election (no leader contacted us within the election timeout)
I0918 20:39:01.944221 24051 raft_consensus.cc:2890] T 7a31e43eee9d4163a2f54129b325e20d P 0b23c65819784c9d8689114664470d10 [term 0 FOLLOWER]: Advancing to term 1
I0918 20:39:01.953446 24051 raft_consensus.cc:494] T 7a31e43eee9d4163a2f54129b325e20d P 0b23c65819784c9d8689114664470d10 [term 1 FOLLOWER]: Starting leader election with config: opid_index: -1 OBSOLETE_local: false peers { permanent_uuid: "0b23c65819784c9d8689114664470d10" member_type: VOTER last_known_addr { host: "127.18.222.1" port: 43635 } } peers { permanent_uuid: "37fb4dcf66be4d2298262038652468bd" member_type: VOTER last_known_addr { host: "127.18.222.2" port: 37641 } } peers { permanent_uuid: "40e0e72158aa4ae6906b1da3389a0579" member_type: VOTER last_known_addr { host: "127.18.222.3" port: 34833 } }
I0918 20:39:01.955003 24051 leader_election.cc:296] T 7a31e43eee9d4163a2f54129b325e20d P 0b23c65819784c9d8689114664470d10 [CANDIDATE]: Term 1 election: Requested vote from peers 37fb4dcf66be4d2298262038652468bd (127.18.222.2:37641), 40e0e72158aa4ae6906b1da3389a0579 (127.18.222.3:34833)
I0918 20:39:01.956109 23981 tablet_service.cc:1295] Received RequestConsensusVote() RPC: tablet_id: "7a31e43eee9d4163a2f54129b325e20d" candidate_uuid: "0b23c65819784c9d8689114664470d10" candidate_term: 1 candidate_status { last_received { term: 0 index: 0 } } ignore_live_leader: false dest_uuid: "40e0e72158aa4ae6906b1da3389a0579"
I0918 20:39:01.956109 23910 tablet_service.cc:1295] Received RequestConsensusVote() RPC: tablet_id: "7a31e43eee9d4163a2f54129b325e20d" candidate_uuid: "0b23c65819784c9d8689114664470d10" candidate_term: 1 candidate_status { last_received { term: 0 index: 0 } } ignore_live_leader: false dest_uuid: "37fb4dcf66be4d2298262038652468bd"
I0918 20:39:01.956938 23981 raft_consensus.cc:2890] T 7a31e43eee9d4163a2f54129b325e20d P 40e0e72158aa4ae6906b1da3389a0579 [term 0 FOLLOWER]: Advancing to term 1
I0918 20:39:01.957058 23910 raft_consensus.cc:2890] T 7a31e43eee9d4163a2f54129b325e20d P 37fb4dcf66be4d2298262038652468bd [term 0 FOLLOWER]: Advancing to term 1
I0918 20:39:01.962994 23981 raft_consensus.cc:2350] T 7a31e43eee9d4163a2f54129b325e20d P 40e0e72158aa4ae6906b1da3389a0579 [term 1 FOLLOWER]: Leader election vote request: Granting yes vote for candidate 0b23c65819784c9d8689114664470d10 in term 1.
I0918 20:39:01.965919 23789 leader_election.cc:310] T 7a31e43eee9d4163a2f54129b325e20d P 0b23c65819784c9d8689114664470d10 [CANDIDATE]: Term 1 election: Election decided. Result: candidate won. Election summary: received 2 responses out of 3 voters: 2 yes votes; 0 no votes. yes voters: 0b23c65819784c9d8689114664470d10, 40e0e72158aa4ae6906b1da3389a0579; no voters:
I0918 20:39:01.966884 24051 raft_consensus.cc:2644] T 7a31e43eee9d4163a2f54129b325e20d P 0b23c65819784c9d8689114664470d10 [term 1 FOLLOWER]: Leader election won for term 1
I0918 20:39:01.967782 24051 raft_consensus.cc:667] T 7a31e43eee9d4163a2f54129b325e20d P 0b23c65819784c9d8689114664470d10 [term 1 LEADER]: Becoming Leader. State: Replica: 0b23c65819784c9d8689114664470d10, State: Running, Role: LEADER
I0918 20:39:01.967478 23910 raft_consensus.cc:2350] T 7a31e43eee9d4163a2f54129b325e20d P 37fb4dcf66be4d2298262038652468bd [term 1 FOLLOWER]: Leader election vote request: Granting yes vote for candidate 0b23c65819784c9d8689114664470d10 in term 1.
I0918 20:39:01.968668 24051 consensus_queue.cc:206] T 7a31e43eee9d4163a2f54129b325e20d P 0b23c65819784c9d8689114664470d10 [LEADER]: Queue going to LEADER mode. State: All replicated index: 0, Majority replicated index: 0, Committed index: 0, Last appended: 0.0, Last appended by leader: 0, Current term: 1, Majority size: 2, State: 0, Mode: LEADER, active raft config: opid_index: -1 OBSOLETE_local: false peers { permanent_uuid: "0b23c65819784c9d8689114664470d10" member_type: VOTER last_known_addr { host: "127.18.222.1" port: 43635 } } peers { permanent_uuid: "37fb4dcf66be4d2298262038652468bd" member_type: VOTER last_known_addr { host: "127.18.222.2" port: 37641 } } peers { permanent_uuid: "40e0e72158aa4ae6906b1da3389a0579" member_type: VOTER last_known_addr { host: "127.18.222.3" port: 34833 } }
I0918 20:39:01.974761 23681 catalog_manager.cc:4131] T 7a31e43eee9d4163a2f54129b325e20d P 0b23c65819784c9d8689114664470d10 reported cstate change: term changed from 0 to 1, leader changed from to 0b23c65819784c9d8689114664470d10 (127.18.222.1). New cstate: current_term: 1 leader_uuid: "0b23c65819784c9d8689114664470d10" committed_config { opid_index: -1 OBSOLETE_local: false peers { permanent_uuid: "0b23c65819784c9d8689114664470d10" member_type: VOTER last_known_addr { host: "127.18.222.1" port: 43635 } health_report { overall_health: HEALTHY } } peers { permanent_uuid: "37fb4dcf66be4d2298262038652468bd" member_type: VOTER last_known_addr { host: "127.18.222.2" port: 37641 } health_report { overall_health: UNKNOWN } } peers { permanent_uuid: "40e0e72158aa4ae6906b1da3389a0579" member_type: VOTER last_known_addr { host: "127.18.222.3" port: 34833 } health_report { overall_health: UNKNOWN } } }
W0918 20:39:02.039639 19320 ksck_remote-test.cc:521] test is skipped; set KUDU_ALLOW_SLOW_TESTS=1 to run
I0918 20:39:02.040050 19320 tablet_server.cc:155] TabletServer shutting down...
I0918 20:39:02.126307 19320 ts_tablet_manager.cc:1159] Shutting down tablet manager...
I0918 20:39:02.126921 19320 tablet_replica.cc:273] T 237b2f5024fe4dd2b0741079640cc8fa P 0b23c65819784c9d8689114664470d10: stopping tablet replica
I0918 20:39:02.127549 19320 raft_consensus.cc:2147] T 237b2f5024fe4dd2b0741079640cc8fa P 0b23c65819784c9d8689114664470d10 [term 1 LEADER]: Raft consensus shutting down.
I0918 20:39:02.128337 19320 pending_rounds.cc:64] T 237b2f5024fe4dd2b0741079640cc8fa P 0b23c65819784c9d8689114664470d10: Trying to abort 1 pending transactions.
I0918 20:39:02.128542 19320 pending_rounds.cc:70] T 237b2f5024fe4dd2b0741079640cc8fa P 0b23c65819784c9d8689114664470d10: Aborting transaction as it isn't in flight: id { term: 1 index: 1 } timestamp: 6425965124858384384 op_type: NO_OP noop_request { }
I0918 20:39:02.128895 19320 raft_consensus.cc:2727] T 237b2f5024fe4dd2b0741079640cc8fa P 0b23c65819784c9d8689114664470d10 [term 1 LEADER]: NO_OP replication failed: Aborted: Transaction aborted
I0918 20:39:02.129117 19320 raft_consensus.cc:2174] T 237b2f5024fe4dd2b0741079640cc8fa P 0b23c65819784c9d8689114664470d10 [term 1 FOLLOWER]: Raft consensus is shut down!
I0918 20:39:02.132473 19320 tablet_replica.cc:273] T 7a31e43eee9d4163a2f54129b325e20d P 0b23c65819784c9d8689114664470d10: stopping tablet replica
I0918 20:39:02.133061 19320 raft_consensus.cc:2147] T 7a31e43eee9d4163a2f54129b325e20d P 0b23c65819784c9d8689114664470d10 [term 1 LEADER]: Raft consensus shutting down.
I0918 20:39:02.133703 19320 pending_rounds.cc:64] T 7a31e43eee9d4163a2f54129b325e20d P 0b23c65819784c9d8689114664470d10: Trying to abort 1 pending transactions.
I0918 20:39:02.133898 19320 pending_rounds.cc:70] T 7a31e43eee9d4163a2f54129b325e20d P 0b23c65819784c9d8689114664470d10: Aborting transaction as it isn't in flight: id { term: 1 index: 1 } timestamp: 6425965125510983680 op_type: NO_OP noop_request { }
I0918 20:39:02.134246 19320 raft_consensus.cc:2727] T 7a31e43eee9d4163a2f54129b325e20d P 0b23c65819784c9d8689114664470d10 [term 1 LEADER]: NO_OP replication failed: Aborted: Transaction aborted
I0918 20:39:02.134516 19320 raft_consensus.cc:2174] T 7a31e43eee9d4163a2f54129b325e20d P 0b23c65819784c9d8689114664470d10 [term 1 FOLLOWER]: Raft consensus is shut down!
I0918 20:39:02.137059 19320 tablet_replica.cc:273] T 40fb273a8bdf44438c2a534ad4d6850d P 0b23c65819784c9d8689114664470d10: stopping tablet replica
I0918 20:39:02.137429 19320 raft_consensus.cc:2147] T 40fb273a8bdf44438c2a534ad4d6850d P 0b23c65819784c9d8689114664470d10 [term 1 LEADER]: Raft consensus shutting down.
I0918 20:39:02.137889 19320 pending_rounds.cc:64] T 40fb273a8bdf44438c2a534ad4d6850d P 0b23c65819784c9d8689114664470d10: Trying to abort 1 pending transactions.
I0918 20:39:02.138033 19320 pending_rounds.cc:70] T 40fb273a8bdf44438c2a534ad4d6850d P 0b23c65819784c9d8689114664470d10: Aborting transaction as it isn't in flight: id { term: 1 index: 1 } timestamp: 6425965124938510336 op_type: NO_OP noop_request { }
I0918 20:39:02.138305 19320 raft_consensus.cc:2727] T 40fb273a8bdf44438c2a534ad4d6850d P 0b23c65819784c9d8689114664470d10 [term 1 LEADER]: NO_OP replication failed: Aborted: Transaction aborted
I0918 20:39:02.138523 19320 raft_consensus.cc:2174] T 40fb273a8bdf44438c2a534ad4d6850d P 0b23c65819784c9d8689114664470d10 [term 1 FOLLOWER]: Raft consensus is shut down!
I0918 20:39:02.165500 19320 tablet_server.cc:169] TabletServer shutdown complete.
I0918 20:39:02.165724 19320 tablet_server.cc:155] TabletServer shutting down...
I0918 20:39:02.166079 19320 tablet_server.cc:169] TabletServer shutdown complete.
I0918 20:39:02.182662 19320 tablet_server.cc:155] TabletServer shutting down...
I0918 20:39:02.225623 19320 ts_tablet_manager.cc:1159] Shutting down tablet manager...
I0918 20:39:02.225960 19320 tablet_replica.cc:273] T 40fb273a8bdf44438c2a534ad4d6850d P 37fb4dcf66be4d2298262038652468bd: stopping tablet replica
I0918 20:39:02.226341 19320 raft_consensus.cc:2147] T 40fb273a8bdf44438c2a534ad4d6850d P 37fb4dcf66be4d2298262038652468bd [term 1 FOLLOWER]: Raft consensus shutting down.
I0918 20:39:02.226625 19320 raft_consensus.cc:2174] T 40fb273a8bdf44438c2a534ad4d6850d P 37fb4dcf66be4d2298262038652468bd [term 1 FOLLOWER]: Raft consensus is shut down!
I0918 20:39:02.228332 19320 tablet_replica.cc:273] T 7a31e43eee9d4163a2f54129b325e20d P 37fb4dcf66be4d2298262038652468bd: stopping tablet replica
I0918 20:39:02.228669 19320 raft_consensus.cc:2147] T 7a31e43eee9d4163a2f54129b325e20d P 37fb4dcf66be4d2298262038652468bd [term 1 FOLLOWER]: Raft consensus shutting down.
I0918 20:39:02.228951 19320 raft_consensus.cc:2174] T 7a31e43eee9d4163a2f54129b325e20d P 37fb4dcf66be4d2298262038652468bd [term 1 FOLLOWER]: Raft consensus is shut down!
I0918 20:39:02.230360 19320 tablet_replica.cc:273] T 237b2f5024fe4dd2b0741079640cc8fa P 37fb4dcf66be4d2298262038652468bd: stopping tablet replica
I0918 20:39:02.230666 19320 raft_consensus.cc:2147] T 237b2f5024fe4dd2b0741079640cc8fa P 37fb4dcf66be4d2298262038652468bd [term 1 FOLLOWER]: Raft consensus shutting down.
I0918 20:39:02.230931 19320 raft_consensus.cc:2174] T 237b2f5024fe4dd2b0741079640cc8fa P 37fb4dcf66be4d2298262038652468bd [term 1 FOLLOWER]: Raft consensus is shut down!
I0918 20:39:02.254037 19320 tablet_server.cc:169] TabletServer shutdown complete.
I0918 20:39:02.254225 19320 tablet_server.cc:155] TabletServer shutting down...
I0918 20:39:02.254534 19320 tablet_server.cc:169] TabletServer shutdown complete.
I0918 20:39:02.264653 19320 tablet_server.cc:155] TabletServer shutting down...
I0918 20:39:02.301908 19320 ts_tablet_manager.cc:1159] Shutting down tablet manager...
I0918 20:39:02.302284 19320 tablet_replica.cc:273] T 237b2f5024fe4dd2b0741079640cc8fa P 40e0e72158aa4ae6906b1da3389a0579: stopping tablet replica
I0918 20:39:02.302655 19320 raft_consensus.cc:2147] T 237b2f5024fe4dd2b0741079640cc8fa P 40e0e72158aa4ae6906b1da3389a0579 [term 1 FOLLOWER]: Raft consensus shutting down.
I0918 20:39:02.302949 19320 raft_consensus.cc:2174] T 237b2f5024fe4dd2b0741079640cc8fa P 40e0e72158aa4ae6906b1da3389a0579 [term 1 FOLLOWER]: Raft consensus is shut down!
I0918 20:39:02.304651 19320 tablet_replica.cc:273] T 40fb273a8bdf44438c2a534ad4d6850d P 40e0e72158aa4ae6906b1da3389a0579: stopping tablet replica
I0918 20:39:02.305017 19320 raft_consensus.cc:2147] T 40fb273a8bdf44438c2a534ad4d6850d P 40e0e72158aa4ae6906b1da3389a0579 [term 1 FOLLOWER]: Raft consensus shutting down.
I0918 20:39:02.305282 19320 raft_consensus.cc:2174] T 40fb273a8bdf44438c2a534ad4d6850d P 40e0e72158aa4ae6906b1da3389a0579 [term 1 FOLLOWER]: Raft consensus is shut down!
I0918 20:39:02.306651 19320 tablet_replica.cc:273] T 7a31e43eee9d4163a2f54129b325e20d P 40e0e72158aa4ae6906b1da3389a0579: stopping tablet replica
I0918 20:39:02.306964 19320 raft_consensus.cc:2147] T 7a31e43eee9d4163a2f54129b325e20d P 40e0e72158aa4ae6906b1da3389a0579 [term 1 FOLLOWER]: Raft consensus shutting down.
I0918 20:39:02.307211 19320 raft_consensus.cc:2174] T 7a31e43eee9d4163a2f54129b325e20d P 40e0e72158aa4ae6906b1da3389a0579 [term 1 FOLLOWER]: Raft consensus is shut down!
I0918 20:39:02.327383 19320 tablet_server.cc:169] TabletServer shutdown complete.
I0918 20:39:02.327584 19320 tablet_server.cc:155] TabletServer shutting down...
I0918 20:39:02.327984 19320 tablet_server.cc:169] TabletServer shutdown complete.
I0918 20:39:02.337442 19320 master.cc:247] Master@127.18.222.62:34677 shutting down...
I0918 20:39:02.358021 19320 raft_consensus.cc:2147] T 00000000000000000000000000000000 P 9677e12125ca44d483fd9cab2182a2a0 [term 1 FOLLOWER]: Raft consensus shutting down.
I0918 20:39:02.358430 19320 raft_consensus.cc:2174] T 00000000000000000000000000000000 P 9677e12125ca44d483fd9cab2182a2a0 [term 1 FOLLOWER]: Raft consensus is shut down!
I0918 20:39:02.358677 19320 tablet_replica.cc:273] T 00000000000000000000000000000000 P 9677e12125ca44d483fd9cab2182a2a0: stopping tablet replica
I0918 20:39:02.378521 19320 master.cc:258] Master@127.18.222.62:34677 shutdown complete.
I0918 20:39:02.390614 19320 master.cc:247] Master@127.18.222.61:33575 shutting down...
I0918 20:39:02.409600 19320 raft_consensus.cc:2147] T 00000000000000000000000000000000 P 5149d1f41d644da7ad63a91236c71d5b [term 1 LEADER]: Raft consensus shutting down.
I0918 20:39:02.410360 19320 raft_consensus.cc:2174] T 00000000000000000000000000000000 P 5149d1f41d644da7ad63a91236c71d5b [term 1 FOLLOWER]: Raft consensus is shut down!
I0918 20:39:02.410594 19320 tablet_replica.cc:273] T 00000000000000000000000000000000 P 5149d1f41d644da7ad63a91236c71d5b: stopping tablet replica
I0918 20:39:02.431217 19320 master.cc:258] Master@127.18.222.61:33575 shutdown complete.
I0918 20:39:02.441004 19320 master.cc:247] Master@127.18.222.60:32807 shutting down...
I0918 20:39:02.460402 19320 raft_consensus.cc:2147] T 00000000000000000000000000000000 P 120945e9b78f41feaa64417f83cdee59 [term 1 FOLLOWER]: Raft consensus shutting down.
I0918 20:39:02.460777 19320 raft_consensus.cc:2174] T 00000000000000000000000000000000 P 120945e9b78f41feaa64417f83cdee59 [term 1 FOLLOWER]: Raft consensus is shut down!
I0918 20:39:02.461055 19320 tablet_replica.cc:273] T 00000000000000000000000000000000 P 120945e9b78f41feaa64417f83cdee59: stopping tablet replica
I0918 20:39:02.479689 19320 master.cc:258] Master@127.18.222.60:32807 shutdown complete. [ OK ] RemoteKsckTest.TestChecksumSnapshotLastingLongerThanAHM (2560 ms) [ RUN ] RemoteKsckTest.TestLeaderMasterDown
I0918 20:39:02.512478 19320 test_util.cc:212] Using random seed: -741566655
I0918 20:39:02.513278 19320 internal_mini_cluster.cc:146] Creating distributed mini masters. Addrs: 127.18.222.62:43565,127.18.222.61:39201,127.18.222.60:46245
I0918 20:39:02.525564 19320 system_ntp.cc:193] NTP initialized. Skew: 500ppm Current error: 148592us
I0918 20:39:02.525949 19320 fs_manager.cc:263] Metadata directory not provided
I0918 20:39:02.526108 19320 fs_manager.cc:269] Using write-ahead log directory (fs_wal_dir) as metadata directory
I0918 20:39:02.526340 19320 server_base.cc:452] Could not load existing FS layout: Not found: could not find a healthy instance file
I0918 20:39:02.526470 19320 server_base.cc:453] Attempting to create new FS layout instead
I0918 20:39:02.527509 19320 fs_manager.cc:602] Generated new instance metadata in path /tmp/dist-test-task6lCVqo/test-tmp/ksck_remote-test.0.RemoteKsckTest.TestLeaderMasterDown.1568839089958813-19320/minicluster-data/master-0-root/instance: uuid: "17f33eef4f4c4000a2dc645ff32512d7" format_stamp: "Formatted at 2019-09-18 20:39:02 on dist-test-slave-dist-test-slave-85lk"
I0918 20:39:02.536103 19320 fs_manager.cc:503] Time spent creating directory manager: real 0.008s user 0.007s sys 0.001s
I0918 20:39:02.537655 19320 file_cache.cc:465] Constructed file cache lbm with capacity 419430
I0918 20:39:02.544682 19320 fs_manager.cc:419] Time spent opening block manager: real 0.001s user 0.001s sys 0.000s
I0918 20:39:02.544901 19320 fs_manager.cc:436] Opened local filesystem: /tmp/dist-test-task6lCVqo/test-tmp/ksck_remote-test.0.RemoteKsckTest.TestLeaderMasterDown.1568839089958813-19320/minicluster-data/master-0-root uuid: "17f33eef4f4c4000a2dc645ff32512d7" format_stamp: "Formatted at 2019-09-18 20:39:02 on dist-test-slave-dist-test-slave-85lk"
I0918 20:39:02.545157 19320 fs_report.cc:352] FS layout report -------------------- wal directory: /tmp/dist-test-task6lCVqo/test-tmp/ksck_remote-test.0.RemoteKsckTest.TestLeaderMasterDown.1568839089958813-19320/minicluster-data/master-0-root metadata directory: /tmp/dist-test-task6lCVqo/test-tmp/ksck_remote-test.0.RemoteKsckTest.TestLeaderMasterDown.1568839089958813-19320/minicluster-data/master-0-root 1 data directories: /tmp/dist-test-task6lCVqo/test-tmp/ksck_remote-test.0.RemoteKsckTest.TestLeaderMasterDown.1568839089958813-19320/minicluster-data/master-0-root/data Total live blocks: 0 Total live bytes: 0 Total live bytes (after alignment): 0 Total number of LBM containers: 0 (0 full) Did not check for missing blocks Did not check for orphaned blocks Total full LBM containers with extra space: 0 (0 repaired) Total full LBM container extra space in bytes: 0 (0 repaired) Total incomplete LBM containers: 0 (0 repaired) Total LBM partial records: 0 (0 repaired)
I0918 20:39:02.679890 19320 rpc_server.cc:205] RPC server started. Bound to: 127.18.222.62:43565
I0918 20:39:02.681933 19320 webserver.cc:374] Webserver started at http://127.18.222.62:44613/ using document root and password file
I0918 20:39:02.684264 24122 data_dirs.cc:939] Could only allocate 1 dirs of requested 3 for tablet 00000000000000000000000000000000. 1 dirs total, 0 dirs full, 0 dirs failed
I0918 20:39:02.691895 24122 sys_catalog.cc:307] member_type: VOTER last_known_addr { host: "127.18.222.62" port: 43565 } has no permanent_uuid. Determining permanent_uuid...
I0918 20:39:02.704277 19320 system_ntp.cc:193] NTP initialized. Skew: 500ppm Current error: 148592us
I0918 20:39:02.704723 19320 fs_manager.cc:263] Metadata directory not provided
I0918 20:39:02.704979 19320 fs_manager.cc:269] Using write-ahead log directory (fs_wal_dir) as metadata directory
I0918 20:39:02.705250 19320 server_base.cc:452] Could not load existing FS layout: Not found: could not find a healthy instance file
I0918 20:39:02.705471 19320 server_base.cc:453] Attempting to create new FS layout instead
I0918 20:39:02.706714 19320 fs_manager.cc:602] Generated new instance metadata in path /tmp/dist-test-task6lCVqo/test-tmp/ksck_remote-test.0.RemoteKsckTest.TestLeaderMasterDown.1568839089958813-19320/minicluster-data/master-1-root/instance: uuid: "b69dbcabcdda4e728f542c193ca7b1b2" format_stamp: "Formatted at 2019-09-18 20:39:02 on dist-test-slave-dist-test-slave-85lk"
I0918 20:39:02.707044 24122 sys_catalog.cc:307] member_type: VOTER last_known_addr { host: "127.18.222.61" port: 39201 } has no permanent_uuid. Determining permanent_uuid...
W0918 20:39:02.709281 24122 consensus_peers.cc:607] Error getting permanent uuid from config peer 127.18.222.61:39201: Network error: Client connection negotiation failed: client connection to 127.18.222.61:39201: connect: Connection refused (error 111)
I0918 20:39:02.717209 19320 fs_manager.cc:503] Time spent creating directory manager: real 0.010s user 0.011s sys 0.000s
I0918 20:39:02.718895 19320 file_cache.cc:465] Constructed file cache lbm with capacity 419430
I0918 20:39:02.728225 19320 fs_manager.cc:419] Time spent opening block manager: real 0.002s user 0.002s sys 0.000s
I0918 20:39:02.728438 19320 fs_manager.cc:436] Opened local filesystem: /tmp/dist-test-task6lCVqo/test-tmp/ksck_remote-test.0.RemoteKsckTest.TestLeaderMasterDown.1568839089958813-19320/minicluster-data/master-1-root uuid: "b69dbcabcdda4e728f542c193ca7b1b2" format_stamp: "Formatted at 2019-09-18 20:39:02 on dist-test-slave-dist-test-slave-85lk"
I0918 20:39:02.728695 19320 fs_report.cc:352] FS layout report -------------------- wal directory: /tmp/dist-test-task6lCVqo/test-tmp/ksck_remote-test.0.RemoteKsckTest.TestLeaderMasterDown.1568839089958813-19320/minicluster-data/master-1-root metadata directory: /tmp/dist-test-task6lCVqo/test-tmp/ksck_remote-test.0.RemoteKsckTest.TestLeaderMasterDown.1568839089958813-19320/minicluster-data/master-1-root 1 data directories: /tmp/dist-test-task6lCVqo/test-tmp/ksck_remote-test.0.RemoteKsckTest.TestLeaderMasterDown.1568839089958813-19320/minicluster-data/master-1-root/data Total live blocks: 0 Total live bytes: 0 Total live bytes (after alignment): 0 Total number of LBM containers: 0 (0 full) Did not check for missing blocks Did not check for orphaned blocks Total full LBM containers with extra space: 0 (0 repaired) Total full LBM container extra space in bytes: 0 (0 repaired) Total incomplete LBM containers: 0 (0 repaired) Total LBM partial records: 0 (0 repaired)
I0918 20:39:02.752669 24122 consensus_peers.cc:617] Retrying to get permanent uuid for remote peer: member_type: VOTER last_known_addr { host: "127.18.222.61" port: 39201 } attempt: 1
W0918 20:39:02.754984 24122 consensus_peers.cc:607] Error getting permanent uuid from config peer 127.18.222.61:39201: Network error: Client connection negotiation failed: client connection to 127.18.222.61:39201: connect: Connection refused (error 111)
I0918 20:39:02.789688 19320 rpc_server.cc:205] RPC server started. Bound to: 127.18.222.61:39201
I0918 20:39:02.791679 19320 webserver.cc:374] Webserver started at http://127.18.222.61:46531/ using document root and password file
