[==========] Running 6 tests from 2 test cases. [----------] Global test environment set-up. [----------] 4 tests from TsTabletManagerITest [ RUN ] TsTabletManagerITest.TestReportNewLeaderOnLeaderChange WARNING: Logging before InitGoogleLogging() is written to STDERR
W0916 07:55:32.425215 244 thread.cc:599] rpc reactor (reactor) Time spent creating pthread: real 0.648s user 0.002s sys 0.000s
W0916 07:55:32.425647 244 thread.cc:566] rpc reactor (reactor) Time spent starting thread: real 0.649s user 0.002s sys 0.000s
I0916 07:55:32.430181 244 internal_mini_cluster.cc:146] Creating distributed mini masters. Addrs: 127.0.61.62:34869
I0916 07:55:32.451063 244 system_ntp.cc:193] NTP initialized. Skew: 500ppm Current error: 42016us
I0916 07:55:32.451750 244 fs_manager.cc:263] Metadata directory not provided
I0916 07:55:32.451907 244 fs_manager.cc:269] Using write-ahead log directory (fs_wal_dir) as metadata directory
I0916 07:55:32.452237 244 server_base.cc:452] Could not load existing FS layout: Not found: could not find a healthy instance file
I0916 07:55:32.452384 244 server_base.cc:453] Attempting to create new FS layout instead
I0916 07:55:32.456501 244 fs_manager.cc:602] Generated new instance metadata in path /tmp/dist-test-taska4lOjz/test-tmp/ts_tablet_manager-itest.0.TsTabletManagerITest.TestReportNewLeaderOnLeaderChange.1568620531643032-244/minicluster-data/master-0-root/instance: uuid: "c1a56072d9734b5c943b74821e8a8dd3" format_stamp: "Formatted at 2019-09-16 07:55:32 on dist-test-slave-dist-test-slave-p3b0"
I0916 07:55:32.468598 244 fs_manager.cc:503] Time spent creating directory manager: real 0.011s user 0.010s sys 0.001s
I0916 07:55:32.469884 244 env_posix.cc:1676] Not raising this process' open files per process limit of 1048576; it is already as high as it can go
I0916 07:55:32.470484 244 file_cache.cc:465] Constructed file cache lbm with capacity 419430
I0916 07:55:32.480391 244 fs_manager.cc:419] Time spent opening block manager: real 0.004s user 0.000s sys 0.004s
I0916 07:55:32.480676 244 fs_manager.cc:436] Opened local filesystem: /tmp/dist-test-taska4lOjz/test-tmp/ts_tablet_manager-itest.0.TsTabletManagerITest.TestReportNewLeaderOnLeaderChange.1568620531643032-244/minicluster-data/master-0-root uuid: "c1a56072d9734b5c943b74821e8a8dd3" format_stamp: "Formatted at 2019-09-16 07:55:32 on dist-test-slave-dist-test-slave-p3b0"
I0916 07:55:32.481009 244 fs_report.cc:352] FS layout report -------------------- wal directory: /tmp/dist-test-taska4lOjz/test-tmp/ts_tablet_manager-itest.0.TsTabletManagerITest.TestReportNewLeaderOnLeaderChange.1568620531643032-244/minicluster-data/master-0-root metadata directory: /tmp/dist-test-taska4lOjz/test-tmp/ts_tablet_manager-itest.0.TsTabletManagerITest.TestReportNewLeaderOnLeaderChange.1568620531643032-244/minicluster-data/master-0-root 1 data directories: /tmp/dist-test-taska4lOjz/test-tmp/ts_tablet_manager-itest.0.TsTabletManagerITest.TestReportNewLeaderOnLeaderChange.1568620531643032-244/minicluster-data/master-0-root/data Total live blocks: 0 Total live bytes: 0 Total live bytes (after alignment): 0 Total number of LBM containers: 0 (0 full) Did not check for missing blocks Did not check for orphaned blocks Total full LBM containers with extra space: 0 (0 repaired) Total full LBM container extra space in bytes: 0 (0 repaired) Total incomplete LBM containers: 0 (0 repaired) Total LBM partial records: 0 (0 repaired)
I0916 07:55:32.540930 244 env_posix.cc:1676] Not raising this process' running threads per effective uid limit of 18446744073709551615; it is already as high as it can go
I0916 07:55:32.624500 244 rpc_server.cc:205] RPC server started. Bound to: 127.0.61.62:34869
I0916 07:55:32.628950 244 webserver.cc:374] Webserver started at http://127.0.61.62:37113/ using document root and password file
I0916 07:55:32.632658 309 data_dirs.cc:939] Could only allocate 1 dirs of requested 3 for tablet 00000000000000000000000000000000. 1 dirs total, 0 dirs full, 0 dirs failed
I0916 07:55:32.652189 309 tablet_bootstrap.cc:439] T 00000000000000000000000000000000 P c1a56072d9734b5c943b74821e8a8dd3: Bootstrap starting.
I0916 07:55:32.655382 309 tablet_bootstrap.cc:590] T 00000000000000000000000000000000 P c1a56072d9734b5c943b74821e8a8dd3: No blocks or log segments found. Creating new log.
I0916 07:55:32.657691 309 log.cc:525] T 00000000000000000000000000000000 P c1a56072d9734b5c943b74821e8a8dd3: Log is configured to *not* fsync() on all Append() calls
I0916 07:55:32.660689 309 tablet_bootstrap.cc:439] T 00000000000000000000000000000000 P c1a56072d9734b5c943b74821e8a8dd3: No bootstrap required, opened a new log
I0916 07:55:32.677119 309 raft_consensus.cc:340] T 00000000000000000000000000000000 P c1a56072d9734b5c943b74821e8a8dd3 [term 0 FOLLOWER]: Replica starting. Triggering 0 pending transactions. Active config: opid_index: -1 OBSOLETE_local: true peers { permanent_uuid: "c1a56072d9734b5c943b74821e8a8dd3" member_type: VOTER }
I0916 07:55:32.677565 309 raft_consensus.cc:366] T 00000000000000000000000000000000 P c1a56072d9734b5c943b74821e8a8dd3 [term 0 FOLLOWER]: Consensus starting up: Expiring failure detector timer to make a prompt election more likely
I0916 07:55:32.677721 309 raft_consensus.cc:705] T 00000000000000000000000000000000 P c1a56072d9734b5c943b74821e8a8dd3 [term 0 FOLLOWER]: Becoming Follower/Learner. State: Replica: c1a56072d9734b5c943b74821e8a8dd3, State: Initialized, Role: FOLLOWER
I0916 07:55:32.678328 309 consensus_queue.cc:229] T 00000000000000000000000000000000 P c1a56072d9734b5c943b74821e8a8dd3 [NON_LEADER]: Queue going to NON_LEADER mode. State: All replicated index: 0, Majority replicated index: 0, Committed index: 0, Last appended: 0.0, Last appended by leader: 0, Current term: 0, Majority size: -1, State: 0, Mode: NON_LEADER, active raft config: opid_index: -1 OBSOLETE_local: true peers { permanent_uuid: "c1a56072d9734b5c943b74821e8a8dd3" member_type: VOTER }
I0916 07:55:32.678731 309 raft_consensus.cc:380] T 00000000000000000000000000000000 P c1a56072d9734b5c943b74821e8a8dd3 [term 0 FOLLOWER]: Only one voter in the Raft config. Triggering election immediately
I0916 07:55:32.678906 309 raft_consensus.cc:472] T 00000000000000000000000000000000 P c1a56072d9734b5c943b74821e8a8dd3 [term 0 FOLLOWER]: Starting leader election (initial election of a single-replica configuration)
I0916 07:55:32.679136 309 raft_consensus.cc:2890] T 00000000000000000000000000000000 P c1a56072d9734b5c943b74821e8a8dd3 [term 0 FOLLOWER]: Advancing to term 1
I0916 07:55:32.683223 309 raft_consensus.cc:494] T 00000000000000000000000000000000 P c1a56072d9734b5c943b74821e8a8dd3 [term 1 FOLLOWER]: Starting leader election with config: opid_index: -1 OBSOLETE_local: true peers { permanent_uuid: "c1a56072d9734b5c943b74821e8a8dd3" member_type: VOTER }
I0916 07:55:32.683813 309 leader_election.cc:310] T 00000000000000000000000000000000 P c1a56072d9734b5c943b74821e8a8dd3 [CANDIDATE]: Term 1 election: Election decided. Result: candidate won. Election summary: received 1 responses out of 1 voters: 1 yes votes; 0 no votes. yes voters: c1a56072d9734b5c943b74821e8a8dd3; no voters:
I0916 07:55:32.685667 311 raft_consensus.cc:2644] T 00000000000000000000000000000000 P c1a56072d9734b5c943b74821e8a8dd3 [term 1 FOLLOWER]: Leader election won for term 1
I0916 07:55:32.687543 309 leader_election.cc:296] T 00000000000000000000000000000000 P c1a56072d9734b5c943b74821e8a8dd3 [CANDIDATE]: Term 1 election: Requested vote from peers
I0916 07:55:32.792496 311 raft_consensus.cc:667] T 00000000000000000000000000000000 P c1a56072d9734b5c943b74821e8a8dd3 [term 1 LEADER]: Becoming Leader. State: Replica: c1a56072d9734b5c943b74821e8a8dd3, State: Running, Role: LEADER
I0916 07:55:32.793092 311 consensus_queue.cc:206] T 00000000000000000000000000000000 P c1a56072d9734b5c943b74821e8a8dd3 [LEADER]: Queue going to LEADER mode. State: All replicated index: 0, Majority replicated index: 0, Committed index: 0, Last appended: 0.0, Last appended by leader: 0, Current term: 1, Majority size: 1, State: 0, Mode: LEADER, active raft config: opid_index: -1 OBSOLETE_local: true peers { permanent_uuid: "c1a56072d9734b5c943b74821e8a8dd3" member_type: VOTER }
I0916 07:55:32.798162 309 sys_catalog.cc:340] T 00000000000000000000000000000000 P c1a56072d9734b5c943b74821e8a8dd3 [sys.catalog]: SysCatalogTable state changed. Reason: Started TabletReplica. Latest consensus state: current_term: 1 leader_uuid: "c1a56072d9734b5c943b74821e8a8dd3" committed_config { opid_index: -1 OBSOLETE_local: true peers { permanent_uuid: "c1a56072d9734b5c943b74821e8a8dd3" member_type: VOTER } }
I0916 07:55:32.798120 311 sys_catalog.cc:340] T 00000000000000000000000000000000 P c1a56072d9734b5c943b74821e8a8dd3 [sys.catalog]: SysCatalogTable state changed. Reason: RaftConsensus started. Latest consensus state: current_term: 1 leader_uuid: "c1a56072d9734b5c943b74821e8a8dd3" committed_config { opid_index: -1 OBSOLETE_local: true peers { permanent_uuid: "c1a56072d9734b5c943b74821e8a8dd3" member_type: VOTER } }
I0916 07:55:32.798676 309 sys_catalog.cc:343] T 00000000000000000000000000000000 P c1a56072d9734b5c943b74821e8a8dd3 [sys.catalog]: This master's current role is: LEADER
I0916 07:55:32.798683 311 sys_catalog.cc:343] T 00000000000000000000000000000000 P c1a56072d9734b5c943b74821e8a8dd3 [sys.catalog]: This master's current role is: LEADER
I0916 07:55:32.798854 312 sys_catalog.cc:340] T 00000000000000000000000000000000 P c1a56072d9734b5c943b74821e8a8dd3 [sys.catalog]: SysCatalogTable state changed. Reason: New leader c1a56072d9734b5c943b74821e8a8dd3. Latest consensus state: current_term: 1 leader_uuid: "c1a56072d9734b5c943b74821e8a8dd3" committed_config { opid_index: -1 OBSOLETE_local: true peers { permanent_uuid: "c1a56072d9734b5c943b74821e8a8dd3" member_type: VOTER } }
I0916 07:55:32.800595 312 sys_catalog.cc:343] T 00000000000000000000000000000000 P c1a56072d9734b5c943b74821e8a8dd3 [sys.catalog]: This master's current role is: LEADER
I0916 07:55:32.801775 309 sys_catalog.cc:428] T 00000000000000000000000000000000 P c1a56072d9734b5c943b74821e8a8dd3 [sys.catalog]: configured and running, proceeding with master startup.
I0916 07:55:32.805091 244 internal_mini_cluster.cc:166] Waiting to initialize catalog manager on master 0
W0916 07:55:32.812949 316 catalog_manager.cc:1144] T 00000000000000000000000000000000 P c1a56072d9734b5c943b74821e8a8dd3: acquiring CA information for follower catalog manager: Not found: root CA entry not found
W0916 07:55:32.813144 316 catalog_manager.cc:627] Not found: root CA entry not found: failed to prepare follower catalog manager, will retry
I0916 07:55:32.813447 315 catalog_manager.cc:1086] Loading table and tablet metadata into memory...
I0916 07:55:32.817265 315 catalog_manager.cc:1097] Initializing Kudu internal certificate authority...
I0916 07:55:32.878721 315 catalog_manager.cc:981] Generated new certificate authority record
I0916 07:55:32.881194 315 catalog_manager.cc:1106] Loading token signing keys...
I0916 07:55:32.894949 315 catalog_manager.cc:4435] T 00000000000000000000000000000000 P c1a56072d9734b5c943b74821e8a8dd3: Generated new TSK 0
I0916 07:55:32.949882 244 system_ntp.cc:193] NTP initialized. Skew: 500ppm Current error: 42016us
I0916 07:55:32.950242 244 fs_manager.cc:263] Metadata directory not provided
I0916 07:55:32.950386 244 fs_manager.cc:269] Using write-ahead log directory (fs_wal_dir) as metadata directory
I0916 07:55:32.950584 244 server_base.cc:452] Could not load existing FS layout: Not found: could not find a healthy instance file
I0916 07:55:32.950686 244 server_base.cc:453] Attempting to create new FS layout instead
I0916 07:55:32.951625 244 fs_manager.cc:602] Generated new instance metadata in path /tmp/dist-test-taska4lOjz/test-tmp/ts_tablet_manager-itest.0.TsTabletManagerITest.TestReportNewLeaderOnLeaderChange.1568620531643032-244/minicluster-data/ts-0-root/instance: uuid: "141af11506424a92a1a70f34cbe1816c" format_stamp: "Formatted at 2019-09-16 07:55:32 on dist-test-slave-dist-test-slave-p3b0"
I0916 07:55:32.961690 244 fs_manager.cc:503] Time spent creating directory manager: real 0.010s user 0.011s sys 0.000s
I0916 07:55:32.963107 244 file_cache.cc:465] Constructed file cache lbm with capacity 419430
I0916 07:55:32.971326 244 fs_manager.cc:419] Time spent opening block manager: real 0.003s user 0.000s sys 0.003s
I0916 07:55:32.971511 244 fs_manager.cc:436] Opened local filesystem: /tmp/dist-test-taska4lOjz/test-tmp/ts_tablet_manager-itest.0.TsTabletManagerITest.TestReportNewLeaderOnLeaderChange.1568620531643032-244/minicluster-data/ts-0-root uuid: "141af11506424a92a1a70f34cbe1816c" format_stamp: "Formatted at 2019-09-16 07:55:32 on dist-test-slave-dist-test-slave-p3b0"
I0916 07:55:32.971756 244 fs_report.cc:352] FS layout report -------------------- wal directory: /tmp/dist-test-taska4lOjz/test-tmp/ts_tablet_manager-itest.0.TsTabletManagerITest.TestReportNewLeaderOnLeaderChange.1568620531643032-244/minicluster-data/ts-0-root metadata directory: /tmp/dist-test-taska4lOjz/test-tmp/ts_tablet_manager-itest.0.TsTabletManagerITest.TestReportNewLeaderOnLeaderChange.1568620531643032-244/minicluster-data/ts-0-root 1 data directories: /tmp/dist-test-taska4lOjz/test-tmp/ts_tablet_manager-itest.0.TsTabletManagerITest.TestReportNewLeaderOnLeaderChange.1568620531643032-244/minicluster-data/ts-0-root/data Total live blocks: 0 Total live bytes: 0 Total live bytes (after alignment): 0 Total number of LBM containers: 0 (0 full) Did not check for missing blocks Did not check for orphaned blocks Total full LBM containers with extra space: 0 (0 repaired) Total full LBM container extra space in bytes: 0 (0 repaired) Total incomplete LBM containers: 0 (0 repaired) Total LBM partial records: 0 (0 repaired)
I0916 07:55:33.003772 244 ts_tablet_manager.cc:383] Loaded tablet metadata (0 total tablets, 0 live tablets)
I0916 07:55:33.004035 244 ts_tablet_manager.cc:403] Registered 0 tablets
I0916 07:55:33.131106 244 rpc_server.cc:205] RPC server started. Bound to: 127.0.61.1:41065
I0916 07:55:33.134320 244 webserver.cc:374] Webserver started at http://127.0.61.1:46383/ using document root and password file
I0916 07:55:33.167524 384 heartbeater.cc:322] Connected to a master server at 127.0.61.62:34869
I0916 07:55:33.167863 384 heartbeater.cc:406] Registering TS with master...
I0916 07:55:33.168403 384 heartbeater.cc:455] Master 127.0.61.62:34869 requested a full tablet report, sending...
I0916 07:55:33.171252 244 system_ntp.cc:193] NTP initialized. Skew: 500ppm Current error: 42516us
I0916 07:55:33.171643 244 fs_manager.cc:263] Metadata directory not provided
I0916 07:55:33.171645 276 ts_manager.cc:161] Registered new tserver with Master: 141af11506424a92a1a70f34cbe1816c (127.0.61.1:41065)
I0916 07:55:33.171876 244 fs_manager.cc:269] Using write-ahead log directory (fs_wal_dir) as metadata directory
I0916 07:55:33.172137 244 server_base.cc:452] Could not load existing FS layout: Not found: could not find a healthy instance file
I0916 07:55:33.172287 244 server_base.cc:453] Attempting to create new FS layout instead
I0916 07:55:33.173524 244 fs_manager.cc:602] Generated new instance metadata in path /tmp/dist-test-taska4lOjz/test-tmp/ts_tablet_manager-itest.0.TsTabletManagerITest.TestReportNewLeaderOnLeaderChange.1568620531643032-244/minicluster-data/ts-1-root/instance: uuid: "0ec6c605f3f841deaf9a88d578a83da5" format_stamp: "Formatted at 2019-09-16 07:55:33 on dist-test-slave-dist-test-slave-p3b0"
I0916 07:55:33.173902 276 master_service.cc:276] Signed X509 certificate for tserver {username='slave'} at 127.0.0.1:53192
I0916 07:55:33.187829 244 fs_manager.cc:503] Time spent creating directory manager: real 0.014s user 0.014s sys 0.000s
I0916 07:55:33.189694 244 file_cache.cc:465] Constructed file cache lbm with capacity 419430
I0916 07:55:33.201385 244 fs_manager.cc:419] Time spent opening block manager: real 0.002s user 0.001s sys 0.001s
I0916 07:55:33.201599 244 fs_manager.cc:436] Opened local filesystem: /tmp/dist-test-taska4lOjz/test-tmp/ts_tablet_manager-itest.0.TsTabletManagerITest.TestReportNewLeaderOnLeaderChange.1568620531643032-244/minicluster-data/ts-1-root uuid: "0ec6c605f3f841deaf9a88d578a83da5" format_stamp: "Formatted at 2019-09-16 07:55:33 on dist-test-slave-dist-test-slave-p3b0"
I0916 07:55:33.201825 244 fs_report.cc:352] FS layout report -------------------- wal directory: /tmp/dist-test-taska4lOjz/test-tmp/ts_tablet_manager-itest.0.TsTabletManagerITest.TestReportNewLeaderOnLeaderChange.1568620531643032-244/minicluster-data/ts-1-root metadata directory: /tmp/dist-test-taska4lOjz/test-tmp/ts_tablet_manager-itest.0.TsTabletManagerITest.TestReportNewLeaderOnLeaderChange.1568620531643032-244/minicluster-data/ts-1-root 1 data directories: /tmp/dist-test-taska4lOjz/test-tmp/ts_tablet_manager-itest.0.TsTabletManagerITest.TestReportNewLeaderOnLeaderChange.1568620531643032-244/minicluster-data/ts-1-root/data Total live blocks: 0 Total live bytes: 0 Total live bytes (after alignment): 0 Total number of LBM containers: 0 (0 full) Did not check for missing blocks Did not check for orphaned blocks Total full LBM containers with extra space: 0 (0 repaired) Total full LBM container extra space in bytes: 0 (0 repaired) Total incomplete LBM containers: 0 (0 repaired) Total LBM partial records: 0 (0 repaired)
I0916 07:55:33.265404 244 ts_tablet_manager.cc:383] Loaded tablet metadata (0 total tablets, 0 live tablets)
I0916 07:55:33.265594 244 ts_tablet_manager.cc:403] Registered 0 tablets
I0916 07:55:33.399739 244 rpc_server.cc:205] RPC server started. Bound to: 127.0.61.2:34717
I0916 07:55:33.401749 244 webserver.cc:374] Webserver started at http://127.0.61.2:32935/ using document root and password file
I0916 07:55:33.421604 452 heartbeater.cc:322] Connected to a master server at 127.0.61.62:34869
I0916 07:55:33.421907 452 heartbeater.cc:406] Registering TS with master...
I0916 07:55:33.422360 452 heartbeater.cc:455] Master 127.0.61.62:34869 requested a full tablet report, sending...
I0916 07:55:33.423830 276 ts_manager.cc:161] Registered new tserver with Master: 0ec6c605f3f841deaf9a88d578a83da5 (127.0.61.2:34717)
I0916 07:55:33.424141 244 internal_mini_cluster.cc:328] 2 TS(s) registered with all masters after 0.011654246s
I0916 07:55:33.425546 276 master_service.cc:276] Signed X509 certificate for tserver {username='slave'} at 127.0.0.1:53194
I0916 07:55:33.462668 276 catalog_manager.cc:1440] Servicing CreateTable request from {username='slave'} at 127.0.0.1:53196: name: "test-table" schema { columns { name: "key" type: INT32 is_key: true is_nullable: false encoding: AUTO_ENCODING compression: DEFAULT_COMPRESSION cfile_block_size: 0 } } num_replicas: 2 split_rows_range_bounds { } partition_schema { range_schema { columns { name: "key" } } }
W0916 07:55:33.476689 276 catalog_manager.cc:1605] The number of live tablet servers is not enough to re-replicate a tablet replica of the newly created table test-table in case of a server failure: 3 tablet servers would be needed, 2 are available. Consider bringing up more tablet servers.
I0916 07:55:33.540736 419 tablet_service.cc:1022] Processing CreateTablet for tablet 2dfc43d2bb0645c89408e1c532f40f91 (table=test-table [id=3108cb7fe8ef41eb843663a02347d86f]), partition=RANGE (key) PARTITION UNBOUNDED
I0916 07:55:33.541913 351 tablet_service.cc:1022] Processing CreateTablet for tablet 2dfc43d2bb0645c89408e1c532f40f91 (table=test-table [id=3108cb7fe8ef41eb843663a02347d86f]), partition=RANGE (key) PARTITION UNBOUNDED
I0916 07:55:33.542115 419 data_dirs.cc:939] Could only allocate 1 dirs of requested 3 for tablet 2dfc43d2bb0645c89408e1c532f40f91. 1 dirs total, 0 dirs full, 0 dirs failed
I0916 07:55:33.542786 351 data_dirs.cc:939] Could only allocate 1 dirs of requested 3 for tablet 2dfc43d2bb0645c89408e1c532f40f91. 1 dirs total, 0 dirs full, 0 dirs failed
I0916 07:55:33.559235 469 tablet_bootstrap.cc:439] T 2dfc43d2bb0645c89408e1c532f40f91 P 141af11506424a92a1a70f34cbe1816c: Bootstrap starting.
I0916 07:55:33.563071 469 tablet_bootstrap.cc:590] T 2dfc43d2bb0645c89408e1c532f40f91 P 141af11506424a92a1a70f34cbe1816c: No blocks or log segments found. Creating new log.
I0916 07:55:33.564821 468 tablet_bootstrap.cc:439] T 2dfc43d2bb0645c89408e1c532f40f91 P 0ec6c605f3f841deaf9a88d578a83da5: Bootstrap starting.
I0916 07:55:33.570392 468 tablet_bootstrap.cc:590] T 2dfc43d2bb0645c89408e1c532f40f91 P 0ec6c605f3f841deaf9a88d578a83da5: No blocks or log segments found. Creating new log.
I0916 07:55:33.570633 469 tablet_bootstrap.cc:439] T 2dfc43d2bb0645c89408e1c532f40f91 P 141af11506424a92a1a70f34cbe1816c: No bootstrap required, opened a new log
I0916 07:55:33.571077 469 ts_tablet_manager.cc:1085] T 2dfc43d2bb0645c89408e1c532f40f91 P 141af11506424a92a1a70f34cbe1816c: Time spent bootstrapping tablet: real 0.012s user 0.008s sys 0.002s
I0916 07:55:33.575855 469 raft_consensus.cc:340] T 2dfc43d2bb0645c89408e1c532f40f91 P 141af11506424a92a1a70f34cbe1816c [term 0 FOLLOWER]: Replica starting. Triggering 0 pending transactions. Active config: opid_index: -1 OBSOLETE_local: false peers { permanent_uuid: "0ec6c605f3f841deaf9a88d578a83da5" member_type: VOTER last_known_addr { host: "127.0.61.2" port: 34717 } } peers { permanent_uuid: "141af11506424a92a1a70f34cbe1816c" member_type: VOTER last_known_addr { host: "127.0.61.1" port: 41065 } }
I0916 07:55:33.576580 469 raft_consensus.cc:705] T 2dfc43d2bb0645c89408e1c532f40f91 P 141af11506424a92a1a70f34cbe1816c [term 0 FOLLOWER]: Becoming Follower/Learner. State: Replica: 141af11506424a92a1a70f34cbe1816c, State: Initialized, Role: FOLLOWER
I0916 07:55:33.576970 468 tablet_bootstrap.cc:439] T 2dfc43d2bb0645c89408e1c532f40f91 P 0ec6c605f3f841deaf9a88d578a83da5: No bootstrap required, opened a new log
I0916 07:55:33.577425 468 ts_tablet_manager.cc:1085] T 2dfc43d2bb0645c89408e1c532f40f91 P 0ec6c605f3f841deaf9a88d578a83da5: Time spent bootstrapping tablet: real 0.013s user 0.006s sys 0.005s
I0916 07:55:33.577015 469 consensus_queue.cc:229] T 2dfc43d2bb0645c89408e1c532f40f91 P 141af11506424a92a1a70f34cbe1816c [NON_LEADER]: Queue going to NON_LEADER mode. State: All replicated index: 0, Majority replicated index: 0, Committed index: 0, Last appended: 0.0, Last appended by leader: 0, Current term: 0, Majority size: -1, State: 0, Mode: NON_LEADER, active raft config: opid_index: -1 OBSOLETE_local: false peers { permanent_uuid: "0ec6c605f3f841deaf9a88d578a83da5" member_type: VOTER last_known_addr { host: "127.0.61.2" port: 34717 } } peers { permanent_uuid: "141af11506424a92a1a70f34cbe1816c" member_type: VOTER last_known_addr { host: "127.0.61.1" port: 41065 } }
I0916 07:55:33.580087 468 raft_consensus.cc:340] T 2dfc43d2bb0645c89408e1c532f40f91 P 0ec6c605f3f841deaf9a88d578a83da5 [term 0 FOLLOWER]: Replica starting. Triggering 0 pending transactions. Active config: opid_index: -1 OBSOLETE_local: false peers { permanent_uuid: "0ec6c605f3f841deaf9a88d578a83da5" member_type: VOTER last_known_addr { host: "127.0.61.2" port: 34717 } } peers { permanent_uuid: "141af11506424a92a1a70f34cbe1816c" member_type: VOTER last_known_addr { host: "127.0.61.1" port: 41065 } }
I0916 07:55:33.580607 384 heartbeater.cc:447] Master 127.0.61.62:34869 was elected leader, sending a full tablet report...
I0916 07:55:33.580725 468 raft_consensus.cc:705] T 2dfc43d2bb0645c89408e1c532f40f91 P 0ec6c605f3f841deaf9a88d578a83da5 [term 0 FOLLOWER]: Becoming Follower/Learner. State: Replica: 0ec6c605f3f841deaf9a88d578a83da5, State: Initialized, Role: FOLLOWER
I0916 07:55:33.581127 468 consensus_queue.cc:229] T 2dfc43d2bb0645c89408e1c532f40f91 P 0ec6c605f3f841deaf9a88d578a83da5 [NON_LEADER]: Queue going to NON_LEADER mode. State: All replicated index: 0, Majority replicated index: 0, Committed index: 0, Last appended: 0.0, Last appended by leader: 0, Current term: 0, Majority size: -1, State: 0, Mode: NON_LEADER, active raft config: opid_index: -1 OBSOLETE_local: false peers { permanent_uuid: "0ec6c605f3f841deaf9a88d578a83da5" member_type: VOTER last_known_addr { host: "127.0.61.2" port: 34717 } } peers { permanent_uuid: "141af11506424a92a1a70f34cbe1816c" member_type: VOTER last_known_addr { host: "127.0.61.1" port: 41065 } }
I0916 07:55:33.582896 469 ts_tablet_manager.cc:1113] T 2dfc43d2bb0645c89408e1c532f40f91 P 141af11506424a92a1a70f34cbe1816c: Time spent starting tablet: real 0.012s user 0.009s sys 0.000s
I0916 07:55:33.587997 452 heartbeater.cc:447] Master 127.0.61.62:34869 was elected leader, sending a full tablet report...
I0916 07:55:33.589280 468 ts_tablet_manager.cc:1113] T 2dfc43d2bb0645c89408e1c532f40f91 P 0ec6c605f3f841deaf9a88d578a83da5: Time spent starting tablet: real 0.012s user 0.007s sys 0.004s
I0916 07:55:33.620337 244 ts_tablet_manager-itest.cc:324] Electing peer 0...
I0916 07:55:33.620599 244 raft_consensus.cc:405] T 2dfc43d2bb0645c89408e1c532f40f91 P 141af11506424a92a1a70f34cbe1816c [term 0 FOLLOWER]: Emulating election...
I0916 07:55:33.620760 244 raft_consensus.cc:2890] T 2dfc43d2bb0645c89408e1c532f40f91 P 141af11506424a92a1a70f34cbe1816c [term 0 FOLLOWER]: Advancing to term 1
I0916 07:55:33.624192 244 raft_consensus.cc:667] T 2dfc43d2bb0645c89408e1c532f40f91 P 141af11506424a92a1a70f34cbe1816c [term 1 LEADER]: Becoming Leader. State: Replica: 141af11506424a92a1a70f34cbe1816c, State: Running, Role: LEADER
W0916 07:55:33.624572 384 heartbeater.cc:571] Failed to heartbeat to 127.0.61.62:34869 (0 consecutive failures): IO error: failing all heartbeats for tests
I0916 07:55:33.624677 244 consensus_queue.cc:206] T 2dfc43d2bb0645c89408e1c532f40f91 P 141af11506424a92a1a70f34cbe1816c [LEADER]: Queue going to LEADER mode. State: All replicated index: 0, Majority replicated index: 0, Committed index: 0, Last appended: 0.0, Last appended by leader: 0, Current term: 1, Majority size: 2, State: 0, Mode: LEADER, active raft config: opid_index: -1 OBSOLETE_local: false peers { permanent_uuid: "0ec6c605f3f841deaf9a88d578a83da5" member_type: VOTER last_known_addr { host: "127.0.61.2" port: 34717 } } peers { permanent_uuid: "141af11506424a92a1a70f34cbe1816c" member_type: VOTER last_known_addr { host: "127.0.61.1" port: 41065 } }
I0916 07:55:33.628371 244 ts_tablet_manager-itest.cc:327] Waiting for servers to agree...
I0916 07:55:33.647435 244 cluster_itest_util.cc:259] Not converged past 1 yet: 1.1 0.0
W0916 07:55:33.647502 385 tablet.cc:1763] T 2dfc43d2bb0645c89408e1c532f40f91 P 141af11506424a92a1a70f34cbe1816c: Can't schedule compaction. Clean time has not been advanced past its initial value.
I0916 07:55:33.751093 244 cluster_itest_util.cc:259] Not converged past 1 yet: 1.1 0.0
I0916 07:55:33.954999 244 cluster_itest_util.cc:259] Not converged past 1 yet: 1.1 0.0
I0916 07:55:34.180083 429 raft_consensus.cc:2890] T 2dfc43d2bb0645c89408e1c532f40f91 P 0ec6c605f3f841deaf9a88d578a83da5 [term 0 FOLLOWER]: Advancing to term 1
I0916 07:55:34.187196 476 consensus_queue.cc:984] T 2dfc43d2bb0645c89408e1c532f40f91 P 141af11506424a92a1a70f34cbe1816c [LEADER]: Connected to new peer: Peer: permanent_uuid: "0ec6c605f3f841deaf9a88d578a83da5" member_type: VOTER last_known_addr { host: "127.0.61.2" port: 34717 }, Status: LMP_MISMATCH, Last received: 0.0, Next index: 1, Last known committed idx: 0, Time since last communication: 0.000s
I0916 07:55:34.259729 244 ts_tablet_manager-itest.cc:324] Electing peer 1...
I0916 07:55:34.259932 244 raft_consensus.cc:405] T 2dfc43d2bb0645c89408e1c532f40f91 P 0ec6c605f3f841deaf9a88d578a83da5 [term 1 FOLLOWER]: Emulating election...
I0916 07:55:34.260126 244 raft_consensus.cc:2890] T 2dfc43d2bb0645c89408e1c532f40f91 P 0ec6c605f3f841deaf9a88d578a83da5 [term 1 FOLLOWER]: Advancing to term 2
I0916 07:55:34.264916 244 raft_consensus.cc:667] T 2dfc43d2bb0645c89408e1c532f40f91 P 0ec6c605f3f841deaf9a88d578a83da5 [term 2 LEADER]: Becoming Leader. State: Replica: 0ec6c605f3f841deaf9a88d578a83da5, State: Running, Role: LEADER
I0916 07:55:34.265377 244 consensus_queue.cc:206] T 2dfc43d2bb0645c89408e1c532f40f91 P 0ec6c605f3f841deaf9a88d578a83da5 [LEADER]: Queue going to LEADER mode. State: All replicated index: 0, Majority replicated index: 1, Committed index: 1, Last appended: 1.1, Last appended by leader: 1, Current term: 2, Majority size: 2, State: 0, Mode: LEADER, active raft config: opid_index: -1 OBSOLETE_local: false peers { permanent_uuid: "0ec6c605f3f841deaf9a88d578a83da5" member_type: VOTER last_known_addr { host: "127.0.61.2" port: 34717 } } peers { permanent_uuid: "141af11506424a92a1a70f34cbe1816c" member_type: VOTER last_known_addr { host: "127.0.61.1" port: 41065 } }
I0916 07:55:34.266947 244 ts_tablet_manager-itest.cc:327] Waiting for servers to agree...
I0916 07:55:34.269965 244 cluster_itest_util.cc:259] Not converged past 2 yet: 1.1 2.2
I0916 07:55:34.373800 244 cluster_itest_util.cc:259] Not converged past 2 yet: 1.1 2.2
I0916 07:55:34.577385 244 cluster_itest_util.cc:259] Not converged past 2 yet: 1.1 2.2
I0916 07:55:34.706579 429 raft_consensus.cc:1149] T 2dfc43d2bb0645c89408e1c532f40f91 P 0ec6c605f3f841deaf9a88d578a83da5 [term 2 LEADER]: Rejecting Update request from peer 141af11506424a92a1a70f34cbe1816c for earlier term 1. Current term is 2. Ops: []
I0916 07:55:34.707618 481 consensus_queue.cc:995] T 2dfc43d2bb0645c89408e1c532f40f91 P 141af11506424a92a1a70f34cbe1816c [LEADER]: Peer responded invalid term: Peer: permanent_uuid: "0ec6c605f3f841deaf9a88d578a83da5" member_type: VOTER last_known_addr { host: "127.0.61.2" port: 34717 }, Status: INVALID_TERM, Last received: 1.1, Next index: 2, Last known committed idx: 1, Time since last communication: 0.000s
I0916 07:55:34.708139 481 consensus_queue.cc:1162] T 2dfc43d2bb0645c89408e1c532f40f91 P 141af11506424a92a1a70f34cbe1816c [LEADER]: Peer 0ec6c605f3f841deaf9a88d578a83da5 log is divergent from this leader: its last log entry 2.2 is not in this leader's log and it has not received anything from this leader yet. Falling back to committed index 1
I0916 07:55:34.708434 476 raft_consensus.cc:2885] T 2dfc43d2bb0645c89408e1c532f40f91 P 141af11506424a92a1a70f34cbe1816c [term 1 LEADER]: Stepping down as leader of term 1
I0916 07:55:34.708644 476 raft_consensus.cc:705] T 2dfc43d2bb0645c89408e1c532f40f91 P 141af11506424a92a1a70f34cbe1816c [term 1 LEADER]: Becoming Follower/Learner. State: Replica: 141af11506424a92a1a70f34cbe1816c, State: Running, Role: LEADER
I0916 07:55:34.708983 476 consensus_queue.cc:229] T 2dfc43d2bb0645c89408e1c532f40f91 P 141af11506424a92a1a70f34cbe1816c [NON_LEADER]: Queue going to NON_LEADER mode. State: All replicated index: 0, Majority replicated index: 1, Committed index: 1, Last appended: 1.1, Last appended by leader: 1, Current term: 1, Majority size: -1, State: 0, Mode: NON_LEADER, active raft config: opid_index: -1 OBSOLETE_local: false peers { permanent_uuid: "0ec6c605f3f841deaf9a88d578a83da5" member_type: VOTER last_known_addr { host: "127.0.61.2" port: 34717 } } peers { permanent_uuid: "141af11506424a92a1a70f34cbe1816c" member_type: VOTER last_known_addr { host: "127.0.61.1" port: 41065 } }
I0916 07:55:34.709637 476 raft_consensus.cc:2890] T 2dfc43d2bb0645c89408e1c532f40f91 P 141af11506424a92a1a70f34cbe1816c [term 1 FOLLOWER]: Advancing to term 2
I0916 07:55:34.881304 244 cluster_itest_util.cc:259] Not converged past 2 yet: 1.1 2.2
I0916 07:55:34.890753 361 raft_consensus.cc:1184] T 2dfc43d2bb0645c89408e1c532f40f91 P 141af11506424a92a1a70f34cbe1816c [term 2 FOLLOWER]: Refusing update from remote peer 0ec6c605f3f841deaf9a88d578a83da5: Log matching property violated. Preceding OpId in replica: term: 1 index: 1. Preceding OpId from leader: term: 2 index: 2. (index mismatch)
I0916 07:55:34.891793 484 consensus_queue.cc:984] T 2dfc43d2bb0645c89408e1c532f40f91 P 0ec6c605f3f841deaf9a88d578a83da5 [LEADER]: Connected to new peer: Peer: permanent_uuid: "141af11506424a92a1a70f34cbe1816c" member_type: VOTER last_known_addr { host: "127.0.61.1" port: 41065 }, Status: LMP_MISMATCH, Last received: 0.0, Next index: 2, Last known committed idx: 1, Time since last communication: 0.000s
I0916 07:55:35.285733 244 ts_tablet_manager-itest.cc:324] Electing peer 1...
I0916 07:55:35.285898 244 raft_consensus.cc:405] T 2dfc43d2bb0645c89408e1c532f40f91 P 0ec6c605f3f841deaf9a88d578a83da5 [term 2 LEADER]: Emulating election...
I0916 07:55:35.286072 244 raft_consensus.cc:2885] T 2dfc43d2bb0645c89408e1c532f40f91 P 0ec6c605f3f841deaf9a88d578a83da5 [term 2 LEADER]: Stepping down as leader of term 2
I0916 07:55:35.286211 244 raft_consensus.cc:705] T 2dfc43d2bb0645c89408e1c532f40f91 P 0ec6c605f3f841deaf9a88d578a83da5 [term 2 LEADER]: Becoming Follower/Learner. State: Replica: 0ec6c605f3f841deaf9a88d578a83da5, State: Running, Role: LEADER
I0916 07:55:35.286518 244 consensus_queue.cc:229] T 2dfc43d2bb0645c89408e1c532f40f91 P 0ec6c605f3f841deaf9a88d578a83da5 [NON_LEADER]: Queue going to NON_LEADER mode. State: All replicated index: 0, Majority replicated index: 2, Committed index: 2, Last appended: 2.2, Last appended by leader: 2, Current term: 2, Majority size: -1, State: 0, Mode: NON_LEADER, active raft config: opid_index: -1 OBSOLETE_local: false peers { permanent_uuid: "0ec6c605f3f841deaf9a88d578a83da5" member_type: VOTER last_known_addr { host: "127.0.61.2" port: 34717 } } peers { permanent_uuid: "141af11506424a92a1a70f34cbe1816c" member_type: VOTER last_known_addr { host: "127.0.61.1" port: 41065 } }
I0916 07:55:35.287104 244 raft_consensus.cc:2890] T 2dfc43d2bb0645c89408e1c532f40f91 P 0ec6c605f3f841deaf9a88d578a83da5 [term 2 FOLLOWER]: Advancing to term 3
I0916 07:55:35.290638 244 raft_consensus.cc:667] T 2dfc43d2bb0645c89408e1c532f40f91 P 0ec6c605f3f841deaf9a88d578a83da5 [term 3 LEADER]: Becoming Leader. State: Replica: 0ec6c605f3f841deaf9a88d578a83da5, State: Running, Role: LEADER
I0916 07:55:35.291154 244 consensus_queue.cc:206] T 2dfc43d2bb0645c89408e1c532f40f91 P 0ec6c605f3f841deaf9a88d578a83da5 [LEADER]: Queue going to LEADER mode. State: All replicated index: 0, Majority replicated index: 2, Committed index: 2, Last appended: 2.2, Last appended by leader: 2, Current term: 3, Majority size: 2, State: 0, Mode: LEADER, active raft config: opid_index: -1 OBSOLETE_local: false peers { permanent_uuid: "0ec6c605f3f841deaf9a88d578a83da5" member_type: VOTER last_known_addr { host: "127.0.61.2" port: 34717 } } peers { permanent_uuid: "141af11506424a92a1a70f34cbe1816c" member_type: VOTER last_known_addr { host: "127.0.61.1" port: 41065 } }
I0916 07:55:35.292510 244 ts_tablet_manager-itest.cc:327] Waiting for servers to agree...
I0916 07:55:35.297112 244 cluster_itest_util.cc:259] Not converged past 3 yet: 2.2 3.3
I0916 07:55:35.401510 244 cluster_itest_util.cc:259] Not converged past 3 yet: 2.2 3.3
I0916 07:55:35.605499 244 cluster_itest_util.cc:259] Not converged past 3 yet: 2.2 3.3
I0916 07:55:35.784523 361 raft_consensus.cc:2890] T 2dfc43d2bb0645c89408e1c532f40f91 P 141af11506424a92a1a70f34cbe1816c [term 2 FOLLOWER]: Advancing to term 3
I0916 07:55:35.788770 361 raft_consensus.cc:1184] T 2dfc43d2bb0645c89408e1c532f40f91 P 141af11506424a92a1a70f34cbe1816c [term 3 FOLLOWER]: Refusing update from remote peer 0ec6c605f3f841deaf9a88d578a83da5: Log matching property violated. Preceding OpId in replica: term: 2 index: 2. Preceding OpId from leader: term: 3 index: 3. (index mismatch)
I0916 07:55:35.790040 484 consensus_queue.cc:984] T 2dfc43d2bb0645c89408e1c532f40f91 P 0ec6c605f3f841deaf9a88d578a83da5 [LEADER]: Connected to new peer: Peer: permanent_uuid: "141af11506424a92a1a70f34cbe1816c" member_type: VOTER last_known_addr { host: "127.0.61.1" port: 41065 }, Status: LMP_MISMATCH, Last received: 0.0, Next index: 3, Last known committed idx: 2, Time since last communication: 0.000s
I0916 07:55:35.915702 244 tablet_server.cc:159] TabletServer@127.0.61.1:41065 shutting down...
I0916 07:55:35.930315 244 ts_tablet_manager.cc:1159] Shutting down tablet manager...
I0916 07:55:35.930595 244 tablet_replica.cc:273] T 2dfc43d2bb0645c89408e1c532f40f91 P 141af11506424a92a1a70f34cbe1816c: stopping tablet replica
I0916 07:55:35.930958 244 raft_consensus.cc:2147] T 2dfc43d2bb0645c89408e1c532f40f91 P 141af11506424a92a1a70f34cbe1816c [term 3 FOLLOWER]: Raft consensus shutting down.
I0916 07:55:35.931246 244 raft_consensus.cc:2174] T 2dfc43d2bb0645c89408e1c532f40f91 P 141af11506424a92a1a70f34cbe1816c [term 3 FOLLOWER]: Raft consensus is shut down!
I0916 07:55:36.011404 244 tablet_server.cc:173] TabletServer@127.0.61.1:41065 shutdown complete.
I0916 07:55:36.017793 244 tablet_server.cc:159] TabletServer@127.0.61.2:34717 shutting down...
I0916 07:55:36.031610 244 ts_tablet_manager.cc:1159] Shutting down tablet manager...
I0916 07:55:36.031895 244 tablet_replica.cc:273] T 2dfc43d2bb0645c89408e1c532f40f91 P 0ec6c605f3f841deaf9a88d578a83da5: stopping tablet replica
I0916 07:55:36.032173 244 raft_consensus.cc:2147] T 2dfc43d2bb0645c89408e1c532f40f91 P 0ec6c605f3f841deaf9a88d578a83da5 [term 3 LEADER]: Raft consensus shutting down.
I0916 07:55:36.032626 244 raft_consensus.cc:2174] T 2dfc43d2bb0645c89408e1c532f40f91 P 0ec6c605f3f841deaf9a88d578a83da5 [term 3 FOLLOWER]: Raft consensus is shut down!
I0916 07:55:36.058912 244 tablet_server.cc:173] TabletServer@127.0.61.2:34717 shutdown complete.
I0916 07:55:36.064622 244 master.cc:247] Master@127.0.61.62:34869 shutting down...
I0916 07:55:36.120921 244 raft_consensus.cc:2147] T 00000000000000000000000000000000 P c1a56072d9734b5c943b74821e8a8dd3 [term 1 LEADER]: Raft consensus shutting down.
I0916 07:55:36.121301 244 raft_consensus.cc:2174] T 00000000000000000000000000000000 P c1a56072d9734b5c943b74821e8a8dd3 [term 1 FOLLOWER]: Raft consensus is shut down!
I0916 07:55:36.121495 244 tablet_replica.cc:273] T 00000000000000000000000000000000 P c1a56072d9734b5c943b74821e8a8dd3: stopping tablet replica
I0916 07:55:36.137439 244 master.cc:258] Master@127.0.61.62:34869 shutdown complete. [ OK ] TsTabletManagerITest.TestReportNewLeaderOnLeaderChange (4419 ms) [ RUN ] TsTabletManagerITest.ReportOnReplicaHealthStatus
I0916 07:55:36.157083 244 internal_mini_cluster.cc:146] Creating distributed mini masters. Addrs: 127.0.61.62:39659
I0916 07:55:36.168509 244 system_ntp.cc:193] NTP initialized. Skew: 500ppm Current error: 44016us
I0916 07:55:36.168874 244 fs_manager.cc:263] Metadata directory not provided
I0916 07:55:36.168995 244 fs_manager.cc:269] Using write-ahead log directory (fs_wal_dir) as metadata directory
I0916 07:55:36.169160 244 server_base.cc:452] Could not load existing FS layout: Not found: could not find a healthy instance file
I0916 07:55:36.169265 244 server_base.cc:453] Attempting to create new FS layout instead
I0916 07:55:36.170120 244 fs_manager.cc:602] Generated new instance metadata in path /tmp/dist-test-taska4lOjz/test-tmp/ts_tablet_manager-itest.0.TsTabletManagerITest.ReportOnReplicaHealthStatus.1568620531643032-244/minicluster-data/master-0-root/instance: uuid: "fd268f40e6b840f3a8b2334c84e40210" format_stamp: "Formatted at 2019-09-16 07:55:36 on dist-test-slave-dist-test-slave-p3b0"
I0916 07:55:36.177829 244 fs_manager.cc:503] Time spent creating directory manager: real 0.007s user 0.006s sys 0.002s
I0916 07:55:36.179102 244 file_cache.cc:465] Constructed file cache lbm with capacity 419430
I0916 07:55:36.185320 244 fs_manager.cc:419] Time spent opening block manager: real 0.001s user 0.000s sys 0.000s
I0916 07:55:36.185482 244 fs_manager.cc:436] Opened local filesystem: /tmp/dist-test-taska4lOjz/test-tmp/ts_tablet_manager-itest.0.TsTabletManagerITest.ReportOnReplicaHealthStatus.1568620531643032-244/minicluster-data/master-0-root uuid: "fd268f40e6b840f3a8b2334c84e40210" format_stamp: "Formatted at 2019-09-16 07:55:36 on dist-test-slave-dist-test-slave-p3b0"
I0916 07:55:36.185704 244 fs_report.cc:352] FS layout report -------------------- wal directory: /tmp/dist-test-taska4lOjz/test-tmp/ts_tablet_manager-itest.0.TsTabletManagerITest.ReportOnReplicaHealthStatus.1568620531643032-244/minicluster-data/master-0-root metadata directory: /tmp/dist-test-taska4lOjz/test-tmp/ts_tablet_manager-itest.0.TsTabletManagerITest.ReportOnReplicaHealthStatus.1568620531643032-244/minicluster-data/master-0-root 1 data directories: /tmp/dist-test-taska4lOjz/test-tmp/ts_tablet_manager-itest.0.TsTabletManagerITest.ReportOnReplicaHealthStatus.1568620531643032-244/minicluster-data/master-0-root/data Total live blocks: 0 Total live bytes: 0 Total live bytes (after alignment): 0 Total number of LBM containers: 0 (0 full) Did not check for missing blocks Did not check for orphaned blocks Total full LBM containers with extra space: 0 (0 repaired) Total full LBM container extra space in bytes: 0 (0 repaired) Total incomplete LBM containers: 0 (0 repaired) Total LBM partial records: 0 (0 repaired)
I0916 07:55:36.265365 244 rpc_server.cc:205] RPC server started. Bound to: 127.0.61.62:39659
I0916 07:55:36.266940 244 webserver.cc:374] Webserver started at http://127.0.61.62:36157/ using document root and password file
I0916 07:55:36.268580 552 data_dirs.cc:939] Could only allocate 1 dirs of requested 3 for tablet 00000000000000000000000000000000. 1 dirs total, 0 dirs full, 0 dirs failed
I0916 07:55:36.275315 552 tablet_bootstrap.cc:439] T 00000000000000000000000000000000 P fd268f40e6b840f3a8b2334c84e40210: Bootstrap starting.
I0916 07:55:36.277418 552 tablet_bootstrap.cc:590] T 00000000000000000000000000000000 P fd268f40e6b840f3a8b2334c84e40210: No blocks or log segments found. Creating new log.
I0916 07:55:36.280099 552 tablet_bootstrap.cc:439] T 00000000000000000000000000000000 P fd268f40e6b840f3a8b2334c84e40210: No bootstrap required, opened a new log
I0916 07:55:36.281445 552 raft_consensus.cc:340] T 00000000000000000000000000000000 P fd268f40e6b840f3a8b2334c84e40210 [term 0 FOLLOWER]: Replica starting. Triggering 0 pending transactions. Active config: opid_index: -1 OBSOLETE_local: true peers { permanent_uuid: "fd268f40e6b840f3a8b2334c84e40210" member_type: VOTER }
I0916 07:55:36.281769 552 raft_consensus.cc:366] T 00000000000000000000000000000000 P fd268f40e6b840f3a8b2334c84e40210 [term 0 FOLLOWER]: Consensus starting up: Expiring failure detector timer to make a prompt election more likely
I0916 07:55:36.281932 552 raft_consensus.cc:705] T 00000000000000000000000000000000 P fd268f40e6b840f3a8b2334c84e40210 [term 0 FOLLOWER]: Becoming Follower/Learner. State: Replica: fd268f40e6b840f3a8b2334c84e40210, State: Initialized, Role: FOLLOWER
I0916 07:55:36.282346 552 consensus_queue.cc:229] T 00000000000000000000000000000000 P fd268f40e6b840f3a8b2334c84e40210 [NON_LEADER]: Queue going to NON_LEADER mode. State: All replicated index: 0, Majority replicated index: 0, Committed index: 0, Last appended: 0.0, Last appended by leader: 0, Current term: 0, Majority size: -1, State: 0, Mode: NON_LEADER, active raft config: opid_index: -1 OBSOLETE_local: true peers { permanent_uuid: "fd268f40e6b840f3a8b2334c84e40210" member_type: VOTER }
I0916 07:55:36.282714 552 raft_consensus.cc:380] T 00000000000000000000000000000000 P fd268f40e6b840f3a8b2334c84e40210 [term 0 FOLLOWER]: Only one voter in the Raft config. Triggering election immediately
I0916 07:55:36.282868 552 raft_consensus.cc:472] T 00000000000000000000000000000000 P fd268f40e6b840f3a8b2334c84e40210 [term 0 FOLLOWER]: Starting leader election (initial election of a single-replica configuration)
I0916 07:55:36.283074 552 raft_consensus.cc:2890] T 00000000000000000000000000000000 P fd268f40e6b840f3a8b2334c84e40210 [term 0 FOLLOWER]: Advancing to term 1
I0916 07:55:36.286322 552 raft_consensus.cc:494] T 00000000000000000000000000000000 P fd268f40e6b840f3a8b2334c84e40210 [term 1 FOLLOWER]: Starting leader election with config: opid_index: -1 OBSOLETE_local: true peers { permanent_uuid: "fd268f40e6b840f3a8b2334c84e40210" member_type: VOTER }
I0916 07:55:36.286721 552 leader_election.cc:310] T 00000000000000000000000000000000 P fd268f40e6b840f3a8b2334c84e40210 [CANDIDATE]: Term 1 election: Election decided. Result: candidate won. Election summary: received 1 responses out of 1 voters: 1 yes votes; 0 no votes. yes voters: fd268f40e6b840f3a8b2334c84e40210; no voters:
I0916 07:55:36.287767 552 leader_election.cc:296] T 00000000000000000000000000000000 P fd268f40e6b840f3a8b2334c84e40210 [CANDIDATE]: Term 1 election: Requested vote from peers
I0916 07:55:36.287984 554 raft_consensus.cc:2644] T 00000000000000000000000000000000 P fd268f40e6b840f3a8b2334c84e40210 [term 1 FOLLOWER]: Leader election won for term 1
I0916 07:55:36.289517 554 raft_consensus.cc:667] T 00000000000000000000000000000000 P fd268f40e6b840f3a8b2334c84e40210 [term 1 LEADER]: Becoming Leader. State: Replica: fd268f40e6b840f3a8b2334c84e40210, State: Running, Role: LEADER
I0916 07:55:36.289894 554 consensus_queue.cc:206] T 00000000000000000000000000000000 P fd268f40e6b840f3a8b2334c84e40210 [LEADER]: Queue going to LEADER mode. State: All replicated index: 0, Majority replicated index: 0, Committed index: 0, Last appended: 0.0, Last appended by leader: 0, Current term: 1, Majority size: 1, State: 0, Mode: LEADER, active raft config: opid_index: -1 OBSOLETE_local: true peers { permanent_uuid: "fd268f40e6b840f3a8b2334c84e40210" member_type: VOTER }
I0916 07:55:36.292253 552 sys_catalog.cc:340] T 00000000000000000000000000000000 P fd268f40e6b840f3a8b2334c84e40210 [sys.catalog]: SysCatalogTable state changed. Reason: Started TabletReplica. Latest consensus state: current_term: 1 leader_uuid: "fd268f40e6b840f3a8b2334c84e40210" committed_config { opid_index: -1 OBSOLETE_local: true peers { permanent_uuid: "fd268f40e6b840f3a8b2334c84e40210" member_type: VOTER } }
I0916 07:55:36.292429 555 sys_catalog.cc:340] T 00000000000000000000000000000000 P fd268f40e6b840f3a8b2334c84e40210 [sys.catalog]: SysCatalogTable state changed. Reason: RaftConsensus started. Latest consensus state: current_term: 1 leader_uuid: "fd268f40e6b840f3a8b2334c84e40210" committed_config { opid_index: -1 OBSOLETE_local: true peers { permanent_uuid: "fd268f40e6b840f3a8b2334c84e40210" member_type: VOTER } }
I0916 07:55:36.292294 556 sys_catalog.cc:340] T 00000000000000000000000000000000 P fd268f40e6b840f3a8b2334c84e40210 [sys.catalog]: SysCatalogTable state changed. Reason: New leader fd268f40e6b840f3a8b2334c84e40210. Latest consensus state: current_term: 1 leader_uuid: "fd268f40e6b840f3a8b2334c84e40210" committed_config { opid_index: -1 OBSOLETE_local: true peers { permanent_uuid: "fd268f40e6b840f3a8b2334c84e40210" member_type: VOTER } }
I0916 07:55:36.292822 552 sys_catalog.cc:343] T 00000000000000000000000000000000 P fd268f40e6b840f3a8b2334c84e40210 [sys.catalog]: This master's current role is: LEADER
I0916 07:55:36.292908 555 sys_catalog.cc:343] T 00000000000000000000000000000000 P fd268f40e6b840f3a8b2334c84e40210 [sys.catalog]: This master's current role is: LEADER
I0916 07:55:36.292917 556 sys_catalog.cc:343] T 00000000000000000000000000000000 P fd268f40e6b840f3a8b2334c84e40210 [sys.catalog]: This master's current role is: LEADER
I0916 07:55:36.295085 552 sys_catalog.cc:428] T 00000000000000000000000000000000 P fd268f40e6b840f3a8b2334c84e40210 [sys.catalog]: configured and running, proceeding with master startup.
I0916 07:55:36.295347 558 catalog_manager.cc:1086] Loading table and tablet metadata into memory...
I0916 07:55:36.299446 558 catalog_manager.cc:1097] Initializing Kudu internal certificate authority...
I0916 07:55:36.305225 244 internal_mini_cluster.cc:166] Waiting to initialize catalog manager on master 0
I0916 07:55:36.339293 558 catalog_manager.cc:981] Generated new certificate authority record
I0916 07:55:36.340728 558 catalog_manager.cc:1106] Loading token signing keys...
I0916 07:55:36.349833 558 catalog_manager.cc:4435] T 00000000000000000000000000000000 P fd268f40e6b840f3a8b2334c84e40210: Generated new TSK 0
I0916 07:55:36.381983 244 system_ntp.cc:193] NTP initialized. Skew: 500ppm Current error: 44016us
I0916 07:55:36.382356 244 fs_manager.cc:263] Metadata directory not provided
I0916 07:55:36.382498 244 fs_manager.cc:269] Using write-ahead log directory (fs_wal_dir) as metadata directory
I0916 07:55:36.382683 244 server_base.cc:452] Could not load existing FS layout: Not found: could not find a healthy instance file
I0916 07:55:36.382786 244 server_base.cc:453] Attempting to create new FS layout instead
I0916 07:55:36.383689 244 fs_manager.cc:602] Generated new instance metadata in path /tmp/dist-test-taska4lOjz/test-tmp/ts_tablet_manager-itest.0.TsTabletManagerITest.ReportOnReplicaHealthStatus.1568620531643032-244/minicluster-data/ts-0-root/instance: uuid: "b90a2dd4b68e4342b3a38b0d10ccff9a" format_stamp: "Formatted at 2019-09-16 07:55:36 on dist-test-slave-dist-test-slave-p3b0"
I0916 07:55:36.391541 244 fs_manager.cc:503] Time spent creating directory manager: real 0.007s user 0.009s sys 0.001s
I0916 07:55:36.393003 244 file_cache.cc:465] Constructed file cache lbm with capacity 419430
I0916 07:55:36.399134 244 fs_manager.cc:419] Time spent opening block manager: real 0.001s user 0.001s sys 0.000s
I0916 07:55:36.399332 244 fs_manager.cc:436] Opened local filesystem: /tmp/dist-test-taska4lOjz/test-tmp/ts_tablet_manager-itest.0.TsTabletManagerITest.ReportOnReplicaHealthStatus.1568620531643032-244/minicluster-data/ts-0-root uuid: "b90a2dd4b68e4342b3a38b0d10ccff9a" format_stamp: "Formatted at 2019-09-16 07:55:36 on dist-test-slave-dist-test-slave-p3b0"
