W0916 07:55:43.421764 1134 consensus_peers.cc:458] T 00000000000000000000000000000000 P d933e518c06d4c7d8b4f743167c2c643 -> Peer 5fe1f662b7a54c0f823ca2d656131416 (127.0.61.61:37305): Couldn't send request to peer 5fe1f662b7a54c0f823ca2d656131416. Status: Network error: Client connection negotiation failed: client connection to 127.0.61.61:37305: connect: Connection refused (error 111). This is attempt 1: this message will repeat every 5th retry.
I0916 07:55:43.455139 1047 raft_consensus.cc:1184] T 00000000000000000000000000000000 P fd1e33dc408e40c7a8bae2850d5a6b6f [term 2 FOLLOWER]: Refusing update from remote peer d933e518c06d4c7d8b4f743167c2c643: Log matching property violated. Preceding OpId in replica: term: 1 index: 14. Preceding OpId from leader: term: 2 index: 15. (index mismatch)
I0916 07:55:43.456241 1550 consensus_queue.cc:984] T 00000000000000000000000000000000 P d933e518c06d4c7d8b4f743167c2c643 [LEADER]: Connected to new peer: Peer: permanent_uuid: "fd1e33dc408e40c7a8bae2850d5a6b6f" member_type: VOTER last_known_addr { host: "127.0.61.62" port: 33603 }, Status: LMP_MISMATCH, Last received: 0.0, Next index: 15, Last known committed idx: 14, Time since last communication: 0.000s
I0916 07:55:43.458827 1547 sys_catalog.cc:340] T 00000000000000000000000000000000 P fd1e33dc408e40c7a8bae2850d5a6b6f [sys.catalog]: SysCatalogTable state changed. Reason: New leader d933e518c06d4c7d8b4f743167c2c643. Latest consensus state: current_term: 2 leader_uuid: "d933e518c06d4c7d8b4f743167c2c643" committed_config { opid_index: -1 OBSOLETE_local: false peers { permanent_uuid: "fd1e33dc408e40c7a8bae2850d5a6b6f" member_type: VOTER last_known_addr { host: "127.0.61.62" port: 33603 } } peers { permanent_uuid: "5fe1f662b7a54c0f823ca2d656131416" member_type: VOTER last_known_addr { host: "127.0.61.61" port: 37305 } } peers { permanent_uuid: "d933e518c06d4c7d8b4f743167c2c643" member_type: VOTER last_known_addr { host: "127.0.61.60" port: 37785 } } }
I0916 07:55:43.459527 1547 sys_catalog.cc:343] T 00000000000000000000000000000000 P fd1e33dc408e40c7a8bae2850d5a6b6f [sys.catalog]: This master's current role is: FOLLOWER
I0916 07:55:43.461679 1546 sys_catalog.cc:340] T 00000000000000000000000000000000 P d933e518c06d4c7d8b4f743167c2c643 [sys.catalog]: SysCatalogTable state changed. Reason: Peer health change. Latest consensus state: current_term: 2 leader_uuid: "d933e518c06d4c7d8b4f743167c2c643" committed_config { opid_index: -1 OBSOLETE_local: false peers { permanent_uuid: "fd1e33dc408e40c7a8bae2850d5a6b6f" member_type: VOTER last_known_addr { host: "127.0.61.62" port: 33603 } } peers { permanent_uuid: "5fe1f662b7a54c0f823ca2d656131416" member_type: VOTER last_known_addr { host: "127.0.61.61" port: 37305 } } peers { permanent_uuid: "d933e518c06d4c7d8b4f743167c2c643" member_type: VOTER last_known_addr { host: "127.0.61.60" port: 37785 } } }
I0916 07:55:43.462539 1546 sys_catalog.cc:343] T 00000000000000000000000000000000 P d933e518c06d4c7d8b4f743167c2c643 [sys.catalog]: This master's current role is: LEADER
I0916 07:55:43.465312 1547 sys_catalog.cc:340] T 00000000000000000000000000000000 P fd1e33dc408e40c7a8bae2850d5a6b6f [sys.catalog]: SysCatalogTable state changed. Reason: Replicated consensus-only round. Latest consensus state: current_term: 2 leader_uuid: "d933e518c06d4c7d8b4f743167c2c643" committed_config { opid_index: -1 OBSOLETE_local: false peers { permanent_uuid: "fd1e33dc408e40c7a8bae2850d5a6b6f" member_type: VOTER last_known_addr { host: "127.0.61.62" port: 33603 } } peers { permanent_uuid: "5fe1f662b7a54c0f823ca2d656131416" member_type: VOTER last_known_addr { host: "127.0.61.61" port: 37305 } } peers { permanent_uuid: "d933e518c06d4c7d8b4f743167c2c643" member_type: VOTER last_known_addr { host: "127.0.61.60" port: 37785 } } }
I0916 07:55:43.466015 1547 sys_catalog.cc:343] T 00000000000000000000000000000000 P fd1e33dc408e40c7a8bae2850d5a6b6f [sys.catalog]: This master's current role is: FOLLOWER
I0916 07:55:43.515604 244 rpc_server.cc:205] RPC server started. Bound to: 127.0.61.61:37305
I0916 07:55:43.517833 244 webserver.cc:374] Webserver started at http://127.0.61.61:38341/ using document root and password file
I0916 07:55:43.524369 1608 sys_catalog.cc:188] Verifying existing consensus state
I0916 07:55:43.527978 1608 tablet_bootstrap.cc:439] T 00000000000000000000000000000000 P 5fe1f662b7a54c0f823ca2d656131416: Bootstrap starting.
I0916 07:55:43.542503 1344 heartbeater.cc:447] Master 127.0.61.60:37785 was elected leader, sending a full tablet report...
I0916 07:55:43.544132 1273 heartbeater.cc:447] Master 127.0.61.60:37785 was elected leader, sending a full tablet report...
I0916 07:55:43.554677 1415 heartbeater.cc:447] Master 127.0.61.60:37785 was elected leader, sending a full tablet report...
I0916 07:55:43.589802 1149 catalog_manager.cc:4580] T 00000000000000000000000000000000 P d933e518c06d4c7d8b4f743167c2c643: NewTableName [id=074536fca6144499906b7c13e035c370] alter complete (version 1)
I0916 07:55:43.599375 1345 heartbeater.cc:322] Connected to a master server at 127.0.61.61:37305
I0916 07:55:43.607246 1608 tablet_bootstrap.cc:439] T 00000000000000000000000000000000 P 5fe1f662b7a54c0f823ca2d656131416: Bootstrap replayed 1/1 log segments. Stats: ops{read=14 overwritten=0 applied=14 ignored=0} inserts{seen=6 ignored=0} mutations{seen=12 ignored=0} orphaned_commits=0. Pending: 0 replicates
I0916 07:55:43.614037 1608 tablet_bootstrap.cc:439] T 00000000000000000000000000000000 P 5fe1f662b7a54c0f823ca2d656131416: Bootstrap complete.
I0916 07:55:43.620963 1274 heartbeater.cc:322] Connected to a master server at 127.0.61.61:37305
I0916 07:55:43.623842 1416 heartbeater.cc:322] Connected to a master server at 127.0.61.61:37305
I0916 07:55:43.633810 244 master.cc:247] Master@127.0.61.60:37785 shutting down...
I0916 07:55:43.640813 1608 raft_consensus.cc:340] T 00000000000000000000000000000000 P 5fe1f662b7a54c0f823ca2d656131416 [term 1 FOLLOWER]: Replica starting. Triggering 0 pending transactions. Active config: opid_index: -1 OBSOLETE_local: false peers { permanent_uuid: "fd1e33dc408e40c7a8bae2850d5a6b6f" member_type: VOTER last_known_addr { host: "127.0.61.62" port: 33603 } } peers { permanent_uuid: "5fe1f662b7a54c0f823ca2d656131416" member_type: VOTER last_known_addr { host: "127.0.61.61" port: 37305 } } peers { permanent_uuid: "d933e518c06d4c7d8b4f743167c2c643" member_type: VOTER last_known_addr { host: "127.0.61.60" port: 37785 } }
I0916 07:55:43.647662 1608 raft_consensus.cc:705] T 00000000000000000000000000000000 P 5fe1f662b7a54c0f823ca2d656131416 [term 1 FOLLOWER]: Becoming Follower/Learner. State: Replica: 5fe1f662b7a54c0f823ca2d656131416, State: Initialized, Role: FOLLOWER
I0916 07:55:43.653605 1133 messenger.cc:381] Service unavailable: service kudu.master.MasterService not registered on Master
I0916 07:55:43.710372 1608 consensus_queue.cc:229] T 00000000000000000000000000000000 P 5fe1f662b7a54c0f823ca2d656131416 [NON_LEADER]: Queue going to NON_LEADER mode. State: All replicated index: 0, Majority replicated index: 0, Committed index: 14, Last appended: 1.14, Last appended by leader: 14, Current term: 0, Majority size: -1, State: 0, Mode: NON_LEADER, active raft config: opid_index: -1 OBSOLETE_local: false peers { permanent_uuid: "fd1e33dc408e40c7a8bae2850d5a6b6f" member_type: VOTER last_known_addr { host: "127.0.61.62" port: 33603 } } peers { permanent_uuid: "5fe1f662b7a54c0f823ca2d656131416" member_type: VOTER last_known_addr { host: "127.0.61.61" port: 37305 } } peers { permanent_uuid: "d933e518c06d4c7d8b4f743167c2c643" member_type: VOTER last_known_addr { host: "127.0.61.60" port: 37785 } }
I0916 07:55:43.714685 1133 messenger.cc:381] Service unavailable: service kudu.master.MasterService not registered on Master
I0916 07:55:43.727550 1133 messenger.cc:381] Service unavailable: service kudu.master.MasterService not registered on Master
I0916 07:55:43.733109 1135 messenger.cc:381] Service unavailable: service kudu.master.MasterService not registered on Master
I0916 07:55:43.732586 1608 sys_catalog.cc:340] T 00000000000000000000000000000000 P 5fe1f662b7a54c0f823ca2d656131416 [sys.catalog]: SysCatalogTable state changed. Reason: Started TabletReplica. Latest consensus state: current_term: 1 committed_config { opid_index: -1 OBSOLETE_local: false peers { permanent_uuid: "fd1e33dc408e40c7a8bae2850d5a6b6f" member_type: VOTER last_known_addr { host: "127.0.61.62" port: 33603 } } peers { permanent_uuid: "5fe1f662b7a54c0f823ca2d656131416" member_type: VOTER last_known_addr { host: "127.0.61.61" port: 37305 } } peers { permanent_uuid: "d933e518c06d4c7d8b4f743167c2c643" member_type: VOTER last_known_addr { host: "127.0.61.60" port: 37785 } } }
I0916 07:55:43.734283 1608 sys_catalog.cc:343] T 00000000000000000000000000000000 P 5fe1f662b7a54c0f823ca2d656131416 [sys.catalog]: This master's current role is: FOLLOWER
I0916 07:55:43.737118 1617 sys_catalog.cc:340] T 00000000000000000000000000000000 P 5fe1f662b7a54c0f823ca2d656131416 [sys.catalog]: SysCatalogTable state changed. Reason: RaftConsensus started. Latest consensus state: current_term: 1 committed_config { opid_index: -1 OBSOLETE_local: false peers { permanent_uuid: "fd1e33dc408e40c7a8bae2850d5a6b6f" member_type: VOTER last_known_addr { host: "127.0.61.62" port: 33603 } } peers { permanent_uuid: "5fe1f662b7a54c0f823ca2d656131416" member_type: VOTER last_known_addr { host: "127.0.61.61" port: 37305 } } peers { permanent_uuid: "d933e518c06d4c7d8b4f743167c2c643" member_type: VOTER last_known_addr { host: "127.0.61.60" port: 37785 } } }
I0916 07:55:43.739521 1617 sys_catalog.cc:343] T 00000000000000000000000000000000 P 5fe1f662b7a54c0f823ca2d656131416 [sys.catalog]: This master's current role is: FOLLOWER
I0916 07:55:43.740782 1585 raft_consensus.cc:2890] T 00000000000000000000000000000000 P 5fe1f662b7a54c0f823ca2d656131416 [term 1 FOLLOWER]: Advancing to term 2
I0916 07:55:43.740427 1608 sys_catalog.cc:428] T 00000000000000000000000000000000 P 5fe1f662b7a54c0f823ca2d656131416 [sys.catalog]: configured and running, proceeding with master startup.
I0916 07:55:43.758211 244 raft_consensus.cc:2147] T 00000000000000000000000000000000 P d933e518c06d4c7d8b4f743167c2c643 [term 2 LEADER]: Raft consensus shutting down.
I0916 07:55:43.758843 244 raft_consensus.cc:2174] T 00000000000000000000000000000000 P d933e518c06d4c7d8b4f743167c2c643 [term 2 FOLLOWER]: Raft consensus is shut down!
I0916 07:55:43.759188 244 tablet_replica.cc:273] T 00000000000000000000000000000000 P d933e518c06d4c7d8b4f743167c2c643: stopping tablet replica
I0916 07:55:43.760762 1617 sys_catalog.cc:340] T 00000000000000000000000000000000 P 5fe1f662b7a54c0f823ca2d656131416 [sys.catalog]: SysCatalogTable state changed. Reason: New leader d933e518c06d4c7d8b4f743167c2c643. Latest consensus state: current_term: 2 leader_uuid: "d933e518c06d4c7d8b4f743167c2c643" committed_config { opid_index: -1 OBSOLETE_local: false peers { permanent_uuid: "fd1e33dc408e40c7a8bae2850d5a6b6f" member_type: VOTER last_known_addr { host: "127.0.61.62" port: 33603 } } peers { permanent_uuid: "5fe1f662b7a54c0f823ca2d656131416" member_type: VOTER last_known_addr { host: "127.0.61.61" port: 37305 } } peers { permanent_uuid: "d933e518c06d4c7d8b4f743167c2c643" member_type: VOTER last_known_addr { host: "127.0.61.60" port: 37785 } } }
I0916 07:55:43.761941 1617 sys_catalog.cc:343] T 00000000000000000000000000000000 P 5fe1f662b7a54c0f823ca2d656131416 [sys.catalog]: This master's current role is: FOLLOWER
I0916 07:55:43.763931 1575 master_service.cc:229] Got heartbeat from unknown tserver (permanent_uuid: "2f1f69d5d2dc4d7f8a6ffc7bcfb07c90" instance_seqno: 1568620540262017) as {username='slave'} at 127.0.0.1:42826; Asking this server to re-register.
I0916 07:55:43.766593 1416 heartbeater.cc:406] Registering TS with master...
I0916 07:55:43.768673 1619 catalog_manager.cc:1142] T 00000000000000000000000000000000 P 5fe1f662b7a54c0f823ca2d656131416: acquiring CA information for follower catalog manager: success
I0916 07:55:43.769073 1575 ts_manager.cc:161] Registered new tserver with Master: 2f1f69d5d2dc4d7f8a6ffc7bcfb07c90 (127.0.61.3:45451)
I0916 07:55:43.764633 1622 sys_catalog.cc:340] T 00000000000000000000000000000000 P 5fe1f662b7a54c0f823ca2d656131416 [sys.catalog]: SysCatalogTable state changed. Reason: Replicated consensus-only round. Latest consensus state: current_term: 2 leader_uuid: "d933e518c06d4c7d8b4f743167c2c643" committed_config { opid_index: -1 OBSOLETE_local: false peers { permanent_uuid: "fd1e33dc408e40c7a8bae2850d5a6b6f" member_type: VOTER last_known_addr { host: "127.0.61.62" port: 33603 } } peers { permanent_uuid: "5fe1f662b7a54c0f823ca2d656131416" member_type: VOTER last_known_addr { host: "127.0.61.61" port: 37305 } } peers { permanent_uuid: "d933e518c06d4c7d8b4f743167c2c643" member_type: VOTER last_known_addr { host: "127.0.61.60" port: 37785 } } }
I0916 07:55:43.769793 1622 sys_catalog.cc:343] T 00000000000000000000000000000000 P 5fe1f662b7a54c0f823ca2d656131416 [sys.catalog]: This master's current role is: FOLLOWER
I0916 07:55:43.774718 1619 catalog_manager.cc:1170] T 00000000000000000000000000000000 P 5fe1f662b7a54c0f823ca2d656131416: importing token verification keys for follower catalog manager: success; most recent TSK sequence number 0
I0916 07:55:43.783994 244 master.cc:258] Master@127.0.61.60:37785 shutdown complete.
I0916 07:55:43.831336 1575 master_service.cc:229] Got heartbeat from unknown tserver (permanent_uuid: "39273ba79fdb4d31abbb34278b8b1709" instance_seqno: 1568620539861819) as {username='slave'} at 127.0.0.1:42824; Asking this server to re-register.
I0916 07:55:43.832439 1274 heartbeater.cc:406] Registering TS with master...
I0916 07:55:43.835005 1575 ts_manager.cc:161] Registered new tserver with Master: 39273ba79fdb4d31abbb34278b8b1709 (127.0.61.1:40619)
I0916 07:55:43.836235 1574 master_service.cc:229] Got heartbeat from unknown tserver (permanent_uuid: "bce8dbcd72a840bb8256dee0715b175f" instance_seqno: 1568620540049147) as {username='slave'} at 127.0.0.1:42822; Asking this server to re-register.
I0916 07:55:43.837685 1345 heartbeater.cc:406] Registering TS with master...
I0916 07:55:43.839761 1574 ts_manager.cc:161] Registered new tserver with Master: bce8dbcd72a840bb8256dee0715b175f (127.0.61.2:39401)
I0916 07:55:43.915010 1547 raft_consensus.cc:472] T 00000000000000000000000000000000 P fd1e33dc408e40c7a8bae2850d5a6b6f [term 2 FOLLOWER]: Starting pre-election (detected failure of leader d933e518c06d4c7d8b4f743167c2c643)
I0916 07:55:43.915410 1547 raft_consensus.cc:494] T 00000000000000000000000000000000 P fd1e33dc408e40c7a8bae2850d5a6b6f [term 2 FOLLOWER]: Starting pre-election with config: opid_index: -1 OBSOLETE_local: false peers { permanent_uuid: "fd1e33dc408e40c7a8bae2850d5a6b6f" member_type: VOTER last_known_addr { host: "127.0.61.62" port: 33603 } } peers { permanent_uuid: "5fe1f662b7a54c0f823ca2d656131416" member_type: VOTER last_known_addr { host: "127.0.61.61" port: 37305 } } peers { permanent_uuid: "d933e518c06d4c7d8b4f743167c2c643" member_type: VOTER last_known_addr { host: "127.0.61.60" port: 37785 } }
I0916 07:55:43.916860 1547 leader_election.cc:296] T 00000000000000000000000000000000 P fd1e33dc408e40c7a8bae2850d5a6b6f [CANDIDATE]: Term 3 pre-election: Requested pre-vote from peers 5fe1f662b7a54c0f823ca2d656131416 (127.0.61.61:37305), d933e518c06d4c7d8b4f743167c2c643 (127.0.61.60:37785)
W0916 07:55:43.924809 1019 leader_election.cc:341] T 00000000000000000000000000000000 P fd1e33dc408e40c7a8bae2850d5a6b6f [CANDIDATE]: Term 3 pre-election: RPC error from VoteRequest() call to peer d933e518c06d4c7d8b4f743167c2c643 (127.0.61.60:37785): Network error: Client connection negotiation failed: client connection to 127.0.61.60:37785: connect: Connection refused (error 111)
I0916 07:55:43.932971 1585 tablet_service.cc:1295] Received RequestConsensusVote() RPC: tablet_id: "00000000000000000000000000000000" candidate_uuid: "fd1e33dc408e40c7a8bae2850d5a6b6f" candidate_term: 3 candidate_status { last_received { term: 2 index: 16 } } ignore_live_leader: false dest_uuid: "5fe1f662b7a54c0f823ca2d656131416" is_pre_election: true
I0916 07:55:43.933619 1585 raft_consensus.cc:2311] T 00000000000000000000000000000000 P 5fe1f662b7a54c0f823ca2d656131416 [term 2 FOLLOWER]: Leader pre-election vote request: Denying vote to candidate fd1e33dc408e40c7a8bae2850d5a6b6f for term 3 because replica is either leader or believes a valid leader to be alive.
I0916 07:55:43.934481 1020 leader_election.cc:310] T 00000000000000000000000000000000 P fd1e33dc408e40c7a8bae2850d5a6b6f [CANDIDATE]: Term 3 pre-election: Election decided. Result: candidate lost. Election summary: received 3 responses out of 3 voters: 1 yes votes; 2 no votes. yes voters: fd1e33dc408e40c7a8bae2850d5a6b6f; no voters: 5fe1f662b7a54c0f823ca2d656131416, d933e518c06d4c7d8b4f743167c2c643
I0916 07:55:43.935427 1547 raft_consensus.cc:2592] T 00000000000000000000000000000000 P fd1e33dc408e40c7a8bae2850d5a6b6f [term 2 FOLLOWER]: Leader pre-election lost for term 3. Reason: could not achieve majority
I0916 07:55:43.950459 1622 raft_consensus.cc:472] T 00000000000000000000000000000000 P 5fe1f662b7a54c0f823ca2d656131416 [term 2 FOLLOWER]: Starting pre-election (detected failure of leader d933e518c06d4c7d8b4f743167c2c643)
I0916 07:55:43.950877 1622 raft_consensus.cc:494] T 00000000000000000000000000000000 P 5fe1f662b7a54c0f823ca2d656131416 [term 2 FOLLOWER]: Starting pre-election with config: opid_index: -1 OBSOLETE_local: false peers { permanent_uuid: "fd1e33dc408e40c7a8bae2850d5a6b6f" member_type: VOTER last_known_addr { host: "127.0.61.62" port: 33603 } } peers { permanent_uuid: "5fe1f662b7a54c0f823ca2d656131416" member_type: VOTER last_known_addr { host: "127.0.61.61" port: 37305 } } peers { permanent_uuid: "d933e518c06d4c7d8b4f743167c2c643" member_type: VOTER last_known_addr { host: "127.0.61.60" port: 37785 } }
I0916 07:55:43.952177 1622 leader_election.cc:296] T 00000000000000000000000000000000 P 5fe1f662b7a54c0f823ca2d656131416 [CANDIDATE]: Term 3 pre-election: Requested pre-vote from peers fd1e33dc408e40c7a8bae2850d5a6b6f (127.0.61.62:33603), d933e518c06d4c7d8b4f743167c2c643 (127.0.61.60:37785)
W0916 07:55:43.959514 1555 leader_election.cc:341] T 00000000000000000000000000000000 P 5fe1f662b7a54c0f823ca2d656131416 [CANDIDATE]: Term 3 pre-election: RPC error from VoteRequest() call to peer d933e518c06d4c7d8b4f743167c2c643 (127.0.61.60:37785): Network error: Client connection negotiation failed: client connection to 127.0.61.60:37785: connect: Connection refused (error 111)
I0916 07:55:43.964215 1047 tablet_service.cc:1295] Received RequestConsensusVote() RPC: tablet_id: "00000000000000000000000000000000" candidate_uuid: "5fe1f662b7a54c0f823ca2d656131416" candidate_term: 3 candidate_status { last_received { term: 2 index: 16 } } ignore_live_leader: false dest_uuid: "fd1e33dc408e40c7a8bae2850d5a6b6f" is_pre_election: true
I0916 07:55:43.964764 1047 raft_consensus.cc:2350] T 00000000000000000000000000000000 P fd1e33dc408e40c7a8bae2850d5a6b6f [term 2 FOLLOWER]: Leader pre-election vote request: Granting yes vote for candidate 5fe1f662b7a54c0f823ca2d656131416 in term 2.
I0916 07:55:43.965505 1557 leader_election.cc:310] T 00000000000000000000000000000000 P 5fe1f662b7a54c0f823ca2d656131416 [CANDIDATE]: Term 3 pre-election: Election decided. Result: candidate won. Election summary: received 3 responses out of 3 voters: 2 yes votes; 1 no votes. yes voters: 5fe1f662b7a54c0f823ca2d656131416, fd1e33dc408e40c7a8bae2850d5a6b6f; no voters: d933e518c06d4c7d8b4f743167c2c643
I0916 07:55:43.966135 1622 raft_consensus.cc:2644] T 00000000000000000000000000000000 P 5fe1f662b7a54c0f823ca2d656131416 [term 2 FOLLOWER]: Leader pre-election won for term 3
I0916 07:55:43.966346 1622 raft_consensus.cc:472] T 00000000000000000000000000000000 P 5fe1f662b7a54c0f823ca2d656131416 [term 2 FOLLOWER]: Starting leader election (detected failure of leader d933e518c06d4c7d8b4f743167c2c643)
I0916 07:55:43.966540 1622 raft_consensus.cc:2890] T 00000000000000000000000000000000 P 5fe1f662b7a54c0f823ca2d656131416 [term 2 FOLLOWER]: Advancing to term 3
I0916 07:55:43.970239 1622 raft_consensus.cc:494] T 00000000000000000000000000000000 P 5fe1f662b7a54c0f823ca2d656131416 [term 3 FOLLOWER]: Starting leader election with config: opid_index: -1 OBSOLETE_local: false peers { permanent_uuid: "fd1e33dc408e40c7a8bae2850d5a6b6f" member_type: VOTER last_known_addr { host: "127.0.61.62" port: 33603 } } peers { permanent_uuid: "5fe1f662b7a54c0f823ca2d656131416" member_type: VOTER last_known_addr { host: "127.0.61.61" port: 37305 } } peers { permanent_uuid: "d933e518c06d4c7d8b4f743167c2c643" member_type: VOTER last_known_addr { host: "127.0.61.60" port: 37785 } }
I0916 07:55:43.971405 1622 leader_election.cc:296] T 00000000000000000000000000000000 P 5fe1f662b7a54c0f823ca2d656131416 [CANDIDATE]: Term 3 election: Requested vote from peers fd1e33dc408e40c7a8bae2850d5a6b6f (127.0.61.62:33603), d933e518c06d4c7d8b4f743167c2c643 (127.0.61.60:37785)
I0916 07:55:43.972095 1047 tablet_service.cc:1295] Received RequestConsensusVote() RPC: tablet_id: "00000000000000000000000000000000" candidate_uuid: "5fe1f662b7a54c0f823ca2d656131416" candidate_term: 3 candidate_status { last_received { term: 2 index: 16 } } ignore_live_leader: false dest_uuid: "fd1e33dc408e40c7a8bae2850d5a6b6f"
W0916 07:55:43.972498 1555 leader_election.cc:341] T 00000000000000000000000000000000 P 5fe1f662b7a54c0f823ca2d656131416 [CANDIDATE]: Term 3 election: RPC error from VoteRequest() call to peer d933e518c06d4c7d8b4f743167c2c643 (127.0.61.60:37785): Network error: Client connection negotiation failed: client connection to 127.0.61.60:37785: connect: Connection refused (error 111)
I0916 07:55:43.972548 1047 raft_consensus.cc:2890] T 00000000000000000000000000000000 P fd1e33dc408e40c7a8bae2850d5a6b6f [term 2 FOLLOWER]: Advancing to term 3
I0916 07:55:43.976989 1047 raft_consensus.cc:2350] T 00000000000000000000000000000000 P fd1e33dc408e40c7a8bae2850d5a6b6f [term 3 FOLLOWER]: Leader election vote request: Granting yes vote for candidate 5fe1f662b7a54c0f823ca2d656131416 in term 3.
I0916 07:55:43.977699 1557 leader_election.cc:310] T 00000000000000000000000000000000 P 5fe1f662b7a54c0f823ca2d656131416 [CANDIDATE]: Term 3 election: Election decided. Result: candidate won. Election summary: received 3 responses out of 3 voters: 2 yes votes; 1 no votes. yes voters: 5fe1f662b7a54c0f823ca2d656131416, fd1e33dc408e40c7a8bae2850d5a6b6f; no voters: d933e518c06d4c7d8b4f743167c2c643
I0916 07:55:43.978265 1622 raft_consensus.cc:2644] T 00000000000000000000000000000000 P 5fe1f662b7a54c0f823ca2d656131416 [term 3 FOLLOWER]: Leader election won for term 3
I0916 07:55:43.978569 1622 raft_consensus.cc:667] T 00000000000000000000000000000000 P 5fe1f662b7a54c0f823ca2d656131416 [term 3 LEADER]: Becoming Leader. State: Replica: 5fe1f662b7a54c0f823ca2d656131416, State: Running, Role: LEADER
I0916 07:55:43.978927 1622 consensus_queue.cc:206] T 00000000000000000000000000000000 P 5fe1f662b7a54c0f823ca2d656131416 [LEADER]: Queue going to LEADER mode. State: All replicated index: 0, Majority replicated index: 16, Committed index: 16, Last appended: 2.16, Last appended by leader: 16, Current term: 3, Majority size: 2, State: 0, Mode: LEADER, active raft config: opid_index: -1 OBSOLETE_local: false peers { permanent_uuid: "fd1e33dc408e40c7a8bae2850d5a6b6f" member_type: VOTER last_known_addr { host: "127.0.61.62" port: 33603 } } peers { permanent_uuid: "5fe1f662b7a54c0f823ca2d656131416" member_type: VOTER last_known_addr { host: "127.0.61.61" port: 37305 } } peers { permanent_uuid: "d933e518c06d4c7d8b4f743167c2c643" member_type: VOTER last_known_addr { host: "127.0.61.60" port: 37785 } }
I0916 07:55:43.980705 1617 sys_catalog.cc:340] T 00000000000000000000000000000000 P 5fe1f662b7a54c0f823ca2d656131416 [sys.catalog]: SysCatalogTable state changed. Reason: New leader 5fe1f662b7a54c0f823ca2d656131416. Latest consensus state: current_term: 3 leader_uuid: "5fe1f662b7a54c0f823ca2d656131416" committed_config { opid_index: -1 OBSOLETE_local: false peers { permanent_uuid: "fd1e33dc408e40c7a8bae2850d5a6b6f" member_type: VOTER last_known_addr { host: "127.0.61.62" port: 33603 } } peers { permanent_uuid: "5fe1f662b7a54c0f823ca2d656131416" member_type: VOTER last_known_addr { host: "127.0.61.61" port: 37305 } } peers { permanent_uuid: "d933e518c06d4c7d8b4f743167c2c643" member_type: VOTER last_known_addr { host: "127.0.61.60" port: 37785 } } }
I0916 07:55:43.981197 1617 sys_catalog.cc:343] T 00000000000000000000000000000000 P 5fe1f662b7a54c0f823ca2d656131416 [sys.catalog]: This master's current role is: LEADER
I0916 07:55:43.982450 1629 catalog_manager.cc:1086] Loading table and tablet metadata into memory...
I0916 07:55:43.985347 1629 catalog_manager.cc:387] Loaded metadata for table NewTableName [id=074536fca6144499906b7c13e035c370]
I0916 07:55:43.988124 1629 catalog_manager.cc:441] Loaded metadata for tablet 6b5196040b094455ad661e9ab9e379c7 (table NewTableName [id=074536fca6144499906b7c13e035c370])
I0916 07:55:43.988811 1629 catalog_manager.cc:441] Loaded metadata for tablet e02eeaf40c1d4a299b70f4a8f1514e31 (table NewTableName [id=074536fca6144499906b7c13e035c370])
I0916 07:55:43.989418 1629 catalog_manager.cc:441] Loaded metadata for tablet e5cce06208f44e4fa384db94c0b624ae (table NewTableName [id=074536fca6144499906b7c13e035c370])
I0916 07:55:43.989915 1629 catalog_manager.cc:1097] Initializing Kudu internal certificate authority...
I0916 07:55:43.992727 1629 catalog_manager.cc:1106] Loading token signing keys...
I0916 07:55:43.995673 1629 catalog_manager.cc:4446] T 00000000000000000000000000000000 P 5fe1f662b7a54c0f823ca2d656131416: Loaded TSK: 0
I0916 07:55:44.008603 244 system_ntp.cc:193] NTP initialized. Skew: 500ppm Current error: 48016us
I0916 07:55:44.008960 244 fs_manager.cc:263] Metadata directory not provided
I0916 07:55:44.009088 244 fs_manager.cc:266] Using existing metadata directory in first data directory
I0916 07:55:44.011821 244 fs_manager.cc:399] Time spent opening directory manager: real 0.002s user 0.002s sys 0.001s
I0916 07:55:44.012941 244 file_cache.cc:465] Constructed file cache lbm with capacity 419430
I0916 07:55:44.023082 244 fs_manager.cc:419] Time spent opening block manager: real 0.003s user 0.002s sys 0.000s
I0916 07:55:44.023272 244 fs_manager.cc:436] Opened local filesystem: /tmp/dist-test-taska4lOjz/test-tmp/ts_tablet_manager-itest.0.TsTabletManagerITest.TestTableStats.1568620531643032-244/minicluster-data/master-2-root uuid: "d933e518c06d4c7d8b4f743167c2c643" format_stamp: "Formatted at 2019-09-16 07:55:39 on dist-test-slave-dist-test-slave-p3b0"
I0916 07:55:44.023495 244 fs_report.cc:352] FS layout report -------------------- wal directory: /tmp/dist-test-taska4lOjz/test-tmp/ts_tablet_manager-itest.0.TsTabletManagerITest.TestTableStats.1568620531643032-244/minicluster-data/master-2-root metadata directory: /tmp/dist-test-taska4lOjz/test-tmp/ts_tablet_manager-itest.0.TsTabletManagerITest.TestTableStats.1568620531643032-244/minicluster-data/master-2-root 1 data directories: /tmp/dist-test-taska4lOjz/test-tmp/ts_tablet_manager-itest.0.TsTabletManagerITest.TestTableStats.1568620531643032-244/minicluster-data/master-2-root/data Total live blocks: 0 Total live bytes: 0 Total live bytes (after alignment): 0 Total number of LBM containers: 0 (0 full) Did not check for missing blocks Did not check for orphaned blocks Total full LBM containers with extra space: 0 (0 repaired) Total full LBM container extra space in bytes: 0 (0 repaired) Total incomplete LBM containers: 0 (0 repaired) Total LBM partial records: 0 (0 repaired)
I0916 07:55:44.074414 1047 raft_consensus.cc:1184] T 00000000000000000000000000000000 P fd1e33dc408e40c7a8bae2850d5a6b6f [term 3 FOLLOWER]: Refusing update from remote peer 5fe1f662b7a54c0f823ca2d656131416: Log matching property violated. Preceding OpId in replica: term: 2 index: 16. Preceding OpId from leader: term: 3 index: 17. (index mismatch)
I0916 07:55:44.075899 1617 consensus_queue.cc:984] T 00000000000000000000000000000000 P 5fe1f662b7a54c0f823ca2d656131416 [LEADER]: Connected to new peer: Peer: permanent_uuid: "fd1e33dc408e40c7a8bae2850d5a6b6f" member_type: VOTER last_known_addr { host: "127.0.61.62" port: 33603 }, Status: LMP_MISMATCH, Last received: 0.0, Next index: 17, Last known committed idx: 16, Time since last communication: 0.000s
W0916 07:55:44.079823 1555 consensus_peers.cc:458] T 00000000000000000000000000000000 P 5fe1f662b7a54c0f823ca2d656131416 -> Peer d933e518c06d4c7d8b4f743167c2c643 (127.0.61.60:37785): Couldn't send request to peer d933e518c06d4c7d8b4f743167c2c643. Status: Network error: Client connection negotiation failed: client connection to 127.0.61.60:37785: connect: Connection refused (error 111). This is attempt 1: this message will repeat every 5th retry.
I0916 07:55:44.080116 1547 sys_catalog.cc:340] T 00000000000000000000000000000000 P fd1e33dc408e40c7a8bae2850d5a6b6f [sys.catalog]: SysCatalogTable state changed. Reason: New leader 5fe1f662b7a54c0f823ca2d656131416. Latest consensus state: current_term: 3 leader_uuid: "5fe1f662b7a54c0f823ca2d656131416" committed_config { opid_index: -1 OBSOLETE_local: false peers { permanent_uuid: "fd1e33dc408e40c7a8bae2850d5a6b6f" member_type: VOTER last_known_addr { host: "127.0.61.62" port: 33603 } } peers { permanent_uuid: "5fe1f662b7a54c0f823ca2d656131416" member_type: VOTER last_known_addr { host: "127.0.61.61" port: 37305 } } peers { permanent_uuid: "d933e518c06d4c7d8b4f743167c2c643" member_type: VOTER last_known_addr { host: "127.0.61.60" port: 37785 } } }
I0916 07:55:44.080972 1547 sys_catalog.cc:343] T 00000000000000000000000000000000 P fd1e33dc408e40c7a8bae2850d5a6b6f [sys.catalog]: This master's current role is: FOLLOWER
I0916 07:55:44.082214 244 rpc_server.cc:205] RPC server started. Bound to: 127.0.61.60:37785
I0916 07:55:44.085058 1617 sys_catalog.cc:340] T 00000000000000000000000000000000 P 5fe1f662b7a54c0f823ca2d656131416 [sys.catalog]: SysCatalogTable state changed. Reason: Peer health change. Latest consensus state: current_term: 3 leader_uuid: "5fe1f662b7a54c0f823ca2d656131416" committed_config { opid_index: -1 OBSOLETE_local: false peers { permanent_uuid: "fd1e33dc408e40c7a8bae2850d5a6b6f" member_type: VOTER last_known_addr { host: "127.0.61.62" port: 33603 } } peers { permanent_uuid: "5fe1f662b7a54c0f823ca2d656131416" member_type: VOTER last_known_addr { host: "127.0.61.61" port: 37305 } } peers { permanent_uuid: "d933e518c06d4c7d8b4f743167c2c643" member_type: VOTER last_known_addr { host: "127.0.61.60" port: 37785 } } }
I0916 07:55:44.085902 1617 sys_catalog.cc:343] T 00000000000000000000000000000000 P 5fe1f662b7a54c0f823ca2d656131416 [sys.catalog]: This master's current role is: LEADER
I0916 07:55:44.087242 244 webserver.cc:374] Webserver started at http://127.0.61.60:45039/ using document root and password file
I0916 07:55:44.088086 1547 sys_catalog.cc:340] T 00000000000000000000000000000000 P fd1e33dc408e40c7a8bae2850d5a6b6f [sys.catalog]: SysCatalogTable state changed. Reason: Replicated consensus-only round. Latest consensus state: current_term: 3 leader_uuid: "5fe1f662b7a54c0f823ca2d656131416" committed_config { opid_index: -1 OBSOLETE_local: false peers { permanent_uuid: "fd1e33dc408e40c7a8bae2850d5a6b6f" member_type: VOTER last_known_addr { host: "127.0.61.62" port: 33603 } } peers { permanent_uuid: "5fe1f662b7a54c0f823ca2d656131416" member_type: VOTER last_known_addr { host: "127.0.61.61" port: 37305 } } peers { permanent_uuid: "d933e518c06d4c7d8b4f743167c2c643" member_type: VOTER last_known_addr { host: "127.0.61.60" port: 37785 } } }
I0916 07:55:44.088898 1547 sys_catalog.cc:343] T 00000000000000000000000000000000 P fd1e33dc408e40c7a8bae2850d5a6b6f [sys.catalog]: This master's current role is: FOLLOWER
I0916 07:55:44.093084 1685 sys_catalog.cc:188] Verifying existing consensus state
I0916 07:55:44.096859 1685 tablet_bootstrap.cc:439] T 00000000000000000000000000000000 P d933e518c06d4c7d8b4f743167c2c643: Bootstrap starting.
I0916 07:55:44.130540 1685 tablet_bootstrap.cc:439] T 00000000000000000000000000000000 P d933e518c06d4c7d8b4f743167c2c643: Bootstrap replayed 1/1 log segments. Stats: ops{read=16 overwritten=0 applied=16 ignored=0} inserts{seen=6 ignored=0} mutations{seen=13 ignored=0} orphaned_commits=0. Pending: 0 replicates
I0916 07:55:44.131358 1685 tablet_bootstrap.cc:439] T 00000000000000000000000000000000 P d933e518c06d4c7d8b4f743167c2c643: Bootstrap complete.
I0916 07:55:44.133347 1685 raft_consensus.cc:340] T 00000000000000000000000000000000 P d933e518c06d4c7d8b4f743167c2c643 [term 2 FOLLOWER]: Replica starting. Triggering 0 pending transactions. Active config: opid_index: -1 OBSOLETE_local: false peers { permanent_uuid: "fd1e33dc408e40c7a8bae2850d5a6b6f" member_type: VOTER last_known_addr { host: "127.0.61.62" port: 33603 } } peers { permanent_uuid: "5fe1f662b7a54c0f823ca2d656131416" member_type: VOTER last_known_addr { host: "127.0.61.61" port: 37305 } } peers { permanent_uuid: "d933e518c06d4c7d8b4f743167c2c643" member_type: VOTER last_known_addr { host: "127.0.61.60" port: 37785 } }
I0916 07:55:44.134124 1685 raft_consensus.cc:705] T 00000000000000000000000000000000 P d933e518c06d4c7d8b4f743167c2c643 [term 2 FOLLOWER]: Becoming Follower/Learner. State: Replica: d933e518c06d4c7d8b4f743167c2c643, State: Initialized, Role: FOLLOWER
I0916 07:55:44.134670 1685 consensus_queue.cc:229] T 00000000000000000000000000000000 P d933e518c06d4c7d8b4f743167c2c643 [NON_LEADER]: Queue going to NON_LEADER mode. State: All replicated index: 0, Majority replicated index: 0, Committed index: 16, Last appended: 2.16, Last appended by leader: 16, Current term: 0, Majority size: -1, State: 0, Mode: NON_LEADER, active raft config: opid_index: -1 OBSOLETE_local: false peers { permanent_uuid: "fd1e33dc408e40c7a8bae2850d5a6b6f" member_type: VOTER last_known_addr { host: "127.0.61.62" port: 33603 } } peers { permanent_uuid: "5fe1f662b7a54c0f823ca2d656131416" member_type: VOTER last_known_addr { host: "127.0.61.61" port: 37305 } } peers { permanent_uuid: "d933e518c06d4c7d8b4f743167c2c643" member_type: VOTER last_known_addr { host: "127.0.61.60" port: 37785 } }
I0916 07:55:44.138887 1415 heartbeater.cc:322] Connected to a master server at 127.0.61.60:37785
I0916 07:55:44.142117 1274 heartbeater.cc:447] Master 127.0.61.61:37305 was elected leader, sending a full tablet report...
I0916 07:55:44.146600 1345 heartbeater.cc:447] Master 127.0.61.61:37305 was elected leader, sending a full tablet report...
I0916 07:55:44.157610 1688 sys_catalog.cc:340] T 00000000000000000000000000000000 P d933e518c06d4c7d8b4f743167c2c643 [sys.catalog]: SysCatalogTable state changed. Reason: RaftConsensus started. Latest consensus state: current_term: 2 committed_config { opid_index: -1 OBSOLETE_local: false peers { permanent_uuid: "fd1e33dc408e40c7a8bae2850d5a6b6f" member_type: VOTER last_known_addr { host: "127.0.61.62" port: 33603 } } peers { permanent_uuid: "5fe1f662b7a54c0f823ca2d656131416" member_type: VOTER last_known_addr { host: "127.0.61.61" port: 37305 } } peers { permanent_uuid: "d933e518c06d4c7d8b4f743167c2c643" member_type: VOTER last_known_addr { host: "127.0.61.60" port: 37785 } } }
I0916 07:55:44.158571 1688 sys_catalog.cc:343] T 00000000000000000000000000000000 P d933e518c06d4c7d8b4f743167c2c643 [sys.catalog]: This master's current role is: FOLLOWER
I0916 07:55:44.161629 1344 heartbeater.cc:322] Connected to a master server at 127.0.61.60:37785
I0916 07:55:44.137580 1685 sys_catalog.cc:340] T 00000000000000000000000000000000 P d933e518c06d4c7d8b4f743167c2c643 [sys.catalog]: SysCatalogTable state changed. Reason: Started TabletReplica. Latest consensus state: current_term: 2 committed_config { opid_index: -1 OBSOLETE_local: false peers { permanent_uuid: "fd1e33dc408e40c7a8bae2850d5a6b6f" member_type: VOTER last_known_addr { host: "127.0.61.62" port: 33603 } } peers { permanent_uuid: "5fe1f662b7a54c0f823ca2d656131416" member_type: VOTER last_known_addr { host: "127.0.61.61" port: 37305 } } peers { permanent_uuid: "d933e518c06d4c7d8b4f743167c2c643" member_type: VOTER last_known_addr { host: "127.0.61.60" port: 37785 } } }
I0916 07:55:44.165091 1685 sys_catalog.cc:343] T 00000000000000000000000000000000 P d933e518c06d4c7d8b4f743167c2c643 [sys.catalog]: This master's current role is: FOLLOWER
I0916 07:55:44.165858 1685 sys_catalog.cc:428] T 00000000000000000000000000000000 P d933e518c06d4c7d8b4f743167c2c643 [sys.catalog]: configured and running, proceeding with master startup.
I0916 07:55:44.171123 1273 heartbeater.cc:322] Connected to a master server at 127.0.61.60:37785
I0916 07:55:44.172688 1690 catalog_manager.cc:1142] T 00000000000000000000000000000000 P d933e518c06d4c7d8b4f743167c2c643: acquiring CA information for follower catalog manager: success
I0916 07:55:44.173818 1651 master_service.cc:229] Got heartbeat from unknown tserver (permanent_uuid: "39273ba79fdb4d31abbb34278b8b1709" instance_seqno: 1568620539861819) as {username='slave'} at 127.0.0.1:41138; Asking this server to re-register.
I0916 07:55:44.174962 1273 heartbeater.cc:406] Registering TS with master...
I0916 07:55:44.176183 1690 catalog_manager.cc:1170] T 00000000000000000000000000000000 P d933e518c06d4c7d8b4f743167c2c643: importing token verification keys for follower catalog manager: success; most recent TSK sequence number 0
I0916 07:55:44.177136 1651 ts_manager.cc:161] Registered new tserver with Master: 39273ba79fdb4d31abbb34278b8b1709 (127.0.61.1:40619)
I0916 07:55:44.179664 1416 heartbeater.cc:447] Master 127.0.61.61:37305 was elected leader, sending a full tablet report...
I0916 07:55:44.194516 1651 master_service.cc:229] Got heartbeat from unknown tserver (permanent_uuid: "2f1f69d5d2dc4d7f8a6ffc7bcfb07c90" instance_seqno: 1568620540262017) as {username='slave'} at 127.0.0.1:41134; Asking this server to re-register.
I0916 07:55:44.195816 1415 heartbeater.cc:406] Registering TS with master...
I0916 07:55:44.196027 244 master.cc:247] Master@127.0.61.61:37305 shutting down...
I0916 07:55:44.199313 1650 ts_manager.cc:161] Registered new tserver with Master: 2f1f69d5d2dc4d7f8a6ffc7bcfb07c90 (127.0.61.3:45451)
I0916 07:55:44.206218 1651 master_service.cc:229] Got heartbeat from unknown tserver (permanent_uuid: "bce8dbcd72a840bb8256dee0715b175f" instance_seqno: 1568620540049147) as {username='slave'} at 127.0.0.1:41136; Asking this server to re-register.
I0916 07:55:44.207547 1344 heartbeater.cc:406] Registering TS with master...
I0916 07:55:44.210506 1649 ts_manager.cc:161] Registered new tserver with Master: bce8dbcd72a840bb8256dee0715b175f (127.0.61.2:39401)
I0916 07:55:44.220113 1661 raft_consensus.cc:2890] T 00000000000000000000000000000000 P d933e518c06d4c7d8b4f743167c2c643 [term 2 FOLLOWER]: Advancing to term 3
I0916 07:55:44.233041 1693 sys_catalog.cc:340] T 00000000000000000000000000000000 P d933e518c06d4c7d8b4f743167c2c643 [sys.catalog]: SysCatalogTable state changed. Reason: Replicated consensus-only round. Latest consensus state: current_term: 3 leader_uuid: "5fe1f662b7a54c0f823ca2d656131416" committed_config { opid_index: -1 OBSOLETE_local: false peers { permanent_uuid: "fd1e33dc408e40c7a8bae2850d5a6b6f" member_type: VOTER last_known_addr { host: "127.0.61.62" port: 33603 } } peers { permanent_uuid: "5fe1f662b7a54c0f823ca2d656131416" member_type: VOTER last_known_addr { host: "127.0.61.61" port: 37305 } } peers { permanent_uuid: "d933e518c06d4c7d8b4f743167c2c643" member_type: VOTER last_known_addr { host: "127.0.61.60" port: 37785 } } }
I0916 07:55:44.234020 244 raft_consensus.cc:2147] T 00000000000000000000000000000000 P 5fe1f662b7a54c0f823ca2d656131416 [term 3 LEADER]: Raft consensus shutting down.
I0916 07:55:44.234047 1693 sys_catalog.cc:343] T 00000000000000000000000000000000 P d933e518c06d4c7d8b4f743167c2c643 [sys.catalog]: This master's current role is: FOLLOWER
I0916 07:55:44.233502 1688 sys_catalog.cc:340] T 00000000000000000000000000000000 P d933e518c06d4c7d8b4f743167c2c643 [sys.catalog]: SysCatalogTable state changed. Reason: New leader 5fe1f662b7a54c0f823ca2d656131416. Latest consensus state: current_term: 3 leader_uuid: "5fe1f662b7a54c0f823ca2d656131416" committed_config { opid_index: -1 OBSOLETE_local: false peers { permanent_uuid: "fd1e33dc408e40c7a8bae2850d5a6b6f" member_type: VOTER last_known_addr { host: "127.0.61.62" port: 33603 } } peers { permanent_uuid: "5fe1f662b7a54c0f823ca2d656131416" member_type: VOTER last_known_addr { host: "127.0.61.61" port: 37305 } } peers { permanent_uuid: "d933e518c06d4c7d8b4f743167c2c643" member_type: VOTER last_known_addr { host: "127.0.61.60" port: 37785 } } }
W0916 07:55:44.234524 1617 consensus_queue.cc:1099] T 00000000000000000000000000000000 P 5fe1f662b7a54c0f823ca2d656131416 [LEADER]: Queue is closed or peer was untracked, disregarding peer response. Response: responder_uuid: "d933e518c06d4c7d8b4f743167c2c643" responder_term: 3 status { last_received { term: 3 index: 17 } last_committed_idx: 17 last_received_current_leader { term: 3 index: 17 } }
I0916 07:55:44.234933 1688 sys_catalog.cc:343] T 00000000000000000000000000000000 P d933e518c06d4c7d8b4f743167c2c643 [sys.catalog]: This master's current role is: FOLLOWER
I0916 07:55:44.235647 244 raft_consensus.cc:2174] T 00000000000000000000000000000000 P 5fe1f662b7a54c0f823ca2d656131416 [term 3 FOLLOWER]: Raft consensus is shut down!
I0916 07:55:44.236296 244 tablet_replica.cc:273] T 00000000000000000000000000000000 P 5fe1f662b7a54c0f823ca2d656131416: stopping tablet replica
