I0916 07:55:36.399577 244 fs_report.cc:352] FS layout report -------------------- wal directory: /tmp/dist-test-taska4lOjz/test-tmp/ts_tablet_manager-itest.0.TsTabletManagerITest.ReportOnReplicaHealthStatus.1568620531643032-244/minicluster-data/ts-0-root metadata directory: /tmp/dist-test-taska4lOjz/test-tmp/ts_tablet_manager-itest.0.TsTabletManagerITest.ReportOnReplicaHealthStatus.1568620531643032-244/minicluster-data/ts-0-root 1 data directories: /tmp/dist-test-taska4lOjz/test-tmp/ts_tablet_manager-itest.0.TsTabletManagerITest.ReportOnReplicaHealthStatus.1568620531643032-244/minicluster-data/ts-0-root/data Total live blocks: 0 Total live bytes: 0 Total live bytes (after alignment): 0 Total number of LBM containers: 0 (0 full) Did not check for missing blocks Did not check for orphaned blocks Total full LBM containers with extra space: 0 (0 repaired) Total full LBM container extra space in bytes: 0 (0 repaired) Total incomplete LBM containers: 0 (0 repaired) Total LBM partial records: 0 (0 repaired)
I0916 07:55:36.461728 244 ts_tablet_manager.cc:383] Loaded tablet metadata (0 total tablets, 0 live tablets)
I0916 07:55:36.461890 244 ts_tablet_manager.cc:403] Registered 0 tablets
I0916 07:55:36.502987 244 rpc_server.cc:205] RPC server started. Bound to: 127.0.61.1:43745
I0916 07:55:36.504773 244 webserver.cc:374] Webserver started at http://127.0.61.1:36025/ using document root and password file
I0916 07:55:36.518308 626 heartbeater.cc:322] Connected to a master server at 127.0.61.62:39659
I0916 07:55:36.518582 626 heartbeater.cc:406] Registering TS with master...
I0916 07:55:36.518990 626 heartbeater.cc:455] Master 127.0.61.62:39659 requested a full tablet report, sending...
I0916 07:55:36.520630 519 ts_manager.cc:161] Registered new tserver with Master: b90a2dd4b68e4342b3a38b0d10ccff9a (127.0.61.1:43745)
I0916 07:55:36.522912 519 master_service.cc:276] Signed X509 certificate for tserver {username='slave'} at 127.0.0.1:43948
I0916 07:55:36.523011 244 system_ntp.cc:193] NTP initialized. Skew: 500ppm Current error: 44016us
I0916 07:55:36.523412 244 fs_manager.cc:263] Metadata directory not provided
I0916 07:55:36.523604 244 fs_manager.cc:269] Using write-ahead log directory (fs_wal_dir) as metadata directory
I0916 07:55:36.523838 244 server_base.cc:452] Could not load existing FS layout: Not found: could not find a healthy instance file
I0916 07:55:36.523980 244 server_base.cc:453] Attempting to create new FS layout instead
I0916 07:55:36.524914 244 fs_manager.cc:602] Generated new instance metadata in path /tmp/dist-test-taska4lOjz/test-tmp/ts_tablet_manager-itest.0.TsTabletManagerITest.ReportOnReplicaHealthStatus.1568620531643032-244/minicluster-data/ts-1-root/instance: uuid: "d1bfd566b5df4d4db14378793b6a2f65" format_stamp: "Formatted at 2019-09-16 07:55:36 on dist-test-slave-dist-test-slave-p3b0"
I0916 07:55:36.532907 244 fs_manager.cc:503] Time spent creating directory manager: real 0.008s user 0.007s sys 0.001s
I0916 07:55:36.534297 244 file_cache.cc:465] Constructed file cache lbm with capacity 419430
I0916 07:55:36.540555 244 fs_manager.cc:419] Time spent opening block manager: real 0.001s user 0.001s sys 0.000s
I0916 07:55:36.540715 244 fs_manager.cc:436] Opened local filesystem: /tmp/dist-test-taska4lOjz/test-tmp/ts_tablet_manager-itest.0.TsTabletManagerITest.ReportOnReplicaHealthStatus.1568620531643032-244/minicluster-data/ts-1-root uuid: "d1bfd566b5df4d4db14378793b6a2f65" format_stamp: "Formatted at 2019-09-16 07:55:36 on dist-test-slave-dist-test-slave-p3b0"
I0916 07:55:36.540962 244 fs_report.cc:352] FS layout report -------------------- wal directory: /tmp/dist-test-taska4lOjz/test-tmp/ts_tablet_manager-itest.0.TsTabletManagerITest.ReportOnReplicaHealthStatus.1568620531643032-244/minicluster-data/ts-1-root metadata directory: /tmp/dist-test-taska4lOjz/test-tmp/ts_tablet_manager-itest.0.TsTabletManagerITest.ReportOnReplicaHealthStatus.1568620531643032-244/minicluster-data/ts-1-root 1 data directories: /tmp/dist-test-taska4lOjz/test-tmp/ts_tablet_manager-itest.0.TsTabletManagerITest.ReportOnReplicaHealthStatus.1568620531643032-244/minicluster-data/ts-1-root/data Total live blocks: 0 Total live bytes: 0 Total live bytes (after alignment): 0 Total number of LBM containers: 0 (0 full) Did not check for missing blocks Did not check for orphaned blocks Total full LBM containers with extra space: 0 (0 repaired) Total full LBM container extra space in bytes: 0 (0 repaired) Total incomplete LBM containers: 0 (0 repaired) Total LBM partial records: 0 (0 repaired)
I0916 07:55:36.593788 244 ts_tablet_manager.cc:383] Loaded tablet metadata (0 total tablets, 0 live tablets)
I0916 07:55:36.593966 244 ts_tablet_manager.cc:403] Registered 0 tablets
I0916 07:55:36.641057 244 rpc_server.cc:205] RPC server started. Bound to: 127.0.61.2:42715
I0916 07:55:36.642999 244 webserver.cc:374] Webserver started at http://127.0.61.2:34665/ using document root and password file
I0916 07:55:36.655325 694 heartbeater.cc:322] Connected to a master server at 127.0.61.62:39659
I0916 07:55:36.655634 694 heartbeater.cc:406] Registering TS with master...
I0916 07:55:36.656141 694 heartbeater.cc:455] Master 127.0.61.62:39659 requested a full tablet report, sending...
I0916 07:55:36.657773 519 ts_manager.cc:161] Registered new tserver with Master: d1bfd566b5df4d4db14378793b6a2f65 (127.0.61.2:42715)
I0916 07:55:36.659447 519 master_service.cc:276] Signed X509 certificate for tserver {username='slave'} at 127.0.0.1:43950
I0916 07:55:36.661705 244 system_ntp.cc:193] NTP initialized. Skew: 500ppm Current error: 44016us
I0916 07:55:36.662117 244 fs_manager.cc:263] Metadata directory not provided
I0916 07:55:36.662295 244 fs_manager.cc:269] Using write-ahead log directory (fs_wal_dir) as metadata directory
I0916 07:55:36.662523 244 server_base.cc:452] Could not load existing FS layout: Not found: could not find a healthy instance file
I0916 07:55:36.662628 244 server_base.cc:453] Attempting to create new FS layout instead
I0916 07:55:36.663431 244 fs_manager.cc:602] Generated new instance metadata in path /tmp/dist-test-taska4lOjz/test-tmp/ts_tablet_manager-itest.0.TsTabletManagerITest.ReportOnReplicaHealthStatus.1568620531643032-244/minicluster-data/ts-2-root/instance: uuid: "e4c9a84955dd4a63aea4a185fd53f118" format_stamp: "Formatted at 2019-09-16 07:55:36 on dist-test-slave-dist-test-slave-p3b0"
I0916 07:55:36.672039 244 fs_manager.cc:503] Time spent creating directory manager: real 0.008s user 0.010s sys 0.001s
I0916 07:55:36.673323 244 file_cache.cc:465] Constructed file cache lbm with capacity 419430
I0916 07:55:36.680125 244 fs_manager.cc:419] Time spent opening block manager: real 0.001s user 0.001s sys 0.000s
I0916 07:55:36.680275 244 fs_manager.cc:436] Opened local filesystem: /tmp/dist-test-taska4lOjz/test-tmp/ts_tablet_manager-itest.0.TsTabletManagerITest.ReportOnReplicaHealthStatus.1568620531643032-244/minicluster-data/ts-2-root uuid: "e4c9a84955dd4a63aea4a185fd53f118" format_stamp: "Formatted at 2019-09-16 07:55:36 on dist-test-slave-dist-test-slave-p3b0"
I0916 07:55:36.680524 244 fs_report.cc:352] FS layout report -------------------- wal directory: /tmp/dist-test-taska4lOjz/test-tmp/ts_tablet_manager-itest.0.TsTabletManagerITest.ReportOnReplicaHealthStatus.1568620531643032-244/minicluster-data/ts-2-root metadata directory: /tmp/dist-test-taska4lOjz/test-tmp/ts_tablet_manager-itest.0.TsTabletManagerITest.ReportOnReplicaHealthStatus.1568620531643032-244/minicluster-data/ts-2-root 1 data directories: /tmp/dist-test-taska4lOjz/test-tmp/ts_tablet_manager-itest.0.TsTabletManagerITest.ReportOnReplicaHealthStatus.1568620531643032-244/minicluster-data/ts-2-root/data Total live blocks: 0 Total live bytes: 0 Total live bytes (after alignment): 0 Total number of LBM containers: 0 (0 full) Did not check for missing blocks Did not check for orphaned blocks Total full LBM containers with extra space: 0 (0 repaired) Total full LBM container extra space in bytes: 0 (0 repaired) Total incomplete LBM containers: 0 (0 repaired) Total LBM partial records: 0 (0 repaired)
I0916 07:55:36.747285 244 ts_tablet_manager.cc:383] Loaded tablet metadata (0 total tablets, 0 live tablets)
I0916 07:55:36.747449 244 ts_tablet_manager.cc:403] Registered 0 tablets
I0916 07:55:36.832864 244 rpc_server.cc:205] RPC server started. Bound to: 127.0.61.3:46265
I0916 07:55:36.836624 244 webserver.cc:374] Webserver started at http://127.0.61.3:35055/ using document root and password file
I0916 07:55:36.851428 761 heartbeater.cc:322] Connected to a master server at 127.0.61.62:39659
I0916 07:55:36.851701 761 heartbeater.cc:406] Registering TS with master...
I0916 07:55:36.852084 761 heartbeater.cc:455] Master 127.0.61.62:39659 requested a full tablet report, sending...
I0916 07:55:36.853637 519 ts_manager.cc:161] Registered new tserver with Master: e4c9a84955dd4a63aea4a185fd53f118 (127.0.61.3:46265)
I0916 07:55:36.854311 244 internal_mini_cluster.cc:328] 3 TS(s) registered with all masters after 0.01368708s
I0916 07:55:36.855331 519 master_service.cc:276] Signed X509 certificate for tserver {username='slave'} at 127.0.0.1:43952
I0916 07:55:36.875221 519 catalog_manager.cc:1440] Servicing CreateTable request from {username='slave'} at 127.0.0.1:43954: name: "test-table" schema { columns { name: "key" type: INT32 is_key: true is_nullable: false encoding: AUTO_ENCODING compression: DEFAULT_COMPRESSION cfile_block_size: 0 } } num_replicas: 3 split_rows_range_bounds { } partition_schema { range_schema { } }
W0916 07:55:36.876015 519 catalog_manager.cc:1605] The number of live tablet servers is not enough to re-replicate a tablet replica of the newly created table test-table in case of a server failure: 4 tablet servers would be needed, 3 are available. Consider bringing up more tablet servers.
I0916 07:55:36.932106 728 tablet_service.cc:1022] Processing CreateTablet for tablet 2d457d87556c49d1a61e3a4f63de087d (table=test-table [id=17a5ded3f2a744edbd500672ec8caa2d]), partition=
I0916 07:55:36.932788 728 data_dirs.cc:939] Could only allocate 1 dirs of requested 3 for tablet 2d457d87556c49d1a61e3a4f63de087d. 1 dirs total, 0 dirs full, 0 dirs failed
I0916 07:55:36.938982 593 tablet_service.cc:1022] Processing CreateTablet for tablet 2d457d87556c49d1a61e3a4f63de087d (table=test-table [id=17a5ded3f2a744edbd500672ec8caa2d]), partition=
I0916 07:55:36.939635 593 data_dirs.cc:939] Could only allocate 1 dirs of requested 3 for tablet 2d457d87556c49d1a61e3a4f63de087d. 1 dirs total, 0 dirs full, 0 dirs failed
I0916 07:55:36.945385 661 tablet_service.cc:1022] Processing CreateTablet for tablet 2d457d87556c49d1a61e3a4f63de087d (table=test-table [id=17a5ded3f2a744edbd500672ec8caa2d]), partition=
I0916 07:55:36.946197 661 data_dirs.cc:939] Could only allocate 1 dirs of requested 3 for tablet 2d457d87556c49d1a61e3a4f63de087d. 1 dirs total, 0 dirs full, 0 dirs failed
I0916 07:55:36.948855 779 tablet_bootstrap.cc:439] T 2d457d87556c49d1a61e3a4f63de087d P e4c9a84955dd4a63aea4a185fd53f118: Bootstrap starting.
I0916 07:55:36.953991 779 tablet_bootstrap.cc:590] T 2d457d87556c49d1a61e3a4f63de087d P e4c9a84955dd4a63aea4a185fd53f118: No blocks or log segments found. Creating new log.
I0916 07:55:36.960395 780 tablet_bootstrap.cc:439] T 2d457d87556c49d1a61e3a4f63de087d P b90a2dd4b68e4342b3a38b0d10ccff9a: Bootstrap starting.
I0916 07:55:36.961428 779 tablet_bootstrap.cc:439] T 2d457d87556c49d1a61e3a4f63de087d P e4c9a84955dd4a63aea4a185fd53f118: No bootstrap required, opened a new log
I0916 07:55:36.961903 779 ts_tablet_manager.cc:1085] T 2d457d87556c49d1a61e3a4f63de087d P e4c9a84955dd4a63aea4a185fd53f118: Time spent bootstrapping tablet: real 0.013s user 0.007s sys 0.004s
I0916 07:55:36.964994 782 tablet_bootstrap.cc:439] T 2d457d87556c49d1a61e3a4f63de087d P d1bfd566b5df4d4db14378793b6a2f65: Bootstrap starting.
I0916 07:55:36.966260 779 raft_consensus.cc:340] T 2d457d87556c49d1a61e3a4f63de087d P e4c9a84955dd4a63aea4a185fd53f118 [term 0 FOLLOWER]: Replica starting. Triggering 0 pending transactions. Active config: opid_index: -1 OBSOLETE_local: false peers { permanent_uuid: "e4c9a84955dd4a63aea4a185fd53f118" member_type: VOTER last_known_addr { host: "127.0.61.3" port: 46265 } } peers { permanent_uuid: "b90a2dd4b68e4342b3a38b0d10ccff9a" member_type: VOTER last_known_addr { host: "127.0.61.1" port: 43745 } } peers { permanent_uuid: "d1bfd566b5df4d4db14378793b6a2f65" member_type: VOTER last_known_addr { host: "127.0.61.2" port: 42715 } }
I0916 07:55:36.966708 780 tablet_bootstrap.cc:590] T 2d457d87556c49d1a61e3a4f63de087d P b90a2dd4b68e4342b3a38b0d10ccff9a: No blocks or log segments found. Creating new log.
I0916 07:55:36.966830 779 raft_consensus.cc:366] T 2d457d87556c49d1a61e3a4f63de087d P e4c9a84955dd4a63aea4a185fd53f118 [term 0 FOLLOWER]: Consensus starting up: Expiring failure detector timer to make a prompt election more likely
I0916 07:55:36.967063 779 raft_consensus.cc:705] T 2d457d87556c49d1a61e3a4f63de087d P e4c9a84955dd4a63aea4a185fd53f118 [term 0 FOLLOWER]: Becoming Follower/Learner. State: Replica: e4c9a84955dd4a63aea4a185fd53f118, State: Initialized, Role: FOLLOWER
I0916 07:55:36.967602 779 consensus_queue.cc:229] T 2d457d87556c49d1a61e3a4f63de087d P e4c9a84955dd4a63aea4a185fd53f118 [NON_LEADER]: Queue going to NON_LEADER mode. State: All replicated index: 0, Majority replicated index: 0, Committed index: 0, Last appended: 0.0, Last appended by leader: 0, Current term: 0, Majority size: -1, State: 0, Mode: NON_LEADER, active raft config: opid_index: -1 OBSOLETE_local: false peers { permanent_uuid: "e4c9a84955dd4a63aea4a185fd53f118" member_type: VOTER last_known_addr { host: "127.0.61.3" port: 46265 } } peers { permanent_uuid: "b90a2dd4b68e4342b3a38b0d10ccff9a" member_type: VOTER last_known_addr { host: "127.0.61.1" port: 43745 } } peers { permanent_uuid: "d1bfd566b5df4d4db14378793b6a2f65" member_type: VOTER last_known_addr { host: "127.0.61.2" port: 42715 } }
I0916 07:55:36.972782 761 heartbeater.cc:447] Master 127.0.61.62:39659 was elected leader, sending a full tablet report...
I0916 07:55:36.973069 782 tablet_bootstrap.cc:590] T 2d457d87556c49d1a61e3a4f63de087d P d1bfd566b5df4d4db14378793b6a2f65: No blocks or log segments found. Creating new log.
I0916 07:55:36.973275 779 ts_tablet_manager.cc:1113] T 2d457d87556c49d1a61e3a4f63de087d P e4c9a84955dd4a63aea4a185fd53f118: Time spent starting tablet: real 0.011s user 0.006s sys 0.004s
I0916 07:55:36.978744 780 tablet_bootstrap.cc:439] T 2d457d87556c49d1a61e3a4f63de087d P b90a2dd4b68e4342b3a38b0d10ccff9a: No bootstrap required, opened a new log
I0916 07:55:36.979140 780 ts_tablet_manager.cc:1085] T 2d457d87556c49d1a61e3a4f63de087d P b90a2dd4b68e4342b3a38b0d10ccff9a: Time spent bootstrapping tablet: real 0.019s user 0.006s sys 0.006s
I0916 07:55:36.981456 780 raft_consensus.cc:340] T 2d457d87556c49d1a61e3a4f63de087d P b90a2dd4b68e4342b3a38b0d10ccff9a [term 0 FOLLOWER]: Replica starting. Triggering 0 pending transactions. Active config: opid_index: -1 OBSOLETE_local: false peers { permanent_uuid: "e4c9a84955dd4a63aea4a185fd53f118" member_type: VOTER last_known_addr { host: "127.0.61.3" port: 46265 } } peers { permanent_uuid: "b90a2dd4b68e4342b3a38b0d10ccff9a" member_type: VOTER last_known_addr { host: "127.0.61.1" port: 43745 } } peers { permanent_uuid: "d1bfd566b5df4d4db14378793b6a2f65" member_type: VOTER last_known_addr { host: "127.0.61.2" port: 42715 } }
I0916 07:55:36.982133 780 raft_consensus.cc:366] T 2d457d87556c49d1a61e3a4f63de087d P b90a2dd4b68e4342b3a38b0d10ccff9a [term 0 FOLLOWER]: Consensus starting up: Expiring failure detector timer to make a prompt election more likely
I0916 07:55:36.982331 780 raft_consensus.cc:705] T 2d457d87556c49d1a61e3a4f63de087d P b90a2dd4b68e4342b3a38b0d10ccff9a [term 0 FOLLOWER]: Becoming Follower/Learner. State: Replica: b90a2dd4b68e4342b3a38b0d10ccff9a, State: Initialized, Role: FOLLOWER
I0916 07:55:36.982821 780 consensus_queue.cc:229] T 2d457d87556c49d1a61e3a4f63de087d P b90a2dd4b68e4342b3a38b0d10ccff9a [NON_LEADER]: Queue going to NON_LEADER mode. State: All replicated index: 0, Majority replicated index: 0, Committed index: 0, Last appended: 0.0, Last appended by leader: 0, Current term: 0, Majority size: -1, State: 0, Mode: NON_LEADER, active raft config: opid_index: -1 OBSOLETE_local: false peers { permanent_uuid: "e4c9a84955dd4a63aea4a185fd53f118" member_type: VOTER last_known_addr { host: "127.0.61.3" port: 46265 } } peers { permanent_uuid: "b90a2dd4b68e4342b3a38b0d10ccff9a" member_type: VOTER last_known_addr { host: "127.0.61.1" port: 43745 } } peers { permanent_uuid: "d1bfd566b5df4d4db14378793b6a2f65" member_type: VOTER last_known_addr { host: "127.0.61.2" port: 42715 } }
I0916 07:55:36.986061 782 tablet_bootstrap.cc:439] T 2d457d87556c49d1a61e3a4f63de087d P d1bfd566b5df4d4db14378793b6a2f65: No bootstrap required, opened a new log
I0916 07:55:36.986389 626 heartbeater.cc:447] Master 127.0.61.62:39659 was elected leader, sending a full tablet report...
I0916 07:55:36.986621 782 ts_tablet_manager.cc:1085] T 2d457d87556c49d1a61e3a4f63de087d P d1bfd566b5df4d4db14378793b6a2f65: Time spent bootstrapping tablet: real 0.022s user 0.006s sys 0.004s
I0916 07:55:36.987711 780 ts_tablet_manager.cc:1113] T 2d457d87556c49d1a61e3a4f63de087d P b90a2dd4b68e4342b3a38b0d10ccff9a: Time spent starting tablet: real 0.008s user 0.007s sys 0.001s
I0916 07:55:36.994336 783 raft_consensus.cc:472] T 2d457d87556c49d1a61e3a4f63de087d P e4c9a84955dd4a63aea4a185fd53f118 [term 0 FOLLOWER]: Starting pre-election (no leader contacted us within the election timeout)
I0916 07:55:36.993985 782 raft_consensus.cc:340] T 2d457d87556c49d1a61e3a4f63de087d P d1bfd566b5df4d4db14378793b6a2f65 [term 0 FOLLOWER]: Replica starting. Triggering 0 pending transactions. Active config: opid_index: -1 OBSOLETE_local: false peers { permanent_uuid: "e4c9a84955dd4a63aea4a185fd53f118" member_type: VOTER last_known_addr { host: "127.0.61.3" port: 46265 } } peers { permanent_uuid: "b90a2dd4b68e4342b3a38b0d10ccff9a" member_type: VOTER last_known_addr { host: "127.0.61.1" port: 43745 } } peers { permanent_uuid: "d1bfd566b5df4d4db14378793b6a2f65" member_type: VOTER last_known_addr { host: "127.0.61.2" port: 42715 } }
I0916 07:55:36.994845 782 raft_consensus.cc:366] T 2d457d87556c49d1a61e3a4f63de087d P d1bfd566b5df4d4db14378793b6a2f65 [term 0 FOLLOWER]: Consensus starting up: Expiring failure detector timer to make a prompt election more likely
I0916 07:55:36.995090 782 raft_consensus.cc:705] T 2d457d87556c49d1a61e3a4f63de087d P d1bfd566b5df4d4db14378793b6a2f65 [term 0 FOLLOWER]: Becoming Follower/Learner. State: Replica: d1bfd566b5df4d4db14378793b6a2f65, State: Initialized, Role: FOLLOWER
I0916 07:55:36.994760 783 raft_consensus.cc:494] T 2d457d87556c49d1a61e3a4f63de087d P e4c9a84955dd4a63aea4a185fd53f118 [term 0 FOLLOWER]: Starting pre-election with config: opid_index: -1 OBSOLETE_local: false peers { permanent_uuid: "e4c9a84955dd4a63aea4a185fd53f118" member_type: VOTER last_known_addr { host: "127.0.61.3" port: 46265 } } peers { permanent_uuid: "b90a2dd4b68e4342b3a38b0d10ccff9a" member_type: VOTER last_known_addr { host: "127.0.61.1" port: 43745 } } peers { permanent_uuid: "d1bfd566b5df4d4db14378793b6a2f65" member_type: VOTER last_known_addr { host: "127.0.61.2" port: 42715 } }
I0916 07:55:36.995923 782 consensus_queue.cc:229] T 2d457d87556c49d1a61e3a4f63de087d P d1bfd566b5df4d4db14378793b6a2f65 [NON_LEADER]: Queue going to NON_LEADER mode. State: All replicated index: 0, Majority replicated index: 0, Committed index: 0, Last appended: 0.0, Last appended by leader: 0, Current term: 0, Majority size: -1, State: 0, Mode: NON_LEADER, active raft config: opid_index: -1 OBSOLETE_local: false peers { permanent_uuid: "e4c9a84955dd4a63aea4a185fd53f118" member_type: VOTER last_known_addr { host: "127.0.61.3" port: 46265 } } peers { permanent_uuid: "b90a2dd4b68e4342b3a38b0d10ccff9a" member_type: VOTER last_known_addr { host: "127.0.61.1" port: 43745 } } peers { permanent_uuid: "d1bfd566b5df4d4db14378793b6a2f65" member_type: VOTER last_known_addr { host: "127.0.61.2" port: 42715 } }
I0916 07:55:36.999539 783 leader_election.cc:296] T 2d457d87556c49d1a61e3a4f63de087d P e4c9a84955dd4a63aea4a185fd53f118 [CANDIDATE]: Term 1 pre-election: Requested pre-vote from peers b90a2dd4b68e4342b3a38b0d10ccff9a (127.0.61.1:43745), d1bfd566b5df4d4db14378793b6a2f65 (127.0.61.2:42715)
I0916 07:55:37.004904 694 heartbeater.cc:447] Master 127.0.61.62:39659 was elected leader, sending a full tablet report...
I0916 07:55:37.006485 782 ts_tablet_manager.cc:1113] T 2d457d87556c49d1a61e3a4f63de087d P d1bfd566b5df4d4db14378793b6a2f65: Time spent starting tablet: real 0.020s user 0.008s sys 0.001s
I0916 07:55:37.018544 671 tablet_service.cc:1295] Received RequestConsensusVote() RPC: tablet_id: "2d457d87556c49d1a61e3a4f63de087d" candidate_uuid: "e4c9a84955dd4a63aea4a185fd53f118" candidate_term: 1 candidate_status { last_received { term: 0 index: 0 } } ignore_live_leader: false dest_uuid: "d1bfd566b5df4d4db14378793b6a2f65" is_pre_election: true
I0916 07:55:37.019366 671 raft_consensus.cc:2350] T 2d457d87556c49d1a61e3a4f63de087d P d1bfd566b5df4d4db14378793b6a2f65 [term 0 FOLLOWER]: Leader pre-election vote request: Granting yes vote for candidate e4c9a84955dd4a63aea4a185fd53f118 in term 0.
I0916 07:55:37.020570 701 leader_election.cc:310] T 2d457d87556c49d1a61e3a4f63de087d P e4c9a84955dd4a63aea4a185fd53f118 [CANDIDATE]: Term 1 pre-election: Election decided. Result: candidate won. Election summary: received 2 responses out of 3 voters: 2 yes votes; 0 no votes. yes voters: d1bfd566b5df4d4db14378793b6a2f65, e4c9a84955dd4a63aea4a185fd53f118; no voters:
I0916 07:55:37.021240 783 raft_consensus.cc:2644] T 2d457d87556c49d1a61e3a4f63de087d P e4c9a84955dd4a63aea4a185fd53f118 [term 0 FOLLOWER]: Leader pre-election won for term 1
I0916 07:55:37.021525 783 raft_consensus.cc:472] T 2d457d87556c49d1a61e3a4f63de087d P e4c9a84955dd4a63aea4a185fd53f118 [term 0 FOLLOWER]: Starting leader election (no leader contacted us within the election timeout)
I0916 07:55:37.021844 783 raft_consensus.cc:2890] T 2d457d87556c49d1a61e3a4f63de087d P e4c9a84955dd4a63aea4a185fd53f118 [term 0 FOLLOWER]: Advancing to term 1
I0916 07:55:37.025501 603 tablet_service.cc:1295] Received RequestConsensusVote() RPC: tablet_id: "2d457d87556c49d1a61e3a4f63de087d" candidate_uuid: "e4c9a84955dd4a63aea4a185fd53f118" candidate_term: 1 candidate_status { last_received { term: 0 index: 0 } } ignore_live_leader: false dest_uuid: "b90a2dd4b68e4342b3a38b0d10ccff9a" is_pre_election: true
I0916 07:55:37.026190 603 raft_consensus.cc:2350] T 2d457d87556c49d1a61e3a4f63de087d P b90a2dd4b68e4342b3a38b0d10ccff9a [term 0 FOLLOWER]: Leader pre-election vote request: Granting yes vote for candidate e4c9a84955dd4a63aea4a185fd53f118 in term 0.
I0916 07:55:37.027951 783 raft_consensus.cc:494] T 2d457d87556c49d1a61e3a4f63de087d P e4c9a84955dd4a63aea4a185fd53f118 [term 1 FOLLOWER]: Starting leader election with config: opid_index: -1 OBSOLETE_local: false peers { permanent_uuid: "e4c9a84955dd4a63aea4a185fd53f118" member_type: VOTER last_known_addr { host: "127.0.61.3" port: 46265 } } peers { permanent_uuid: "b90a2dd4b68e4342b3a38b0d10ccff9a" member_type: VOTER last_known_addr { host: "127.0.61.1" port: 43745 } } peers { permanent_uuid: "d1bfd566b5df4d4db14378793b6a2f65" member_type: VOTER last_known_addr { host: "127.0.61.2" port: 42715 } }
I0916 07:55:37.029510 783 leader_election.cc:296] T 2d457d87556c49d1a61e3a4f63de087d P e4c9a84955dd4a63aea4a185fd53f118 [CANDIDATE]: Term 1 election: Requested vote from peers b90a2dd4b68e4342b3a38b0d10ccff9a (127.0.61.1:43745), d1bfd566b5df4d4db14378793b6a2f65 (127.0.61.2:42715)
I0916 07:55:37.029891 603 tablet_service.cc:1295] Received RequestConsensusVote() RPC: tablet_id: "2d457d87556c49d1a61e3a4f63de087d" candidate_uuid: "e4c9a84955dd4a63aea4a185fd53f118" candidate_term: 1 candidate_status { last_received { term: 0 index: 0 } } ignore_live_leader: false dest_uuid: "b90a2dd4b68e4342b3a38b0d10ccff9a"
I0916 07:55:37.030295 603 raft_consensus.cc:2890] T 2d457d87556c49d1a61e3a4f63de087d P b90a2dd4b68e4342b3a38b0d10ccff9a [term 0 FOLLOWER]: Advancing to term 1
I0916 07:55:37.029999 671 tablet_service.cc:1295] Received RequestConsensusVote() RPC: tablet_id: "2d457d87556c49d1a61e3a4f63de087d" candidate_uuid: "e4c9a84955dd4a63aea4a185fd53f118" candidate_term: 1 candidate_status { last_received { term: 0 index: 0 } } ignore_live_leader: false dest_uuid: "d1bfd566b5df4d4db14378793b6a2f65"
I0916 07:55:37.030660 671 raft_consensus.cc:2890] T 2d457d87556c49d1a61e3a4f63de087d P d1bfd566b5df4d4db14378793b6a2f65 [term 0 FOLLOWER]: Advancing to term 1
I0916 07:55:37.036443 671 raft_consensus.cc:2350] T 2d457d87556c49d1a61e3a4f63de087d P d1bfd566b5df4d4db14378793b6a2f65 [term 1 FOLLOWER]: Leader election vote request: Granting yes vote for candidate e4c9a84955dd4a63aea4a185fd53f118 in term 1.
I0916 07:55:37.036447 603 raft_consensus.cc:2350] T 2d457d87556c49d1a61e3a4f63de087d P b90a2dd4b68e4342b3a38b0d10ccff9a [term 1 FOLLOWER]: Leader election vote request: Granting yes vote for candidate e4c9a84955dd4a63aea4a185fd53f118 in term 1.
I0916 07:55:37.037381 701 leader_election.cc:310] T 2d457d87556c49d1a61e3a4f63de087d P e4c9a84955dd4a63aea4a185fd53f118 [CANDIDATE]: Term 1 election: Election decided. Result: candidate won. Election summary: received 2 responses out of 3 voters: 2 yes votes; 0 no votes. yes voters: d1bfd566b5df4d4db14378793b6a2f65, e4c9a84955dd4a63aea4a185fd53f118; no voters:
I0916 07:55:37.038014 783 raft_consensus.cc:2644] T 2d457d87556c49d1a61e3a4f63de087d P e4c9a84955dd4a63aea4a185fd53f118 [term 1 FOLLOWER]: Leader election won for term 1
I0916 07:55:37.039244 783 raft_consensus.cc:667] T 2d457d87556c49d1a61e3a4f63de087d P e4c9a84955dd4a63aea4a185fd53f118 [term 1 LEADER]: Becoming Leader. State: Replica: e4c9a84955dd4a63aea4a185fd53f118, State: Running, Role: LEADER
I0916 07:55:37.040074 783 consensus_queue.cc:206] T 2d457d87556c49d1a61e3a4f63de087d P e4c9a84955dd4a63aea4a185fd53f118 [LEADER]: Queue going to LEADER mode. State: All replicated index: 0, Majority replicated index: 0, Committed index: 0, Last appended: 0.0, Last appended by leader: 0, Current term: 1, Majority size: 2, State: 0, Mode: LEADER, active raft config: opid_index: -1 OBSOLETE_local: false peers { permanent_uuid: "e4c9a84955dd4a63aea4a185fd53f118" member_type: VOTER last_known_addr { host: "127.0.61.3" port: 46265 } } peers { permanent_uuid: "b90a2dd4b68e4342b3a38b0d10ccff9a" member_type: VOTER last_known_addr { host: "127.0.61.1" port: 43745 } } peers { permanent_uuid: "d1bfd566b5df4d4db14378793b6a2f65" member_type: VOTER last_known_addr { host: "127.0.61.2" port: 42715 } }
I0916 07:55:37.047094 519 catalog_manager.cc:4120] T 2d457d87556c49d1a61e3a4f63de087d P e4c9a84955dd4a63aea4a185fd53f118 reported cstate change: term changed from 0 to 1, leader changed from to e4c9a84955dd4a63aea4a185fd53f118 (127.0.61.3). New cstate: current_term: 1 leader_uuid: "e4c9a84955dd4a63aea4a185fd53f118" committed_config { opid_index: -1 OBSOLETE_local: false peers { permanent_uuid: "e4c9a84955dd4a63aea4a185fd53f118" member_type: VOTER last_known_addr { host: "127.0.61.3" port: 46265 } health_report { overall_health: HEALTHY } } peers { permanent_uuid: "b90a2dd4b68e4342b3a38b0d10ccff9a" member_type: VOTER last_known_addr { host: "127.0.61.1" port: 43745 } health_report { overall_health: UNKNOWN } } peers { permanent_uuid: "d1bfd566b5df4d4db14378793b6a2f65" member_type: VOTER last_known_addr { host: "127.0.61.2" port: 42715 } health_report { overall_health: UNKNOWN } } }
I0916 07:55:37.447427 783 consensus_queue.cc:984] T 2d457d87556c49d1a61e3a4f63de087d P e4c9a84955dd4a63aea4a185fd53f118 [LEADER]: Connected to new peer: Peer: permanent_uuid: "d1bfd566b5df4d4db14378793b6a2f65" member_type: VOTER last_known_addr { host: "127.0.61.2" port: 42715 }, Status: LMP_MISMATCH, Last received: 0.0, Next index: 1, Last known committed idx: 0, Time since last communication: 0.000s
I0916 07:55:37.459456 783 consensus_queue.cc:984] T 2d457d87556c49d1a61e3a4f63de087d P e4c9a84955dd4a63aea4a185fd53f118 [LEADER]: Connected to new peer: Peer: permanent_uuid: "b90a2dd4b68e4342b3a38b0d10ccff9a" member_type: VOTER last_known_addr { host: "127.0.61.1" port: 43745 }, Status: LMP_MISMATCH, Last received: 0.0, Next index: 1, Last known committed idx: 0, Time since last communication: 0.000s
I0916 07:55:38.104166 244 tablet_replica.cc:273] T 2d457d87556c49d1a61e3a4f63de087d P b90a2dd4b68e4342b3a38b0d10ccff9a: stopping tablet replica
I0916 07:55:38.104701 244 raft_consensus.cc:2147] T 2d457d87556c49d1a61e3a4f63de087d P b90a2dd4b68e4342b3a38b0d10ccff9a [term 1 FOLLOWER]: Raft consensus shutting down.
I0916 07:55:38.104964 244 raft_consensus.cc:2174] T 2d457d87556c49d1a61e3a4f63de087d P b90a2dd4b68e4342b3a38b0d10ccff9a [term 1 FOLLOWER]: Raft consensus is shut down!
I0916 07:55:38.567811 699 consensus_queue.cc:544] T 2d457d87556c49d1a61e3a4f63de087d P e4c9a84955dd4a63aea4a185fd53f118 [LEADER]: The tablet replica hosted on peer b90a2dd4b68e4342b3a38b0d10ccff9a has failed
W0916 07:55:38.568156 699 consensus_peers.cc:458] T 2d457d87556c49d1a61e3a4f63de087d P e4c9a84955dd4a63aea4a185fd53f118 -> Peer b90a2dd4b68e4342b3a38b0d10ccff9a (127.0.61.1:43745): Couldn't send request to peer b90a2dd4b68e4342b3a38b0d10ccff9a. Error code: TABLET_FAILED (20). Status: Illegal state: Tablet not RUNNING: FAILED: IO error: INJECTED ERROR: tablet failed. This is attempt 1: this message will repeat every 5th retry.
I0916 07:55:38.631418 244 tablet_server.cc:159] TabletServer@127.0.61.1:43745 shutting down...
I0916 07:55:38.648802 244 ts_tablet_manager.cc:1159] Shutting down tablet manager...
I0916 07:55:38.664541 244 tablet_server.cc:173] TabletServer@127.0.61.1:43745 shutdown complete.
I0916 07:55:38.670065 244 tablet_server.cc:159] TabletServer@127.0.61.2:42715 shutting down...
I0916 07:55:38.683964 244 ts_tablet_manager.cc:1159] Shutting down tablet manager...
I0916 07:55:38.684280 244 tablet_replica.cc:273] T 2d457d87556c49d1a61e3a4f63de087d P d1bfd566b5df4d4db14378793b6a2f65: stopping tablet replica
I0916 07:55:38.684630 244 raft_consensus.cc:2147] T 2d457d87556c49d1a61e3a4f63de087d P d1bfd566b5df4d4db14378793b6a2f65 [term 1 FOLLOWER]: Raft consensus shutting down.
I0916 07:55:38.684875 244 raft_consensus.cc:2174] T 2d457d87556c49d1a61e3a4f63de087d P d1bfd566b5df4d4db14378793b6a2f65 [term 1 FOLLOWER]: Raft consensus is shut down!
I0916 07:55:38.702446 244 tablet_server.cc:173] TabletServer@127.0.61.2:42715 shutdown complete.
I0916 07:55:38.708039 244 tablet_server.cc:159] TabletServer@127.0.61.3:46265 shutting down...
I0916 07:55:38.721820 244 ts_tablet_manager.cc:1159] Shutting down tablet manager...
I0916 07:55:38.722098 244 tablet_replica.cc:273] T 2d457d87556c49d1a61e3a4f63de087d P e4c9a84955dd4a63aea4a185fd53f118: stopping tablet replica
I0916 07:55:38.722389 244 raft_consensus.cc:2147] T 2d457d87556c49d1a61e3a4f63de087d P e4c9a84955dd4a63aea4a185fd53f118 [term 1 LEADER]: Raft consensus shutting down.
I0916 07:55:38.722924 244 raft_consensus.cc:2174] T 2d457d87556c49d1a61e3a4f63de087d P e4c9a84955dd4a63aea4a185fd53f118 [term 1 FOLLOWER]: Raft consensus is shut down!
I0916 07:55:38.740197 244 tablet_server.cc:173] TabletServer@127.0.61.3:46265 shutdown complete.
I0916 07:55:38.746182 244 master.cc:247] Master@127.0.61.62:39659 shutting down...
I0916 07:55:38.758280 244 raft_consensus.cc:2147] T 00000000000000000000000000000000 P fd268f40e6b840f3a8b2334c84e40210 [term 1 LEADER]: Raft consensus shutting down.
I0916 07:55:38.758601 244 raft_consensus.cc:2174] T 00000000000000000000000000000000 P fd268f40e6b840f3a8b2334c84e40210 [term 1 FOLLOWER]: Raft consensus is shut down!
I0916 07:55:38.758780 244 tablet_replica.cc:273] T 00000000000000000000000000000000 P fd268f40e6b840f3a8b2334c84e40210: stopping tablet replica
I0916 07:55:38.774732 244 master.cc:258] Master@127.0.61.62:39659 shutdown complete. [ OK ] TsTabletManagerITest.ReportOnReplicaHealthStatus (2636 ms) [ RUN ] TsTabletManagerITest.TestDeduplicateMasterAddrsForHeartbeaters
I0916 07:55:38.791988 244 internal_mini_cluster.cc:146] Creating distributed mini masters. Addrs: 127.0.61.62:35269
I0916 07:55:38.802570 244 system_ntp.cc:193] NTP initialized. Skew: 500ppm Current error: 45016us
I0916 07:55:38.802912 244 fs_manager.cc:263] Metadata directory not provided
I0916 07:55:38.803050 244 fs_manager.cc:269] Using write-ahead log directory (fs_wal_dir) as metadata directory
I0916 07:55:38.803256 244 server_base.cc:452] Could not load existing FS layout: Not found: could not find a healthy instance file
I0916 07:55:38.803355 244 server_base.cc:453] Attempting to create new FS layout instead
I0916 07:55:38.804301 244 fs_manager.cc:602] Generated new instance metadata in path /tmp/dist-test-taska4lOjz/test-tmp/ts_tablet_manager-itest.0.TsTabletManagerITest.TestDeduplicateMasterAddrsForHeartbeaters.1568620531643032-244/minicluster-data/master-0-root/instance: uuid: "01ad7865e3974566b2bf81b1ad5185a4" format_stamp: "Formatted at 2019-09-16 07:55:38 on dist-test-slave-dist-test-slave-p3b0"
I0916 07:55:38.811877 244 fs_manager.cc:503] Time spent creating directory manager: real 0.007s user 0.005s sys 0.001s
I0916 07:55:38.813174 244 file_cache.cc:465] Constructed file cache lbm with capacity 419430
I0916 07:55:38.819344 244 fs_manager.cc:419] Time spent opening block manager: real 0.002s user 0.001s sys 0.000s
I0916 07:55:38.819504 244 fs_manager.cc:436] Opened local filesystem: /tmp/dist-test-taska4lOjz/test-tmp/ts_tablet_manager-itest.0.TsTabletManagerITest.TestDeduplicateMasterAddrsForHeartbeaters.1568620531643032-244/minicluster-data/master-0-root uuid: "01ad7865e3974566b2bf81b1ad5185a4" format_stamp: "Formatted at 2019-09-16 07:55:38 on dist-test-slave-dist-test-slave-p3b0"
I0916 07:55:38.819744 244 fs_report.cc:352] FS layout report -------------------- wal directory: /tmp/dist-test-taska4lOjz/test-tmp/ts_tablet_manager-itest.0.TsTabletManagerITest.TestDeduplicateMasterAddrsForHeartbeaters.1568620531643032-244/minicluster-data/master-0-root metadata directory: /tmp/dist-test-taska4lOjz/test-tmp/ts_tablet_manager-itest.0.TsTabletManagerITest.TestDeduplicateMasterAddrsForHeartbeaters.1568620531643032-244/minicluster-data/master-0-root 1 data directories: /tmp/dist-test-taska4lOjz/test-tmp/ts_tablet_manager-itest.0.TsTabletManagerITest.TestDeduplicateMasterAddrsForHeartbeaters.1568620531643032-244/minicluster-data/master-0-root/data Total live blocks: 0 Total live bytes: 0 Total live bytes (after alignment): 0 Total number of LBM containers: 0 (0 full) Did not check for missing blocks Did not check for orphaned blocks Total full LBM containers with extra space: 0 (0 repaired) Total full LBM container extra space in bytes: 0 (0 repaired) Total incomplete LBM containers: 0 (0 repaired) Total LBM partial records: 0 (0 repaired)
I0916 07:55:38.864658 244 rpc_server.cc:205] RPC server started. Bound to: 127.0.61.62:35269
I0916 07:55:38.866312 244 webserver.cc:374] Webserver started at http://127.0.61.62:45789/ using document root and password file
I0916 07:55:38.867813 860 data_dirs.cc:939] Could only allocate 1 dirs of requested 3 for tablet 00000000000000000000000000000000. 1 dirs total, 0 dirs full, 0 dirs failed
I0916 07:55:38.874868 860 tablet_bootstrap.cc:439] T 00000000000000000000000000000000 P 01ad7865e3974566b2bf81b1ad5185a4: Bootstrap starting.
I0916 07:55:38.877063 860 tablet_bootstrap.cc:590] T 00000000000000000000000000000000 P 01ad7865e3974566b2bf81b1ad5185a4: No blocks or log segments found. Creating new log.
I0916 07:55:38.879660 860 tablet_bootstrap.cc:439] T 00000000000000000000000000000000 P 01ad7865e3974566b2bf81b1ad5185a4: No bootstrap required, opened a new log
I0916 07:55:38.881043 860 raft_consensus.cc:340] T 00000000000000000000000000000000 P 01ad7865e3974566b2bf81b1ad5185a4 [term 0 FOLLOWER]: Replica starting. Triggering 0 pending transactions. Active config: opid_index: -1 OBSOLETE_local: true peers { permanent_uuid: "01ad7865e3974566b2bf81b1ad5185a4" member_type: VOTER }
I0916 07:55:38.881371 860 raft_consensus.cc:366] T 00000000000000000000000000000000 P 01ad7865e3974566b2bf81b1ad5185a4 [term 0 FOLLOWER]: Consensus starting up: Expiring failure detector timer to make a prompt election more likely
I0916 07:55:38.881515 860 raft_consensus.cc:705] T 00000000000000000000000000000000 P 01ad7865e3974566b2bf81b1ad5185a4 [term 0 FOLLOWER]: Becoming Follower/Learner. State: Replica: 01ad7865e3974566b2bf81b1ad5185a4, State: Initialized, Role: FOLLOWER
I0916 07:55:38.881888 860 consensus_queue.cc:229] T 00000000000000000000000000000000 P 01ad7865e3974566b2bf81b1ad5185a4 [NON_LEADER]: Queue going to NON_LEADER mode. State: All replicated index: 0, Majority replicated index: 0, Committed index: 0, Last appended: 0.0, Last appended by leader: 0, Current term: 0, Majority size: -1, State: 0, Mode: NON_LEADER, active raft config: opid_index: -1 OBSOLETE_local: true peers { permanent_uuid: "01ad7865e3974566b2bf81b1ad5185a4" member_type: VOTER }
I0916 07:55:38.882244 860 raft_consensus.cc:380] T 00000000000000000000000000000000 P 01ad7865e3974566b2bf81b1ad5185a4 [term 0 FOLLOWER]: Only one voter in the Raft config. Triggering election immediately
I0916 07:55:38.882398 860 raft_consensus.cc:472] T 00000000000000000000000000000000 P 01ad7865e3974566b2bf81b1ad5185a4 [term 0 FOLLOWER]: Starting leader election (initial election of a single-replica configuration)
I0916 07:55:38.882586 860 raft_consensus.cc:2890] T 00000000000000000000000000000000 P 01ad7865e3974566b2bf81b1ad5185a4 [term 0 FOLLOWER]: Advancing to term 1
I0916 07:55:38.885830 860 raft_consensus.cc:494] T 00000000000000000000000000000000 P 01ad7865e3974566b2bf81b1ad5185a4 [term 1 FOLLOWER]: Starting leader election with config: opid_index: -1 OBSOLETE_local: true peers { permanent_uuid: "01ad7865e3974566b2bf81b1ad5185a4" member_type: VOTER }
I0916 07:55:38.886219 860 leader_election.cc:310] T 00000000000000000000000000000000 P 01ad7865e3974566b2bf81b1ad5185a4 [CANDIDATE]: Term 1 election: Election decided. Result: candidate won. Election summary: received 1 responses out of 1 voters: 1 yes votes; 0 no votes. yes voters: 01ad7865e3974566b2bf81b1ad5185a4; no voters:
I0916 07:55:38.887570 862 raft_consensus.cc:2644] T 00000000000000000000000000000000 P 01ad7865e3974566b2bf81b1ad5185a4 [term 1 FOLLOWER]: Leader election won for term 1
I0916 07:55:38.888224 860 leader_election.cc:296] T 00000000000000000000000000000000 P 01ad7865e3974566b2bf81b1ad5185a4 [CANDIDATE]: Term 1 election: Requested vote from peers
I0916 07:55:38.888756 862 raft_consensus.cc:667] T 00000000000000000000000000000000 P 01ad7865e3974566b2bf81b1ad5185a4 [term 1 LEADER]: Becoming Leader. State: Replica: 01ad7865e3974566b2bf81b1ad5185a4, State: Running, Role: LEADER
I0916 07:55:38.889291 862 consensus_queue.cc:206] T 00000000000000000000000000000000 P 01ad7865e3974566b2bf81b1ad5185a4 [LEADER]: Queue going to LEADER mode. State: All replicated index: 0, Majority replicated index: 0, Committed index: 0, Last appended: 0.0, Last appended by leader: 0, Current term: 1, Majority size: 1, State: 0, Mode: LEADER, active raft config: opid_index: -1 OBSOLETE_local: true peers { permanent_uuid: "01ad7865e3974566b2bf81b1ad5185a4" member_type: VOTER }
I0916 07:55:38.892714 863 sys_catalog.cc:340] T 00000000000000000000000000000000 P 01ad7865e3974566b2bf81b1ad5185a4 [sys.catalog]: SysCatalogTable state changed. Reason: New leader 01ad7865e3974566b2bf81b1ad5185a4. Latest consensus state: current_term: 1 leader_uuid: "01ad7865e3974566b2bf81b1ad5185a4" committed_config { opid_index: -1 OBSOLETE_local: true peers { permanent_uuid: "01ad7865e3974566b2bf81b1ad5185a4" member_type: VOTER } }
I0916 07:55:38.893297 863 sys_catalog.cc:343] T 00000000000000000000000000000000 P 01ad7865e3974566b2bf81b1ad5185a4 [sys.catalog]: This master's current role is: LEADER
I0916 07:55:38.894306 864 sys_catalog.cc:340] T 00000000000000000000000000000000 P 01ad7865e3974566b2bf81b1ad5185a4 [sys.catalog]: SysCatalogTable state changed. Reason: RaftConsensus started. Latest consensus state: current_term: 1 leader_uuid: "01ad7865e3974566b2bf81b1ad5185a4" committed_config { opid_index: -1 OBSOLETE_local: true peers { permanent_uuid: "01ad7865e3974566b2bf81b1ad5185a4" member_type: VOTER } }
I0916 07:55:38.894862 864 sys_catalog.cc:343] T 00000000000000000000000000000000 P 01ad7865e3974566b2bf81b1ad5185a4 [sys.catalog]: This master's current role is: LEADER
I0916 07:55:38.895539 860 sys_catalog.cc:340] T 00000000000000000000000000000000 P 01ad7865e3974566b2bf81b1ad5185a4 [sys.catalog]: SysCatalogTable state changed. Reason: Started TabletReplica. Latest consensus state: current_term: 1 leader_uuid: "01ad7865e3974566b2bf81b1ad5185a4" committed_config { opid_index: -1 OBSOLETE_local: true peers { permanent_uuid: "01ad7865e3974566b2bf81b1ad5185a4" member_type: VOTER } }
I0916 07:55:38.896059 860 sys_catalog.cc:343] T 00000000000000000000000000000000 P 01ad7865e3974566b2bf81b1ad5185a4 [sys.catalog]: This master's current role is: LEADER
I0916 07:55:38.897662 860 sys_catalog.cc:428] T 00000000000000000000000000000000 P 01ad7865e3974566b2bf81b1ad5185a4 [sys.catalog]: configured and running, proceeding with master startup.
I0916 07:55:38.898264 868 catalog_manager.cc:1086] Loading table and tablet metadata into memory...
I0916 07:55:38.900948 869 catalog_manager.cc:569] Waiting for catalog manager background task thread to start: Service unavailable: Catalog manager is not initialized. State: Starting
I0916 07:55:38.901162 868 catalog_manager.cc:1097] Initializing Kudu internal certificate authority...
I0916 07:55:38.904685 244 internal_mini_cluster.cc:166] Waiting to initialize catalog manager on master 0
I0916 07:55:38.920751 868 catalog_manager.cc:981] Generated new certificate authority record
I0916 07:55:38.922233 868 catalog_manager.cc:1106] Loading token signing keys...
I0916 07:55:38.943692 868 catalog_manager.cc:4435] T 00000000000000000000000000000000 P 01ad7865e3974566b2bf81b1ad5185a4: Generated new TSK 0
I0916 07:55:38.981268 244 system_ntp.cc:193] NTP initialized. Skew: 500ppm Current error: 45016us
I0916 07:55:38.981652 244 fs_manager.cc:263] Metadata directory not provided
I0916 07:55:38.981801 244 fs_manager.cc:269] Using write-ahead log directory (fs_wal_dir) as metadata directory
I0916 07:55:38.981992 244 server_base.cc:452] Could not load existing FS layout: Not found: could not find a healthy instance file
I0916 07:55:38.982100 244 server_base.cc:453] Attempting to create new FS layout instead
I0916 07:55:38.983036 244 fs_manager.cc:602] Generated new instance metadata in path /tmp/dist-test-taska4lOjz/test-tmp/ts_tablet_manager-itest.0.TsTabletManagerITest.TestDeduplicateMasterAddrsForHeartbeaters.1568620531643032-244/minicluster-data/ts-0-root/instance: uuid: "745f880e7aac4edfa96aca2c35eceebe" format_stamp: "Formatted at 2019-09-16 07:55:38 on dist-test-slave-dist-test-slave-p3b0"
I0916 07:55:38.993198 244 fs_manager.cc:503] Time spent creating directory manager: real 0.010s user 0.011s sys 0.001s
I0916 07:55:38.994684 244 file_cache.cc:465] Constructed file cache lbm with capacity 419430
I0916 07:55:39.000887 244 fs_manager.cc:419] Time spent opening block manager: real 0.001s user 0.001s sys 0.000s
I0916 07:55:39.001073 244 fs_manager.cc:436] Opened local filesystem: /tmp/dist-test-taska4lOjz/test-tmp/ts_tablet_manager-itest.0.TsTabletManagerITest.TestDeduplicateMasterAddrsForHeartbeaters.1568620531643032-244/minicluster-data/ts-0-root uuid: "745f880e7aac4edfa96aca2c35eceebe" format_stamp: "Formatted at 2019-09-16 07:55:38 on dist-test-slave-dist-test-slave-p3b0"
I0916 07:55:39.001317 244 fs_report.cc:352] FS layout report -------------------- wal directory: /tmp/dist-test-taska4lOjz/test-tmp/ts_tablet_manager-itest.0.TsTabletManagerITest.TestDeduplicateMasterAddrsForHeartbeaters.1568620531643032-244/minicluster-data/ts-0-root metadata directory: /tmp/dist-test-taska4lOjz/test-tmp/ts_tablet_manager-itest.0.TsTabletManagerITest.TestDeduplicateMasterAddrsForHeartbeaters.1568620531643032-244/minicluster-data/ts-0-root 1 data directories: /tmp/dist-test-taska4lOjz/test-tmp/ts_tablet_manager-itest.0.TsTabletManagerITest.TestDeduplicateMasterAddrsForHeartbeaters.1568620531643032-244/minicluster-data/ts-0-root/data Total live blocks: 0 Total live bytes: 0 Total live bytes (after alignment): 0 Total number of LBM containers: 0 (0 full) Did not check for missing blocks Did not check for orphaned blocks Total full LBM containers with extra space: 0 (0 repaired) Total full LBM container extra space in bytes: 0 (0 repaired) Total incomplete LBM containers: 0 (0 repaired) Total LBM partial records: 0 (0 repaired)
I0916 07:55:39.030388 244 ts_tablet_manager.cc:383] Loaded tablet metadata (0 total tablets, 0 live tablets)
I0916 07:55:39.030552 244 ts_tablet_manager.cc:403] Registered 0 tablets
I0916 07:55:39.064955 244 rpc_server.cc:205] RPC server started. Bound to: 127.0.61.1:39751
I0916 07:55:39.066650 244 webserver.cc:374] Webserver started at http://127.0.61.1:44605/ using document root and password file
I0916 07:55:39.078619 935 heartbeater.cc:322] Connected to a master server at 127.0.61.62:35269
I0916 07:55:39.078902 935 heartbeater.cc:406] Registering TS with master...
I0916 07:55:39.079294 935 heartbeater.cc:455] Master 127.0.61.62:35269 requested a full tablet report, sending...
I0916 07:55:39.080788 827 ts_manager.cc:161] Registered new tserver with Master: 745f880e7aac4edfa96aca2c35eceebe (127.0.61.1:39751)
I0916 07:55:39.081763 244 internal_mini_cluster.cc:328] 1 TS(s) registered with all masters after 0.012577009s
I0916 07:55:39.082352 827 master_service.cc:276] Signed X509 certificate for tserver {username='slave'} at 127.0.0.1:45168
I0916 07:55:39.099915 244 tablet_server.cc:159] TabletServer@127.0.61.1:39751 shutting down...
I0916 07:55:39.125849 244 ts_tablet_manager.cc:1159] Shutting down tablet manager...
I0916 07:55:39.141054 244 tablet_server.cc:173] TabletServer@127.0.61.1:39751 shutdown complete.
I0916 07:55:39.156913 244 tablet_server.cc:90] deduplicated master addresses: 127.0.61.62:35269
I0916 07:55:39.157466 244 system_ntp.cc:193] NTP initialized. Skew: 500ppm Current error: 45516us
I0916 07:55:39.157783 244 fs_manager.cc:263] Metadata directory not provided
I0916 07:55:39.157903 244 fs_manager.cc:266] Using existing metadata directory in first data directory
I0916 07:55:39.160348 244 fs_manager.cc:399] Time spent opening directory manager: real 0.002s user 0.002s sys 0.001s
I0916 07:55:39.161307 244 file_cache.cc:465] Constructed file cache lbm with capacity 419430
I0916 07:55:39.167699 244 fs_manager.cc:419] Time spent opening block manager: real 0.001s user 0.001s sys 0.000s
I0916 07:55:39.167887 244 fs_manager.cc:436] Opened local filesystem: /tmp/dist-test-taska4lOjz/test-tmp/ts_tablet_manager-itest.0.TsTabletManagerITest.TestDeduplicateMasterAddrsForHeartbeaters.1568620531643032-244/minicluster-data/ts-0-root uuid: "745f880e7aac4edfa96aca2c35eceebe" format_stamp: "Formatted at 2019-09-16 07:55:38 on dist-test-slave-dist-test-slave-p3b0"
I0916 07:55:39.168164 244 fs_report.cc:352] FS layout report -------------------- wal directory: /tmp/dist-test-taska4lOjz/test-tmp/ts_tablet_manager-itest.0.TsTabletManagerITest.TestDeduplicateMasterAddrsForHeartbeaters.1568620531643032-244/minicluster-data/ts-0-root metadata directory: /tmp/dist-test-taska4lOjz/test-tmp/ts_tablet_manager-itest.0.TsTabletManagerITest.TestDeduplicateMasterAddrsForHeartbeaters.1568620531643032-244/minicluster-data/ts-0-root 1 data directories: /tmp/dist-test-taska4lOjz/test-tmp/ts_tablet_manager-itest.0.TsTabletManagerITest.TestDeduplicateMasterAddrsForHeartbeaters.1568620531643032-244/minicluster-data/ts-0-root/data Total live blocks: 0 Total live bytes: 0 Total live bytes (after alignment): 0 Total number of LBM containers: 0 (0 full) Did not check for missing blocks Did not check for orphaned blocks Total full LBM containers with extra space: 0 (0 repaired) Total full LBM container extra space in bytes: 0 (0 repaired) Total incomplete LBM containers: 0 (0 repaired) Total LBM partial records: 0 (0 repaired)
I0916 07:55:39.204160 244 ts_tablet_manager.cc:383] Loaded tablet metadata (0 total tablets, 0 live tablets)
I0916 07:55:39.204330 244 ts_tablet_manager.cc:403] Registered 0 tablets
I0916 07:55:39.243146 244 rpc_server.cc:205] RPC server started. Bound to: 127.0.61.1:39751
I0916 07:55:39.245117 244 webserver.cc:374] Webserver started at http://127.0.61.1:44605/ using document root and password file
I0916 07:55:39.249572 244 tablet_server.cc:159] TabletServer@127.0.61.1:39751 shutting down...
I0916 07:55:39.270246 1009 heartbeater.cc:322] Connected to a master server at 127.0.61.62:35269
I0916 07:55:39.270685 1009 heartbeater.cc:406] Registering TS with master...
I0916 07:55:39.271158 1009 heartbeater.cc:455] Master 127.0.61.62:35269 requested a full tablet report, sending...
I0916 07:55:39.272940 827 ts_manager.cc:161] Re-registered known tserver with Master: 745f880e7aac4edfa96aca2c35eceebe (127.0.61.1:39751)
I0916 07:55:39.274159 827 master_service.cc:276] Signed X509 certificate for tserver {username='slave'} at 127.0.0.1:45172
I0916 07:55:39.276250 244 ts_tablet_manager.cc:1159] Shutting down tablet manager...
I0916 07:55:39.291296 244 tablet_server.cc:173] TabletServer@127.0.61.1:39751 shutdown complete.
I0916 07:55:39.297099 244 master.cc:247] Master@127.0.61.62:35269 shutting down...
I0916 07:55:39.308357 244 raft_consensus.cc:2147] T 00000000000000000000000000000000 P 01ad7865e3974566b2bf81b1ad5185a4 [term 1 LEADER]: Raft consensus shutting down.
I0916 07:55:39.308739 244 raft_consensus.cc:2174] T 00000000000000000000000000000000 P 01ad7865e3974566b2bf81b1ad5185a4 [term 1 FOLLOWER]: Raft consensus is shut down!
