I0916 07:55:45.074640 1794 consensus_queue.cc:984] T e5cce06208f44e4fa384db94c0b624ae P 2f1f69d5d2dc4d7f8a6ffc7bcfb07c90 [LEADER]: Connected to new peer: Peer: permanent_uuid: "bce8dbcd72a840bb8256dee0715b175f" member_type: VOTER last_known_addr { host: "127.0.61.2" port: 39401 }, Status: LMP_MISMATCH, Last received: 0.0, Next index: 5, Last known committed idx: 4, Time since last communication: 0.000s
I0916 07:55:45.153923 1798 raft_consensus.cc:472] T e5cce06208f44e4fa384db94c0b624ae P 39273ba79fdb4d31abbb34278b8b1709 [term 2 FOLLOWER]: Starting pre-election (no leader contacted us within the election timeout)
I0916 07:55:45.154570 1798 raft_consensus.cc:494] T e5cce06208f44e4fa384db94c0b624ae P 39273ba79fdb4d31abbb34278b8b1709 [term 2 FOLLOWER]: Starting pre-election with config: opid_index: -1 OBSOLETE_local: false peers { permanent_uuid: "39273ba79fdb4d31abbb34278b8b1709" member_type: VOTER last_known_addr { host: "127.0.61.1" port: 40619 } } peers { permanent_uuid: "bce8dbcd72a840bb8256dee0715b175f" member_type: VOTER last_known_addr { host: "127.0.61.2" port: 39401 } } peers { permanent_uuid: "2f1f69d5d2dc4d7f8a6ffc7bcfb07c90" member_type: VOTER last_known_addr { host: "127.0.61.3" port: 45451 } }
I0916 07:55:45.156525 1798 leader_election.cc:296] T e5cce06208f44e4fa384db94c0b624ae P 39273ba79fdb4d31abbb34278b8b1709 [CANDIDATE]: Term 3 pre-election: Requested pre-vote from peers bce8dbcd72a840bb8256dee0715b175f (127.0.61.2:39401), 2f1f69d5d2dc4d7f8a6ffc7bcfb07c90 (127.0.61.3:45451)
I0916 07:55:45.192124 1822 raft_consensus.cc:2890] T e5cce06208f44e4fa384db94c0b624ae P 39273ba79fdb4d31abbb34278b8b1709 [term 2 FOLLOWER]: Advancing to term 3
I0916 07:55:45.198385 1772 tablet.cc:1223] T 6b5196040b094455ad661e9ab9e379c7 P 39273ba79fdb4d31abbb34278b8b1709: Alter schema from ( 10:key INT32 NOT NULL, PRIMARY KEY (key) ) version 0 to ( 10:key INT32 NOT NULL, PRIMARY KEY (key) ) version 1
I0916 07:55:45.199010 1772 tablet_metadata.cc:569] Not flushing: waiting for 1 pins to be released.
I0916 07:55:45.199805 1772 tablet_bootstrap.cc:439] T 6b5196040b094455ad661e9ab9e379c7 P 39273ba79fdb4d31abbb34278b8b1709: Bootstrap replayed 1/1 log segments. Stats: ops{read=5 overwritten=0 applied=5 ignored=0} inserts{seen=97 ignored=0} mutations{seen=0 ignored=0} orphaned_commits=0. Pending: 0 replicates
I0916 07:55:45.200655 1772 tablet_bootstrap.cc:439] T 6b5196040b094455ad661e9ab9e379c7 P 39273ba79fdb4d31abbb34278b8b1709: Bootstrap complete.
I0916 07:55:45.201303 1822 raft_consensus.cc:1184] T e5cce06208f44e4fa384db94c0b624ae P 39273ba79fdb4d31abbb34278b8b1709 [term 3 FOLLOWER]: Refusing update from remote peer 2f1f69d5d2dc4d7f8a6ffc7bcfb07c90: Log matching property violated. Preceding OpId in replica: term: 2 index: 4. Preceding OpId from leader: term: 3 index: 5. (index mismatch)
I0916 07:55:45.206648 1847 heartbeater.cc:322] Connected to a master server at 127.0.61.60:37785
I0916 07:55:45.207016 1847 heartbeater.cc:406] Registering TS with master...
I0916 07:55:45.207160 1774 consensus_queue.cc:984] T e5cce06208f44e4fa384db94c0b624ae P 2f1f69d5d2dc4d7f8a6ffc7bcfb07c90 [LEADER]: Connected to new peer: Peer: permanent_uuid: "39273ba79fdb4d31abbb34278b8b1709" member_type: VOTER last_known_addr { host: "127.0.61.1" port: 40619 }, Status: LMP_MISMATCH, Last received: 0.0, Next index: 5, Last known committed idx: 4, Time since last communication: 0.000s
I0916 07:55:45.208672 1847 heartbeater.cc:455] Master 127.0.61.60:37785 requested a full tablet report, sending...
I0916 07:55:45.212081 1821 raft_consensus.cc:2890] T e02eeaf40c1d4a299b70f4a8f1514e31 P 39273ba79fdb4d31abbb34278b8b1709 [term 3 FOLLOWER]: Advancing to term 4
I0916 07:55:45.239661 1848 heartbeater.cc:322] Connected to a master server at 127.0.61.61:37305
I0916 07:55:45.240023 1848 heartbeater.cc:406] Registering TS with master...
I0916 07:55:45.240612 1848 heartbeater.cc:455] Master 127.0.61.61:37305 requested a full tablet report, sending...
I0916 07:55:45.242048 1650 ts_manager.cc:161] Re-registered known tserver with Master: 39273ba79fdb4d31abbb34278b8b1709 (127.0.61.1:40619)
I0916 07:55:45.246263 1650 master_service.cc:276] Signed X509 certificate for tserver {username='slave'} at 127.0.0.1:41200
I0916 07:55:45.246172 1320 tablet_service.cc:1295] Received RequestConsensusVote() RPC: tablet_id: "e5cce06208f44e4fa384db94c0b624ae" candidate_uuid: "39273ba79fdb4d31abbb34278b8b1709" candidate_term: 3 candidate_status { last_received { term: 2 index: 4 } } ignore_live_leader: false dest_uuid: "bce8dbcd72a840bb8256dee0715b175f" is_pre_election: true
I0916 07:55:45.246834 1320 raft_consensus.cc:2311] T e5cce06208f44e4fa384db94c0b624ae P bce8dbcd72a840bb8256dee0715b175f [term 3 FOLLOWER]: Leader pre-election vote request: Denying vote to candidate 39273ba79fdb4d31abbb34278b8b1709 for term 3 because replica is either leader or believes a valid leader to be alive.
I0916 07:55:45.249330 1847 heartbeater.cc:447] Master 127.0.61.60:37785 was elected leader, sending a full tablet report...
I0916 07:55:45.252372 1772 ts_tablet_manager.cc:1085] T 6b5196040b094455ad661e9ab9e379c7 P 39273ba79fdb4d31abbb34278b8b1709: Time spent bootstrapping tablet: real 0.192s user 0.035s sys 0.012s
I0916 07:55:45.254036 1772 raft_consensus.cc:340] T 6b5196040b094455ad661e9ab9e379c7 P 39273ba79fdb4d31abbb34278b8b1709 [term 3 FOLLOWER]: Replica starting. Triggering 0 pending transactions. Active config: opid_index: -1 OBSOLETE_local: false peers { permanent_uuid: "39273ba79fdb4d31abbb34278b8b1709" member_type: VOTER last_known_addr { host: "127.0.61.1" port: 40619 } } peers { permanent_uuid: "2f1f69d5d2dc4d7f8a6ffc7bcfb07c90" member_type: VOTER last_known_addr { host: "127.0.61.3" port: 45451 } } peers { permanent_uuid: "bce8dbcd72a840bb8256dee0715b175f" member_type: VOTER last_known_addr { host: "127.0.61.2" port: 39401 } }
I0916 07:55:45.254539 1772 raft_consensus.cc:705] T 6b5196040b094455ad661e9ab9e379c7 P 39273ba79fdb4d31abbb34278b8b1709 [term 3 FOLLOWER]: Becoming Follower/Learner. State: Replica: 39273ba79fdb4d31abbb34278b8b1709, State: Initialized, Role: FOLLOWER
I0916 07:55:45.255200 1772 consensus_queue.cc:229] T 6b5196040b094455ad661e9ab9e379c7 P 39273ba79fdb4d31abbb34278b8b1709 [NON_LEADER]: Queue going to NON_LEADER mode. State: All replicated index: 0, Majority replicated index: 0, Committed index: 5, Last appended: 3.5, Last appended by leader: 5, Current term: 0, Majority size: -1, State: 0, Mode: NON_LEADER, active raft config: opid_index: -1 OBSOLETE_local: false peers { permanent_uuid: "39273ba79fdb4d31abbb34278b8b1709" member_type: VOTER last_known_addr { host: "127.0.61.1" port: 40619 } } peers { permanent_uuid: "2f1f69d5d2dc4d7f8a6ffc7bcfb07c90" member_type: VOTER last_known_addr { host: "127.0.61.3" port: 45451 } } peers { permanent_uuid: "bce8dbcd72a840bb8256dee0715b175f" member_type: VOTER last_known_addr { host: "127.0.61.2" port: 39401 } }
I0916 07:55:45.257246 1772 ts_tablet_manager.cc:1113] T 6b5196040b094455ad661e9ab9e379c7 P 39273ba79fdb4d31abbb34278b8b1709: Time spent starting tablet: real 0.005s user 0.003s sys 0.000s
I0916 07:55:45.263857 1716 ts_manager.cc:161] Re-registered known tserver with Master: 39273ba79fdb4d31abbb34278b8b1709 (127.0.61.1:40619)
I0916 07:55:45.264137 1392 tablet_service.cc:1295] Received RequestConsensusVote() RPC: tablet_id: "e5cce06208f44e4fa384db94c0b624ae" candidate_uuid: "39273ba79fdb4d31abbb34278b8b1709" candidate_term: 3 candidate_status { last_received { term: 2 index: 4 } } ignore_live_leader: false dest_uuid: "2f1f69d5d2dc4d7f8a6ffc7bcfb07c90" is_pre_election: true
I0916 07:55:45.265653 1392 raft_consensus.cc:2311] T e5cce06208f44e4fa384db94c0b624ae P 2f1f69d5d2dc4d7f8a6ffc7bcfb07c90 [term 3 LEADER]: Leader pre-election vote request: Denying vote to candidate 39273ba79fdb4d31abbb34278b8b1709 for term 3 because replica is either leader or believes a valid leader to be alive.
I0916 07:55:45.266925 1767 leader_election.cc:310] T e5cce06208f44e4fa384db94c0b624ae P 39273ba79fdb4d31abbb34278b8b1709 [CANDIDATE]: Term 3 pre-election: Election decided. Result: candidate lost. Election summary: received 3 responses out of 3 voters: 1 yes votes; 2 no votes. yes voters: 39273ba79fdb4d31abbb34278b8b1709; no voters: 2f1f69d5d2dc4d7f8a6ffc7bcfb07c90, bce8dbcd72a840bb8256dee0715b175f
I0916 07:55:45.268395 1798 raft_consensus.cc:2592] T e5cce06208f44e4fa384db94c0b624ae P 39273ba79fdb4d31abbb34278b8b1709 [term 3 FOLLOWER]: Leader pre-election lost for term 3. Reason: could not achieve majority
I0916 07:55:45.274782 1853 heartbeater.cc:322] Connected to a master server at 127.0.61.62:33603
I0916 07:55:45.275146 1853 heartbeater.cc:406] Registering TS with master...
I0916 07:55:45.275566 1853 heartbeater.cc:455] Master 127.0.61.62:33603 requested a full tablet report, sending...
I0916 07:55:45.278420 1036 ts_manager.cc:161] Re-registered known tserver with Master: 39273ba79fdb4d31abbb34278b8b1709 (127.0.61.1:40619)
I0916 07:55:45.360491 244 tablet_server.cc:159] TabletServer@127.0.61.2:39401 shutting down...
I0916 07:55:45.401767 244 ts_tablet_manager.cc:1159] Shutting down tablet manager...
I0916 07:55:45.402133 244 tablet_replica.cc:273] T e02eeaf40c1d4a299b70f4a8f1514e31 P bce8dbcd72a840bb8256dee0715b175f: stopping tablet replica
I0916 07:55:45.402556 244 raft_consensus.cc:2147] T e02eeaf40c1d4a299b70f4a8f1514e31 P bce8dbcd72a840bb8256dee0715b175f [term 4 LEADER]: Raft consensus shutting down.
I0916 07:55:45.403064 244 raft_consensus.cc:2174] T e02eeaf40c1d4a299b70f4a8f1514e31 P bce8dbcd72a840bb8256dee0715b175f [term 4 FOLLOWER]: Raft consensus is shut down!
I0916 07:55:45.403177 1282 messenger.cc:381] Service unavailable: service kudu.consensus.ConsensusService not registered on TabletServer
W0916 07:55:45.403873 1353 consensus_peers.cc:458] T e5cce06208f44e4fa384db94c0b624ae P 2f1f69d5d2dc4d7f8a6ffc7bcfb07c90 -> Peer bce8dbcd72a840bb8256dee0715b175f (127.0.61.2:39401): Couldn't send request to peer bce8dbcd72a840bb8256dee0715b175f. Status: Remote error: Service unavailable: service kudu.consensus.ConsensusService not registered on TabletServer. This is attempt 1: this message will repeat every 5th retry.
I0916 07:55:45.405755 244 tablet_replica.cc:273] T e5cce06208f44e4fa384db94c0b624ae P bce8dbcd72a840bb8256dee0715b175f: stopping tablet replica
I0916 07:55:45.406075 244 raft_consensus.cc:2147] T e5cce06208f44e4fa384db94c0b624ae P bce8dbcd72a840bb8256dee0715b175f [term 3 FOLLOWER]: Raft consensus shutting down.
I0916 07:55:45.406291 244 raft_consensus.cc:2174] T e5cce06208f44e4fa384db94c0b624ae P bce8dbcd72a840bb8256dee0715b175f [term 3 FOLLOWER]: Raft consensus is shut down!
I0916 07:55:45.408641 244 tablet_replica.cc:273] T 6b5196040b094455ad661e9ab9e379c7 P bce8dbcd72a840bb8256dee0715b175f: stopping tablet replica
I0916 07:55:45.408926 244 raft_consensus.cc:2147] T 6b5196040b094455ad661e9ab9e379c7 P bce8dbcd72a840bb8256dee0715b175f [term 3 LEADER]: Raft consensus shutting down.
I0916 07:55:45.409430 244 raft_consensus.cc:2174] T 6b5196040b094455ad661e9ab9e379c7 P bce8dbcd72a840bb8256dee0715b175f [term 3 FOLLOWER]: Raft consensus is shut down!
I0916 07:55:45.431604 244 tablet_server.cc:173] TabletServer@127.0.61.2:39401 shutdown complete.
I0916 07:55:45.456874 244 system_ntp.cc:193] NTP initialized. Skew: 500ppm Current error: 48516us
I0916 07:55:45.457217 244 fs_manager.cc:263] Metadata directory not provided
I0916 07:55:45.457327 244 fs_manager.cc:266] Using existing metadata directory in first data directory
I0916 07:55:45.459524 244 fs_manager.cc:399] Time spent opening directory manager: real 0.002s user 0.002s sys 0.000s
I0916 07:55:45.460748 244 file_cache.cc:465] Constructed file cache lbm with capacity 419430
I0916 07:55:45.468073 244 fs_manager.cc:419] Time spent opening block manager: real 0.001s user 0.001s sys 0.000s
I0916 07:55:45.468240 244 fs_manager.cc:436] Opened local filesystem: /tmp/dist-test-taska4lOjz/test-tmp/ts_tablet_manager-itest.0.TsTabletManagerITest.TestTableStats.1568620531643032-244/minicluster-data/ts-1-root uuid: "bce8dbcd72a840bb8256dee0715b175f" format_stamp: "Formatted at 2019-09-16 07:55:39 on dist-test-slave-dist-test-slave-p3b0"
I0916 07:55:45.468452 244 fs_report.cc:352] FS layout report -------------------- wal directory: /tmp/dist-test-taska4lOjz/test-tmp/ts_tablet_manager-itest.0.TsTabletManagerITest.TestTableStats.1568620531643032-244/minicluster-data/ts-1-root metadata directory: /tmp/dist-test-taska4lOjz/test-tmp/ts_tablet_manager-itest.0.TsTabletManagerITest.TestTableStats.1568620531643032-244/minicluster-data/ts-1-root 1 data directories: /tmp/dist-test-taska4lOjz/test-tmp/ts_tablet_manager-itest.0.TsTabletManagerITest.TestTableStats.1568620531643032-244/minicluster-data/ts-1-root/data Total live blocks: 0 Total live bytes: 0 Total live bytes (after alignment): 0 Total number of LBM containers: 0 (0 full) Did not check for missing blocks Did not check for orphaned blocks Total full LBM containers with extra space: 0 (0 repaired) Total full LBM container extra space in bytes: 0 (0 repaired) Total incomplete LBM containers: 0 (0 repaired) Total LBM partial records: 0 (0 repaired)
I0916 07:55:45.503799 244 ts_tablet_manager.cc:383] Loaded tablet metadata (3 total tablets, 3 live tablets)
I0916 07:55:45.507949 1876 tablet_bootstrap.cc:439] T e5cce06208f44e4fa384db94c0b624ae P bce8dbcd72a840bb8256dee0715b175f: Bootstrap starting.
I0916 07:55:45.515806 244 ts_tablet_manager.cc:403] Registered 3 tablets
I0916 07:55:45.541818 1876 tablet.cc:1223] T e5cce06208f44e4fa384db94c0b624ae P bce8dbcd72a840bb8256dee0715b175f: Alter schema from ( 10:key INT32 NOT NULL, PRIMARY KEY (key) ) version 0 to ( 10:key INT32 NOT NULL, PRIMARY KEY (key) ) version 1
I0916 07:55:45.542385 1876 tablet_metadata.cc:569] Not flushing: waiting for 1 pins to be released.
I0916 07:55:45.543682 1876 tablet_bootstrap.cc:439] T e5cce06208f44e4fa384db94c0b624ae P bce8dbcd72a840bb8256dee0715b175f: Bootstrap replayed 1/1 log segments. Stats: ops{read=5 overwritten=0 applied=5 ignored=0} inserts{seen=99 ignored=0} mutations{seen=0 ignored=0} orphaned_commits=0. Pending: 0 replicates
I0916 07:55:45.544333 1876 tablet_bootstrap.cc:439] T e5cce06208f44e4fa384db94c0b624ae P bce8dbcd72a840bb8256dee0715b175f: Bootstrap complete.
I0916 07:55:45.544797 1865 raft_consensus.cc:472] T 6b5196040b094455ad661e9ab9e379c7 P 2f1f69d5d2dc4d7f8a6ffc7bcfb07c90 [term 3 FOLLOWER]: Starting pre-election (detected failure of leader bce8dbcd72a840bb8256dee0715b175f)
I0916 07:55:45.545400 1865 raft_consensus.cc:494] T 6b5196040b094455ad661e9ab9e379c7 P 2f1f69d5d2dc4d7f8a6ffc7bcfb07c90 [term 3 FOLLOWER]: Starting pre-election with config: opid_index: -1 OBSOLETE_local: false peers { permanent_uuid: "39273ba79fdb4d31abbb34278b8b1709" member_type: VOTER last_known_addr { host: "127.0.61.1" port: 40619 } } peers { permanent_uuid: "2f1f69d5d2dc4d7f8a6ffc7bcfb07c90" member_type: VOTER last_known_addr { host: "127.0.61.3" port: 45451 } } peers { permanent_uuid: "bce8dbcd72a840bb8256dee0715b175f" member_type: VOTER last_known_addr { host: "127.0.61.2" port: 39401 } }
I0916 07:55:45.548051 1821 tablet_service.cc:1295] Received RequestConsensusVote() RPC: tablet_id: "6b5196040b094455ad661e9ab9e379c7" candidate_uuid: "2f1f69d5d2dc4d7f8a6ffc7bcfb07c90" candidate_term: 4 candidate_status { last_received { term: 3 index: 5 } } ignore_live_leader: false dest_uuid: "39273ba79fdb4d31abbb34278b8b1709" is_pre_election: true
I0916 07:55:45.548738 1821 raft_consensus.cc:2311] T 6b5196040b094455ad661e9ab9e379c7 P 39273ba79fdb4d31abbb34278b8b1709 [term 3 FOLLOWER]: Leader pre-election vote request: Denying vote to candidate 2f1f69d5d2dc4d7f8a6ffc7bcfb07c90 for term 4 because replica is either leader or believes a valid leader to be alive.
I0916 07:55:45.550963 1865 leader_election.cc:296] T 6b5196040b094455ad661e9ab9e379c7 P 2f1f69d5d2dc4d7f8a6ffc7bcfb07c90 [CANDIDATE]: Term 4 pre-election: Requested pre-vote from peers 39273ba79fdb4d31abbb34278b8b1709 (127.0.61.1:40619), bce8dbcd72a840bb8256dee0715b175f (127.0.61.2:39401)
W0916 07:55:45.552016 1353 leader_election.cc:341] T 6b5196040b094455ad661e9ab9e379c7 P 2f1f69d5d2dc4d7f8a6ffc7bcfb07c90 [CANDIDATE]: Term 4 pre-election: RPC error from VoteRequest() call to peer bce8dbcd72a840bb8256dee0715b175f (127.0.61.2:39401): Network error: Client connection negotiation failed: client connection to 127.0.61.2:39401: connect: Connection refused (error 111)
I0916 07:55:45.552408 1353 leader_election.cc:310] T 6b5196040b094455ad661e9ab9e379c7 P 2f1f69d5d2dc4d7f8a6ffc7bcfb07c90 [CANDIDATE]: Term 4 pre-election: Election decided. Result: candidate lost. Election summary: received 3 responses out of 3 voters: 1 yes votes; 2 no votes. yes voters: 2f1f69d5d2dc4d7f8a6ffc7bcfb07c90; no voters: 39273ba79fdb4d31abbb34278b8b1709, bce8dbcd72a840bb8256dee0715b175f
I0916 07:55:45.553251 1865 raft_consensus.cc:2592] T 6b5196040b094455ad661e9ab9e379c7 P 2f1f69d5d2dc4d7f8a6ffc7bcfb07c90 [term 3 FOLLOWER]: Leader pre-election lost for term 4. Reason: could not achieve majority
I0916 07:55:45.556594 1876 ts_tablet_manager.cc:1085] T e5cce06208f44e4fa384db94c0b624ae P bce8dbcd72a840bb8256dee0715b175f: Time spent bootstrapping tablet: real 0.049s user 0.034s sys 0.004s
I0916 07:55:45.558842 1876 raft_consensus.cc:340] T e5cce06208f44e4fa384db94c0b624ae P bce8dbcd72a840bb8256dee0715b175f [term 3 FOLLOWER]: Replica starting. Triggering 0 pending transactions. Active config: opid_index: -1 OBSOLETE_local: false peers { permanent_uuid: "39273ba79fdb4d31abbb34278b8b1709" member_type: VOTER last_known_addr { host: "127.0.61.1" port: 40619 } } peers { permanent_uuid: "bce8dbcd72a840bb8256dee0715b175f" member_type: VOTER last_known_addr { host: "127.0.61.2" port: 39401 } } peers { permanent_uuid: "2f1f69d5d2dc4d7f8a6ffc7bcfb07c90" member_type: VOTER last_known_addr { host: "127.0.61.3" port: 45451 } }
I0916 07:55:45.559630 1876 raft_consensus.cc:705] T e5cce06208f44e4fa384db94c0b624ae P bce8dbcd72a840bb8256dee0715b175f [term 3 FOLLOWER]: Becoming Follower/Learner. State: Replica: bce8dbcd72a840bb8256dee0715b175f, State: Initialized, Role: FOLLOWER
I0916 07:55:45.561055 1876 consensus_queue.cc:229] T e5cce06208f44e4fa384db94c0b624ae P bce8dbcd72a840bb8256dee0715b175f [NON_LEADER]: Queue going to NON_LEADER mode. State: All replicated index: 0, Majority replicated index: 0, Committed index: 5, Last appended: 3.5, Last appended by leader: 5, Current term: 0, Majority size: -1, State: 0, Mode: NON_LEADER, active raft config: opid_index: -1 OBSOLETE_local: false peers { permanent_uuid: "39273ba79fdb4d31abbb34278b8b1709" member_type: VOTER last_known_addr { host: "127.0.61.1" port: 40619 } } peers { permanent_uuid: "bce8dbcd72a840bb8256dee0715b175f" member_type: VOTER last_known_addr { host: "127.0.61.2" port: 39401 } } peers { permanent_uuid: "2f1f69d5d2dc4d7f8a6ffc7bcfb07c90" member_type: VOTER last_known_addr { host: "127.0.61.3" port: 45451 } }
I0916 07:55:45.564232 1876 ts_tablet_manager.cc:1113] T e5cce06208f44e4fa384db94c0b624ae P bce8dbcd72a840bb8256dee0715b175f: Time spent starting tablet: real 0.007s user 0.005s sys 0.000s
I0916 07:55:45.564888 1876 tablet_bootstrap.cc:439] T e02eeaf40c1d4a299b70f4a8f1514e31 P bce8dbcd72a840bb8256dee0715b175f: Bootstrap starting.
I0916 07:55:45.579541 1798 raft_consensus.cc:472] T 6b5196040b094455ad661e9ab9e379c7 P 39273ba79fdb4d31abbb34278b8b1709 [term 3 FOLLOWER]: Starting pre-election (detected failure of leader bce8dbcd72a840bb8256dee0715b175f)
I0916 07:55:45.580111 1798 raft_consensus.cc:494] T 6b5196040b094455ad661e9ab9e379c7 P 39273ba79fdb4d31abbb34278b8b1709 [term 3 FOLLOWER]: Starting pre-election with config: opid_index: -1 OBSOLETE_local: false peers { permanent_uuid: "39273ba79fdb4d31abbb34278b8b1709" member_type: VOTER last_known_addr { host: "127.0.61.1" port: 40619 } } peers { permanent_uuid: "2f1f69d5d2dc4d7f8a6ffc7bcfb07c90" member_type: VOTER last_known_addr { host: "127.0.61.3" port: 45451 } } peers { permanent_uuid: "bce8dbcd72a840bb8256dee0715b175f" member_type: VOTER last_known_addr { host: "127.0.61.2" port: 39401 } }
I0916 07:55:45.581995 1798 leader_election.cc:296] T 6b5196040b094455ad661e9ab9e379c7 P 39273ba79fdb4d31abbb34278b8b1709 [CANDIDATE]: Term 4 pre-election: Requested pre-vote from peers 2f1f69d5d2dc4d7f8a6ffc7bcfb07c90 (127.0.61.3:45451), bce8dbcd72a840bb8256dee0715b175f (127.0.61.2:39401)
W0916 07:55:45.583830 1764 leader_election.cc:341] T 6b5196040b094455ad661e9ab9e379c7 P 39273ba79fdb4d31abbb34278b8b1709 [CANDIDATE]: Term 4 pre-election: RPC error from VoteRequest() call to peer bce8dbcd72a840bb8256dee0715b175f (127.0.61.2:39401): Network error: Client connection negotiation failed: client connection to 127.0.61.2:39401: connect: Connection refused (error 111)
I0916 07:55:45.585461 1392 tablet_service.cc:1295] Received RequestConsensusVote() RPC: tablet_id: "6b5196040b094455ad661e9ab9e379c7" candidate_uuid: "39273ba79fdb4d31abbb34278b8b1709" candidate_term: 4 candidate_status { last_received { term: 3 index: 5 } } ignore_live_leader: false dest_uuid: "2f1f69d5d2dc4d7f8a6ffc7bcfb07c90" is_pre_election: true
I0916 07:55:45.586119 1392 raft_consensus.cc:2350] T 6b5196040b094455ad661e9ab9e379c7 P 2f1f69d5d2dc4d7f8a6ffc7bcfb07c90 [term 3 FOLLOWER]: Leader pre-election vote request: Granting yes vote for candidate 39273ba79fdb4d31abbb34278b8b1709 in term 3.
I0916 07:55:45.586217 1865 raft_consensus.cc:472] T e02eeaf40c1d4a299b70f4a8f1514e31 P 2f1f69d5d2dc4d7f8a6ffc7bcfb07c90 [term 4 FOLLOWER]: Starting pre-election (detected failure of leader bce8dbcd72a840bb8256dee0715b175f)
I0916 07:55:45.586766 1865 raft_consensus.cc:494] T e02eeaf40c1d4a299b70f4a8f1514e31 P 2f1f69d5d2dc4d7f8a6ffc7bcfb07c90 [term 4 FOLLOWER]: Starting pre-election with config: opid_index: -1 OBSOLETE_local: false peers { permanent_uuid: "bce8dbcd72a840bb8256dee0715b175f" member_type: VOTER last_known_addr { host: "127.0.61.2" port: 39401 } } peers { permanent_uuid: "39273ba79fdb4d31abbb34278b8b1709" member_type: VOTER last_known_addr { host: "127.0.61.1" port: 40619 } } peers { permanent_uuid: "2f1f69d5d2dc4d7f8a6ffc7bcfb07c90" member_type: VOTER last_known_addr { host: "127.0.61.3" port: 45451 } }
I0916 07:55:45.587358 1767 leader_election.cc:310] T 6b5196040b094455ad661e9ab9e379c7 P 39273ba79fdb4d31abbb34278b8b1709 [CANDIDATE]: Term 4 pre-election: Election decided. Result: candidate won. Election summary: received 3 responses out of 3 voters: 2 yes votes; 1 no votes. yes voters: 2f1f69d5d2dc4d7f8a6ffc7bcfb07c90, 39273ba79fdb4d31abbb34278b8b1709; no voters: bce8dbcd72a840bb8256dee0715b175f
I0916 07:55:45.588510 1798 raft_consensus.cc:2644] T 6b5196040b094455ad661e9ab9e379c7 P 39273ba79fdb4d31abbb34278b8b1709 [term 3 FOLLOWER]: Leader pre-election won for term 4
I0916 07:55:45.588840 1798 raft_consensus.cc:472] T 6b5196040b094455ad661e9ab9e379c7 P 39273ba79fdb4d31abbb34278b8b1709 [term 3 FOLLOWER]: Starting leader election (detected failure of leader bce8dbcd72a840bb8256dee0715b175f)
I0916 07:55:45.589123 1798 raft_consensus.cc:2890] T 6b5196040b094455ad661e9ab9e379c7 P 39273ba79fdb4d31abbb34278b8b1709 [term 3 FOLLOWER]: Advancing to term 4
I0916 07:55:45.591147 1821 tablet_service.cc:1295] Received RequestConsensusVote() RPC: tablet_id: "e02eeaf40c1d4a299b70f4a8f1514e31" candidate_uuid: "2f1f69d5d2dc4d7f8a6ffc7bcfb07c90" candidate_term: 5 candidate_status { last_received { term: 4 index: 6 } } ignore_live_leader: false dest_uuid: "39273ba79fdb4d31abbb34278b8b1709" is_pre_election: true
I0916 07:55:45.591934 1821 raft_consensus.cc:2311] T e02eeaf40c1d4a299b70f4a8f1514e31 P 39273ba79fdb4d31abbb34278b8b1709 [term 4 FOLLOWER]: Leader pre-election vote request: Denying vote to candidate 2f1f69d5d2dc4d7f8a6ffc7bcfb07c90 for term 5 because replica is either leader or believes a valid leader to be alive.
W0916 07:55:45.593189 1353 leader_election.cc:341] T e02eeaf40c1d4a299b70f4a8f1514e31 P 2f1f69d5d2dc4d7f8a6ffc7bcfb07c90 [CANDIDATE]: Term 5 pre-election: RPC error from VoteRequest() call to peer bce8dbcd72a840bb8256dee0715b175f (127.0.61.2:39401): Network error: Client connection negotiation failed: client connection to 127.0.61.2:39401: connect: Connection refused (error 111)
I0916 07:55:45.593555 1353 leader_election.cc:310] T e02eeaf40c1d4a299b70f4a8f1514e31 P 2f1f69d5d2dc4d7f8a6ffc7bcfb07c90 [CANDIDATE]: Term 5 pre-election: Election decided. Result: candidate lost. Election summary: received 3 responses out of 3 voters: 1 yes votes; 2 no votes. yes voters: 2f1f69d5d2dc4d7f8a6ffc7bcfb07c90; no voters: 39273ba79fdb4d31abbb34278b8b1709, bce8dbcd72a840bb8256dee0715b175f
I0916 07:55:45.594938 1794 raft_consensus.cc:2592] T e02eeaf40c1d4a299b70f4a8f1514e31 P 2f1f69d5d2dc4d7f8a6ffc7bcfb07c90 [term 4 FOLLOWER]: Leader pre-election lost for term 5. Reason: could not achieve majority
I0916 07:55:45.588446 1865 leader_election.cc:296] T e02eeaf40c1d4a299b70f4a8f1514e31 P 2f1f69d5d2dc4d7f8a6ffc7bcfb07c90 [CANDIDATE]: Term 5 pre-election: Requested pre-vote from peers bce8dbcd72a840bb8256dee0715b175f (127.0.61.2:39401), 39273ba79fdb4d31abbb34278b8b1709 (127.0.61.1:40619)
I0916 07:55:45.596969 1798 raft_consensus.cc:494] T 6b5196040b094455ad661e9ab9e379c7 P 39273ba79fdb4d31abbb34278b8b1709 [term 4 FOLLOWER]: Starting leader election with config: opid_index: -1 OBSOLETE_local: false peers { permanent_uuid: "39273ba79fdb4d31abbb34278b8b1709" member_type: VOTER last_known_addr { host: "127.0.61.1" port: 40619 } } peers { permanent_uuid: "2f1f69d5d2dc4d7f8a6ffc7bcfb07c90" member_type: VOTER last_known_addr { host: "127.0.61.3" port: 45451 } } peers { permanent_uuid: "bce8dbcd72a840bb8256dee0715b175f" member_type: VOTER last_known_addr { host: "127.0.61.2" port: 39401 } }
I0916 07:55:45.599251 1392 tablet_service.cc:1295] Received RequestConsensusVote() RPC: tablet_id: "6b5196040b094455ad661e9ab9e379c7" candidate_uuid: "39273ba79fdb4d31abbb34278b8b1709" candidate_term: 4 candidate_status { last_received { term: 3 index: 5 } } ignore_live_leader: false dest_uuid: "2f1f69d5d2dc4d7f8a6ffc7bcfb07c90"
I0916 07:55:45.599764 1392 raft_consensus.cc:2890] T 6b5196040b094455ad661e9ab9e379c7 P 2f1f69d5d2dc4d7f8a6ffc7bcfb07c90 [term 3 FOLLOWER]: Advancing to term 4
I0916 07:55:45.608273 1392 raft_consensus.cc:2350] T 6b5196040b094455ad661e9ab9e379c7 P 2f1f69d5d2dc4d7f8a6ffc7bcfb07c90 [term 4 FOLLOWER]: Leader election vote request: Granting yes vote for candidate 39273ba79fdb4d31abbb34278b8b1709 in term 4.
I0916 07:55:45.611203 1767 leader_election.cc:310] T 6b5196040b094455ad661e9ab9e379c7 P 39273ba79fdb4d31abbb34278b8b1709 [CANDIDATE]: Term 4 election: Election decided. Result: candidate won. Election summary: received 2 responses out of 3 voters: 2 yes votes; 0 no votes. yes voters: 2f1f69d5d2dc4d7f8a6ffc7bcfb07c90, 39273ba79fdb4d31abbb34278b8b1709; no voters:
I0916 07:55:45.614986 1876 tablet.cc:1223] T e02eeaf40c1d4a299b70f4a8f1514e31 P bce8dbcd72a840bb8256dee0715b175f: Alter schema from ( 10:key INT32 NOT NULL, PRIMARY KEY (key) ) version 0 to ( 10:key INT32 NOT NULL, PRIMARY KEY (key) ) version 1
I0916 07:55:45.615804 1876 tablet_metadata.cc:569] Not flushing: waiting for 1 pins to be released.
I0916 07:55:45.626315 1798 leader_election.cc:296] T 6b5196040b094455ad661e9ab9e379c7 P 39273ba79fdb4d31abbb34278b8b1709 [CANDIDATE]: Term 4 election: Requested vote from peers 2f1f69d5d2dc4d7f8a6ffc7bcfb07c90 (127.0.61.3:45451), bce8dbcd72a840bb8256dee0715b175f (127.0.61.2:39401)
I0916 07:55:45.626925 1916 raft_consensus.cc:472] T e02eeaf40c1d4a299b70f4a8f1514e31 P 39273ba79fdb4d31abbb34278b8b1709 [term 4 FOLLOWER]: Starting pre-election (detected failure of leader bce8dbcd72a840bb8256dee0715b175f)
I0916 07:55:45.627072 1915 raft_consensus.cc:2644] T 6b5196040b094455ad661e9ab9e379c7 P 39273ba79fdb4d31abbb34278b8b1709 [term 4 FOLLOWER]: Leader election won for term 4
I0916 07:55:45.627480 1915 raft_consensus.cc:667] T 6b5196040b094455ad661e9ab9e379c7 P 39273ba79fdb4d31abbb34278b8b1709 [term 4 LEADER]: Becoming Leader. State: Replica: 39273ba79fdb4d31abbb34278b8b1709, State: Running, Role: LEADER
I0916 07:55:45.627421 1916 raft_consensus.cc:494] T e02eeaf40c1d4a299b70f4a8f1514e31 P 39273ba79fdb4d31abbb34278b8b1709 [term 4 FOLLOWER]: Starting pre-election with config: opid_index: -1 OBSOLETE_local: false peers { permanent_uuid: "bce8dbcd72a840bb8256dee0715b175f" member_type: VOTER last_known_addr { host: "127.0.61.2" port: 39401 } } peers { permanent_uuid: "39273ba79fdb4d31abbb34278b8b1709" member_type: VOTER last_known_addr { host: "127.0.61.1" port: 40619 } } peers { permanent_uuid: "2f1f69d5d2dc4d7f8a6ffc7bcfb07c90" member_type: VOTER last_known_addr { host: "127.0.61.3" port: 45451 } }
I0916 07:55:45.628069 1915 consensus_queue.cc:206] T 6b5196040b094455ad661e9ab9e379c7 P 39273ba79fdb4d31abbb34278b8b1709 [LEADER]: Queue going to LEADER mode. State: All replicated index: 0, Majority replicated index: 5, Committed index: 5, Last appended: 3.5, Last appended by leader: 5, Current term: 4, Majority size: 2, State: 0, Mode: LEADER, active raft config: opid_index: -1 OBSOLETE_local: false peers { permanent_uuid: "39273ba79fdb4d31abbb34278b8b1709" member_type: VOTER last_known_addr { host: "127.0.61.1" port: 40619 } } peers { permanent_uuid: "2f1f69d5d2dc4d7f8a6ffc7bcfb07c90" member_type: VOTER last_known_addr { host: "127.0.61.3" port: 45451 } } peers { permanent_uuid: "bce8dbcd72a840bb8256dee0715b175f" member_type: VOTER last_known_addr { host: "127.0.61.2" port: 39401 } }
I0916 07:55:45.629021 1916 leader_election.cc:296] T e02eeaf40c1d4a299b70f4a8f1514e31 P 39273ba79fdb4d31abbb34278b8b1709 [CANDIDATE]: Term 5 pre-election: Requested pre-vote from peers bce8dbcd72a840bb8256dee0715b175f (127.0.61.2:39401), 2f1f69d5d2dc4d7f8a6ffc7bcfb07c90 (127.0.61.3:45451)
I0916 07:55:45.629950 1876 tablet_bootstrap.cc:439] T e02eeaf40c1d4a299b70f4a8f1514e31 P bce8dbcd72a840bb8256dee0715b175f: Bootstrap replayed 1/1 log segments. Stats: ops{read=6 overwritten=0 applied=6 ignored=0} inserts{seen=111 ignored=0} mutations{seen=0 ignored=0} orphaned_commits=0. Pending: 0 replicates
I0916 07:55:45.630048 1392 tablet_service.cc:1295] Received RequestConsensusVote() RPC: tablet_id: "e02eeaf40c1d4a299b70f4a8f1514e31" candidate_uuid: "39273ba79fdb4d31abbb34278b8b1709" candidate_term: 5 candidate_status { last_received { term: 4 index: 6 } } ignore_live_leader: false dest_uuid: "2f1f69d5d2dc4d7f8a6ffc7bcfb07c90" is_pre_election: true
I0916 07:55:45.630774 1392 raft_consensus.cc:2350] T e02eeaf40c1d4a299b70f4a8f1514e31 P 2f1f69d5d2dc4d7f8a6ffc7bcfb07c90 [term 4 FOLLOWER]: Leader pre-election vote request: Granting yes vote for candidate 39273ba79fdb4d31abbb34278b8b1709 in term 4.
I0916 07:55:45.631623 1767 leader_election.cc:310] T e02eeaf40c1d4a299b70f4a8f1514e31 P 39273ba79fdb4d31abbb34278b8b1709 [CANDIDATE]: Term 5 pre-election: Election decided. Result: candidate won. Election summary: received 2 responses out of 3 voters: 2 yes votes; 0 no votes. yes voters: 2f1f69d5d2dc4d7f8a6ffc7bcfb07c90, 39273ba79fdb4d31abbb34278b8b1709; no voters:
I0916 07:55:45.632664 1916 raft_consensus.cc:2644] T e02eeaf40c1d4a299b70f4a8f1514e31 P 39273ba79fdb4d31abbb34278b8b1709 [term 4 FOLLOWER]: Leader pre-election won for term 5
I0916 07:55:45.632979 1916 raft_consensus.cc:472] T e02eeaf40c1d4a299b70f4a8f1514e31 P 39273ba79fdb4d31abbb34278b8b1709 [term 4 FOLLOWER]: Starting leader election (detected failure of leader bce8dbcd72a840bb8256dee0715b175f)
I0916 07:55:45.633291 1916 raft_consensus.cc:2890] T e02eeaf40c1d4a299b70f4a8f1514e31 P 39273ba79fdb4d31abbb34278b8b1709 [term 4 FOLLOWER]: Advancing to term 5
I0916 07:55:45.632735 1650 catalog_manager.cc:4120] T 6b5196040b094455ad661e9ab9e379c7 P 39273ba79fdb4d31abbb34278b8b1709 reported cstate change: term changed from 3 to 4, leader changed from bce8dbcd72a840bb8256dee0715b175f (127.0.61.2) to 39273ba79fdb4d31abbb34278b8b1709 (127.0.61.1). New cstate: current_term: 4 leader_uuid: "39273ba79fdb4d31abbb34278b8b1709" committed_config { opid_index: -1 OBSOLETE_local: false peers { permanent_uuid: "39273ba79fdb4d31abbb34278b8b1709" member_type: VOTER last_known_addr { host: "127.0.61.1" port: 40619 } health_report { overall_health: HEALTHY } } peers { permanent_uuid: "2f1f69d5d2dc4d7f8a6ffc7bcfb07c90" member_type: VOTER last_known_addr { host: "127.0.61.3" port: 45451 } health_report { overall_health: UNKNOWN } } peers { permanent_uuid: "bce8dbcd72a840bb8256dee0715b175f" member_type: VOTER last_known_addr { host: "127.0.61.2" port: 39401 } health_report { overall_health: UNKNOWN } } }
I0916 07:55:45.630826 1876 tablet_bootstrap.cc:439] T e02eeaf40c1d4a299b70f4a8f1514e31 P bce8dbcd72a840bb8256dee0715b175f: Bootstrap complete.
W0916 07:55:45.639163 1764 leader_election.cc:341] T e02eeaf40c1d4a299b70f4a8f1514e31 P 39273ba79fdb4d31abbb34278b8b1709 [CANDIDATE]: Term 5 pre-election: RPC error from VoteRequest() call to peer bce8dbcd72a840bb8256dee0715b175f (127.0.61.2:39401): Network error: Client connection negotiation failed: client connection to 127.0.61.2:39401: connect: Connection refused (error 111)
I0916 07:55:45.638984 1916 raft_consensus.cc:494] T e02eeaf40c1d4a299b70f4a8f1514e31 P 39273ba79fdb4d31abbb34278b8b1709 [term 5 FOLLOWER]: Starting leader election with config: opid_index: -1 OBSOLETE_local: false peers { permanent_uuid: "bce8dbcd72a840bb8256dee0715b175f" member_type: VOTER last_known_addr { host: "127.0.61.2" port: 39401 } } peers { permanent_uuid: "39273ba79fdb4d31abbb34278b8b1709" member_type: VOTER last_known_addr { host: "127.0.61.1" port: 40619 } } peers { permanent_uuid: "2f1f69d5d2dc4d7f8a6ffc7bcfb07c90" member_type: VOTER last_known_addr { host: "127.0.61.3" port: 45451 } }
W0916 07:55:45.639861 1764 leader_election.cc:341] T 6b5196040b094455ad661e9ab9e379c7 P 39273ba79fdb4d31abbb34278b8b1709 [CANDIDATE]: Term 4 election: RPC error from VoteRequest() call to peer bce8dbcd72a840bb8256dee0715b175f (127.0.61.2:39401): Network error: Client connection negotiation failed: client connection to 127.0.61.2:39401: connect: Connection refused (error 111)
I0916 07:55:45.641386 1916 leader_election.cc:296] T e02eeaf40c1d4a299b70f4a8f1514e31 P 39273ba79fdb4d31abbb34278b8b1709 [CANDIDATE]: Term 5 election: Requested vote from peers bce8dbcd72a840bb8256dee0715b175f (127.0.61.2:39401), 2f1f69d5d2dc4d7f8a6ffc7bcfb07c90 (127.0.61.3:45451)
I0916 07:55:45.643376 1392 tablet_service.cc:1295] Received RequestConsensusVote() RPC: tablet_id: "e02eeaf40c1d4a299b70f4a8f1514e31" candidate_uuid: "39273ba79fdb4d31abbb34278b8b1709" candidate_term: 5 candidate_status { last_received { term: 4 index: 6 } } ignore_live_leader: false dest_uuid: "2f1f69d5d2dc4d7f8a6ffc7bcfb07c90"
I0916 07:55:45.644037 1392 raft_consensus.cc:2890] T e02eeaf40c1d4a299b70f4a8f1514e31 P 2f1f69d5d2dc4d7f8a6ffc7bcfb07c90 [term 4 FOLLOWER]: Advancing to term 5
I0916 07:55:45.650094 1392 raft_consensus.cc:2350] T e02eeaf40c1d4a299b70f4a8f1514e31 P 2f1f69d5d2dc4d7f8a6ffc7bcfb07c90 [term 5 FOLLOWER]: Leader election vote request: Granting yes vote for candidate 39273ba79fdb4d31abbb34278b8b1709 in term 5.
I0916 07:55:45.651157 1767 leader_election.cc:310] T e02eeaf40c1d4a299b70f4a8f1514e31 P 39273ba79fdb4d31abbb34278b8b1709 [CANDIDATE]: Term 5 election: Election decided. Result: candidate won. Election summary: received 2 responses out of 3 voters: 2 yes votes; 0 no votes. yes voters: 2f1f69d5d2dc4d7f8a6ffc7bcfb07c90, 39273ba79fdb4d31abbb34278b8b1709; no voters:
I0916 07:55:45.652222 1916 raft_consensus.cc:2644] T e02eeaf40c1d4a299b70f4a8f1514e31 P 39273ba79fdb4d31abbb34278b8b1709 [term 5 FOLLOWER]: Leader election won for term 5
I0916 07:55:45.652871 1916 raft_consensus.cc:667] T e02eeaf40c1d4a299b70f4a8f1514e31 P 39273ba79fdb4d31abbb34278b8b1709 [term 5 LEADER]: Becoming Leader. State: Replica: 39273ba79fdb4d31abbb34278b8b1709, State: Running, Role: LEADER
I0916 07:55:45.654316 1916 consensus_queue.cc:206] T e02eeaf40c1d4a299b70f4a8f1514e31 P 39273ba79fdb4d31abbb34278b8b1709 [LEADER]: Queue going to LEADER mode. State: All replicated index: 0, Majority replicated index: 6, Committed index: 6, Last appended: 4.6, Last appended by leader: 6, Current term: 5, Majority size: 2, State: 0, Mode: LEADER, active raft config: opid_index: -1 OBSOLETE_local: false peers { permanent_uuid: "bce8dbcd72a840bb8256dee0715b175f" member_type: VOTER last_known_addr { host: "127.0.61.2" port: 39401 } } peers { permanent_uuid: "39273ba79fdb4d31abbb34278b8b1709" member_type: VOTER last_known_addr { host: "127.0.61.1" port: 40619 } } peers { permanent_uuid: "2f1f69d5d2dc4d7f8a6ffc7bcfb07c90" member_type: VOTER last_known_addr { host: "127.0.61.3" port: 45451 } }
W0916 07:55:45.655614 1764 leader_election.cc:341] T e02eeaf40c1d4a299b70f4a8f1514e31 P 39273ba79fdb4d31abbb34278b8b1709 [CANDIDATE]: Term 5 election: RPC error from VoteRequest() call to peer bce8dbcd72a840bb8256dee0715b175f (127.0.61.2:39401): Network error: Client connection negotiation failed: client connection to 127.0.61.2:39401: connect: Connection refused (error 111)
I0916 07:55:45.687417 1876 ts_tablet_manager.cc:1085] T e02eeaf40c1d4a299b70f4a8f1514e31 P bce8dbcd72a840bb8256dee0715b175f: Time spent bootstrapping tablet: real 0.123s user 0.047s sys 0.011s
I0916 07:55:45.693974 1876 raft_consensus.cc:340] T e02eeaf40c1d4a299b70f4a8f1514e31 P bce8dbcd72a840bb8256dee0715b175f [term 4 FOLLOWER]: Replica starting. Triggering 0 pending transactions. Active config: opid_index: -1 OBSOLETE_local: false peers { permanent_uuid: "bce8dbcd72a840bb8256dee0715b175f" member_type: VOTER last_known_addr { host: "127.0.61.2" port: 39401 } } peers { permanent_uuid: "39273ba79fdb4d31abbb34278b8b1709" member_type: VOTER last_known_addr { host: "127.0.61.1" port: 40619 } } peers { permanent_uuid: "2f1f69d5d2dc4d7f8a6ffc7bcfb07c90" member_type: VOTER last_known_addr { host: "127.0.61.3" port: 45451 } }
I0916 07:55:45.695173 1876 raft_consensus.cc:705] T e02eeaf40c1d4a299b70f4a8f1514e31 P bce8dbcd72a840bb8256dee0715b175f [term 4 FOLLOWER]: Becoming Follower/Learner. State: Replica: bce8dbcd72a840bb8256dee0715b175f, State: Initialized, Role: FOLLOWER
I0916 07:55:45.696710 1876 consensus_queue.cc:229] T e02eeaf40c1d4a299b70f4a8f1514e31 P bce8dbcd72a840bb8256dee0715b175f [NON_LEADER]: Queue going to NON_LEADER mode. State: All replicated index: 0, Majority replicated index: 0, Committed index: 6, Last appended: 4.6, Last appended by leader: 6, Current term: 0, Majority size: -1, State: 0, Mode: NON_LEADER, active raft config: opid_index: -1 OBSOLETE_local: false peers { permanent_uuid: "bce8dbcd72a840bb8256dee0715b175f" member_type: VOTER last_known_addr { host: "127.0.61.2" port: 39401 } } peers { permanent_uuid: "39273ba79fdb4d31abbb34278b8b1709" member_type: VOTER last_known_addr { host: "127.0.61.1" port: 40619 } } peers { permanent_uuid: "2f1f69d5d2dc4d7f8a6ffc7bcfb07c90" member_type: VOTER last_known_addr { host: "127.0.61.3" port: 45451 } }
I0916 07:55:45.700179 1876 ts_tablet_manager.cc:1113] T e02eeaf40c1d4a299b70f4a8f1514e31 P bce8dbcd72a840bb8256dee0715b175f: Time spent starting tablet: real 0.012s user 0.005s sys 0.000s
I0916 07:55:45.702472 1876 tablet_bootstrap.cc:439] T 6b5196040b094455ad661e9ab9e379c7 P bce8dbcd72a840bb8256dee0715b175f: Bootstrap starting.
I0916 07:55:45.702620 1650 catalog_manager.cc:4120] T e02eeaf40c1d4a299b70f4a8f1514e31 P 39273ba79fdb4d31abbb34278b8b1709 reported cstate change: term changed from 4 to 5, leader changed from bce8dbcd72a840bb8256dee0715b175f (127.0.61.2) to 39273ba79fdb4d31abbb34278b8b1709 (127.0.61.1). New cstate: current_term: 5 leader_uuid: "39273ba79fdb4d31abbb34278b8b1709" committed_config { opid_index: -1 OBSOLETE_local: false peers { permanent_uuid: "bce8dbcd72a840bb8256dee0715b175f" member_type: VOTER last_known_addr { host: "127.0.61.2" port: 39401 } health_report { overall_health: UNKNOWN } } peers { permanent_uuid: "39273ba79fdb4d31abbb34278b8b1709" member_type: VOTER last_known_addr { host: "127.0.61.1" port: 40619 } health_report { overall_health: HEALTHY } } peers { permanent_uuid: "2f1f69d5d2dc4d7f8a6ffc7bcfb07c90" member_type: VOTER last_known_addr { host: "127.0.61.3" port: 45451 } health_report { overall_health: UNKNOWN } } }
I0916 07:55:45.720793 244 rpc_server.cc:205] RPC server started. Bound to: 127.0.61.2:39401
I0916 07:55:45.723456 244 webserver.cc:374] Webserver started at http://127.0.61.2:37889/ using document root and password file
I0916 07:55:45.751823 1392 raft_consensus.cc:1184] T 6b5196040b094455ad661e9ab9e379c7 P 2f1f69d5d2dc4d7f8a6ffc7bcfb07c90 [term 4 FOLLOWER]: Refusing update from remote peer 39273ba79fdb4d31abbb34278b8b1709: Log matching property violated. Preceding OpId in replica: term: 3 index: 5. Preceding OpId from leader: term: 4 index: 6. (index mismatch)
I0916 07:55:45.754431 1916 consensus_queue.cc:984] T 6b5196040b094455ad661e9ab9e379c7 P 39273ba79fdb4d31abbb34278b8b1709 [LEADER]: Connected to new peer: Peer: permanent_uuid: "2f1f69d5d2dc4d7f8a6ffc7bcfb07c90" member_type: VOTER last_known_addr { host: "127.0.61.3" port: 45451 }, Status: LMP_MISMATCH, Last received: 0.0, Next index: 6, Last known committed idx: 5, Time since last communication: 0.016s
I0916 07:55:45.789270 1391 raft_consensus.cc:1184] T e02eeaf40c1d4a299b70f4a8f1514e31 P 2f1f69d5d2dc4d7f8a6ffc7bcfb07c90 [term 5 FOLLOWER]: Refusing update from remote peer 39273ba79fdb4d31abbb34278b8b1709: Log matching property violated. Preceding OpId in replica: term: 4 index: 6. Preceding OpId from leader: term: 5 index: 7. (index mismatch)
I0916 07:55:45.791435 1915 consensus_queue.cc:984] T e02eeaf40c1d4a299b70f4a8f1514e31 P 39273ba79fdb4d31abbb34278b8b1709 [LEADER]: Connected to new peer: Peer: permanent_uuid: "2f1f69d5d2dc4d7f8a6ffc7bcfb07c90" member_type: VOTER last_known_addr { host: "127.0.61.3" port: 45451 }, Status: LMP_MISMATCH, Last received: 0.0, Next index: 7, Last known committed idx: 6, Time since last communication: 0.000s
I0916 07:55:45.859016 1902 raft_consensus.cc:472] T e5cce06208f44e4fa384db94c0b624ae P bce8dbcd72a840bb8256dee0715b175f [term 3 FOLLOWER]: Starting pre-election (no leader contacted us within the election timeout)
I0916 07:55:45.860618 1902 raft_consensus.cc:494] T e5cce06208f44e4fa384db94c0b624ae P bce8dbcd72a840bb8256dee0715b175f [term 3 FOLLOWER]: Starting pre-election with config: opid_index: -1 OBSOLETE_local: false peers { permanent_uuid: "39273ba79fdb4d31abbb34278b8b1709" member_type: VOTER last_known_addr { host: "127.0.61.1" port: 40619 } } peers { permanent_uuid: "bce8dbcd72a840bb8256dee0715b175f" member_type: VOTER last_known_addr { host: "127.0.61.2" port: 39401 } } peers { permanent_uuid: "2f1f69d5d2dc4d7f8a6ffc7bcfb07c90" member_type: VOTER last_known_addr { host: "127.0.61.3" port: 45451 } }
I0916 07:55:45.862298 1902 leader_election.cc:296] T e5cce06208f44e4fa384db94c0b624ae P bce8dbcd72a840bb8256dee0715b175f [CANDIDATE]: Term 4 pre-election: Requested pre-vote from peers 39273ba79fdb4d31abbb34278b8b1709 (127.0.61.1:40619), 2f1f69d5d2dc4d7f8a6ffc7bcfb07c90 (127.0.61.3:45451)
I0916 07:55:45.862957 1902 raft_consensus.cc:472] T e02eeaf40c1d4a299b70f4a8f1514e31 P bce8dbcd72a840bb8256dee0715b175f [term 4 FOLLOWER]: Starting pre-election (no leader contacted us within the election timeout)
I0916 07:55:45.863283 1902 raft_consensus.cc:494] T e02eeaf40c1d4a299b70f4a8f1514e31 P bce8dbcd72a840bb8256dee0715b175f [term 4 FOLLOWER]: Starting pre-election with config: opid_index: -1 OBSOLETE_local: false peers { permanent_uuid: "bce8dbcd72a840bb8256dee0715b175f" member_type: VOTER last_known_addr { host: "127.0.61.2" port: 39401 } } peers { permanent_uuid: "39273ba79fdb4d31abbb34278b8b1709" member_type: VOTER last_known_addr { host: "127.0.61.1" port: 40619 } } peers { permanent_uuid: "2f1f69d5d2dc4d7f8a6ffc7bcfb07c90" member_type: VOTER last_known_addr { host: "127.0.61.3" port: 45451 } }
I0916 07:55:45.864840 1902 leader_election.cc:296] T e02eeaf40c1d4a299b70f4a8f1514e31 P bce8dbcd72a840bb8256dee0715b175f [CANDIDATE]: Term 5 pre-election: Requested pre-vote from peers 39273ba79fdb4d31abbb34278b8b1709 (127.0.61.1:40619), 2f1f69d5d2dc4d7f8a6ffc7bcfb07c90 (127.0.61.3:45451)
I0916 07:55:45.906464 1949 heartbeater.cc:322] Connected to a master server at 127.0.61.61:37305
I0916 07:55:45.906849 1949 heartbeater.cc:406] Registering TS with master...
I0916 07:55:45.908632 1949 heartbeater.cc:455] Master 127.0.61.61:37305 requested a full tablet report, sending...
I0916 07:55:45.914345 1912 raft_consensus.cc:2890] T e02eeaf40c1d4a299b70f4a8f1514e31 P bce8dbcd72a840bb8256dee0715b175f [term 4 FOLLOWER]: Advancing to term 5
W0916 07:55:45.914981 1764 consensus_peers.cc:458] T 6b5196040b094455ad661e9ab9e379c7 P 39273ba79fdb4d31abbb34278b8b1709 -> Peer bce8dbcd72a840bb8256dee0715b175f (127.0.61.2:39401): Couldn't send request to peer bce8dbcd72a840bb8256dee0715b175f. Error code: TABLET_NOT_RUNNING (12). Status: Illegal state: Tablet not RUNNING: BOOTSTRAPPING. This is attempt 1: this message will repeat every 5th retry.
I0916 07:55:45.915586 1716 ts_manager.cc:161] Re-registered known tserver with Master: bce8dbcd72a840bb8256dee0715b175f (127.0.61.2:39401)
I0916 07:55:45.920400 1912 raft_consensus.cc:1184] T e02eeaf40c1d4a299b70f4a8f1514e31 P bce8dbcd72a840bb8256dee0715b175f [term 5 FOLLOWER]: Refusing update from remote peer 39273ba79fdb4d31abbb34278b8b1709: Log matching property violated. Preceding OpId in replica: term: 4 index: 6. Preceding OpId from leader: term: 5 index: 7. (index mismatch)
I0916 07:55:45.921576 1950 heartbeater.cc:322] Connected to a master server at 127.0.61.62:33603
I0916 07:55:45.921878 1950 heartbeater.cc:406] Registering TS with master...
I0916 07:55:45.922112 1948 heartbeater.cc:322] Connected to a master server at 127.0.61.60:37785
I0916 07:55:45.921967 1915 consensus_queue.cc:984] T e02eeaf40c1d4a299b70f4a8f1514e31 P 39273ba79fdb4d31abbb34278b8b1709 [LEADER]: Connected to new peer: Peer: permanent_uuid: "bce8dbcd72a840bb8256dee0715b175f" member_type: VOTER last_known_addr { host: "127.0.61.2" port: 39401 }, Status: LMP_MISMATCH, Last received: 0.0, Next index: 7, Last known committed idx: 6, Time since last communication: 0.000s
I0916 07:55:45.922436 1948 heartbeater.cc:406] Registering TS with master...
I0916 07:55:45.922435 1950 heartbeater.cc:455] Master 127.0.61.62:33603 requested a full tablet report, sending...
I0916 07:55:45.927819 1036 ts_manager.cc:161] Re-registered known tserver with Master: bce8dbcd72a840bb8256dee0715b175f (127.0.61.2:39401)
I0916 07:55:45.929066 1948 heartbeater.cc:455] Master 127.0.61.60:37785 requested a full tablet report, sending...
I0916 07:55:45.932396 1876 tablet.cc:1223] T 6b5196040b094455ad661e9ab9e379c7 P bce8dbcd72a840bb8256dee0715b175f: Alter schema from ( 10:key INT32 NOT NULL, PRIMARY KEY (key) ) version 0 to ( 10:key INT32 NOT NULL, PRIMARY KEY (key) ) version 1
I0916 07:55:45.933593 1876 tablet_metadata.cc:569] Not flushing: waiting for 1 pins to be released.
I0916 07:55:45.934757 1876 tablet_bootstrap.cc:439] T 6b5196040b094455ad661e9ab9e379c7 P bce8dbcd72a840bb8256dee0715b175f: Bootstrap replayed 1/1 log segments. Stats: ops{read=5 overwritten=0 applied=5 ignored=0} inserts{seen=97 ignored=0} mutations{seen=0 ignored=0} orphaned_commits=0. Pending: 0 replicates
I0916 07:55:45.935617 1876 tablet_bootstrap.cc:439] T 6b5196040b094455ad661e9ab9e379c7 P bce8dbcd72a840bb8256dee0715b175f: Bootstrap complete.
I0916 07:55:45.940209 1650 ts_manager.cc:161] Re-registered known tserver with Master: bce8dbcd72a840bb8256dee0715b175f (127.0.61.2:39401)
I0916 07:55:45.947958 1650 master_service.cc:276] Signed X509 certificate for tserver {username='slave'} at 127.0.0.1:41230
I0916 07:55:45.950598 1822 tablet_service.cc:1295] Received RequestConsensusVote() RPC: tablet_id: "e02eeaf40c1d4a299b70f4a8f1514e31" candidate_uuid: "bce8dbcd72a840bb8256dee0715b175f" candidate_term: 5 candidate_status { last_received { term: 4 index: 6 } } ignore_live_leader: false dest_uuid: "39273ba79fdb4d31abbb34278b8b1709" is_pre_election: true
I0916 07:55:45.951247 1822 raft_consensus.cc:2311] T e02eeaf40c1d4a299b70f4a8f1514e31 P 39273ba79fdb4d31abbb34278b8b1709 [term 5 LEADER]: Leader pre-election vote request: Denying vote to candidate bce8dbcd72a840bb8256dee0715b175f for term 5 because replica is either leader or believes a valid leader to be alive.
I0916 07:55:45.951908 1948 heartbeater.cc:447] Master 127.0.61.60:37785 was elected leader, sending a full tablet report...
I0916 07:55:45.951997 1821 tablet_service.cc:1295] Received RequestConsensusVote() RPC: tablet_id: "e5cce06208f44e4fa384db94c0b624ae" candidate_uuid: "bce8dbcd72a840bb8256dee0715b175f" candidate_term: 4 candidate_status { last_received { term: 3 index: 5 } } ignore_live_leader: false dest_uuid: "39273ba79fdb4d31abbb34278b8b1709" is_pre_election: true
I0916 07:55:45.952754 1821 raft_consensus.cc:2311] T e5cce06208f44e4fa384db94c0b624ae P 39273ba79fdb4d31abbb34278b8b1709 [term 3 FOLLOWER]: Leader pre-election vote request: Denying vote to candidate bce8dbcd72a840bb8256dee0715b175f for term 4 because replica is either leader or believes a valid leader to be alive.
I0916 07:55:45.957078 1391 tablet_service.cc:1295] Received RequestConsensusVote() RPC: tablet_id: "e5cce06208f44e4fa384db94c0b624ae" candidate_uuid: "bce8dbcd72a840bb8256dee0715b175f" candidate_term: 4 candidate_status { last_received { term: 3 index: 5 } } ignore_live_leader: false dest_uuid: "2f1f69d5d2dc4d7f8a6ffc7bcfb07c90" is_pre_election: true
I0916 07:55:45.957957 1391 raft_consensus.cc:2311] T e5cce06208f44e4fa384db94c0b624ae P 2f1f69d5d2dc4d7f8a6ffc7bcfb07c90 [term 3 LEADER]: Leader pre-election vote request: Denying vote to candidate bce8dbcd72a840bb8256dee0715b175f for term 4 because replica is either leader or believes a valid leader to be alive.
