I0916 07:55:39.809293 1195 sys_catalog.cc:340] T 00000000000000000000000000000000 P d933e518c06d4c7d8b4f743167c2c643 [sys.catalog]: SysCatalogTable state changed. Reason: Replicated consensus-only round. Latest consensus state: current_term: 1 leader_uuid: "5fe1f662b7a54c0f823ca2d656131416" committed_config { opid_index: -1 OBSOLETE_local: false peers { permanent_uuid: "fd1e33dc408e40c7a8bae2850d5a6b6f" member_type: VOTER last_known_addr { host: "127.0.61.62" port: 33603 } } peers { permanent_uuid: "5fe1f662b7a54c0f823ca2d656131416" member_type: VOTER last_known_addr { host: "127.0.61.61" port: 37305 } } peers { permanent_uuid: "d933e518c06d4c7d8b4f743167c2c643" member_type: VOTER last_known_addr { host: "127.0.61.60" port: 37785 } } }
I0916 07:55:39.810072 1195 sys_catalog.cc:343] T 00000000000000000000000000000000 P d933e518c06d4c7d8b4f743167c2c643 [sys.catalog]: This master's current role is: FOLLOWER
I0916 07:55:39.811614 1200 catalog_manager.cc:1106] Loading token signing keys...
I0916 07:55:39.811296 1192 sys_catalog.cc:340] T 00000000000000000000000000000000 P fd1e33dc408e40c7a8bae2850d5a6b6f [sys.catalog]: SysCatalogTable state changed. Reason: Replicated consensus-only round. Latest consensus state: current_term: 1 leader_uuid: "5fe1f662b7a54c0f823ca2d656131416" committed_config { opid_index: -1 OBSOLETE_local: false peers { permanent_uuid: "fd1e33dc408e40c7a8bae2850d5a6b6f" member_type: VOTER last_known_addr { host: "127.0.61.62" port: 33603 } } peers { permanent_uuid: "5fe1f662b7a54c0f823ca2d656131416" member_type: VOTER last_known_addr { host: "127.0.61.61" port: 37305 } } peers { permanent_uuid: "d933e518c06d4c7d8b4f743167c2c643" member_type: VOTER last_known_addr { host: "127.0.61.60" port: 37785 } } }
I0916 07:55:39.812007 1192 sys_catalog.cc:343] T 00000000000000000000000000000000 P fd1e33dc408e40c7a8bae2850d5a6b6f [sys.catalog]: This master's current role is: FOLLOWER
I0916 07:55:39.814395 244 ts_tablet_manager.cc:383] Loaded tablet metadata (0 total tablets, 0 live tablets)
I0916 07:55:39.814586 244 ts_tablet_manager.cc:403] Registered 0 tablets
I0916 07:55:39.835608 1200 catalog_manager.cc:4435] T 00000000000000000000000000000000 P 5fe1f662b7a54c0f823ca2d656131416: Generated new TSK 0
I0916 07:55:39.871186 244 rpc_server.cc:205] RPC server started. Bound to: 127.0.61.1:40619
I0916 07:55:39.873172 244 webserver.cc:374] Webserver started at http://127.0.61.1:34949/ using document root and password file
I0916 07:55:39.901855 1273 heartbeater.cc:322] Connected to a master server at 127.0.61.60:37785
I0916 07:55:39.902310 1273 heartbeater.cc:406] Registering TS with master...
I0916 07:55:39.902825 1273 heartbeater.cc:455] Master 127.0.61.60:37785 requested a full tablet report, sending...
I0916 07:55:39.905550 1274 heartbeater.cc:322] Connected to a master server at 127.0.61.61:37305
I0916 07:55:39.905839 1274 heartbeater.cc:406] Registering TS with master...
I0916 07:55:39.906412 1274 heartbeater.cc:455] Master 127.0.61.61:37305 requested a full tablet report, sending...
I0916 07:55:39.907385 1275 heartbeater.cc:322] Connected to a master server at 127.0.61.62:33603
I0916 07:55:39.907728 1275 heartbeater.cc:406] Registering TS with master...
I0916 07:55:39.908025 1151 ts_manager.cc:161] Registered new tserver with Master: 39273ba79fdb4d31abbb34278b8b1709 (127.0.61.1:40619)
I0916 07:55:39.908372 1275 heartbeater.cc:455] Master 127.0.61.62:33603 requested a full tablet report, sending...
I0916 07:55:39.909051 1094 ts_manager.cc:161] Registered new tserver with Master: 39273ba79fdb4d31abbb34278b8b1709 (127.0.61.1:40619)
I0916 07:55:39.912312 1094 master_service.cc:276] Signed X509 certificate for tserver {username='slave'} at 127.0.0.1:42742
I0916 07:55:39.912360 1037 ts_manager.cc:161] Registered new tserver with Master: 39273ba79fdb4d31abbb34278b8b1709 (127.0.61.1:40619)
I0916 07:55:39.914337 244 system_ntp.cc:193] NTP initialized. Skew: 500ppm Current error: 45516us
I0916 07:55:39.914748 244 fs_manager.cc:263] Metadata directory not provided
I0916 07:55:39.914957 244 fs_manager.cc:269] Using write-ahead log directory (fs_wal_dir) as metadata directory
I0916 07:55:39.915159 244 server_base.cc:452] Could not load existing FS layout: Not found: could not find a healthy instance file
I0916 07:55:39.915258 244 server_base.cc:453] Attempting to create new FS layout instead
I0916 07:55:39.916091 244 fs_manager.cc:602] Generated new instance metadata in path /tmp/dist-test-taska4lOjz/test-tmp/ts_tablet_manager-itest.0.TsTabletManagerITest.TestTableStats.1568620531643032-244/minicluster-data/ts-1-root/instance: uuid: "bce8dbcd72a840bb8256dee0715b175f" format_stamp: "Formatted at 2019-09-16 07:55:39 on dist-test-slave-dist-test-slave-p3b0"
I0916 07:55:39.925771 244 fs_manager.cc:503] Time spent creating directory manager: real 0.009s user 0.012s sys 0.000s
I0916 07:55:39.927141 244 file_cache.cc:465] Constructed file cache lbm with capacity 419430
I0916 07:55:39.936151 244 fs_manager.cc:419] Time spent opening block manager: real 0.002s user 0.002s sys 0.001s
I0916 07:55:39.936350 244 fs_manager.cc:436] Opened local filesystem: /tmp/dist-test-taska4lOjz/test-tmp/ts_tablet_manager-itest.0.TsTabletManagerITest.TestTableStats.1568620531643032-244/minicluster-data/ts-1-root uuid: "bce8dbcd72a840bb8256dee0715b175f" format_stamp: "Formatted at 2019-09-16 07:55:39 on dist-test-slave-dist-test-slave-p3b0"
I0916 07:55:39.936643 244 fs_report.cc:352] FS layout report -------------------- wal directory: /tmp/dist-test-taska4lOjz/test-tmp/ts_tablet_manager-itest.0.TsTabletManagerITest.TestTableStats.1568620531643032-244/minicluster-data/ts-1-root metadata directory: /tmp/dist-test-taska4lOjz/test-tmp/ts_tablet_manager-itest.0.TsTabletManagerITest.TestTableStats.1568620531643032-244/minicluster-data/ts-1-root 1 data directories: /tmp/dist-test-taska4lOjz/test-tmp/ts_tablet_manager-itest.0.TsTabletManagerITest.TestTableStats.1568620531643032-244/minicluster-data/ts-1-root/data Total live blocks: 0 Total live bytes: 0 Total live bytes (after alignment): 0 Total number of LBM containers: 0 (0 full) Did not check for missing blocks Did not check for orphaned blocks Total full LBM containers with extra space: 0 (0 repaired) Total full LBM container extra space in bytes: 0 (0 repaired) Total incomplete LBM containers: 0 (0 repaired) Total LBM partial records: 0 (0 repaired)
I0916 07:55:39.966260 244 ts_tablet_manager.cc:383] Loaded tablet metadata (0 total tablets, 0 live tablets)
I0916 07:55:39.966454 244 ts_tablet_manager.cc:403] Registered 0 tablets
I0916 07:55:40.015403 1274 heartbeater.cc:447] Master 127.0.61.61:37305 was elected leader, sending a full tablet report...
I0916 07:55:40.069452 244 rpc_server.cc:205] RPC server started. Bound to: 127.0.61.2:39401
I0916 07:55:40.072805 244 webserver.cc:374] Webserver started at http://127.0.61.2:37889/ using document root and password file
I0916 07:55:40.103806 1344 heartbeater.cc:322] Connected to a master server at 127.0.61.60:37785
I0916 07:55:40.104171 1344 heartbeater.cc:406] Registering TS with master...
I0916 07:55:40.105108 1344 heartbeater.cc:455] Master 127.0.61.60:37785 requested a full tablet report, sending...
I0916 07:55:40.107547 1151 ts_manager.cc:161] Registered new tserver with Master: bce8dbcd72a840bb8256dee0715b175f (127.0.61.2:39401)
I0916 07:55:40.108654 1345 heartbeater.cc:322] Connected to a master server at 127.0.61.61:37305
I0916 07:55:40.108937 1345 heartbeater.cc:406] Registering TS with master...
I0916 07:55:40.109469 1345 heartbeater.cc:455] Master 127.0.61.61:37305 requested a full tablet report, sending...
I0916 07:55:40.111768 1347 heartbeater.cc:322] Connected to a master server at 127.0.61.62:33603
I0916 07:55:40.112066 1347 heartbeater.cc:406] Registering TS with master...
I0916 07:55:40.112521 1347 heartbeater.cc:455] Master 127.0.61.62:33603 requested a full tablet report, sending...
I0916 07:55:40.112561 1094 ts_manager.cc:161] Registered new tserver with Master: bce8dbcd72a840bb8256dee0715b175f (127.0.61.2:39401)
I0916 07:55:40.114264 1037 ts_manager.cc:161] Registered new tserver with Master: bce8dbcd72a840bb8256dee0715b175f (127.0.61.2:39401)
I0916 07:55:40.114475 1094 master_service.cc:276] Signed X509 certificate for tserver {username='slave'} at 127.0.0.1:42748
I0916 07:55:40.116791 244 system_ntp.cc:193] NTP initialized. Skew: 500ppm Current error: 46016us
I0916 07:55:40.118099 244 fs_manager.cc:263] Metadata directory not provided
I0916 07:55:40.118351 244 fs_manager.cc:269] Using write-ahead log directory (fs_wal_dir) as metadata directory
I0916 07:55:40.118640 244 server_base.cc:452] Could not load existing FS layout: Not found: could not find a healthy instance file
I0916 07:55:40.118830 244 server_base.cc:453] Attempting to create new FS layout instead
I0916 07:55:40.119944 244 fs_manager.cc:602] Generated new instance metadata in path /tmp/dist-test-taska4lOjz/test-tmp/ts_tablet_manager-itest.0.TsTabletManagerITest.TestTableStats.1568620531643032-244/minicluster-data/ts-2-root/instance: uuid: "2f1f69d5d2dc4d7f8a6ffc7bcfb07c90" format_stamp: "Formatted at 2019-09-16 07:55:40 on dist-test-slave-dist-test-slave-p3b0"
I0916 07:55:40.130946 244 fs_manager.cc:503] Time spent creating directory manager: real 0.010s user 0.010s sys 0.000s
I0916 07:55:40.132560 244 file_cache.cc:465] Constructed file cache lbm with capacity 419430
I0916 07:55:40.141283 244 fs_manager.cc:419] Time spent opening block manager: real 0.002s user 0.001s sys 0.000s
I0916 07:55:40.141465 244 fs_manager.cc:436] Opened local filesystem: /tmp/dist-test-taska4lOjz/test-tmp/ts_tablet_manager-itest.0.TsTabletManagerITest.TestTableStats.1568620531643032-244/minicluster-data/ts-2-root uuid: "2f1f69d5d2dc4d7f8a6ffc7bcfb07c90" format_stamp: "Formatted at 2019-09-16 07:55:40 on dist-test-slave-dist-test-slave-p3b0"
I0916 07:55:40.141698 244 fs_report.cc:352] FS layout report -------------------- wal directory: /tmp/dist-test-taska4lOjz/test-tmp/ts_tablet_manager-itest.0.TsTabletManagerITest.TestTableStats.1568620531643032-244/minicluster-data/ts-2-root metadata directory: /tmp/dist-test-taska4lOjz/test-tmp/ts_tablet_manager-itest.0.TsTabletManagerITest.TestTableStats.1568620531643032-244/minicluster-data/ts-2-root 1 data directories: /tmp/dist-test-taska4lOjz/test-tmp/ts_tablet_manager-itest.0.TsTabletManagerITest.TestTableStats.1568620531643032-244/minicluster-data/ts-2-root/data Total live blocks: 0 Total live bytes: 0 Total live bytes (after alignment): 0 Total number of LBM containers: 0 (0 full) Did not check for missing blocks Did not check for orphaned blocks Total full LBM containers with extra space: 0 (0 repaired) Total full LBM container extra space in bytes: 0 (0 repaired) Total incomplete LBM containers: 0 (0 repaired) Total LBM partial records: 0 (0 repaired)
I0916 07:55:40.181838 244 ts_tablet_manager.cc:383] Loaded tablet metadata (0 total tablets, 0 live tablets)
I0916 07:55:40.182013 244 ts_tablet_manager.cc:403] Registered 0 tablets
I0916 07:55:40.219082 1345 heartbeater.cc:447] Master 127.0.61.61:37305 was elected leader, sending a full tablet report...
I0916 07:55:40.278820 244 rpc_server.cc:205] RPC server started. Bound to: 127.0.61.3:45451
I0916 07:55:40.281805 244 webserver.cc:374] Webserver started at http://127.0.61.3:39227/ using document root and password file
I0916 07:55:40.317220 1415 heartbeater.cc:322] Connected to a master server at 127.0.61.60:37785
I0916 07:55:40.317544 1415 heartbeater.cc:406] Registering TS with master...
I0916 07:55:40.318128 1415 heartbeater.cc:455] Master 127.0.61.60:37785 requested a full tablet report, sending...
I0916 07:55:40.320293 1416 heartbeater.cc:322] Connected to a master server at 127.0.61.61:37305
I0916 07:55:40.320571 1151 ts_manager.cc:161] Registered new tserver with Master: 2f1f69d5d2dc4d7f8a6ffc7bcfb07c90 (127.0.61.3:45451)
I0916 07:55:40.320708 1416 heartbeater.cc:406] Registering TS with master...
I0916 07:55:40.322190 1416 heartbeater.cc:455] Master 127.0.61.61:37305 requested a full tablet report, sending...
I0916 07:55:40.323874 1094 ts_manager.cc:161] Registered new tserver with Master: 2f1f69d5d2dc4d7f8a6ffc7bcfb07c90 (127.0.61.3:45451)
I0916 07:55:40.324453 1418 heartbeater.cc:322] Connected to a master server at 127.0.61.62:33603
I0916 07:55:40.324841 1418 heartbeater.cc:406] Registering TS with master...
I0916 07:55:40.325371 1418 heartbeater.cc:455] Master 127.0.61.62:33603 requested a full tablet report, sending...
I0916 07:55:40.328888 244 internal_mini_cluster.cc:328] 3 TS(s) registered with all masters after 0.022469012s
I0916 07:55:40.328310 1037 ts_manager.cc:161] Registered new tserver with Master: 2f1f69d5d2dc4d7f8a6ffc7bcfb07c90 (127.0.61.3:45451)
I0916 07:55:40.328291 1094 master_service.cc:276] Signed X509 certificate for tserver {username='slave'} at 127.0.0.1:42754
I0916 07:55:40.359596 1094 catalog_manager.cc:1440] Servicing CreateTable request from {username='slave'} at 127.0.0.1:42762: name: "test-table" schema { columns { name: "key" type: INT32 is_key: true is_nullable: false encoding: AUTO_ENCODING compression: DEFAULT_COMPRESSION cfile_block_size: 0 } } num_replicas: 3 split_rows_range_bounds { } partition_schema { hash_bucket_schemas { columns { name: "key" } num_buckets: 3 seed: 0 } }
W0916 07:55:40.360651 1094 catalog_manager.cc:1605] The number of live tablet servers is not enough to re-replicate a tablet replica of the newly created table test-table in case of a server failure: 4 tablet servers would be needed, 3 are available. Consider bringing up more tablet servers.
I0916 07:55:40.434126 1416 heartbeater.cc:447] Master 127.0.61.61:37305 was elected leader, sending a full tablet report...
I0916 07:55:40.470368 1240 tablet_service.cc:1022] Processing CreateTablet for tablet 6b5196040b094455ad661e9ab9e379c7 (table=test-table [id=074536fca6144499906b7c13e035c370]), partition=HASH (key) PARTITION 0, RANGE (key) PARTITION UNBOUNDED
I0916 07:55:40.471190 1240 data_dirs.cc:939] Could only allocate 1 dirs of requested 3 for tablet 6b5196040b094455ad661e9ab9e379c7. 1 dirs total, 0 dirs full, 0 dirs failed
I0916 07:55:40.479053 1382 tablet_service.cc:1022] Processing CreateTablet for tablet 6b5196040b094455ad661e9ab9e379c7 (table=test-table [id=074536fca6144499906b7c13e035c370]), partition=HASH (key) PARTITION 0, RANGE (key) PARTITION UNBOUNDED
I0916 07:55:40.479849 1238 tablet_service.cc:1022] Processing CreateTablet for tablet e5cce06208f44e4fa384db94c0b624ae (table=test-table [id=074536fca6144499906b7c13e035c370]), partition=HASH (key) PARTITION 2, RANGE (key) PARTITION UNBOUNDED
I0916 07:55:40.481256 1382 data_dirs.cc:939] Could only allocate 1 dirs of requested 3 for tablet 6b5196040b094455ad661e9ab9e379c7. 1 dirs total, 0 dirs full, 0 dirs failed
I0916 07:55:40.481101 1380 tablet_service.cc:1022] Processing CreateTablet for tablet e5cce06208f44e4fa384db94c0b624ae (table=test-table [id=074536fca6144499906b7c13e035c370]), partition=HASH (key) PARTITION 2, RANGE (key) PARTITION UNBOUNDED
I0916 07:55:40.479055 1239 tablet_service.cc:1022] Processing CreateTablet for tablet e02eeaf40c1d4a299b70f4a8f1514e31 (table=test-table [id=074536fca6144499906b7c13e035c370]), partition=HASH (key) PARTITION 1, RANGE (key) PARTITION UNBOUNDED
I0916 07:55:40.482879 1380 data_dirs.cc:939] Could only allocate 1 dirs of requested 3 for tablet e5cce06208f44e4fa384db94c0b624ae. 1 dirs total, 0 dirs full, 0 dirs failed
I0916 07:55:40.485102 1239 data_dirs.cc:939] Could only allocate 1 dirs of requested 3 for tablet e02eeaf40c1d4a299b70f4a8f1514e31. 1 dirs total, 0 dirs full, 0 dirs failed
I0916 07:55:40.487007 1309 tablet_service.cc:1022] Processing CreateTablet for tablet e5cce06208f44e4fa384db94c0b624ae (table=test-table [id=074536fca6144499906b7c13e035c370]), partition=HASH (key) PARTITION 2, RANGE (key) PARTITION UNBOUNDED
I0916 07:55:40.487936 1310 tablet_service.cc:1022] Processing CreateTablet for tablet e02eeaf40c1d4a299b70f4a8f1514e31 (table=test-table [id=074536fca6144499906b7c13e035c370]), partition=HASH (key) PARTITION 1, RANGE (key) PARTITION UNBOUNDED
I0916 07:55:40.486980 1381 tablet_service.cc:1022] Processing CreateTablet for tablet e02eeaf40c1d4a299b70f4a8f1514e31 (table=test-table [id=074536fca6144499906b7c13e035c370]), partition=HASH (key) PARTITION 1, RANGE (key) PARTITION UNBOUNDED
I0916 07:55:40.489814 1381 data_dirs.cc:939] Could only allocate 1 dirs of requested 3 for tablet e02eeaf40c1d4a299b70f4a8f1514e31. 1 dirs total, 0 dirs full, 0 dirs failed
I0916 07:55:40.486479 1311 tablet_service.cc:1022] Processing CreateTablet for tablet 6b5196040b094455ad661e9ab9e379c7 (table=test-table [id=074536fca6144499906b7c13e035c370]), partition=HASH (key) PARTITION 0, RANGE (key) PARTITION UNBOUNDED
I0916 07:55:40.498085 1311 data_dirs.cc:939] Could only allocate 1 dirs of requested 3 for tablet 6b5196040b094455ad661e9ab9e379c7. 1 dirs total, 0 dirs full, 0 dirs failed
I0916 07:55:40.492959 1238 data_dirs.cc:939] Could only allocate 1 dirs of requested 3 for tablet e5cce06208f44e4fa384db94c0b624ae. 1 dirs total, 0 dirs full, 0 dirs failed
I0916 07:55:40.499058 1309 data_dirs.cc:939] Could only allocate 1 dirs of requested 3 for tablet e5cce06208f44e4fa384db94c0b624ae. 1 dirs total, 0 dirs full, 0 dirs failed
I0916 07:55:40.504570 1310 data_dirs.cc:939] Could only allocate 1 dirs of requested 3 for tablet e02eeaf40c1d4a299b70f4a8f1514e31. 1 dirs total, 0 dirs full, 0 dirs failed
I0916 07:55:40.532407 1444 tablet_bootstrap.cc:439] T 6b5196040b094455ad661e9ab9e379c7 P 39273ba79fdb4d31abbb34278b8b1709: Bootstrap starting.
I0916 07:55:40.565251 1446 tablet_bootstrap.cc:439] T e5cce06208f44e4fa384db94c0b624ae P 2f1f69d5d2dc4d7f8a6ffc7bcfb07c90: Bootstrap starting.
I0916 07:55:40.565634 1444 tablet_bootstrap.cc:590] T 6b5196040b094455ad661e9ab9e379c7 P 39273ba79fdb4d31abbb34278b8b1709: No blocks or log segments found. Creating new log.
I0916 07:55:40.565317 1445 tablet_bootstrap.cc:439] T 6b5196040b094455ad661e9ab9e379c7 P bce8dbcd72a840bb8256dee0715b175f: Bootstrap starting.
I0916 07:55:40.572232 1446 tablet_bootstrap.cc:590] T e5cce06208f44e4fa384db94c0b624ae P 2f1f69d5d2dc4d7f8a6ffc7bcfb07c90: No blocks or log segments found. Creating new log.
I0916 07:55:40.574021 1445 tablet_bootstrap.cc:590] T 6b5196040b094455ad661e9ab9e379c7 P bce8dbcd72a840bb8256dee0715b175f: No blocks or log segments found. Creating new log.
I0916 07:55:40.576969 1444 tablet_bootstrap.cc:439] T 6b5196040b094455ad661e9ab9e379c7 P 39273ba79fdb4d31abbb34278b8b1709: No bootstrap required, opened a new log
I0916 07:55:40.577692 1444 ts_tablet_manager.cc:1085] T 6b5196040b094455ad661e9ab9e379c7 P 39273ba79fdb4d31abbb34278b8b1709: Time spent bootstrapping tablet: real 0.046s user 0.010s sys 0.007s
I0916 07:55:40.581140 1446 tablet_bootstrap.cc:439] T e5cce06208f44e4fa384db94c0b624ae P 2f1f69d5d2dc4d7f8a6ffc7bcfb07c90: No bootstrap required, opened a new log
I0916 07:55:40.581260 1445 tablet_bootstrap.cc:439] T 6b5196040b094455ad661e9ab9e379c7 P bce8dbcd72a840bb8256dee0715b175f: No bootstrap required, opened a new log
I0916 07:55:40.581667 1446 ts_tablet_manager.cc:1085] T e5cce06208f44e4fa384db94c0b624ae P 2f1f69d5d2dc4d7f8a6ffc7bcfb07c90: Time spent bootstrapping tablet: real 0.017s user 0.008s sys 0.004s
I0916 07:55:40.581316 1444 raft_consensus.cc:340] T 6b5196040b094455ad661e9ab9e379c7 P 39273ba79fdb4d31abbb34278b8b1709 [term 0 FOLLOWER]: Replica starting. Triggering 0 pending transactions. Active config: opid_index: -1 OBSOLETE_local: false peers { permanent_uuid: "39273ba79fdb4d31abbb34278b8b1709" member_type: VOTER last_known_addr { host: "127.0.61.1" port: 40619 } } peers { permanent_uuid: "2f1f69d5d2dc4d7f8a6ffc7bcfb07c90" member_type: VOTER last_known_addr { host: "127.0.61.3" port: 45451 } } peers { permanent_uuid: "bce8dbcd72a840bb8256dee0715b175f" member_type: VOTER last_known_addr { host: "127.0.61.2" port: 39401 } }
I0916 07:55:40.581728 1445 ts_tablet_manager.cc:1085] T 6b5196040b094455ad661e9ab9e379c7 P bce8dbcd72a840bb8256dee0715b175f: Time spent bootstrapping tablet: real 0.018s user 0.011s sys 0.000s
I0916 07:55:40.582108 1444 raft_consensus.cc:366] T 6b5196040b094455ad661e9ab9e379c7 P 39273ba79fdb4d31abbb34278b8b1709 [term 0 FOLLOWER]: Consensus starting up: Expiring failure detector timer to make a prompt election more likely
I0916 07:55:40.582345 1444 raft_consensus.cc:705] T 6b5196040b094455ad661e9ab9e379c7 P 39273ba79fdb4d31abbb34278b8b1709 [term 0 FOLLOWER]: Becoming Follower/Learner. State: Replica: 39273ba79fdb4d31abbb34278b8b1709, State: Initialized, Role: FOLLOWER
I0916 07:55:40.583604 1444 consensus_queue.cc:229] T 6b5196040b094455ad661e9ab9e379c7 P 39273ba79fdb4d31abbb34278b8b1709 [NON_LEADER]: Queue going to NON_LEADER mode. State: All replicated index: 0, Majority replicated index: 0, Committed index: 0, Last appended: 0.0, Last appended by leader: 0, Current term: 0, Majority size: -1, State: 0, Mode: NON_LEADER, active raft config: opid_index: -1 OBSOLETE_local: false peers { permanent_uuid: "39273ba79fdb4d31abbb34278b8b1709" member_type: VOTER last_known_addr { host: "127.0.61.1" port: 40619 } } peers { permanent_uuid: "2f1f69d5d2dc4d7f8a6ffc7bcfb07c90" member_type: VOTER last_known_addr { host: "127.0.61.3" port: 45451 } } peers { permanent_uuid: "bce8dbcd72a840bb8256dee0715b175f" member_type: VOTER last_known_addr { host: "127.0.61.2" port: 39401 } }
I0916 07:55:40.584686 1446 raft_consensus.cc:340] T e5cce06208f44e4fa384db94c0b624ae P 2f1f69d5d2dc4d7f8a6ffc7bcfb07c90 [term 0 FOLLOWER]: Replica starting. Triggering 0 pending transactions. Active config: opid_index: -1 OBSOLETE_local: false peers { permanent_uuid: "39273ba79fdb4d31abbb34278b8b1709" member_type: VOTER last_known_addr { host: "127.0.61.1" port: 40619 } } peers { permanent_uuid: "bce8dbcd72a840bb8256dee0715b175f" member_type: VOTER last_known_addr { host: "127.0.61.2" port: 39401 } } peers { permanent_uuid: "2f1f69d5d2dc4d7f8a6ffc7bcfb07c90" member_type: VOTER last_known_addr { host: "127.0.61.3" port: 45451 } }
I0916 07:55:40.584852 1445 raft_consensus.cc:340] T 6b5196040b094455ad661e9ab9e379c7 P bce8dbcd72a840bb8256dee0715b175f [term 0 FOLLOWER]: Replica starting. Triggering 0 pending transactions. Active config: opid_index: -1 OBSOLETE_local: false peers { permanent_uuid: "39273ba79fdb4d31abbb34278b8b1709" member_type: VOTER last_known_addr { host: "127.0.61.1" port: 40619 } } peers { permanent_uuid: "2f1f69d5d2dc4d7f8a6ffc7bcfb07c90" member_type: VOTER last_known_addr { host: "127.0.61.3" port: 45451 } } peers { permanent_uuid: "bce8dbcd72a840bb8256dee0715b175f" member_type: VOTER last_known_addr { host: "127.0.61.2" port: 39401 } }
I0916 07:55:40.585566 1445 raft_consensus.cc:366] T 6b5196040b094455ad661e9ab9e379c7 P bce8dbcd72a840bb8256dee0715b175f [term 0 FOLLOWER]: Consensus starting up: Expiring failure detector timer to make a prompt election more likely
I0916 07:55:40.585883 1445 raft_consensus.cc:705] T 6b5196040b094455ad661e9ab9e379c7 P bce8dbcd72a840bb8256dee0715b175f [term 0 FOLLOWER]: Becoming Follower/Learner. State: Replica: bce8dbcd72a840bb8256dee0715b175f, State: Initialized, Role: FOLLOWER
I0916 07:55:40.585475 1446 raft_consensus.cc:366] T e5cce06208f44e4fa384db94c0b624ae P 2f1f69d5d2dc4d7f8a6ffc7bcfb07c90 [term 0 FOLLOWER]: Consensus starting up: Expiring failure detector timer to make a prompt election more likely
I0916 07:55:40.587011 1446 raft_consensus.cc:705] T e5cce06208f44e4fa384db94c0b624ae P 2f1f69d5d2dc4d7f8a6ffc7bcfb07c90 [term 0 FOLLOWER]: Becoming Follower/Learner. State: Replica: 2f1f69d5d2dc4d7f8a6ffc7bcfb07c90, State: Initialized, Role: FOLLOWER
I0916 07:55:40.587687 1446 consensus_queue.cc:229] T e5cce06208f44e4fa384db94c0b624ae P 2f1f69d5d2dc4d7f8a6ffc7bcfb07c90 [NON_LEADER]: Queue going to NON_LEADER mode. State: All replicated index: 0, Majority replicated index: 0, Committed index: 0, Last appended: 0.0, Last appended by leader: 0, Current term: 0, Majority size: -1, State: 0, Mode: NON_LEADER, active raft config: opid_index: -1 OBSOLETE_local: false peers { permanent_uuid: "39273ba79fdb4d31abbb34278b8b1709" member_type: VOTER last_known_addr { host: "127.0.61.1" port: 40619 } } peers { permanent_uuid: "bce8dbcd72a840bb8256dee0715b175f" member_type: VOTER last_known_addr { host: "127.0.61.2" port: 39401 } } peers { permanent_uuid: "2f1f69d5d2dc4d7f8a6ffc7bcfb07c90" member_type: VOTER last_known_addr { host: "127.0.61.3" port: 45451 } }
I0916 07:55:40.589023 1444 ts_tablet_manager.cc:1113] T 6b5196040b094455ad661e9ab9e379c7 P 39273ba79fdb4d31abbb34278b8b1709: Time spent starting tablet: real 0.011s user 0.006s sys 0.003s
I0916 07:55:40.586452 1445 consensus_queue.cc:229] T 6b5196040b094455ad661e9ab9e379c7 P bce8dbcd72a840bb8256dee0715b175f [NON_LEADER]: Queue going to NON_LEADER mode. State: All replicated index: 0, Majority replicated index: 0, Committed index: 0, Last appended: 0.0, Last appended by leader: 0, Current term: 0, Majority size: -1, State: 0, Mode: NON_LEADER, active raft config: opid_index: -1 OBSOLETE_local: false peers { permanent_uuid: "39273ba79fdb4d31abbb34278b8b1709" member_type: VOTER last_known_addr { host: "127.0.61.1" port: 40619 } } peers { permanent_uuid: "2f1f69d5d2dc4d7f8a6ffc7bcfb07c90" member_type: VOTER last_known_addr { host: "127.0.61.3" port: 45451 } } peers { permanent_uuid: "bce8dbcd72a840bb8256dee0715b175f" member_type: VOTER last_known_addr { host: "127.0.61.2" port: 39401 } }
I0916 07:55:40.589937 1444 tablet_bootstrap.cc:439] T e02eeaf40c1d4a299b70f4a8f1514e31 P 39273ba79fdb4d31abbb34278b8b1709: Bootstrap starting.
I0916 07:55:40.602986 1444 tablet_bootstrap.cc:590] T e02eeaf40c1d4a299b70f4a8f1514e31 P 39273ba79fdb4d31abbb34278b8b1709: No blocks or log segments found. Creating new log.
I0916 07:55:40.605175 1445 ts_tablet_manager.cc:1113] T 6b5196040b094455ad661e9ab9e379c7 P bce8dbcd72a840bb8256dee0715b175f: Time spent starting tablet: real 0.023s user 0.001s sys 0.009s
I0916 07:55:40.607132 1445 tablet_bootstrap.cc:439] T e5cce06208f44e4fa384db94c0b624ae P bce8dbcd72a840bb8256dee0715b175f: Bootstrap starting.
I0916 07:55:40.613586 1445 tablet_bootstrap.cc:590] T e5cce06208f44e4fa384db94c0b624ae P bce8dbcd72a840bb8256dee0715b175f: No blocks or log segments found. Creating new log.
I0916 07:55:40.621613 1446 ts_tablet_manager.cc:1113] T e5cce06208f44e4fa384db94c0b624ae P 2f1f69d5d2dc4d7f8a6ffc7bcfb07c90: Time spent starting tablet: real 0.040s user 0.005s sys 0.005s
I0916 07:55:40.622512 1446 tablet_bootstrap.cc:439] T 6b5196040b094455ad661e9ab9e379c7 P 2f1f69d5d2dc4d7f8a6ffc7bcfb07c90: Bootstrap starting.
I0916 07:55:40.624871 1445 tablet_bootstrap.cc:439] T e5cce06208f44e4fa384db94c0b624ae P bce8dbcd72a840bb8256dee0715b175f: No bootstrap required, opened a new log
I0916 07:55:40.625444 1445 ts_tablet_manager.cc:1085] T e5cce06208f44e4fa384db94c0b624ae P bce8dbcd72a840bb8256dee0715b175f: Time spent bootstrapping tablet: real 0.018s user 0.005s sys 0.009s
I0916 07:55:40.627487 1445 raft_consensus.cc:340] T e5cce06208f44e4fa384db94c0b624ae P bce8dbcd72a840bb8256dee0715b175f [term 0 FOLLOWER]: Replica starting. Triggering 0 pending transactions. Active config: opid_index: -1 OBSOLETE_local: false peers { permanent_uuid: "39273ba79fdb4d31abbb34278b8b1709" member_type: VOTER last_known_addr { host: "127.0.61.1" port: 40619 } } peers { permanent_uuid: "bce8dbcd72a840bb8256dee0715b175f" member_type: VOTER last_known_addr { host: "127.0.61.2" port: 39401 } } peers { permanent_uuid: "2f1f69d5d2dc4d7f8a6ffc7bcfb07c90" member_type: VOTER last_known_addr { host: "127.0.61.3" port: 45451 } }
I0916 07:55:40.628173 1445 raft_consensus.cc:366] T e5cce06208f44e4fa384db94c0b624ae P bce8dbcd72a840bb8256dee0715b175f [term 0 FOLLOWER]: Consensus starting up: Expiring failure detector timer to make a prompt election more likely
I0916 07:55:40.628475 1445 raft_consensus.cc:705] T e5cce06208f44e4fa384db94c0b624ae P bce8dbcd72a840bb8256dee0715b175f [term 0 FOLLOWER]: Becoming Follower/Learner. State: Replica: bce8dbcd72a840bb8256dee0715b175f, State: Initialized, Role: FOLLOWER
I0916 07:55:40.629168 1445 consensus_queue.cc:229] T e5cce06208f44e4fa384db94c0b624ae P bce8dbcd72a840bb8256dee0715b175f [NON_LEADER]: Queue going to NON_LEADER mode. State: All replicated index: 0, Majority replicated index: 0, Committed index: 0, Last appended: 0.0, Last appended by leader: 0, Current term: 0, Majority size: -1, State: 0, Mode: NON_LEADER, active raft config: opid_index: -1 OBSOLETE_local: false peers { permanent_uuid: "39273ba79fdb4d31abbb34278b8b1709" member_type: VOTER last_known_addr { host: "127.0.61.1" port: 40619 } } peers { permanent_uuid: "bce8dbcd72a840bb8256dee0715b175f" member_type: VOTER last_known_addr { host: "127.0.61.2" port: 39401 } } peers { permanent_uuid: "2f1f69d5d2dc4d7f8a6ffc7bcfb07c90" member_type: VOTER last_known_addr { host: "127.0.61.3" port: 45451 } }
I0916 07:55:40.631909 1446 tablet_bootstrap.cc:590] T 6b5196040b094455ad661e9ab9e379c7 P 2f1f69d5d2dc4d7f8a6ffc7bcfb07c90: No blocks or log segments found. Creating new log.
I0916 07:55:40.632917 1444 tablet_bootstrap.cc:439] T e02eeaf40c1d4a299b70f4a8f1514e31 P 39273ba79fdb4d31abbb34278b8b1709: No bootstrap required, opened a new log
I0916 07:55:40.633276 1445 ts_tablet_manager.cc:1113] T e5cce06208f44e4fa384db94c0b624ae P bce8dbcd72a840bb8256dee0715b175f: Time spent starting tablet: real 0.007s user 0.006s sys 0.000s
I0916 07:55:40.633688 1444 ts_tablet_manager.cc:1085] T e02eeaf40c1d4a299b70f4a8f1514e31 P 39273ba79fdb4d31abbb34278b8b1709: Time spent bootstrapping tablet: real 0.044s user 0.006s sys 0.004s
I0916 07:55:40.634035 1445 tablet_bootstrap.cc:439] T e02eeaf40c1d4a299b70f4a8f1514e31 P bce8dbcd72a840bb8256dee0715b175f: Bootstrap starting.
I0916 07:55:40.637274 1444 raft_consensus.cc:340] T e02eeaf40c1d4a299b70f4a8f1514e31 P 39273ba79fdb4d31abbb34278b8b1709 [term 0 FOLLOWER]: Replica starting. Triggering 0 pending transactions. Active config: opid_index: -1 OBSOLETE_local: false peers { permanent_uuid: "bce8dbcd72a840bb8256dee0715b175f" member_type: VOTER last_known_addr { host: "127.0.61.2" port: 39401 } } peers { permanent_uuid: "39273ba79fdb4d31abbb34278b8b1709" member_type: VOTER last_known_addr { host: "127.0.61.1" port: 40619 } } peers { permanent_uuid: "2f1f69d5d2dc4d7f8a6ffc7bcfb07c90" member_type: VOTER last_known_addr { host: "127.0.61.3" port: 45451 } }
I0916 07:55:40.638144 1444 raft_consensus.cc:366] T e02eeaf40c1d4a299b70f4a8f1514e31 P 39273ba79fdb4d31abbb34278b8b1709 [term 0 FOLLOWER]: Consensus starting up: Expiring failure detector timer to make a prompt election more likely
I0916 07:55:40.638424 1444 raft_consensus.cc:705] T e02eeaf40c1d4a299b70f4a8f1514e31 P 39273ba79fdb4d31abbb34278b8b1709 [term 0 FOLLOWER]: Becoming Follower/Learner. State: Replica: 39273ba79fdb4d31abbb34278b8b1709, State: Initialized, Role: FOLLOWER
I0916 07:55:40.639276 1445 tablet_bootstrap.cc:590] T e02eeaf40c1d4a299b70f4a8f1514e31 P bce8dbcd72a840bb8256dee0715b175f: No blocks or log segments found. Creating new log.
I0916 07:55:40.639140 1444 consensus_queue.cc:229] T e02eeaf40c1d4a299b70f4a8f1514e31 P 39273ba79fdb4d31abbb34278b8b1709 [NON_LEADER]: Queue going to NON_LEADER mode. State: All replicated index: 0, Majority replicated index: 0, Committed index: 0, Last appended: 0.0, Last appended by leader: 0, Current term: 0, Majority size: -1, State: 0, Mode: NON_LEADER, active raft config: opid_index: -1 OBSOLETE_local: false peers { permanent_uuid: "bce8dbcd72a840bb8256dee0715b175f" member_type: VOTER last_known_addr { host: "127.0.61.2" port: 39401 } } peers { permanent_uuid: "39273ba79fdb4d31abbb34278b8b1709" member_type: VOTER last_known_addr { host: "127.0.61.1" port: 40619 } } peers { permanent_uuid: "2f1f69d5d2dc4d7f8a6ffc7bcfb07c90" member_type: VOTER last_known_addr { host: "127.0.61.3" port: 45451 } }
I0916 07:55:40.645227 1450 raft_consensus.cc:472] T 6b5196040b094455ad661e9ab9e379c7 P 39273ba79fdb4d31abbb34278b8b1709 [term 0 FOLLOWER]: Starting pre-election (no leader contacted us within the election timeout)
I0916 07:55:40.645694 1450 raft_consensus.cc:494] T 6b5196040b094455ad661e9ab9e379c7 P 39273ba79fdb4d31abbb34278b8b1709 [term 0 FOLLOWER]: Starting pre-election with config: opid_index: -1 OBSOLETE_local: false peers { permanent_uuid: "39273ba79fdb4d31abbb34278b8b1709" member_type: VOTER last_known_addr { host: "127.0.61.1" port: 40619 } } peers { permanent_uuid: "2f1f69d5d2dc4d7f8a6ffc7bcfb07c90" member_type: VOTER last_known_addr { host: "127.0.61.3" port: 45451 } } peers { permanent_uuid: "bce8dbcd72a840bb8256dee0715b175f" member_type: VOTER last_known_addr { host: "127.0.61.2" port: 39401 } }
I0916 07:55:40.647830 1450 leader_election.cc:296] T 6b5196040b094455ad661e9ab9e379c7 P 39273ba79fdb4d31abbb34278b8b1709 [CANDIDATE]: Term 1 pre-election: Requested pre-vote from peers 2f1f69d5d2dc4d7f8a6ffc7bcfb07c90 (127.0.61.3:45451), bce8dbcd72a840bb8256dee0715b175f (127.0.61.2:39401)
I0916 07:55:40.655475 1445 tablet_bootstrap.cc:439] T e02eeaf40c1d4a299b70f4a8f1514e31 P bce8dbcd72a840bb8256dee0715b175f: No bootstrap required, opened a new log
I0916 07:55:40.656123 1445 ts_tablet_manager.cc:1085] T e02eeaf40c1d4a299b70f4a8f1514e31 P bce8dbcd72a840bb8256dee0715b175f: Time spent bootstrapping tablet: real 0.022s user 0.002s sys 0.011s
I0916 07:55:40.658169 1444 ts_tablet_manager.cc:1113] T e02eeaf40c1d4a299b70f4a8f1514e31 P 39273ba79fdb4d31abbb34278b8b1709: Time spent starting tablet: real 0.024s user 0.002s sys 0.004s
I0916 07:55:40.659786 1444 tablet_bootstrap.cc:439] T e5cce06208f44e4fa384db94c0b624ae P 39273ba79fdb4d31abbb34278b8b1709: Bootstrap starting.
I0916 07:55:40.666160 1445 raft_consensus.cc:340] T e02eeaf40c1d4a299b70f4a8f1514e31 P bce8dbcd72a840bb8256dee0715b175f [term 0 FOLLOWER]: Replica starting. Triggering 0 pending transactions. Active config: opid_index: -1 OBSOLETE_local: false peers { permanent_uuid: "bce8dbcd72a840bb8256dee0715b175f" member_type: VOTER last_known_addr { host: "127.0.61.2" port: 39401 } } peers { permanent_uuid: "39273ba79fdb4d31abbb34278b8b1709" member_type: VOTER last_known_addr { host: "127.0.61.1" port: 40619 } } peers { permanent_uuid: "2f1f69d5d2dc4d7f8a6ffc7bcfb07c90" member_type: VOTER last_known_addr { host: "127.0.61.3" port: 45451 } }
I0916 07:55:40.666869 1445 raft_consensus.cc:366] T e02eeaf40c1d4a299b70f4a8f1514e31 P bce8dbcd72a840bb8256dee0715b175f [term 0 FOLLOWER]: Consensus starting up: Expiring failure detector timer to make a prompt election more likely
I0916 07:55:40.667054 1445 raft_consensus.cc:705] T e02eeaf40c1d4a299b70f4a8f1514e31 P bce8dbcd72a840bb8256dee0715b175f [term 0 FOLLOWER]: Becoming Follower/Learner. State: Replica: bce8dbcd72a840bb8256dee0715b175f, State: Initialized, Role: FOLLOWER
I0916 07:55:40.667297 1446 tablet_bootstrap.cc:439] T 6b5196040b094455ad661e9ab9e379c7 P 2f1f69d5d2dc4d7f8a6ffc7bcfb07c90: No bootstrap required, opened a new log
I0916 07:55:40.667847 1446 ts_tablet_manager.cc:1085] T 6b5196040b094455ad661e9ab9e379c7 P 2f1f69d5d2dc4d7f8a6ffc7bcfb07c90: Time spent bootstrapping tablet: real 0.045s user 0.012s sys 0.009s
I0916 07:55:40.667515 1445 consensus_queue.cc:229] T e02eeaf40c1d4a299b70f4a8f1514e31 P bce8dbcd72a840bb8256dee0715b175f [NON_LEADER]: Queue going to NON_LEADER mode. State: All replicated index: 0, Majority replicated index: 0, Committed index: 0, Last appended: 0.0, Last appended by leader: 0, Current term: 0, Majority size: -1, State: 0, Mode: NON_LEADER, active raft config: opid_index: -1 OBSOLETE_local: false peers { permanent_uuid: "bce8dbcd72a840bb8256dee0715b175f" member_type: VOTER last_known_addr { host: "127.0.61.2" port: 39401 } } peers { permanent_uuid: "39273ba79fdb4d31abbb34278b8b1709" member_type: VOTER last_known_addr { host: "127.0.61.1" port: 40619 } } peers { permanent_uuid: "2f1f69d5d2dc4d7f8a6ffc7bcfb07c90" member_type: VOTER last_known_addr { host: "127.0.61.3" port: 45451 } }
I0916 07:55:40.670895 1452 raft_consensus.cc:472] T e5cce06208f44e4fa384db94c0b624ae P 2f1f69d5d2dc4d7f8a6ffc7bcfb07c90 [term 0 FOLLOWER]: Starting pre-election (no leader contacted us within the election timeout)
I0916 07:55:40.671499 1445 ts_tablet_manager.cc:1113] T e02eeaf40c1d4a299b70f4a8f1514e31 P bce8dbcd72a840bb8256dee0715b175f: Time spent starting tablet: real 0.015s user 0.006s sys 0.000s
I0916 07:55:40.671408 1452 raft_consensus.cc:494] T e5cce06208f44e4fa384db94c0b624ae P 2f1f69d5d2dc4d7f8a6ffc7bcfb07c90 [term 0 FOLLOWER]: Starting pre-election with config: opid_index: -1 OBSOLETE_local: false peers { permanent_uuid: "39273ba79fdb4d31abbb34278b8b1709" member_type: VOTER last_known_addr { host: "127.0.61.1" port: 40619 } } peers { permanent_uuid: "bce8dbcd72a840bb8256dee0715b175f" member_type: VOTER last_known_addr { host: "127.0.61.2" port: 39401 } } peers { permanent_uuid: "2f1f69d5d2dc4d7f8a6ffc7bcfb07c90" member_type: VOTER last_known_addr { host: "127.0.61.3" port: 45451 } }
I0916 07:55:40.681797 1444 tablet_bootstrap.cc:590] T e5cce06208f44e4fa384db94c0b624ae P 39273ba79fdb4d31abbb34278b8b1709: No blocks or log segments found. Creating new log.
I0916 07:55:40.682206 1446 raft_consensus.cc:340] T 6b5196040b094455ad661e9ab9e379c7 P 2f1f69d5d2dc4d7f8a6ffc7bcfb07c90 [term 0 FOLLOWER]: Replica starting. Triggering 0 pending transactions. Active config: opid_index: -1 OBSOLETE_local: false peers { permanent_uuid: "39273ba79fdb4d31abbb34278b8b1709" member_type: VOTER last_known_addr { host: "127.0.61.1" port: 40619 } } peers { permanent_uuid: "2f1f69d5d2dc4d7f8a6ffc7bcfb07c90" member_type: VOTER last_known_addr { host: "127.0.61.3" port: 45451 } } peers { permanent_uuid: "bce8dbcd72a840bb8256dee0715b175f" member_type: VOTER last_known_addr { host: "127.0.61.2" port: 39401 } }
I0916 07:55:40.683071 1446 raft_consensus.cc:366] T 6b5196040b094455ad661e9ab9e379c7 P 2f1f69d5d2dc4d7f8a6ffc7bcfb07c90 [term 0 FOLLOWER]: Consensus starting up: Expiring failure detector timer to make a prompt election more likely
I0916 07:55:40.683327 1446 raft_consensus.cc:705] T 6b5196040b094455ad661e9ab9e379c7 P 2f1f69d5d2dc4d7f8a6ffc7bcfb07c90 [term 0 FOLLOWER]: Becoming Follower/Learner. State: Replica: 2f1f69d5d2dc4d7f8a6ffc7bcfb07c90, State: Initialized, Role: FOLLOWER
I0916 07:55:40.681939 1451 raft_consensus.cc:472] T e02eeaf40c1d4a299b70f4a8f1514e31 P bce8dbcd72a840bb8256dee0715b175f [term 0 FOLLOWER]: Starting pre-election (no leader contacted us within the election timeout)
I0916 07:55:40.683902 1451 raft_consensus.cc:494] T e02eeaf40c1d4a299b70f4a8f1514e31 P bce8dbcd72a840bb8256dee0715b175f [term 0 FOLLOWER]: Starting pre-election with config: opid_index: -1 OBSOLETE_local: false peers { permanent_uuid: "bce8dbcd72a840bb8256dee0715b175f" member_type: VOTER last_known_addr { host: "127.0.61.2" port: 39401 } } peers { permanent_uuid: "39273ba79fdb4d31abbb34278b8b1709" member_type: VOTER last_known_addr { host: "127.0.61.1" port: 40619 } } peers { permanent_uuid: "2f1f69d5d2dc4d7f8a6ffc7bcfb07c90" member_type: VOTER last_known_addr { host: "127.0.61.3" port: 45451 } }
I0916 07:55:40.685880 1446 consensus_queue.cc:229] T 6b5196040b094455ad661e9ab9e379c7 P 2f1f69d5d2dc4d7f8a6ffc7bcfb07c90 [NON_LEADER]: Queue going to NON_LEADER mode. State: All replicated index: 0, Majority replicated index: 0, Committed index: 0, Last appended: 0.0, Last appended by leader: 0, Current term: 0, Majority size: -1, State: 0, Mode: NON_LEADER, active raft config: opid_index: -1 OBSOLETE_local: false peers { permanent_uuid: "39273ba79fdb4d31abbb34278b8b1709" member_type: VOTER last_known_addr { host: "127.0.61.1" port: 40619 } } peers { permanent_uuid: "2f1f69d5d2dc4d7f8a6ffc7bcfb07c90" member_type: VOTER last_known_addr { host: "127.0.61.3" port: 45451 } } peers { permanent_uuid: "bce8dbcd72a840bb8256dee0715b175f" member_type: VOTER last_known_addr { host: "127.0.61.2" port: 39401 } }
I0916 07:55:40.686884 1452 leader_election.cc:296] T e5cce06208f44e4fa384db94c0b624ae P 2f1f69d5d2dc4d7f8a6ffc7bcfb07c90 [CANDIDATE]: Term 1 pre-election: Requested pre-vote from peers 39273ba79fdb4d31abbb34278b8b1709 (127.0.61.1:40619), bce8dbcd72a840bb8256dee0715b175f (127.0.61.2:39401)
I0916 07:55:40.703815 1450 raft_consensus.cc:472] T e02eeaf40c1d4a299b70f4a8f1514e31 P 39273ba79fdb4d31abbb34278b8b1709 [term 0 FOLLOWER]: Starting pre-election (no leader contacted us within the election timeout)
I0916 07:55:40.704269 1450 raft_consensus.cc:494] T e02eeaf40c1d4a299b70f4a8f1514e31 P 39273ba79fdb4d31abbb34278b8b1709 [term 0 FOLLOWER]: Starting pre-election with config: opid_index: -1 OBSOLETE_local: false peers { permanent_uuid: "bce8dbcd72a840bb8256dee0715b175f" member_type: VOTER last_known_addr { host: "127.0.61.2" port: 39401 } } peers { permanent_uuid: "39273ba79fdb4d31abbb34278b8b1709" member_type: VOTER last_known_addr { host: "127.0.61.1" port: 40619 } } peers { permanent_uuid: "2f1f69d5d2dc4d7f8a6ffc7bcfb07c90" member_type: VOTER last_known_addr { host: "127.0.61.3" port: 45451 } }
I0916 07:55:40.706421 1450 leader_election.cc:296] T e02eeaf40c1d4a299b70f4a8f1514e31 P 39273ba79fdb4d31abbb34278b8b1709 [CANDIDATE]: Term 1 pre-election: Requested pre-vote from peers bce8dbcd72a840bb8256dee0715b175f (127.0.61.2:39401), 2f1f69d5d2dc4d7f8a6ffc7bcfb07c90 (127.0.61.3:45451)
I0916 07:55:40.715207 1193 catalog_manager.cc:1142] T 00000000000000000000000000000000 P fd1e33dc408e40c7a8bae2850d5a6b6f: acquiring CA information for follower catalog manager: success
I0916 07:55:40.716574 1451 leader_election.cc:296] T e02eeaf40c1d4a299b70f4a8f1514e31 P bce8dbcd72a840bb8256dee0715b175f [CANDIDATE]: Term 1 pre-election: Requested pre-vote from peers 39273ba79fdb4d31abbb34278b8b1709 (127.0.61.1:40619), 2f1f69d5d2dc4d7f8a6ffc7bcfb07c90 (127.0.61.3:45451)
I0916 07:55:40.752197 1451 raft_consensus.cc:472] T 6b5196040b094455ad661e9ab9e379c7 P bce8dbcd72a840bb8256dee0715b175f [term 0 FOLLOWER]: Starting pre-election (no leader contacted us within the election timeout)
I0916 07:55:40.765480 1452 raft_consensus.cc:472] T 6b5196040b094455ad661e9ab9e379c7 P 2f1f69d5d2dc4d7f8a6ffc7bcfb07c90 [term 0 FOLLOWER]: Starting pre-election (no leader contacted us within the election timeout)
I0916 07:55:40.765967 1452 raft_consensus.cc:494] T 6b5196040b094455ad661e9ab9e379c7 P 2f1f69d5d2dc4d7f8a6ffc7bcfb07c90 [term 0 FOLLOWER]: Starting pre-election with config: opid_index: -1 OBSOLETE_local: false peers { permanent_uuid: "39273ba79fdb4d31abbb34278b8b1709" member_type: VOTER last_known_addr { host: "127.0.61.1" port: 40619 } } peers { permanent_uuid: "2f1f69d5d2dc4d7f8a6ffc7bcfb07c90" member_type: VOTER last_known_addr { host: "127.0.61.3" port: 45451 } } peers { permanent_uuid: "bce8dbcd72a840bb8256dee0715b175f" member_type: VOTER last_known_addr { host: "127.0.61.2" port: 39401 } }
I0916 07:55:40.794996 1452 leader_election.cc:296] T 6b5196040b094455ad661e9ab9e379c7 P 2f1f69d5d2dc4d7f8a6ffc7bcfb07c90 [CANDIDATE]: Term 1 pre-election: Requested pre-vote from peers 39273ba79fdb4d31abbb34278b8b1709 (127.0.61.1:40619), bce8dbcd72a840bb8256dee0715b175f (127.0.61.2:39401)
I0916 07:55:40.800179 1196 catalog_manager.cc:1142] T 00000000000000000000000000000000 P d933e518c06d4c7d8b4f743167c2c643: acquiring CA information for follower catalog manager: success
I0916 07:55:40.761612 1451 raft_consensus.cc:494] T 6b5196040b094455ad661e9ab9e379c7 P bce8dbcd72a840bb8256dee0715b175f [term 0 FOLLOWER]: Starting pre-election with config: opid_index: -1 OBSOLETE_local: false peers { permanent_uuid: "39273ba79fdb4d31abbb34278b8b1709" member_type: VOTER last_known_addr { host: "127.0.61.1" port: 40619 } } peers { permanent_uuid: "2f1f69d5d2dc4d7f8a6ffc7bcfb07c90" member_type: VOTER last_known_addr { host: "127.0.61.3" port: 45451 } } peers { permanent_uuid: "bce8dbcd72a840bb8256dee0715b175f" member_type: VOTER last_known_addr { host: "127.0.61.2" port: 39401 } }
I0916 07:55:40.804884 1451 leader_election.cc:296] T 6b5196040b094455ad661e9ab9e379c7 P bce8dbcd72a840bb8256dee0715b175f [CANDIDATE]: Term 1 pre-election: Requested pre-vote from peers 39273ba79fdb4d31abbb34278b8b1709 (127.0.61.1:40619), 2f1f69d5d2dc4d7f8a6ffc7bcfb07c90 (127.0.61.3:45451)
I0916 07:55:40.807853 1193 catalog_manager.cc:1170] T 00000000000000000000000000000000 P fd1e33dc408e40c7a8bae2850d5a6b6f: importing token verification keys for follower catalog manager: success; most recent TSK sequence number 0
I0916 07:55:40.791296 1446 ts_tablet_manager.cc:1113] T 6b5196040b094455ad661e9ab9e379c7 P 2f1f69d5d2dc4d7f8a6ffc7bcfb07c90: Time spent starting tablet: real 0.123s user 0.004s sys 0.004s
I0916 07:55:40.812687 1392 tablet_service.cc:1295] Received RequestConsensusVote() RPC: tablet_id: "6b5196040b094455ad661e9ab9e379c7" candidate_uuid: "39273ba79fdb4d31abbb34278b8b1709" candidate_term: 1 candidate_status { last_received { term: 0 index: 0 } } ignore_live_leader: false dest_uuid: "2f1f69d5d2dc4d7f8a6ffc7bcfb07c90" is_pre_election: true
I0916 07:55:40.818143 1392 raft_consensus.cc:2350] T 6b5196040b094455ad661e9ab9e379c7 P 2f1f69d5d2dc4d7f8a6ffc7bcfb07c90 [term 0 FOLLOWER]: Leader pre-election vote request: Granting yes vote for candidate 39273ba79fdb4d31abbb34278b8b1709 in term 0.
I0916 07:55:40.819942 1391 tablet_service.cc:1295] Received RequestConsensusVote() RPC: tablet_id: "e02eeaf40c1d4a299b70f4a8f1514e31" candidate_uuid: "39273ba79fdb4d31abbb34278b8b1709" candidate_term: 1 candidate_status { last_received { term: 0 index: 0 } } ignore_live_leader: false dest_uuid: "2f1f69d5d2dc4d7f8a6ffc7bcfb07c90" is_pre_election: true
I0916 07:55:40.822789 1205 leader_election.cc:310] T 6b5196040b094455ad661e9ab9e379c7 P 39273ba79fdb4d31abbb34278b8b1709 [CANDIDATE]: Term 1 pre-election: Election decided. Result: candidate won. Election summary: received 2 responses out of 3 voters: 2 yes votes; 0 no votes. yes voters: 2f1f69d5d2dc4d7f8a6ffc7bcfb07c90, 39273ba79fdb4d31abbb34278b8b1709; no voters:
I0916 07:55:40.823730 1450 raft_consensus.cc:2644] T 6b5196040b094455ad661e9ab9e379c7 P 39273ba79fdb4d31abbb34278b8b1709 [term 0 FOLLOWER]: Leader pre-election won for term 1
I0916 07:55:40.824034 1450 raft_consensus.cc:472] T 6b5196040b094455ad661e9ab9e379c7 P 39273ba79fdb4d31abbb34278b8b1709 [term 0 FOLLOWER]: Starting leader election (no leader contacted us within the election timeout)
I0916 07:55:40.824395 1450 raft_consensus.cc:2890] T 6b5196040b094455ad661e9ab9e379c7 P 39273ba79fdb4d31abbb34278b8b1709 [term 0 FOLLOWER]: Advancing to term 1
W0916 07:55:40.824208 1205 leader_election.cc:348] T e02eeaf40c1d4a299b70f4a8f1514e31 P 39273ba79fdb4d31abbb34278b8b1709 [CANDIDATE]: Term 1 pre-election: Tablet error from VoteRequest() call to peer 2f1f69d5d2dc4d7f8a6ffc7bcfb07c90 (127.0.61.3:45451): Illegal state: must be running to vote when last-logged opid is not known
I0916 07:55:40.828442 1446 tablet_bootstrap.cc:439] T e02eeaf40c1d4a299b70f4a8f1514e31 P 2f1f69d5d2dc4d7f8a6ffc7bcfb07c90: Bootstrap starting.
I0916 07:55:40.835180 1450 raft_consensus.cc:494] T 6b5196040b094455ad661e9ab9e379c7 P 39273ba79fdb4d31abbb34278b8b1709 [term 1 FOLLOWER]: Starting leader election with config: opid_index: -1 OBSOLETE_local: false peers { permanent_uuid: "39273ba79fdb4d31abbb34278b8b1709" member_type: VOTER last_known_addr { host: "127.0.61.1" port: 40619 } } peers { permanent_uuid: "2f1f69d5d2dc4d7f8a6ffc7bcfb07c90" member_type: VOTER last_known_addr { host: "127.0.61.3" port: 45451 } } peers { permanent_uuid: "bce8dbcd72a840bb8256dee0715b175f" member_type: VOTER last_known_addr { host: "127.0.61.2" port: 39401 } }
I0916 07:55:40.839378 1196 catalog_manager.cc:1170] T 00000000000000000000000000000000 P d933e518c06d4c7d8b4f743167c2c643: importing token verification keys for follower catalog manager: success; most recent TSK sequence number 0
I0916 07:55:40.841807 1391 tablet_service.cc:1295] Received RequestConsensusVote() RPC: tablet_id: "6b5196040b094455ad661e9ab9e379c7" candidate_uuid: "39273ba79fdb4d31abbb34278b8b1709" candidate_term: 1 candidate_status { last_received { term: 0 index: 0 } } ignore_live_leader: false dest_uuid: "2f1f69d5d2dc4d7f8a6ffc7bcfb07c90"
I0916 07:55:40.845394 1391 raft_consensus.cc:2890] T 6b5196040b094455ad661e9ab9e379c7 P 2f1f69d5d2dc4d7f8a6ffc7bcfb07c90 [term 0 FOLLOWER]: Advancing to term 1
I0916 07:55:40.844563 1321 tablet_service.cc:1295] Received RequestConsensusVote() RPC: tablet_id: "6b5196040b094455ad661e9ab9e379c7" candidate_uuid: "39273ba79fdb4d31abbb34278b8b1709" candidate_term: 1 candidate_status { last_received { term: 0 index: 0 } } ignore_live_leader: false dest_uuid: "bce8dbcd72a840bb8256dee0715b175f" is_pre_election: true
I0916 07:55:40.842541 1459 raft_consensus.cc:472] T e5cce06208f44e4fa384db94c0b624ae P bce8dbcd72a840bb8256dee0715b175f [term 0 FOLLOWER]: Starting pre-election (no leader contacted us within the election timeout)
I0916 07:55:40.854774 1250 tablet_service.cc:1295] Received RequestConsensusVote() RPC: tablet_id: "e5cce06208f44e4fa384db94c0b624ae" candidate_uuid: "2f1f69d5d2dc4d7f8a6ffc7bcfb07c90" candidate_term: 1 candidate_status { last_received { term: 0 index: 0 } } ignore_live_leader: false dest_uuid: "39273ba79fdb4d31abbb34278b8b1709" is_pre_election: true
I0916 07:55:40.851783 1450 leader_election.cc:296] T 6b5196040b094455ad661e9ab9e379c7 P 39273ba79fdb4d31abbb34278b8b1709 [CANDIDATE]: Term 1 election: Requested vote from peers 2f1f69d5d2dc4d7f8a6ffc7bcfb07c90 (127.0.61.3:45451), bce8dbcd72a840bb8256dee0715b175f (127.0.61.2:39401)
