I0916 07:55:42.530041 1450 consensus_queue.cc:984] T e02eeaf40c1d4a299b70f4a8f1514e31 P 39273ba79fdb4d31abbb34278b8b1709 [LEADER]: Connected to new peer: Peer: permanent_uuid: "bce8dbcd72a840bb8256dee0715b175f" member_type: VOTER last_known_addr { host: "127.0.61.2" port: 39401 }, Status: LMP_MISMATCH, Last received: 0.0, Next index: 4, Last known committed idx: 3, Time since last communication: 0.000s
I0916 07:55:42.538090 1390 raft_consensus.cc:1184] T e02eeaf40c1d4a299b70f4a8f1514e31 P 2f1f69d5d2dc4d7f8a6ffc7bcfb07c90 [term 3 FOLLOWER]: Refusing update from remote peer 39273ba79fdb4d31abbb34278b8b1709: Log matching property violated. Preceding OpId in replica: term: 2 index: 3. Preceding OpId from leader: term: 3 index: 4. (index mismatch)
I0916 07:55:42.539443 1526 consensus_queue.cc:984] T e02eeaf40c1d4a299b70f4a8f1514e31 P 39273ba79fdb4d31abbb34278b8b1709 [LEADER]: Connected to new peer: Peer: permanent_uuid: "2f1f69d5d2dc4d7f8a6ffc7bcfb07c90" member_type: VOTER last_known_addr { host: "127.0.61.3" port: 45451 }, Status: LMP_MISMATCH, Last received: 0.0, Next index: 4, Last known committed idx: 3, Time since last communication: 0.001s
I0916 07:55:42.628824 1518 raft_consensus.cc:472] T e5cce06208f44e4fa384db94c0b624ae P 2f1f69d5d2dc4d7f8a6ffc7bcfb07c90 [term 1 FOLLOWER]: Starting pre-election (detected failure of leader bce8dbcd72a840bb8256dee0715b175f)
I0916 07:55:42.628945 1525 raft_consensus.cc:472] T e5cce06208f44e4fa384db94c0b624ae P 39273ba79fdb4d31abbb34278b8b1709 [term 1 FOLLOWER]: Starting pre-election (detected failure of leader bce8dbcd72a840bb8256dee0715b175f)
I0916 07:55:42.629405 1525 raft_consensus.cc:494] T e5cce06208f44e4fa384db94c0b624ae P 39273ba79fdb4d31abbb34278b8b1709 [term 1 FOLLOWER]: Starting pre-election with config: opid_index: -1 OBSOLETE_local: false peers { permanent_uuid: "39273ba79fdb4d31abbb34278b8b1709" member_type: VOTER last_known_addr { host: "127.0.61.1" port: 40619 } } peers { permanent_uuid: "bce8dbcd72a840bb8256dee0715b175f" member_type: VOTER last_known_addr { host: "127.0.61.2" port: 39401 } } peers { permanent_uuid: "2f1f69d5d2dc4d7f8a6ffc7bcfb07c90" member_type: VOTER last_known_addr { host: "127.0.61.3" port: 45451 } }
I0916 07:55:42.629319 1518 raft_consensus.cc:494] T e5cce06208f44e4fa384db94c0b624ae P 2f1f69d5d2dc4d7f8a6ffc7bcfb07c90 [term 1 FOLLOWER]: Starting pre-election with config: opid_index: -1 OBSOLETE_local: false peers { permanent_uuid: "39273ba79fdb4d31abbb34278b8b1709" member_type: VOTER last_known_addr { host: "127.0.61.1" port: 40619 } } peers { permanent_uuid: "bce8dbcd72a840bb8256dee0715b175f" member_type: VOTER last_known_addr { host: "127.0.61.2" port: 39401 } } peers { permanent_uuid: "2f1f69d5d2dc4d7f8a6ffc7bcfb07c90" member_type: VOTER last_known_addr { host: "127.0.61.3" port: 45451 } }
I0916 07:55:42.631311 1525 leader_election.cc:296] T e5cce06208f44e4fa384db94c0b624ae P 39273ba79fdb4d31abbb34278b8b1709 [CANDIDATE]: Term 2 pre-election: Requested pre-vote from peers bce8dbcd72a840bb8256dee0715b175f (127.0.61.2:39401), 2f1f69d5d2dc4d7f8a6ffc7bcfb07c90 (127.0.61.3:45451)
I0916 07:55:42.631688 1250 tablet_service.cc:1295] Received RequestConsensusVote() RPC: tablet_id: "e5cce06208f44e4fa384db94c0b624ae" candidate_uuid: "2f1f69d5d2dc4d7f8a6ffc7bcfb07c90" candidate_term: 2 candidate_status { last_received { term: 1 index: 2 } } ignore_live_leader: false dest_uuid: "39273ba79fdb4d31abbb34278b8b1709" is_pre_election: true
I0916 07:55:42.631783 1518 leader_election.cc:296] T e5cce06208f44e4fa384db94c0b624ae P 2f1f69d5d2dc4d7f8a6ffc7bcfb07c90 [CANDIDATE]: Term 2 pre-election: Requested pre-vote from peers 39273ba79fdb4d31abbb34278b8b1709 (127.0.61.1:40619), bce8dbcd72a840bb8256dee0715b175f (127.0.61.2:39401)
I0916 07:55:42.631855 1390 tablet_service.cc:1295] Received RequestConsensusVote() RPC: tablet_id: "e5cce06208f44e4fa384db94c0b624ae" candidate_uuid: "39273ba79fdb4d31abbb34278b8b1709" candidate_term: 2 candidate_status { last_received { term: 1 index: 2 } } ignore_live_leader: false dest_uuid: "2f1f69d5d2dc4d7f8a6ffc7bcfb07c90" is_pre_election: true
I0916 07:55:42.631886 1321 tablet_service.cc:1295] Received RequestConsensusVote() RPC: tablet_id: "e5cce06208f44e4fa384db94c0b624ae" candidate_uuid: "39273ba79fdb4d31abbb34278b8b1709" candidate_term: 2 candidate_status { last_received { term: 1 index: 2 } } ignore_live_leader: false dest_uuid: "bce8dbcd72a840bb8256dee0715b175f" is_pre_election: true
I0916 07:55:42.632517 1320 tablet_service.cc:1295] Received RequestConsensusVote() RPC: tablet_id: "e5cce06208f44e4fa384db94c0b624ae" candidate_uuid: "2f1f69d5d2dc4d7f8a6ffc7bcfb07c90" candidate_term: 2 candidate_status { last_received { term: 1 index: 2 } } ignore_live_leader: false dest_uuid: "bce8dbcd72a840bb8256dee0715b175f" is_pre_election: true
I0916 07:55:42.632761 1390 raft_consensus.cc:2350] T e5cce06208f44e4fa384db94c0b624ae P 2f1f69d5d2dc4d7f8a6ffc7bcfb07c90 [term 1 FOLLOWER]: Leader pre-election vote request: Granting yes vote for candidate 39273ba79fdb4d31abbb34278b8b1709 in term 1.
I0916 07:55:42.632814 1321 raft_consensus.cc:2350] T e5cce06208f44e4fa384db94c0b624ae P bce8dbcd72a840bb8256dee0715b175f [term 2 FOLLOWER]: Leader pre-election vote request: Granting yes vote for candidate 39273ba79fdb4d31abbb34278b8b1709 in term 2.
I0916 07:55:42.632833 1250 raft_consensus.cc:2350] T e5cce06208f44e4fa384db94c0b624ae P 39273ba79fdb4d31abbb34278b8b1709 [term 1 FOLLOWER]: Leader pre-election vote request: Granting yes vote for candidate 2f1f69d5d2dc4d7f8a6ffc7bcfb07c90 in term 1.
I0916 07:55:42.633659 1320 raft_consensus.cc:2325] T e5cce06208f44e4fa384db94c0b624ae P bce8dbcd72a840bb8256dee0715b175f [term 2 FOLLOWER]: Leader pre-election vote request: Denying vote to candidate 2f1f69d5d2dc4d7f8a6ffc7bcfb07c90 for term 2 because replica is already servicing an update from a current leader or another vote.
I0916 07:55:42.633818 1205 leader_election.cc:310] T e5cce06208f44e4fa384db94c0b624ae P 39273ba79fdb4d31abbb34278b8b1709 [CANDIDATE]: Term 2 pre-election: Election decided. Result: candidate won. Election summary: received 2 responses out of 3 voters: 2 yes votes; 0 no votes. yes voters: 2f1f69d5d2dc4d7f8a6ffc7bcfb07c90, 39273ba79fdb4d31abbb34278b8b1709; no voters:
I0916 07:55:42.634172 1354 leader_election.cc:310] T e5cce06208f44e4fa384db94c0b624ae P 2f1f69d5d2dc4d7f8a6ffc7bcfb07c90 [CANDIDATE]: Term 2 pre-election: Election decided. Result: candidate won. Election summary: received 2 responses out of 3 voters: 2 yes votes; 0 no votes. yes voters: 2f1f69d5d2dc4d7f8a6ffc7bcfb07c90, 39273ba79fdb4d31abbb34278b8b1709; no voters:
I0916 07:55:42.634573 1525 raft_consensus.cc:2644] T e5cce06208f44e4fa384db94c0b624ae P 39273ba79fdb4d31abbb34278b8b1709 [term 1 FOLLOWER]: Leader pre-election won for term 2
I0916 07:55:42.634933 1518 raft_consensus.cc:2644] T e5cce06208f44e4fa384db94c0b624ae P 2f1f69d5d2dc4d7f8a6ffc7bcfb07c90 [term 1 FOLLOWER]: Leader pre-election won for term 2
I0916 07:55:42.635351 1525 raft_consensus.cc:472] T e5cce06208f44e4fa384db94c0b624ae P 39273ba79fdb4d31abbb34278b8b1709 [term 1 FOLLOWER]: Starting leader election (detected failure of leader bce8dbcd72a840bb8256dee0715b175f)
I0916 07:55:42.635516 1518 raft_consensus.cc:472] T e5cce06208f44e4fa384db94c0b624ae P 2f1f69d5d2dc4d7f8a6ffc7bcfb07c90 [term 1 FOLLOWER]: Starting leader election (detected failure of leader bce8dbcd72a840bb8256dee0715b175f)
I0916 07:55:42.635654 1525 raft_consensus.cc:2890] T e5cce06208f44e4fa384db94c0b624ae P 39273ba79fdb4d31abbb34278b8b1709 [term 1 FOLLOWER]: Advancing to term 2
I0916 07:55:42.635848 1518 raft_consensus.cc:2890] T e5cce06208f44e4fa384db94c0b624ae P 2f1f69d5d2dc4d7f8a6ffc7bcfb07c90 [term 1 FOLLOWER]: Advancing to term 2
I0916 07:55:42.640753 1518 raft_consensus.cc:494] T e5cce06208f44e4fa384db94c0b624ae P 2f1f69d5d2dc4d7f8a6ffc7bcfb07c90 [term 2 FOLLOWER]: Starting leader election with config: opid_index: -1 OBSOLETE_local: false peers { permanent_uuid: "39273ba79fdb4d31abbb34278b8b1709" member_type: VOTER last_known_addr { host: "127.0.61.1" port: 40619 } } peers { permanent_uuid: "bce8dbcd72a840bb8256dee0715b175f" member_type: VOTER last_known_addr { host: "127.0.61.2" port: 39401 } } peers { permanent_uuid: "2f1f69d5d2dc4d7f8a6ffc7bcfb07c90" member_type: VOTER last_known_addr { host: "127.0.61.3" port: 45451 } }
I0916 07:55:42.640753 1525 raft_consensus.cc:494] T e5cce06208f44e4fa384db94c0b624ae P 39273ba79fdb4d31abbb34278b8b1709 [term 2 FOLLOWER]: Starting leader election with config: opid_index: -1 OBSOLETE_local: false peers { permanent_uuid: "39273ba79fdb4d31abbb34278b8b1709" member_type: VOTER last_known_addr { host: "127.0.61.1" port: 40619 } } peers { permanent_uuid: "bce8dbcd72a840bb8256dee0715b175f" member_type: VOTER last_known_addr { host: "127.0.61.2" port: 39401 } } peers { permanent_uuid: "2f1f69d5d2dc4d7f8a6ffc7bcfb07c90" member_type: VOTER last_known_addr { host: "127.0.61.3" port: 45451 } }
I0916 07:55:42.643049 1321 tablet_service.cc:1295] Received RequestConsensusVote() RPC: tablet_id: "e5cce06208f44e4fa384db94c0b624ae" candidate_uuid: "39273ba79fdb4d31abbb34278b8b1709" candidate_term: 2 candidate_status { last_received { term: 1 index: 2 } } ignore_live_leader: false dest_uuid: "bce8dbcd72a840bb8256dee0715b175f"
I0916 07:55:42.644405 1250 tablet_service.cc:1295] Received RequestConsensusVote() RPC: tablet_id: "e5cce06208f44e4fa384db94c0b624ae" candidate_uuid: "2f1f69d5d2dc4d7f8a6ffc7bcfb07c90" candidate_term: 2 candidate_status { last_received { term: 1 index: 2 } } ignore_live_leader: false dest_uuid: "39273ba79fdb4d31abbb34278b8b1709"
I0916 07:55:42.645100 1250 raft_consensus.cc:2280] T e5cce06208f44e4fa384db94c0b624ae P 39273ba79fdb4d31abbb34278b8b1709 [term 2 FOLLOWER]: Leader election vote request: Denying vote to candidate 2f1f69d5d2dc4d7f8a6ffc7bcfb07c90 in current term 2: Already voted for candidate 39273ba79fdb4d31abbb34278b8b1709 in this term.
I0916 07:55:42.643081 1525 leader_election.cc:296] T e5cce06208f44e4fa384db94c0b624ae P 39273ba79fdb4d31abbb34278b8b1709 [CANDIDATE]: Term 2 election: Requested vote from peers bce8dbcd72a840bb8256dee0715b175f (127.0.61.2:39401), 2f1f69d5d2dc4d7f8a6ffc7bcfb07c90 (127.0.61.3:45451)
I0916 07:55:42.643484 1320 tablet_service.cc:1295] Received RequestConsensusVote() RPC: tablet_id: "e5cce06208f44e4fa384db94c0b624ae" candidate_uuid: "2f1f69d5d2dc4d7f8a6ffc7bcfb07c90" candidate_term: 2 candidate_status { last_received { term: 1 index: 2 } } ignore_live_leader: false dest_uuid: "bce8dbcd72a840bb8256dee0715b175f"
I0916 07:55:42.647238 1390 tablet_service.cc:1295] Received RequestConsensusVote() RPC: tablet_id: "e5cce06208f44e4fa384db94c0b624ae" candidate_uuid: "39273ba79fdb4d31abbb34278b8b1709" candidate_term: 2 candidate_status { last_received { term: 1 index: 2 } } ignore_live_leader: false dest_uuid: "2f1f69d5d2dc4d7f8a6ffc7bcfb07c90"
I0916 07:55:42.647972 1390 raft_consensus.cc:2280] T e5cce06208f44e4fa384db94c0b624ae P 2f1f69d5d2dc4d7f8a6ffc7bcfb07c90 [term 2 FOLLOWER]: Leader election vote request: Denying vote to candidate 39273ba79fdb4d31abbb34278b8b1709 in current term 2: Already voted for candidate 2f1f69d5d2dc4d7f8a6ffc7bcfb07c90 in this term.
I0916 07:55:42.653682 1321 raft_consensus.cc:2350] T e5cce06208f44e4fa384db94c0b624ae P bce8dbcd72a840bb8256dee0715b175f [term 2 FOLLOWER]: Leader election vote request: Granting yes vote for candidate 39273ba79fdb4d31abbb34278b8b1709 in term 2.
I0916 07:55:42.654280 1320 raft_consensus.cc:2325] T e5cce06208f44e4fa384db94c0b624ae P bce8dbcd72a840bb8256dee0715b175f [term 2 FOLLOWER]: Leader election vote request: Denying vote to candidate 2f1f69d5d2dc4d7f8a6ffc7bcfb07c90 for term 2 because replica is already servicing an update from a current leader or another vote.
I0916 07:55:42.642709 1518 leader_election.cc:296] T e5cce06208f44e4fa384db94c0b624ae P 2f1f69d5d2dc4d7f8a6ffc7bcfb07c90 [CANDIDATE]: Term 2 election: Requested vote from peers 39273ba79fdb4d31abbb34278b8b1709 (127.0.61.1:40619), bce8dbcd72a840bb8256dee0715b175f (127.0.61.2:39401)
I0916 07:55:42.656396 1202 leader_election.cc:310] T e5cce06208f44e4fa384db94c0b624ae P 39273ba79fdb4d31abbb34278b8b1709 [CANDIDATE]: Term 2 election: Election decided. Result: candidate won. Election summary: received 3 responses out of 3 voters: 2 yes votes; 1 no votes. yes voters: 39273ba79fdb4d31abbb34278b8b1709, bce8dbcd72a840bb8256dee0715b175f; no voters: 2f1f69d5d2dc4d7f8a6ffc7bcfb07c90
I0916 07:55:42.656584 1353 leader_election.cc:310] T e5cce06208f44e4fa384db94c0b624ae P 2f1f69d5d2dc4d7f8a6ffc7bcfb07c90 [CANDIDATE]: Term 2 election: Election decided. Result: candidate lost. Election summary: received 3 responses out of 3 voters: 1 yes votes; 2 no votes. yes voters: 2f1f69d5d2dc4d7f8a6ffc7bcfb07c90; no voters: 39273ba79fdb4d31abbb34278b8b1709, bce8dbcd72a840bb8256dee0715b175f
I0916 07:55:42.657686 1518 raft_consensus.cc:2592] T e5cce06208f44e4fa384db94c0b624ae P 2f1f69d5d2dc4d7f8a6ffc7bcfb07c90 [term 2 FOLLOWER]: Leader election lost for term 2. Reason: could not achieve majority
I0916 07:55:42.657721 1526 raft_consensus.cc:2644] T e5cce06208f44e4fa384db94c0b624ae P 39273ba79fdb4d31abbb34278b8b1709 [term 2 FOLLOWER]: Leader election won for term 2
I0916 07:55:42.658401 1526 raft_consensus.cc:667] T e5cce06208f44e4fa384db94c0b624ae P 39273ba79fdb4d31abbb34278b8b1709 [term 2 LEADER]: Becoming Leader. State: Replica: 39273ba79fdb4d31abbb34278b8b1709, State: Running, Role: LEADER
I0916 07:55:42.659394 1526 consensus_queue.cc:206] T e5cce06208f44e4fa384db94c0b624ae P 39273ba79fdb4d31abbb34278b8b1709 [LEADER]: Queue going to LEADER mode. State: All replicated index: 0, Majority replicated index: 2, Committed index: 2, Last appended: 1.2, Last appended by leader: 2, Current term: 2, Majority size: 2, State: 0, Mode: LEADER, active raft config: opid_index: -1 OBSOLETE_local: false peers { permanent_uuid: "39273ba79fdb4d31abbb34278b8b1709" member_type: VOTER last_known_addr { host: "127.0.61.1" port: 40619 } } peers { permanent_uuid: "bce8dbcd72a840bb8256dee0715b175f" member_type: VOTER last_known_addr { host: "127.0.61.2" port: 39401 } } peers { permanent_uuid: "2f1f69d5d2dc4d7f8a6ffc7bcfb07c90" member_type: VOTER last_known_addr { host: "127.0.61.3" port: 45451 } }
I0916 07:55:42.663647 1094 catalog_manager.cc:4120] T e5cce06208f44e4fa384db94c0b624ae P 39273ba79fdb4d31abbb34278b8b1709 reported cstate change: term changed from 1 to 2, leader changed from bce8dbcd72a840bb8256dee0715b175f (127.0.61.2) to 39273ba79fdb4d31abbb34278b8b1709 (127.0.61.1). New cstate: current_term: 2 leader_uuid: "39273ba79fdb4d31abbb34278b8b1709" committed_config { opid_index: -1 OBSOLETE_local: false peers { permanent_uuid: "39273ba79fdb4d31abbb34278b8b1709" member_type: VOTER last_known_addr { host: "127.0.61.1" port: 40619 } health_report { overall_health: HEALTHY } } peers { permanent_uuid: "bce8dbcd72a840bb8256dee0715b175f" member_type: VOTER last_known_addr { host: "127.0.61.2" port: 39401 } health_report { overall_health: UNKNOWN } } peers { permanent_uuid: "2f1f69d5d2dc4d7f8a6ffc7bcfb07c90" member_type: VOTER last_known_addr { host: "127.0.61.3" port: 45451 } health_report { overall_health: UNKNOWN } } }
I0916 07:55:42.699801 1390 tablet_service.cc:1440] Received LeaderStepDown RPC: tablet_id: "6b5196040b094455ad661e9ab9e379c7" dest_uuid: "2f1f69d5d2dc4d7f8a6ffc7bcfb07c90" from {username='slave'} at 127.0.0.1:37422
I0916 07:55:42.700207 1390 raft_consensus.cc:569] T 6b5196040b094455ad661e9ab9e379c7 P 2f1f69d5d2dc4d7f8a6ffc7bcfb07c90 [term 2 LEADER]: Received request to step down
I0916 07:55:42.700376 1390 raft_consensus.cc:2885] T 6b5196040b094455ad661e9ab9e379c7 P 2f1f69d5d2dc4d7f8a6ffc7bcfb07c90 [term 2 LEADER]: Stepping down as leader of term 2
I0916 07:55:42.700592 1390 raft_consensus.cc:705] T 6b5196040b094455ad661e9ab9e379c7 P 2f1f69d5d2dc4d7f8a6ffc7bcfb07c90 [term 2 LEADER]: Becoming Follower/Learner. State: Replica: 2f1f69d5d2dc4d7f8a6ffc7bcfb07c90, State: Running, Role: LEADER
I0916 07:55:42.701077 1390 consensus_queue.cc:229] T 6b5196040b094455ad661e9ab9e379c7 P 2f1f69d5d2dc4d7f8a6ffc7bcfb07c90 [NON_LEADER]: Queue going to NON_LEADER mode. State: All replicated index: 0, Majority replicated index: 3, Committed index: 3, Last appended: 2.3, Last appended by leader: 3, Current term: 2, Majority size: -1, State: 0, Mode: NON_LEADER, active raft config: opid_index: -1 OBSOLETE_local: false peers { permanent_uuid: "39273ba79fdb4d31abbb34278b8b1709" member_type: VOTER last_known_addr { host: "127.0.61.1" port: 40619 } } peers { permanent_uuid: "2f1f69d5d2dc4d7f8a6ffc7bcfb07c90" member_type: VOTER last_known_addr { host: "127.0.61.3" port: 45451 } } peers { permanent_uuid: "bce8dbcd72a840bb8256dee0715b175f" member_type: VOTER last_known_addr { host: "127.0.61.2" port: 39401 } }
I0916 07:55:42.701876 1390 raft_consensus.cc:2890] T 6b5196040b094455ad661e9ab9e379c7 P 2f1f69d5d2dc4d7f8a6ffc7bcfb07c90 [term 2 FOLLOWER]: Advancing to term 3
I0916 07:55:42.758708 1321 raft_consensus.cc:1184] T e5cce06208f44e4fa384db94c0b624ae P bce8dbcd72a840bb8256dee0715b175f [term 2 FOLLOWER]: Refusing update from remote peer 39273ba79fdb4d31abbb34278b8b1709: Log matching property violated. Preceding OpId in replica: term: 1 index: 2. Preceding OpId from leader: term: 2 index: 3. (index mismatch)
I0916 07:55:42.759820 1526 consensus_queue.cc:984] T e5cce06208f44e4fa384db94c0b624ae P 39273ba79fdb4d31abbb34278b8b1709 [LEADER]: Connected to new peer: Peer: permanent_uuid: "bce8dbcd72a840bb8256dee0715b175f" member_type: VOTER last_known_addr { host: "127.0.61.2" port: 39401 }, Status: LMP_MISMATCH, Last received: 0.0, Next index: 3, Last known committed idx: 2, Time since last communication: 0.000s
I0916 07:55:42.766671 1390 raft_consensus.cc:1184] T e5cce06208f44e4fa384db94c0b624ae P 2f1f69d5d2dc4d7f8a6ffc7bcfb07c90 [term 2 FOLLOWER]: Refusing update from remote peer 39273ba79fdb4d31abbb34278b8b1709: Log matching property violated. Preceding OpId in replica: term: 1 index: 2. Preceding OpId from leader: term: 2 index: 3. (index mismatch)
I0916 07:55:42.767956 1526 consensus_queue.cc:984] T e5cce06208f44e4fa384db94c0b624ae P 39273ba79fdb4d31abbb34278b8b1709 [LEADER]: Connected to new peer: Peer: permanent_uuid: "2f1f69d5d2dc4d7f8a6ffc7bcfb07c90" member_type: VOTER last_known_addr { host: "127.0.61.3" port: 45451 }, Status: LMP_MISMATCH, Last received: 0.0, Next index: 3, Last known committed idx: 2, Time since last communication: 0.000s
I0916 07:55:42.829928 1519 raft_consensus.cc:472] T 6b5196040b094455ad661e9ab9e379c7 P bce8dbcd72a840bb8256dee0715b175f [term 2 FOLLOWER]: Starting pre-election (detected failure of leader 2f1f69d5d2dc4d7f8a6ffc7bcfb07c90)
I0916 07:55:42.830338 1519 raft_consensus.cc:494] T 6b5196040b094455ad661e9ab9e379c7 P bce8dbcd72a840bb8256dee0715b175f [term 2 FOLLOWER]: Starting pre-election with config: opid_index: -1 OBSOLETE_local: false peers { permanent_uuid: "39273ba79fdb4d31abbb34278b8b1709" member_type: VOTER last_known_addr { host: "127.0.61.1" port: 40619 } } peers { permanent_uuid: "2f1f69d5d2dc4d7f8a6ffc7bcfb07c90" member_type: VOTER last_known_addr { host: "127.0.61.3" port: 45451 } } peers { permanent_uuid: "bce8dbcd72a840bb8256dee0715b175f" member_type: VOTER last_known_addr { host: "127.0.61.2" port: 39401 } }
I0916 07:55:42.831523 1519 leader_election.cc:296] T 6b5196040b094455ad661e9ab9e379c7 P bce8dbcd72a840bb8256dee0715b175f [CANDIDATE]: Term 3 pre-election: Requested pre-vote from peers 39273ba79fdb4d31abbb34278b8b1709 (127.0.61.1:40619), 2f1f69d5d2dc4d7f8a6ffc7bcfb07c90 (127.0.61.3:45451)
I0916 07:55:42.832403 1250 tablet_service.cc:1295] Received RequestConsensusVote() RPC: tablet_id: "6b5196040b094455ad661e9ab9e379c7" candidate_uuid: "bce8dbcd72a840bb8256dee0715b175f" candidate_term: 3 candidate_status { last_received { term: 2 index: 3 } } ignore_live_leader: false dest_uuid: "39273ba79fdb4d31abbb34278b8b1709" is_pre_election: true
I0916 07:55:42.832403 1390 tablet_service.cc:1295] Received RequestConsensusVote() RPC: tablet_id: "6b5196040b094455ad661e9ab9e379c7" candidate_uuid: "bce8dbcd72a840bb8256dee0715b175f" candidate_term: 3 candidate_status { last_received { term: 2 index: 3 } } ignore_live_leader: false dest_uuid: "2f1f69d5d2dc4d7f8a6ffc7bcfb07c90" is_pre_election: true
I0916 07:55:42.833372 1250 raft_consensus.cc:2311] T 6b5196040b094455ad661e9ab9e379c7 P 39273ba79fdb4d31abbb34278b8b1709 [term 2 FOLLOWER]: Leader pre-election vote request: Denying vote to candidate bce8dbcd72a840bb8256dee0715b175f for term 3 because replica is either leader or believes a valid leader to be alive.
I0916 07:55:42.833333 1390 raft_consensus.cc:2350] T 6b5196040b094455ad661e9ab9e379c7 P 2f1f69d5d2dc4d7f8a6ffc7bcfb07c90 [term 3 FOLLOWER]: Leader pre-election vote request: Granting yes vote for candidate bce8dbcd72a840bb8256dee0715b175f in term 3.
I0916 07:55:42.834357 1285 leader_election.cc:310] T 6b5196040b094455ad661e9ab9e379c7 P bce8dbcd72a840bb8256dee0715b175f [CANDIDATE]: Term 3 pre-election: Election decided. Result: candidate won. Election summary: received 2 responses out of 3 voters: 2 yes votes; 0 no votes. yes voters: 2f1f69d5d2dc4d7f8a6ffc7bcfb07c90, bce8dbcd72a840bb8256dee0715b175f; no voters:
I0916 07:55:42.835016 1519 raft_consensus.cc:2644] T 6b5196040b094455ad661e9ab9e379c7 P bce8dbcd72a840bb8256dee0715b175f [term 2 FOLLOWER]: Leader pre-election won for term 3
I0916 07:55:42.835263 1519 raft_consensus.cc:472] T 6b5196040b094455ad661e9ab9e379c7 P bce8dbcd72a840bb8256dee0715b175f [term 2 FOLLOWER]: Starting leader election (detected failure of leader 2f1f69d5d2dc4d7f8a6ffc7bcfb07c90)
I0916 07:55:42.835471 1519 raft_consensus.cc:2890] T 6b5196040b094455ad661e9ab9e379c7 P bce8dbcd72a840bb8256dee0715b175f [term 2 FOLLOWER]: Advancing to term 3
I0916 07:55:42.839026 1519 raft_consensus.cc:494] T 6b5196040b094455ad661e9ab9e379c7 P bce8dbcd72a840bb8256dee0715b175f [term 3 FOLLOWER]: Starting leader election with config: opid_index: -1 OBSOLETE_local: false peers { permanent_uuid: "39273ba79fdb4d31abbb34278b8b1709" member_type: VOTER last_known_addr { host: "127.0.61.1" port: 40619 } } peers { permanent_uuid: "2f1f69d5d2dc4d7f8a6ffc7bcfb07c90" member_type: VOTER last_known_addr { host: "127.0.61.3" port: 45451 } } peers { permanent_uuid: "bce8dbcd72a840bb8256dee0715b175f" member_type: VOTER last_known_addr { host: "127.0.61.2" port: 39401 } }
I0916 07:55:42.840173 1519 leader_election.cc:296] T 6b5196040b094455ad661e9ab9e379c7 P bce8dbcd72a840bb8256dee0715b175f [CANDIDATE]: Term 3 election: Requested vote from peers 39273ba79fdb4d31abbb34278b8b1709 (127.0.61.1:40619), 2f1f69d5d2dc4d7f8a6ffc7bcfb07c90 (127.0.61.3:45451)
I0916 07:55:42.841018 1250 tablet_service.cc:1295] Received RequestConsensusVote() RPC: tablet_id: "6b5196040b094455ad661e9ab9e379c7" candidate_uuid: "bce8dbcd72a840bb8256dee0715b175f" candidate_term: 3 candidate_status { last_received { term: 2 index: 3 } } ignore_live_leader: false dest_uuid: "39273ba79fdb4d31abbb34278b8b1709"
I0916 07:55:42.841018 1390 tablet_service.cc:1295] Received RequestConsensusVote() RPC: tablet_id: "6b5196040b094455ad661e9ab9e379c7" candidate_uuid: "bce8dbcd72a840bb8256dee0715b175f" candidate_term: 3 candidate_status { last_received { term: 2 index: 3 } } ignore_live_leader: false dest_uuid: "2f1f69d5d2dc4d7f8a6ffc7bcfb07c90"
I0916 07:55:42.841840 1250 raft_consensus.cc:2311] T 6b5196040b094455ad661e9ab9e379c7 P 39273ba79fdb4d31abbb34278b8b1709 [term 2 FOLLOWER]: Leader election vote request: Denying vote to candidate bce8dbcd72a840bb8256dee0715b175f for term 3 because replica is either leader or believes a valid leader to be alive.
I0916 07:55:42.845221 1390 raft_consensus.cc:2350] T 6b5196040b094455ad661e9ab9e379c7 P 2f1f69d5d2dc4d7f8a6ffc7bcfb07c90 [term 3 FOLLOWER]: Leader election vote request: Granting yes vote for candidate bce8dbcd72a840bb8256dee0715b175f in term 3.
I0916 07:55:42.846101 1285 leader_election.cc:310] T 6b5196040b094455ad661e9ab9e379c7 P bce8dbcd72a840bb8256dee0715b175f [CANDIDATE]: Term 3 election: Election decided. Result: candidate won. Election summary: received 3 responses out of 3 voters: 2 yes votes; 1 no votes. yes voters: 2f1f69d5d2dc4d7f8a6ffc7bcfb07c90, bce8dbcd72a840bb8256dee0715b175f; no voters: 39273ba79fdb4d31abbb34278b8b1709
I0916 07:55:42.846681 1519 raft_consensus.cc:2644] T 6b5196040b094455ad661e9ab9e379c7 P bce8dbcd72a840bb8256dee0715b175f [term 3 FOLLOWER]: Leader election won for term 3
I0916 07:55:42.846990 1519 raft_consensus.cc:667] T 6b5196040b094455ad661e9ab9e379c7 P bce8dbcd72a840bb8256dee0715b175f [term 3 LEADER]: Becoming Leader. State: Replica: bce8dbcd72a840bb8256dee0715b175f, State: Running, Role: LEADER
I0916 07:55:42.847515 1519 consensus_queue.cc:206] T 6b5196040b094455ad661e9ab9e379c7 P bce8dbcd72a840bb8256dee0715b175f [LEADER]: Queue going to LEADER mode. State: All replicated index: 0, Majority replicated index: 3, Committed index: 3, Last appended: 2.3, Last appended by leader: 3, Current term: 3, Majority size: 2, State: 0, Mode: LEADER, active raft config: opid_index: -1 OBSOLETE_local: false peers { permanent_uuid: "39273ba79fdb4d31abbb34278b8b1709" member_type: VOTER last_known_addr { host: "127.0.61.1" port: 40619 } } peers { permanent_uuid: "2f1f69d5d2dc4d7f8a6ffc7bcfb07c90" member_type: VOTER last_known_addr { host: "127.0.61.3" port: 45451 } } peers { permanent_uuid: "bce8dbcd72a840bb8256dee0715b175f" member_type: VOTER last_known_addr { host: "127.0.61.2" port: 39401 } }
I0916 07:55:42.851423 1526 raft_consensus.cc:472] T 6b5196040b094455ad661e9ab9e379c7 P 39273ba79fdb4d31abbb34278b8b1709 [term 2 FOLLOWER]: Starting pre-election (detected failure of leader 2f1f69d5d2dc4d7f8a6ffc7bcfb07c90)
I0916 07:55:42.851848 1526 raft_consensus.cc:494] T 6b5196040b094455ad661e9ab9e379c7 P 39273ba79fdb4d31abbb34278b8b1709 [term 2 FOLLOWER]: Starting pre-election with config: opid_index: -1 OBSOLETE_local: false peers { permanent_uuid: "39273ba79fdb4d31abbb34278b8b1709" member_type: VOTER last_known_addr { host: "127.0.61.1" port: 40619 } } peers { permanent_uuid: "2f1f69d5d2dc4d7f8a6ffc7bcfb07c90" member_type: VOTER last_known_addr { host: "127.0.61.3" port: 45451 } } peers { permanent_uuid: "bce8dbcd72a840bb8256dee0715b175f" member_type: VOTER last_known_addr { host: "127.0.61.2" port: 39401 } }
I0916 07:55:42.852146 1094 catalog_manager.cc:4120] T 6b5196040b094455ad661e9ab9e379c7 P bce8dbcd72a840bb8256dee0715b175f reported cstate change: term changed from 2 to 3, leader changed from 2f1f69d5d2dc4d7f8a6ffc7bcfb07c90 (127.0.61.3) to bce8dbcd72a840bb8256dee0715b175f (127.0.61.2). New cstate: current_term: 3 leader_uuid: "bce8dbcd72a840bb8256dee0715b175f" committed_config { opid_index: -1 OBSOLETE_local: false peers { permanent_uuid: "39273ba79fdb4d31abbb34278b8b1709" member_type: VOTER last_known_addr { host: "127.0.61.1" port: 40619 } health_report { overall_health: UNKNOWN } } peers { permanent_uuid: "2f1f69d5d2dc4d7f8a6ffc7bcfb07c90" member_type: VOTER last_known_addr { host: "127.0.61.3" port: 45451 } health_report { overall_health: UNKNOWN } } peers { permanent_uuid: "bce8dbcd72a840bb8256dee0715b175f" member_type: VOTER last_known_addr { host: "127.0.61.2" port: 39401 } health_report { overall_health: HEALTHY } } }
I0916 07:55:42.869498 1321 tablet_service.cc:1295] Received RequestConsensusVote() RPC: tablet_id: "6b5196040b094455ad661e9ab9e379c7" candidate_uuid: "39273ba79fdb4d31abbb34278b8b1709" candidate_term: 3 candidate_status { last_received { term: 2 index: 3 } } ignore_live_leader: false dest_uuid: "bce8dbcd72a840bb8256dee0715b175f" is_pre_election: true
I0916 07:55:42.870211 1321 raft_consensus.cc:2311] T 6b5196040b094455ad661e9ab9e379c7 P bce8dbcd72a840bb8256dee0715b175f [term 3 LEADER]: Leader pre-election vote request: Denying vote to candidate 39273ba79fdb4d31abbb34278b8b1709 for term 3 because replica is either leader or believes a valid leader to be alive.
I0916 07:55:42.871381 1526 leader_election.cc:296] T 6b5196040b094455ad661e9ab9e379c7 P 39273ba79fdb4d31abbb34278b8b1709 [CANDIDATE]: Term 3 pre-election: Requested pre-vote from peers 2f1f69d5d2dc4d7f8a6ffc7bcfb07c90 (127.0.61.3:45451), bce8dbcd72a840bb8256dee0715b175f (127.0.61.2:39401)
I0916 07:55:42.871222 1390 tablet_service.cc:1295] Received RequestConsensusVote() RPC: tablet_id: "6b5196040b094455ad661e9ab9e379c7" candidate_uuid: "39273ba79fdb4d31abbb34278b8b1709" candidate_term: 3 candidate_status { last_received { term: 2 index: 3 } } ignore_live_leader: false dest_uuid: "2f1f69d5d2dc4d7f8a6ffc7bcfb07c90" is_pre_election: true
I0916 07:55:42.872058 1390 raft_consensus.cc:2280] T 6b5196040b094455ad661e9ab9e379c7 P 2f1f69d5d2dc4d7f8a6ffc7bcfb07c90 [term 3 FOLLOWER]: Leader pre-election vote request: Denying vote to candidate 39273ba79fdb4d31abbb34278b8b1709 in current term 3: Already voted for candidate bce8dbcd72a840bb8256dee0715b175f in this term.
I0916 07:55:42.875154 1205 leader_election.cc:310] T 6b5196040b094455ad661e9ab9e379c7 P 39273ba79fdb4d31abbb34278b8b1709 [CANDIDATE]: Term 3 pre-election: Election decided. Result: candidate lost. Election summary: received 3 responses out of 3 voters: 1 yes votes; 2 no votes. yes voters: 39273ba79fdb4d31abbb34278b8b1709; no voters: 2f1f69d5d2dc4d7f8a6ffc7bcfb07c90, bce8dbcd72a840bb8256dee0715b175f
I0916 07:55:42.876233 1530 raft_consensus.cc:2890] T 6b5196040b094455ad661e9ab9e379c7 P 39273ba79fdb4d31abbb34278b8b1709 [term 2 FOLLOWER]: Advancing to term 3
I0916 07:55:42.880662 1530 raft_consensus.cc:2592] T 6b5196040b094455ad661e9ab9e379c7 P 39273ba79fdb4d31abbb34278b8b1709 [term 3 FOLLOWER]: Leader pre-election lost for term 3. Reason: could not achieve majority
I0916 07:55:42.910377 1094 catalog_manager.cc:2365] Servicing AlterTable request from {username='slave'} at 127.0.0.1:42786: table { table_id: "074536fca6144499906b7c13e035c370" table_name: "test-table" } new_table_name: "NewTableName"
I0916 07:55:42.932301 1390 raft_consensus.cc:1184] T 6b5196040b094455ad661e9ab9e379c7 P 2f1f69d5d2dc4d7f8a6ffc7bcfb07c90 [term 3 FOLLOWER]: Refusing update from remote peer bce8dbcd72a840bb8256dee0715b175f: Log matching property violated. Preceding OpId in replica: term: 2 index: 3. Preceding OpId from leader: term: 3 index: 5. (index mismatch)
I0916 07:55:42.932602 244 master.cc:247] Master@127.0.61.61:37305 shutting down...
I0916 07:55:42.934231 1250 raft_consensus.cc:1184] T 6b5196040b094455ad661e9ab9e379c7 P 39273ba79fdb4d31abbb34278b8b1709 [term 3 FOLLOWER]: Refusing update from remote peer bce8dbcd72a840bb8256dee0715b175f: Log matching property violated. Preceding OpId in replica: term: 2 index: 3. Preceding OpId from leader: term: 3 index: 5. (index mismatch)
I0916 07:55:42.934381 1520 consensus_queue.cc:984] T 6b5196040b094455ad661e9ab9e379c7 P bce8dbcd72a840bb8256dee0715b175f [LEADER]: Connected to new peer: Peer: permanent_uuid: "2f1f69d5d2dc4d7f8a6ffc7bcfb07c90" member_type: VOTER last_known_addr { host: "127.0.61.3" port: 45451 }, Status: LMP_MISMATCH, Last received: 0.0, Next index: 4, Last known committed idx: 3, Time since last communication: 0.000s
I0916 07:55:42.936223 1520 consensus_queue.cc:984] T 6b5196040b094455ad661e9ab9e379c7 P bce8dbcd72a840bb8256dee0715b175f [LEADER]: Connected to new peer: Peer: permanent_uuid: "39273ba79fdb4d31abbb34278b8b1709" member_type: VOTER last_known_addr { host: "127.0.61.1" port: 40619 }, Status: LMP_MISMATCH, Last received: 0.0, Next index: 4, Last known committed idx: 3, Time since last communication: 0.000s
I0916 07:55:42.949246 1075 messenger.cc:381] Service unavailable: service kudu.master.MasterService not registered on Master
I0916 07:55:42.953634 1076 messenger.cc:381] Service unavailable: service kudu.master.MasterService not registered on Master
I0916 07:55:42.961269 1076 messenger.cc:381] Service unavailable: service kudu.master.MasterService not registered on Master
I0916 07:55:43.015933 1077 messenger.cc:381] Service unavailable: service kudu.master.MasterService not registered on Master
I0916 07:55:43.018374 1077 messenger.cc:381] Service unavailable: service kudu.master.MasterService not registered on Master
I0916 07:55:43.026134 1535 tablet.cc:1223] T 6b5196040b094455ad661e9ab9e379c7 P bce8dbcd72a840bb8256dee0715b175f: Alter schema from ( 10:key INT32 NOT NULL, PRIMARY KEY (key) ) version 0 to ( 10:key INT32 NOT NULL, PRIMARY KEY (key) ) version 1
I0916 07:55:43.029783 1534 tablet.cc:1223] T e02eeaf40c1d4a299b70f4a8f1514e31 P 39273ba79fdb4d31abbb34278b8b1709: Alter schema from ( 10:key INT32 NOT NULL, PRIMARY KEY (key) ) version 0 to ( 10:key INT32 NOT NULL, PRIMARY KEY (key) ) version 1
I0916 07:55:43.038954 1538 tablet.cc:1223] T e02eeaf40c1d4a299b70f4a8f1514e31 P bce8dbcd72a840bb8256dee0715b175f: Alter schema from ( 10:key INT32 NOT NULL, PRIMARY KEY (key) ) version 0 to ( 10:key INT32 NOT NULL, PRIMARY KEY (key) ) version 1
I0916 07:55:43.043540 1533 tablet.cc:1223] T e5cce06208f44e4fa384db94c0b624ae P bce8dbcd72a840bb8256dee0715b175f: Alter schema from ( 10:key INT32 NOT NULL, PRIMARY KEY (key) ) version 0 to ( 10:key INT32 NOT NULL, PRIMARY KEY (key) ) version 1
I0916 07:55:43.043951 1536 tablet.cc:1223] T 6b5196040b094455ad661e9ab9e379c7 P 39273ba79fdb4d31abbb34278b8b1709: Alter schema from ( 10:key INT32 NOT NULL, PRIMARY KEY (key) ) version 0 to ( 10:key INT32 NOT NULL, PRIMARY KEY (key) ) version 1
I0916 07:55:43.062299 1077 messenger.cc:381] Service unavailable: service kudu.master.MasterService not registered on Master
I0916 07:55:43.062661 1537 tablet.cc:1223] T e5cce06208f44e4fa384db94c0b624ae P 39273ba79fdb4d31abbb34278b8b1709: Alter schema from ( 10:key INT32 NOT NULL, PRIMARY KEY (key) ) version 0 to ( 10:key INT32 NOT NULL, PRIMARY KEY (key) ) version 1
I0916 07:55:43.066457 1076 messenger.cc:381] Service unavailable: service kudu.master.MasterService not registered on Master
I0916 07:55:43.069983 1075 messenger.cc:381] Service unavailable: service kudu.master.MasterService not registered on Master
I0916 07:55:43.072023 1540 tablet.cc:1223] T 6b5196040b094455ad661e9ab9e379c7 P 2f1f69d5d2dc4d7f8a6ffc7bcfb07c90: Alter schema from ( 10:key INT32 NOT NULL, PRIMARY KEY (key) ) version 0 to ( 10:key INT32 NOT NULL, PRIMARY KEY (key) ) version 1
I0916 07:55:43.093181 1077 messenger.cc:381] Service unavailable: service kudu.master.MasterService not registered on Master
I0916 07:55:43.096797 1076 messenger.cc:381] Service unavailable: service kudu.master.MasterService not registered on Master
I0916 07:55:43.096760 1541 tablet.cc:1223] T e02eeaf40c1d4a299b70f4a8f1514e31 P 2f1f69d5d2dc4d7f8a6ffc7bcfb07c90: Alter schema from ( 10:key INT32 NOT NULL, PRIMARY KEY (key) ) version 0 to ( 10:key INT32 NOT NULL, PRIMARY KEY (key) ) version 1
I0916 07:55:43.100683 1076 messenger.cc:381] Service unavailable: service kudu.master.MasterService not registered on Master
I0916 07:55:43.102954 1542 tablet.cc:1223] T e5cce06208f44e4fa384db94c0b624ae P 2f1f69d5d2dc4d7f8a6ffc7bcfb07c90: Alter schema from ( 10:key INT32 NOT NULL, PRIMARY KEY (key) ) version 0 to ( 10:key INT32 NOT NULL, PRIMARY KEY (key) ) version 1
I0916 07:55:43.106812 1077 messenger.cc:381] Service unavailable: service kudu.master.MasterService not registered on Master
I0916 07:55:43.127094 1075 messenger.cc:381] Service unavailable: service kudu.master.MasterService not registered on Master
I0916 07:55:43.127338 1077 messenger.cc:381] Service unavailable: service kudu.master.MasterService not registered on Master
I0916 07:55:43.132037 1075 messenger.cc:381] Service unavailable: service kudu.master.MasterService not registered on Master
I0916 07:55:43.132961 1076 messenger.cc:381] Service unavailable: service kudu.master.MasterService not registered on Master
I0916 07:55:43.143451 244 raft_consensus.cc:2147] T 00000000000000000000000000000000 P 5fe1f662b7a54c0f823ca2d656131416 [term 1 LEADER]: Raft consensus shutting down.
I0916 07:55:43.143932 1075 messenger.cc:381] Service unavailable: service kudu.master.MasterService not registered on Master
I0916 07:55:43.144323 244 raft_consensus.cc:2174] T 00000000000000000000000000000000 P 5fe1f662b7a54c0f823ca2d656131416 [term 1 FOLLOWER]: Raft consensus is shut down!
I0916 07:55:43.144750 244 tablet_replica.cc:273] T 00000000000000000000000000000000 P 5fe1f662b7a54c0f823ca2d656131416: stopping tablet replica
I0916 07:55:43.164786 244 master.cc:258] Master@127.0.61.61:37305 shutdown complete.
I0916 07:55:43.312338 1546 raft_consensus.cc:472] T 00000000000000000000000000000000 P d933e518c06d4c7d8b4f743167c2c643 [term 1 FOLLOWER]: Starting pre-election (detected failure of leader 5fe1f662b7a54c0f823ca2d656131416)
I0916 07:55:43.312800 1546 raft_consensus.cc:494] T 00000000000000000000000000000000 P d933e518c06d4c7d8b4f743167c2c643 [term 1 FOLLOWER]: Starting pre-election with config: opid_index: -1 OBSOLETE_local: false peers { permanent_uuid: "fd1e33dc408e40c7a8bae2850d5a6b6f" member_type: VOTER last_known_addr { host: "127.0.61.62" port: 33603 } } peers { permanent_uuid: "5fe1f662b7a54c0f823ca2d656131416" member_type: VOTER last_known_addr { host: "127.0.61.61" port: 37305 } } peers { permanent_uuid: "d933e518c06d4c7d8b4f743167c2c643" member_type: VOTER last_known_addr { host: "127.0.61.60" port: 37785 } }
I0916 07:55:43.314057 1546 leader_election.cc:296] T 00000000000000000000000000000000 P d933e518c06d4c7d8b4f743167c2c643 [CANDIDATE]: Term 2 pre-election: Requested pre-vote from peers fd1e33dc408e40c7a8bae2850d5a6b6f (127.0.61.62:33603), 5fe1f662b7a54c0f823ca2d656131416 (127.0.61.61:37305)
I0916 07:55:43.316154 1047 tablet_service.cc:1295] Received RequestConsensusVote() RPC: tablet_id: "00000000000000000000000000000000" candidate_uuid: "d933e518c06d4c7d8b4f743167c2c643" candidate_term: 2 candidate_status { last_received { term: 1 index: 14 } } ignore_live_leader: false dest_uuid: "fd1e33dc408e40c7a8bae2850d5a6b6f" is_pre_election: true
I0916 07:55:43.316879 1047 raft_consensus.cc:2350] T 00000000000000000000000000000000 P fd1e33dc408e40c7a8bae2850d5a6b6f [term 1 FOLLOWER]: Leader pre-election vote request: Granting yes vote for candidate d933e518c06d4c7d8b4f743167c2c643 in term 1.
W0916 07:55:43.316884 1134 leader_election.cc:341] T 00000000000000000000000000000000 P d933e518c06d4c7d8b4f743167c2c643 [CANDIDATE]: Term 2 pre-election: RPC error from VoteRequest() call to peer 5fe1f662b7a54c0f823ca2d656131416 (127.0.61.61:37305): Network error: Client connection negotiation failed: client connection to 127.0.61.61:37305: connect: Connection refused (error 111)
I0916 07:55:43.317855 1547 raft_consensus.cc:472] T 00000000000000000000000000000000 P fd1e33dc408e40c7a8bae2850d5a6b6f [term 1 FOLLOWER]: Starting pre-election (detected failure of leader 5fe1f662b7a54c0f823ca2d656131416)
I0916 07:55:43.318084 1135 leader_election.cc:310] T 00000000000000000000000000000000 P d933e518c06d4c7d8b4f743167c2c643 [CANDIDATE]: Term 2 pre-election: Election decided. Result: candidate won. Election summary: received 3 responses out of 3 voters: 2 yes votes; 1 no votes. yes voters: d933e518c06d4c7d8b4f743167c2c643, fd1e33dc408e40c7a8bae2850d5a6b6f; no voters: 5fe1f662b7a54c0f823ca2d656131416
I0916 07:55:43.318183 1547 raft_consensus.cc:494] T 00000000000000000000000000000000 P fd1e33dc408e40c7a8bae2850d5a6b6f [term 1 FOLLOWER]: Starting pre-election with config: opid_index: -1 OBSOLETE_local: false peers { permanent_uuid: "fd1e33dc408e40c7a8bae2850d5a6b6f" member_type: VOTER last_known_addr { host: "127.0.61.62" port: 33603 } } peers { permanent_uuid: "5fe1f662b7a54c0f823ca2d656131416" member_type: VOTER last_known_addr { host: "127.0.61.61" port: 37305 } } peers { permanent_uuid: "d933e518c06d4c7d8b4f743167c2c643" member_type: VOTER last_known_addr { host: "127.0.61.60" port: 37785 } }
I0916 07:55:43.319000 1546 raft_consensus.cc:2644] T 00000000000000000000000000000000 P d933e518c06d4c7d8b4f743167c2c643 [term 1 FOLLOWER]: Leader pre-election won for term 2
I0916 07:55:43.319303 1546 raft_consensus.cc:472] T 00000000000000000000000000000000 P d933e518c06d4c7d8b4f743167c2c643 [term 1 FOLLOWER]: Starting leader election (detected failure of leader 5fe1f662b7a54c0f823ca2d656131416)
I0916 07:55:43.319561 1546 raft_consensus.cc:2890] T 00000000000000000000000000000000 P d933e518c06d4c7d8b4f743167c2c643 [term 1 FOLLOWER]: Advancing to term 2
I0916 07:55:43.321306 1547 leader_election.cc:296] T 00000000000000000000000000000000 P fd1e33dc408e40c7a8bae2850d5a6b6f [CANDIDATE]: Term 2 pre-election: Requested pre-vote from peers 5fe1f662b7a54c0f823ca2d656131416 (127.0.61.61:37305), d933e518c06d4c7d8b4f743167c2c643 (127.0.61.60:37785)
I0916 07:55:43.322182 1160 tablet_service.cc:1295] Received RequestConsensusVote() RPC: tablet_id: "00000000000000000000000000000000" candidate_uuid: "fd1e33dc408e40c7a8bae2850d5a6b6f" candidate_term: 2 candidate_status { last_received { term: 1 index: 14 } } ignore_live_leader: false dest_uuid: "d933e518c06d4c7d8b4f743167c2c643" is_pre_election: true
W0916 07:55:43.323065 1020 leader_election.cc:341] T 00000000000000000000000000000000 P fd1e33dc408e40c7a8bae2850d5a6b6f [CANDIDATE]: Term 2 pre-election: RPC error from VoteRequest() call to peer 5fe1f662b7a54c0f823ca2d656131416 (127.0.61.61:37305): Network error: Client connection negotiation failed: client connection to 127.0.61.61:37305: connect: Connection refused (error 111)
I0916 07:55:43.325134 1546 raft_consensus.cc:494] T 00000000000000000000000000000000 P d933e518c06d4c7d8b4f743167c2c643 [term 2 FOLLOWER]: Starting leader election with config: opid_index: -1 OBSOLETE_local: false peers { permanent_uuid: "fd1e33dc408e40c7a8bae2850d5a6b6f" member_type: VOTER last_known_addr { host: "127.0.61.62" port: 33603 } } peers { permanent_uuid: "5fe1f662b7a54c0f823ca2d656131416" member_type: VOTER last_known_addr { host: "127.0.61.61" port: 37305 } } peers { permanent_uuid: "d933e518c06d4c7d8b4f743167c2c643" member_type: VOTER last_known_addr { host: "127.0.61.60" port: 37785 } }
I0916 07:55:43.326073 1160 raft_consensus.cc:2280] T 00000000000000000000000000000000 P d933e518c06d4c7d8b4f743167c2c643 [term 2 FOLLOWER]: Leader pre-election vote request: Denying vote to candidate fd1e33dc408e40c7a8bae2850d5a6b6f in current term 2: Already voted for candidate d933e518c06d4c7d8b4f743167c2c643 in this term.
I0916 07:55:43.326581 1546 leader_election.cc:296] T 00000000000000000000000000000000 P d933e518c06d4c7d8b4f743167c2c643 [CANDIDATE]: Term 2 election: Requested vote from peers fd1e33dc408e40c7a8bae2850d5a6b6f (127.0.61.62:33603), 5fe1f662b7a54c0f823ca2d656131416 (127.0.61.61:37305)
I0916 07:55:43.327240 1047 tablet_service.cc:1295] Received RequestConsensusVote() RPC: tablet_id: "00000000000000000000000000000000" candidate_uuid: "d933e518c06d4c7d8b4f743167c2c643" candidate_term: 2 candidate_status { last_received { term: 1 index: 14 } } ignore_live_leader: false dest_uuid: "fd1e33dc408e40c7a8bae2850d5a6b6f"
I0916 07:55:43.327497 1019 leader_election.cc:310] T 00000000000000000000000000000000 P fd1e33dc408e40c7a8bae2850d5a6b6f [CANDIDATE]: Term 2 pre-election: Election decided. Result: candidate lost. Election summary: received 3 responses out of 3 voters: 1 yes votes; 2 no votes. yes voters: fd1e33dc408e40c7a8bae2850d5a6b6f; no voters: 5fe1f662b7a54c0f823ca2d656131416, d933e518c06d4c7d8b4f743167c2c643
I0916 07:55:43.327874 1047 raft_consensus.cc:2890] T 00000000000000000000000000000000 P fd1e33dc408e40c7a8bae2850d5a6b6f [term 1 FOLLOWER]: Advancing to term 2
W0916 07:55:43.328269 1134 leader_election.cc:341] T 00000000000000000000000000000000 P d933e518c06d4c7d8b4f743167c2c643 [CANDIDATE]: Term 2 election: RPC error from VoteRequest() call to peer 5fe1f662b7a54c0f823ca2d656131416 (127.0.61.61:37305): Network error: Client connection negotiation failed: client connection to 127.0.61.61:37305: connect: Connection refused (error 111)
I0916 07:55:43.331660 1047 raft_consensus.cc:2350] T 00000000000000000000000000000000 P fd1e33dc408e40c7a8bae2850d5a6b6f [term 2 FOLLOWER]: Leader election vote request: Granting yes vote for candidate d933e518c06d4c7d8b4f743167c2c643 in term 2.
I0916 07:55:43.332036 1547 raft_consensus.cc:2592] T 00000000000000000000000000000000 P fd1e33dc408e40c7a8bae2850d5a6b6f [term 2 FOLLOWER]: Leader pre-election lost for term 2. Reason: could not achieve majority
I0916 07:55:43.332504 1135 leader_election.cc:310] T 00000000000000000000000000000000 P d933e518c06d4c7d8b4f743167c2c643 [CANDIDATE]: Term 2 election: Election decided. Result: candidate won. Election summary: received 3 responses out of 3 voters: 2 yes votes; 1 no votes. yes voters: d933e518c06d4c7d8b4f743167c2c643, fd1e33dc408e40c7a8bae2850d5a6b6f; no voters: 5fe1f662b7a54c0f823ca2d656131416
I0916 07:55:43.333109 1546 raft_consensus.cc:2644] T 00000000000000000000000000000000 P d933e518c06d4c7d8b4f743167c2c643 [term 2 FOLLOWER]: Leader election won for term 2
I0916 07:55:43.334600 1546 raft_consensus.cc:667] T 00000000000000000000000000000000 P d933e518c06d4c7d8b4f743167c2c643 [term 2 LEADER]: Becoming Leader. State: Replica: d933e518c06d4c7d8b4f743167c2c643, State: Running, Role: LEADER
I0916 07:55:43.335203 1546 consensus_queue.cc:206] T 00000000000000000000000000000000 P d933e518c06d4c7d8b4f743167c2c643 [LEADER]: Queue going to LEADER mode. State: All replicated index: 0, Majority replicated index: 14, Committed index: 14, Last appended: 1.14, Last appended by leader: 14, Current term: 2, Majority size: 2, State: 0, Mode: LEADER, active raft config: opid_index: -1 OBSOLETE_local: false peers { permanent_uuid: "fd1e33dc408e40c7a8bae2850d5a6b6f" member_type: VOTER last_known_addr { host: "127.0.61.62" port: 33603 } } peers { permanent_uuid: "5fe1f662b7a54c0f823ca2d656131416" member_type: VOTER last_known_addr { host: "127.0.61.61" port: 37305 } } peers { permanent_uuid: "d933e518c06d4c7d8b4f743167c2c643" member_type: VOTER last_known_addr { host: "127.0.61.60" port: 37785 } }
I0916 07:55:43.338737 1550 sys_catalog.cc:340] T 00000000000000000000000000000000 P d933e518c06d4c7d8b4f743167c2c643 [sys.catalog]: SysCatalogTable state changed. Reason: New leader d933e518c06d4c7d8b4f743167c2c643. Latest consensus state: current_term: 2 leader_uuid: "d933e518c06d4c7d8b4f743167c2c643" committed_config { opid_index: -1 OBSOLETE_local: false peers { permanent_uuid: "fd1e33dc408e40c7a8bae2850d5a6b6f" member_type: VOTER last_known_addr { host: "127.0.61.62" port: 33603 } } peers { permanent_uuid: "5fe1f662b7a54c0f823ca2d656131416" member_type: VOTER last_known_addr { host: "127.0.61.61" port: 37305 } } peers { permanent_uuid: "d933e518c06d4c7d8b4f743167c2c643" member_type: VOTER last_known_addr { host: "127.0.61.60" port: 37785 } } }
I0916 07:55:43.339690 1550 sys_catalog.cc:343] T 00000000000000000000000000000000 P d933e518c06d4c7d8b4f743167c2c643 [sys.catalog]: This master's current role is: LEADER
I0916 07:55:43.341357 1551 catalog_manager.cc:1086] Loading table and tablet metadata into memory...
I0916 07:55:43.345227 1551 catalog_manager.cc:387] Loaded metadata for table NewTableName [id=074536fca6144499906b7c13e035c370]
I0916 07:55:43.347920 1551 catalog_manager.cc:441] Loaded metadata for tablet 6b5196040b094455ad661e9ab9e379c7 (table NewTableName [id=074536fca6144499906b7c13e035c370])
I0916 07:55:43.348723 1551 catalog_manager.cc:441] Loaded metadata for tablet e02eeaf40c1d4a299b70f4a8f1514e31 (table NewTableName [id=074536fca6144499906b7c13e035c370])
I0916 07:55:43.349658 1551 catalog_manager.cc:441] Loaded metadata for tablet e5cce06208f44e4fa384db94c0b624ae (table NewTableName [id=074536fca6144499906b7c13e035c370])
I0916 07:55:43.350428 1551 catalog_manager.cc:1097] Initializing Kudu internal certificate authority...
I0916 07:55:43.353683 1551 catalog_manager.cc:1106] Loading token signing keys...
I0916 07:55:43.355890 1551 catalog_manager.cc:4446] T 00000000000000000000000000000000 P d933e518c06d4c7d8b4f743167c2c643: Loaded TSK: 0
I0916 07:55:43.387964 244 system_ntp.cc:193] NTP initialized. Skew: 500ppm Current error: 47516us
I0916 07:55:43.388387 244 fs_manager.cc:263] Metadata directory not provided
I0916 07:55:43.388550 244 fs_manager.cc:266] Using existing metadata directory in first data directory
I0916 07:55:43.391105 244 fs_manager.cc:399] Time spent opening directory manager: real 0.002s user 0.001s sys 0.001s
I0916 07:55:43.392194 244 file_cache.cc:465] Constructed file cache lbm with capacity 419430
I0916 07:55:43.400789 244 fs_manager.cc:419] Time spent opening block manager: real 0.002s user 0.001s sys 0.000s
I0916 07:55:43.401002 244 fs_manager.cc:436] Opened local filesystem: /tmp/dist-test-taska4lOjz/test-tmp/ts_tablet_manager-itest.0.TsTabletManagerITest.TestTableStats.1568620531643032-244/minicluster-data/master-1-root uuid: "5fe1f662b7a54c0f823ca2d656131416" format_stamp: "Formatted at 2019-09-16 07:55:39 on dist-test-slave-dist-test-slave-p3b0"
I0916 07:55:43.401309 244 fs_report.cc:352] FS layout report -------------------- wal directory: /tmp/dist-test-taska4lOjz/test-tmp/ts_tablet_manager-itest.0.TsTabletManagerITest.TestTableStats.1568620531643032-244/minicluster-data/master-1-root metadata directory: /tmp/dist-test-taska4lOjz/test-tmp/ts_tablet_manager-itest.0.TsTabletManagerITest.TestTableStats.1568620531643032-244/minicluster-data/master-1-root 1 data directories: /tmp/dist-test-taska4lOjz/test-tmp/ts_tablet_manager-itest.0.TsTabletManagerITest.TestTableStats.1568620531643032-244/minicluster-data/master-1-root/data Total live blocks: 0 Total live bytes: 0 Total live bytes (after alignment): 0 Total number of LBM containers: 0 (0 full) Did not check for missing blocks Did not check for orphaned blocks Total full LBM containers with extra space: 0 (0 repaired) Total full LBM container extra space in bytes: 0 (0 repaired) Total incomplete LBM containers: 0 (0 repaired) Total LBM partial records: 0 (0 repaired)
