I0916 07:55:41.450668 1452 raft_consensus.cc:494] T e5cce06208f44e4fa384db94c0b624ae P 2f1f69d5d2dc4d7f8a6ffc7bcfb07c90 [term 1 FOLLOWER]: Starting pre-election with config: opid_index: -1 OBSOLETE_local: false peers { permanent_uuid: "39273ba79fdb4d31abbb34278b8b1709" member_type: VOTER last_known_addr { host: "127.0.61.1" port: 40619 } } peers { permanent_uuid: "bce8dbcd72a840bb8256dee0715b175f" member_type: VOTER last_known_addr { host: "127.0.61.2" port: 39401 } } peers { permanent_uuid: "2f1f69d5d2dc4d7f8a6ffc7bcfb07c90" member_type: VOTER last_known_addr { host: "127.0.61.3" port: 45451 } }
I0916 07:55:41.455001 1250 tablet_service.cc:1295] Received RequestConsensusVote() RPC: tablet_id: "e5cce06208f44e4fa384db94c0b624ae" candidate_uuid: "2f1f69d5d2dc4d7f8a6ffc7bcfb07c90" candidate_term: 2 candidate_status { last_received { term: 1 index: 1 } } ignore_live_leader: false dest_uuid: "39273ba79fdb4d31abbb34278b8b1709" is_pre_election: true
I0916 07:55:41.455682 1250 raft_consensus.cc:2311] T e5cce06208f44e4fa384db94c0b624ae P 39273ba79fdb4d31abbb34278b8b1709 [term 1 FOLLOWER]: Leader pre-election vote request: Denying vote to candidate 2f1f69d5d2dc4d7f8a6ffc7bcfb07c90 for term 2 because replica is either leader or believes a valid leader to be alive.
I0916 07:55:41.457068 1452 leader_election.cc:296] T e5cce06208f44e4fa384db94c0b624ae P 2f1f69d5d2dc4d7f8a6ffc7bcfb07c90 [CANDIDATE]: Term 2 pre-election: Requested pre-vote from peers 39273ba79fdb4d31abbb34278b8b1709 (127.0.61.1:40619), bce8dbcd72a840bb8256dee0715b175f (127.0.61.2:39401)
I0916 07:55:41.459548 1321 tablet_service.cc:1295] Received RequestConsensusVote() RPC: tablet_id: "e5cce06208f44e4fa384db94c0b624ae" candidate_uuid: "2f1f69d5d2dc4d7f8a6ffc7bcfb07c90" candidate_term: 2 candidate_status { last_received { term: 1 index: 1 } } ignore_live_leader: false dest_uuid: "bce8dbcd72a840bb8256dee0715b175f" is_pre_election: true
I0916 07:55:41.461980 1321 raft_consensus.cc:2311] T e5cce06208f44e4fa384db94c0b624ae P bce8dbcd72a840bb8256dee0715b175f [term 1 LEADER]: Leader pre-election vote request: Denying vote to candidate 2f1f69d5d2dc4d7f8a6ffc7bcfb07c90 for term 2 because replica is either leader or believes a valid leader to be alive.
I0916 07:55:41.463014 1353 leader_election.cc:310] T e5cce06208f44e4fa384db94c0b624ae P 2f1f69d5d2dc4d7f8a6ffc7bcfb07c90 [CANDIDATE]: Term 2 pre-election: Election decided. Result: candidate lost. Election summary: received 3 responses out of 3 voters: 1 yes votes; 2 no votes. yes voters: 2f1f69d5d2dc4d7f8a6ffc7bcfb07c90; no voters: 39273ba79fdb4d31abbb34278b8b1709, bce8dbcd72a840bb8256dee0715b175f
I0916 07:55:41.464872 1452 raft_consensus.cc:2592] T e5cce06208f44e4fa384db94c0b624ae P 2f1f69d5d2dc4d7f8a6ffc7bcfb07c90 [term 1 FOLLOWER]: Leader pre-election lost for term 2. Reason: could not achieve majority
I0916 07:55:41.498325 1493 raft_consensus.cc:472] T 6b5196040b094455ad661e9ab9e379c7 P bce8dbcd72a840bb8256dee0715b175f [term 1 FOLLOWER]: Starting pre-election (detected failure of leader 39273ba79fdb4d31abbb34278b8b1709)
I0916 07:55:41.499042 1493 raft_consensus.cc:494] T 6b5196040b094455ad661e9ab9e379c7 P bce8dbcd72a840bb8256dee0715b175f [term 1 FOLLOWER]: Starting pre-election with config: opid_index: -1 OBSOLETE_local: false peers { permanent_uuid: "39273ba79fdb4d31abbb34278b8b1709" member_type: VOTER last_known_addr { host: "127.0.61.1" port: 40619 } } peers { permanent_uuid: "2f1f69d5d2dc4d7f8a6ffc7bcfb07c90" member_type: VOTER last_known_addr { host: "127.0.61.3" port: 45451 } } peers { permanent_uuid: "bce8dbcd72a840bb8256dee0715b175f" member_type: VOTER last_known_addr { host: "127.0.61.2" port: 39401 } }
I0916 07:55:41.502352 1391 tablet_service.cc:1295] Received RequestConsensusVote() RPC: tablet_id: "6b5196040b094455ad661e9ab9e379c7" candidate_uuid: "bce8dbcd72a840bb8256dee0715b175f" candidate_term: 2 candidate_status { last_received { term: 1 index: 1 } } ignore_live_leader: false dest_uuid: "2f1f69d5d2dc4d7f8a6ffc7bcfb07c90" is_pre_election: true
I0916 07:55:41.503459 1391 raft_consensus.cc:2311] T 6b5196040b094455ad661e9ab9e379c7 P 2f1f69d5d2dc4d7f8a6ffc7bcfb07c90 [term 1 FOLLOWER]: Leader pre-election vote request: Denying vote to candidate bce8dbcd72a840bb8256dee0715b175f for term 2 because replica is either leader or believes a valid leader to be alive.
I0916 07:55:41.504930 1493 leader_election.cc:296] T 6b5196040b094455ad661e9ab9e379c7 P bce8dbcd72a840bb8256dee0715b175f [CANDIDATE]: Term 2 pre-election: Requested pre-vote from peers 39273ba79fdb4d31abbb34278b8b1709 (127.0.61.1:40619), 2f1f69d5d2dc4d7f8a6ffc7bcfb07c90 (127.0.61.3:45451)
I0916 07:55:41.505703 1250 tablet_service.cc:1295] Received RequestConsensusVote() RPC: tablet_id: "6b5196040b094455ad661e9ab9e379c7" candidate_uuid: "bce8dbcd72a840bb8256dee0715b175f" candidate_term: 2 candidate_status { last_received { term: 1 index: 1 } } ignore_live_leader: false dest_uuid: "39273ba79fdb4d31abbb34278b8b1709" is_pre_election: true
I0916 07:55:41.506266 1250 raft_consensus.cc:2311] T 6b5196040b094455ad661e9ab9e379c7 P 39273ba79fdb4d31abbb34278b8b1709 [term 1 LEADER]: Leader pre-election vote request: Denying vote to candidate bce8dbcd72a840bb8256dee0715b175f for term 2 because replica is either leader or believes a valid leader to be alive.
I0916 07:55:41.508781 1283 leader_election.cc:310] T 6b5196040b094455ad661e9ab9e379c7 P bce8dbcd72a840bb8256dee0715b175f [CANDIDATE]: Term 2 pre-election: Election decided. Result: candidate lost. Election summary: received 3 responses out of 3 voters: 1 yes votes; 2 no votes. yes voters: bce8dbcd72a840bb8256dee0715b175f; no voters: 2f1f69d5d2dc4d7f8a6ffc7bcfb07c90, 39273ba79fdb4d31abbb34278b8b1709
I0916 07:55:41.509377 1493 raft_consensus.cc:2592] T 6b5196040b094455ad661e9ab9e379c7 P bce8dbcd72a840bb8256dee0715b175f [term 1 FOLLOWER]: Leader pre-election lost for term 2. Reason: could not achieve majority
I0916 07:55:41.788034 1249 tablet_service.cc:1440] Received LeaderStepDown RPC: tablet_id: "e02eeaf40c1d4a299b70f4a8f1514e31" dest_uuid: "39273ba79fdb4d31abbb34278b8b1709" from {username='slave'} at 127.0.0.1:35102
I0916 07:55:41.789753 1249 raft_consensus.cc:569] T e02eeaf40c1d4a299b70f4a8f1514e31 P 39273ba79fdb4d31abbb34278b8b1709 [term 1 LEADER]: Received request to step down
I0916 07:55:41.790410 1249 raft_consensus.cc:2885] T e02eeaf40c1d4a299b70f4a8f1514e31 P 39273ba79fdb4d31abbb34278b8b1709 [term 1 LEADER]: Stepping down as leader of term 1
I0916 07:55:41.790680 1249 raft_consensus.cc:705] T e02eeaf40c1d4a299b70f4a8f1514e31 P 39273ba79fdb4d31abbb34278b8b1709 [term 1 LEADER]: Becoming Follower/Learner. State: Replica: 39273ba79fdb4d31abbb34278b8b1709, State: Running, Role: LEADER
I0916 07:55:41.792029 1249 consensus_queue.cc:229] T e02eeaf40c1d4a299b70f4a8f1514e31 P 39273ba79fdb4d31abbb34278b8b1709 [NON_LEADER]: Queue going to NON_LEADER mode. State: All replicated index: 0, Majority replicated index: 2, Committed index: 2, Last appended: 1.2, Last appended by leader: 2, Current term: 1, Majority size: -1, State: 0, Mode: NON_LEADER, active raft config: opid_index: -1 OBSOLETE_local: false peers { permanent_uuid: "bce8dbcd72a840bb8256dee0715b175f" member_type: VOTER last_known_addr { host: "127.0.61.2" port: 39401 } } peers { permanent_uuid: "39273ba79fdb4d31abbb34278b8b1709" member_type: VOTER last_known_addr { host: "127.0.61.1" port: 40619 } } peers { permanent_uuid: "2f1f69d5d2dc4d7f8a6ffc7bcfb07c90" member_type: VOTER last_known_addr { host: "127.0.61.3" port: 45451 } }
I0916 07:55:41.796301 1249 raft_consensus.cc:2890] T e02eeaf40c1d4a299b70f4a8f1514e31 P 39273ba79fdb4d31abbb34278b8b1709 [term 1 FOLLOWER]: Advancing to term 2
I0916 07:55:41.931896 1493 raft_consensus.cc:472] T e02eeaf40c1d4a299b70f4a8f1514e31 P bce8dbcd72a840bb8256dee0715b175f [term 1 FOLLOWER]: Starting pre-election (detected failure of leader 39273ba79fdb4d31abbb34278b8b1709)
I0916 07:55:41.932546 1493 raft_consensus.cc:494] T e02eeaf40c1d4a299b70f4a8f1514e31 P bce8dbcd72a840bb8256dee0715b175f [term 1 FOLLOWER]: Starting pre-election with config: opid_index: -1 OBSOLETE_local: false peers { permanent_uuid: "bce8dbcd72a840bb8256dee0715b175f" member_type: VOTER last_known_addr { host: "127.0.61.2" port: 39401 } } peers { permanent_uuid: "39273ba79fdb4d31abbb34278b8b1709" member_type: VOTER last_known_addr { host: "127.0.61.1" port: 40619 } } peers { permanent_uuid: "2f1f69d5d2dc4d7f8a6ffc7bcfb07c90" member_type: VOTER last_known_addr { host: "127.0.61.3" port: 45451 } }
I0916 07:55:41.934132 1493 leader_election.cc:296] T e02eeaf40c1d4a299b70f4a8f1514e31 P bce8dbcd72a840bb8256dee0715b175f [CANDIDATE]: Term 2 pre-election: Requested pre-vote from peers 39273ba79fdb4d31abbb34278b8b1709 (127.0.61.1:40619), 2f1f69d5d2dc4d7f8a6ffc7bcfb07c90 (127.0.61.3:45451)
I0916 07:55:41.935209 1249 tablet_service.cc:1295] Received RequestConsensusVote() RPC: tablet_id: "e02eeaf40c1d4a299b70f4a8f1514e31" candidate_uuid: "bce8dbcd72a840bb8256dee0715b175f" candidate_term: 2 candidate_status { last_received { term: 1 index: 2 } } ignore_live_leader: false dest_uuid: "39273ba79fdb4d31abbb34278b8b1709" is_pre_election: true
I0916 07:55:41.935209 1391 tablet_service.cc:1295] Received RequestConsensusVote() RPC: tablet_id: "e02eeaf40c1d4a299b70f4a8f1514e31" candidate_uuid: "bce8dbcd72a840bb8256dee0715b175f" candidate_term: 2 candidate_status { last_received { term: 1 index: 2 } } ignore_live_leader: false dest_uuid: "2f1f69d5d2dc4d7f8a6ffc7bcfb07c90" is_pre_election: true
I0916 07:55:41.936177 1249 raft_consensus.cc:2350] T e02eeaf40c1d4a299b70f4a8f1514e31 P 39273ba79fdb4d31abbb34278b8b1709 [term 2 FOLLOWER]: Leader pre-election vote request: Granting yes vote for candidate bce8dbcd72a840bb8256dee0715b175f in term 2.
I0916 07:55:41.936336 1391 raft_consensus.cc:2311] T e02eeaf40c1d4a299b70f4a8f1514e31 P 2f1f69d5d2dc4d7f8a6ffc7bcfb07c90 [term 1 FOLLOWER]: Leader pre-election vote request: Denying vote to candidate bce8dbcd72a840bb8256dee0715b175f for term 2 because replica is either leader or believes a valid leader to be alive.
I0916 07:55:41.937476 1283 leader_election.cc:310] T e02eeaf40c1d4a299b70f4a8f1514e31 P bce8dbcd72a840bb8256dee0715b175f [CANDIDATE]: Term 2 pre-election: Election decided. Result: candidate won. Election summary: received 2 responses out of 3 voters: 2 yes votes; 0 no votes. yes voters: 39273ba79fdb4d31abbb34278b8b1709, bce8dbcd72a840bb8256dee0715b175f; no voters:
I0916 07:55:41.938215 1493 raft_consensus.cc:2644] T e02eeaf40c1d4a299b70f4a8f1514e31 P bce8dbcd72a840bb8256dee0715b175f [term 1 FOLLOWER]: Leader pre-election won for term 2
I0916 07:55:41.938593 1493 raft_consensus.cc:472] T e02eeaf40c1d4a299b70f4a8f1514e31 P bce8dbcd72a840bb8256dee0715b175f [term 1 FOLLOWER]: Starting leader election (detected failure of leader 39273ba79fdb4d31abbb34278b8b1709)
I0916 07:55:41.938951 1493 raft_consensus.cc:2890] T e02eeaf40c1d4a299b70f4a8f1514e31 P bce8dbcd72a840bb8256dee0715b175f [term 1 FOLLOWER]: Advancing to term 2
I0916 07:55:41.943765 1493 raft_consensus.cc:494] T e02eeaf40c1d4a299b70f4a8f1514e31 P bce8dbcd72a840bb8256dee0715b175f [term 2 FOLLOWER]: Starting leader election with config: opid_index: -1 OBSOLETE_local: false peers { permanent_uuid: "bce8dbcd72a840bb8256dee0715b175f" member_type: VOTER last_known_addr { host: "127.0.61.2" port: 39401 } } peers { permanent_uuid: "39273ba79fdb4d31abbb34278b8b1709" member_type: VOTER last_known_addr { host: "127.0.61.1" port: 40619 } } peers { permanent_uuid: "2f1f69d5d2dc4d7f8a6ffc7bcfb07c90" member_type: VOTER last_known_addr { host: "127.0.61.3" port: 45451 } }
I0916 07:55:41.945080 1493 leader_election.cc:296] T e02eeaf40c1d4a299b70f4a8f1514e31 P bce8dbcd72a840bb8256dee0715b175f [CANDIDATE]: Term 2 election: Requested vote from peers 39273ba79fdb4d31abbb34278b8b1709 (127.0.61.1:40619), 2f1f69d5d2dc4d7f8a6ffc7bcfb07c90 (127.0.61.3:45451)
I0916 07:55:41.945890 1249 tablet_service.cc:1295] Received RequestConsensusVote() RPC: tablet_id: "e02eeaf40c1d4a299b70f4a8f1514e31" candidate_uuid: "bce8dbcd72a840bb8256dee0715b175f" candidate_term: 2 candidate_status { last_received { term: 1 index: 2 } } ignore_live_leader: false dest_uuid: "39273ba79fdb4d31abbb34278b8b1709"
I0916 07:55:41.945957 1391 tablet_service.cc:1295] Received RequestConsensusVote() RPC: tablet_id: "e02eeaf40c1d4a299b70f4a8f1514e31" candidate_uuid: "bce8dbcd72a840bb8256dee0715b175f" candidate_term: 2 candidate_status { last_received { term: 1 index: 2 } } ignore_live_leader: false dest_uuid: "2f1f69d5d2dc4d7f8a6ffc7bcfb07c90"
I0916 07:55:41.946481 1391 raft_consensus.cc:2890] T e02eeaf40c1d4a299b70f4a8f1514e31 P 2f1f69d5d2dc4d7f8a6ffc7bcfb07c90 [term 1 FOLLOWER]: Advancing to term 2
I0916 07:55:41.950246 1249 raft_consensus.cc:2350] T e02eeaf40c1d4a299b70f4a8f1514e31 P 39273ba79fdb4d31abbb34278b8b1709 [term 2 FOLLOWER]: Leader election vote request: Granting yes vote for candidate bce8dbcd72a840bb8256dee0715b175f in term 2.
I0916 07:55:41.950460 1391 raft_consensus.cc:2350] T e02eeaf40c1d4a299b70f4a8f1514e31 P 2f1f69d5d2dc4d7f8a6ffc7bcfb07c90 [term 2 FOLLOWER]: Leader election vote request: Granting yes vote for candidate bce8dbcd72a840bb8256dee0715b175f in term 2.
I0916 07:55:41.951273 1283 leader_election.cc:310] T e02eeaf40c1d4a299b70f4a8f1514e31 P bce8dbcd72a840bb8256dee0715b175f [CANDIDATE]: Term 2 election: Election decided. Result: candidate won. Election summary: received 2 responses out of 3 voters: 2 yes votes; 0 no votes. yes voters: 39273ba79fdb4d31abbb34278b8b1709, bce8dbcd72a840bb8256dee0715b175f; no voters:
I0916 07:55:41.951920 1493 raft_consensus.cc:2644] T e02eeaf40c1d4a299b70f4a8f1514e31 P bce8dbcd72a840bb8256dee0715b175f [term 2 FOLLOWER]: Leader election won for term 2
I0916 07:55:41.952261 1493 raft_consensus.cc:667] T e02eeaf40c1d4a299b70f4a8f1514e31 P bce8dbcd72a840bb8256dee0715b175f [term 2 LEADER]: Becoming Leader. State: Replica: bce8dbcd72a840bb8256dee0715b175f, State: Running, Role: LEADER
I0916 07:55:41.952857 1493 consensus_queue.cc:206] T e02eeaf40c1d4a299b70f4a8f1514e31 P bce8dbcd72a840bb8256dee0715b175f [LEADER]: Queue going to LEADER mode. State: All replicated index: 0, Majority replicated index: 2, Committed index: 2, Last appended: 1.2, Last appended by leader: 2, Current term: 2, Majority size: 2, State: 0, Mode: LEADER, active raft config: opid_index: -1 OBSOLETE_local: false peers { permanent_uuid: "bce8dbcd72a840bb8256dee0715b175f" member_type: VOTER last_known_addr { host: "127.0.61.2" port: 39401 } } peers { permanent_uuid: "39273ba79fdb4d31abbb34278b8b1709" member_type: VOTER last_known_addr { host: "127.0.61.1" port: 40619 } } peers { permanent_uuid: "2f1f69d5d2dc4d7f8a6ffc7bcfb07c90" member_type: VOTER last_known_addr { host: "127.0.61.3" port: 45451 } }
I0916 07:55:41.959553 1094 catalog_manager.cc:4120] T e02eeaf40c1d4a299b70f4a8f1514e31 P bce8dbcd72a840bb8256dee0715b175f reported cstate change: term changed from 1 to 2, leader changed from 39273ba79fdb4d31abbb34278b8b1709 (127.0.61.1) to bce8dbcd72a840bb8256dee0715b175f (127.0.61.2). New cstate: current_term: 2 leader_uuid: "bce8dbcd72a840bb8256dee0715b175f" committed_config { opid_index: -1 OBSOLETE_local: false peers { permanent_uuid: "bce8dbcd72a840bb8256dee0715b175f" member_type: VOTER last_known_addr { host: "127.0.61.2" port: 39401 } health_report { overall_health: HEALTHY } } peers { permanent_uuid: "39273ba79fdb4d31abbb34278b8b1709" member_type: VOTER last_known_addr { host: "127.0.61.1" port: 40619 } health_report { overall_health: UNKNOWN } } peers { permanent_uuid: "2f1f69d5d2dc4d7f8a6ffc7bcfb07c90" member_type: VOTER last_known_addr { host: "127.0.61.3" port: 45451 } health_report { overall_health: UNKNOWN } } }
I0916 07:55:42.025528 1249 tablet_service.cc:1440] Received LeaderStepDown RPC: tablet_id: "6b5196040b094455ad661e9ab9e379c7" dest_uuid: "39273ba79fdb4d31abbb34278b8b1709" from {username='slave'} at 127.0.0.1:35102
I0916 07:55:42.026041 1249 raft_consensus.cc:569] T 6b5196040b094455ad661e9ab9e379c7 P 39273ba79fdb4d31abbb34278b8b1709 [term 1 LEADER]: Received request to step down
I0916 07:55:42.026337 1249 raft_consensus.cc:2885] T 6b5196040b094455ad661e9ab9e379c7 P 39273ba79fdb4d31abbb34278b8b1709 [term 1 LEADER]: Stepping down as leader of term 1
I0916 07:55:42.026530 1249 raft_consensus.cc:705] T 6b5196040b094455ad661e9ab9e379c7 P 39273ba79fdb4d31abbb34278b8b1709 [term 1 LEADER]: Becoming Follower/Learner. State: Replica: 39273ba79fdb4d31abbb34278b8b1709, State: Running, Role: LEADER
I0916 07:55:42.027160 1249 consensus_queue.cc:229] T 6b5196040b094455ad661e9ab9e379c7 P 39273ba79fdb4d31abbb34278b8b1709 [NON_LEADER]: Queue going to NON_LEADER mode. State: All replicated index: 0, Majority replicated index: 2, Committed index: 2, Last appended: 1.2, Last appended by leader: 2, Current term: 1, Majority size: -1, State: 0, Mode: NON_LEADER, active raft config: opid_index: -1 OBSOLETE_local: false peers { permanent_uuid: "39273ba79fdb4d31abbb34278b8b1709" member_type: VOTER last_known_addr { host: "127.0.61.1" port: 40619 } } peers { permanent_uuid: "2f1f69d5d2dc4d7f8a6ffc7bcfb07c90" member_type: VOTER last_known_addr { host: "127.0.61.3" port: 45451 } } peers { permanent_uuid: "bce8dbcd72a840bb8256dee0715b175f" member_type: VOTER last_known_addr { host: "127.0.61.2" port: 39401 } }
I0916 07:55:42.027992 1249 raft_consensus.cc:2890] T 6b5196040b094455ad661e9ab9e379c7 P 39273ba79fdb4d31abbb34278b8b1709 [term 1 FOLLOWER]: Advancing to term 2
I0916 07:55:42.077906 1390 raft_consensus.cc:1184] T e02eeaf40c1d4a299b70f4a8f1514e31 P 2f1f69d5d2dc4d7f8a6ffc7bcfb07c90 [term 2 FOLLOWER]: Refusing update from remote peer bce8dbcd72a840bb8256dee0715b175f: Log matching property violated. Preceding OpId in replica: term: 1 index: 2. Preceding OpId from leader: term: 2 index: 3. (index mismatch)
I0916 07:55:42.079187 1493 consensus_queue.cc:984] T e02eeaf40c1d4a299b70f4a8f1514e31 P bce8dbcd72a840bb8256dee0715b175f [LEADER]: Connected to new peer: Peer: permanent_uuid: "2f1f69d5d2dc4d7f8a6ffc7bcfb07c90" member_type: VOTER last_known_addr { host: "127.0.61.3" port: 45451 }, Status: LMP_MISMATCH, Last received: 0.0, Next index: 3, Last known committed idx: 2, Time since last communication: 0.000s
I0916 07:55:42.079663 1249 raft_consensus.cc:1184] T e02eeaf40c1d4a299b70f4a8f1514e31 P 39273ba79fdb4d31abbb34278b8b1709 [term 2 FOLLOWER]: Refusing update from remote peer bce8dbcd72a840bb8256dee0715b175f: Log matching property violated. Preceding OpId in replica: term: 1 index: 2. Preceding OpId from leader: term: 2 index: 3. (index mismatch)
I0916 07:55:42.080832 1493 consensus_queue.cc:984] T e02eeaf40c1d4a299b70f4a8f1514e31 P bce8dbcd72a840bb8256dee0715b175f [LEADER]: Connected to new peer: Peer: permanent_uuid: "39273ba79fdb4d31abbb34278b8b1709" member_type: VOTER last_known_addr { host: "127.0.61.1" port: 40619 }, Status: LMP_MISMATCH, Last received: 0.0, Next index: 3, Last known committed idx: 2, Time since last communication: 0.000s
I0916 07:55:42.194170 1518 raft_consensus.cc:472] T 6b5196040b094455ad661e9ab9e379c7 P 2f1f69d5d2dc4d7f8a6ffc7bcfb07c90 [term 1 FOLLOWER]: Starting pre-election (detected failure of leader 39273ba79fdb4d31abbb34278b8b1709)
I0916 07:55:42.194665 1518 raft_consensus.cc:494] T 6b5196040b094455ad661e9ab9e379c7 P 2f1f69d5d2dc4d7f8a6ffc7bcfb07c90 [term 1 FOLLOWER]: Starting pre-election with config: opid_index: -1 OBSOLETE_local: false peers { permanent_uuid: "39273ba79fdb4d31abbb34278b8b1709" member_type: VOTER last_known_addr { host: "127.0.61.1" port: 40619 } } peers { permanent_uuid: "2f1f69d5d2dc4d7f8a6ffc7bcfb07c90" member_type: VOTER last_known_addr { host: "127.0.61.3" port: 45451 } } peers { permanent_uuid: "bce8dbcd72a840bb8256dee0715b175f" member_type: VOTER last_known_addr { host: "127.0.61.2" port: 39401 } }
I0916 07:55:42.195981 1518 leader_election.cc:296] T 6b5196040b094455ad661e9ab9e379c7 P 2f1f69d5d2dc4d7f8a6ffc7bcfb07c90 [CANDIDATE]: Term 2 pre-election: Requested pre-vote from peers 39273ba79fdb4d31abbb34278b8b1709 (127.0.61.1:40619), bce8dbcd72a840bb8256dee0715b175f (127.0.61.2:39401)
I0916 07:55:42.197150 1321 tablet_service.cc:1295] Received RequestConsensusVote() RPC: tablet_id: "6b5196040b094455ad661e9ab9e379c7" candidate_uuid: "2f1f69d5d2dc4d7f8a6ffc7bcfb07c90" candidate_term: 2 candidate_status { last_received { term: 1 index: 2 } } ignore_live_leader: false dest_uuid: "bce8dbcd72a840bb8256dee0715b175f" is_pre_election: true
I0916 07:55:42.197074 1249 tablet_service.cc:1295] Received RequestConsensusVote() RPC: tablet_id: "6b5196040b094455ad661e9ab9e379c7" candidate_uuid: "2f1f69d5d2dc4d7f8a6ffc7bcfb07c90" candidate_term: 2 candidate_status { last_received { term: 1 index: 2 } } ignore_live_leader: false dest_uuid: "39273ba79fdb4d31abbb34278b8b1709" is_pre_election: true
I0916 07:55:42.197906 1321 raft_consensus.cc:2311] T 6b5196040b094455ad661e9ab9e379c7 P bce8dbcd72a840bb8256dee0715b175f [term 1 FOLLOWER]: Leader pre-election vote request: Denying vote to candidate 2f1f69d5d2dc4d7f8a6ffc7bcfb07c90 for term 2 because replica is either leader or believes a valid leader to be alive.
I0916 07:55:42.198000 1249 raft_consensus.cc:2350] T 6b5196040b094455ad661e9ab9e379c7 P 39273ba79fdb4d31abbb34278b8b1709 [term 2 FOLLOWER]: Leader pre-election vote request: Granting yes vote for candidate 2f1f69d5d2dc4d7f8a6ffc7bcfb07c90 in term 2.
I0916 07:55:42.198935 1354 leader_election.cc:310] T 6b5196040b094455ad661e9ab9e379c7 P 2f1f69d5d2dc4d7f8a6ffc7bcfb07c90 [CANDIDATE]: Term 2 pre-election: Election decided. Result: candidate won. Election summary: received 2 responses out of 3 voters: 2 yes votes; 0 no votes. yes voters: 2f1f69d5d2dc4d7f8a6ffc7bcfb07c90, 39273ba79fdb4d31abbb34278b8b1709; no voters:
I0916 07:55:42.199692 1518 raft_consensus.cc:2644] T 6b5196040b094455ad661e9ab9e379c7 P 2f1f69d5d2dc4d7f8a6ffc7bcfb07c90 [term 1 FOLLOWER]: Leader pre-election won for term 2
I0916 07:55:42.199970 1518 raft_consensus.cc:472] T 6b5196040b094455ad661e9ab9e379c7 P 2f1f69d5d2dc4d7f8a6ffc7bcfb07c90 [term 1 FOLLOWER]: Starting leader election (detected failure of leader 39273ba79fdb4d31abbb34278b8b1709)
I0916 07:55:42.200171 1518 raft_consensus.cc:2890] T 6b5196040b094455ad661e9ab9e379c7 P 2f1f69d5d2dc4d7f8a6ffc7bcfb07c90 [term 1 FOLLOWER]: Advancing to term 2
I0916 07:55:42.208248 1518 raft_consensus.cc:494] T 6b5196040b094455ad661e9ab9e379c7 P 2f1f69d5d2dc4d7f8a6ffc7bcfb07c90 [term 2 FOLLOWER]: Starting leader election with config: opid_index: -1 OBSOLETE_local: false peers { permanent_uuid: "39273ba79fdb4d31abbb34278b8b1709" member_type: VOTER last_known_addr { host: "127.0.61.1" port: 40619 } } peers { permanent_uuid: "2f1f69d5d2dc4d7f8a6ffc7bcfb07c90" member_type: VOTER last_known_addr { host: "127.0.61.3" port: 45451 } } peers { permanent_uuid: "bce8dbcd72a840bb8256dee0715b175f" member_type: VOTER last_known_addr { host: "127.0.61.2" port: 39401 } }
I0916 07:55:42.209599 1518 leader_election.cc:296] T 6b5196040b094455ad661e9ab9e379c7 P 2f1f69d5d2dc4d7f8a6ffc7bcfb07c90 [CANDIDATE]: Term 2 election: Requested vote from peers 39273ba79fdb4d31abbb34278b8b1709 (127.0.61.1:40619), bce8dbcd72a840bb8256dee0715b175f (127.0.61.2:39401)
I0916 07:55:42.210201 1249 tablet_service.cc:1295] Received RequestConsensusVote() RPC: tablet_id: "6b5196040b094455ad661e9ab9e379c7" candidate_uuid: "2f1f69d5d2dc4d7f8a6ffc7bcfb07c90" candidate_term: 2 candidate_status { last_received { term: 1 index: 2 } } ignore_live_leader: false dest_uuid: "39273ba79fdb4d31abbb34278b8b1709"
I0916 07:55:42.210465 1321 tablet_service.cc:1295] Received RequestConsensusVote() RPC: tablet_id: "6b5196040b094455ad661e9ab9e379c7" candidate_uuid: "2f1f69d5d2dc4d7f8a6ffc7bcfb07c90" candidate_term: 2 candidate_status { last_received { term: 1 index: 2 } } ignore_live_leader: false dest_uuid: "bce8dbcd72a840bb8256dee0715b175f"
I0916 07:55:42.211108 1321 raft_consensus.cc:2311] T 6b5196040b094455ad661e9ab9e379c7 P bce8dbcd72a840bb8256dee0715b175f [term 1 FOLLOWER]: Leader election vote request: Denying vote to candidate 2f1f69d5d2dc4d7f8a6ffc7bcfb07c90 for term 2 because replica is either leader or believes a valid leader to be alive.
I0916 07:55:42.214598 1249 raft_consensus.cc:2350] T 6b5196040b094455ad661e9ab9e379c7 P 39273ba79fdb4d31abbb34278b8b1709 [term 2 FOLLOWER]: Leader election vote request: Granting yes vote for candidate 2f1f69d5d2dc4d7f8a6ffc7bcfb07c90 in term 2.
I0916 07:55:42.215445 1354 leader_election.cc:310] T 6b5196040b094455ad661e9ab9e379c7 P 2f1f69d5d2dc4d7f8a6ffc7bcfb07c90 [CANDIDATE]: Term 2 election: Election decided. Result: candidate won. Election summary: received 3 responses out of 3 voters: 2 yes votes; 1 no votes. yes voters: 2f1f69d5d2dc4d7f8a6ffc7bcfb07c90, 39273ba79fdb4d31abbb34278b8b1709; no voters: bce8dbcd72a840bb8256dee0715b175f
I0916 07:55:42.216490 1518 raft_consensus.cc:2644] T 6b5196040b094455ad661e9ab9e379c7 P 2f1f69d5d2dc4d7f8a6ffc7bcfb07c90 [term 2 FOLLOWER]: Leader election won for term 2
I0916 07:55:42.218365 1518 raft_consensus.cc:667] T 6b5196040b094455ad661e9ab9e379c7 P 2f1f69d5d2dc4d7f8a6ffc7bcfb07c90 [term 2 LEADER]: Becoming Leader. State: Replica: 2f1f69d5d2dc4d7f8a6ffc7bcfb07c90, State: Running, Role: LEADER
I0916 07:55:42.219069 1518 consensus_queue.cc:206] T 6b5196040b094455ad661e9ab9e379c7 P 2f1f69d5d2dc4d7f8a6ffc7bcfb07c90 [LEADER]: Queue going to LEADER mode. State: All replicated index: 0, Majority replicated index: 2, Committed index: 2, Last appended: 1.2, Last appended by leader: 2, Current term: 2, Majority size: 2, State: 0, Mode: LEADER, active raft config: opid_index: -1 OBSOLETE_local: false peers { permanent_uuid: "39273ba79fdb4d31abbb34278b8b1709" member_type: VOTER last_known_addr { host: "127.0.61.1" port: 40619 } } peers { permanent_uuid: "2f1f69d5d2dc4d7f8a6ffc7bcfb07c90" member_type: VOTER last_known_addr { host: "127.0.61.3" port: 45451 } } peers { permanent_uuid: "bce8dbcd72a840bb8256dee0715b175f" member_type: VOTER last_known_addr { host: "127.0.61.2" port: 39401 } }
I0916 07:55:42.225351 1094 catalog_manager.cc:4120] T 6b5196040b094455ad661e9ab9e379c7 P 2f1f69d5d2dc4d7f8a6ffc7bcfb07c90 reported cstate change: term changed from 1 to 2, leader changed from 39273ba79fdb4d31abbb34278b8b1709 (127.0.61.1) to 2f1f69d5d2dc4d7f8a6ffc7bcfb07c90 (127.0.61.3). New cstate: current_term: 2 leader_uuid: "2f1f69d5d2dc4d7f8a6ffc7bcfb07c90" committed_config { opid_index: -1 OBSOLETE_local: false peers { permanent_uuid: "39273ba79fdb4d31abbb34278b8b1709" member_type: VOTER last_known_addr { host: "127.0.61.1" port: 40619 } health_report { overall_health: UNKNOWN } } peers { permanent_uuid: "2f1f69d5d2dc4d7f8a6ffc7bcfb07c90" member_type: VOTER last_known_addr { host: "127.0.61.3" port: 45451 } health_report { overall_health: HEALTHY } } peers { permanent_uuid: "bce8dbcd72a840bb8256dee0715b175f" member_type: VOTER last_known_addr { host: "127.0.61.2" port: 39401 } health_report { overall_health: UNKNOWN } } }
I0916 07:55:42.228448 1519 raft_consensus.cc:472] T 6b5196040b094455ad661e9ab9e379c7 P bce8dbcd72a840bb8256dee0715b175f [term 1 FOLLOWER]: Starting pre-election (detected failure of leader 39273ba79fdb4d31abbb34278b8b1709)
I0916 07:55:42.228976 1519 raft_consensus.cc:494] T 6b5196040b094455ad661e9ab9e379c7 P bce8dbcd72a840bb8256dee0715b175f [term 1 FOLLOWER]: Starting pre-election with config: opid_index: -1 OBSOLETE_local: false peers { permanent_uuid: "39273ba79fdb4d31abbb34278b8b1709" member_type: VOTER last_known_addr { host: "127.0.61.1" port: 40619 } } peers { permanent_uuid: "2f1f69d5d2dc4d7f8a6ffc7bcfb07c90" member_type: VOTER last_known_addr { host: "127.0.61.3" port: 45451 } } peers { permanent_uuid: "bce8dbcd72a840bb8256dee0715b175f" member_type: VOTER last_known_addr { host: "127.0.61.2" port: 39401 } }
I0916 07:55:42.240803 1519 leader_election.cc:296] T 6b5196040b094455ad661e9ab9e379c7 P bce8dbcd72a840bb8256dee0715b175f [CANDIDATE]: Term 2 pre-election: Requested pre-vote from peers 39273ba79fdb4d31abbb34278b8b1709 (127.0.61.1:40619), 2f1f69d5d2dc4d7f8a6ffc7bcfb07c90 (127.0.61.3:45451)
I0916 07:55:42.245553 1250 tablet_service.cc:1295] Received RequestConsensusVote() RPC: tablet_id: "6b5196040b094455ad661e9ab9e379c7" candidate_uuid: "bce8dbcd72a840bb8256dee0715b175f" candidate_term: 2 candidate_status { last_received { term: 1 index: 2 } } ignore_live_leader: false dest_uuid: "39273ba79fdb4d31abbb34278b8b1709" is_pre_election: true
I0916 07:55:42.246399 1250 raft_consensus.cc:2280] T 6b5196040b094455ad661e9ab9e379c7 P 39273ba79fdb4d31abbb34278b8b1709 [term 2 FOLLOWER]: Leader pre-election vote request: Denying vote to candidate bce8dbcd72a840bb8256dee0715b175f in current term 2: Already voted for candidate 2f1f69d5d2dc4d7f8a6ffc7bcfb07c90 in this term.
I0916 07:55:42.249402 1390 tablet_service.cc:1295] Received RequestConsensusVote() RPC: tablet_id: "6b5196040b094455ad661e9ab9e379c7" candidate_uuid: "bce8dbcd72a840bb8256dee0715b175f" candidate_term: 2 candidate_status { last_received { term: 1 index: 2 } } ignore_live_leader: false dest_uuid: "2f1f69d5d2dc4d7f8a6ffc7bcfb07c90" is_pre_election: true
I0916 07:55:42.250114 1390 raft_consensus.cc:2311] T 6b5196040b094455ad661e9ab9e379c7 P 2f1f69d5d2dc4d7f8a6ffc7bcfb07c90 [term 2 LEADER]: Leader pre-election vote request: Denying vote to candidate bce8dbcd72a840bb8256dee0715b175f for term 2 because replica is either leader or believes a valid leader to be alive.
I0916 07:55:42.251207 1285 leader_election.cc:310] T 6b5196040b094455ad661e9ab9e379c7 P bce8dbcd72a840bb8256dee0715b175f [CANDIDATE]: Term 2 pre-election: Election decided. Result: candidate lost. Election summary: received 3 responses out of 3 voters: 1 yes votes; 2 no votes. yes voters: bce8dbcd72a840bb8256dee0715b175f; no voters: 2f1f69d5d2dc4d7f8a6ffc7bcfb07c90, 39273ba79fdb4d31abbb34278b8b1709
I0916 07:55:42.253667 1519 raft_consensus.cc:2890] T 6b5196040b094455ad661e9ab9e379c7 P bce8dbcd72a840bb8256dee0715b175f [term 1 FOLLOWER]: Advancing to term 2
I0916 07:55:42.259922 1519 raft_consensus.cc:2592] T 6b5196040b094455ad661e9ab9e379c7 P bce8dbcd72a840bb8256dee0715b175f [term 2 FOLLOWER]: Leader pre-election lost for term 2. Reason: could not achieve majority
I0916 07:55:42.261698 1321 tablet_service.cc:1440] Received LeaderStepDown RPC: tablet_id: "e02eeaf40c1d4a299b70f4a8f1514e31" dest_uuid: "bce8dbcd72a840bb8256dee0715b175f" from {username='slave'} at 127.0.0.1:39830
I0916 07:55:42.262085 1321 raft_consensus.cc:569] T e02eeaf40c1d4a299b70f4a8f1514e31 P bce8dbcd72a840bb8256dee0715b175f [term 2 LEADER]: Received request to step down
I0916 07:55:42.262243 1321 raft_consensus.cc:2885] T e02eeaf40c1d4a299b70f4a8f1514e31 P bce8dbcd72a840bb8256dee0715b175f [term 2 LEADER]: Stepping down as leader of term 2
I0916 07:55:42.262387 1321 raft_consensus.cc:705] T e02eeaf40c1d4a299b70f4a8f1514e31 P bce8dbcd72a840bb8256dee0715b175f [term 2 LEADER]: Becoming Follower/Learner. State: Replica: bce8dbcd72a840bb8256dee0715b175f, State: Running, Role: LEADER
I0916 07:55:42.262826 1321 consensus_queue.cc:229] T e02eeaf40c1d4a299b70f4a8f1514e31 P bce8dbcd72a840bb8256dee0715b175f [NON_LEADER]: Queue going to NON_LEADER mode. State: All replicated index: 0, Majority replicated index: 3, Committed index: 3, Last appended: 2.3, Last appended by leader: 3, Current term: 2, Majority size: -1, State: 0, Mode: NON_LEADER, active raft config: opid_index: -1 OBSOLETE_local: false peers { permanent_uuid: "bce8dbcd72a840bb8256dee0715b175f" member_type: VOTER last_known_addr { host: "127.0.61.2" port: 39401 } } peers { permanent_uuid: "39273ba79fdb4d31abbb34278b8b1709" member_type: VOTER last_known_addr { host: "127.0.61.1" port: 40619 } } peers { permanent_uuid: "2f1f69d5d2dc4d7f8a6ffc7bcfb07c90" member_type: VOTER last_known_addr { host: "127.0.61.3" port: 45451 } }
I0916 07:55:42.263597 1321 raft_consensus.cc:2890] T e02eeaf40c1d4a299b70f4a8f1514e31 P bce8dbcd72a840bb8256dee0715b175f [term 2 FOLLOWER]: Advancing to term 3
I0916 07:55:42.305191 1321 raft_consensus.cc:1184] T 6b5196040b094455ad661e9ab9e379c7 P bce8dbcd72a840bb8256dee0715b175f [term 2 FOLLOWER]: Refusing update from remote peer 2f1f69d5d2dc4d7f8a6ffc7bcfb07c90: Log matching property violated. Preceding OpId in replica: term: 1 index: 2. Preceding OpId from leader: term: 2 index: 3. (index mismatch)
I0916 07:55:42.306449 1518 consensus_queue.cc:984] T 6b5196040b094455ad661e9ab9e379c7 P 2f1f69d5d2dc4d7f8a6ffc7bcfb07c90 [LEADER]: Connected to new peer: Peer: permanent_uuid: "bce8dbcd72a840bb8256dee0715b175f" member_type: VOTER last_known_addr { host: "127.0.61.2" port: 39401 }, Status: LMP_MISMATCH, Last received: 0.0, Next index: 3, Last known committed idx: 2, Time since last communication: 0.000s
I0916 07:55:42.306735 1249 raft_consensus.cc:1184] T 6b5196040b094455ad661e9ab9e379c7 P 39273ba79fdb4d31abbb34278b8b1709 [term 2 FOLLOWER]: Refusing update from remote peer 2f1f69d5d2dc4d7f8a6ffc7bcfb07c90: Log matching property violated. Preceding OpId in replica: term: 1 index: 2. Preceding OpId from leader: term: 2 index: 3. (index mismatch)
I0916 07:55:42.307871 1518 consensus_queue.cc:984] T 6b5196040b094455ad661e9ab9e379c7 P 2f1f69d5d2dc4d7f8a6ffc7bcfb07c90 [LEADER]: Connected to new peer: Peer: permanent_uuid: "39273ba79fdb4d31abbb34278b8b1709" member_type: VOTER last_known_addr { host: "127.0.61.1" port: 40619 }, Status: LMP_MISMATCH, Last received: 0.0, Next index: 3, Last known committed idx: 2, Time since last communication: 0.000s
I0916 07:55:42.419160 1450 raft_consensus.cc:472] T e02eeaf40c1d4a299b70f4a8f1514e31 P 39273ba79fdb4d31abbb34278b8b1709 [term 2 FOLLOWER]: Starting pre-election (detected failure of leader bce8dbcd72a840bb8256dee0715b175f)
I0916 07:55:42.419315 1518 raft_consensus.cc:472] T e02eeaf40c1d4a299b70f4a8f1514e31 P 2f1f69d5d2dc4d7f8a6ffc7bcfb07c90 [term 2 FOLLOWER]: Starting pre-election (detected failure of leader bce8dbcd72a840bb8256dee0715b175f)
I0916 07:55:42.419639 1450 raft_consensus.cc:494] T e02eeaf40c1d4a299b70f4a8f1514e31 P 39273ba79fdb4d31abbb34278b8b1709 [term 2 FOLLOWER]: Starting pre-election with config: opid_index: -1 OBSOLETE_local: false peers { permanent_uuid: "bce8dbcd72a840bb8256dee0715b175f" member_type: VOTER last_known_addr { host: "127.0.61.2" port: 39401 } } peers { permanent_uuid: "39273ba79fdb4d31abbb34278b8b1709" member_type: VOTER last_known_addr { host: "127.0.61.1" port: 40619 } } peers { permanent_uuid: "2f1f69d5d2dc4d7f8a6ffc7bcfb07c90" member_type: VOTER last_known_addr { host: "127.0.61.3" port: 45451 } }
I0916 07:55:42.419749 1518 raft_consensus.cc:494] T e02eeaf40c1d4a299b70f4a8f1514e31 P 2f1f69d5d2dc4d7f8a6ffc7bcfb07c90 [term 2 FOLLOWER]: Starting pre-election with config: opid_index: -1 OBSOLETE_local: false peers { permanent_uuid: "bce8dbcd72a840bb8256dee0715b175f" member_type: VOTER last_known_addr { host: "127.0.61.2" port: 39401 } } peers { permanent_uuid: "39273ba79fdb4d31abbb34278b8b1709" member_type: VOTER last_known_addr { host: "127.0.61.1" port: 40619 } } peers { permanent_uuid: "2f1f69d5d2dc4d7f8a6ffc7bcfb07c90" member_type: VOTER last_known_addr { host: "127.0.61.3" port: 45451 } }
I0916 07:55:42.421093 1518 leader_election.cc:296] T e02eeaf40c1d4a299b70f4a8f1514e31 P 2f1f69d5d2dc4d7f8a6ffc7bcfb07c90 [CANDIDATE]: Term 3 pre-election: Requested pre-vote from peers bce8dbcd72a840bb8256dee0715b175f (127.0.61.2:39401), 39273ba79fdb4d31abbb34278b8b1709 (127.0.61.1:40619)
I0916 07:55:42.421149 1450 leader_election.cc:296] T e02eeaf40c1d4a299b70f4a8f1514e31 P 39273ba79fdb4d31abbb34278b8b1709 [CANDIDATE]: Term 3 pre-election: Requested pre-vote from peers bce8dbcd72a840bb8256dee0715b175f (127.0.61.2:39401), 2f1f69d5d2dc4d7f8a6ffc7bcfb07c90 (127.0.61.3:45451)
I0916 07:55:42.422137 1321 tablet_service.cc:1295] Received RequestConsensusVote() RPC: tablet_id: "e02eeaf40c1d4a299b70f4a8f1514e31" candidate_uuid: "2f1f69d5d2dc4d7f8a6ffc7bcfb07c90" candidate_term: 3 candidate_status { last_received { term: 2 index: 3 } } ignore_live_leader: false dest_uuid: "bce8dbcd72a840bb8256dee0715b175f" is_pre_election: true
I0916 07:55:42.422291 1320 tablet_service.cc:1295] Received RequestConsensusVote() RPC: tablet_id: "e02eeaf40c1d4a299b70f4a8f1514e31" candidate_uuid: "39273ba79fdb4d31abbb34278b8b1709" candidate_term: 3 candidate_status { last_received { term: 2 index: 3 } } ignore_live_leader: false dest_uuid: "bce8dbcd72a840bb8256dee0715b175f" is_pre_election: true
I0916 07:55:42.422325 1390 tablet_service.cc:1295] Received RequestConsensusVote() RPC: tablet_id: "e02eeaf40c1d4a299b70f4a8f1514e31" candidate_uuid: "39273ba79fdb4d31abbb34278b8b1709" candidate_term: 3 candidate_status { last_received { term: 2 index: 3 } } ignore_live_leader: false dest_uuid: "2f1f69d5d2dc4d7f8a6ffc7bcfb07c90" is_pre_election: true
I0916 07:55:42.422793 1321 raft_consensus.cc:2350] T e02eeaf40c1d4a299b70f4a8f1514e31 P bce8dbcd72a840bb8256dee0715b175f [term 3 FOLLOWER]: Leader pre-election vote request: Granting yes vote for candidate 2f1f69d5d2dc4d7f8a6ffc7bcfb07c90 in term 3.
I0916 07:55:42.423074 1390 raft_consensus.cc:2350] T e02eeaf40c1d4a299b70f4a8f1514e31 P 2f1f69d5d2dc4d7f8a6ffc7bcfb07c90 [term 2 FOLLOWER]: Leader pre-election vote request: Granting yes vote for candidate 39273ba79fdb4d31abbb34278b8b1709 in term 2.
I0916 07:55:42.423498 1320 raft_consensus.cc:2325] T e02eeaf40c1d4a299b70f4a8f1514e31 P bce8dbcd72a840bb8256dee0715b175f [term 3 FOLLOWER]: Leader pre-election vote request: Denying vote to candidate 39273ba79fdb4d31abbb34278b8b1709 for term 3 because replica is already servicing an update from a current leader or another vote.
I0916 07:55:42.424021 1353 leader_election.cc:310] T e02eeaf40c1d4a299b70f4a8f1514e31 P 2f1f69d5d2dc4d7f8a6ffc7bcfb07c90 [CANDIDATE]: Term 3 pre-election: Election decided. Result: candidate won. Election summary: received 2 responses out of 3 voters: 2 yes votes; 0 no votes. yes voters: 2f1f69d5d2dc4d7f8a6ffc7bcfb07c90, bce8dbcd72a840bb8256dee0715b175f; no voters:
I0916 07:55:42.424300 1205 leader_election.cc:310] T e02eeaf40c1d4a299b70f4a8f1514e31 P 39273ba79fdb4d31abbb34278b8b1709 [CANDIDATE]: Term 3 pre-election: Election decided. Result: candidate won. Election summary: received 2 responses out of 3 voters: 2 yes votes; 0 no votes. yes voters: 2f1f69d5d2dc4d7f8a6ffc7bcfb07c90, 39273ba79fdb4d31abbb34278b8b1709; no voters:
I0916 07:55:42.424984 1518 raft_consensus.cc:2644] T e02eeaf40c1d4a299b70f4a8f1514e31 P 2f1f69d5d2dc4d7f8a6ffc7bcfb07c90 [term 2 FOLLOWER]: Leader pre-election won for term 3
I0916 07:55:42.424811 1250 tablet_service.cc:1295] Received RequestConsensusVote() RPC: tablet_id: "e02eeaf40c1d4a299b70f4a8f1514e31" candidate_uuid: "2f1f69d5d2dc4d7f8a6ffc7bcfb07c90" candidate_term: 3 candidate_status { last_received { term: 2 index: 3 } } ignore_live_leader: false dest_uuid: "39273ba79fdb4d31abbb34278b8b1709" is_pre_election: true
I0916 07:55:42.425323 1450 raft_consensus.cc:2644] T e02eeaf40c1d4a299b70f4a8f1514e31 P 39273ba79fdb4d31abbb34278b8b1709 [term 2 FOLLOWER]: Leader pre-election won for term 3
I0916 07:55:42.425575 1518 raft_consensus.cc:472] T e02eeaf40c1d4a299b70f4a8f1514e31 P 2f1f69d5d2dc4d7f8a6ffc7bcfb07c90 [term 2 FOLLOWER]: Starting leader election (detected failure of leader bce8dbcd72a840bb8256dee0715b175f)
I0916 07:55:42.425700 1450 raft_consensus.cc:472] T e02eeaf40c1d4a299b70f4a8f1514e31 P 39273ba79fdb4d31abbb34278b8b1709 [term 2 FOLLOWER]: Starting leader election (detected failure of leader bce8dbcd72a840bb8256dee0715b175f)
I0916 07:55:42.426069 1450 raft_consensus.cc:2890] T e02eeaf40c1d4a299b70f4a8f1514e31 P 39273ba79fdb4d31abbb34278b8b1709 [term 2 FOLLOWER]: Advancing to term 3
I0916 07:55:42.427000 1518 raft_consensus.cc:2890] T e02eeaf40c1d4a299b70f4a8f1514e31 P 2f1f69d5d2dc4d7f8a6ffc7bcfb07c90 [term 2 FOLLOWER]: Advancing to term 3
I0916 07:55:42.434499 1450 raft_consensus.cc:494] T e02eeaf40c1d4a299b70f4a8f1514e31 P 39273ba79fdb4d31abbb34278b8b1709 [term 3 FOLLOWER]: Starting leader election with config: opid_index: -1 OBSOLETE_local: false peers { permanent_uuid: "bce8dbcd72a840bb8256dee0715b175f" member_type: VOTER last_known_addr { host: "127.0.61.2" port: 39401 } } peers { permanent_uuid: "39273ba79fdb4d31abbb34278b8b1709" member_type: VOTER last_known_addr { host: "127.0.61.1" port: 40619 } } peers { permanent_uuid: "2f1f69d5d2dc4d7f8a6ffc7bcfb07c90" member_type: VOTER last_known_addr { host: "127.0.61.3" port: 45451 } }
I0916 07:55:42.436655 1250 raft_consensus.cc:2280] T e02eeaf40c1d4a299b70f4a8f1514e31 P 39273ba79fdb4d31abbb34278b8b1709 [term 3 FOLLOWER]: Leader pre-election vote request: Denying vote to candidate 2f1f69d5d2dc4d7f8a6ffc7bcfb07c90 in current term 3: Already voted for candidate 39273ba79fdb4d31abbb34278b8b1709 in this term.
I0916 07:55:42.438963 1450 leader_election.cc:296] T e02eeaf40c1d4a299b70f4a8f1514e31 P 39273ba79fdb4d31abbb34278b8b1709 [CANDIDATE]: Term 3 election: Requested vote from peers bce8dbcd72a840bb8256dee0715b175f (127.0.61.2:39401), 2f1f69d5d2dc4d7f8a6ffc7bcfb07c90 (127.0.61.3:45451)
I0916 07:55:42.439075 1518 raft_consensus.cc:494] T e02eeaf40c1d4a299b70f4a8f1514e31 P 2f1f69d5d2dc4d7f8a6ffc7bcfb07c90 [term 3 FOLLOWER]: Starting leader election with config: opid_index: -1 OBSOLETE_local: false peers { permanent_uuid: "bce8dbcd72a840bb8256dee0715b175f" member_type: VOTER last_known_addr { host: "127.0.61.2" port: 39401 } } peers { permanent_uuid: "39273ba79fdb4d31abbb34278b8b1709" member_type: VOTER last_known_addr { host: "127.0.61.1" port: 40619 } } peers { permanent_uuid: "2f1f69d5d2dc4d7f8a6ffc7bcfb07c90" member_type: VOTER last_known_addr { host: "127.0.61.3" port: 45451 } }
I0916 07:55:42.439477 1390 tablet_service.cc:1295] Received RequestConsensusVote() RPC: tablet_id: "e02eeaf40c1d4a299b70f4a8f1514e31" candidate_uuid: "39273ba79fdb4d31abbb34278b8b1709" candidate_term: 3 candidate_status { last_received { term: 2 index: 3 } } ignore_live_leader: false dest_uuid: "2f1f69d5d2dc4d7f8a6ffc7bcfb07c90"
I0916 07:55:42.439991 1320 tablet_service.cc:1295] Received RequestConsensusVote() RPC: tablet_id: "e02eeaf40c1d4a299b70f4a8f1514e31" candidate_uuid: "39273ba79fdb4d31abbb34278b8b1709" candidate_term: 3 candidate_status { last_received { term: 2 index: 3 } } ignore_live_leader: false dest_uuid: "bce8dbcd72a840bb8256dee0715b175f"
I0916 07:55:42.440498 1390 raft_consensus.cc:2280] T e02eeaf40c1d4a299b70f4a8f1514e31 P 2f1f69d5d2dc4d7f8a6ffc7bcfb07c90 [term 3 FOLLOWER]: Leader election vote request: Denying vote to candidate 39273ba79fdb4d31abbb34278b8b1709 in current term 3: Already voted for candidate 2f1f69d5d2dc4d7f8a6ffc7bcfb07c90 in this term.
I0916 07:55:42.441553 1518 leader_election.cc:296] T e02eeaf40c1d4a299b70f4a8f1514e31 P 2f1f69d5d2dc4d7f8a6ffc7bcfb07c90 [CANDIDATE]: Term 3 election: Requested vote from peers bce8dbcd72a840bb8256dee0715b175f (127.0.61.2:39401), 39273ba79fdb4d31abbb34278b8b1709 (127.0.61.1:40619)
I0916 07:55:42.441474 1321 tablet_service.cc:1295] Received RequestConsensusVote() RPC: tablet_id: "e02eeaf40c1d4a299b70f4a8f1514e31" candidate_uuid: "2f1f69d5d2dc4d7f8a6ffc7bcfb07c90" candidate_term: 3 candidate_status { last_received { term: 2 index: 3 } } ignore_live_leader: false dest_uuid: "bce8dbcd72a840bb8256dee0715b175f"
I0916 07:55:42.442368 1250 tablet_service.cc:1295] Received RequestConsensusVote() RPC: tablet_id: "e02eeaf40c1d4a299b70f4a8f1514e31" candidate_uuid: "2f1f69d5d2dc4d7f8a6ffc7bcfb07c90" candidate_term: 3 candidate_status { last_received { term: 2 index: 3 } } ignore_live_leader: false dest_uuid: "39273ba79fdb4d31abbb34278b8b1709"
I0916 07:55:42.442837 1250 raft_consensus.cc:2280] T e02eeaf40c1d4a299b70f4a8f1514e31 P 39273ba79fdb4d31abbb34278b8b1709 [term 3 FOLLOWER]: Leader election vote request: Denying vote to candidate 2f1f69d5d2dc4d7f8a6ffc7bcfb07c90 in current term 3: Already voted for candidate 39273ba79fdb4d31abbb34278b8b1709 in this term.
I0916 07:55:42.444612 1320 raft_consensus.cc:2350] T e02eeaf40c1d4a299b70f4a8f1514e31 P bce8dbcd72a840bb8256dee0715b175f [term 3 FOLLOWER]: Leader election vote request: Granting yes vote for candidate 39273ba79fdb4d31abbb34278b8b1709 in term 3.
I0916 07:55:42.445087 1321 raft_consensus.cc:2325] T e02eeaf40c1d4a299b70f4a8f1514e31 P bce8dbcd72a840bb8256dee0715b175f [term 3 FOLLOWER]: Leader election vote request: Denying vote to candidate 2f1f69d5d2dc4d7f8a6ffc7bcfb07c90 for term 3 because replica is already servicing an update from a current leader or another vote.
I0916 07:55:42.445549 1202 leader_election.cc:310] T e02eeaf40c1d4a299b70f4a8f1514e31 P 39273ba79fdb4d31abbb34278b8b1709 [CANDIDATE]: Term 3 election: Election decided. Result: candidate won. Election summary: received 3 responses out of 3 voters: 2 yes votes; 1 no votes. yes voters: 39273ba79fdb4d31abbb34278b8b1709, bce8dbcd72a840bb8256dee0715b175f; no voters: 2f1f69d5d2dc4d7f8a6ffc7bcfb07c90
I0916 07:55:42.446270 1450 raft_consensus.cc:2644] T e02eeaf40c1d4a299b70f4a8f1514e31 P 39273ba79fdb4d31abbb34278b8b1709 [term 3 FOLLOWER]: Leader election won for term 3
I0916 07:55:42.446483 1353 leader_election.cc:310] T e02eeaf40c1d4a299b70f4a8f1514e31 P 2f1f69d5d2dc4d7f8a6ffc7bcfb07c90 [CANDIDATE]: Term 3 election: Election decided. Result: candidate lost. Election summary: received 3 responses out of 3 voters: 1 yes votes; 2 no votes. yes voters: 2f1f69d5d2dc4d7f8a6ffc7bcfb07c90; no voters: 39273ba79fdb4d31abbb34278b8b1709, bce8dbcd72a840bb8256dee0715b175f
I0916 07:55:42.447084 1518 raft_consensus.cc:2592] T e02eeaf40c1d4a299b70f4a8f1514e31 P 2f1f69d5d2dc4d7f8a6ffc7bcfb07c90 [term 3 FOLLOWER]: Leader election lost for term 3. Reason: could not achieve majority
I0916 07:55:42.447342 1450 raft_consensus.cc:667] T e02eeaf40c1d4a299b70f4a8f1514e31 P 39273ba79fdb4d31abbb34278b8b1709 [term 3 LEADER]: Becoming Leader. State: Replica: 39273ba79fdb4d31abbb34278b8b1709, State: Running, Role: LEADER
I0916 07:55:42.447935 1450 consensus_queue.cc:206] T e02eeaf40c1d4a299b70f4a8f1514e31 P 39273ba79fdb4d31abbb34278b8b1709 [LEADER]: Queue going to LEADER mode. State: All replicated index: 0, Majority replicated index: 3, Committed index: 3, Last appended: 2.3, Last appended by leader: 3, Current term: 3, Majority size: 2, State: 0, Mode: LEADER, active raft config: opid_index: -1 OBSOLETE_local: false peers { permanent_uuid: "bce8dbcd72a840bb8256dee0715b175f" member_type: VOTER last_known_addr { host: "127.0.61.2" port: 39401 } } peers { permanent_uuid: "39273ba79fdb4d31abbb34278b8b1709" member_type: VOTER last_known_addr { host: "127.0.61.1" port: 40619 } } peers { permanent_uuid: "2f1f69d5d2dc4d7f8a6ffc7bcfb07c90" member_type: VOTER last_known_addr { host: "127.0.61.3" port: 45451 } }
I0916 07:55:42.452054 1090 catalog_manager.cc:4120] T e02eeaf40c1d4a299b70f4a8f1514e31 P 39273ba79fdb4d31abbb34278b8b1709 reported cstate change: term changed from 2 to 3, leader changed from bce8dbcd72a840bb8256dee0715b175f (127.0.61.2) to 39273ba79fdb4d31abbb34278b8b1709 (127.0.61.1). New cstate: current_term: 3 leader_uuid: "39273ba79fdb4d31abbb34278b8b1709" committed_config { opid_index: -1 OBSOLETE_local: false peers { permanent_uuid: "bce8dbcd72a840bb8256dee0715b175f" member_type: VOTER last_known_addr { host: "127.0.61.2" port: 39401 } health_report { overall_health: UNKNOWN } } peers { permanent_uuid: "39273ba79fdb4d31abbb34278b8b1709" member_type: VOTER last_known_addr { host: "127.0.61.1" port: 40619 } health_report { overall_health: HEALTHY } } peers { permanent_uuid: "2f1f69d5d2dc4d7f8a6ffc7bcfb07c90" member_type: VOTER last_known_addr { host: "127.0.61.3" port: 45451 } health_report { overall_health: UNKNOWN } } }
I0916 07:55:42.471695 1321 tablet_service.cc:1440] Received LeaderStepDown RPC: tablet_id: "e5cce06208f44e4fa384db94c0b624ae" dest_uuid: "bce8dbcd72a840bb8256dee0715b175f" from {username='slave'} at 127.0.0.1:39830
I0916 07:55:42.472889 1321 raft_consensus.cc:569] T e5cce06208f44e4fa384db94c0b624ae P bce8dbcd72a840bb8256dee0715b175f [term 1 LEADER]: Received request to step down
I0916 07:55:42.473273 1321 raft_consensus.cc:2885] T e5cce06208f44e4fa384db94c0b624ae P bce8dbcd72a840bb8256dee0715b175f [term 1 LEADER]: Stepping down as leader of term 1
I0916 07:55:42.473556 1321 raft_consensus.cc:705] T e5cce06208f44e4fa384db94c0b624ae P bce8dbcd72a840bb8256dee0715b175f [term 1 LEADER]: Becoming Follower/Learner. State: Replica: bce8dbcd72a840bb8256dee0715b175f, State: Running, Role: LEADER
I0916 07:55:42.474459 1321 consensus_queue.cc:229] T e5cce06208f44e4fa384db94c0b624ae P bce8dbcd72a840bb8256dee0715b175f [NON_LEADER]: Queue going to NON_LEADER mode. State: All replicated index: 0, Majority replicated index: 2, Committed index: 2, Last appended: 1.2, Last appended by leader: 2, Current term: 1, Majority size: -1, State: 0, Mode: NON_LEADER, active raft config: opid_index: -1 OBSOLETE_local: false peers { permanent_uuid: "39273ba79fdb4d31abbb34278b8b1709" member_type: VOTER last_known_addr { host: "127.0.61.1" port: 40619 } } peers { permanent_uuid: "bce8dbcd72a840bb8256dee0715b175f" member_type: VOTER last_known_addr { host: "127.0.61.2" port: 39401 } } peers { permanent_uuid: "2f1f69d5d2dc4d7f8a6ffc7bcfb07c90" member_type: VOTER last_known_addr { host: "127.0.61.3" port: 45451 } }
I0916 07:55:42.477165 1321 raft_consensus.cc:2890] T e5cce06208f44e4fa384db94c0b624ae P bce8dbcd72a840bb8256dee0715b175f [term 1 FOLLOWER]: Advancing to term 2
I0916 07:55:42.529057 1321 raft_consensus.cc:1184] T e02eeaf40c1d4a299b70f4a8f1514e31 P bce8dbcd72a840bb8256dee0715b175f [term 3 FOLLOWER]: Refusing update from remote peer 39273ba79fdb4d31abbb34278b8b1709: Log matching property violated. Preceding OpId in replica: term: 2 index: 3. Preceding OpId from leader: term: 3 index: 4. (index mismatch)
