I0916 07:55:45.958817 1871 leader_election.cc:310] T e5cce06208f44e4fa384db94c0b624ae P bce8dbcd72a840bb8256dee0715b175f [CANDIDATE]: Term 4 pre-election: Election decided. Result: candidate lost. Election summary: received 3 responses out of 3 voters: 1 yes votes; 2 no votes. yes voters: bce8dbcd72a840bb8256dee0715b175f; no voters: 2f1f69d5d2dc4d7f8a6ffc7bcfb07c90, 39273ba79fdb4d31abbb34278b8b1709
I0916 07:55:45.958784 1392 tablet_service.cc:1295] Received RequestConsensusVote() RPC: tablet_id: "e02eeaf40c1d4a299b70f4a8f1514e31" candidate_uuid: "bce8dbcd72a840bb8256dee0715b175f" candidate_term: 5 candidate_status { last_received { term: 4 index: 6 } } ignore_live_leader: false dest_uuid: "2f1f69d5d2dc4d7f8a6ffc7bcfb07c90" is_pre_election: true
I0916 07:55:45.959669 1392 raft_consensus.cc:2311] T e02eeaf40c1d4a299b70f4a8f1514e31 P 2f1f69d5d2dc4d7f8a6ffc7bcfb07c90 [term 5 FOLLOWER]: Leader pre-election vote request: Denying vote to candidate bce8dbcd72a840bb8256dee0715b175f for term 5 because replica is either leader or believes a valid leader to be alive.
I0916 07:55:45.959735 1963 raft_consensus.cc:2592] T e5cce06208f44e4fa384db94c0b624ae P bce8dbcd72a840bb8256dee0715b175f [term 3 FOLLOWER]: Leader pre-election lost for term 4. Reason: could not achieve majority
I0916 07:55:45.960566 1876 ts_tablet_manager.cc:1085] T 6b5196040b094455ad661e9ab9e379c7 P bce8dbcd72a840bb8256dee0715b175f: Time spent bootstrapping tablet: real 0.258s user 0.049s sys 0.013s
I0916 07:55:45.960500 1871 leader_election.cc:310] T e02eeaf40c1d4a299b70f4a8f1514e31 P bce8dbcd72a840bb8256dee0715b175f [CANDIDATE]: Term 5 pre-election: Election decided. Result: candidate lost. Election summary: received 3 responses out of 3 voters: 1 yes votes; 2 no votes. yes voters: bce8dbcd72a840bb8256dee0715b175f; no voters: 2f1f69d5d2dc4d7f8a6ffc7bcfb07c90, 39273ba79fdb4d31abbb34278b8b1709
I0916 07:55:45.961199 1963 raft_consensus.cc:2592] T e02eeaf40c1d4a299b70f4a8f1514e31 P bce8dbcd72a840bb8256dee0715b175f [term 5 FOLLOWER]: Leader pre-election lost for term 5. Reason: could not achieve majority
I0916 07:55:45.962131 1876 raft_consensus.cc:340] T 6b5196040b094455ad661e9ab9e379c7 P bce8dbcd72a840bb8256dee0715b175f [term 3 FOLLOWER]: Replica starting. Triggering 0 pending transactions. Active config: opid_index: -1 OBSOLETE_local: false peers { permanent_uuid: "39273ba79fdb4d31abbb34278b8b1709" member_type: VOTER last_known_addr { host: "127.0.61.1" port: 40619 } } peers { permanent_uuid: "2f1f69d5d2dc4d7f8a6ffc7bcfb07c90" member_type: VOTER last_known_addr { host: "127.0.61.3" port: 45451 } } peers { permanent_uuid: "bce8dbcd72a840bb8256dee0715b175f" member_type: VOTER last_known_addr { host: "127.0.61.2" port: 39401 } }
I0916 07:55:45.962677 1876 raft_consensus.cc:705] T 6b5196040b094455ad661e9ab9e379c7 P bce8dbcd72a840bb8256dee0715b175f [term 3 FOLLOWER]: Becoming Follower/Learner. State: Replica: bce8dbcd72a840bb8256dee0715b175f, State: Initialized, Role: FOLLOWER
I0916 07:55:45.963148 1876 consensus_queue.cc:229] T 6b5196040b094455ad661e9ab9e379c7 P bce8dbcd72a840bb8256dee0715b175f [NON_LEADER]: Queue going to NON_LEADER mode. State: All replicated index: 0, Majority replicated index: 0, Committed index: 5, Last appended: 3.5, Last appended by leader: 5, Current term: 0, Majority size: -1, State: 0, Mode: NON_LEADER, active raft config: opid_index: -1 OBSOLETE_local: false peers { permanent_uuid: "39273ba79fdb4d31abbb34278b8b1709" member_type: VOTER last_known_addr { host: "127.0.61.1" port: 40619 } } peers { permanent_uuid: "2f1f69d5d2dc4d7f8a6ffc7bcfb07c90" member_type: VOTER last_known_addr { host: "127.0.61.3" port: 45451 } } peers { permanent_uuid: "bce8dbcd72a840bb8256dee0715b175f" member_type: VOTER last_known_addr { host: "127.0.61.2" port: 39401 } }
I0916 07:55:45.964606 1876 ts_tablet_manager.cc:1113] T 6b5196040b094455ad661e9ab9e379c7 P bce8dbcd72a840bb8256dee0715b175f: Time spent starting tablet: real 0.004s user 0.004s sys 0.000s
I0916 07:55:45.970633 1911 raft_consensus.cc:2890] T 6b5196040b094455ad661e9ab9e379c7 P bce8dbcd72a840bb8256dee0715b175f [term 3 FOLLOWER]: Advancing to term 4
I0916 07:55:46.026479 244 tablet_server.cc:159] TabletServer@127.0.61.3:45451 shutting down...
I0916 07:55:46.065549 244 ts_tablet_manager.cc:1159] Shutting down tablet manager...
I0916 07:55:46.065850 244 tablet_replica.cc:273] T e02eeaf40c1d4a299b70f4a8f1514e31 P 2f1f69d5d2dc4d7f8a6ffc7bcfb07c90: stopping tablet replica
I0916 07:55:46.066238 244 raft_consensus.cc:2147] T e02eeaf40c1d4a299b70f4a8f1514e31 P 2f1f69d5d2dc4d7f8a6ffc7bcfb07c90 [term 5 FOLLOWER]: Raft consensus shutting down.
I0916 07:55:46.066555 244 raft_consensus.cc:2174] T e02eeaf40c1d4a299b70f4a8f1514e31 P 2f1f69d5d2dc4d7f8a6ffc7bcfb07c90 [term 5 FOLLOWER]: Raft consensus is shut down!
I0916 07:55:46.066565 1355 messenger.cc:381] Service unavailable: service kudu.consensus.ConsensusService not registered on TabletServer
W0916 07:55:46.067390 1767 consensus_peers.cc:458] T 6b5196040b094455ad661e9ab9e379c7 P 39273ba79fdb4d31abbb34278b8b1709 -> Peer 2f1f69d5d2dc4d7f8a6ffc7bcfb07c90 (127.0.61.3:45451): Couldn't send request to peer 2f1f69d5d2dc4d7f8a6ffc7bcfb07c90. Status: Remote error: Service unavailable: service kudu.consensus.ConsensusService not registered on TabletServer. This is attempt 1: this message will repeat every 5th retry.
I0916 07:55:46.069283 244 tablet_replica.cc:273] T 6b5196040b094455ad661e9ab9e379c7 P 2f1f69d5d2dc4d7f8a6ffc7bcfb07c90: stopping tablet replica
I0916 07:55:46.069684 244 raft_consensus.cc:2147] T 6b5196040b094455ad661e9ab9e379c7 P 2f1f69d5d2dc4d7f8a6ffc7bcfb07c90 [term 4 FOLLOWER]: Raft consensus shutting down.
I0916 07:55:46.069952 244 raft_consensus.cc:2174] T 6b5196040b094455ad661e9ab9e379c7 P 2f1f69d5d2dc4d7f8a6ffc7bcfb07c90 [term 4 FOLLOWER]: Raft consensus is shut down!
I0916 07:55:46.072896 244 tablet_replica.cc:273] T e5cce06208f44e4fa384db94c0b624ae P 2f1f69d5d2dc4d7f8a6ffc7bcfb07c90: stopping tablet replica
I0916 07:55:46.073218 244 raft_consensus.cc:2147] T e5cce06208f44e4fa384db94c0b624ae P 2f1f69d5d2dc4d7f8a6ffc7bcfb07c90 [term 3 LEADER]: Raft consensus shutting down.
I0916 07:55:46.073710 244 raft_consensus.cc:2174] T e5cce06208f44e4fa384db94c0b624ae P 2f1f69d5d2dc4d7f8a6ffc7bcfb07c90 [term 3 FOLLOWER]: Raft consensus is shut down!
I0916 07:55:46.074190 1355 messenger.cc:381] Service unavailable: service kudu.consensus.ConsensusService not registered on TabletServer
W0916 07:55:46.074998 1767 consensus_peers.cc:458] T e02eeaf40c1d4a299b70f4a8f1514e31 P 39273ba79fdb4d31abbb34278b8b1709 -> Peer 2f1f69d5d2dc4d7f8a6ffc7bcfb07c90 (127.0.61.3:45451): Couldn't send request to peer 2f1f69d5d2dc4d7f8a6ffc7bcfb07c90. Status: Remote error: Service unavailable: service kudu.consensus.ConsensusService not registered on TabletServer. This is attempt 1: this message will repeat every 5th retry.
I0916 07:55:46.089794 244 tablet_server.cc:173] TabletServer@127.0.61.3:45451 shutdown complete.
I0916 07:55:46.115896 244 system_ntp.cc:193] NTP initialized. Skew: 500ppm Current error: 49016us
I0916 07:55:46.116291 244 fs_manager.cc:263] Metadata directory not provided
I0916 07:55:46.116430 244 fs_manager.cc:266] Using existing metadata directory in first data directory
I0916 07:55:46.118762 244 fs_manager.cc:399] Time spent opening directory manager: real 0.002s user 0.002s sys 0.000s
I0916 07:55:46.120309 244 file_cache.cc:465] Constructed file cache lbm with capacity 419430
I0916 07:55:46.128208 244 fs_manager.cc:419] Time spent opening block manager: real 0.001s user 0.001s sys 0.000s
I0916 07:55:46.128389 244 fs_manager.cc:436] Opened local filesystem: /tmp/dist-test-taska4lOjz/test-tmp/ts_tablet_manager-itest.0.TsTabletManagerITest.TestTableStats.1568620531643032-244/minicluster-data/ts-2-root uuid: "2f1f69d5d2dc4d7f8a6ffc7bcfb07c90" format_stamp: "Formatted at 2019-09-16 07:55:40 on dist-test-slave-dist-test-slave-p3b0"
I0916 07:55:46.128659 244 fs_report.cc:352] FS layout report -------------------- wal directory: /tmp/dist-test-taska4lOjz/test-tmp/ts_tablet_manager-itest.0.TsTabletManagerITest.TestTableStats.1568620531643032-244/minicluster-data/ts-2-root metadata directory: /tmp/dist-test-taska4lOjz/test-tmp/ts_tablet_manager-itest.0.TsTabletManagerITest.TestTableStats.1568620531643032-244/minicluster-data/ts-2-root 1 data directories: /tmp/dist-test-taska4lOjz/test-tmp/ts_tablet_manager-itest.0.TsTabletManagerITest.TestTableStats.1568620531643032-244/minicluster-data/ts-2-root/data Total live blocks: 0 Total live bytes: 0 Total live bytes (after alignment): 0 Total number of LBM containers: 0 (0 full) Did not check for missing blocks Did not check for orphaned blocks Total full LBM containers with extra space: 0 (0 repaired) Total full LBM container extra space in bytes: 0 (0 repaired) Total incomplete LBM containers: 0 (0 repaired) Total LBM partial records: 0 (0 repaired)
I0916 07:55:46.166198 244 ts_tablet_manager.cc:371] Loading tablet metadata (0/3 complete)
I0916 07:55:46.178730 244 ts_tablet_manager.cc:383] Loaded tablet metadata (3 total tablets, 3 live tablets)
I0916 07:55:46.179004 244 ts_tablet_manager.cc:389] Registering tablets (0/3 complete)
I0916 07:55:46.183231 1979 tablet_bootstrap.cc:439] T e5cce06208f44e4fa384db94c0b624ae P 2f1f69d5d2dc4d7f8a6ffc7bcfb07c90: Bootstrap starting.
I0916 07:55:46.194203 244 ts_tablet_manager.cc:403] Registered 3 tablets
I0916 07:55:46.197461 1963 raft_consensus.cc:472] T e5cce06208f44e4fa384db94c0b624ae P bce8dbcd72a840bb8256dee0715b175f [term 3 FOLLOWER]: Starting pre-election (detected failure of leader 2f1f69d5d2dc4d7f8a6ffc7bcfb07c90)
I0916 07:55:46.197886 1963 raft_consensus.cc:494] T e5cce06208f44e4fa384db94c0b624ae P bce8dbcd72a840bb8256dee0715b175f [term 3 FOLLOWER]: Starting pre-election with config: opid_index: -1 OBSOLETE_local: false peers { permanent_uuid: "39273ba79fdb4d31abbb34278b8b1709" member_type: VOTER last_known_addr { host: "127.0.61.1" port: 40619 } } peers { permanent_uuid: "bce8dbcd72a840bb8256dee0715b175f" member_type: VOTER last_known_addr { host: "127.0.61.2" port: 39401 } } peers { permanent_uuid: "2f1f69d5d2dc4d7f8a6ffc7bcfb07c90" member_type: VOTER last_known_addr { host: "127.0.61.3" port: 45451 } }
I0916 07:55:46.199224 1963 leader_election.cc:296] T e5cce06208f44e4fa384db94c0b624ae P bce8dbcd72a840bb8256dee0715b175f [CANDIDATE]: Term 4 pre-election: Requested pre-vote from peers 39273ba79fdb4d31abbb34278b8b1709 (127.0.61.1:40619), 2f1f69d5d2dc4d7f8a6ffc7bcfb07c90 (127.0.61.3:45451)
I0916 07:55:46.199959 1821 tablet_service.cc:1295] Received RequestConsensusVote() RPC: tablet_id: "e5cce06208f44e4fa384db94c0b624ae" candidate_uuid: "bce8dbcd72a840bb8256dee0715b175f" candidate_term: 4 candidate_status { last_received { term: 3 index: 5 } } ignore_live_leader: false dest_uuid: "39273ba79fdb4d31abbb34278b8b1709" is_pre_election: true
I0916 07:55:46.200853 1821 raft_consensus.cc:2311] T e5cce06208f44e4fa384db94c0b624ae P 39273ba79fdb4d31abbb34278b8b1709 [term 3 FOLLOWER]: Leader pre-election vote request: Denying vote to candidate bce8dbcd72a840bb8256dee0715b175f for term 4 because replica is either leader or believes a valid leader to be alive.
W0916 07:55:46.201027 1871 leader_election.cc:341] T e5cce06208f44e4fa384db94c0b624ae P bce8dbcd72a840bb8256dee0715b175f [CANDIDATE]: Term 4 pre-election: RPC error from VoteRequest() call to peer 2f1f69d5d2dc4d7f8a6ffc7bcfb07c90 (127.0.61.3:45451): Network error: Client connection negotiation failed: client connection to 127.0.61.3:45451: connect: Connection refused (error 111)
I0916 07:55:46.201953 1869 leader_election.cc:310] T e5cce06208f44e4fa384db94c0b624ae P bce8dbcd72a840bb8256dee0715b175f [CANDIDATE]: Term 4 pre-election: Election decided. Result: candidate lost. Election summary: received 3 responses out of 3 voters: 1 yes votes; 2 no votes. yes voters: bce8dbcd72a840bb8256dee0715b175f; no voters: 2f1f69d5d2dc4d7f8a6ffc7bcfb07c90, 39273ba79fdb4d31abbb34278b8b1709
I0916 07:55:46.202826 1963 raft_consensus.cc:2592] T e5cce06208f44e4fa384db94c0b624ae P bce8dbcd72a840bb8256dee0715b175f [term 3 FOLLOWER]: Leader pre-election lost for term 4. Reason: could not achieve majority
I0916 07:55:46.227038 1979 tablet.cc:1223] T e5cce06208f44e4fa384db94c0b624ae P 2f1f69d5d2dc4d7f8a6ffc7bcfb07c90: Alter schema from ( 10:key INT32 NOT NULL, PRIMARY KEY (key) ) version 0 to ( 10:key INT32 NOT NULL, PRIMARY KEY (key) ) version 1
I0916 07:55:46.227690 1979 tablet_metadata.cc:569] Not flushing: waiting for 1 pins to be released.
I0916 07:55:46.229552 1979 tablet_bootstrap.cc:439] T e5cce06208f44e4fa384db94c0b624ae P 2f1f69d5d2dc4d7f8a6ffc7bcfb07c90: Bootstrap replayed 1/1 log segments. Stats: ops{read=5 overwritten=0 applied=5 ignored=0} inserts{seen=99 ignored=0} mutations{seen=0 ignored=0} orphaned_commits=0. Pending: 0 replicates
I0916 07:55:46.230841 1979 tablet_bootstrap.cc:439] T e5cce06208f44e4fa384db94c0b624ae P 2f1f69d5d2dc4d7f8a6ffc7bcfb07c90: Bootstrap complete.
I0916 07:55:46.242329 1979 ts_tablet_manager.cc:1085] T e5cce06208f44e4fa384db94c0b624ae P 2f1f69d5d2dc4d7f8a6ffc7bcfb07c90: Time spent bootstrapping tablet: real 0.059s user 0.038s sys 0.008s
I0916 07:55:46.245312 1979 raft_consensus.cc:340] T e5cce06208f44e4fa384db94c0b624ae P 2f1f69d5d2dc4d7f8a6ffc7bcfb07c90 [term 3 FOLLOWER]: Replica starting. Triggering 0 pending transactions. Active config: opid_index: -1 OBSOLETE_local: false peers { permanent_uuid: "39273ba79fdb4d31abbb34278b8b1709" member_type: VOTER last_known_addr { host: "127.0.61.1" port: 40619 } } peers { permanent_uuid: "bce8dbcd72a840bb8256dee0715b175f" member_type: VOTER last_known_addr { host: "127.0.61.2" port: 39401 } } peers { permanent_uuid: "2f1f69d5d2dc4d7f8a6ffc7bcfb07c90" member_type: VOTER last_known_addr { host: "127.0.61.3" port: 45451 } }
I0916 07:55:46.246134 1979 raft_consensus.cc:705] T e5cce06208f44e4fa384db94c0b624ae P 2f1f69d5d2dc4d7f8a6ffc7bcfb07c90 [term 3 FOLLOWER]: Becoming Follower/Learner. State: Replica: 2f1f69d5d2dc4d7f8a6ffc7bcfb07c90, State: Initialized, Role: FOLLOWER
I0916 07:55:46.247061 1979 consensus_queue.cc:229] T e5cce06208f44e4fa384db94c0b624ae P 2f1f69d5d2dc4d7f8a6ffc7bcfb07c90 [NON_LEADER]: Queue going to NON_LEADER mode. State: All replicated index: 0, Majority replicated index: 0, Committed index: 5, Last appended: 3.5, Last appended by leader: 5, Current term: 0, Majority size: -1, State: 0, Mode: NON_LEADER, active raft config: opid_index: -1 OBSOLETE_local: false peers { permanent_uuid: "39273ba79fdb4d31abbb34278b8b1709" member_type: VOTER last_known_addr { host: "127.0.61.1" port: 40619 } } peers { permanent_uuid: "bce8dbcd72a840bb8256dee0715b175f" member_type: VOTER last_known_addr { host: "127.0.61.2" port: 39401 } } peers { permanent_uuid: "2f1f69d5d2dc4d7f8a6ffc7bcfb07c90" member_type: VOTER last_known_addr { host: "127.0.61.3" port: 45451 } }
I0916 07:55:46.250342 1979 ts_tablet_manager.cc:1113] T e5cce06208f44e4fa384db94c0b624ae P 2f1f69d5d2dc4d7f8a6ffc7bcfb07c90: Time spent starting tablet: real 0.008s user 0.006s sys 0.000s
I0916 07:55:46.251011 1979 tablet_bootstrap.cc:439] T e02eeaf40c1d4a299b70f4a8f1514e31 P 2f1f69d5d2dc4d7f8a6ffc7bcfb07c90: Bootstrap starting.
I0916 07:55:46.266389 244 rpc_server.cc:205] RPC server started. Bound to: 127.0.61.3:45451
I0916 07:55:46.270081 244 webserver.cc:374] Webserver started at http://127.0.61.3:39227/ using document root and password file
I0916 07:55:46.271986 1916 raft_consensus.cc:472] T e5cce06208f44e4fa384db94c0b624ae P 39273ba79fdb4d31abbb34278b8b1709 [term 3 FOLLOWER]: Starting pre-election (detected failure of leader 2f1f69d5d2dc4d7f8a6ffc7bcfb07c90)
I0916 07:55:46.272785 1916 raft_consensus.cc:494] T e5cce06208f44e4fa384db94c0b624ae P 39273ba79fdb4d31abbb34278b8b1709 [term 3 FOLLOWER]: Starting pre-election with config: opid_index: -1 OBSOLETE_local: false peers { permanent_uuid: "39273ba79fdb4d31abbb34278b8b1709" member_type: VOTER last_known_addr { host: "127.0.61.1" port: 40619 } } peers { permanent_uuid: "bce8dbcd72a840bb8256dee0715b175f" member_type: VOTER last_known_addr { host: "127.0.61.2" port: 39401 } } peers { permanent_uuid: "2f1f69d5d2dc4d7f8a6ffc7bcfb07c90" member_type: VOTER last_known_addr { host: "127.0.61.3" port: 45451 } }
I0916 07:55:46.274516 1916 leader_election.cc:296] T e5cce06208f44e4fa384db94c0b624ae P 39273ba79fdb4d31abbb34278b8b1709 [CANDIDATE]: Term 4 pre-election: Requested pre-vote from peers bce8dbcd72a840bb8256dee0715b175f (127.0.61.2:39401), 2f1f69d5d2dc4d7f8a6ffc7bcfb07c90 (127.0.61.3:45451)
I0916 07:55:46.275575 1911 tablet_service.cc:1295] Received RequestConsensusVote() RPC: tablet_id: "e5cce06208f44e4fa384db94c0b624ae" candidate_uuid: "39273ba79fdb4d31abbb34278b8b1709" candidate_term: 4 candidate_status { last_received { term: 3 index: 5 } } ignore_live_leader: false dest_uuid: "bce8dbcd72a840bb8256dee0715b175f" is_pre_election: true
I0916 07:55:46.276564 1911 raft_consensus.cc:2350] T e5cce06208f44e4fa384db94c0b624ae P bce8dbcd72a840bb8256dee0715b175f [term 3 FOLLOWER]: Leader pre-election vote request: Granting yes vote for candidate 39273ba79fdb4d31abbb34278b8b1709 in term 3.
I0916 07:55:46.297732 1764 leader_election.cc:310] T e5cce06208f44e4fa384db94c0b624ae P 39273ba79fdb4d31abbb34278b8b1709 [CANDIDATE]: Term 4 pre-election: Election decided. Result: candidate won. Election summary: received 2 responses out of 3 voters: 2 yes votes; 0 no votes. yes voters: 39273ba79fdb4d31abbb34278b8b1709, bce8dbcd72a840bb8256dee0715b175f; no voters:
I0916 07:55:46.299227 1916 raft_consensus.cc:2644] T e5cce06208f44e4fa384db94c0b624ae P 39273ba79fdb4d31abbb34278b8b1709 [term 3 FOLLOWER]: Leader pre-election won for term 4
I0916 07:55:46.299556 1916 raft_consensus.cc:472] T e5cce06208f44e4fa384db94c0b624ae P 39273ba79fdb4d31abbb34278b8b1709 [term 3 FOLLOWER]: Starting leader election (detected failure of leader 2f1f69d5d2dc4d7f8a6ffc7bcfb07c90)
I0916 07:55:46.299862 1916 raft_consensus.cc:2890] T e5cce06208f44e4fa384db94c0b624ae P 39273ba79fdb4d31abbb34278b8b1709 [term 3 FOLLOWER]: Advancing to term 4
I0916 07:55:46.305485 1916 raft_consensus.cc:494] T e5cce06208f44e4fa384db94c0b624ae P 39273ba79fdb4d31abbb34278b8b1709 [term 4 FOLLOWER]: Starting leader election with config: opid_index: -1 OBSOLETE_local: false peers { permanent_uuid: "39273ba79fdb4d31abbb34278b8b1709" member_type: VOTER last_known_addr { host: "127.0.61.1" port: 40619 } } peers { permanent_uuid: "bce8dbcd72a840bb8256dee0715b175f" member_type: VOTER last_known_addr { host: "127.0.61.2" port: 39401 } } peers { permanent_uuid: "2f1f69d5d2dc4d7f8a6ffc7bcfb07c90" member_type: VOTER last_known_addr { host: "127.0.61.3" port: 45451 } }
I0916 07:55:46.308905 1911 tablet_service.cc:1295] Received RequestConsensusVote() RPC: tablet_id: "e5cce06208f44e4fa384db94c0b624ae" candidate_uuid: "39273ba79fdb4d31abbb34278b8b1709" candidate_term: 4 candidate_status { last_received { term: 3 index: 5 } } ignore_live_leader: false dest_uuid: "bce8dbcd72a840bb8256dee0715b175f"
I0916 07:55:46.309669 1911 raft_consensus.cc:2890] T e5cce06208f44e4fa384db94c0b624ae P bce8dbcd72a840bb8256dee0715b175f [term 3 FOLLOWER]: Advancing to term 4
I0916 07:55:46.313702 1911 raft_consensus.cc:2350] T e5cce06208f44e4fa384db94c0b624ae P bce8dbcd72a840bb8256dee0715b175f [term 4 FOLLOWER]: Leader election vote request: Granting yes vote for candidate 39273ba79fdb4d31abbb34278b8b1709 in term 4.
I0916 07:55:46.314633 1764 leader_election.cc:310] T e5cce06208f44e4fa384db94c0b624ae P 39273ba79fdb4d31abbb34278b8b1709 [CANDIDATE]: Term 4 election: Election decided. Result: candidate won. Election summary: received 2 responses out of 3 voters: 2 yes votes; 0 no votes. yes voters: 39273ba79fdb4d31abbb34278b8b1709, bce8dbcd72a840bb8256dee0715b175f; no voters:
I0916 07:55:46.315317 1915 raft_consensus.cc:2644] T e5cce06208f44e4fa384db94c0b624ae P 39273ba79fdb4d31abbb34278b8b1709 [term 4 FOLLOWER]: Leader election won for term 4
I0916 07:55:46.315912 1915 raft_consensus.cc:667] T e5cce06208f44e4fa384db94c0b624ae P 39273ba79fdb4d31abbb34278b8b1709 [term 4 LEADER]: Becoming Leader. State: Replica: 39273ba79fdb4d31abbb34278b8b1709, State: Running, Role: LEADER
I0916 07:55:46.316546 1916 leader_election.cc:296] T e5cce06208f44e4fa384db94c0b624ae P 39273ba79fdb4d31abbb34278b8b1709 [CANDIDATE]: Term 4 election: Requested vote from peers bce8dbcd72a840bb8256dee0715b175f (127.0.61.2:39401), 2f1f69d5d2dc4d7f8a6ffc7bcfb07c90 (127.0.61.3:45451)
I0916 07:55:46.317390 1915 consensus_queue.cc:206] T e5cce06208f44e4fa384db94c0b624ae P 39273ba79fdb4d31abbb34278b8b1709 [LEADER]: Queue going to LEADER mode. State: All replicated index: 0, Majority replicated index: 5, Committed index: 5, Last appended: 3.5, Last appended by leader: 5, Current term: 4, Majority size: 2, State: 0, Mode: LEADER, active raft config: opid_index: -1 OBSOLETE_local: false peers { permanent_uuid: "39273ba79fdb4d31abbb34278b8b1709" member_type: VOTER last_known_addr { host: "127.0.61.1" port: 40619 } } peers { permanent_uuid: "bce8dbcd72a840bb8256dee0715b175f" member_type: VOTER last_known_addr { host: "127.0.61.2" port: 39401 } } peers { permanent_uuid: "2f1f69d5d2dc4d7f8a6ffc7bcfb07c90" member_type: VOTER last_known_addr { host: "127.0.61.3" port: 45451 } }
I0916 07:55:46.336649 1979 tablet.cc:1223] T e02eeaf40c1d4a299b70f4a8f1514e31 P 2f1f69d5d2dc4d7f8a6ffc7bcfb07c90: Alter schema from ( 10:key INT32 NOT NULL, PRIMARY KEY (key) ) version 0 to ( 10:key INT32 NOT NULL, PRIMARY KEY (key) ) version 1
I0916 07:55:46.337235 1979 tablet_metadata.cc:569] Not flushing: waiting for 1 pins to be released.
I0916 07:55:46.338472 2012 tablet_service.cc:1295] Received RequestConsensusVote() RPC: tablet_id: "e5cce06208f44e4fa384db94c0b624ae" candidate_uuid: "39273ba79fdb4d31abbb34278b8b1709" candidate_term: 4 candidate_status { last_received { term: 3 index: 5 } } ignore_live_leader: false dest_uuid: "2f1f69d5d2dc4d7f8a6ffc7bcfb07c90" is_pre_election: true
I0916 07:55:46.338740 2011 tablet_service.cc:1295] Received RequestConsensusVote() RPC: tablet_id: "e5cce06208f44e4fa384db94c0b624ae" candidate_uuid: "39273ba79fdb4d31abbb34278b8b1709" candidate_term: 4 candidate_status { last_received { term: 3 index: 5 } } ignore_live_leader: false dest_uuid: "2f1f69d5d2dc4d7f8a6ffc7bcfb07c90"
I0916 07:55:46.339165 2012 raft_consensus.cc:2350] T e5cce06208f44e4fa384db94c0b624ae P 2f1f69d5d2dc4d7f8a6ffc7bcfb07c90 [term 3 FOLLOWER]: Leader pre-election vote request: Granting yes vote for candidate 39273ba79fdb4d31abbb34278b8b1709 in term 3.
I0916 07:55:46.339916 2011 raft_consensus.cc:2325] T e5cce06208f44e4fa384db94c0b624ae P 2f1f69d5d2dc4d7f8a6ffc7bcfb07c90 [term 3 FOLLOWER]: Leader election vote request: Denying vote to candidate 39273ba79fdb4d31abbb34278b8b1709 for term 4 because replica is already servicing an update from a current leader or another vote.
I0916 07:55:46.346694 1650 catalog_manager.cc:4120] T e5cce06208f44e4fa384db94c0b624ae P 39273ba79fdb4d31abbb34278b8b1709 reported cstate change: term changed from 3 to 4, leader changed from 2f1f69d5d2dc4d7f8a6ffc7bcfb07c90 (127.0.61.3) to 39273ba79fdb4d31abbb34278b8b1709 (127.0.61.1). New cstate: current_term: 4 leader_uuid: "39273ba79fdb4d31abbb34278b8b1709" committed_config { opid_index: -1 OBSOLETE_local: false peers { permanent_uuid: "39273ba79fdb4d31abbb34278b8b1709" member_type: VOTER last_known_addr { host: "127.0.61.1" port: 40619 } health_report { overall_health: HEALTHY } } peers { permanent_uuid: "bce8dbcd72a840bb8256dee0715b175f" member_type: VOTER last_known_addr { host: "127.0.61.2" port: 39401 } health_report { overall_health: UNKNOWN } } peers { permanent_uuid: "2f1f69d5d2dc4d7f8a6ffc7bcfb07c90" member_type: VOTER last_known_addr { host: "127.0.61.3" port: 45451 } health_report { overall_health: UNKNOWN } } }
I0916 07:55:46.360214 1979 tablet_bootstrap.cc:439] T e02eeaf40c1d4a299b70f4a8f1514e31 P 2f1f69d5d2dc4d7f8a6ffc7bcfb07c90: Bootstrap replayed 1/1 log segments. Stats: ops{read=7 overwritten=0 applied=7 ignored=0} inserts{seen=111 ignored=0} mutations{seen=0 ignored=0} orphaned_commits=0. Pending: 0 replicates
I0916 07:55:46.364285 1979 tablet_bootstrap.cc:439] T e02eeaf40c1d4a299b70f4a8f1514e31 P 2f1f69d5d2dc4d7f8a6ffc7bcfb07c90: Bootstrap complete.
I0916 07:55:46.374364 2038 heartbeater.cc:322] Connected to a master server at 127.0.61.60:37785
I0916 07:55:46.374689 2038 heartbeater.cc:406] Registering TS with master...
I0916 07:55:46.375211 2038 heartbeater.cc:455] Master 127.0.61.60:37785 requested a full tablet report, sending...
I0916 07:55:46.375679 2039 heartbeater.cc:322] Connected to a master server at 127.0.61.61:37305
I0916 07:55:46.376006 2039 heartbeater.cc:406] Registering TS with master...
I0916 07:55:46.376754 2039 heartbeater.cc:455] Master 127.0.61.61:37305 requested a full tablet report, sending...
I0916 07:55:46.379516 1651 ts_manager.cc:161] Re-registered known tserver with Master: 2f1f69d5d2dc4d7f8a6ffc7bcfb07c90 (127.0.61.3:45451)
I0916 07:55:46.385440 1979 ts_tablet_manager.cc:1085] T e02eeaf40c1d4a299b70f4a8f1514e31 P 2f1f69d5d2dc4d7f8a6ffc7bcfb07c90: Time spent bootstrapping tablet: real 0.135s user 0.038s sys 0.013s
I0916 07:55:46.387048 1717 ts_manager.cc:161] Re-registered known tserver with Master: 2f1f69d5d2dc4d7f8a6ffc7bcfb07c90 (127.0.61.3:45451)
I0916 07:55:46.387373 1979 raft_consensus.cc:340] T e02eeaf40c1d4a299b70f4a8f1514e31 P 2f1f69d5d2dc4d7f8a6ffc7bcfb07c90 [term 5 FOLLOWER]: Replica starting. Triggering 0 pending transactions. Active config: opid_index: -1 OBSOLETE_local: false peers { permanent_uuid: "bce8dbcd72a840bb8256dee0715b175f" member_type: VOTER last_known_addr { host: "127.0.61.2" port: 39401 } } peers { permanent_uuid: "39273ba79fdb4d31abbb34278b8b1709" member_type: VOTER last_known_addr { host: "127.0.61.1" port: 40619 } } peers { permanent_uuid: "2f1f69d5d2dc4d7f8a6ffc7bcfb07c90" member_type: VOTER last_known_addr { host: "127.0.61.3" port: 45451 } }
I0916 07:55:46.388276 1979 raft_consensus.cc:705] T e02eeaf40c1d4a299b70f4a8f1514e31 P 2f1f69d5d2dc4d7f8a6ffc7bcfb07c90 [term 5 FOLLOWER]: Becoming Follower/Learner. State: Replica: 2f1f69d5d2dc4d7f8a6ffc7bcfb07c90, State: Initialized, Role: FOLLOWER
I0916 07:55:46.390103 1979 consensus_queue.cc:229] T e02eeaf40c1d4a299b70f4a8f1514e31 P 2f1f69d5d2dc4d7f8a6ffc7bcfb07c90 [NON_LEADER]: Queue going to NON_LEADER mode. State: All replicated index: 0, Majority replicated index: 0, Committed index: 7, Last appended: 5.7, Last appended by leader: 7, Current term: 0, Majority size: -1, State: 0, Mode: NON_LEADER, active raft config: opid_index: -1 OBSOLETE_local: false peers { permanent_uuid: "bce8dbcd72a840bb8256dee0715b175f" member_type: VOTER last_known_addr { host: "127.0.61.2" port: 39401 } } peers { permanent_uuid: "39273ba79fdb4d31abbb34278b8b1709" member_type: VOTER last_known_addr { host: "127.0.61.1" port: 40619 } } peers { permanent_uuid: "2f1f69d5d2dc4d7f8a6ffc7bcfb07c90" member_type: VOTER last_known_addr { host: "127.0.61.3" port: 45451 } }
I0916 07:55:46.391873 1979 ts_tablet_manager.cc:1113] T e02eeaf40c1d4a299b70f4a8f1514e31 P 2f1f69d5d2dc4d7f8a6ffc7bcfb07c90: Time spent starting tablet: real 0.006s user 0.005s sys 0.000s
I0916 07:55:46.392536 1979 tablet_bootstrap.cc:439] T 6b5196040b094455ad661e9ab9e379c7 P 2f1f69d5d2dc4d7f8a6ffc7bcfb07c90: Bootstrap starting.
I0916 07:55:46.397578 1651 master_service.cc:276] Signed X509 certificate for tserver {username='slave'} at 127.0.0.1:41254
I0916 07:55:46.402196 2038 heartbeater.cc:447] Master 127.0.61.60:37785 was elected leader, sending a full tablet report...
I0916 07:55:46.406209 1651 catalog_manager.cc:4215] TS 2f1f69d5d2dc4d7f8a6ffc7bcfb07c90 (127.0.61.3:45451) does not have the latest schema for tablet 6b5196040b094455ad661e9ab9e379c7 (table NewTableName [id=074536fca6144499906b7c13e035c370]). Expected version 1 got 0
I0916 07:55:46.407475 2042 heartbeater.cc:322] Connected to a master server at 127.0.61.62:33603
I0916 07:55:46.407896 2042 heartbeater.cc:406] Registering TS with master...
I0916 07:55:46.408375 2042 heartbeater.cc:455] Master 127.0.61.62:33603 requested a full tablet report, sending...
I0916 07:55:46.418805 1036 ts_manager.cc:161] Re-registered known tserver with Master: 2f1f69d5d2dc4d7f8a6ffc7bcfb07c90 (127.0.61.3:45451)
I0916 07:55:46.430157 1911 raft_consensus.cc:1184] T e5cce06208f44e4fa384db94c0b624ae P bce8dbcd72a840bb8256dee0715b175f [term 4 FOLLOWER]: Refusing update from remote peer 39273ba79fdb4d31abbb34278b8b1709: Log matching property violated. Preceding OpId in replica: term: 3 index: 5. Preceding OpId from leader: term: 4 index: 6. (index mismatch)
I0916 07:55:46.431185 1915 consensus_queue.cc:984] T e5cce06208f44e4fa384db94c0b624ae P 39273ba79fdb4d31abbb34278b8b1709 [LEADER]: Connected to new peer: Peer: permanent_uuid: "bce8dbcd72a840bb8256dee0715b175f" member_type: VOTER last_known_addr { host: "127.0.61.2" port: 39401 }, Status: LMP_MISMATCH, Last received: 0.0, Next index: 6, Last known committed idx: 5, Time since last communication: 0.000s
I0916 07:55:46.446161 2011 raft_consensus.cc:2890] T e5cce06208f44e4fa384db94c0b624ae P 2f1f69d5d2dc4d7f8a6ffc7bcfb07c90 [term 3 FOLLOWER]: Advancing to term 4
I0916 07:55:46.451702 2011 raft_consensus.cc:1184] T e5cce06208f44e4fa384db94c0b624ae P 2f1f69d5d2dc4d7f8a6ffc7bcfb07c90 [term 4 FOLLOWER]: Refusing update from remote peer 39273ba79fdb4d31abbb34278b8b1709: Log matching property violated. Preceding OpId in replica: term: 3 index: 5. Preceding OpId from leader: term: 4 index: 6. (index mismatch)
I0916 07:55:46.448066 1979 tablet.cc:1223] T 6b5196040b094455ad661e9ab9e379c7 P 2f1f69d5d2dc4d7f8a6ffc7bcfb07c90: Alter schema from ( 10:key INT32 NOT NULL, PRIMARY KEY (key) ) version 0 to ( 10:key INT32 NOT NULL, PRIMARY KEY (key) ) version 1
I0916 07:55:46.452880 1979 tablet_metadata.cc:569] Not flushing: waiting for 1 pins to be released.
I0916 07:55:46.453537 1915 consensus_queue.cc:984] T e5cce06208f44e4fa384db94c0b624ae P 39273ba79fdb4d31abbb34278b8b1709 [LEADER]: Connected to new peer: Peer: permanent_uuid: "2f1f69d5d2dc4d7f8a6ffc7bcfb07c90" member_type: VOTER last_known_addr { host: "127.0.61.3" port: 45451 }, Status: LMP_MISMATCH, Last received: 0.0, Next index: 6, Last known committed idx: 5, Time since last communication: 0.000s
I0916 07:55:46.454605 1979 tablet_bootstrap.cc:439] T 6b5196040b094455ad661e9ab9e379c7 P 2f1f69d5d2dc4d7f8a6ffc7bcfb07c90: Bootstrap replayed 1/1 log segments. Stats: ops{read=6 overwritten=0 applied=6 ignored=0} inserts{seen=97 ignored=0} mutations{seen=0 ignored=0} orphaned_commits=0. Pending: 0 replicates
I0916 07:55:46.455453 1979 tablet_bootstrap.cc:439] T 6b5196040b094455ad661e9ab9e379c7 P 2f1f69d5d2dc4d7f8a6ffc7bcfb07c90: Bootstrap complete.
I0916 07:55:46.470257 1979 ts_tablet_manager.cc:1085] T 6b5196040b094455ad661e9ab9e379c7 P 2f1f69d5d2dc4d7f8a6ffc7bcfb07c90: Time spent bootstrapping tablet: real 0.078s user 0.039s sys 0.016s
I0916 07:55:46.472075 1979 raft_consensus.cc:340] T 6b5196040b094455ad661e9ab9e379c7 P 2f1f69d5d2dc4d7f8a6ffc7bcfb07c90 [term 4 FOLLOWER]: Replica starting. Triggering 0 pending transactions. Active config: opid_index: -1 OBSOLETE_local: false peers { permanent_uuid: "39273ba79fdb4d31abbb34278b8b1709" member_type: VOTER last_known_addr { host: "127.0.61.1" port: 40619 } } peers { permanent_uuid: "2f1f69d5d2dc4d7f8a6ffc7bcfb07c90" member_type: VOTER last_known_addr { host: "127.0.61.3" port: 45451 } } peers { permanent_uuid: "bce8dbcd72a840bb8256dee0715b175f" member_type: VOTER last_known_addr { host: "127.0.61.2" port: 39401 } }
I0916 07:55:46.472590 1979 raft_consensus.cc:705] T 6b5196040b094455ad661e9ab9e379c7 P 2f1f69d5d2dc4d7f8a6ffc7bcfb07c90 [term 4 FOLLOWER]: Becoming Follower/Learner. State: Replica: 2f1f69d5d2dc4d7f8a6ffc7bcfb07c90, State: Initialized, Role: FOLLOWER
I0916 07:55:46.473163 1979 consensus_queue.cc:229] T 6b5196040b094455ad661e9ab9e379c7 P 2f1f69d5d2dc4d7f8a6ffc7bcfb07c90 [NON_LEADER]: Queue going to NON_LEADER mode. State: All replicated index: 0, Majority replicated index: 0, Committed index: 6, Last appended: 4.6, Last appended by leader: 6, Current term: 0, Majority size: -1, State: 0, Mode: NON_LEADER, active raft config: opid_index: -1 OBSOLETE_local: false peers { permanent_uuid: "39273ba79fdb4d31abbb34278b8b1709" member_type: VOTER last_known_addr { host: "127.0.61.1" port: 40619 } } peers { permanent_uuid: "2f1f69d5d2dc4d7f8a6ffc7bcfb07c90" member_type: VOTER last_known_addr { host: "127.0.61.3" port: 45451 } } peers { permanent_uuid: "bce8dbcd72a840bb8256dee0715b175f" member_type: VOTER last_known_addr { host: "127.0.61.2" port: 39401 } }
I0916 07:55:46.474460 1979 ts_tablet_manager.cc:1113] T 6b5196040b094455ad661e9ab9e379c7 P 2f1f69d5d2dc4d7f8a6ffc7bcfb07c90: Time spent starting tablet: real 0.004s user 0.000s sys 0.003s
I0916 07:55:46.581753 1650 catalog_manager.cc:1936] Servicing DeleteTable request from {username='slave'} at 127.0.0.1:41264: table { table_id: "074536fca6144499906b7c13e035c370" table_name: "NewTableName" }
I0916 07:55:46.594242 1650 catalog_manager.cc:4370] T 00000000000000000000000000000000 P d933e518c06d4c7d8b4f743167c2c643: Sending DeleteTablet for 3 replicas of tablet 6b5196040b094455ad661e9ab9e379c7
I0916 07:55:46.594888 1650 catalog_manager.cc:3512] Sending DeleteTablet(TABLET_DATA_DELETED) for tablet 6b5196040b094455ad661e9ab9e379c7 on 39273ba79fdb4d31abbb34278b8b1709 (127.0.61.1:40619) (Table deleted at 2019-09-16 07:55:46 UTC)
I0916 07:55:46.595774 1650 catalog_manager.cc:3512] Sending DeleteTablet(TABLET_DATA_DELETED) for tablet 6b5196040b094455ad661e9ab9e379c7 on 2f1f69d5d2dc4d7f8a6ffc7bcfb07c90 (127.0.61.3:45451) (Table deleted at 2019-09-16 07:55:46 UTC)
I0916 07:55:46.596132 1810 tablet_service.cc:1066] Processing DeleteTablet for tablet 6b5196040b094455ad661e9ab9e379c7 with delete_type TABLET_DATA_DELETED (Table deleted at 2019-09-16 07:55:46 UTC) from {username='slave'} at 127.0.0.1:35302
I0916 07:55:46.596503 1650 catalog_manager.cc:3512] Sending DeleteTablet(TABLET_DATA_DELETED) for tablet 6b5196040b094455ad661e9ab9e379c7 on bce8dbcd72a840bb8256dee0715b175f (127.0.61.2:39401) (Table deleted at 2019-09-16 07:55:46 UTC)
I0916 07:55:46.598794 1650 catalog_manager.cc:4370] T 00000000000000000000000000000000 P d933e518c06d4c7d8b4f743167c2c643: Sending DeleteTablet for 3 replicas of tablet e02eeaf40c1d4a299b70f4a8f1514e31
I0916 07:55:46.599182 1650 catalog_manager.cc:3512] Sending DeleteTablet(TABLET_DATA_DELETED) for tablet e02eeaf40c1d4a299b70f4a8f1514e31 on bce8dbcd72a840bb8256dee0715b175f (127.0.61.2:39401) (Table deleted at 2019-09-16 07:55:46 UTC)
I0916 07:55:46.599799 1650 catalog_manager.cc:3512] Sending DeleteTablet(TABLET_DATA_DELETED) for tablet e02eeaf40c1d4a299b70f4a8f1514e31 on 39273ba79fdb4d31abbb34278b8b1709 (127.0.61.1:40619) (Table deleted at 2019-09-16 07:55:46 UTC)
I0916 07:55:46.600370 1650 catalog_manager.cc:3512] Sending DeleteTablet(TABLET_DATA_DELETED) for tablet e02eeaf40c1d4a299b70f4a8f1514e31 on 2f1f69d5d2dc4d7f8a6ffc7bcfb07c90 (127.0.61.3:45451) (Table deleted at 2019-09-16 07:55:46 UTC)
I0916 07:55:46.600973 1650 catalog_manager.cc:4370] T 00000000000000000000000000000000 P d933e518c06d4c7d8b4f743167c2c643: Sending DeleteTablet for 3 replicas of tablet e5cce06208f44e4fa384db94c0b624ae
I0916 07:55:46.601164 1810 tablet_service.cc:1066] Processing DeleteTablet for tablet e02eeaf40c1d4a299b70f4a8f1514e31 with delete_type TABLET_DATA_DELETED (Table deleted at 2019-09-16 07:55:46 UTC) from {username='slave'} at 127.0.0.1:35302
I0916 07:55:46.601281 1650 catalog_manager.cc:3512] Sending DeleteTablet(TABLET_DATA_DELETED) for tablet e5cce06208f44e4fa384db94c0b624ae on 39273ba79fdb4d31abbb34278b8b1709 (127.0.61.1:40619) (Table deleted at 2019-09-16 07:55:46 UTC)
I0916 07:55:46.601824 1650 catalog_manager.cc:3512] Sending DeleteTablet(TABLET_DATA_DELETED) for tablet e5cce06208f44e4fa384db94c0b624ae on bce8dbcd72a840bb8256dee0715b175f (127.0.61.2:39401) (Table deleted at 2019-09-16 07:55:46 UTC)
I0916 07:55:46.602301 1810 tablet_service.cc:1066] Processing DeleteTablet for tablet e5cce06208f44e4fa384db94c0b624ae with delete_type TABLET_DATA_DELETED (Table deleted at 2019-09-16 07:55:46 UTC) from {username='slave'} at 127.0.0.1:35302
I0916 07:55:46.602474 1650 catalog_manager.cc:3512] Sending DeleteTablet(TABLET_DATA_DELETED) for tablet e5cce06208f44e4fa384db94c0b624ae on 2f1f69d5d2dc4d7f8a6ffc7bcfb07c90 (127.0.61.3:45451) (Table deleted at 2019-09-16 07:55:46 UTC)
I0916 07:55:46.603986 2061 tablet_replica.cc:273] T 6b5196040b094455ad661e9ab9e379c7 P 39273ba79fdb4d31abbb34278b8b1709: stopping tablet replica
I0916 07:55:46.604379 2061 raft_consensus.cc:2147] T 6b5196040b094455ad661e9ab9e379c7 P 39273ba79fdb4d31abbb34278b8b1709 [term 4 LEADER]: Raft consensus shutting down.
I0916 07:55:46.606011 2061 raft_consensus.cc:2174] T 6b5196040b094455ad661e9ab9e379c7 P 39273ba79fdb4d31abbb34278b8b1709 [term 4 FOLLOWER]: Raft consensus is shut down!
I0916 07:55:46.609892 2002 tablet_service.cc:1066] Processing DeleteTablet for tablet 6b5196040b094455ad661e9ab9e379c7 with delete_type TABLET_DATA_DELETED (Table deleted at 2019-09-16 07:55:46 UTC) from {username='slave'} at 127.0.0.1:37622
I0916 07:55:46.610090 2061 ts_tablet_manager.cc:1440] T 6b5196040b094455ad661e9ab9e379c7 P 39273ba79fdb4d31abbb34278b8b1709: Deleting tablet data with delete state TABLET_DATA_DELETED
I0916 07:55:46.610797 2001 tablet_service.cc:1066] Processing DeleteTablet for tablet e02eeaf40c1d4a299b70f4a8f1514e31 with delete_type TABLET_DATA_DELETED (Table deleted at 2019-09-16 07:55:46 UTC) from {username='slave'} at 127.0.0.1:37622
I0916 07:55:46.611361 2000 tablet_service.cc:1066] Processing DeleteTablet for tablet e5cce06208f44e4fa384db94c0b624ae with delete_type TABLET_DATA_DELETED (Table deleted at 2019-09-16 07:55:46 UTC) from {username='slave'} at 127.0.0.1:37622
I0916 07:55:46.612283 2064 tablet_replica.cc:273] T 6b5196040b094455ad661e9ab9e379c7 P 2f1f69d5d2dc4d7f8a6ffc7bcfb07c90: stopping tablet replica
I0916 07:55:46.616750 2064 raft_consensus.cc:2147] T 6b5196040b094455ad661e9ab9e379c7 P 2f1f69d5d2dc4d7f8a6ffc7bcfb07c90 [term 4 FOLLOWER]: Raft consensus shutting down.
I0916 07:55:46.617122 2064 raft_consensus.cc:2174] T 6b5196040b094455ad661e9ab9e379c7 P 2f1f69d5d2dc4d7f8a6ffc7bcfb07c90 [term 4 FOLLOWER]: Raft consensus is shut down!
I0916 07:55:46.619369 1899 tablet_service.cc:1066] Processing DeleteTablet for tablet e02eeaf40c1d4a299b70f4a8f1514e31 with delete_type TABLET_DATA_DELETED (Table deleted at 2019-09-16 07:55:46 UTC) from {username='slave'} at 127.0.0.1:40034
I0916 07:55:46.619463 1900 tablet_service.cc:1066] Processing DeleteTablet for tablet 6b5196040b094455ad661e9ab9e379c7 with delete_type TABLET_DATA_DELETED (Table deleted at 2019-09-16 07:55:46 UTC) from {username='slave'} at 127.0.0.1:40034
I0916 07:55:46.619596 1898 tablet_service.cc:1066] Processing DeleteTablet for tablet e5cce06208f44e4fa384db94c0b624ae with delete_type TABLET_DATA_DELETED (Table deleted at 2019-09-16 07:55:46 UTC) from {username='slave'} at 127.0.0.1:40034
I0916 07:55:46.621476 2065 tablet_replica.cc:273] T e02eeaf40c1d4a299b70f4a8f1514e31 P bce8dbcd72a840bb8256dee0715b175f: stopping tablet replica
I0916 07:55:46.622050 2065 raft_consensus.cc:2147] T e02eeaf40c1d4a299b70f4a8f1514e31 P bce8dbcd72a840bb8256dee0715b175f [term 5 FOLLOWER]: Raft consensus shutting down.
I0916 07:55:46.622417 2065 raft_consensus.cc:2174] T e02eeaf40c1d4a299b70f4a8f1514e31 P bce8dbcd72a840bb8256dee0715b175f [term 5 FOLLOWER]: Raft consensus is shut down!
I0916 07:55:46.623322 2064 ts_tablet_manager.cc:1440] T 6b5196040b094455ad661e9ab9e379c7 P 2f1f69d5d2dc4d7f8a6ffc7bcfb07c90: Deleting tablet data with delete state TABLET_DATA_DELETED
I0916 07:55:46.625779 2065 ts_tablet_manager.cc:1440] T e02eeaf40c1d4a299b70f4a8f1514e31 P bce8dbcd72a840bb8256dee0715b175f: Deleting tablet data with delete state TABLET_DATA_DELETED
I0916 07:55:46.627020 2061 ts_tablet_manager.cc:1453] T 6b5196040b094455ad661e9ab9e379c7 P 39273ba79fdb4d31abbb34278b8b1709: tablet deleted with delete type TABLET_DATA_DELETED: last-logged OpId 4.6
I0916 07:55:46.627415 2061 log.cc:990] T 6b5196040b094455ad661e9ab9e379c7 P 39273ba79fdb4d31abbb34278b8b1709: Deleting WAL directory at /tmp/dist-test-taska4lOjz/test-tmp/ts_tablet_manager-itest.0.TsTabletManagerITest.TestTableStats.1568620531643032-244/minicluster-data/ts-0-root/wals/6b5196040b094455ad661e9ab9e379c7
I0916 07:55:46.628099 2061 ts_tablet_manager.cc:1474] T 6b5196040b094455ad661e9ab9e379c7 P 39273ba79fdb4d31abbb34278b8b1709: Deleting consensus metadata
I0916 07:55:46.631937 1633 catalog_manager.cc:3490] TS 39273ba79fdb4d31abbb34278b8b1709 (127.0.61.1:40619): tablet 6b5196040b094455ad661e9ab9e379c7 (table NewTableName [id=074536fca6144499906b7c13e035c370]) successfully deleted
I0916 07:55:46.632817 2061 tablet_replica.cc:273] T e02eeaf40c1d4a299b70f4a8f1514e31 P 39273ba79fdb4d31abbb34278b8b1709: stopping tablet replica
I0916 07:55:46.633343 2061 raft_consensus.cc:2147] T e02eeaf40c1d4a299b70f4a8f1514e31 P 39273ba79fdb4d31abbb34278b8b1709 [term 5 LEADER]: Raft consensus shutting down.
I0916 07:55:46.634054 2061 raft_consensus.cc:2174] T e02eeaf40c1d4a299b70f4a8f1514e31 P 39273ba79fdb4d31abbb34278b8b1709 [term 5 FOLLOWER]: Raft consensus is shut down!
I0916 07:55:46.635651 2064 ts_tablet_manager.cc:1453] T 6b5196040b094455ad661e9ab9e379c7 P 2f1f69d5d2dc4d7f8a6ffc7bcfb07c90: tablet deleted with delete type TABLET_DATA_DELETED: last-logged OpId 4.6
I0916 07:55:46.636070 2064 log.cc:990] T 6b5196040b094455ad661e9ab9e379c7 P 2f1f69d5d2dc4d7f8a6ffc7bcfb07c90: Deleting WAL directory at /tmp/dist-test-taska4lOjz/test-tmp/ts_tablet_manager-itest.0.TsTabletManagerITest.TestTableStats.1568620531643032-244/minicluster-data/ts-2-root/wals/6b5196040b094455ad661e9ab9e379c7
I0916 07:55:46.636804 2064 ts_tablet_manager.cc:1474] T 6b5196040b094455ad661e9ab9e379c7 P 2f1f69d5d2dc4d7f8a6ffc7bcfb07c90: Deleting consensus metadata
I0916 07:55:46.637364 2061 ts_tablet_manager.cc:1440] T e02eeaf40c1d4a299b70f4a8f1514e31 P 39273ba79fdb4d31abbb34278b8b1709: Deleting tablet data with delete state TABLET_DATA_DELETED
I0916 07:55:46.637552 2065 ts_tablet_manager.cc:1453] T e02eeaf40c1d4a299b70f4a8f1514e31 P bce8dbcd72a840bb8256dee0715b175f: tablet deleted with delete type TABLET_DATA_DELETED: last-logged OpId 5.7
I0916 07:55:46.637945 2065 log.cc:990] T e02eeaf40c1d4a299b70f4a8f1514e31 P bce8dbcd72a840bb8256dee0715b175f: Deleting WAL directory at /tmp/dist-test-taska4lOjz/test-tmp/ts_tablet_manager-itest.0.TsTabletManagerITest.TestTableStats.1568620531643032-244/minicluster-data/ts-1-root/wals/e02eeaf40c1d4a299b70f4a8f1514e31
I0916 07:55:46.638630 2065 ts_tablet_manager.cc:1474] T e02eeaf40c1d4a299b70f4a8f1514e31 P bce8dbcd72a840bb8256dee0715b175f: Deleting consensus metadata
I0916 07:55:46.639564 1635 catalog_manager.cc:3490] TS 2f1f69d5d2dc4d7f8a6ffc7bcfb07c90 (127.0.61.3:45451): tablet 6b5196040b094455ad661e9ab9e379c7 (table NewTableName [id=074536fca6144499906b7c13e035c370]) successfully deleted
I0916 07:55:46.640643 2064 tablet_replica.cc:273] T e02eeaf40c1d4a299b70f4a8f1514e31 P 2f1f69d5d2dc4d7f8a6ffc7bcfb07c90: stopping tablet replica
I0916 07:55:46.641201 1632 catalog_manager.cc:3490] TS bce8dbcd72a840bb8256dee0715b175f (127.0.61.2:39401): tablet e02eeaf40c1d4a299b70f4a8f1514e31 (table NewTableName [id=074536fca6144499906b7c13e035c370]) successfully deleted
I0916 07:55:46.641289 2064 raft_consensus.cc:2147] T e02eeaf40c1d4a299b70f4a8f1514e31 P 2f1f69d5d2dc4d7f8a6ffc7bcfb07c90 [term 5 FOLLOWER]: Raft consensus shutting down.
I0916 07:55:46.641798 2064 raft_consensus.cc:2174] T e02eeaf40c1d4a299b70f4a8f1514e31 P 2f1f69d5d2dc4d7f8a6ffc7bcfb07c90 [term 5 FOLLOWER]: Raft consensus is shut down!
I0916 07:55:46.642096 2065 tablet_replica.cc:273] T 6b5196040b094455ad661e9ab9e379c7 P bce8dbcd72a840bb8256dee0715b175f: stopping tablet replica
I0916 07:55:46.644194 2065 raft_consensus.cc:2147] T 6b5196040b094455ad661e9ab9e379c7 P bce8dbcd72a840bb8256dee0715b175f [term 4 FOLLOWER]: Raft consensus shutting down.
I0916 07:55:46.644685 2065 raft_consensus.cc:2174] T 6b5196040b094455ad661e9ab9e379c7 P bce8dbcd72a840bb8256dee0715b175f [term 4 FOLLOWER]: Raft consensus is shut down!
I0916 07:55:46.645743 2064 ts_tablet_manager.cc:1440] T e02eeaf40c1d4a299b70f4a8f1514e31 P 2f1f69d5d2dc4d7f8a6ffc7bcfb07c90: Deleting tablet data with delete state TABLET_DATA_DELETED
I0916 07:55:46.648180 2065 ts_tablet_manager.cc:1440] T 6b5196040b094455ad661e9ab9e379c7 P bce8dbcd72a840bb8256dee0715b175f: Deleting tablet data with delete state TABLET_DATA_DELETED
I0916 07:55:46.649518 2061 ts_tablet_manager.cc:1453] T e02eeaf40c1d4a299b70f4a8f1514e31 P 39273ba79fdb4d31abbb34278b8b1709: tablet deleted with delete type TABLET_DATA_DELETED: last-logged OpId 5.7
I0916 07:55:46.649853 2061 log.cc:990] T e02eeaf40c1d4a299b70f4a8f1514e31 P 39273ba79fdb4d31abbb34278b8b1709: Deleting WAL directory at /tmp/dist-test-taska4lOjz/test-tmp/ts_tablet_manager-itest.0.TsTabletManagerITest.TestTableStats.1568620531643032-244/minicluster-data/ts-0-root/wals/e02eeaf40c1d4a299b70f4a8f1514e31
I0916 07:55:46.650471 2061 ts_tablet_manager.cc:1474] T e02eeaf40c1d4a299b70f4a8f1514e31 P 39273ba79fdb4d31abbb34278b8b1709: Deleting consensus metadata
I0916 07:55:46.653017 1633 catalog_manager.cc:3490] TS 39273ba79fdb4d31abbb34278b8b1709 (127.0.61.1:40619): tablet e02eeaf40c1d4a299b70f4a8f1514e31 (table NewTableName [id=074536fca6144499906b7c13e035c370]) successfully deleted
I0916 07:55:46.653813 2061 tablet_replica.cc:273] T e5cce06208f44e4fa384db94c0b624ae P 39273ba79fdb4d31abbb34278b8b1709: stopping tablet replica
I0916 07:55:46.654309 2061 raft_consensus.cc:2147] T e5cce06208f44e4fa384db94c0b624ae P 39273ba79fdb4d31abbb34278b8b1709 [term 4 LEADER]: Raft consensus shutting down.
I0916 07:55:46.655025 2061 raft_consensus.cc:2174] T e5cce06208f44e4fa384db94c0b624ae P 39273ba79fdb4d31abbb34278b8b1709 [term 4 FOLLOWER]: Raft consensus is shut down!
I0916 07:55:46.658109 2065 ts_tablet_manager.cc:1453] T 6b5196040b094455ad661e9ab9e379c7 P bce8dbcd72a840bb8256dee0715b175f: tablet deleted with delete type TABLET_DATA_DELETED: last-logged OpId 4.6
I0916 07:55:46.658370 2065 log.cc:990] T 6b5196040b094455ad661e9ab9e379c7 P bce8dbcd72a840bb8256dee0715b175f: Deleting WAL directory at /tmp/dist-test-taska4lOjz/test-tmp/ts_tablet_manager-itest.0.TsTabletManagerITest.TestTableStats.1568620531643032-244/minicluster-data/ts-1-root/wals/6b5196040b094455ad661e9ab9e379c7
I0916 07:55:46.658828 2065 ts_tablet_manager.cc:1474] T 6b5196040b094455ad661e9ab9e379c7 P bce8dbcd72a840bb8256dee0715b175f: Deleting consensus metadata
I0916 07:55:46.660853 1632 catalog_manager.cc:3490] TS bce8dbcd72a840bb8256dee0715b175f (127.0.61.2:39401): tablet 6b5196040b094455ad661e9ab9e379c7 (table NewTableName [id=074536fca6144499906b7c13e035c370]) successfully deleted
I0916 07:55:46.661970 2064 ts_tablet_manager.cc:1453] T e02eeaf40c1d4a299b70f4a8f1514e31 P 2f1f69d5d2dc4d7f8a6ffc7bcfb07c90: tablet deleted with delete type TABLET_DATA_DELETED: last-logged OpId 5.7
I0916 07:55:46.662328 2064 log.cc:990] T e02eeaf40c1d4a299b70f4a8f1514e31 P 2f1f69d5d2dc4d7f8a6ffc7bcfb07c90: Deleting WAL directory at /tmp/dist-test-taska4lOjz/test-tmp/ts_tablet_manager-itest.0.TsTabletManagerITest.TestTableStats.1568620531643032-244/minicluster-data/ts-2-root/wals/e02eeaf40c1d4a299b70f4a8f1514e31
I0916 07:55:46.662879 2061 ts_tablet_manager.cc:1440] T e5cce06208f44e4fa384db94c0b624ae P 39273ba79fdb4d31abbb34278b8b1709: Deleting tablet data with delete state TABLET_DATA_DELETED
I0916 07:55:46.662977 2064 ts_tablet_manager.cc:1474] T e02eeaf40c1d4a299b70f4a8f1514e31 P 2f1f69d5d2dc4d7f8a6ffc7bcfb07c90: Deleting consensus metadata
I0916 07:55:46.665844 1635 catalog_manager.cc:3490] TS 2f1f69d5d2dc4d7f8a6ffc7bcfb07c90 (127.0.61.3:45451): tablet e02eeaf40c1d4a299b70f4a8f1514e31 (table NewTableName [id=074536fca6144499906b7c13e035c370]) successfully deleted
I0916 07:55:46.666920 2065 tablet_replica.cc:273] T e5cce06208f44e4fa384db94c0b624ae P bce8dbcd72a840bb8256dee0715b175f: stopping tablet replica
I0916 07:55:46.667003 2064 tablet_replica.cc:273] T e5cce06208f44e4fa384db94c0b624ae P 2f1f69d5d2dc4d7f8a6ffc7bcfb07c90: stopping tablet replica
I0916 07:55:46.667435 2065 raft_consensus.cc:2147] T e5cce06208f44e4fa384db94c0b624ae P bce8dbcd72a840bb8256dee0715b175f [term 4 FOLLOWER]: Raft consensus shutting down.
I0916 07:55:46.670652 2065 raft_consensus.cc:2174] T e5cce06208f44e4fa384db94c0b624ae P bce8dbcd72a840bb8256dee0715b175f [term 4 FOLLOWER]: Raft consensus is shut down!
I0916 07:55:46.668220 2064 raft_consensus.cc:2147] T e5cce06208f44e4fa384db94c0b624ae P 2f1f69d5d2dc4d7f8a6ffc7bcfb07c90 [term 4 FOLLOWER]: Raft consensus shutting down.
I0916 07:55:46.671196 2064 raft_consensus.cc:2174] T e5cce06208f44e4fa384db94c0b624ae P 2f1f69d5d2dc4d7f8a6ffc7bcfb07c90 [term 4 FOLLOWER]: Raft consensus is shut down!
I0916 07:55:46.675431 2064 ts_tablet_manager.cc:1440] T e5cce06208f44e4fa384db94c0b624ae P 2f1f69d5d2dc4d7f8a6ffc7bcfb07c90: Deleting tablet data with delete state TABLET_DATA_DELETED
I0916 07:55:46.675453 2065 ts_tablet_manager.cc:1440] T e5cce06208f44e4fa384db94c0b624ae P bce8dbcd72a840bb8256dee0715b175f: Deleting tablet data with delete state TABLET_DATA_DELETED
I0916 07:55:46.679795 2061 ts_tablet_manager.cc:1453] T e5cce06208f44e4fa384db94c0b624ae P 39273ba79fdb4d31abbb34278b8b1709: tablet deleted with delete type TABLET_DATA_DELETED: last-logged OpId 4.6
I0916 07:55:46.680141 2061 log.cc:990] T e5cce06208f44e4fa384db94c0b624ae P 39273ba79fdb4d31abbb34278b8b1709: Deleting WAL directory at /tmp/dist-test-taska4lOjz/test-tmp/ts_tablet_manager-itest.0.TsTabletManagerITest.TestTableStats.1568620531643032-244/minicluster-data/ts-0-root/wals/e5cce06208f44e4fa384db94c0b624ae
