W0916 07:55:52.046422 2208 debug-util.cc:397] Leaking SignalData structure 0x7b08000266c0 after lost signal to thread 247 Master Summary UUID | Address | Status ----------------------------------+-------------------+--------- 9bd8119743184be0a7f051deead359d1 | 127.0.61.62:34307 | HEALTHY Flag | Value | Tags | Master ------------------------------------------+-------+-----------------------+------------------------- raft_prepare_replacement_before_eviction | false | experimental,advanced | all 1 server(s) checked rpc_server_allow_ephemeral_ports | true | unsafe | all 1 server(s) checked Tablet Server Summary UUID | Address | Status | Location ----------------------------------+------------------+---------+---------- 12336a106614452ab8811f1ca5651a7f | 127.0.61.1:35423 | HEALTHY | 7c2cba5d630949b894e60e1bb10b8148 | 127.0.61.2:39907 | HEALTHY | dec5051aad8d4ab8927d10e1a4b937b4 | 127.0.61.3:38109 | HEALTHY | Tablet Server Location Summary Location | Count ----------+--------- | 3 Flag | Value | Tags | Tablet Server ------------------------------------------+-------+-----------------------+------------------------- raft_prepare_replacement_before_eviction | false | experimental,advanced | all 3 server(s) checked rpc_server_allow_ephemeral_ports | true | unsafe | all 3 server(s) checked Version Summary Version | Servers -----------------+------------------------- 1.11.0-SNAPSHOT | all 4 server(s) checked Tablet Summary Summary by table Name | RF | Status | Total Tablets | Healthy | Recovering | Under-replicated | Unavailable ---------------+----+---------+---------------+---------+------------+------------------+------------- test-workload | 3 | HEALTHY | 1 | 1 | 0 | 0 | 0 Tablet Replica Count Summary Statistic | Replica Count ----------------+--------------- Minimum | 1 First Quartile | 1 Median | 1 Third Quartile | 1 Maximum | 1 Total Count Summary | Total Count ----------------+------------- Masters | 1 Tablet Servers | 3 Tables | 1 Tablets | 1 Replicas | 3 ================== Warnings: ================== Some masters have unsafe, experimental, or hidden flags set Some tablet servers have unsafe, experimental, or hidden flags set OK
I0916 07:55:52.677925 244 log_verifier.cc:121] Checking tablet 0d6b8fb1ba064b57b8efeaf783085c76
I0916 07:55:52.754932 244 log_verifier.cc:172] Verified matching terms for 4 ops in tablet 0d6b8fb1ba064b57b8efeaf783085c76
I0916 07:55:52.759182 244 tablet_server.cc:159] TabletServer@127.0.61.1:35423 shutting down...
I0916 07:55:52.793138 244 ts_tablet_manager.cc:1159] Shutting down tablet manager...
I0916 07:55:52.793565 244 tablet_replica.cc:273] T 0d6b8fb1ba064b57b8efeaf783085c76 P 12336a106614452ab8811f1ca5651a7f: stopping tablet replica
I0916 07:55:52.794039 244 raft_consensus.cc:2147] T 0d6b8fb1ba064b57b8efeaf783085c76 P 12336a106614452ab8811f1ca5651a7f [term 2 LEADER]: Raft consensus shutting down.
I0916 07:55:52.795011 244 raft_consensus.cc:2174] T 0d6b8fb1ba064b57b8efeaf783085c76 P 12336a106614452ab8811f1ca5651a7f [term 2 FOLLOWER]: Raft consensus is shut down!
I0916 07:55:52.818622 244 tablet_server.cc:173] TabletServer@127.0.61.1:35423 shutdown complete.
I0916 07:55:52.830932 244 tablet_server.cc:159] TabletServer@127.0.61.2:39907 shutting down...
I0916 07:55:52.859714 244 ts_tablet_manager.cc:1159] Shutting down tablet manager...
I0916 07:55:52.860155 244 tablet_replica.cc:273] T 0d6b8fb1ba064b57b8efeaf783085c76 P 7c2cba5d630949b894e60e1bb10b8148: stopping tablet replica
I0916 07:55:52.860642 244 raft_consensus.cc:2147] T 0d6b8fb1ba064b57b8efeaf783085c76 P 7c2cba5d630949b894e60e1bb10b8148 [term 2 FOLLOWER]: Raft consensus shutting down.
I0916 07:55:52.861024 244 raft_consensus.cc:2174] T 0d6b8fb1ba064b57b8efeaf783085c76 P 7c2cba5d630949b894e60e1bb10b8148 [term 2 FOLLOWER]: Raft consensus is shut down!
I0916 07:55:53.829588 2611 raft_consensus.cc:472] T 0d6b8fb1ba064b57b8efeaf783085c76 P dec5051aad8d4ab8927d10e1a4b937b4 [term 2 FOLLOWER]: Starting pre-election (detected failure of leader 12336a106614452ab8811f1ca5651a7f)
I0916 07:55:53.830109 2611 raft_consensus.cc:494] T 0d6b8fb1ba064b57b8efeaf783085c76 P dec5051aad8d4ab8927d10e1a4b937b4 [term 2 FOLLOWER]: Starting pre-election with config: opid_index: 4 OBSOLETE_local: false peers { permanent_uuid: "12336a106614452ab8811f1ca5651a7f" member_type: VOTER last_known_addr { host: "127.0.61.1" port: 35423 } } peers { permanent_uuid: "dec5051aad8d4ab8927d10e1a4b937b4" member_type: VOTER last_known_addr { host: "127.0.61.3" port: 38109 } } peers { permanent_uuid: "7c2cba5d630949b894e60e1bb10b8148" member_type: VOTER last_known_addr { host: "127.0.61.2" port: 39907 } }
I0916 07:55:53.832018 2611 leader_election.cc:296] T 0d6b8fb1ba064b57b8efeaf783085c76 P dec5051aad8d4ab8927d10e1a4b937b4 [CANDIDATE]: Term 3 pre-election: Requested pre-vote from peers 12336a106614452ab8811f1ca5651a7f (127.0.61.1:35423), 7c2cba5d630949b894e60e1bb10b8148 (127.0.61.2:39907)
W0916 07:55:53.834908 2271 leader_election.cc:341] T 0d6b8fb1ba064b57b8efeaf783085c76 P dec5051aad8d4ab8927d10e1a4b937b4 [CANDIDATE]: Term 3 pre-election: RPC error from VoteRequest() call to peer 7c2cba5d630949b894e60e1bb10b8148 (127.0.61.2:39907): Network error: Client connection negotiation failed: client connection to 127.0.61.2:39907: connect: Connection refused (error 111)
W0916 07:55:53.835351 2274 leader_election.cc:341] T 0d6b8fb1ba064b57b8efeaf783085c76 P dec5051aad8d4ab8927d10e1a4b937b4 [CANDIDATE]: Term 3 pre-election: RPC error from VoteRequest() call to peer 12336a106614452ab8811f1ca5651a7f (127.0.61.1:35423): Network error: Client connection negotiation failed: client connection to 127.0.61.1:35423: connect: Connection refused (error 111)
I0916 07:55:53.835608 2274 leader_election.cc:310] T 0d6b8fb1ba064b57b8efeaf783085c76 P dec5051aad8d4ab8927d10e1a4b937b4 [CANDIDATE]: Term 3 pre-election: Election decided. Result: candidate lost. Election summary: received 3 responses out of 3 voters: 1 yes votes; 2 no votes. yes voters: dec5051aad8d4ab8927d10e1a4b937b4; no voters: 12336a106614452ab8811f1ca5651a7f, 7c2cba5d630949b894e60e1bb10b8148
I0916 07:55:53.836222 2611 raft_consensus.cc:2592] T 0d6b8fb1ba064b57b8efeaf783085c76 P dec5051aad8d4ab8927d10e1a4b937b4 [term 2 FOLLOWER]: Leader pre-election lost for term 3. Reason: could not achieve majority
W0916 07:55:53.880955 244 thread.cc:499] Waited for 1000ms trying to join with diag-logger (tid 2208)
I0916 07:55:54.005455 244 tablet_server.cc:173] TabletServer@127.0.61.2:39907 shutdown complete.
I0916 07:55:54.014325 244 tablet_server.cc:159] TabletServer@127.0.61.3:38109 shutting down...
I0916 07:55:54.033938 244 ts_tablet_manager.cc:1159] Shutting down tablet manager...
I0916 07:55:54.034251 244 tablet_replica.cc:273] T 0d6b8fb1ba064b57b8efeaf783085c76 P dec5051aad8d4ab8927d10e1a4b937b4: stopping tablet replica
I0916 07:55:54.034587 244 raft_consensus.cc:2147] T 0d6b8fb1ba064b57b8efeaf783085c76 P dec5051aad8d4ab8927d10e1a4b937b4 [term 2 FOLLOWER]: Raft consensus shutting down.
I0916 07:55:54.034853 244 raft_consensus.cc:2174] T 0d6b8fb1ba064b57b8efeaf783085c76 P dec5051aad8d4ab8927d10e1a4b937b4 [term 2 FOLLOWER]: Raft consensus is shut down!
I0916 07:55:54.055197 244 tablet_server.cc:173] TabletServer@127.0.61.3:38109 shutdown complete.
I0916 07:55:54.063201 244 master.cc:247] Master@127.0.61.62:34307 shutting down...
I0916 07:55:54.079749 244 raft_consensus.cc:2147] T 00000000000000000000000000000000 P 9bd8119743184be0a7f051deead359d1 [term 1 LEADER]: Raft consensus shutting down.
I0916 07:55:54.080108 244 raft_consensus.cc:2174] T 00000000000000000000000000000000 P 9bd8119743184be0a7f051deead359d1 [term 1 FOLLOWER]: Raft consensus is shut down!
I0916 07:55:54.080335 244 tablet_replica.cc:273] T 00000000000000000000000000000000 P 9bd8119743184be0a7f051deead359d1: stopping tablet replica
I0916 07:55:54.096901 244 master.cc:258] Master@127.0.61.62:34307 shutdown complete. [ OK ] FailedTabletsAreReplacedITest.OneReplica/0 (7058 ms) [ RUN ] FailedTabletsAreReplacedITest.OneReplica/1
I0916 07:55:54.117676 244 internal_mini_cluster.cc:146] Creating distributed mini masters. Addrs: 127.0.61.62:40441
I0916 07:55:54.128959 244 system_ntp.cc:193] NTP initialized. Skew: 500ppm Current error: 53016us
I0916 07:55:54.129364 244 fs_manager.cc:263] Metadata directory not provided
I0916 07:55:54.129503 244 fs_manager.cc:269] Using write-ahead log directory (fs_wal_dir) as metadata directory
I0916 07:55:54.129725 244 server_base.cc:452] Could not load existing FS layout: Not found: could not find a healthy instance file
I0916 07:55:54.129832 244 server_base.cc:453] Attempting to create new FS layout instead
I0916 07:55:54.130861 244 fs_manager.cc:602] Generated new instance metadata in path /tmp/dist-test-taska4lOjz/test-tmp/ts_tablet_manager-itest.0.FailedTabletsAreReplacedITest.OneReplica_1.1568620531643032-244/minicluster-data/master-0-root/instance: uuid: "490537774c7b411291a492c7d78633ca" format_stamp: "Formatted at 2019-09-16 07:55:54 on dist-test-slave-dist-test-slave-p3b0"
I0916 07:55:54.138525 244 fs_manager.cc:503] Time spent creating directory manager: real 0.007s user 0.009s sys 0.000s
I0916 07:55:54.139922 244 file_cache.cc:465] Constructed file cache lbm with capacity 419430
I0916 07:55:54.146097 244 fs_manager.cc:419] Time spent opening block manager: real 0.001s user 0.001s sys 0.000s
I0916 07:55:54.146258 244 fs_manager.cc:436] Opened local filesystem: /tmp/dist-test-taska4lOjz/test-tmp/ts_tablet_manager-itest.0.FailedTabletsAreReplacedITest.OneReplica_1.1568620531643032-244/minicluster-data/master-0-root uuid: "490537774c7b411291a492c7d78633ca" format_stamp: "Formatted at 2019-09-16 07:55:54 on dist-test-slave-dist-test-slave-p3b0"
I0916 07:55:54.146495 244 fs_report.cc:352] FS layout report -------------------- wal directory: /tmp/dist-test-taska4lOjz/test-tmp/ts_tablet_manager-itest.0.FailedTabletsAreReplacedITest.OneReplica_1.1568620531643032-244/minicluster-data/master-0-root metadata directory: /tmp/dist-test-taska4lOjz/test-tmp/ts_tablet_manager-itest.0.FailedTabletsAreReplacedITest.OneReplica_1.1568620531643032-244/minicluster-data/master-0-root 1 data directories: /tmp/dist-test-taska4lOjz/test-tmp/ts_tablet_manager-itest.0.FailedTabletsAreReplacedITest.OneReplica_1.1568620531643032-244/minicluster-data/master-0-root/data Total live blocks: 0 Total live bytes: 0 Total live bytes (after alignment): 0 Total number of LBM containers: 0 (0 full) Did not check for missing blocks Did not check for orphaned blocks Total full LBM containers with extra space: 0 (0 repaired) Total full LBM container extra space in bytes: 0 (0 repaired) Total incomplete LBM containers: 0 (0 repaired) Total LBM partial records: 0 (0 repaired)
I0916 07:55:54.233434 244 rpc_server.cc:205] RPC server started. Bound to: 127.0.61.62:40441
I0916 07:55:54.235199 244 webserver.cc:374] Webserver started at http://127.0.61.62:44961/ using document root and password file
I0916 07:55:54.236918 2672 data_dirs.cc:939] Could only allocate 1 dirs of requested 3 for tablet 00000000000000000000000000000000. 1 dirs total, 0 dirs full, 0 dirs failed
I0916 07:55:54.245079 2672 tablet_bootstrap.cc:439] T 00000000000000000000000000000000 P 490537774c7b411291a492c7d78633ca: Bootstrap starting.
I0916 07:55:54.247738 2672 tablet_bootstrap.cc:590] T 00000000000000000000000000000000 P 490537774c7b411291a492c7d78633ca: No blocks or log segments found. Creating new log.
I0916 07:55:54.250892 2672 tablet_bootstrap.cc:439] T 00000000000000000000000000000000 P 490537774c7b411291a492c7d78633ca: No bootstrap required, opened a new log
I0916 07:55:54.252326 2672 raft_consensus.cc:340] T 00000000000000000000000000000000 P 490537774c7b411291a492c7d78633ca [term 0 FOLLOWER]: Replica starting. Triggering 0 pending transactions. Active config: opid_index: -1 OBSOLETE_local: true peers { permanent_uuid: "490537774c7b411291a492c7d78633ca" member_type: VOTER }
I0916 07:55:54.252730 2672 raft_consensus.cc:366] T 00000000000000000000000000000000 P 490537774c7b411291a492c7d78633ca [term 0 FOLLOWER]: Consensus starting up: Expiring failure detector timer to make a prompt election more likely
I0916 07:55:54.252882 2672 raft_consensus.cc:705] T 00000000000000000000000000000000 P 490537774c7b411291a492c7d78633ca [term 0 FOLLOWER]: Becoming Follower/Learner. State: Replica: 490537774c7b411291a492c7d78633ca, State: Initialized, Role: FOLLOWER
I0916 07:55:54.253289 2672 consensus_queue.cc:229] T 00000000000000000000000000000000 P 490537774c7b411291a492c7d78633ca [NON_LEADER]: Queue going to NON_LEADER mode. State: All replicated index: 0, Majority replicated index: 0, Committed index: 0, Last appended: 0.0, Last appended by leader: 0, Current term: 0, Majority size: -1, State: 0, Mode: NON_LEADER, active raft config: opid_index: -1 OBSOLETE_local: true peers { permanent_uuid: "490537774c7b411291a492c7d78633ca" member_type: VOTER }
I0916 07:55:54.253660 2672 raft_consensus.cc:380] T 00000000000000000000000000000000 P 490537774c7b411291a492c7d78633ca [term 0 FOLLOWER]: Only one voter in the Raft config. Triggering election immediately
I0916 07:55:54.253808 2672 raft_consensus.cc:472] T 00000000000000000000000000000000 P 490537774c7b411291a492c7d78633ca [term 0 FOLLOWER]: Starting leader election (initial election of a single-replica configuration)
I0916 07:55:54.253979 2672 raft_consensus.cc:2890] T 00000000000000000000000000000000 P 490537774c7b411291a492c7d78633ca [term 0 FOLLOWER]: Advancing to term 1
I0916 07:55:54.257577 2672 raft_consensus.cc:494] T 00000000000000000000000000000000 P 490537774c7b411291a492c7d78633ca [term 1 FOLLOWER]: Starting leader election with config: opid_index: -1 OBSOLETE_local: true peers { permanent_uuid: "490537774c7b411291a492c7d78633ca" member_type: VOTER }
I0916 07:55:54.257972 2672 leader_election.cc:310] T 00000000000000000000000000000000 P 490537774c7b411291a492c7d78633ca [CANDIDATE]: Term 1 election: Election decided. Result: candidate won. Election summary: received 1 responses out of 1 voters: 1 yes votes; 0 no votes. yes voters: 490537774c7b411291a492c7d78633ca; no voters:
I0916 07:55:54.259297 2672 leader_election.cc:296] T 00000000000000000000000000000000 P 490537774c7b411291a492c7d78633ca [CANDIDATE]: Term 1 election: Requested vote from peers
I0916 07:55:54.259598 2674 raft_consensus.cc:2644] T 00000000000000000000000000000000 P 490537774c7b411291a492c7d78633ca [term 1 FOLLOWER]: Leader election won for term 1
I0916 07:55:54.261178 2674 raft_consensus.cc:667] T 00000000000000000000000000000000 P 490537774c7b411291a492c7d78633ca [term 1 LEADER]: Becoming Leader. State: Replica: 490537774c7b411291a492c7d78633ca, State: Running, Role: LEADER
I0916 07:55:54.261723 2674 consensus_queue.cc:206] T 00000000000000000000000000000000 P 490537774c7b411291a492c7d78633ca [LEADER]: Queue going to LEADER mode. State: All replicated index: 0, Majority replicated index: 0, Committed index: 0, Last appended: 0.0, Last appended by leader: 0, Current term: 1, Majority size: 1, State: 0, Mode: LEADER, active raft config: opid_index: -1 OBSOLETE_local: true peers { permanent_uuid: "490537774c7b411291a492c7d78633ca" member_type: VOTER }
I0916 07:55:54.264586 2676 sys_catalog.cc:340] T 00000000000000000000000000000000 P 490537774c7b411291a492c7d78633ca [sys.catalog]: SysCatalogTable state changed. Reason: New leader 490537774c7b411291a492c7d78633ca. Latest consensus state: current_term: 1 leader_uuid: "490537774c7b411291a492c7d78633ca" committed_config { opid_index: -1 OBSOLETE_local: true peers { permanent_uuid: "490537774c7b411291a492c7d78633ca" member_type: VOTER } }
I0916 07:55:54.265075 2676 sys_catalog.cc:343] T 00000000000000000000000000000000 P 490537774c7b411291a492c7d78633ca [sys.catalog]: This master's current role is: LEADER
I0916 07:55:54.264770 2672 sys_catalog.cc:340] T 00000000000000000000000000000000 P 490537774c7b411291a492c7d78633ca [sys.catalog]: SysCatalogTable state changed. Reason: Started TabletReplica. Latest consensus state: current_term: 1 leader_uuid: "490537774c7b411291a492c7d78633ca" committed_config { opid_index: -1 OBSOLETE_local: true peers { permanent_uuid: "490537774c7b411291a492c7d78633ca" member_type: VOTER } }
I0916 07:55:54.265481 2672 sys_catalog.cc:343] T 00000000000000000000000000000000 P 490537774c7b411291a492c7d78633ca [sys.catalog]: This master's current role is: LEADER
I0916 07:55:54.265483 2675 sys_catalog.cc:340] T 00000000000000000000000000000000 P 490537774c7b411291a492c7d78633ca [sys.catalog]: SysCatalogTable state changed. Reason: RaftConsensus started. Latest consensus state: current_term: 1 leader_uuid: "490537774c7b411291a492c7d78633ca" committed_config { opid_index: -1 OBSOLETE_local: true peers { permanent_uuid: "490537774c7b411291a492c7d78633ca" member_type: VOTER } }
I0916 07:55:54.266703 2675 sys_catalog.cc:343] T 00000000000000000000000000000000 P 490537774c7b411291a492c7d78633ca [sys.catalog]: This master's current role is: LEADER
I0916 07:55:54.267530 2672 sys_catalog.cc:428] T 00000000000000000000000000000000 P 490537774c7b411291a492c7d78633ca [sys.catalog]: configured and running, proceeding with master startup.
I0916 07:55:54.267829 2679 catalog_manager.cc:1086] Loading table and tablet metadata into memory...
I0916 07:55:54.268808 244 internal_mini_cluster.cc:166] Waiting to initialize catalog manager on master 0
I0916 07:55:54.270464 2679 catalog_manager.cc:1097] Initializing Kudu internal certificate authority...
I0916 07:55:54.299007 2679 catalog_manager.cc:981] Generated new certificate authority record
I0916 07:55:54.300981 2679 catalog_manager.cc:1106] Loading token signing keys...
I0916 07:55:54.310140 2679 catalog_manager.cc:4435] T 00000000000000000000000000000000 P 490537774c7b411291a492c7d78633ca: Generated new TSK 0
I0916 07:55:54.345355 244 system_ntp.cc:193] NTP initialized. Skew: 500ppm Current error: 53016us
I0916 07:55:54.345695 244 fs_manager.cc:263] Metadata directory not provided
I0916 07:55:54.345815 244 fs_manager.cc:269] Using write-ahead log directory (fs_wal_dir) as metadata directory
I0916 07:55:54.345973 244 server_base.cc:452] Could not load existing FS layout: Not found: could not find a healthy instance file
I0916 07:55:54.346068 244 server_base.cc:453] Attempting to create new FS layout instead
I0916 07:55:54.346930 244 fs_manager.cc:602] Generated new instance metadata in path /tmp/dist-test-taska4lOjz/test-tmp/ts_tablet_manager-itest.0.FailedTabletsAreReplacedITest.OneReplica_1.1568620531643032-244/minicluster-data/ts-0-root/instance: uuid: "0938c74cab11424fa5bc15e4cba13157" format_stamp: "Formatted at 2019-09-16 07:55:54 on dist-test-slave-dist-test-slave-p3b0"
I0916 07:55:54.354771 244 fs_manager.cc:503] Time spent creating directory manager: real 0.007s user 0.005s sys 0.005s
I0916 07:55:54.356408 244 file_cache.cc:465] Constructed file cache lbm with capacity 419430
I0916 07:55:54.362663 244 fs_manager.cc:419] Time spent opening block manager: real 0.001s user 0.001s sys 0.000s
I0916 07:55:54.362834 244 fs_manager.cc:436] Opened local filesystem: /tmp/dist-test-taska4lOjz/test-tmp/ts_tablet_manager-itest.0.FailedTabletsAreReplacedITest.OneReplica_1.1568620531643032-244/minicluster-data/ts-0-root uuid: "0938c74cab11424fa5bc15e4cba13157" format_stamp: "Formatted at 2019-09-16 07:55:54 on dist-test-slave-dist-test-slave-p3b0"
I0916 07:55:54.363054 244 fs_report.cc:352] FS layout report -------------------- wal directory: /tmp/dist-test-taska4lOjz/test-tmp/ts_tablet_manager-itest.0.FailedTabletsAreReplacedITest.OneReplica_1.1568620531643032-244/minicluster-data/ts-0-root metadata directory: /tmp/dist-test-taska4lOjz/test-tmp/ts_tablet_manager-itest.0.FailedTabletsAreReplacedITest.OneReplica_1.1568620531643032-244/minicluster-data/ts-0-root 1 data directories: /tmp/dist-test-taska4lOjz/test-tmp/ts_tablet_manager-itest.0.FailedTabletsAreReplacedITest.OneReplica_1.1568620531643032-244/minicluster-data/ts-0-root/data Total live blocks: 0 Total live bytes: 0 Total live bytes (after alignment): 0 Total number of LBM containers: 0 (0 full) Did not check for missing blocks Did not check for orphaned blocks Total full LBM containers with extra space: 0 (0 repaired) Total full LBM container extra space in bytes: 0 (0 repaired) Total incomplete LBM containers: 0 (0 repaired) Total LBM partial records: 0 (0 repaired)
I0916 07:55:54.428589 244 ts_tablet_manager.cc:383] Loaded tablet metadata (0 total tablets, 0 live tablets)
I0916 07:55:54.428741 244 ts_tablet_manager.cc:403] Registered 0 tablets
I0916 07:55:54.467787 244 rpc_server.cc:205] RPC server started. Bound to: 127.0.61.1:42243
I0916 07:55:54.469557 244 webserver.cc:374] Webserver started at http://127.0.61.1:46477/ using document root and password file
I0916 07:55:54.486675 244 system_ntp.cc:193] NTP initialized. Skew: 500ppm Current error: 53016us
I0916 07:55:54.487115 244 fs_manager.cc:263] Metadata directory not provided
I0916 07:55:54.487277 244 fs_manager.cc:269] Using write-ahead log directory (fs_wal_dir) as metadata directory
I0916 07:55:54.487498 244 server_base.cc:452] Could not load existing FS layout: Not found: could not find a healthy instance file
I0916 07:55:54.487649 244 server_base.cc:453] Attempting to create new FS layout instead
I0916 07:55:54.488826 244 fs_manager.cc:602] Generated new instance metadata in path /tmp/dist-test-taska4lOjz/test-tmp/ts_tablet_manager-itest.0.FailedTabletsAreReplacedITest.OneReplica_1.1568620531643032-244/minicluster-data/ts-1-root/instance: uuid: "f2a7d0ddeb8343839dd8dc3f3413a783" format_stamp: "Formatted at 2019-09-16 07:55:54 on dist-test-slave-dist-test-slave-p3b0"
I0916 07:55:54.489754 2746 heartbeater.cc:322] Connected to a master server at 127.0.61.62:40441
I0916 07:55:54.490062 2746 heartbeater.cc:406] Registering TS with master...
I0916 07:55:54.490484 2746 heartbeater.cc:455] Master 127.0.61.62:40441 requested a full tablet report, sending...
I0916 07:55:54.492156 2639 ts_manager.cc:161] Registered new tserver with Master: 0938c74cab11424fa5bc15e4cba13157 (127.0.61.1:42243)
I0916 07:55:54.494679 2639 master_service.cc:276] Signed X509 certificate for tserver {username='slave'} at 127.0.0.1:46930
I0916 07:55:54.499094 244 fs_manager.cc:503] Time spent creating directory manager: real 0.010s user 0.007s sys 0.003s
I0916 07:55:54.500613 244 file_cache.cc:465] Constructed file cache lbm with capacity 419430
I0916 07:55:54.507166 244 fs_manager.cc:419] Time spent opening block manager: real 0.001s user 0.001s sys 0.000s
I0916 07:55:54.507341 244 fs_manager.cc:436] Opened local filesystem: /tmp/dist-test-taska4lOjz/test-tmp/ts_tablet_manager-itest.0.FailedTabletsAreReplacedITest.OneReplica_1.1568620531643032-244/minicluster-data/ts-1-root uuid: "f2a7d0ddeb8343839dd8dc3f3413a783" format_stamp: "Formatted at 2019-09-16 07:55:54 on dist-test-slave-dist-test-slave-p3b0"
I0916 07:55:54.507582 244 fs_report.cc:352] FS layout report -------------------- wal directory: /tmp/dist-test-taska4lOjz/test-tmp/ts_tablet_manager-itest.0.FailedTabletsAreReplacedITest.OneReplica_1.1568620531643032-244/minicluster-data/ts-1-root metadata directory: /tmp/dist-test-taska4lOjz/test-tmp/ts_tablet_manager-itest.0.FailedTabletsAreReplacedITest.OneReplica_1.1568620531643032-244/minicluster-data/ts-1-root 1 data directories: /tmp/dist-test-taska4lOjz/test-tmp/ts_tablet_manager-itest.0.FailedTabletsAreReplacedITest.OneReplica_1.1568620531643032-244/minicluster-data/ts-1-root/data Total live blocks: 0 Total live bytes: 0 Total live bytes (after alignment): 0 Total number of LBM containers: 0 (0 full) Did not check for missing blocks Did not check for orphaned blocks Total full LBM containers with extra space: 0 (0 repaired) Total full LBM container extra space in bytes: 0 (0 repaired) Total incomplete LBM containers: 0 (0 repaired) Total LBM partial records: 0 (0 repaired)
I0916 07:55:54.542719 244 ts_tablet_manager.cc:383] Loaded tablet metadata (0 total tablets, 0 live tablets)
I0916 07:55:54.542891 244 ts_tablet_manager.cc:403] Registered 0 tablets
I0916 07:55:54.579285 244 rpc_server.cc:205] RPC server started. Bound to: 127.0.61.2:33603
I0916 07:55:54.580976 244 webserver.cc:374] Webserver started at http://127.0.61.2:44759/ using document root and password file
I0916 07:55:54.595118 2814 heartbeater.cc:322] Connected to a master server at 127.0.61.62:40441
I0916 07:55:54.595409 2814 heartbeater.cc:406] Registering TS with master...
I0916 07:55:54.595831 2814 heartbeater.cc:455] Master 127.0.61.62:40441 requested a full tablet report, sending...
I0916 07:55:54.597306 2639 ts_manager.cc:161] Registered new tserver with Master: f2a7d0ddeb8343839dd8dc3f3413a783 (127.0.61.2:33603)
I0916 07:55:54.598579 2639 master_service.cc:276] Signed X509 certificate for tserver {username='slave'} at 127.0.0.1:46932
I0916 07:55:54.600910 244 system_ntp.cc:193] NTP initialized. Skew: 500ppm Current error: 53016us
I0916 07:55:54.601260 244 fs_manager.cc:263] Metadata directory not provided
I0916 07:55:54.601402 244 fs_manager.cc:269] Using write-ahead log directory (fs_wal_dir) as metadata directory
I0916 07:55:54.601588 244 server_base.cc:452] Could not load existing FS layout: Not found: could not find a healthy instance file
I0916 07:55:54.601693 244 server_base.cc:453] Attempting to create new FS layout instead
I0916 07:55:54.602578 244 fs_manager.cc:602] Generated new instance metadata in path /tmp/dist-test-taska4lOjz/test-tmp/ts_tablet_manager-itest.0.FailedTabletsAreReplacedITest.OneReplica_1.1568620531643032-244/minicluster-data/ts-2-root/instance: uuid: "32da123829d846f2b8e23df043e04a15" format_stamp: "Formatted at 2019-09-16 07:55:54 on dist-test-slave-dist-test-slave-p3b0"
I0916 07:55:54.611220 244 fs_manager.cc:503] Time spent creating directory manager: real 0.008s user 0.005s sys 0.005s
I0916 07:55:54.612641 244 file_cache.cc:465] Constructed file cache lbm with capacity 419430
I0916 07:55:54.619874 244 fs_manager.cc:419] Time spent opening block manager: real 0.001s user 0.001s sys 0.000s
I0916 07:55:54.620064 244 fs_manager.cc:436] Opened local filesystem: /tmp/dist-test-taska4lOjz/test-tmp/ts_tablet_manager-itest.0.FailedTabletsAreReplacedITest.OneReplica_1.1568620531643032-244/minicluster-data/ts-2-root uuid: "32da123829d846f2b8e23df043e04a15" format_stamp: "Formatted at 2019-09-16 07:55:54 on dist-test-slave-dist-test-slave-p3b0"
I0916 07:55:54.620307 244 fs_report.cc:352] FS layout report -------------------- wal directory: /tmp/dist-test-taska4lOjz/test-tmp/ts_tablet_manager-itest.0.FailedTabletsAreReplacedITest.OneReplica_1.1568620531643032-244/minicluster-data/ts-2-root metadata directory: /tmp/dist-test-taska4lOjz/test-tmp/ts_tablet_manager-itest.0.FailedTabletsAreReplacedITest.OneReplica_1.1568620531643032-244/minicluster-data/ts-2-root 1 data directories: /tmp/dist-test-taska4lOjz/test-tmp/ts_tablet_manager-itest.0.FailedTabletsAreReplacedITest.OneReplica_1.1568620531643032-244/minicluster-data/ts-2-root/data Total live blocks: 0 Total live bytes: 0 Total live bytes (after alignment): 0 Total number of LBM containers: 0 (0 full) Did not check for missing blocks Did not check for orphaned blocks Total full LBM containers with extra space: 0 (0 repaired) Total full LBM container extra space in bytes: 0 (0 repaired) Total incomplete LBM containers: 0 (0 repaired) Total LBM partial records: 0 (0 repaired)
I0916 07:55:54.666321 244 ts_tablet_manager.cc:383] Loaded tablet metadata (0 total tablets, 0 live tablets)
I0916 07:55:54.666520 244 ts_tablet_manager.cc:403] Registered 0 tablets
I0916 07:55:54.703336 244 rpc_server.cc:205] RPC server started. Bound to: 127.0.61.3:44291
I0916 07:55:54.705108 244 webserver.cc:374] Webserver started at http://127.0.61.3:46083/ using document root and password file
I0916 07:55:54.717914 2881 heartbeater.cc:322] Connected to a master server at 127.0.61.62:40441
I0916 07:55:54.718209 2881 heartbeater.cc:406] Registering TS with master...
I0916 07:55:54.718631 2881 heartbeater.cc:455] Master 127.0.61.62:40441 requested a full tablet report, sending...
I0916 07:55:54.720145 2639 ts_manager.cc:161] Registered new tserver with Master: 32da123829d846f2b8e23df043e04a15 (127.0.61.3:44291)
I0916 07:55:54.721534 2639 master_service.cc:276] Signed X509 certificate for tserver {username='slave'} at 127.0.0.1:46934
I0916 07:55:54.725010 244 system_ntp.cc:193] NTP initialized. Skew: 500ppm Current error: 53016us
I0916 07:55:54.725368 244 fs_manager.cc:263] Metadata directory not provided
I0916 07:55:54.725522 244 fs_manager.cc:269] Using write-ahead log directory (fs_wal_dir) as metadata directory
I0916 07:55:54.725698 244 server_base.cc:452] Could not load existing FS layout: Not found: could not find a healthy instance file
I0916 07:55:54.725802 244 server_base.cc:453] Attempting to create new FS layout instead
I0916 07:55:54.726776 244 fs_manager.cc:602] Generated new instance metadata in path /tmp/dist-test-taska4lOjz/test-tmp/ts_tablet_manager-itest.0.FailedTabletsAreReplacedITest.OneReplica_1.1568620531643032-244/minicluster-data/ts-3-root/instance: uuid: "ca39e2b29dd34cc2a249e27cd9590c4e" format_stamp: "Formatted at 2019-09-16 07:55:54 on dist-test-slave-dist-test-slave-p3b0"
I0916 07:55:54.736069 244 fs_manager.cc:503] Time spent creating directory manager: real 0.009s user 0.010s sys 0.001s
I0916 07:55:54.737586 244 file_cache.cc:465] Constructed file cache lbm with capacity 419430
I0916 07:55:54.745651 244 fs_manager.cc:419] Time spent opening block manager: real 0.002s user 0.002s sys 0.000s
I0916 07:55:54.745856 244 fs_manager.cc:436] Opened local filesystem: /tmp/dist-test-taska4lOjz/test-tmp/ts_tablet_manager-itest.0.FailedTabletsAreReplacedITest.OneReplica_1.1568620531643032-244/minicluster-data/ts-3-root uuid: "ca39e2b29dd34cc2a249e27cd9590c4e" format_stamp: "Formatted at 2019-09-16 07:55:54 on dist-test-slave-dist-test-slave-p3b0"
I0916 07:55:54.746083 244 fs_report.cc:352] FS layout report -------------------- wal directory: /tmp/dist-test-taska4lOjz/test-tmp/ts_tablet_manager-itest.0.FailedTabletsAreReplacedITest.OneReplica_1.1568620531643032-244/minicluster-data/ts-3-root metadata directory: /tmp/dist-test-taska4lOjz/test-tmp/ts_tablet_manager-itest.0.FailedTabletsAreReplacedITest.OneReplica_1.1568620531643032-244/minicluster-data/ts-3-root 1 data directories: /tmp/dist-test-taska4lOjz/test-tmp/ts_tablet_manager-itest.0.FailedTabletsAreReplacedITest.OneReplica_1.1568620531643032-244/minicluster-data/ts-3-root/data Total live blocks: 0 Total live bytes: 0 Total live bytes (after alignment): 0 Total number of LBM containers: 0 (0 full) Did not check for missing blocks Did not check for orphaned blocks Total full LBM containers with extra space: 0 (0 repaired) Total full LBM container extra space in bytes: 0 (0 repaired) Total incomplete LBM containers: 0 (0 repaired) Total LBM partial records: 0 (0 repaired)
I0916 07:55:54.773377 244 ts_tablet_manager.cc:383] Loaded tablet metadata (0 total tablets, 0 live tablets)
I0916 07:55:54.773581 244 ts_tablet_manager.cc:403] Registered 0 tablets
I0916 07:55:54.811287 244 rpc_server.cc:205] RPC server started. Bound to: 127.0.61.4:39741
I0916 07:55:54.813185 244 webserver.cc:374] Webserver started at http://127.0.61.4:38077/ using document root and password file
I0916 07:55:54.825356 2948 heartbeater.cc:322] Connected to a master server at 127.0.61.62:40441
I0916 07:55:54.825690 2948 heartbeater.cc:406] Registering TS with master...
I0916 07:55:54.826205 2948 heartbeater.cc:455] Master 127.0.61.62:40441 requested a full tablet report, sending...
I0916 07:55:54.827685 2639 ts_manager.cc:161] Registered new tserver with Master: ca39e2b29dd34cc2a249e27cd9590c4e (127.0.61.4:39741)
I0916 07:55:54.828682 244 internal_mini_cluster.cc:328] 4 TS(s) registered with all masters after 0.013606798s
I0916 07:55:54.829305 2639 master_service.cc:276] Signed X509 certificate for tserver {username='slave'} at 127.0.0.1:46936
I0916 07:55:54.848835 244 test_util.cc:212] Using random seed: -285898199
I0916 07:55:54.869300 2639 catalog_manager.cc:1440] Servicing CreateTable request from {username='slave'} at 127.0.0.1:46940: name: "test-workload" schema { columns { name: "key" type: INT32 is_key: true is_nullable: false encoding: AUTO_ENCODING compression: DEFAULT_COMPRESSION cfile_block_size: 0 } columns { name: "int_val" type: INT32 is_key: false is_nullable: false encoding: AUTO_ENCODING compression: DEFAULT_COMPRESSION cfile_block_size: 0 } columns { name: "string_val" type: STRING is_key: false is_nullable: true encoding: AUTO_ENCODING compression: DEFAULT_COMPRESSION cfile_block_size: 0 } } num_replicas: 3 split_rows_range_bounds { } partition_schema { range_schema { columns { name: "key" } } }
I0916 07:55:54.911267 2713 tablet_service.cc:1022] Processing CreateTablet for tablet 3485e0e47b994bf892b67638ce21a806 (table=test-workload [id=81c4fe0d20654d429dedb2035fe0c0a4]), partition=RANGE (key) PARTITION UNBOUNDED
I0916 07:55:54.912243 2713 data_dirs.cc:939] Could only allocate 1 dirs of requested 3 for tablet 3485e0e47b994bf892b67638ce21a806. 1 dirs total, 0 dirs full, 0 dirs failed
I0916 07:55:54.914419 2848 tablet_service.cc:1022] Processing CreateTablet for tablet 3485e0e47b994bf892b67638ce21a806 (table=test-workload [id=81c4fe0d20654d429dedb2035fe0c0a4]), partition=RANGE (key) PARTITION UNBOUNDED
I0916 07:55:54.915174 2848 data_dirs.cc:939] Could only allocate 1 dirs of requested 3 for tablet 3485e0e47b994bf892b67638ce21a806. 1 dirs total, 0 dirs full, 0 dirs failed
I0916 07:55:54.918112 2781 tablet_service.cc:1022] Processing CreateTablet for tablet 3485e0e47b994bf892b67638ce21a806 (table=test-workload [id=81c4fe0d20654d429dedb2035fe0c0a4]), partition=RANGE (key) PARTITION UNBOUNDED
I0916 07:55:54.919029 2781 data_dirs.cc:939] Could only allocate 1 dirs of requested 3 for tablet 3485e0e47b994bf892b67638ce21a806. 1 dirs total, 0 dirs full, 0 dirs failed
I0916 07:55:54.925779 2971 tablet_bootstrap.cc:439] T 3485e0e47b994bf892b67638ce21a806 P 0938c74cab11424fa5bc15e4cba13157: Bootstrap starting.
I0916 07:55:54.928866 2971 tablet_bootstrap.cc:590] T 3485e0e47b994bf892b67638ce21a806 P 0938c74cab11424fa5bc15e4cba13157: No blocks or log segments found. Creating new log.
I0916 07:55:54.933629 2973 tablet_bootstrap.cc:439] T 3485e0e47b994bf892b67638ce21a806 P 32da123829d846f2b8e23df043e04a15: Bootstrap starting.
I0916 07:55:54.933821 2972 tablet_bootstrap.cc:439] T 3485e0e47b994bf892b67638ce21a806 P f2a7d0ddeb8343839dd8dc3f3413a783: Bootstrap starting.
I0916 07:55:54.936327 2973 tablet_bootstrap.cc:590] T 3485e0e47b994bf892b67638ce21a806 P 32da123829d846f2b8e23df043e04a15: No blocks or log segments found. Creating new log.
I0916 07:55:54.938097 2972 tablet_bootstrap.cc:590] T 3485e0e47b994bf892b67638ce21a806 P f2a7d0ddeb8343839dd8dc3f3413a783: No blocks or log segments found. Creating new log.
I0916 07:55:54.940717 2973 tablet_bootstrap.cc:439] T 3485e0e47b994bf892b67638ce21a806 P 32da123829d846f2b8e23df043e04a15: No bootstrap required, opened a new log
I0916 07:55:54.940871 2971 tablet_bootstrap.cc:439] T 3485e0e47b994bf892b67638ce21a806 P 0938c74cab11424fa5bc15e4cba13157: No bootstrap required, opened a new log
I0916 07:55:54.941200 2973 ts_tablet_manager.cc:1085] T 3485e0e47b994bf892b67638ce21a806 P 32da123829d846f2b8e23df043e04a15: Time spent bootstrapping tablet: real 0.008s user 0.000s sys 0.007s
I0916 07:55:54.941431 2971 ts_tablet_manager.cc:1085] T 3485e0e47b994bf892b67638ce21a806 P 0938c74cab11424fa5bc15e4cba13157: Time spent bootstrapping tablet: real 0.016s user 0.005s sys 0.009s
I0916 07:55:54.942631 2973 raft_consensus.cc:340] T 3485e0e47b994bf892b67638ce21a806 P 32da123829d846f2b8e23df043e04a15 [term 0 FOLLOWER]: Replica starting. Triggering 0 pending transactions. Active config: opid_index: -1 OBSOLETE_local: false peers { permanent_uuid: "32da123829d846f2b8e23df043e04a15" member_type: VOTER last_known_addr { host: "127.0.61.3" port: 44291 } } peers { permanent_uuid: "0938c74cab11424fa5bc15e4cba13157" member_type: VOTER last_known_addr { host: "127.0.61.1" port: 42243 } } peers { permanent_uuid: "f2a7d0ddeb8343839dd8dc3f3413a783" member_type: VOTER last_known_addr { host: "127.0.61.2" port: 33603 } }
I0916 07:55:54.943152 2973 raft_consensus.cc:366] T 3485e0e47b994bf892b67638ce21a806 P 32da123829d846f2b8e23df043e04a15 [term 0 FOLLOWER]: Consensus starting up: Expiring failure detector timer to make a prompt election more likely
I0916 07:55:54.943322 2973 raft_consensus.cc:705] T 3485e0e47b994bf892b67638ce21a806 P 32da123829d846f2b8e23df043e04a15 [term 0 FOLLOWER]: Becoming Follower/Learner. State: Replica: 32da123829d846f2b8e23df043e04a15, State: Initialized, Role: FOLLOWER
I0916 07:55:54.943763 2973 consensus_queue.cc:229] T 3485e0e47b994bf892b67638ce21a806 P 32da123829d846f2b8e23df043e04a15 [NON_LEADER]: Queue going to NON_LEADER mode. State: All replicated index: 0, Majority replicated index: 0, Committed index: 0, Last appended: 0.0, Last appended by leader: 0, Current term: 0, Majority size: -1, State: 0, Mode: NON_LEADER, active raft config: opid_index: -1 OBSOLETE_local: false peers { permanent_uuid: "32da123829d846f2b8e23df043e04a15" member_type: VOTER last_known_addr { host: "127.0.61.3" port: 44291 } } peers { permanent_uuid: "0938c74cab11424fa5bc15e4cba13157" member_type: VOTER last_known_addr { host: "127.0.61.1" port: 42243 } } peers { permanent_uuid: "f2a7d0ddeb8343839dd8dc3f3413a783" member_type: VOTER last_known_addr { host: "127.0.61.2" port: 33603 } }
I0916 07:55:54.943600 2971 raft_consensus.cc:340] T 3485e0e47b994bf892b67638ce21a806 P 0938c74cab11424fa5bc15e4cba13157 [term 0 FOLLOWER]: Replica starting. Triggering 0 pending transactions. Active config: opid_index: -1 OBSOLETE_local: false peers { permanent_uuid: "32da123829d846f2b8e23df043e04a15" member_type: VOTER last_known_addr { host: "127.0.61.3" port: 44291 } } peers { permanent_uuid: "0938c74cab11424fa5bc15e4cba13157" member_type: VOTER last_known_addr { host: "127.0.61.1" port: 42243 } } peers { permanent_uuid: "f2a7d0ddeb8343839dd8dc3f3413a783" member_type: VOTER last_known_addr { host: "127.0.61.2" port: 33603 } }
I0916 07:55:54.944810 2971 raft_consensus.cc:366] T 3485e0e47b994bf892b67638ce21a806 P 0938c74cab11424fa5bc15e4cba13157 [term 0 FOLLOWER]: Consensus starting up: Expiring failure detector timer to make a prompt election more likely
I0916 07:55:54.945201 2971 raft_consensus.cc:705] T 3485e0e47b994bf892b67638ce21a806 P 0938c74cab11424fa5bc15e4cba13157 [term 0 FOLLOWER]: Becoming Follower/Learner. State: Replica: 0938c74cab11424fa5bc15e4cba13157, State: Initialized, Role: FOLLOWER
I0916 07:55:54.946066 2881 heartbeater.cc:447] Master 127.0.61.62:40441 was elected leader, sending a full tablet report...
I0916 07:55:54.946096 2971 consensus_queue.cc:229] T 3485e0e47b994bf892b67638ce21a806 P 0938c74cab11424fa5bc15e4cba13157 [NON_LEADER]: Queue going to NON_LEADER mode. State: All replicated index: 0, Majority replicated index: 0, Committed index: 0, Last appended: 0.0, Last appended by leader: 0, Current term: 0, Majority size: -1, State: 0, Mode: NON_LEADER, active raft config: opid_index: -1 OBSOLETE_local: false peers { permanent_uuid: "32da123829d846f2b8e23df043e04a15" member_type: VOTER last_known_addr { host: "127.0.61.3" port: 44291 } } peers { permanent_uuid: "0938c74cab11424fa5bc15e4cba13157" member_type: VOTER last_known_addr { host: "127.0.61.1" port: 42243 } } peers { permanent_uuid: "f2a7d0ddeb8343839dd8dc3f3413a783" member_type: VOTER last_known_addr { host: "127.0.61.2" port: 33603 } }
I0916 07:55:54.947000 2972 tablet_bootstrap.cc:439] T 3485e0e47b994bf892b67638ce21a806 P f2a7d0ddeb8343839dd8dc3f3413a783: No bootstrap required, opened a new log
I0916 07:55:54.947526 2972 ts_tablet_manager.cc:1085] T 3485e0e47b994bf892b67638ce21a806 P f2a7d0ddeb8343839dd8dc3f3413a783: Time spent bootstrapping tablet: real 0.014s user 0.008s sys 0.004s
I0916 07:55:54.949934 2746 heartbeater.cc:447] Master 127.0.61.62:40441 was elected leader, sending a full tablet report...
I0916 07:55:54.949807 2972 raft_consensus.cc:340] T 3485e0e47b994bf892b67638ce21a806 P f2a7d0ddeb8343839dd8dc3f3413a783 [term 0 FOLLOWER]: Replica starting. Triggering 0 pending transactions. Active config: opid_index: -1 OBSOLETE_local: false peers { permanent_uuid: "32da123829d846f2b8e23df043e04a15" member_type: VOTER last_known_addr { host: "127.0.61.3" port: 44291 } } peers { permanent_uuid: "0938c74cab11424fa5bc15e4cba13157" member_type: VOTER last_known_addr { host: "127.0.61.1" port: 42243 } } peers { permanent_uuid: "f2a7d0ddeb8343839dd8dc3f3413a783" member_type: VOTER last_known_addr { host: "127.0.61.2" port: 33603 } }
I0916 07:55:54.950539 2972 raft_consensus.cc:366] T 3485e0e47b994bf892b67638ce21a806 P f2a7d0ddeb8343839dd8dc3f3413a783 [term 0 FOLLOWER]: Consensus starting up: Expiring failure detector timer to make a prompt election more likely
I0916 07:55:54.950793 2972 raft_consensus.cc:705] T 3485e0e47b994bf892b67638ce21a806 P f2a7d0ddeb8343839dd8dc3f3413a783 [term 0 FOLLOWER]: Becoming Follower/Learner. State: Replica: f2a7d0ddeb8343839dd8dc3f3413a783, State: Initialized, Role: FOLLOWER
I0916 07:55:54.951210 2971 ts_tablet_manager.cc:1113] T 3485e0e47b994bf892b67638ce21a806 P 0938c74cab11424fa5bc15e4cba13157: Time spent starting tablet: real 0.009s user 0.002s sys 0.006s
I0916 07:55:54.951468 2972 consensus_queue.cc:229] T 3485e0e47b994bf892b67638ce21a806 P f2a7d0ddeb8343839dd8dc3f3413a783 [NON_LEADER]: Queue going to NON_LEADER mode. State: All replicated index: 0, Majority replicated index: 0, Committed index: 0, Last appended: 0.0, Last appended by leader: 0, Current term: 0, Majority size: -1, State: 0, Mode: NON_LEADER, active raft config: opid_index: -1 OBSOLETE_local: false peers { permanent_uuid: "32da123829d846f2b8e23df043e04a15" member_type: VOTER last_known_addr { host: "127.0.61.3" port: 44291 } } peers { permanent_uuid: "0938c74cab11424fa5bc15e4cba13157" member_type: VOTER last_known_addr { host: "127.0.61.1" port: 42243 } } peers { permanent_uuid: "f2a7d0ddeb8343839dd8dc3f3413a783" member_type: VOTER last_known_addr { host: "127.0.61.2" port: 33603 } }
I0916 07:55:54.952399 2973 ts_tablet_manager.cc:1113] T 3485e0e47b994bf892b67638ce21a806 P 32da123829d846f2b8e23df043e04a15: Time spent starting tablet: real 0.011s user 0.000s sys 0.005s
I0916 07:55:54.954560 2814 heartbeater.cc:447] Master 127.0.61.62:40441 was elected leader, sending a full tablet report...
I0916 07:55:54.955716 2972 ts_tablet_manager.cc:1113] T 3485e0e47b994bf892b67638ce21a806 P f2a7d0ddeb8343839dd8dc3f3413a783: Time spent starting tablet: real 0.008s user 0.006s sys 0.000s
I0916 07:55:55.078742 2979 raft_consensus.cc:472] T 3485e0e47b994bf892b67638ce21a806 P f2a7d0ddeb8343839dd8dc3f3413a783 [term 0 FOLLOWER]: Starting pre-election (no leader contacted us within the election timeout)
I0916 07:55:55.079181 2979 raft_consensus.cc:494] T 3485e0e47b994bf892b67638ce21a806 P f2a7d0ddeb8343839dd8dc3f3413a783 [term 0 FOLLOWER]: Starting pre-election with config: opid_index: -1 OBSOLETE_local: false peers { permanent_uuid: "32da123829d846f2b8e23df043e04a15" member_type: VOTER last_known_addr { host: "127.0.61.3" port: 44291 } } peers { permanent_uuid: "0938c74cab11424fa5bc15e4cba13157" member_type: VOTER last_known_addr { host: "127.0.61.1" port: 42243 } } peers { permanent_uuid: "f2a7d0ddeb8343839dd8dc3f3413a783" member_type: VOTER last_known_addr { host: "127.0.61.2" port: 33603 } }
I0916 07:55:55.080546 2979 leader_election.cc:296] T 3485e0e47b994bf892b67638ce21a806 P f2a7d0ddeb8343839dd8dc3f3413a783 [CANDIDATE]: Term 1 pre-election: Requested pre-vote from peers 32da123829d846f2b8e23df043e04a15 (127.0.61.3:44291), 0938c74cab11424fa5bc15e4cba13157 (127.0.61.1:42243)
I0916 07:55:55.093389 2723 tablet_service.cc:1295] Received RequestConsensusVote() RPC: tablet_id: "3485e0e47b994bf892b67638ce21a806" candidate_uuid: "f2a7d0ddeb8343839dd8dc3f3413a783" candidate_term: 1 candidate_status { last_received { term: 0 index: 0 } } ignore_live_leader: false dest_uuid: "0938c74cab11424fa5bc15e4cba13157" is_pre_election: true
I0916 07:55:55.094190 2723 raft_consensus.cc:2350] T 3485e0e47b994bf892b67638ce21a806 P 0938c74cab11424fa5bc15e4cba13157 [term 0 FOLLOWER]: Leader pre-election vote request: Granting yes vote for candidate f2a7d0ddeb8343839dd8dc3f3413a783 in term 0.
I0916 07:55:55.094244 2858 tablet_service.cc:1295] Received RequestConsensusVote() RPC: tablet_id: "3485e0e47b994bf892b67638ce21a806" candidate_uuid: "f2a7d0ddeb8343839dd8dc3f3413a783" candidate_term: 1 candidate_status { last_received { term: 0 index: 0 } } ignore_live_leader: false dest_uuid: "32da123829d846f2b8e23df043e04a15" is_pre_election: true
I0916 07:55:55.094844 2858 raft_consensus.cc:2350] T 3485e0e47b994bf892b67638ce21a806 P 32da123829d846f2b8e23df043e04a15 [term 0 FOLLOWER]: Leader pre-election vote request: Granting yes vote for candidate f2a7d0ddeb8343839dd8dc3f3413a783 in term 0.
I0916 07:55:55.095268 2754 leader_election.cc:310] T 3485e0e47b994bf892b67638ce21a806 P f2a7d0ddeb8343839dd8dc3f3413a783 [CANDIDATE]: Term 1 pre-election: Election decided. Result: candidate won. Election summary: received 2 responses out of 3 voters: 2 yes votes; 0 no votes. yes voters: 0938c74cab11424fa5bc15e4cba13157, f2a7d0ddeb8343839dd8dc3f3413a783; no voters:
I0916 07:55:55.096091 2979 raft_consensus.cc:2644] T 3485e0e47b994bf892b67638ce21a806 P f2a7d0ddeb8343839dd8dc3f3413a783 [term 0 FOLLOWER]: Leader pre-election won for term 1
I0916 07:55:55.096323 2979 raft_consensus.cc:472] T 3485e0e47b994bf892b67638ce21a806 P f2a7d0ddeb8343839dd8dc3f3413a783 [term 0 FOLLOWER]: Starting leader election (no leader contacted us within the election timeout)
I0916 07:55:55.096551 2979 raft_consensus.cc:2890] T 3485e0e47b994bf892b67638ce21a806 P f2a7d0ddeb8343839dd8dc3f3413a783 [term 0 FOLLOWER]: Advancing to term 1
I0916 07:55:55.115792 2979 raft_consensus.cc:494] T 3485e0e47b994bf892b67638ce21a806 P f2a7d0ddeb8343839dd8dc3f3413a783 [term 1 FOLLOWER]: Starting leader election with config: opid_index: -1 OBSOLETE_local: false peers { permanent_uuid: "32da123829d846f2b8e23df043e04a15" member_type: VOTER last_known_addr { host: "127.0.61.3" port: 44291 } } peers { permanent_uuid: "0938c74cab11424fa5bc15e4cba13157" member_type: VOTER last_known_addr { host: "127.0.61.1" port: 42243 } } peers { permanent_uuid: "f2a7d0ddeb8343839dd8dc3f3413a783" member_type: VOTER last_known_addr { host: "127.0.61.2" port: 33603 } }
I0916 07:55:55.117175 2979 leader_election.cc:296] T 3485e0e47b994bf892b67638ce21a806 P f2a7d0ddeb8343839dd8dc3f3413a783 [CANDIDATE]: Term 1 election: Requested vote from peers 32da123829d846f2b8e23df043e04a15 (127.0.61.3:44291), 0938c74cab11424fa5bc15e4cba13157 (127.0.61.1:42243)
I0916 07:55:55.118026 2858 tablet_service.cc:1295] Received RequestConsensusVote() RPC: tablet_id: "3485e0e47b994bf892b67638ce21a806" candidate_uuid: "f2a7d0ddeb8343839dd8dc3f3413a783" candidate_term: 1 candidate_status { last_received { term: 0 index: 0 } } ignore_live_leader: false dest_uuid: "32da123829d846f2b8e23df043e04a15"
I0916 07:55:55.118063 2723 tablet_service.cc:1295] Received RequestConsensusVote() RPC: tablet_id: "3485e0e47b994bf892b67638ce21a806" candidate_uuid: "f2a7d0ddeb8343839dd8dc3f3413a783" candidate_term: 1 candidate_status { last_received { term: 0 index: 0 } } ignore_live_leader: false dest_uuid: "0938c74cab11424fa5bc15e4cba13157"
I0916 07:55:55.118623 2858 raft_consensus.cc:2890] T 3485e0e47b994bf892b67638ce21a806 P 32da123829d846f2b8e23df043e04a15 [term 0 FOLLOWER]: Advancing to term 1
I0916 07:55:55.118723 2723 raft_consensus.cc:2890] T 3485e0e47b994bf892b67638ce21a806 P 0938c74cab11424fa5bc15e4cba13157 [term 0 FOLLOWER]: Advancing to term 1
I0916 07:55:55.130677 2723 raft_consensus.cc:2350] T 3485e0e47b994bf892b67638ce21a806 P 0938c74cab11424fa5bc15e4cba13157 [term 1 FOLLOWER]: Leader election vote request: Granting yes vote for candidate f2a7d0ddeb8343839dd8dc3f3413a783 in term 1.
I0916 07:55:55.130683 2858 raft_consensus.cc:2350] T 3485e0e47b994bf892b67638ce21a806 P 32da123829d846f2b8e23df043e04a15 [term 1 FOLLOWER]: Leader election vote request: Granting yes vote for candidate f2a7d0ddeb8343839dd8dc3f3413a783 in term 1.
I0916 07:55:55.131960 2753 leader_election.cc:310] T 3485e0e47b994bf892b67638ce21a806 P f2a7d0ddeb8343839dd8dc3f3413a783 [CANDIDATE]: Term 1 election: Election decided. Result: candidate won. Election summary: received 2 responses out of 3 voters: 2 yes votes; 0 no votes. yes voters: 32da123829d846f2b8e23df043e04a15, f2a7d0ddeb8343839dd8dc3f3413a783; no voters:
I0916 07:55:55.132725 2979 raft_consensus.cc:2644] T 3485e0e47b994bf892b67638ce21a806 P f2a7d0ddeb8343839dd8dc3f3413a783 [term 1 FOLLOWER]: Leader election won for term 1
I0916 07:55:55.133891 2979 raft_consensus.cc:667] T 3485e0e47b994bf892b67638ce21a806 P f2a7d0ddeb8343839dd8dc3f3413a783 [term 1 LEADER]: Becoming Leader. State: Replica: f2a7d0ddeb8343839dd8dc3f3413a783, State: Running, Role: LEADER
I0916 07:55:55.134519 2979 consensus_queue.cc:206] T 3485e0e47b994bf892b67638ce21a806 P f2a7d0ddeb8343839dd8dc3f3413a783 [LEADER]: Queue going to LEADER mode. State: All replicated index: 0, Majority replicated index: 0, Committed index: 0, Last appended: 0.0, Last appended by leader: 0, Current term: 1, Majority size: 2, State: 0, Mode: LEADER, active raft config: opid_index: -1 OBSOLETE_local: false peers { permanent_uuid: "32da123829d846f2b8e23df043e04a15" member_type: VOTER last_known_addr { host: "127.0.61.3" port: 44291 } } peers { permanent_uuid: "0938c74cab11424fa5bc15e4cba13157" member_type: VOTER last_known_addr { host: "127.0.61.1" port: 42243 } } peers { permanent_uuid: "f2a7d0ddeb8343839dd8dc3f3413a783" member_type: VOTER last_known_addr { host: "127.0.61.2" port: 33603 } }
