I0916 07:55:40.871224 1459 raft_consensus.cc:494] T e5cce06208f44e4fa384db94c0b624ae P bce8dbcd72a840bb8256dee0715b175f [term 0 FOLLOWER]: Starting pre-election with config: opid_index: -1 OBSOLETE_local: false peers { permanent_uuid: "39273ba79fdb4d31abbb34278b8b1709" member_type: VOTER last_known_addr { host: "127.0.61.1" port: 40619 } } peers { permanent_uuid: "bce8dbcd72a840bb8256dee0715b175f" member_type: VOTER last_known_addr { host: "127.0.61.2" port: 39401 } } peers { permanent_uuid: "2f1f69d5d2dc4d7f8a6ffc7bcfb07c90" member_type: VOTER last_known_addr { host: "127.0.61.3" port: 45451 } }
W0916 07:55:40.873402 1354 leader_election.cc:348] T e5cce06208f44e4fa384db94c0b624ae P 2f1f69d5d2dc4d7f8a6ffc7bcfb07c90 [CANDIDATE]: Term 1 pre-election: Tablet error from VoteRequest() call to peer 39273ba79fdb4d31abbb34278b8b1709 (127.0.61.1:40619): Illegal state: must be running to vote when last-logged opid is not known
I0916 07:55:40.874852 1459 leader_election.cc:296] T e5cce06208f44e4fa384db94c0b624ae P bce8dbcd72a840bb8256dee0715b175f [CANDIDATE]: Term 1 pre-election: Requested pre-vote from peers 39273ba79fdb4d31abbb34278b8b1709 (127.0.61.1:40619), 2f1f69d5d2dc4d7f8a6ffc7bcfb07c90 (127.0.61.3:45451)
I0916 07:55:40.874946 1249 tablet_service.cc:1295] Received RequestConsensusVote() RPC: tablet_id: "6b5196040b094455ad661e9ab9e379c7" candidate_uuid: "2f1f69d5d2dc4d7f8a6ffc7bcfb07c90" candidate_term: 1 candidate_status { last_received { term: 0 index: 0 } } ignore_live_leader: false dest_uuid: "39273ba79fdb4d31abbb34278b8b1709" is_pre_election: true
I0916 07:55:40.878367 1249 raft_consensus.cc:2280] T 6b5196040b094455ad661e9ab9e379c7 P 39273ba79fdb4d31abbb34278b8b1709 [term 1 FOLLOWER]: Leader pre-election vote request: Denying vote to candidate 2f1f69d5d2dc4d7f8a6ffc7bcfb07c90 in current term 1: Already voted for candidate 39273ba79fdb4d31abbb34278b8b1709 in this term.
I0916 07:55:40.853756 1321 raft_consensus.cc:2350] T 6b5196040b094455ad661e9ab9e379c7 P bce8dbcd72a840bb8256dee0715b175f [term 0 FOLLOWER]: Leader pre-election vote request: Granting yes vote for candidate 39273ba79fdb4d31abbb34278b8b1709 in term 0.
W0916 07:55:40.925706 1353 leader_election.cc:341] T e5cce06208f44e4fa384db94c0b624ae P 2f1f69d5d2dc4d7f8a6ffc7bcfb07c90 [CANDIDATE]: Term 1 pre-election: RPC error from VoteRequest() call to peer bce8dbcd72a840bb8256dee0715b175f (127.0.61.2:39401): Timed out: connection negotiation to 127.0.61.2:39401 for RPC RequestConsensusVote timed out after 0.235s (ON_OUTBOUND_QUEUE)
I0916 07:55:40.926239 1353 leader_election.cc:310] T e5cce06208f44e4fa384db94c0b624ae P 2f1f69d5d2dc4d7f8a6ffc7bcfb07c90 [CANDIDATE]: Term 1 pre-election: Election decided. Result: candidate lost. Election summary: received 3 responses out of 3 voters: 1 yes votes; 2 no votes. yes voters: 2f1f69d5d2dc4d7f8a6ffc7bcfb07c90; no voters: 39273ba79fdb4d31abbb34278b8b1709, bce8dbcd72a840bb8256dee0715b175f
I0916 07:55:40.927130 1452 raft_consensus.cc:2592] T e5cce06208f44e4fa384db94c0b624ae P 2f1f69d5d2dc4d7f8a6ffc7bcfb07c90 [term 0 FOLLOWER]: Leader pre-election lost for term 1. Reason: could not achieve majority
I0916 07:55:40.947218 1391 raft_consensus.cc:2350] T 6b5196040b094455ad661e9ab9e379c7 P 2f1f69d5d2dc4d7f8a6ffc7bcfb07c90 [term 1 FOLLOWER]: Leader election vote request: Granting yes vote for candidate 39273ba79fdb4d31abbb34278b8b1709 in term 1.
W0916 07:55:40.955597 1202 leader_election.cc:341] T 6b5196040b094455ad661e9ab9e379c7 P 39273ba79fdb4d31abbb34278b8b1709 [CANDIDATE]: Term 1 pre-election: RPC error from VoteRequest() call to peer bce8dbcd72a840bb8256dee0715b175f (127.0.61.2:39401): Timed out: RequestConsensusVote RPC to 127.0.61.2:39401 timed out after 0.245s (SENT)
I0916 07:55:40.963237 1459 raft_consensus.cc:472] T e02eeaf40c1d4a299b70f4a8f1514e31 P bce8dbcd72a840bb8256dee0715b175f [term 0 FOLLOWER]: Starting pre-election (no leader contacted us within the election timeout)
I0916 07:55:40.964116 1320 tablet_service.cc:1295] Received RequestConsensusVote() RPC: tablet_id: "6b5196040b094455ad661e9ab9e379c7" candidate_uuid: "39273ba79fdb4d31abbb34278b8b1709" candidate_term: 1 candidate_status { last_received { term: 0 index: 0 } } ignore_live_leader: false dest_uuid: "bce8dbcd72a840bb8256dee0715b175f"
I0916 07:55:40.956601 1321 tablet_service.cc:1295] Received RequestConsensusVote() RPC: tablet_id: "e02eeaf40c1d4a299b70f4a8f1514e31" candidate_uuid: "39273ba79fdb4d31abbb34278b8b1709" candidate_term: 1 candidate_status { last_received { term: 0 index: 0 } } ignore_live_leader: false dest_uuid: "bce8dbcd72a840bb8256dee0715b175f" is_pre_election: true
I0916 07:55:40.972048 1459 raft_consensus.cc:494] T e02eeaf40c1d4a299b70f4a8f1514e31 P bce8dbcd72a840bb8256dee0715b175f [term 0 FOLLOWER]: Starting pre-election with config: opid_index: -1 OBSOLETE_local: false peers { permanent_uuid: "bce8dbcd72a840bb8256dee0715b175f" member_type: VOTER last_known_addr { host: "127.0.61.2" port: 39401 } } peers { permanent_uuid: "39273ba79fdb4d31abbb34278b8b1709" member_type: VOTER last_known_addr { host: "127.0.61.1" port: 40619 } } peers { permanent_uuid: "2f1f69d5d2dc4d7f8a6ffc7bcfb07c90" member_type: VOTER last_known_addr { host: "127.0.61.3" port: 45451 } }
I0916 07:55:40.974653 1459 leader_election.cc:296] T e02eeaf40c1d4a299b70f4a8f1514e31 P bce8dbcd72a840bb8256dee0715b175f [CANDIDATE]: Term 1 pre-election: Requested pre-vote from peers 39273ba79fdb4d31abbb34278b8b1709 (127.0.61.1:40619), 2f1f69d5d2dc4d7f8a6ffc7bcfb07c90 (127.0.61.3:45451)
I0916 07:55:40.975164 1320 raft_consensus.cc:2890] T 6b5196040b094455ad661e9ab9e379c7 P bce8dbcd72a840bb8256dee0715b175f [term 0 FOLLOWER]: Advancing to term 1
I0916 07:55:40.975415 1446 tablet_bootstrap.cc:590] T e02eeaf40c1d4a299b70f4a8f1514e31 P 2f1f69d5d2dc4d7f8a6ffc7bcfb07c90: No blocks or log segments found. Creating new log.
I0916 07:55:40.964721 1205 leader_election.cc:310] T 6b5196040b094455ad661e9ab9e379c7 P 39273ba79fdb4d31abbb34278b8b1709 [CANDIDATE]: Term 1 election: Election decided. Result: candidate won. Election summary: received 2 responses out of 3 voters: 2 yes votes; 0 no votes. yes voters: 2f1f69d5d2dc4d7f8a6ffc7bcfb07c90, 39273ba79fdb4d31abbb34278b8b1709; no voters:
I0916 07:55:40.976581 1321 raft_consensus.cc:2350] T e02eeaf40c1d4a299b70f4a8f1514e31 P bce8dbcd72a840bb8256dee0715b175f [term 0 FOLLOWER]: Leader pre-election vote request: Granting yes vote for candidate 39273ba79fdb4d31abbb34278b8b1709 in term 0.
I0916 07:55:40.977246 1450 raft_consensus.cc:2644] T 6b5196040b094455ad661e9ab9e379c7 P 39273ba79fdb4d31abbb34278b8b1709 [term 1 FOLLOWER]: Leader election won for term 1
W0916 07:55:40.979146 1202 leader_election.cc:341] T e02eeaf40c1d4a299b70f4a8f1514e31 P 39273ba79fdb4d31abbb34278b8b1709 [CANDIDATE]: Term 1 pre-election: RPC error from VoteRequest() call to peer bce8dbcd72a840bb8256dee0715b175f (127.0.61.2:39401): Timed out: RequestConsensusVote RPC to 127.0.61.2:39401 timed out after 0.264s (SENT)
I0916 07:55:40.979449 1202 leader_election.cc:310] T e02eeaf40c1d4a299b70f4a8f1514e31 P 39273ba79fdb4d31abbb34278b8b1709 [CANDIDATE]: Term 1 pre-election: Election decided. Result: candidate lost. Election summary: received 3 responses out of 3 voters: 1 yes votes; 2 no votes. yes voters: 39273ba79fdb4d31abbb34278b8b1709; no voters: 2f1f69d5d2dc4d7f8a6ffc7bcfb07c90, bce8dbcd72a840bb8256dee0715b175f
I0916 07:55:40.985661 1444 tablet_bootstrap.cc:439] T e5cce06208f44e4fa384db94c0b624ae P 39273ba79fdb4d31abbb34278b8b1709: No bootstrap required, opened a new log
I0916 07:55:40.986433 1444 ts_tablet_manager.cc:1085] T e5cce06208f44e4fa384db94c0b624ae P 39273ba79fdb4d31abbb34278b8b1709: Time spent bootstrapping tablet: real 0.327s user 0.006s sys 0.017s
I0916 07:55:40.989723 1392 tablet_service.cc:1295] Received RequestConsensusVote() RPC: tablet_id: "6b5196040b094455ad661e9ab9e379c7" candidate_uuid: "bce8dbcd72a840bb8256dee0715b175f" candidate_term: 1 candidate_status { last_received { term: 0 index: 0 } } ignore_live_leader: false dest_uuid: "2f1f69d5d2dc4d7f8a6ffc7bcfb07c90" is_pre_election: true
I0916 07:55:40.990053 1444 raft_consensus.cc:340] T e5cce06208f44e4fa384db94c0b624ae P 39273ba79fdb4d31abbb34278b8b1709 [term 0 FOLLOWER]: Replica starting. Triggering 0 pending transactions. Active config: opid_index: -1 OBSOLETE_local: false peers { permanent_uuid: "39273ba79fdb4d31abbb34278b8b1709" member_type: VOTER last_known_addr { host: "127.0.61.1" port: 40619 } } peers { permanent_uuid: "bce8dbcd72a840bb8256dee0715b175f" member_type: VOTER last_known_addr { host: "127.0.61.2" port: 39401 } } peers { permanent_uuid: "2f1f69d5d2dc4d7f8a6ffc7bcfb07c90" member_type: VOTER last_known_addr { host: "127.0.61.3" port: 45451 } }
I0916 07:55:40.990887 1392 raft_consensus.cc:2280] T 6b5196040b094455ad661e9ab9e379c7 P 2f1f69d5d2dc4d7f8a6ffc7bcfb07c90 [term 1 FOLLOWER]: Leader pre-election vote request: Denying vote to candidate bce8dbcd72a840bb8256dee0715b175f in current term 1: Already voted for candidate 39273ba79fdb4d31abbb34278b8b1709 in this term.
W0916 07:55:40.992566 1283 leader_election.cc:341] T e02eeaf40c1d4a299b70f4a8f1514e31 P bce8dbcd72a840bb8256dee0715b175f [CANDIDATE]: Term 1 pre-election: RPC error from VoteRequest() call to peer 39273ba79fdb4d31abbb34278b8b1709 (127.0.61.1:40619): Timed out: RequestConsensusVote RPC to 127.0.61.1:40619 timed out after 0.278s (SENT)
W0916 07:55:40.993531 1285 leader_election.cc:341] T e02eeaf40c1d4a299b70f4a8f1514e31 P bce8dbcd72a840bb8256dee0715b175f [CANDIDATE]: Term 1 pre-election: RPC error from VoteRequest() call to peer 2f1f69d5d2dc4d7f8a6ffc7bcfb07c90 (127.0.61.3:45451): Timed out: RequestConsensusVote RPC to 127.0.61.3:45451 timed out after 0.278s (SENT)
I0916 07:55:40.992251 1444 raft_consensus.cc:366] T e5cce06208f44e4fa384db94c0b624ae P 39273ba79fdb4d31abbb34278b8b1709 [term 0 FOLLOWER]: Consensus starting up: Expiring failure detector timer to make a prompt election more likely
I0916 07:55:40.994503 1285 leader_election.cc:310] T e02eeaf40c1d4a299b70f4a8f1514e31 P bce8dbcd72a840bb8256dee0715b175f [CANDIDATE]: Term 1 pre-election: Election decided. Result: candidate lost. Election summary: received 3 responses out of 3 voters: 1 yes votes; 2 no votes. yes voters: bce8dbcd72a840bb8256dee0715b175f; no voters: 2f1f69d5d2dc4d7f8a6ffc7bcfb07c90, 39273ba79fdb4d31abbb34278b8b1709
I0916 07:55:40.995450 1444 raft_consensus.cc:705] T e5cce06208f44e4fa384db94c0b624ae P 39273ba79fdb4d31abbb34278b8b1709 [term 0 FOLLOWER]: Becoming Follower/Learner. State: Replica: 39273ba79fdb4d31abbb34278b8b1709, State: Initialized, Role: FOLLOWER
I0916 07:55:40.995512 1392 tablet_service.cc:1295] Received RequestConsensusVote() RPC: tablet_id: "e5cce06208f44e4fa384db94c0b624ae" candidate_uuid: "bce8dbcd72a840bb8256dee0715b175f" candidate_term: 1 candidate_status { last_received { term: 0 index: 0 } } ignore_live_leader: false dest_uuid: "2f1f69d5d2dc4d7f8a6ffc7bcfb07c90" is_pre_election: true
I0916 07:55:40.996183 1321 tablet_service.cc:1295] Received RequestConsensusVote() RPC: tablet_id: "6b5196040b094455ad661e9ab9e379c7" candidate_uuid: "2f1f69d5d2dc4d7f8a6ffc7bcfb07c90" candidate_term: 1 candidate_status { last_received { term: 0 index: 0 } } ignore_live_leader: false dest_uuid: "bce8dbcd72a840bb8256dee0715b175f" is_pre_election: true
I0916 07:55:40.996400 1459 raft_consensus.cc:2592] T e02eeaf40c1d4a299b70f4a8f1514e31 P bce8dbcd72a840bb8256dee0715b175f [term 0 FOLLOWER]: Leader pre-election lost for term 1. Reason: could not achieve majority
I0916 07:55:40.996109 1444 consensus_queue.cc:229] T e5cce06208f44e4fa384db94c0b624ae P 39273ba79fdb4d31abbb34278b8b1709 [NON_LEADER]: Queue going to NON_LEADER mode. State: All replicated index: 0, Majority replicated index: 0, Committed index: 0, Last appended: 0.0, Last appended by leader: 0, Current term: 0, Majority size: -1, State: 0, Mode: NON_LEADER, active raft config: opid_index: -1 OBSOLETE_local: false peers { permanent_uuid: "39273ba79fdb4d31abbb34278b8b1709" member_type: VOTER last_known_addr { host: "127.0.61.1" port: 40619 } } peers { permanent_uuid: "bce8dbcd72a840bb8256dee0715b175f" member_type: VOTER last_known_addr { host: "127.0.61.2" port: 39401 } } peers { permanent_uuid: "2f1f69d5d2dc4d7f8a6ffc7bcfb07c90" member_type: VOTER last_known_addr { host: "127.0.61.3" port: 45451 } }
I0916 07:55:40.988777 1391 tablet_service.cc:1295] Received RequestConsensusVote() RPC: tablet_id: "e02eeaf40c1d4a299b70f4a8f1514e31" candidate_uuid: "bce8dbcd72a840bb8256dee0715b175f" candidate_term: 1 candidate_status { last_received { term: 0 index: 0 } } ignore_live_leader: false dest_uuid: "2f1f69d5d2dc4d7f8a6ffc7bcfb07c90" is_pre_election: true
I0916 07:55:40.991941 1320 raft_consensus.cc:2350] T 6b5196040b094455ad661e9ab9e379c7 P bce8dbcd72a840bb8256dee0715b175f [term 1 FOLLOWER]: Leader election vote request: Granting yes vote for candidate 39273ba79fdb4d31abbb34278b8b1709 in term 1.
I0916 07:55:40.996243 1392 raft_consensus.cc:2350] T e5cce06208f44e4fa384db94c0b624ae P 2f1f69d5d2dc4d7f8a6ffc7bcfb07c90 [term 0 FOLLOWER]: Leader pre-election vote request: Granting yes vote for candidate bce8dbcd72a840bb8256dee0715b175f in term 0.
I0916 07:55:40.998159 1321 raft_consensus.cc:2325] T 6b5196040b094455ad661e9ab9e379c7 P bce8dbcd72a840bb8256dee0715b175f [term 1 FOLLOWER]: Leader pre-election vote request: Denying vote to candidate 2f1f69d5d2dc4d7f8a6ffc7bcfb07c90 for term 1 because replica is already servicing an update from a current leader or another vote.
I0916 07:55:40.999588 1392 tablet_service.cc:1295] Received RequestConsensusVote() RPC: tablet_id: "e02eeaf40c1d4a299b70f4a8f1514e31" candidate_uuid: "bce8dbcd72a840bb8256dee0715b175f" candidate_term: 1 candidate_status { last_received { term: 0 index: 0 } } ignore_live_leader: false dest_uuid: "2f1f69d5d2dc4d7f8a6ffc7bcfb07c90" is_pre_election: true
I0916 07:55:41.001052 1285 leader_election.cc:310] T e5cce06208f44e4fa384db94c0b624ae P bce8dbcd72a840bb8256dee0715b175f [CANDIDATE]: Term 1 pre-election: Election decided. Result: candidate won. Election summary: received 2 responses out of 3 voters: 2 yes votes; 0 no votes. yes voters: 2f1f69d5d2dc4d7f8a6ffc7bcfb07c90, bce8dbcd72a840bb8256dee0715b175f; no voters:
W0916 07:55:41.002035 1285 leader_election.cc:348] T e02eeaf40c1d4a299b70f4a8f1514e31 P bce8dbcd72a840bb8256dee0715b175f [CANDIDATE]: Term 1 pre-election: Tablet error from VoteRequest() call to peer 2f1f69d5d2dc4d7f8a6ffc7bcfb07c90 (127.0.61.3:45451): Illegal state: must be running to vote when last-logged opid is not known
I0916 07:55:41.002163 1459 raft_consensus.cc:2644] T e5cce06208f44e4fa384db94c0b624ae P bce8dbcd72a840bb8256dee0715b175f [term 0 FOLLOWER]: Leader pre-election won for term 1
I0916 07:55:41.003300 1459 raft_consensus.cc:472] T e5cce06208f44e4fa384db94c0b624ae P bce8dbcd72a840bb8256dee0715b175f [term 0 FOLLOWER]: Starting leader election (no leader contacted us within the election timeout)
I0916 07:55:41.003459 1465 raft_consensus.cc:472] T 00000000000000000000000000000000 P fd1e33dc408e40c7a8bae2850d5a6b6f [term 1 FOLLOWER]: Starting pre-election (detected failure of leader 5fe1f662b7a54c0f823ca2d656131416)
I0916 07:55:41.003669 1459 raft_consensus.cc:2890] T e5cce06208f44e4fa384db94c0b624ae P bce8dbcd72a840bb8256dee0715b175f [term 0 FOLLOWER]: Advancing to term 1
W0916 07:55:41.004272 1354 leader_election.cc:341] T 6b5196040b094455ad661e9ab9e379c7 P 2f1f69d5d2dc4d7f8a6ffc7bcfb07c90 [CANDIDATE]: Term 1 pre-election: RPC error from VoteRequest() call to peer 39273ba79fdb4d31abbb34278b8b1709 (127.0.61.1:40619): Timed out: RequestConsensusVote RPC to 127.0.61.1:40619 timed out after 0.210s (SENT)
I0916 07:55:41.005232 1354 leader_election.cc:310] T 6b5196040b094455ad661e9ab9e379c7 P 2f1f69d5d2dc4d7f8a6ffc7bcfb07c90 [CANDIDATE]: Term 1 pre-election: Election decided. Result: candidate lost. Election summary: received 3 responses out of 3 voters: 1 yes votes; 2 no votes. yes voters: 2f1f69d5d2dc4d7f8a6ffc7bcfb07c90; no voters: 39273ba79fdb4d31abbb34278b8b1709, bce8dbcd72a840bb8256dee0715b175f
I0916 07:55:41.006054 1452 raft_consensus.cc:2592] T 6b5196040b094455ad661e9ab9e379c7 P 2f1f69d5d2dc4d7f8a6ffc7bcfb07c90 [term 1 FOLLOWER]: Leader pre-election lost for term 1. Reason: could not achieve majority
I0916 07:55:41.011162 1459 raft_consensus.cc:494] T e5cce06208f44e4fa384db94c0b624ae P bce8dbcd72a840bb8256dee0715b175f [term 1 FOLLOWER]: Starting leader election with config: opid_index: -1 OBSOLETE_local: false peers { permanent_uuid: "39273ba79fdb4d31abbb34278b8b1709" member_type: VOTER last_known_addr { host: "127.0.61.1" port: 40619 } } peers { permanent_uuid: "bce8dbcd72a840bb8256dee0715b175f" member_type: VOTER last_known_addr { host: "127.0.61.2" port: 39401 } } peers { permanent_uuid: "2f1f69d5d2dc4d7f8a6ffc7bcfb07c90" member_type: VOTER last_known_addr { host: "127.0.61.3" port: 45451 } }
I0916 07:55:41.015020 1392 tablet_service.cc:1295] Received RequestConsensusVote() RPC: tablet_id: "e5cce06208f44e4fa384db94c0b624ae" candidate_uuid: "bce8dbcd72a840bb8256dee0715b175f" candidate_term: 1 candidate_status { last_received { term: 0 index: 0 } } ignore_live_leader: false dest_uuid: "2f1f69d5d2dc4d7f8a6ffc7bcfb07c90"
I0916 07:55:41.015558 1392 raft_consensus.cc:2890] T e5cce06208f44e4fa384db94c0b624ae P 2f1f69d5d2dc4d7f8a6ffc7bcfb07c90 [term 0 FOLLOWER]: Advancing to term 1
I0916 07:55:41.004274 1465 raft_consensus.cc:494] T 00000000000000000000000000000000 P fd1e33dc408e40c7a8bae2850d5a6b6f [term 1 FOLLOWER]: Starting pre-election with config: opid_index: -1 OBSOLETE_local: false peers { permanent_uuid: "fd1e33dc408e40c7a8bae2850d5a6b6f" member_type: VOTER last_known_addr { host: "127.0.61.62" port: 33603 } } peers { permanent_uuid: "5fe1f662b7a54c0f823ca2d656131416" member_type: VOTER last_known_addr { host: "127.0.61.61" port: 37305 } } peers { permanent_uuid: "d933e518c06d4c7d8b4f743167c2c643" member_type: VOTER last_known_addr { host: "127.0.61.60" port: 37785 } }
I0916 07:55:41.019652 1392 raft_consensus.cc:2350] T e5cce06208f44e4fa384db94c0b624ae P 2f1f69d5d2dc4d7f8a6ffc7bcfb07c90 [term 1 FOLLOWER]: Leader election vote request: Granting yes vote for candidate bce8dbcd72a840bb8256dee0715b175f in term 1.
I0916 07:55:41.020622 1470 raft_consensus.cc:2592] T e02eeaf40c1d4a299b70f4a8f1514e31 P 39273ba79fdb4d31abbb34278b8b1709 [term 0 FOLLOWER]: Leader pre-election lost for term 1. Reason: could not achieve majority
I0916 07:55:41.020704 1285 leader_election.cc:310] T e5cce06208f44e4fa384db94c0b624ae P bce8dbcd72a840bb8256dee0715b175f [CANDIDATE]: Term 1 election: Election decided. Result: candidate won. Election summary: received 2 responses out of 3 voters: 2 yes votes; 0 no votes. yes voters: 2f1f69d5d2dc4d7f8a6ffc7bcfb07c90, bce8dbcd72a840bb8256dee0715b175f; no voters:
I0916 07:55:41.022068 1470 raft_consensus.cc:472] T e02eeaf40c1d4a299b70f4a8f1514e31 P 39273ba79fdb4d31abbb34278b8b1709 [term 0 FOLLOWER]: Starting pre-election (no leader contacted us within the election timeout)
I0916 07:55:41.022547 1451 raft_consensus.cc:2644] T e5cce06208f44e4fa384db94c0b624ae P bce8dbcd72a840bb8256dee0715b175f [term 1 FOLLOWER]: Leader election won for term 1
I0916 07:55:41.022449 1470 raft_consensus.cc:494] T e02eeaf40c1d4a299b70f4a8f1514e31 P 39273ba79fdb4d31abbb34278b8b1709 [term 0 FOLLOWER]: Starting pre-election with config: opid_index: -1 OBSOLETE_local: false peers { permanent_uuid: "bce8dbcd72a840bb8256dee0715b175f" member_type: VOTER last_known_addr { host: "127.0.61.2" port: 39401 } } peers { permanent_uuid: "39273ba79fdb4d31abbb34278b8b1709" member_type: VOTER last_known_addr { host: "127.0.61.1" port: 40619 } } peers { permanent_uuid: "2f1f69d5d2dc4d7f8a6ffc7bcfb07c90" member_type: VOTER last_known_addr { host: "127.0.61.3" port: 45451 } }
I0916 07:55:41.023300 1465 leader_election.cc:296] T 00000000000000000000000000000000 P fd1e33dc408e40c7a8bae2850d5a6b6f [CANDIDATE]: Term 2 pre-election: Requested pre-vote from peers 5fe1f662b7a54c0f823ca2d656131416 (127.0.61.61:37305), d933e518c06d4c7d8b4f743167c2c643 (127.0.61.60:37785)
I0916 07:55:41.021700 1459 leader_election.cc:296] T e5cce06208f44e4fa384db94c0b624ae P bce8dbcd72a840bb8256dee0715b175f [CANDIDATE]: Term 1 election: Requested vote from peers 39273ba79fdb4d31abbb34278b8b1709 (127.0.61.1:40619), 2f1f69d5d2dc4d7f8a6ffc7bcfb07c90 (127.0.61.3:45451)
I0916 07:55:41.024848 1161 tablet_service.cc:1295] Received RequestConsensusVote() RPC: tablet_id: "00000000000000000000000000000000" candidate_uuid: "fd1e33dc408e40c7a8bae2850d5a6b6f" candidate_term: 2 candidate_status { last_received { term: 1 index: 5 } } ignore_live_leader: false dest_uuid: "d933e518c06d4c7d8b4f743167c2c643" is_pre_election: true
I0916 07:55:41.025758 1161 raft_consensus.cc:2311] T 00000000000000000000000000000000 P d933e518c06d4c7d8b4f743167c2c643 [term 1 FOLLOWER]: Leader pre-election vote request: Denying vote to candidate fd1e33dc408e40c7a8bae2850d5a6b6f for term 2 because replica is either leader or believes a valid leader to be alive.
I0916 07:55:41.025982 1104 tablet_service.cc:1295] Received RequestConsensusVote() RPC: tablet_id: "00000000000000000000000000000000" candidate_uuid: "fd1e33dc408e40c7a8bae2850d5a6b6f" candidate_term: 2 candidate_status { last_received { term: 1 index: 5 } } ignore_live_leader: false dest_uuid: "5fe1f662b7a54c0f823ca2d656131416" is_pre_election: true
I0916 07:55:41.026470 1470 leader_election.cc:296] T e02eeaf40c1d4a299b70f4a8f1514e31 P 39273ba79fdb4d31abbb34278b8b1709 [CANDIDATE]: Term 1 pre-election: Requested pre-vote from peers bce8dbcd72a840bb8256dee0715b175f (127.0.61.2:39401), 2f1f69d5d2dc4d7f8a6ffc7bcfb07c90 (127.0.61.3:45451)
I0916 07:55:41.026669 1104 raft_consensus.cc:2311] T 00000000000000000000000000000000 P 5fe1f662b7a54c0f823ca2d656131416 [term 1 LEADER]: Leader pre-election vote request: Denying vote to candidate fd1e33dc408e40c7a8bae2850d5a6b6f for term 2 because replica is either leader or believes a valid leader to be alive.
I0916 07:55:41.027940 1020 leader_election.cc:310] T 00000000000000000000000000000000 P fd1e33dc408e40c7a8bae2850d5a6b6f [CANDIDATE]: Term 2 pre-election: Election decided. Result: candidate lost. Election summary: received 3 responses out of 3 voters: 1 yes votes; 2 no votes. yes voters: fd1e33dc408e40c7a8bae2850d5a6b6f; no voters: 5fe1f662b7a54c0f823ca2d656131416, d933e518c06d4c7d8b4f743167c2c643
I0916 07:55:41.028331 1451 raft_consensus.cc:667] T e5cce06208f44e4fa384db94c0b624ae P bce8dbcd72a840bb8256dee0715b175f [term 1 LEADER]: Becoming Leader. State: Replica: bce8dbcd72a840bb8256dee0715b175f, State: Running, Role: LEADER
I0916 07:55:41.029045 1465 raft_consensus.cc:2592] T 00000000000000000000000000000000 P fd1e33dc408e40c7a8bae2850d5a6b6f [term 1 FOLLOWER]: Leader pre-election lost for term 2. Reason: could not achieve majority
I0916 07:55:41.028980 1451 consensus_queue.cc:206] T e5cce06208f44e4fa384db94c0b624ae P bce8dbcd72a840bb8256dee0715b175f [LEADER]: Queue going to LEADER mode. State: All replicated index: 0, Majority replicated index: 0, Committed index: 0, Last appended: 0.0, Last appended by leader: 0, Current term: 1, Majority size: 2, State: 0, Mode: LEADER, active raft config: opid_index: -1 OBSOLETE_local: false peers { permanent_uuid: "39273ba79fdb4d31abbb34278b8b1709" member_type: VOTER last_known_addr { host: "127.0.61.1" port: 40619 } } peers { permanent_uuid: "bce8dbcd72a840bb8256dee0715b175f" member_type: VOTER last_known_addr { host: "127.0.61.2" port: 39401 } } peers { permanent_uuid: "2f1f69d5d2dc4d7f8a6ffc7bcfb07c90" member_type: VOTER last_known_addr { host: "127.0.61.3" port: 45451 } }
I0916 07:55:41.021502 1444 ts_tablet_manager.cc:1113] T e5cce06208f44e4fa384db94c0b624ae P 39273ba79fdb4d31abbb34278b8b1709: Time spent starting tablet: real 0.035s user 0.007s sys 0.003s
I0916 07:55:41.030921 1450 raft_consensus.cc:667] T 6b5196040b094455ad661e9ab9e379c7 P 39273ba79fdb4d31abbb34278b8b1709 [term 1 LEADER]: Becoming Leader. State: Replica: 39273ba79fdb4d31abbb34278b8b1709, State: Running, Role: LEADER
I0916 07:55:41.032784 1392 tablet_service.cc:1295] Received RequestConsensusVote() RPC: tablet_id: "e02eeaf40c1d4a299b70f4a8f1514e31" candidate_uuid: "39273ba79fdb4d31abbb34278b8b1709" candidate_term: 1 candidate_status { last_received { term: 0 index: 0 } } ignore_live_leader: false dest_uuid: "2f1f69d5d2dc4d7f8a6ffc7bcfb07c90" is_pre_election: true
W0916 07:55:41.033538 1202 outbound_call.cc:287] RPC callback for RPC call kudu.consensus.ConsensusService.RequestConsensusVote -> {remote=127.0.61.2:39401, user_credentials={real_user=slave}} blocked reactor thread for 54384.9us
I0916 07:55:41.035610 1249 tablet_service.cc:1295] Received RequestConsensusVote() RPC: tablet_id: "e02eeaf40c1d4a299b70f4a8f1514e31" candidate_uuid: "bce8dbcd72a840bb8256dee0715b175f" candidate_term: 1 candidate_status { last_received { term: 0 index: 0 } } ignore_live_leader: false dest_uuid: "39273ba79fdb4d31abbb34278b8b1709" is_pre_election: true
I0916 07:55:41.036239 1249 raft_consensus.cc:2350] T e02eeaf40c1d4a299b70f4a8f1514e31 P 39273ba79fdb4d31abbb34278b8b1709 [term 0 FOLLOWER]: Leader pre-election vote request: Granting yes vote for candidate bce8dbcd72a840bb8256dee0715b175f in term 0.
I0916 07:55:41.038116 1321 tablet_service.cc:1295] Received RequestConsensusVote() RPC: tablet_id: "e02eeaf40c1d4a299b70f4a8f1514e31" candidate_uuid: "39273ba79fdb4d31abbb34278b8b1709" candidate_term: 1 candidate_status { last_received { term: 0 index: 0 } } ignore_live_leader: false dest_uuid: "bce8dbcd72a840bb8256dee0715b175f" is_pre_election: true
I0916 07:55:41.039674 1092 catalog_manager.cc:4120] T e5cce06208f44e4fa384db94c0b624ae P bce8dbcd72a840bb8256dee0715b175f reported cstate change: term changed from 0 to 1, leader changed from to bce8dbcd72a840bb8256dee0715b175f (127.0.61.2). New cstate: current_term: 1 leader_uuid: "bce8dbcd72a840bb8256dee0715b175f" committed_config { opid_index: -1 OBSOLETE_local: false peers { permanent_uuid: "39273ba79fdb4d31abbb34278b8b1709" member_type: VOTER last_known_addr { host: "127.0.61.1" port: 40619 } health_report { overall_health: UNKNOWN } } peers { permanent_uuid: "bce8dbcd72a840bb8256dee0715b175f" member_type: VOTER last_known_addr { host: "127.0.61.2" port: 39401 } health_report { overall_health: HEALTHY } } peers { permanent_uuid: "2f1f69d5d2dc4d7f8a6ffc7bcfb07c90" member_type: VOTER last_known_addr { host: "127.0.61.3" port: 45451 } health_report { overall_health: UNKNOWN } } }
I0916 07:55:41.040884 1249 tablet_service.cc:1295] Received RequestConsensusVote() RPC: tablet_id: "6b5196040b094455ad661e9ab9e379c7" candidate_uuid: "bce8dbcd72a840bb8256dee0715b175f" candidate_term: 1 candidate_status { last_received { term: 0 index: 0 } } ignore_live_leader: false dest_uuid: "39273ba79fdb4d31abbb34278b8b1709" is_pre_election: true
I0916 07:55:41.038761 1321 raft_consensus.cc:2350] T e02eeaf40c1d4a299b70f4a8f1514e31 P bce8dbcd72a840bb8256dee0715b175f [term 0 FOLLOWER]: Leader pre-election vote request: Granting yes vote for candidate 39273ba79fdb4d31abbb34278b8b1709 in term 0.
W0916 07:55:41.043298 1205 leader_election.cc:348] T e02eeaf40c1d4a299b70f4a8f1514e31 P 39273ba79fdb4d31abbb34278b8b1709 [CANDIDATE]: Term 1 pre-election: Tablet error from VoteRequest() call to peer 2f1f69d5d2dc4d7f8a6ffc7bcfb07c90 (127.0.61.3:45451): Illegal state: must be running to vote when last-logged opid is not known
I0916 07:55:41.039670 1450 consensus_queue.cc:206] T 6b5196040b094455ad661e9ab9e379c7 P 39273ba79fdb4d31abbb34278b8b1709 [LEADER]: Queue going to LEADER mode. State: All replicated index: 0, Majority replicated index: 0, Committed index: 0, Last appended: 0.0, Last appended by leader: 0, Current term: 1, Majority size: 2, State: 0, Mode: LEADER, active raft config: opid_index: -1 OBSOLETE_local: false peers { permanent_uuid: "39273ba79fdb4d31abbb34278b8b1709" member_type: VOTER last_known_addr { host: "127.0.61.1" port: 40619 } } peers { permanent_uuid: "2f1f69d5d2dc4d7f8a6ffc7bcfb07c90" member_type: VOTER last_known_addr { host: "127.0.61.3" port: 45451 } } peers { permanent_uuid: "bce8dbcd72a840bb8256dee0715b175f" member_type: VOTER last_known_addr { host: "127.0.61.2" port: 39401 } }
I0916 07:55:41.046705 1202 leader_election.cc:310] T e02eeaf40c1d4a299b70f4a8f1514e31 P 39273ba79fdb4d31abbb34278b8b1709 [CANDIDATE]: Term 1 pre-election: Election decided. Result: candidate won. Election summary: received 3 responses out of 3 voters: 2 yes votes; 1 no votes. yes voters: 39273ba79fdb4d31abbb34278b8b1709, bce8dbcd72a840bb8256dee0715b175f; no voters: 2f1f69d5d2dc4d7f8a6ffc7bcfb07c90
I0916 07:55:41.047210 1446 tablet_bootstrap.cc:439] T e02eeaf40c1d4a299b70f4a8f1514e31 P 2f1f69d5d2dc4d7f8a6ffc7bcfb07c90: No bootstrap required, opened a new log
I0916 07:55:41.049437 1249 raft_consensus.cc:2311] T 6b5196040b094455ad661e9ab9e379c7 P 39273ba79fdb4d31abbb34278b8b1709 [term 1 LEADER]: Leader pre-election vote request: Denying vote to candidate bce8dbcd72a840bb8256dee0715b175f for term 1 because replica is either leader or believes a valid leader to be alive.
I0916 07:55:41.049417 1469 raft_consensus.cc:2644] T e02eeaf40c1d4a299b70f4a8f1514e31 P 39273ba79fdb4d31abbb34278b8b1709 [term 0 FOLLOWER]: Leader pre-election won for term 1
I0916 07:55:41.049989 1469 raft_consensus.cc:472] T e02eeaf40c1d4a299b70f4a8f1514e31 P 39273ba79fdb4d31abbb34278b8b1709 [term 0 FOLLOWER]: Starting leader election (no leader contacted us within the election timeout)
I0916 07:55:41.050371 1469 raft_consensus.cc:2890] T e02eeaf40c1d4a299b70f4a8f1514e31 P 39273ba79fdb4d31abbb34278b8b1709 [term 0 FOLLOWER]: Advancing to term 1
I0916 07:55:41.051904 1249 tablet_service.cc:1295] Received RequestConsensusVote() RPC: tablet_id: "e5cce06208f44e4fa384db94c0b624ae" candidate_uuid: "bce8dbcd72a840bb8256dee0715b175f" candidate_term: 1 candidate_status { last_received { term: 0 index: 0 } } ignore_live_leader: false dest_uuid: "39273ba79fdb4d31abbb34278b8b1709" is_pre_election: true
W0916 07:55:41.052809 1283 leader_election.cc:341] T 6b5196040b094455ad661e9ab9e379c7 P bce8dbcd72a840bb8256dee0715b175f [CANDIDATE]: Term 1 pre-election: RPC error from VoteRequest() call to peer 39273ba79fdb4d31abbb34278b8b1709 (127.0.61.1:40619): Timed out: RequestConsensusVote RPC to 127.0.61.1:40619 timed out after 0.208s (SENT)
I0916 07:55:41.053154 1283 leader_election.cc:310] T 6b5196040b094455ad661e9ab9e379c7 P bce8dbcd72a840bb8256dee0715b175f [CANDIDATE]: Term 1 pre-election: Election decided. Result: candidate lost. Election summary: received 3 responses out of 3 voters: 1 yes votes; 2 no votes. yes voters: bce8dbcd72a840bb8256dee0715b175f; no voters: 2f1f69d5d2dc4d7f8a6ffc7bcfb07c90, 39273ba79fdb4d31abbb34278b8b1709
I0916 07:55:41.054127 1249 raft_consensus.cc:2350] T e5cce06208f44e4fa384db94c0b624ae P 39273ba79fdb4d31abbb34278b8b1709 [term 0 FOLLOWER]: Leader pre-election vote request: Granting yes vote for candidate bce8dbcd72a840bb8256dee0715b175f in term 0.
I0916 07:55:41.057649 1451 raft_consensus.cc:2592] T 6b5196040b094455ad661e9ab9e379c7 P bce8dbcd72a840bb8256dee0715b175f [term 1 FOLLOWER]: Leader pre-election lost for term 1. Reason: could not achieve majority
I0916 07:55:41.048681 1446 ts_tablet_manager.cc:1085] T e02eeaf40c1d4a299b70f4a8f1514e31 P 2f1f69d5d2dc4d7f8a6ffc7bcfb07c90: Time spent bootstrapping tablet: real 0.229s user 0.039s sys 0.008s
I0916 07:55:41.066756 1249 tablet_service.cc:1295] Received RequestConsensusVote() RPC: tablet_id: "e02eeaf40c1d4a299b70f4a8f1514e31" candidate_uuid: "bce8dbcd72a840bb8256dee0715b175f" candidate_term: 1 candidate_status { last_received { term: 0 index: 0 } } ignore_live_leader: false dest_uuid: "39273ba79fdb4d31abbb34278b8b1709" is_pre_election: true
I0916 07:55:41.067018 1250 tablet_service.cc:1295] Received RequestConsensusVote() RPC: tablet_id: "e5cce06208f44e4fa384db94c0b624ae" candidate_uuid: "bce8dbcd72a840bb8256dee0715b175f" candidate_term: 1 candidate_status { last_received { term: 0 index: 0 } } ignore_live_leader: false dest_uuid: "39273ba79fdb4d31abbb34278b8b1709"
I0916 07:55:41.067615 1250 raft_consensus.cc:2890] T e5cce06208f44e4fa384db94c0b624ae P 39273ba79fdb4d31abbb34278b8b1709 [term 0 FOLLOWER]: Advancing to term 1
I0916 07:55:41.073561 1446 raft_consensus.cc:340] T e02eeaf40c1d4a299b70f4a8f1514e31 P 2f1f69d5d2dc4d7f8a6ffc7bcfb07c90 [term 0 FOLLOWER]: Replica starting. Triggering 0 pending transactions. Active config: opid_index: -1 OBSOLETE_local: false peers { permanent_uuid: "bce8dbcd72a840bb8256dee0715b175f" member_type: VOTER last_known_addr { host: "127.0.61.2" port: 39401 } } peers { permanent_uuid: "39273ba79fdb4d31abbb34278b8b1709" member_type: VOTER last_known_addr { host: "127.0.61.1" port: 40619 } } peers { permanent_uuid: "2f1f69d5d2dc4d7f8a6ffc7bcfb07c90" member_type: VOTER last_known_addr { host: "127.0.61.3" port: 45451 } }
I0916 07:55:41.074615 1446 raft_consensus.cc:366] T e02eeaf40c1d4a299b70f4a8f1514e31 P 2f1f69d5d2dc4d7f8a6ffc7bcfb07c90 [term 0 FOLLOWER]: Consensus starting up: Expiring failure detector timer to make a prompt election more likely
I0916 07:55:41.076213 1446 raft_consensus.cc:705] T e02eeaf40c1d4a299b70f4a8f1514e31 P 2f1f69d5d2dc4d7f8a6ffc7bcfb07c90 [term 0 FOLLOWER]: Becoming Follower/Learner. State: Replica: 2f1f69d5d2dc4d7f8a6ffc7bcfb07c90, State: Initialized, Role: FOLLOWER
I0916 07:55:41.081573 1250 raft_consensus.cc:2350] T e5cce06208f44e4fa384db94c0b624ae P 39273ba79fdb4d31abbb34278b8b1709 [term 1 FOLLOWER]: Leader election vote request: Granting yes vote for candidate bce8dbcd72a840bb8256dee0715b175f in term 1.
I0916 07:55:41.081955 1446 consensus_queue.cc:229] T e02eeaf40c1d4a299b70f4a8f1514e31 P 2f1f69d5d2dc4d7f8a6ffc7bcfb07c90 [NON_LEADER]: Queue going to NON_LEADER mode. State: All replicated index: 0, Majority replicated index: 0, Committed index: 0, Last appended: 0.0, Last appended by leader: 0, Current term: 0, Majority size: -1, State: 0, Mode: NON_LEADER, active raft config: opid_index: -1 OBSOLETE_local: false peers { permanent_uuid: "bce8dbcd72a840bb8256dee0715b175f" member_type: VOTER last_known_addr { host: "127.0.61.2" port: 39401 } } peers { permanent_uuid: "39273ba79fdb4d31abbb34278b8b1709" member_type: VOTER last_known_addr { host: "127.0.61.1" port: 40619 } } peers { permanent_uuid: "2f1f69d5d2dc4d7f8a6ffc7bcfb07c90" member_type: VOTER last_known_addr { host: "127.0.61.3" port: 45451 } }
I0916 07:55:41.087461 1452 raft_consensus.cc:472] T e02eeaf40c1d4a299b70f4a8f1514e31 P 2f1f69d5d2dc4d7f8a6ffc7bcfb07c90 [term 0 FOLLOWER]: Starting pre-election (no leader contacted us within the election timeout)
I0916 07:55:41.088024 1452 raft_consensus.cc:494] T e02eeaf40c1d4a299b70f4a8f1514e31 P 2f1f69d5d2dc4d7f8a6ffc7bcfb07c90 [term 0 FOLLOWER]: Starting pre-election with config: opid_index: -1 OBSOLETE_local: false peers { permanent_uuid: "bce8dbcd72a840bb8256dee0715b175f" member_type: VOTER last_known_addr { host: "127.0.61.2" port: 39401 } } peers { permanent_uuid: "39273ba79fdb4d31abbb34278b8b1709" member_type: VOTER last_known_addr { host: "127.0.61.1" port: 40619 } } peers { permanent_uuid: "2f1f69d5d2dc4d7f8a6ffc7bcfb07c90" member_type: VOTER last_known_addr { host: "127.0.61.3" port: 45451 } }
I0916 07:55:41.090469 1452 leader_election.cc:296] T e02eeaf40c1d4a299b70f4a8f1514e31 P 2f1f69d5d2dc4d7f8a6ffc7bcfb07c90 [CANDIDATE]: Term 1 pre-election: Requested pre-vote from peers bce8dbcd72a840bb8256dee0715b175f (127.0.61.2:39401), 39273ba79fdb4d31abbb34278b8b1709 (127.0.61.1:40619)
I0916 07:55:41.092733 1321 tablet_service.cc:1295] Received RequestConsensusVote() RPC: tablet_id: "e02eeaf40c1d4a299b70f4a8f1514e31" candidate_uuid: "2f1f69d5d2dc4d7f8a6ffc7bcfb07c90" candidate_term: 1 candidate_status { last_received { term: 0 index: 0 } } ignore_live_leader: false dest_uuid: "bce8dbcd72a840bb8256dee0715b175f" is_pre_election: true
I0916 07:55:41.093504 1321 raft_consensus.cc:2350] T e02eeaf40c1d4a299b70f4a8f1514e31 P bce8dbcd72a840bb8256dee0715b175f [term 0 FOLLOWER]: Leader pre-election vote request: Granting yes vote for candidate 2f1f69d5d2dc4d7f8a6ffc7bcfb07c90 in term 0.
I0916 07:55:41.096711 1353 leader_election.cc:310] T e02eeaf40c1d4a299b70f4a8f1514e31 P 2f1f69d5d2dc4d7f8a6ffc7bcfb07c90 [CANDIDATE]: Term 1 pre-election: Election decided. Result: candidate won. Election summary: received 2 responses out of 3 voters: 2 yes votes; 0 no votes. yes voters: 2f1f69d5d2dc4d7f8a6ffc7bcfb07c90, bce8dbcd72a840bb8256dee0715b175f; no voters:
I0916 07:55:41.097407 1452 raft_consensus.cc:2644] T e02eeaf40c1d4a299b70f4a8f1514e31 P 2f1f69d5d2dc4d7f8a6ffc7bcfb07c90 [term 0 FOLLOWER]: Leader pre-election won for term 1
I0916 07:55:41.097792 1452 raft_consensus.cc:472] T e02eeaf40c1d4a299b70f4a8f1514e31 P 2f1f69d5d2dc4d7f8a6ffc7bcfb07c90 [term 0 FOLLOWER]: Starting leader election (no leader contacted us within the election timeout)
I0916 07:55:41.097659 1250 tablet_service.cc:1295] Received RequestConsensusVote() RPC: tablet_id: "e02eeaf40c1d4a299b70f4a8f1514e31" candidate_uuid: "2f1f69d5d2dc4d7f8a6ffc7bcfb07c90" candidate_term: 1 candidate_status { last_received { term: 0 index: 0 } } ignore_live_leader: false dest_uuid: "39273ba79fdb4d31abbb34278b8b1709" is_pre_election: true
I0916 07:55:41.098166 1452 raft_consensus.cc:2890] T e02eeaf40c1d4a299b70f4a8f1514e31 P 2f1f69d5d2dc4d7f8a6ffc7bcfb07c90 [term 0 FOLLOWER]: Advancing to term 1
I0916 07:55:41.119165 1469 raft_consensus.cc:494] T e02eeaf40c1d4a299b70f4a8f1514e31 P 39273ba79fdb4d31abbb34278b8b1709 [term 1 FOLLOWER]: Starting leader election with config: opid_index: -1 OBSOLETE_local: false peers { permanent_uuid: "bce8dbcd72a840bb8256dee0715b175f" member_type: VOTER last_known_addr { host: "127.0.61.2" port: 39401 } } peers { permanent_uuid: "39273ba79fdb4d31abbb34278b8b1709" member_type: VOTER last_known_addr { host: "127.0.61.1" port: 40619 } } peers { permanent_uuid: "2f1f69d5d2dc4d7f8a6ffc7bcfb07c90" member_type: VOTER last_known_addr { host: "127.0.61.3" port: 45451 } }
I0916 07:55:41.120630 1249 raft_consensus.cc:2280] T e02eeaf40c1d4a299b70f4a8f1514e31 P 39273ba79fdb4d31abbb34278b8b1709 [term 1 FOLLOWER]: Leader pre-election vote request: Denying vote to candidate bce8dbcd72a840bb8256dee0715b175f in current term 1: Already voted for candidate 39273ba79fdb4d31abbb34278b8b1709 in this term.
I0916 07:55:41.121956 1250 raft_consensus.cc:2325] T e02eeaf40c1d4a299b70f4a8f1514e31 P 39273ba79fdb4d31abbb34278b8b1709 [term 1 FOLLOWER]: Leader pre-election vote request: Denying vote to candidate 2f1f69d5d2dc4d7f8a6ffc7bcfb07c90 for term 1 because replica is already servicing an update from a current leader or another vote.
I0916 07:55:41.122498 1283 leader_election.cc:310] T e02eeaf40c1d4a299b70f4a8f1514e31 P bce8dbcd72a840bb8256dee0715b175f [CANDIDATE]: Term 1 pre-election: Election decided. Result: candidate lost. Election summary: received 3 responses out of 3 voters: 1 yes votes; 2 no votes. yes voters: bce8dbcd72a840bb8256dee0715b175f; no voters: 2f1f69d5d2dc4d7f8a6ffc7bcfb07c90, 39273ba79fdb4d31abbb34278b8b1709
I0916 07:55:41.123545 1451 raft_consensus.cc:2890] T e02eeaf40c1d4a299b70f4a8f1514e31 P bce8dbcd72a840bb8256dee0715b175f [term 0 FOLLOWER]: Advancing to term 1
I0916 07:55:41.153255 1450 consensus_queue.cc:984] T 6b5196040b094455ad661e9ab9e379c7 P 39273ba79fdb4d31abbb34278b8b1709 [LEADER]: Connected to new peer: Peer: permanent_uuid: "2f1f69d5d2dc4d7f8a6ffc7bcfb07c90" member_type: VOTER last_known_addr { host: "127.0.61.3" port: 45451 }, Status: LMP_MISMATCH, Last received: 0.0, Next index: 1, Last known committed idx: 0, Time since last communication: 0.001s
I0916 07:55:41.154742 1451 raft_consensus.cc:2592] T e02eeaf40c1d4a299b70f4a8f1514e31 P bce8dbcd72a840bb8256dee0715b175f [term 1 FOLLOWER]: Leader pre-election lost for term 1. Reason: could not achieve majority
I0916 07:55:41.156040 1392 tablet_service.cc:1295] Received RequestConsensusVote() RPC: tablet_id: "e02eeaf40c1d4a299b70f4a8f1514e31" candidate_uuid: "39273ba79fdb4d31abbb34278b8b1709" candidate_term: 1 candidate_status { last_received { term: 0 index: 0 } } ignore_live_leader: false dest_uuid: "2f1f69d5d2dc4d7f8a6ffc7bcfb07c90"
I0916 07:55:41.162912 1469 leader_election.cc:296] T e02eeaf40c1d4a299b70f4a8f1514e31 P 39273ba79fdb4d31abbb34278b8b1709 [CANDIDATE]: Term 1 election: Requested vote from peers bce8dbcd72a840bb8256dee0715b175f (127.0.61.2:39401), 2f1f69d5d2dc4d7f8a6ffc7bcfb07c90 (127.0.61.3:45451)
I0916 07:55:41.173322 1321 tablet_service.cc:1295] Received RequestConsensusVote() RPC: tablet_id: "e02eeaf40c1d4a299b70f4a8f1514e31" candidate_uuid: "39273ba79fdb4d31abbb34278b8b1709" candidate_term: 1 candidate_status { last_received { term: 0 index: 0 } } ignore_live_leader: false dest_uuid: "bce8dbcd72a840bb8256dee0715b175f"
I0916 07:55:41.172392 1446 ts_tablet_manager.cc:1113] T e02eeaf40c1d4a299b70f4a8f1514e31 P 2f1f69d5d2dc4d7f8a6ffc7bcfb07c90: Time spent starting tablet: real 0.113s user 0.008s sys 0.015s
I0916 07:55:41.180984 1093 catalog_manager.cc:4120] T 6b5196040b094455ad661e9ab9e379c7 P 39273ba79fdb4d31abbb34278b8b1709 reported cstate change: term changed from 0 to 1, leader changed from to 39273ba79fdb4d31abbb34278b8b1709 (127.0.61.1). New cstate: current_term: 1 leader_uuid: "39273ba79fdb4d31abbb34278b8b1709" committed_config { opid_index: -1 OBSOLETE_local: false peers { permanent_uuid: "39273ba79fdb4d31abbb34278b8b1709" member_type: VOTER last_known_addr { host: "127.0.61.1" port: 40619 } health_report { overall_health: HEALTHY } } peers { permanent_uuid: "2f1f69d5d2dc4d7f8a6ffc7bcfb07c90" member_type: VOTER last_known_addr { host: "127.0.61.3" port: 45451 } health_report { overall_health: UNKNOWN } } peers { permanent_uuid: "bce8dbcd72a840bb8256dee0715b175f" member_type: VOTER last_known_addr { host: "127.0.61.2" port: 39401 } health_report { overall_health: UNKNOWN } } }
I0916 07:55:41.171880 1451 consensus_queue.cc:984] T e5cce06208f44e4fa384db94c0b624ae P bce8dbcd72a840bb8256dee0715b175f [LEADER]: Connected to new peer: Peer: permanent_uuid: "2f1f69d5d2dc4d7f8a6ffc7bcfb07c90" member_type: VOTER last_known_addr { host: "127.0.61.3" port: 45451 }, Status: LMP_MISMATCH, Last received: 0.0, Next index: 1, Last known committed idx: 0, Time since last communication: 0.011s
I0916 07:55:41.164572 1452 raft_consensus.cc:494] T e02eeaf40c1d4a299b70f4a8f1514e31 P 2f1f69d5d2dc4d7f8a6ffc7bcfb07c90 [term 1 FOLLOWER]: Starting leader election with config: opid_index: -1 OBSOLETE_local: false peers { permanent_uuid: "bce8dbcd72a840bb8256dee0715b175f" member_type: VOTER last_known_addr { host: "127.0.61.2" port: 39401 } } peers { permanent_uuid: "39273ba79fdb4d31abbb34278b8b1709" member_type: VOTER last_known_addr { host: "127.0.61.1" port: 40619 } } peers { permanent_uuid: "2f1f69d5d2dc4d7f8a6ffc7bcfb07c90" member_type: VOTER last_known_addr { host: "127.0.61.3" port: 45451 } }
I0916 07:55:41.186260 1450 consensus_queue.cc:984] T 6b5196040b094455ad661e9ab9e379c7 P 39273ba79fdb4d31abbb34278b8b1709 [LEADER]: Connected to new peer: Peer: permanent_uuid: "bce8dbcd72a840bb8256dee0715b175f" member_type: VOTER last_known_addr { host: "127.0.61.2" port: 39401 }, Status: LMP_MISMATCH, Last received: 0.0, Next index: 1, Last known committed idx: 0, Time since last communication: 0.005s
I0916 07:55:41.195128 1392 raft_consensus.cc:2280] T e02eeaf40c1d4a299b70f4a8f1514e31 P 2f1f69d5d2dc4d7f8a6ffc7bcfb07c90 [term 1 FOLLOWER]: Leader election vote request: Denying vote to candidate 39273ba79fdb4d31abbb34278b8b1709 in current term 1: Already voted for candidate 2f1f69d5d2dc4d7f8a6ffc7bcfb07c90 in this term.
I0916 07:55:41.194819 1321 raft_consensus.cc:2350] T e02eeaf40c1d4a299b70f4a8f1514e31 P bce8dbcd72a840bb8256dee0715b175f [term 1 FOLLOWER]: Leader election vote request: Granting yes vote for candidate 39273ba79fdb4d31abbb34278b8b1709 in term 1.
I0916 07:55:41.206955 1202 leader_election.cc:310] T e02eeaf40c1d4a299b70f4a8f1514e31 P 39273ba79fdb4d31abbb34278b8b1709 [CANDIDATE]: Term 1 election: Election decided. Result: candidate won. Election summary: received 3 responses out of 3 voters: 2 yes votes; 1 no votes. yes voters: 39273ba79fdb4d31abbb34278b8b1709, bce8dbcd72a840bb8256dee0715b175f; no voters: 2f1f69d5d2dc4d7f8a6ffc7bcfb07c90
I0916 07:55:41.211326 1452 leader_election.cc:296] T e02eeaf40c1d4a299b70f4a8f1514e31 P 2f1f69d5d2dc4d7f8a6ffc7bcfb07c90 [CANDIDATE]: Term 1 election: Requested vote from peers bce8dbcd72a840bb8256dee0715b175f (127.0.61.2:39401), 39273ba79fdb4d31abbb34278b8b1709 (127.0.61.1:40619)
I0916 07:55:41.211663 1321 tablet_service.cc:1295] Received RequestConsensusVote() RPC: tablet_id: "e02eeaf40c1d4a299b70f4a8f1514e31" candidate_uuid: "2f1f69d5d2dc4d7f8a6ffc7bcfb07c90" candidate_term: 1 candidate_status { last_received { term: 0 index: 0 } } ignore_live_leader: false dest_uuid: "bce8dbcd72a840bb8256dee0715b175f"
I0916 07:55:41.214206 1321 raft_consensus.cc:2280] T e02eeaf40c1d4a299b70f4a8f1514e31 P bce8dbcd72a840bb8256dee0715b175f [term 1 FOLLOWER]: Leader election vote request: Denying vote to candidate 2f1f69d5d2dc4d7f8a6ffc7bcfb07c90 in current term 1: Already voted for candidate 39273ba79fdb4d31abbb34278b8b1709 in this term.
I0916 07:55:41.211477 1450 raft_consensus.cc:2644] T e02eeaf40c1d4a299b70f4a8f1514e31 P 39273ba79fdb4d31abbb34278b8b1709 [term 1 FOLLOWER]: Leader election won for term 1
I0916 07:55:41.215937 1450 raft_consensus.cc:667] T e02eeaf40c1d4a299b70f4a8f1514e31 P 39273ba79fdb4d31abbb34278b8b1709 [term 1 LEADER]: Becoming Leader. State: Replica: 39273ba79fdb4d31abbb34278b8b1709, State: Running, Role: LEADER
I0916 07:55:41.216801 1450 consensus_queue.cc:206] T e02eeaf40c1d4a299b70f4a8f1514e31 P 39273ba79fdb4d31abbb34278b8b1709 [LEADER]: Queue going to LEADER mode. State: All replicated index: 0, Majority replicated index: 0, Committed index: 0, Last appended: 0.0, Last appended by leader: 0, Current term: 1, Majority size: 2, State: 0, Mode: LEADER, active raft config: opid_index: -1 OBSOLETE_local: false peers { permanent_uuid: "bce8dbcd72a840bb8256dee0715b175f" member_type: VOTER last_known_addr { host: "127.0.61.2" port: 39401 } } peers { permanent_uuid: "39273ba79fdb4d31abbb34278b8b1709" member_type: VOTER last_known_addr { host: "127.0.61.1" port: 40619 } } peers { permanent_uuid: "2f1f69d5d2dc4d7f8a6ffc7bcfb07c90" member_type: VOTER last_known_addr { host: "127.0.61.3" port: 45451 } }
I0916 07:55:41.229530 1250 tablet_service.cc:1295] Received RequestConsensusVote() RPC: tablet_id: "e02eeaf40c1d4a299b70f4a8f1514e31" candidate_uuid: "2f1f69d5d2dc4d7f8a6ffc7bcfb07c90" candidate_term: 1 candidate_status { last_received { term: 0 index: 0 } } ignore_live_leader: false dest_uuid: "39273ba79fdb4d31abbb34278b8b1709"
I0916 07:55:41.233610 1451 consensus_queue.cc:984] T e5cce06208f44e4fa384db94c0b624ae P bce8dbcd72a840bb8256dee0715b175f [LEADER]: Connected to new peer: Peer: permanent_uuid: "39273ba79fdb4d31abbb34278b8b1709" member_type: VOTER last_known_addr { host: "127.0.61.1" port: 40619 }, Status: LMP_MISMATCH, Last received: 0.0, Next index: 1, Last known committed idx: 0, Time since last communication: 0.000s
I0916 07:55:41.239914 1250 raft_consensus.cc:2311] T e02eeaf40c1d4a299b70f4a8f1514e31 P 39273ba79fdb4d31abbb34278b8b1709 [term 1 LEADER]: Leader election vote request: Denying vote to candidate 2f1f69d5d2dc4d7f8a6ffc7bcfb07c90 for term 1 because replica is either leader or believes a valid leader to be alive.
I0916 07:55:41.257926 1093 catalog_manager.cc:4120] T e02eeaf40c1d4a299b70f4a8f1514e31 P 39273ba79fdb4d31abbb34278b8b1709 reported cstate change: term changed from 0 to 1, leader changed from to 39273ba79fdb4d31abbb34278b8b1709 (127.0.61.1). New cstate: current_term: 1 leader_uuid: "39273ba79fdb4d31abbb34278b8b1709" committed_config { opid_index: -1 OBSOLETE_local: false peers { permanent_uuid: "bce8dbcd72a840bb8256dee0715b175f" member_type: VOTER last_known_addr { host: "127.0.61.2" port: 39401 } health_report { overall_health: UNKNOWN } } peers { permanent_uuid: "39273ba79fdb4d31abbb34278b8b1709" member_type: VOTER last_known_addr { host: "127.0.61.1" port: 40619 } health_report { overall_health: HEALTHY } } peers { permanent_uuid: "2f1f69d5d2dc4d7f8a6ffc7bcfb07c90" member_type: VOTER last_known_addr { host: "127.0.61.3" port: 45451 } health_report { overall_health: UNKNOWN } } }
I0916 07:55:41.277511 1354 leader_election.cc:310] T e02eeaf40c1d4a299b70f4a8f1514e31 P 2f1f69d5d2dc4d7f8a6ffc7bcfb07c90 [CANDIDATE]: Term 1 election: Election decided. Result: candidate lost. Election summary: received 3 responses out of 3 voters: 1 yes votes; 2 no votes. yes voters: 2f1f69d5d2dc4d7f8a6ffc7bcfb07c90; no voters: 39273ba79fdb4d31abbb34278b8b1709, bce8dbcd72a840bb8256dee0715b175f
I0916 07:55:41.294973 1452 raft_consensus.cc:2592] T e02eeaf40c1d4a299b70f4a8f1514e31 P 2f1f69d5d2dc4d7f8a6ffc7bcfb07c90 [term 1 FOLLOWER]: Leader election lost for term 1. Reason: could not achieve majority
I0916 07:55:41.327102 1469 consensus_queue.cc:984] T e02eeaf40c1d4a299b70f4a8f1514e31 P 39273ba79fdb4d31abbb34278b8b1709 [LEADER]: Connected to new peer: Peer: permanent_uuid: "2f1f69d5d2dc4d7f8a6ffc7bcfb07c90" member_type: VOTER last_known_addr { host: "127.0.61.3" port: 45451 }, Status: LMP_MISMATCH, Last received: 0.0, Next index: 1, Last known committed idx: 0, Time since last communication: 0.000s
I0916 07:55:41.337945 1469 consensus_queue.cc:984] T e02eeaf40c1d4a299b70f4a8f1514e31 P 39273ba79fdb4d31abbb34278b8b1709 [LEADER]: Connected to new peer: Peer: permanent_uuid: "bce8dbcd72a840bb8256dee0715b175f" member_type: VOTER last_known_addr { host: "127.0.61.2" port: 39401 }, Status: LMP_MISMATCH, Last received: 0.0, Next index: 1, Last known committed idx: 0, Time since last communication: 0.000s
I0916 07:55:41.450093 1452 raft_consensus.cc:472] T e5cce06208f44e4fa384db94c0b624ae P 2f1f69d5d2dc4d7f8a6ffc7bcfb07c90 [term 1 FOLLOWER]: Starting pre-election (detected failure of leader bce8dbcd72a840bb8256dee0715b175f)
