I0916 07:55:39.309047 244 tablet_replica.cc:273] T 00000000000000000000000000000000 P 01ad7865e3974566b2bf81b1ad5185a4: stopping tablet replica
I0916 07:55:39.326951 244 master.cc:258] Master@127.0.61.62:35269 shutdown complete. [ OK ] TsTabletManagerITest.TestDeduplicateMasterAddrsForHeartbeaters (550 ms) [ RUN ] TsTabletManagerITest.TestTableStats
I0916 07:55:39.342872 244 internal_mini_cluster.cc:146] Creating distributed mini masters. Addrs: 127.0.61.62:33603,127.0.61.61:37305,127.0.61.60:37785
I0916 07:55:39.353441 244 system_ntp.cc:193] NTP initialized. Skew: 500ppm Current error: 45516us
I0916 07:55:39.353775 244 fs_manager.cc:263] Metadata directory not provided
I0916 07:55:39.353894 244 fs_manager.cc:269] Using write-ahead log directory (fs_wal_dir) as metadata directory
I0916 07:55:39.354064 244 server_base.cc:452] Could not load existing FS layout: Not found: could not find a healthy instance file
I0916 07:55:39.354158 244 server_base.cc:453] Attempting to create new FS layout instead
I0916 07:55:39.355015 244 fs_manager.cc:602] Generated new instance metadata in path /tmp/dist-test-taska4lOjz/test-tmp/ts_tablet_manager-itest.0.TsTabletManagerITest.TestTableStats.1568620531643032-244/minicluster-data/master-0-root/instance: uuid: "fd1e33dc408e40c7a8bae2850d5a6b6f" format_stamp: "Formatted at 2019-09-16 07:55:39 on dist-test-slave-dist-test-slave-p3b0"
I0916 07:55:39.362546 244 fs_manager.cc:503] Time spent creating directory manager: real 0.007s user 0.005s sys 0.004s
I0916 07:55:39.363776 244 file_cache.cc:465] Constructed file cache lbm with capacity 419430
I0916 07:55:39.369704 244 fs_manager.cc:419] Time spent opening block manager: real 0.001s user 0.001s sys 0.000s
I0916 07:55:39.369858 244 fs_manager.cc:436] Opened local filesystem: /tmp/dist-test-taska4lOjz/test-tmp/ts_tablet_manager-itest.0.TsTabletManagerITest.TestTableStats.1568620531643032-244/minicluster-data/master-0-root uuid: "fd1e33dc408e40c7a8bae2850d5a6b6f" format_stamp: "Formatted at 2019-09-16 07:55:39 on dist-test-slave-dist-test-slave-p3b0"
I0916 07:55:39.370070 244 fs_report.cc:352] FS layout report -------------------- wal directory: /tmp/dist-test-taska4lOjz/test-tmp/ts_tablet_manager-itest.0.TsTabletManagerITest.TestTableStats.1568620531643032-244/minicluster-data/master-0-root metadata directory: /tmp/dist-test-taska4lOjz/test-tmp/ts_tablet_manager-itest.0.TsTabletManagerITest.TestTableStats.1568620531643032-244/minicluster-data/master-0-root 1 data directories: /tmp/dist-test-taska4lOjz/test-tmp/ts_tablet_manager-itest.0.TsTabletManagerITest.TestTableStats.1568620531643032-244/minicluster-data/master-0-root/data Total live blocks: 0 Total live bytes: 0 Total live bytes (after alignment): 0 Total number of LBM containers: 0 (0 full) Did not check for missing blocks Did not check for orphaned blocks Total full LBM containers with extra space: 0 (0 repaired) Total full LBM container extra space in bytes: 0 (0 repaired) Total incomplete LBM containers: 0 (0 repaired) Total LBM partial records: 0 (0 repaired)
I0916 07:55:39.429659 244 rpc_server.cc:205] RPC server started. Bound to: 127.0.61.62:33603
I0916 07:55:39.431599 244 webserver.cc:374] Webserver started at http://127.0.61.62:36877/ using document root and password file
I0916 07:55:39.433751 1070 data_dirs.cc:939] Could only allocate 1 dirs of requested 3 for tablet 00000000000000000000000000000000. 1 dirs total, 0 dirs full, 0 dirs failed
I0916 07:55:39.439867 1070 sys_catalog.cc:307] member_type: VOTER last_known_addr { host: "127.0.61.62" port: 33603 } has no permanent_uuid. Determining permanent_uuid...
I0916 07:55:39.448779 244 system_ntp.cc:193] NTP initialized. Skew: 500ppm Current error: 45516us
I0916 07:55:39.449122 244 fs_manager.cc:263] Metadata directory not provided
I0916 07:55:39.449265 244 fs_manager.cc:269] Using write-ahead log directory (fs_wal_dir) as metadata directory
I0916 07:55:39.449450 244 server_base.cc:452] Could not load existing FS layout: Not found: could not find a healthy instance file
I0916 07:55:39.449548 244 server_base.cc:453] Attempting to create new FS layout instead
I0916 07:55:39.450692 244 fs_manager.cc:602] Generated new instance metadata in path /tmp/dist-test-taska4lOjz/test-tmp/ts_tablet_manager-itest.0.TsTabletManagerITest.TestTableStats.1568620531643032-244/minicluster-data/master-1-root/instance: uuid: "5fe1f662b7a54c0f823ca2d656131416" format_stamp: "Formatted at 2019-09-16 07:55:39 on dist-test-slave-dist-test-slave-p3b0"
I0916 07:55:39.453423 1070 sys_catalog.cc:307] member_type: VOTER last_known_addr { host: "127.0.61.61" port: 37305 } has no permanent_uuid. Determining permanent_uuid...
W0916 07:55:39.455094 1070 consensus_peers.cc:607] Error getting permanent uuid from config peer 127.0.61.61:37305: Network error: Client connection negotiation failed: client connection to 127.0.61.61:37305: connect: Connection refused (error 111)
I0916 07:55:39.459599 244 fs_manager.cc:503] Time spent creating directory manager: real 0.008s user 0.010s sys 0.001s
I0916 07:55:39.461006 244 file_cache.cc:465] Constructed file cache lbm with capacity 419430
I0916 07:55:39.467234 244 fs_manager.cc:419] Time spent opening block manager: real 0.001s user 0.001s sys 0.000s
I0916 07:55:39.467394 244 fs_manager.cc:436] Opened local filesystem: /tmp/dist-test-taska4lOjz/test-tmp/ts_tablet_manager-itest.0.TsTabletManagerITest.TestTableStats.1568620531643032-244/minicluster-data/master-1-root uuid: "5fe1f662b7a54c0f823ca2d656131416" format_stamp: "Formatted at 2019-09-16 07:55:39 on dist-test-slave-dist-test-slave-p3b0"
I0916 07:55:39.467674 244 fs_report.cc:352] FS layout report -------------------- wal directory: /tmp/dist-test-taska4lOjz/test-tmp/ts_tablet_manager-itest.0.TsTabletManagerITest.TestTableStats.1568620531643032-244/minicluster-data/master-1-root metadata directory: /tmp/dist-test-taska4lOjz/test-tmp/ts_tablet_manager-itest.0.TsTabletManagerITest.TestTableStats.1568620531643032-244/minicluster-data/master-1-root 1 data directories: /tmp/dist-test-taska4lOjz/test-tmp/ts_tablet_manager-itest.0.TsTabletManagerITest.TestTableStats.1568620531643032-244/minicluster-data/master-1-root/data Total live blocks: 0 Total live bytes: 0 Total live bytes (after alignment): 0 Total number of LBM containers: 0 (0 full) Did not check for missing blocks Did not check for orphaned blocks Total full LBM containers with extra space: 0 (0 repaired) Total full LBM container extra space in bytes: 0 (0 repaired) Total incomplete LBM containers: 0 (0 repaired) Total LBM partial records: 0 (0 repaired)
I0916 07:55:39.507495 1070 consensus_peers.cc:617] Retrying to get permanent uuid for remote peer: member_type: VOTER last_known_addr { host: "127.0.61.61" port: 37305 } attempt: 1
W0916 07:55:39.509521 1070 consensus_peers.cc:607] Error getting permanent uuid from config peer 127.0.61.61:37305: Network error: Client connection negotiation failed: client connection to 127.0.61.61:37305: connect: Connection refused (error 111)
I0916 07:55:39.528828 244 rpc_server.cc:205] RPC server started. Bound to: 127.0.61.61:37305
I0916 07:55:39.530465 244 webserver.cc:374] Webserver started at http://127.0.61.61:38341/ using document root and password file
I0916 07:55:39.532131 1127 data_dirs.cc:939] Could only allocate 1 dirs of requested 3 for tablet 00000000000000000000000000000000. 1 dirs total, 0 dirs full, 0 dirs failed
I0916 07:55:39.536325 1127 sys_catalog.cc:307] member_type: VOTER last_known_addr { host: "127.0.61.62" port: 33603 } has no permanent_uuid. Determining permanent_uuid...
I0916 07:55:39.545466 244 system_ntp.cc:193] NTP initialized. Skew: 500ppm Current error: 45516us
I0916 07:55:39.545819 244 fs_manager.cc:263] Metadata directory not provided
I0916 07:55:39.545966 244 fs_manager.cc:269] Using write-ahead log directory (fs_wal_dir) as metadata directory
I0916 07:55:39.546161 244 server_base.cc:452] Could not load existing FS layout: Not found: could not find a healthy instance file
I0916 07:55:39.546304 244 server_base.cc:453] Attempting to create new FS layout instead
I0916 07:55:39.547438 244 fs_manager.cc:602] Generated new instance metadata in path /tmp/dist-test-taska4lOjz/test-tmp/ts_tablet_manager-itest.0.TsTabletManagerITest.TestTableStats.1568620531643032-244/minicluster-data/master-2-root/instance: uuid: "d933e518c06d4c7d8b4f743167c2c643" format_stamp: "Formatted at 2019-09-16 07:55:39 on dist-test-slave-dist-test-slave-p3b0"
I0916 07:55:39.549813 1127 sys_catalog.cc:307] member_type: VOTER last_known_addr { host: "127.0.61.61" port: 37305 } has no permanent_uuid. Determining permanent_uuid...
I0916 07:55:39.559937 244 fs_manager.cc:503] Time spent creating directory manager: real 0.012s user 0.010s sys 0.004s
I0916 07:55:39.561693 244 file_cache.cc:465] Constructed file cache lbm with capacity 419430
I0916 07:55:39.562027 1070 consensus_peers.cc:617] Retrying to get permanent uuid for remote peer: member_type: VOTER last_known_addr { host: "127.0.61.61" port: 37305 } attempt: 2
I0916 07:55:39.564415 1127 sys_catalog.cc:307] member_type: VOTER last_known_addr { host: "127.0.61.60" port: 37785 } has no permanent_uuid. Determining permanent_uuid...
W0916 07:55:39.566133 1127 consensus_peers.cc:607] Error getting permanent uuid from config peer 127.0.61.60:37785: Network error: Client connection negotiation failed: client connection to 127.0.61.60:37785: connect: Connection refused (error 111)
I0916 07:55:39.570979 244 fs_manager.cc:419] Time spent opening block manager: real 0.002s user 0.001s sys 0.000s
I0916 07:55:39.571290 244 fs_manager.cc:436] Opened local filesystem: /tmp/dist-test-taska4lOjz/test-tmp/ts_tablet_manager-itest.0.TsTabletManagerITest.TestTableStats.1568620531643032-244/minicluster-data/master-2-root uuid: "d933e518c06d4c7d8b4f743167c2c643" format_stamp: "Formatted at 2019-09-16 07:55:39 on dist-test-slave-dist-test-slave-p3b0"
I0916 07:55:39.571622 244 fs_report.cc:352] FS layout report -------------------- wal directory: /tmp/dist-test-taska4lOjz/test-tmp/ts_tablet_manager-itest.0.TsTabletManagerITest.TestTableStats.1568620531643032-244/minicluster-data/master-2-root metadata directory: /tmp/dist-test-taska4lOjz/test-tmp/ts_tablet_manager-itest.0.TsTabletManagerITest.TestTableStats.1568620531643032-244/minicluster-data/master-2-root 1 data directories: /tmp/dist-test-taska4lOjz/test-tmp/ts_tablet_manager-itest.0.TsTabletManagerITest.TestTableStats.1568620531643032-244/minicluster-data/master-2-root/data Total live blocks: 0 Total live bytes: 0 Total live bytes (after alignment): 0 Total number of LBM containers: 0 (0 full) Did not check for missing blocks Did not check for orphaned blocks Total full LBM containers with extra space: 0 (0 repaired) Total full LBM container extra space in bytes: 0 (0 repaired) Total incomplete LBM containers: 0 (0 repaired) Total LBM partial records: 0 (0 repaired)
I0916 07:55:39.572511 1070 sys_catalog.cc:307] member_type: VOTER last_known_addr { host: "127.0.61.60" port: 37785 } has no permanent_uuid. Determining permanent_uuid...
W0916 07:55:39.574303 1070 consensus_peers.cc:607] Error getting permanent uuid from config peer 127.0.61.60:37785: Network error: Client connection negotiation failed: client connection to 127.0.61.60:37785: connect: Connection refused (error 111)
I0916 07:55:39.586568 1127 consensus_peers.cc:617] Retrying to get permanent uuid for remote peer: member_type: VOTER last_known_addr { host: "127.0.61.60" port: 37785 } attempt: 1
W0916 07:55:39.588501 1127 consensus_peers.cc:607] Error getting permanent uuid from config peer 127.0.61.60:37785: Network error: Client connection negotiation failed: client connection to 127.0.61.60:37785: connect: Connection refused (error 111)
I0916 07:55:39.624656 244 rpc_server.cc:205] RPC server started. Bound to: 127.0.61.60:37785
I0916 07:55:39.626250 244 webserver.cc:374] Webserver started at http://127.0.61.60:45039/ using document root and password file
I0916 07:55:39.627146 244 internal_mini_cluster.cc:166] Waiting to initialize catalog manager on master 0
I0916 07:55:39.627913 1184 data_dirs.cc:939] Could only allocate 1 dirs of requested 3 for tablet 00000000000000000000000000000000. 1 dirs total, 0 dirs full, 0 dirs failed
I0916 07:55:39.630913 1127 consensus_peers.cc:617] Retrying to get permanent uuid for remote peer: member_type: VOTER last_known_addr { host: "127.0.61.60" port: 37785 } attempt: 2
I0916 07:55:39.632175 1184 sys_catalog.cc:307] member_type: VOTER last_known_addr { host: "127.0.61.62" port: 33603 } has no permanent_uuid. Determining permanent_uuid...
I0916 07:55:39.635761 1070 consensus_peers.cc:617] Retrying to get permanent uuid for remote peer: member_type: VOTER last_known_addr { host: "127.0.61.60" port: 37785 } attempt: 1
I0916 07:55:39.648283 1184 sys_catalog.cc:307] member_type: VOTER last_known_addr { host: "127.0.61.61" port: 37305 } has no permanent_uuid. Determining permanent_uuid...
I0916 07:55:39.651023 1127 tablet_bootstrap.cc:439] T 00000000000000000000000000000000 P 5fe1f662b7a54c0f823ca2d656131416: Bootstrap starting.
I0916 07:55:39.653789 1127 tablet_bootstrap.cc:590] T 00000000000000000000000000000000 P 5fe1f662b7a54c0f823ca2d656131416: No blocks or log segments found. Creating new log.
I0916 07:55:39.658118 1127 tablet_bootstrap.cc:439] T 00000000000000000000000000000000 P 5fe1f662b7a54c0f823ca2d656131416: No bootstrap required, opened a new log
I0916 07:55:39.658938 1184 sys_catalog.cc:307] member_type: VOTER last_known_addr { host: "127.0.61.60" port: 37785 } has no permanent_uuid. Determining permanent_uuid...
I0916 07:55:39.660048 1127 raft_consensus.cc:340] T 00000000000000000000000000000000 P 5fe1f662b7a54c0f823ca2d656131416 [term 0 FOLLOWER]: Replica starting. Triggering 0 pending transactions. Active config: opid_index: -1 OBSOLETE_local: false peers { permanent_uuid: "fd1e33dc408e40c7a8bae2850d5a6b6f" member_type: VOTER last_known_addr { host: "127.0.61.62" port: 33603 } } peers { permanent_uuid: "5fe1f662b7a54c0f823ca2d656131416" member_type: VOTER last_known_addr { host: "127.0.61.61" port: 37305 } } peers { permanent_uuid: "d933e518c06d4c7d8b4f743167c2c643" member_type: VOTER last_known_addr { host: "127.0.61.60" port: 37785 } }
I0916 07:55:39.661058 1127 raft_consensus.cc:366] T 00000000000000000000000000000000 P 5fe1f662b7a54c0f823ca2d656131416 [term 0 FOLLOWER]: Consensus starting up: Expiring failure detector timer to make a prompt election more likely
I0916 07:55:39.661331 1127 raft_consensus.cc:705] T 00000000000000000000000000000000 P 5fe1f662b7a54c0f823ca2d656131416 [term 0 FOLLOWER]: Becoming Follower/Learner. State: Replica: 5fe1f662b7a54c0f823ca2d656131416, State: Initialized, Role: FOLLOWER
I0916 07:55:39.661883 1127 consensus_queue.cc:229] T 00000000000000000000000000000000 P 5fe1f662b7a54c0f823ca2d656131416 [NON_LEADER]: Queue going to NON_LEADER mode. State: All replicated index: 0, Majority replicated index: 0, Committed index: 0, Last appended: 0.0, Last appended by leader: 0, Current term: 0, Majority size: -1, State: 0, Mode: NON_LEADER, active raft config: opid_index: -1 OBSOLETE_local: false peers { permanent_uuid: "fd1e33dc408e40c7a8bae2850d5a6b6f" member_type: VOTER last_known_addr { host: "127.0.61.62" port: 33603 } } peers { permanent_uuid: "5fe1f662b7a54c0f823ca2d656131416" member_type: VOTER last_known_addr { host: "127.0.61.61" port: 37305 } } peers { permanent_uuid: "d933e518c06d4c7d8b4f743167c2c643" member_type: VOTER last_known_addr { host: "127.0.61.60" port: 37785 } }
I0916 07:55:39.664063 1070 tablet_bootstrap.cc:439] T 00000000000000000000000000000000 P fd1e33dc408e40c7a8bae2850d5a6b6f: Bootstrap starting.
I0916 07:55:39.663812 1127 sys_catalog.cc:340] T 00000000000000000000000000000000 P 5fe1f662b7a54c0f823ca2d656131416 [sys.catalog]: SysCatalogTable state changed. Reason: Started TabletReplica. Latest consensus state: current_term: 0 committed_config { opid_index: -1 OBSOLETE_local: false peers { permanent_uuid: "fd1e33dc408e40c7a8bae2850d5a6b6f" member_type: VOTER last_known_addr { host: "127.0.61.62" port: 33603 } } peers { permanent_uuid: "5fe1f662b7a54c0f823ca2d656131416" member_type: VOTER last_known_addr { host: "127.0.61.61" port: 37305 } } peers { permanent_uuid: "d933e518c06d4c7d8b4f743167c2c643" member_type: VOTER last_known_addr { host: "127.0.61.60" port: 37785 } } }
I0916 07:55:39.664618 1127 sys_catalog.cc:343] T 00000000000000000000000000000000 P 5fe1f662b7a54c0f823ca2d656131416 [sys.catalog]: This master's current role is: FOLLOWER
I0916 07:55:39.664021 1189 sys_catalog.cc:340] T 00000000000000000000000000000000 P 5fe1f662b7a54c0f823ca2d656131416 [sys.catalog]: SysCatalogTable state changed. Reason: RaftConsensus started. Latest consensus state: current_term: 0 committed_config { opid_index: -1 OBSOLETE_local: false peers { permanent_uuid: "fd1e33dc408e40c7a8bae2850d5a6b6f" member_type: VOTER last_known_addr { host: "127.0.61.62" port: 33603 } } peers { permanent_uuid: "5fe1f662b7a54c0f823ca2d656131416" member_type: VOTER last_known_addr { host: "127.0.61.61" port: 37305 } } peers { permanent_uuid: "d933e518c06d4c7d8b4f743167c2c643" member_type: VOTER last_known_addr { host: "127.0.61.60" port: 37785 } } }
I0916 07:55:39.665010 1189 sys_catalog.cc:343] T 00000000000000000000000000000000 P 5fe1f662b7a54c0f823ca2d656131416 [sys.catalog]: This master's current role is: FOLLOWER
I0916 07:55:39.665650 1127 sys_catalog.cc:428] T 00000000000000000000000000000000 P 5fe1f662b7a54c0f823ca2d656131416 [sys.catalog]: configured and running, proceeding with master startup.
I0916 07:55:39.667587 1070 tablet_bootstrap.cc:590] T 00000000000000000000000000000000 P fd1e33dc408e40c7a8bae2850d5a6b6f: No blocks or log segments found. Creating new log.
I0916 07:55:39.671154 1070 tablet_bootstrap.cc:439] T 00000000000000000000000000000000 P fd1e33dc408e40c7a8bae2850d5a6b6f: No bootstrap required, opened a new log
W0916 07:55:39.671290 1190 catalog_manager.cc:1144] T 00000000000000000000000000000000 P 5fe1f662b7a54c0f823ca2d656131416: acquiring CA information for follower catalog manager: Not found: root CA entry not found
W0916 07:55:39.671555 1190 catalog_manager.cc:627] Not found: root CA entry not found: failed to prepare follower catalog manager, will retry
I0916 07:55:39.672600 1070 raft_consensus.cc:340] T 00000000000000000000000000000000 P fd1e33dc408e40c7a8bae2850d5a6b6f [term 0 FOLLOWER]: Replica starting. Triggering 0 pending transactions. Active config: opid_index: -1 OBSOLETE_local: false peers { permanent_uuid: "fd1e33dc408e40c7a8bae2850d5a6b6f" member_type: VOTER last_known_addr { host: "127.0.61.62" port: 33603 } } peers { permanent_uuid: "5fe1f662b7a54c0f823ca2d656131416" member_type: VOTER last_known_addr { host: "127.0.61.61" port: 37305 } } peers { permanent_uuid: "d933e518c06d4c7d8b4f743167c2c643" member_type: VOTER last_known_addr { host: "127.0.61.60" port: 37785 } }
I0916 07:55:39.673100 1070 raft_consensus.cc:366] T 00000000000000000000000000000000 P fd1e33dc408e40c7a8bae2850d5a6b6f [term 0 FOLLOWER]: Consensus starting up: Expiring failure detector timer to make a prompt election more likely
I0916 07:55:39.673272 1070 raft_consensus.cc:705] T 00000000000000000000000000000000 P fd1e33dc408e40c7a8bae2850d5a6b6f [term 0 FOLLOWER]: Becoming Follower/Learner. State: Replica: fd1e33dc408e40c7a8bae2850d5a6b6f, State: Initialized, Role: FOLLOWER
I0916 07:55:39.674156 1184 tablet_bootstrap.cc:439] T 00000000000000000000000000000000 P d933e518c06d4c7d8b4f743167c2c643: Bootstrap starting.
I0916 07:55:39.673868 1070 consensus_queue.cc:229] T 00000000000000000000000000000000 P fd1e33dc408e40c7a8bae2850d5a6b6f [NON_LEADER]: Queue going to NON_LEADER mode. State: All replicated index: 0, Majority replicated index: 0, Committed index: 0, Last appended: 0.0, Last appended by leader: 0, Current term: 0, Majority size: -1, State: 0, Mode: NON_LEADER, active raft config: opid_index: -1 OBSOLETE_local: false peers { permanent_uuid: "fd1e33dc408e40c7a8bae2850d5a6b6f" member_type: VOTER last_known_addr { host: "127.0.61.62" port: 33603 } } peers { permanent_uuid: "5fe1f662b7a54c0f823ca2d656131416" member_type: VOTER last_known_addr { host: "127.0.61.61" port: 37305 } } peers { permanent_uuid: "d933e518c06d4c7d8b4f743167c2c643" member_type: VOTER last_known_addr { host: "127.0.61.60" port: 37785 } }
I0916 07:55:39.675431 1070 sys_catalog.cc:340] T 00000000000000000000000000000000 P fd1e33dc408e40c7a8bae2850d5a6b6f [sys.catalog]: SysCatalogTable state changed. Reason: Started TabletReplica. Latest consensus state: current_term: 0 committed_config { opid_index: -1 OBSOLETE_local: false peers { permanent_uuid: "fd1e33dc408e40c7a8bae2850d5a6b6f" member_type: VOTER last_known_addr { host: "127.0.61.62" port: 33603 } } peers { permanent_uuid: "5fe1f662b7a54c0f823ca2d656131416" member_type: VOTER last_known_addr { host: "127.0.61.61" port: 37305 } } peers { permanent_uuid: "d933e518c06d4c7d8b4f743167c2c643" member_type: VOTER last_known_addr { host: "127.0.61.60" port: 37785 } } }
I0916 07:55:39.675917 1070 sys_catalog.cc:343] T 00000000000000000000000000000000 P fd1e33dc408e40c7a8bae2850d5a6b6f [sys.catalog]: This master's current role is: FOLLOWER
I0916 07:55:39.675658 1192 sys_catalog.cc:340] T 00000000000000000000000000000000 P fd1e33dc408e40c7a8bae2850d5a6b6f [sys.catalog]: SysCatalogTable state changed. Reason: RaftConsensus started. Latest consensus state: current_term: 0 committed_config { opid_index: -1 OBSOLETE_local: false peers { permanent_uuid: "fd1e33dc408e40c7a8bae2850d5a6b6f" member_type: VOTER last_known_addr { host: "127.0.61.62" port: 33603 } } peers { permanent_uuid: "5fe1f662b7a54c0f823ca2d656131416" member_type: VOTER last_known_addr { host: "127.0.61.61" port: 37305 } } peers { permanent_uuid: "d933e518c06d4c7d8b4f743167c2c643" member_type: VOTER last_known_addr { host: "127.0.61.60" port: 37785 } } }
I0916 07:55:39.676416 1192 sys_catalog.cc:343] T 00000000000000000000000000000000 P fd1e33dc408e40c7a8bae2850d5a6b6f [sys.catalog]: This master's current role is: FOLLOWER
I0916 07:55:39.676721 1070 sys_catalog.cc:428] T 00000000000000000000000000000000 P fd1e33dc408e40c7a8bae2850d5a6b6f [sys.catalog]: configured and running, proceeding with master startup.
I0916 07:55:39.677282 1184 tablet_bootstrap.cc:590] T 00000000000000000000000000000000 P d933e518c06d4c7d8b4f743167c2c643: No blocks or log segments found. Creating new log.
I0916 07:55:39.677937 244 internal_mini_cluster.cc:166] Waiting to initialize catalog manager on master 1
I0916 07:55:39.678164 244 internal_mini_cluster.cc:166] Waiting to initialize catalog manager on master 2
W0916 07:55:39.679829 1193 catalog_manager.cc:1144] T 00000000000000000000000000000000 P fd1e33dc408e40c7a8bae2850d5a6b6f: acquiring CA information for follower catalog manager: Not found: root CA entry not found
W0916 07:55:39.680039 1193 catalog_manager.cc:627] Not found: root CA entry not found: failed to prepare follower catalog manager, will retry
I0916 07:55:39.680294 1184 tablet_bootstrap.cc:439] T 00000000000000000000000000000000 P d933e518c06d4c7d8b4f743167c2c643: No bootstrap required, opened a new log
I0916 07:55:39.681668 1184 raft_consensus.cc:340] T 00000000000000000000000000000000 P d933e518c06d4c7d8b4f743167c2c643 [term 0 FOLLOWER]: Replica starting. Triggering 0 pending transactions. Active config: opid_index: -1 OBSOLETE_local: false peers { permanent_uuid: "fd1e33dc408e40c7a8bae2850d5a6b6f" member_type: VOTER last_known_addr { host: "127.0.61.62" port: 33603 } } peers { permanent_uuid: "5fe1f662b7a54c0f823ca2d656131416" member_type: VOTER last_known_addr { host: "127.0.61.61" port: 37305 } } peers { permanent_uuid: "d933e518c06d4c7d8b4f743167c2c643" member_type: VOTER last_known_addr { host: "127.0.61.60" port: 37785 } }
I0916 07:55:39.682117 1184 raft_consensus.cc:366] T 00000000000000000000000000000000 P d933e518c06d4c7d8b4f743167c2c643 [term 0 FOLLOWER]: Consensus starting up: Expiring failure detector timer to make a prompt election more likely
I0916 07:55:39.682281 1184 raft_consensus.cc:705] T 00000000000000000000000000000000 P d933e518c06d4c7d8b4f743167c2c643 [term 0 FOLLOWER]: Becoming Follower/Learner. State: Replica: d933e518c06d4c7d8b4f743167c2c643, State: Initialized, Role: FOLLOWER
I0916 07:55:39.682696 1184 consensus_queue.cc:229] T 00000000000000000000000000000000 P d933e518c06d4c7d8b4f743167c2c643 [NON_LEADER]: Queue going to NON_LEADER mode. State: All replicated index: 0, Majority replicated index: 0, Committed index: 0, Last appended: 0.0, Last appended by leader: 0, Current term: 0, Majority size: -1, State: 0, Mode: NON_LEADER, active raft config: opid_index: -1 OBSOLETE_local: false peers { permanent_uuid: "fd1e33dc408e40c7a8bae2850d5a6b6f" member_type: VOTER last_known_addr { host: "127.0.61.62" port: 33603 } } peers { permanent_uuid: "5fe1f662b7a54c0f823ca2d656131416" member_type: VOTER last_known_addr { host: "127.0.61.61" port: 37305 } } peers { permanent_uuid: "d933e518c06d4c7d8b4f743167c2c643" member_type: VOTER last_known_addr { host: "127.0.61.60" port: 37785 } }
I0916 07:55:39.684005 1184 sys_catalog.cc:340] T 00000000000000000000000000000000 P d933e518c06d4c7d8b4f743167c2c643 [sys.catalog]: SysCatalogTable state changed. Reason: Started TabletReplica. Latest consensus state: current_term: 0 committed_config { opid_index: -1 OBSOLETE_local: false peers { permanent_uuid: "fd1e33dc408e40c7a8bae2850d5a6b6f" member_type: VOTER last_known_addr { host: "127.0.61.62" port: 33603 } } peers { permanent_uuid: "5fe1f662b7a54c0f823ca2d656131416" member_type: VOTER last_known_addr { host: "127.0.61.61" port: 37305 } } peers { permanent_uuid: "d933e518c06d4c7d8b4f743167c2c643" member_type: VOTER last_known_addr { host: "127.0.61.60" port: 37785 } } }
I0916 07:55:39.684484 1184 sys_catalog.cc:343] T 00000000000000000000000000000000 P d933e518c06d4c7d8b4f743167c2c643 [sys.catalog]: This master's current role is: FOLLOWER
I0916 07:55:39.684150 1195 sys_catalog.cc:340] T 00000000000000000000000000000000 P d933e518c06d4c7d8b4f743167c2c643 [sys.catalog]: SysCatalogTable state changed. Reason: RaftConsensus started. Latest consensus state: current_term: 0 committed_config { opid_index: -1 OBSOLETE_local: false peers { permanent_uuid: "fd1e33dc408e40c7a8bae2850d5a6b6f" member_type: VOTER last_known_addr { host: "127.0.61.62" port: 33603 } } peers { permanent_uuid: "5fe1f662b7a54c0f823ca2d656131416" member_type: VOTER last_known_addr { host: "127.0.61.61" port: 37305 } } peers { permanent_uuid: "d933e518c06d4c7d8b4f743167c2c643" member_type: VOTER last_known_addr { host: "127.0.61.60" port: 37785 } } }
I0916 07:55:39.685019 1195 sys_catalog.cc:343] T 00000000000000000000000000000000 P d933e518c06d4c7d8b4f743167c2c643 [sys.catalog]: This master's current role is: FOLLOWER
I0916 07:55:39.685253 1184 sys_catalog.cc:428] T 00000000000000000000000000000000 P d933e518c06d4c7d8b4f743167c2c643 [sys.catalog]: configured and running, proceeding with master startup.
W0916 07:55:39.688146 1196 catalog_manager.cc:1144] T 00000000000000000000000000000000 P d933e518c06d4c7d8b4f743167c2c643: acquiring CA information for follower catalog manager: Not found: root CA entry not found
W0916 07:55:39.688318 1196 catalog_manager.cc:627] Not found: root CA entry not found: failed to prepare follower catalog manager, will retry
I0916 07:55:39.697713 1189 raft_consensus.cc:472] T 00000000000000000000000000000000 P 5fe1f662b7a54c0f823ca2d656131416 [term 0 FOLLOWER]: Starting pre-election (no leader contacted us within the election timeout)
I0916 07:55:39.698171 1189 raft_consensus.cc:494] T 00000000000000000000000000000000 P 5fe1f662b7a54c0f823ca2d656131416 [term 0 FOLLOWER]: Starting pre-election with config: opid_index: -1 OBSOLETE_local: false peers { permanent_uuid: "fd1e33dc408e40c7a8bae2850d5a6b6f" member_type: VOTER last_known_addr { host: "127.0.61.62" port: 33603 } } peers { permanent_uuid: "5fe1f662b7a54c0f823ca2d656131416" member_type: VOTER last_known_addr { host: "127.0.61.61" port: 37305 } } peers { permanent_uuid: "d933e518c06d4c7d8b4f743167c2c643" member_type: VOTER last_known_addr { host: "127.0.61.60" port: 37785 } }
I0916 07:55:39.699681 1189 leader_election.cc:296] T 00000000000000000000000000000000 P 5fe1f662b7a54c0f823ca2d656131416 [CANDIDATE]: Term 1 pre-election: Requested pre-vote from peers fd1e33dc408e40c7a8bae2850d5a6b6f (127.0.61.62:33603), d933e518c06d4c7d8b4f743167c2c643 (127.0.61.60:37785)
I0916 07:55:39.700575 1195 raft_consensus.cc:472] T 00000000000000000000000000000000 P d933e518c06d4c7d8b4f743167c2c643 [term 0 FOLLOWER]: Starting pre-election (no leader contacted us within the election timeout)
I0916 07:55:39.700695 1047 tablet_service.cc:1295] Received RequestConsensusVote() RPC: tablet_id: "00000000000000000000000000000000" candidate_uuid: "5fe1f662b7a54c0f823ca2d656131416" candidate_term: 1 candidate_status { last_received { term: 0 index: 0 } } ignore_live_leader: false dest_uuid: "fd1e33dc408e40c7a8bae2850d5a6b6f" is_pre_election: true
I0916 07:55:39.701283 1047 raft_consensus.cc:2350] T 00000000000000000000000000000000 P fd1e33dc408e40c7a8bae2850d5a6b6f [term 0 FOLLOWER]: Leader pre-election vote request: Granting yes vote for candidate 5fe1f662b7a54c0f823ca2d656131416 in term 0.
I0916 07:55:39.700992 1195 raft_consensus.cc:494] T 00000000000000000000000000000000 P d933e518c06d4c7d8b4f743167c2c643 [term 0 FOLLOWER]: Starting pre-election with config: opid_index: -1 OBSOLETE_local: false peers { permanent_uuid: "fd1e33dc408e40c7a8bae2850d5a6b6f" member_type: VOTER last_known_addr { host: "127.0.61.62" port: 33603 } } peers { permanent_uuid: "5fe1f662b7a54c0f823ca2d656131416" member_type: VOTER last_known_addr { host: "127.0.61.61" port: 37305 } } peers { permanent_uuid: "d933e518c06d4c7d8b4f743167c2c643" member_type: VOTER last_known_addr { host: "127.0.61.60" port: 37785 } }
I0916 07:55:39.701968 1161 tablet_service.cc:1295] Received RequestConsensusVote() RPC: tablet_id: "00000000000000000000000000000000" candidate_uuid: "5fe1f662b7a54c0f823ca2d656131416" candidate_term: 1 candidate_status { last_received { term: 0 index: 0 } } ignore_live_leader: false dest_uuid: "d933e518c06d4c7d8b4f743167c2c643" is_pre_election: true
I0916 07:55:39.702239 1078 leader_election.cc:310] T 00000000000000000000000000000000 P 5fe1f662b7a54c0f823ca2d656131416 [CANDIDATE]: Term 1 pre-election: Election decided. Result: candidate won. Election summary: received 2 responses out of 3 voters: 2 yes votes; 0 no votes. yes voters: 5fe1f662b7a54c0f823ca2d656131416, fd1e33dc408e40c7a8bae2850d5a6b6f; no voters:
I0916 07:55:39.702550 1161 raft_consensus.cc:2350] T 00000000000000000000000000000000 P d933e518c06d4c7d8b4f743167c2c643 [term 0 FOLLOWER]: Leader pre-election vote request: Granting yes vote for candidate 5fe1f662b7a54c0f823ca2d656131416 in term 0.
I0916 07:55:39.703042 1189 raft_consensus.cc:2644] T 00000000000000000000000000000000 P 5fe1f662b7a54c0f823ca2d656131416 [term 0 FOLLOWER]: Leader pre-election won for term 1
I0916 07:55:39.703114 1047 tablet_service.cc:1295] Received RequestConsensusVote() RPC: tablet_id: "00000000000000000000000000000000" candidate_uuid: "d933e518c06d4c7d8b4f743167c2c643" candidate_term: 1 candidate_status { last_received { term: 0 index: 0 } } ignore_live_leader: false dest_uuid: "fd1e33dc408e40c7a8bae2850d5a6b6f" is_pre_election: true
I0916 07:55:39.703335 1189 raft_consensus.cc:472] T 00000000000000000000000000000000 P 5fe1f662b7a54c0f823ca2d656131416 [term 0 FOLLOWER]: Starting leader election (no leader contacted us within the election timeout)
I0916 07:55:39.703284 1104 tablet_service.cc:1295] Received RequestConsensusVote() RPC: tablet_id: "00000000000000000000000000000000" candidate_uuid: "d933e518c06d4c7d8b4f743167c2c643" candidate_term: 1 candidate_status { last_received { term: 0 index: 0 } } ignore_live_leader: false dest_uuid: "5fe1f662b7a54c0f823ca2d656131416" is_pre_election: true
I0916 07:55:39.703656 1047 raft_consensus.cc:2350] T 00000000000000000000000000000000 P fd1e33dc408e40c7a8bae2850d5a6b6f [term 0 FOLLOWER]: Leader pre-election vote request: Granting yes vote for candidate d933e518c06d4c7d8b4f743167c2c643 in term 0.
I0916 07:55:39.703714 1189 raft_consensus.cc:2890] T 00000000000000000000000000000000 P 5fe1f662b7a54c0f823ca2d656131416 [term 0 FOLLOWER]: Advancing to term 1
I0916 07:55:39.704018 1195 leader_election.cc:296] T 00000000000000000000000000000000 P d933e518c06d4c7d8b4f743167c2c643 [CANDIDATE]: Term 1 pre-election: Requested pre-vote from peers fd1e33dc408e40c7a8bae2850d5a6b6f (127.0.61.62:33603), 5fe1f662b7a54c0f823ca2d656131416 (127.0.61.61:37305)
I0916 07:55:39.704572 1135 leader_election.cc:310] T 00000000000000000000000000000000 P d933e518c06d4c7d8b4f743167c2c643 [CANDIDATE]: Term 1 pre-election: Election decided. Result: candidate won. Election summary: received 2 responses out of 3 voters: 2 yes votes; 0 no votes. yes voters: d933e518c06d4c7d8b4f743167c2c643, fd1e33dc408e40c7a8bae2850d5a6b6f; no voters:
I0916 07:55:39.704952 244 system_ntp.cc:193] NTP initialized. Skew: 500ppm Current error: 45516us
I0916 07:55:39.705320 244 fs_manager.cc:263] Metadata directory not provided
I0916 07:55:39.705309 1195 raft_consensus.cc:2644] T 00000000000000000000000000000000 P d933e518c06d4c7d8b4f743167c2c643 [term 0 FOLLOWER]: Leader pre-election won for term 1
I0916 07:55:39.705631 244 fs_manager.cc:269] Using write-ahead log directory (fs_wal_dir) as metadata directory
I0916 07:55:39.705677 1195 raft_consensus.cc:472] T 00000000000000000000000000000000 P d933e518c06d4c7d8b4f743167c2c643 [term 0 FOLLOWER]: Starting leader election (no leader contacted us within the election timeout)
I0916 07:55:39.705904 244 server_base.cc:452] Could not load existing FS layout: Not found: could not find a healthy instance file
I0916 07:55:39.705974 1195 raft_consensus.cc:2890] T 00000000000000000000000000000000 P d933e518c06d4c7d8b4f743167c2c643 [term 0 FOLLOWER]: Advancing to term 1
I0916 07:55:39.706104 244 server_base.cc:453] Attempting to create new FS layout instead
I0916 07:55:39.707250 244 fs_manager.cc:602] Generated new instance metadata in path /tmp/dist-test-taska4lOjz/test-tmp/ts_tablet_manager-itest.0.TsTabletManagerITest.TestTableStats.1568620531643032-244/minicluster-data/ts-0-root/instance: uuid: "39273ba79fdb4d31abbb34278b8b1709" format_stamp: "Formatted at 2019-09-16 07:55:39 on dist-test-slave-dist-test-slave-p3b0"
I0916 07:55:39.708216 1189 raft_consensus.cc:494] T 00000000000000000000000000000000 P 5fe1f662b7a54c0f823ca2d656131416 [term 1 FOLLOWER]: Starting leader election with config: opid_index: -1 OBSOLETE_local: false peers { permanent_uuid: "fd1e33dc408e40c7a8bae2850d5a6b6f" member_type: VOTER last_known_addr { host: "127.0.61.62" port: 33603 } } peers { permanent_uuid: "5fe1f662b7a54c0f823ca2d656131416" member_type: VOTER last_known_addr { host: "127.0.61.61" port: 37305 } } peers { permanent_uuid: "d933e518c06d4c7d8b4f743167c2c643" member_type: VOTER last_known_addr { host: "127.0.61.60" port: 37785 } }
I0916 07:55:39.709120 1104 raft_consensus.cc:2280] T 00000000000000000000000000000000 P 5fe1f662b7a54c0f823ca2d656131416 [term 1 FOLLOWER]: Leader pre-election vote request: Denying vote to candidate d933e518c06d4c7d8b4f743167c2c643 in current term 1: Already voted for candidate 5fe1f662b7a54c0f823ca2d656131416 in this term.
I0916 07:55:39.710310 1047 tablet_service.cc:1295] Received RequestConsensusVote() RPC: tablet_id: "00000000000000000000000000000000" candidate_uuid: "5fe1f662b7a54c0f823ca2d656131416" candidate_term: 1 candidate_status { last_received { term: 0 index: 0 } } ignore_live_leader: false dest_uuid: "fd1e33dc408e40c7a8bae2850d5a6b6f"
I0916 07:55:39.710767 1047 raft_consensus.cc:2890] T 00000000000000000000000000000000 P fd1e33dc408e40c7a8bae2850d5a6b6f [term 0 FOLLOWER]: Advancing to term 1
I0916 07:55:39.711067 1195 raft_consensus.cc:494] T 00000000000000000000000000000000 P d933e518c06d4c7d8b4f743167c2c643 [term 1 FOLLOWER]: Starting leader election with config: opid_index: -1 OBSOLETE_local: false peers { permanent_uuid: "fd1e33dc408e40c7a8bae2850d5a6b6f" member_type: VOTER last_known_addr { host: "127.0.61.62" port: 33603 } } peers { permanent_uuid: "5fe1f662b7a54c0f823ca2d656131416" member_type: VOTER last_known_addr { host: "127.0.61.61" port: 37305 } } peers { permanent_uuid: "d933e518c06d4c7d8b4f743167c2c643" member_type: VOTER last_known_addr { host: "127.0.61.60" port: 37785 } }
I0916 07:55:39.712527 1195 leader_election.cc:296] T 00000000000000000000000000000000 P d933e518c06d4c7d8b4f743167c2c643 [CANDIDATE]: Term 1 election: Requested vote from peers fd1e33dc408e40c7a8bae2850d5a6b6f (127.0.61.62:33603), 5fe1f662b7a54c0f823ca2d656131416 (127.0.61.61:37305)
I0916 07:55:39.713361 1104 tablet_service.cc:1295] Received RequestConsensusVote() RPC: tablet_id: "00000000000000000000000000000000" candidate_uuid: "d933e518c06d4c7d8b4f743167c2c643" candidate_term: 1 candidate_status { last_received { term: 0 index: 0 } } ignore_live_leader: false dest_uuid: "5fe1f662b7a54c0f823ca2d656131416"
I0916 07:55:39.713393 1046 tablet_service.cc:1295] Received RequestConsensusVote() RPC: tablet_id: "00000000000000000000000000000000" candidate_uuid: "d933e518c06d4c7d8b4f743167c2c643" candidate_term: 1 candidate_status { last_received { term: 0 index: 0 } } ignore_live_leader: false dest_uuid: "fd1e33dc408e40c7a8bae2850d5a6b6f"
I0916 07:55:39.714187 1104 raft_consensus.cc:2280] T 00000000000000000000000000000000 P 5fe1f662b7a54c0f823ca2d656131416 [term 1 FOLLOWER]: Leader election vote request: Denying vote to candidate d933e518c06d4c7d8b4f743167c2c643 in current term 1: Already voted for candidate 5fe1f662b7a54c0f823ca2d656131416 in this term.
I0916 07:55:39.714910 1161 tablet_service.cc:1295] Received RequestConsensusVote() RPC: tablet_id: "00000000000000000000000000000000" candidate_uuid: "5fe1f662b7a54c0f823ca2d656131416" candidate_term: 1 candidate_status { last_received { term: 0 index: 0 } } ignore_live_leader: false dest_uuid: "d933e518c06d4c7d8b4f743167c2c643"
I0916 07:55:39.715430 1161 raft_consensus.cc:2280] T 00000000000000000000000000000000 P d933e518c06d4c7d8b4f743167c2c643 [term 1 FOLLOWER]: Leader election vote request: Denying vote to candidate 5fe1f662b7a54c0f823ca2d656131416 in current term 1: Already voted for candidate d933e518c06d4c7d8b4f743167c2c643 in this term.
I0916 07:55:39.715788 1047 raft_consensus.cc:2350] T 00000000000000000000000000000000 P fd1e33dc408e40c7a8bae2850d5a6b6f [term 1 FOLLOWER]: Leader election vote request: Granting yes vote for candidate 5fe1f662b7a54c0f823ca2d656131416 in term 1.
I0916 07:55:39.715862 1189 leader_election.cc:296] T 00000000000000000000000000000000 P 5fe1f662b7a54c0f823ca2d656131416 [CANDIDATE]: Term 1 election: Requested vote from peers fd1e33dc408e40c7a8bae2850d5a6b6f (127.0.61.62:33603), d933e518c06d4c7d8b4f743167c2c643 (127.0.61.60:37785)
I0916 07:55:39.716498 1046 raft_consensus.cc:2325] T 00000000000000000000000000000000 P fd1e33dc408e40c7a8bae2850d5a6b6f [term 1 FOLLOWER]: Leader election vote request: Denying vote to candidate d933e518c06d4c7d8b4f743167c2c643 for term 1 because replica is already servicing an update from a current leader or another vote.
I0916 07:55:39.717763 1135 leader_election.cc:310] T 00000000000000000000000000000000 P d933e518c06d4c7d8b4f743167c2c643 [CANDIDATE]: Term 1 election: Election decided. Result: candidate lost. Election summary: received 3 responses out of 3 voters: 1 yes votes; 2 no votes. yes voters: d933e518c06d4c7d8b4f743167c2c643; no voters: 5fe1f662b7a54c0f823ca2d656131416, fd1e33dc408e40c7a8bae2850d5a6b6f
I0916 07:55:39.717907 1078 leader_election.cc:310] T 00000000000000000000000000000000 P 5fe1f662b7a54c0f823ca2d656131416 [CANDIDATE]: Term 1 election: Election decided. Result: candidate won. Election summary: received 3 responses out of 3 voters: 2 yes votes; 1 no votes. yes voters: 5fe1f662b7a54c0f823ca2d656131416, fd1e33dc408e40c7a8bae2850d5a6b6f; no voters: d933e518c06d4c7d8b4f743167c2c643
I0916 07:55:39.718474 1195 raft_consensus.cc:2592] T 00000000000000000000000000000000 P d933e518c06d4c7d8b4f743167c2c643 [term 1 FOLLOWER]: Leader election lost for term 1. Reason: could not achieve majority
I0916 07:55:39.719060 1189 raft_consensus.cc:2644] T 00000000000000000000000000000000 P 5fe1f662b7a54c0f823ca2d656131416 [term 1 FOLLOWER]: Leader election won for term 1
I0916 07:55:39.720212 1189 raft_consensus.cc:667] T 00000000000000000000000000000000 P 5fe1f662b7a54c0f823ca2d656131416 [term 1 LEADER]: Becoming Leader. State: Replica: 5fe1f662b7a54c0f823ca2d656131416, State: Running, Role: LEADER
I0916 07:55:39.720779 1189 consensus_queue.cc:206] T 00000000000000000000000000000000 P 5fe1f662b7a54c0f823ca2d656131416 [LEADER]: Queue going to LEADER mode. State: All replicated index: 0, Majority replicated index: 0, Committed index: 0, Last appended: 0.0, Last appended by leader: 0, Current term: 1, Majority size: 2, State: 0, Mode: LEADER, active raft config: opid_index: -1 OBSOLETE_local: false peers { permanent_uuid: "fd1e33dc408e40c7a8bae2850d5a6b6f" member_type: VOTER last_known_addr { host: "127.0.61.62" port: 33603 } } peers { permanent_uuid: "5fe1f662b7a54c0f823ca2d656131416" member_type: VOTER last_known_addr { host: "127.0.61.61" port: 37305 } } peers { permanent_uuid: "d933e518c06d4c7d8b4f743167c2c643" member_type: VOTER last_known_addr { host: "127.0.61.60" port: 37785 } }
I0916 07:55:39.722996 244 fs_manager.cc:503] Time spent creating directory manager: real 0.015s user 0.013s sys 0.000s
I0916 07:55:39.725687 1197 sys_catalog.cc:340] T 00000000000000000000000000000000 P 5fe1f662b7a54c0f823ca2d656131416 [sys.catalog]: SysCatalogTable state changed. Reason: New leader 5fe1f662b7a54c0f823ca2d656131416. Latest consensus state: current_term: 1 leader_uuid: "5fe1f662b7a54c0f823ca2d656131416" committed_config { opid_index: -1 OBSOLETE_local: false peers { permanent_uuid: "fd1e33dc408e40c7a8bae2850d5a6b6f" member_type: VOTER last_known_addr { host: "127.0.61.62" port: 33603 } } peers { permanent_uuid: "5fe1f662b7a54c0f823ca2d656131416" member_type: VOTER last_known_addr { host: "127.0.61.61" port: 37305 } } peers { permanent_uuid: "d933e518c06d4c7d8b4f743167c2c643" member_type: VOTER last_known_addr { host: "127.0.61.60" port: 37785 } } }
I0916 07:55:39.726166 244 file_cache.cc:465] Constructed file cache lbm with capacity 419430
I0916 07:55:39.726342 1197 sys_catalog.cc:343] T 00000000000000000000000000000000 P 5fe1f662b7a54c0f823ca2d656131416 [sys.catalog]: This master's current role is: LEADER
I0916 07:55:39.729243 1200 catalog_manager.cc:1086] Loading table and tablet metadata into memory...
I0916 07:55:39.731544 1200 catalog_manager.cc:1097] Initializing Kudu internal certificate authority...
I0916 07:55:39.749651 244 fs_manager.cc:419] Time spent opening block manager: real 0.013s user 0.000s sys 0.001s
I0916 07:55:39.749904 244 fs_manager.cc:436] Opened local filesystem: /tmp/dist-test-taska4lOjz/test-tmp/ts_tablet_manager-itest.0.TsTabletManagerITest.TestTableStats.1568620531643032-244/minicluster-data/ts-0-root uuid: "39273ba79fdb4d31abbb34278b8b1709" format_stamp: "Formatted at 2019-09-16 07:55:39 on dist-test-slave-dist-test-slave-p3b0"
I0916 07:55:39.750211 244 fs_report.cc:352] FS layout report -------------------- wal directory: /tmp/dist-test-taska4lOjz/test-tmp/ts_tablet_manager-itest.0.TsTabletManagerITest.TestTableStats.1568620531643032-244/minicluster-data/ts-0-root metadata directory: /tmp/dist-test-taska4lOjz/test-tmp/ts_tablet_manager-itest.0.TsTabletManagerITest.TestTableStats.1568620531643032-244/minicluster-data/ts-0-root 1 data directories: /tmp/dist-test-taska4lOjz/test-tmp/ts_tablet_manager-itest.0.TsTabletManagerITest.TestTableStats.1568620531643032-244/minicluster-data/ts-0-root/data Total live blocks: 0 Total live bytes: 0 Total live bytes (after alignment): 0 Total number of LBM containers: 0 (0 full) Did not check for missing blocks Did not check for orphaned blocks Total full LBM containers with extra space: 0 (0 repaired) Total full LBM container extra space in bytes: 0 (0 repaired) Total incomplete LBM containers: 0 (0 repaired) Total LBM partial records: 0 (0 repaired)
I0916 07:55:39.775847 1161 raft_consensus.cc:1184] T 00000000000000000000000000000000 P d933e518c06d4c7d8b4f743167c2c643 [term 1 FOLLOWER]: Refusing update from remote peer 5fe1f662b7a54c0f823ca2d656131416: Log matching property violated. Preceding OpId in replica: term: 0 index: 0. Preceding OpId from leader: term: 1 index: 2. (index mismatch)
I0916 07:55:39.776368 1047 raft_consensus.cc:1184] T 00000000000000000000000000000000 P fd1e33dc408e40c7a8bae2850d5a6b6f [term 1 FOLLOWER]: Refusing update from remote peer 5fe1f662b7a54c0f823ca2d656131416: Log matching property violated. Preceding OpId in replica: term: 0 index: 0. Preceding OpId from leader: term: 1 index: 2. (index mismatch)
I0916 07:55:39.777174 1197 consensus_queue.cc:984] T 00000000000000000000000000000000 P 5fe1f662b7a54c0f823ca2d656131416 [LEADER]: Connected to new peer: Peer: permanent_uuid: "d933e518c06d4c7d8b4f743167c2c643" member_type: VOTER last_known_addr { host: "127.0.61.60" port: 37785 }, Status: LMP_MISMATCH, Last received: 0.0, Next index: 1, Last known committed idx: 0, Time since last communication: 0.000s
I0916 07:55:39.777734 1189 consensus_queue.cc:984] T 00000000000000000000000000000000 P 5fe1f662b7a54c0f823ca2d656131416 [LEADER]: Connected to new peer: Peer: permanent_uuid: "fd1e33dc408e40c7a8bae2850d5a6b6f" member_type: VOTER last_known_addr { host: "127.0.61.62" port: 33603 }, Status: LMP_MISMATCH, Last received: 0.0, Next index: 1, Last known committed idx: 0, Time since last communication: 0.000s
I0916 07:55:39.789816 1192 sys_catalog.cc:340] T 00000000000000000000000000000000 P fd1e33dc408e40c7a8bae2850d5a6b6f [sys.catalog]: SysCatalogTable state changed. Reason: New leader 5fe1f662b7a54c0f823ca2d656131416. Latest consensus state: current_term: 1 leader_uuid: "5fe1f662b7a54c0f823ca2d656131416" committed_config { opid_index: -1 OBSOLETE_local: false peers { permanent_uuid: "fd1e33dc408e40c7a8bae2850d5a6b6f" member_type: VOTER last_known_addr { host: "127.0.61.62" port: 33603 } } peers { permanent_uuid: "5fe1f662b7a54c0f823ca2d656131416" member_type: VOTER last_known_addr { host: "127.0.61.61" port: 37305 } } peers { permanent_uuid: "d933e518c06d4c7d8b4f743167c2c643" member_type: VOTER last_known_addr { host: "127.0.61.60" port: 37785 } } }
I0916 07:55:39.790802 1192 sys_catalog.cc:343] T 00000000000000000000000000000000 P fd1e33dc408e40c7a8bae2850d5a6b6f [sys.catalog]: This master's current role is: FOLLOWER
I0916 07:55:39.791390 1195 sys_catalog.cc:340] T 00000000000000000000000000000000 P d933e518c06d4c7d8b4f743167c2c643 [sys.catalog]: SysCatalogTable state changed. Reason: New leader 5fe1f662b7a54c0f823ca2d656131416. Latest consensus state: current_term: 1 leader_uuid: "5fe1f662b7a54c0f823ca2d656131416" committed_config { opid_index: -1 OBSOLETE_local: false peers { permanent_uuid: "fd1e33dc408e40c7a8bae2850d5a6b6f" member_type: VOTER last_known_addr { host: "127.0.61.62" port: 33603 } } peers { permanent_uuid: "5fe1f662b7a54c0f823ca2d656131416" member_type: VOTER last_known_addr { host: "127.0.61.61" port: 37305 } } peers { permanent_uuid: "d933e518c06d4c7d8b4f743167c2c643" member_type: VOTER last_known_addr { host: "127.0.61.60" port: 37785 } } }
I0916 07:55:39.791965 1195 sys_catalog.cc:343] T 00000000000000000000000000000000 P d933e518c06d4c7d8b4f743167c2c643 [sys.catalog]: This master's current role is: FOLLOWER
I0916 07:55:39.799748 1206 mvcc.cc:203] Tried to move safe_time back from 6425069730910695424 to 6425069730702548992. Current Snapshot: MvccSnapshot[committed={T|T < 6425069730910695424}]
I0916 07:55:39.804137 1197 sys_catalog.cc:340] T 00000000000000000000000000000000 P 5fe1f662b7a54c0f823ca2d656131416 [sys.catalog]: SysCatalogTable state changed. Reason: Peer health change. Latest consensus state: current_term: 1 leader_uuid: "5fe1f662b7a54c0f823ca2d656131416" committed_config { opid_index: -1 OBSOLETE_local: false peers { permanent_uuid: "fd1e33dc408e40c7a8bae2850d5a6b6f" member_type: VOTER last_known_addr { host: "127.0.61.62" port: 33603 } } peers { permanent_uuid: "5fe1f662b7a54c0f823ca2d656131416" member_type: VOTER last_known_addr { host: "127.0.61.61" port: 37305 } } peers { permanent_uuid: "d933e518c06d4c7d8b4f743167c2c643" member_type: VOTER last_known_addr { host: "127.0.61.60" port: 37785 } } }
I0916 07:55:39.805402 1197 sys_catalog.cc:343] T 00000000000000000000000000000000 P 5fe1f662b7a54c0f823ca2d656131416 [sys.catalog]: This master's current role is: LEADER
I0916 07:55:39.806216 1189 sys_catalog.cc:340] T 00000000000000000000000000000000 P 5fe1f662b7a54c0f823ca2d656131416 [sys.catalog]: SysCatalogTable state changed. Reason: Peer health change. Latest consensus state: current_term: 1 leader_uuid: "5fe1f662b7a54c0f823ca2d656131416" committed_config { opid_index: -1 OBSOLETE_local: false peers { permanent_uuid: "fd1e33dc408e40c7a8bae2850d5a6b6f" member_type: VOTER last_known_addr { host: "127.0.61.62" port: 33603 } } peers { permanent_uuid: "5fe1f662b7a54c0f823ca2d656131416" member_type: VOTER last_known_addr { host: "127.0.61.61" port: 37305 } } peers { permanent_uuid: "d933e518c06d4c7d8b4f743167c2c643" member_type: VOTER last_known_addr { host: "127.0.61.60" port: 37785 } } }
I0916 07:55:39.807219 1189 sys_catalog.cc:343] T 00000000000000000000000000000000 P 5fe1f662b7a54c0f823ca2d656131416 [sys.catalog]: This master's current role is: LEADER
I0916 07:55:39.809674 1200 catalog_manager.cc:981] Generated new certificate authority record
