I0916 07:55:44.462280 1696 catalog_manager.cc:387] Loaded metadata for table NewTableName [id=074536fca6144499906b7c13e035c370]
I0916 07:55:44.464978 1696 catalog_manager.cc:441] Loaded metadata for tablet 6b5196040b094455ad661e9ab9e379c7 (table NewTableName [id=074536fca6144499906b7c13e035c370])
I0916 07:55:44.465571 1696 catalog_manager.cc:441] Loaded metadata for tablet e02eeaf40c1d4a299b70f4a8f1514e31 (table NewTableName [id=074536fca6144499906b7c13e035c370])
I0916 07:55:44.466159 1696 catalog_manager.cc:441] Loaded metadata for tablet e5cce06208f44e4fa384db94c0b624ae (table NewTableName [id=074536fca6144499906b7c13e035c370])
I0916 07:55:44.466634 1696 catalog_manager.cc:1097] Initializing Kudu internal certificate authority...
I0916 07:55:44.469008 1696 catalog_manager.cc:1106] Loading token signing keys...
I0916 07:55:44.470985 1696 catalog_manager.cc:4446] T 00000000000000000000000000000000 P d933e518c06d4c7d8b4f743167c2c643: Loaded TSK: 0
I0916 07:55:44.490600 244 system_ntp.cc:193] NTP initialized. Skew: 500ppm Current error: 48016us
I0916 07:55:44.490993 244 fs_manager.cc:263] Metadata directory not provided
I0916 07:55:44.491137 244 fs_manager.cc:266] Using existing metadata directory in first data directory
I0916 07:55:44.493486 244 fs_manager.cc:399] Time spent opening directory manager: real 0.002s user 0.003s sys 0.000s
I0916 07:55:44.494577 244 file_cache.cc:465] Constructed file cache lbm with capacity 419430
I0916 07:55:44.505023 244 fs_manager.cc:419] Time spent opening block manager: real 0.001s user 0.001s sys 0.000s
I0916 07:55:44.505230 244 fs_manager.cc:436] Opened local filesystem: /tmp/dist-test-taska4lOjz/test-tmp/ts_tablet_manager-itest.0.TsTabletManagerITest.TestTableStats.1568620531643032-244/minicluster-data/master-1-root uuid: "5fe1f662b7a54c0f823ca2d656131416" format_stamp: "Formatted at 2019-09-16 07:55:39 on dist-test-slave-dist-test-slave-p3b0"
I0916 07:55:44.505460 244 fs_report.cc:352] FS layout report -------------------- wal directory: /tmp/dist-test-taska4lOjz/test-tmp/ts_tablet_manager-itest.0.TsTabletManagerITest.TestTableStats.1568620531643032-244/minicluster-data/master-1-root metadata directory: /tmp/dist-test-taska4lOjz/test-tmp/ts_tablet_manager-itest.0.TsTabletManagerITest.TestTableStats.1568620531643032-244/minicluster-data/master-1-root 1 data directories: /tmp/dist-test-taska4lOjz/test-tmp/ts_tablet_manager-itest.0.TsTabletManagerITest.TestTableStats.1568620531643032-244/minicluster-data/master-1-root/data Total live blocks: 0 Total live bytes: 0 Total live bytes (after alignment): 0 Total number of LBM containers: 0 (0 full) Did not check for missing blocks Did not check for orphaned blocks Total full LBM containers with extra space: 0 (0 repaired) Total full LBM container extra space in bytes: 0 (0 repaired) Total incomplete LBM containers: 0 (0 repaired) Total LBM partial records: 0 (0 repaired)
W0916 07:55:44.543551 1634 consensus_peers.cc:458] T 00000000000000000000000000000000 P d933e518c06d4c7d8b4f743167c2c643 -> Peer 5fe1f662b7a54c0f823ca2d656131416 (127.0.61.61:37305): Couldn't send request to peer 5fe1f662b7a54c0f823ca2d656131416. Status: Network error: Client connection negotiation failed: client connection to 127.0.61.61:37305: connect: Connection refused (error 111). This is attempt 1: this message will repeat every 5th retry.
I0916 07:55:44.555801 1047 raft_consensus.cc:1184] T 00000000000000000000000000000000 P fd1e33dc408e40c7a8bae2850d5a6b6f [term 4 FOLLOWER]: Refusing update from remote peer d933e518c06d4c7d8b4f743167c2c643: Log matching property violated. Preceding OpId in replica: term: 3 index: 17. Preceding OpId from leader: term: 4 index: 18. (index mismatch)
I0916 07:55:44.557050 1693 consensus_queue.cc:984] T 00000000000000000000000000000000 P d933e518c06d4c7d8b4f743167c2c643 [LEADER]: Connected to new peer: Peer: permanent_uuid: "fd1e33dc408e40c7a8bae2850d5a6b6f" member_type: VOTER last_known_addr { host: "127.0.61.62" port: 33603 }, Status: LMP_MISMATCH, Last received: 0.0, Next index: 18, Last known committed idx: 17, Time since last communication: 0.000s
I0916 07:55:44.560060 1547 sys_catalog.cc:340] T 00000000000000000000000000000000 P fd1e33dc408e40c7a8bae2850d5a6b6f [sys.catalog]: SysCatalogTable state changed. Reason: New leader d933e518c06d4c7d8b4f743167c2c643. Latest consensus state: current_term: 4 leader_uuid: "d933e518c06d4c7d8b4f743167c2c643" committed_config { opid_index: -1 OBSOLETE_local: false peers { permanent_uuid: "fd1e33dc408e40c7a8bae2850d5a6b6f" member_type: VOTER last_known_addr { host: "127.0.61.62" port: 33603 } } peers { permanent_uuid: "5fe1f662b7a54c0f823ca2d656131416" member_type: VOTER last_known_addr { host: "127.0.61.61" port: 37305 } } peers { permanent_uuid: "d933e518c06d4c7d8b4f743167c2c643" member_type: VOTER last_known_addr { host: "127.0.61.60" port: 37785 } } }
I0916 07:55:44.561760 1547 sys_catalog.cc:343] T 00000000000000000000000000000000 P fd1e33dc408e40c7a8bae2850d5a6b6f [sys.catalog]: This master's current role is: FOLLOWER
I0916 07:55:44.564159 1693 sys_catalog.cc:340] T 00000000000000000000000000000000 P d933e518c06d4c7d8b4f743167c2c643 [sys.catalog]: SysCatalogTable state changed. Reason: Peer health change. Latest consensus state: current_term: 4 leader_uuid: "d933e518c06d4c7d8b4f743167c2c643" committed_config { opid_index: -1 OBSOLETE_local: false peers { permanent_uuid: "fd1e33dc408e40c7a8bae2850d5a6b6f" member_type: VOTER last_known_addr { host: "127.0.61.62" port: 33603 } } peers { permanent_uuid: "5fe1f662b7a54c0f823ca2d656131416" member_type: VOTER last_known_addr { host: "127.0.61.61" port: 37305 } } peers { permanent_uuid: "d933e518c06d4c7d8b4f743167c2c643" member_type: VOTER last_known_addr { host: "127.0.61.60" port: 37785 } } }
I0916 07:55:44.564923 1693 sys_catalog.cc:343] T 00000000000000000000000000000000 P d933e518c06d4c7d8b4f743167c2c643 [sys.catalog]: This master's current role is: LEADER
I0916 07:55:44.566520 1547 sys_catalog.cc:340] T 00000000000000000000000000000000 P fd1e33dc408e40c7a8bae2850d5a6b6f [sys.catalog]: SysCatalogTable state changed. Reason: Replicated consensus-only round. Latest consensus state: current_term: 4 leader_uuid: "d933e518c06d4c7d8b4f743167c2c643" committed_config { opid_index: -1 OBSOLETE_local: false peers { permanent_uuid: "fd1e33dc408e40c7a8bae2850d5a6b6f" member_type: VOTER last_known_addr { host: "127.0.61.62" port: 33603 } } peers { permanent_uuid: "5fe1f662b7a54c0f823ca2d656131416" member_type: VOTER last_known_addr { host: "127.0.61.61" port: 37305 } } peers { permanent_uuid: "d933e518c06d4c7d8b4f743167c2c643" member_type: VOTER last_known_addr { host: "127.0.61.60" port: 37785 } } }
I0916 07:55:44.567359 1547 sys_catalog.cc:343] T 00000000000000000000000000000000 P fd1e33dc408e40c7a8bae2850d5a6b6f [sys.catalog]: This master's current role is: FOLLOWER
I0916 07:55:44.581683 244 rpc_server.cc:205] RPC server started. Bound to: 127.0.61.61:37305
I0916 07:55:44.583813 244 webserver.cc:374] Webserver started at http://127.0.61.61:38341/ using document root and password file
I0916 07:55:44.589586 1751 sys_catalog.cc:188] Verifying existing consensus state
I0916 07:55:44.593117 1751 tablet_bootstrap.cc:439] T 00000000000000000000000000000000 P 5fe1f662b7a54c0f823ca2d656131416: Bootstrap starting.
I0916 07:55:44.611762 1415 heartbeater.cc:447] Master 127.0.61.60:37785 was elected leader, sending a full tablet report...
I0916 07:55:44.619626 1344 heartbeater.cc:447] Master 127.0.61.60:37785 was elected leader, sending a full tablet report...
I0916 07:55:44.623188 1273 heartbeater.cc:447] Master 127.0.61.60:37785 was elected leader, sending a full tablet report...
I0916 07:55:44.625075 1274 heartbeater.cc:322] Connected to a master server at 127.0.61.61:37305
I0916 07:55:44.631744 1345 heartbeater.cc:322] Connected to a master server at 127.0.61.61:37305
I0916 07:55:44.632236 1416 heartbeater.cc:322] Connected to a master server at 127.0.61.61:37305
I0916 07:55:44.641309 1751 tablet_bootstrap.cc:439] T 00000000000000000000000000000000 P 5fe1f662b7a54c0f823ca2d656131416: Bootstrap replayed 1/1 log segments. Stats: ops{read=17 overwritten=0 applied=17 ignored=0} inserts{seen=6 ignored=0} mutations{seen=13 ignored=0} orphaned_commits=0. Pending: 0 replicates
I0916 07:55:44.642208 1751 tablet_bootstrap.cc:439] T 00000000000000000000000000000000 P 5fe1f662b7a54c0f823ca2d656131416: Bootstrap complete.
I0916 07:55:44.644328 1751 raft_consensus.cc:340] T 00000000000000000000000000000000 P 5fe1f662b7a54c0f823ca2d656131416 [term 3 FOLLOWER]: Replica starting. Triggering 0 pending transactions. Active config: opid_index: -1 OBSOLETE_local: false peers { permanent_uuid: "fd1e33dc408e40c7a8bae2850d5a6b6f" member_type: VOTER last_known_addr { host: "127.0.61.62" port: 33603 } } peers { permanent_uuid: "5fe1f662b7a54c0f823ca2d656131416" member_type: VOTER last_known_addr { host: "127.0.61.61" port: 37305 } } peers { permanent_uuid: "d933e518c06d4c7d8b4f743167c2c643" member_type: VOTER last_known_addr { host: "127.0.61.60" port: 37785 } }
I0916 07:55:44.645025 1751 raft_consensus.cc:705] T 00000000000000000000000000000000 P 5fe1f662b7a54c0f823ca2d656131416 [term 3 FOLLOWER]: Becoming Follower/Learner. State: Replica: 5fe1f662b7a54c0f823ca2d656131416, State: Initialized, Role: FOLLOWER
I0916 07:55:44.645525 1751 consensus_queue.cc:229] T 00000000000000000000000000000000 P 5fe1f662b7a54c0f823ca2d656131416 [NON_LEADER]: Queue going to NON_LEADER mode. State: All replicated index: 0, Majority replicated index: 0, Committed index: 17, Last appended: 3.17, Last appended by leader: 17, Current term: 0, Majority size: -1, State: 0, Mode: NON_LEADER, active raft config: opid_index: -1 OBSOLETE_local: false peers { permanent_uuid: "fd1e33dc408e40c7a8bae2850d5a6b6f" member_type: VOTER last_known_addr { host: "127.0.61.62" port: 33603 } } peers { permanent_uuid: "5fe1f662b7a54c0f823ca2d656131416" member_type: VOTER last_known_addr { host: "127.0.61.61" port: 37305 } } peers { permanent_uuid: "d933e518c06d4c7d8b4f743167c2c643" member_type: VOTER last_known_addr { host: "127.0.61.60" port: 37785 } }
I0916 07:55:44.647138 1756 sys_catalog.cc:340] T 00000000000000000000000000000000 P 5fe1f662b7a54c0f823ca2d656131416 [sys.catalog]: SysCatalogTable state changed. Reason: RaftConsensus started. Latest consensus state: current_term: 3 committed_config { opid_index: -1 OBSOLETE_local: false peers { permanent_uuid: "fd1e33dc408e40c7a8bae2850d5a6b6f" member_type: VOTER last_known_addr { host: "127.0.61.62" port: 33603 } } peers { permanent_uuid: "5fe1f662b7a54c0f823ca2d656131416" member_type: VOTER last_known_addr { host: "127.0.61.61" port: 37305 } } peers { permanent_uuid: "d933e518c06d4c7d8b4f743167c2c643" member_type: VOTER last_known_addr { host: "127.0.61.60" port: 37785 } } }
I0916 07:55:44.647699 1756 sys_catalog.cc:343] T 00000000000000000000000000000000 P 5fe1f662b7a54c0f823ca2d656131416 [sys.catalog]: This master's current role is: FOLLOWER
I0916 07:55:44.647020 1751 sys_catalog.cc:340] T 00000000000000000000000000000000 P 5fe1f662b7a54c0f823ca2d656131416 [sys.catalog]: SysCatalogTable state changed. Reason: Started TabletReplica. Latest consensus state: current_term: 3 committed_config { opid_index: -1 OBSOLETE_local: false peers { permanent_uuid: "fd1e33dc408e40c7a8bae2850d5a6b6f" member_type: VOTER last_known_addr { host: "127.0.61.62" port: 33603 } } peers { permanent_uuid: "5fe1f662b7a54c0f823ca2d656131416" member_type: VOTER last_known_addr { host: "127.0.61.61" port: 37305 } } peers { permanent_uuid: "d933e518c06d4c7d8b4f743167c2c643" member_type: VOTER last_known_addr { host: "127.0.61.60" port: 37785 } } }
I0916 07:55:44.648067 1751 sys_catalog.cc:343] T 00000000000000000000000000000000 P 5fe1f662b7a54c0f823ca2d656131416 [sys.catalog]: This master's current role is: FOLLOWER
I0916 07:55:44.648906 1751 sys_catalog.cc:428] T 00000000000000000000000000000000 P 5fe1f662b7a54c0f823ca2d656131416 [sys.catalog]: configured and running, proceeding with master startup.
I0916 07:55:44.651101 1728 raft_consensus.cc:2890] T 00000000000000000000000000000000 P 5fe1f662b7a54c0f823ca2d656131416 [term 3 FOLLOWER]: Advancing to term 4
I0916 07:55:44.655234 1757 catalog_manager.cc:1142] T 00000000000000000000000000000000 P 5fe1f662b7a54c0f823ca2d656131416: acquiring CA information for follower catalog manager: success
I0916 07:55:44.658628 1757 catalog_manager.cc:1170] T 00000000000000000000000000000000 P 5fe1f662b7a54c0f823ca2d656131416: importing token verification keys for follower catalog manager: success; most recent TSK sequence number 0
I0916 07:55:44.660769 1760 sys_catalog.cc:340] T 00000000000000000000000000000000 P 5fe1f662b7a54c0f823ca2d656131416 [sys.catalog]: SysCatalogTable state changed. Reason: Replicated consensus-only round. Latest consensus state: current_term: 4 leader_uuid: "d933e518c06d4c7d8b4f743167c2c643" committed_config { opid_index: -1 OBSOLETE_local: false peers { permanent_uuid: "fd1e33dc408e40c7a8bae2850d5a6b6f" member_type: VOTER last_known_addr { host: "127.0.61.62" port: 33603 } } peers { permanent_uuid: "5fe1f662b7a54c0f823ca2d656131416" member_type: VOTER last_known_addr { host: "127.0.61.61" port: 37305 } } peers { permanent_uuid: "d933e518c06d4c7d8b4f743167c2c643" member_type: VOTER last_known_addr { host: "127.0.61.60" port: 37785 } } }
I0916 07:55:44.661039 1756 sys_catalog.cc:340] T 00000000000000000000000000000000 P 5fe1f662b7a54c0f823ca2d656131416 [sys.catalog]: SysCatalogTable state changed. Reason: New leader d933e518c06d4c7d8b4f743167c2c643. Latest consensus state: current_term: 4 leader_uuid: "d933e518c06d4c7d8b4f743167c2c643" committed_config { opid_index: -1 OBSOLETE_local: false peers { permanent_uuid: "fd1e33dc408e40c7a8bae2850d5a6b6f" member_type: VOTER last_known_addr { host: "127.0.61.62" port: 33603 } } peers { permanent_uuid: "5fe1f662b7a54c0f823ca2d656131416" member_type: VOTER last_known_addr { host: "127.0.61.61" port: 37305 } } peers { permanent_uuid: "d933e518c06d4c7d8b4f743167c2c643" member_type: VOTER last_known_addr { host: "127.0.61.60" port: 37785 } } }
I0916 07:55:44.661564 1760 sys_catalog.cc:343] T 00000000000000000000000000000000 P 5fe1f662b7a54c0f823ca2d656131416 [sys.catalog]: This master's current role is: FOLLOWER
I0916 07:55:44.661708 1756 sys_catalog.cc:343] T 00000000000000000000000000000000 P 5fe1f662b7a54c0f823ca2d656131416 [sys.catalog]: This master's current role is: FOLLOWER
I0916 07:55:44.687566 244 tablet_server.cc:159] TabletServer@127.0.61.1:40619 shutting down...
I0916 07:55:44.697623 1716 master_service.cc:229] Got heartbeat from unknown tserver (permanent_uuid: "2f1f69d5d2dc4d7f8a6ffc7bcfb07c90" instance_seqno: 1568620540262017) as {username='slave'} at 127.0.0.1:42898; Asking this server to re-register.
I0916 07:55:44.699116 1416 heartbeater.cc:406] Registering TS with master...
I0916 07:55:44.700026 1718 master_service.cc:229] Got heartbeat from unknown tserver (permanent_uuid: "39273ba79fdb4d31abbb34278b8b1709" instance_seqno: 1568620539861819) as {username='slave'} at 127.0.0.1:42900; Asking this server to re-register.
I0916 07:55:44.693023 1717 master_service.cc:229] Got heartbeat from unknown tserver (permanent_uuid: "bce8dbcd72a840bb8256dee0715b175f" instance_seqno: 1568620540049147) as {username='slave'} at 127.0.0.1:42902; Asking this server to re-register.
I0916 07:55:44.702361 1274 heartbeater.cc:406] Registering TS with master...
I0916 07:55:44.702500 1345 heartbeater.cc:406] Registering TS with master...
I0916 07:55:44.704617 1718 ts_manager.cc:161] Registered new tserver with Master: 2f1f69d5d2dc4d7f8a6ffc7bcfb07c90 (127.0.61.3:45451)
I0916 07:55:44.705060 1717 ts_manager.cc:161] Registered new tserver with Master: bce8dbcd72a840bb8256dee0715b175f (127.0.61.2:39401)
I0916 07:55:44.705737 1716 ts_manager.cc:161] Registered new tserver with Master: 39273ba79fdb4d31abbb34278b8b1709 (127.0.61.1:40619)
I0916 07:55:44.723377 244 ts_tablet_manager.cc:1159] Shutting down tablet manager...
I0916 07:55:44.723748 244 tablet_replica.cc:273] T e02eeaf40c1d4a299b70f4a8f1514e31 P 39273ba79fdb4d31abbb34278b8b1709: stopping tablet replica
I0916 07:55:44.724056 244 raft_consensus.cc:2147] T e02eeaf40c1d4a299b70f4a8f1514e31 P 39273ba79fdb4d31abbb34278b8b1709 [term 3 LEADER]: Raft consensus shutting down.
I0916 07:55:44.724658 244 raft_consensus.cc:2174] T e02eeaf40c1d4a299b70f4a8f1514e31 P 39273ba79fdb4d31abbb34278b8b1709 [term 3 FOLLOWER]: Raft consensus is shut down!
I0916 07:55:44.726783 244 tablet_replica.cc:273] T e5cce06208f44e4fa384db94c0b624ae P 39273ba79fdb4d31abbb34278b8b1709: stopping tablet replica
I0916 07:55:44.727063 244 raft_consensus.cc:2147] T e5cce06208f44e4fa384db94c0b624ae P 39273ba79fdb4d31abbb34278b8b1709 [term 2 LEADER]: Raft consensus shutting down.
I0916 07:55:44.727560 244 raft_consensus.cc:2174] T e5cce06208f44e4fa384db94c0b624ae P 39273ba79fdb4d31abbb34278b8b1709 [term 2 FOLLOWER]: Raft consensus is shut down!
I0916 07:55:44.729475 244 tablet_replica.cc:273] T 6b5196040b094455ad661e9ab9e379c7 P 39273ba79fdb4d31abbb34278b8b1709: stopping tablet replica
I0916 07:55:44.729744 244 raft_consensus.cc:2147] T 6b5196040b094455ad661e9ab9e379c7 P 39273ba79fdb4d31abbb34278b8b1709 [term 3 FOLLOWER]: Raft consensus shutting down.
I0916 07:55:44.729988 244 raft_consensus.cc:2174] T 6b5196040b094455ad661e9ab9e379c7 P 39273ba79fdb4d31abbb34278b8b1709 [term 3 FOLLOWER]: Raft consensus is shut down!
I0916 07:55:44.751215 244 tablet_server.cc:173] TabletServer@127.0.61.1:40619 shutdown complete.
I0916 07:55:44.758954 1693 sys_catalog.cc:340] T 00000000000000000000000000000000 P d933e518c06d4c7d8b4f743167c2c643 [sys.catalog]: SysCatalogTable state changed. Reason: Peer health change. Latest consensus state: current_term: 4 leader_uuid: "d933e518c06d4c7d8b4f743167c2c643" committed_config { opid_index: -1 OBSOLETE_local: false peers { permanent_uuid: "fd1e33dc408e40c7a8bae2850d5a6b6f" member_type: VOTER last_known_addr { host: "127.0.61.62" port: 33603 } } peers { permanent_uuid: "5fe1f662b7a54c0f823ca2d656131416" member_type: VOTER last_known_addr { host: "127.0.61.61" port: 37305 } } peers { permanent_uuid: "d933e518c06d4c7d8b4f743167c2c643" member_type: VOTER last_known_addr { host: "127.0.61.60" port: 37785 } } }
I0916 07:55:44.760008 1693 sys_catalog.cc:343] T 00000000000000000000000000000000 P d933e518c06d4c7d8b4f743167c2c643 [sys.catalog]: This master's current role is: LEADER
W0916 07:55:44.771878 1283 consensus_peers.cc:458] T 6b5196040b094455ad661e9ab9e379c7 P bce8dbcd72a840bb8256dee0715b175f -> Peer 39273ba79fdb4d31abbb34278b8b1709 (127.0.61.1:40619): Couldn't send request to peer 39273ba79fdb4d31abbb34278b8b1709. Status: Network error: Client connection negotiation failed: client connection to 127.0.61.1:40619: connect: Connection refused (error 111). This is attempt 1: this message will repeat every 5th retry.
I0916 07:55:44.776546 244 system_ntp.cc:193] NTP initialized. Skew: 500ppm Current error: 48016us
I0916 07:55:44.776895 244 fs_manager.cc:263] Metadata directory not provided
I0916 07:55:44.777004 244 fs_manager.cc:266] Using existing metadata directory in first data directory
I0916 07:55:44.779363 244 fs_manager.cc:399] Time spent opening directory manager: real 0.002s user 0.002s sys 0.000s
I0916 07:55:44.780670 244 file_cache.cc:465] Constructed file cache lbm with capacity 419430
I0916 07:55:44.788658 244 fs_manager.cc:419] Time spent opening block manager: real 0.001s user 0.001s sys 0.000s
I0916 07:55:44.788838 244 fs_manager.cc:436] Opened local filesystem: /tmp/dist-test-taska4lOjz/test-tmp/ts_tablet_manager-itest.0.TsTabletManagerITest.TestTableStats.1568620531643032-244/minicluster-data/ts-0-root uuid: "39273ba79fdb4d31abbb34278b8b1709" format_stamp: "Formatted at 2019-09-16 07:55:39 on dist-test-slave-dist-test-slave-p3b0"
I0916 07:55:44.789052 244 fs_report.cc:352] FS layout report -------------------- wal directory: /tmp/dist-test-taska4lOjz/test-tmp/ts_tablet_manager-itest.0.TsTabletManagerITest.TestTableStats.1568620531643032-244/minicluster-data/ts-0-root metadata directory: /tmp/dist-test-taska4lOjz/test-tmp/ts_tablet_manager-itest.0.TsTabletManagerITest.TestTableStats.1568620531643032-244/minicluster-data/ts-0-root 1 data directories: /tmp/dist-test-taska4lOjz/test-tmp/ts_tablet_manager-itest.0.TsTabletManagerITest.TestTableStats.1568620531643032-244/minicluster-data/ts-0-root/data Total live blocks: 0 Total live bytes: 0 Total live bytes (after alignment): 0 Total number of LBM containers: 0 (0 full) Did not check for missing blocks Did not check for orphaned blocks Total full LBM containers with extra space: 0 (0 repaired) Total full LBM container extra space in bytes: 0 (0 repaired) Total incomplete LBM containers: 0 (0 repaired) Total LBM partial records: 0 (0 repaired)
I0916 07:55:44.812520 244 ts_tablet_manager.cc:371] Loading tablet metadata (0/3 complete)
I0916 07:55:44.822866 244 ts_tablet_manager.cc:383] Loaded tablet metadata (3 total tablets, 3 live tablets)
I0916 07:55:44.823057 244 ts_tablet_manager.cc:389] Registering tablets (0/3 complete)
I0916 07:55:44.827116 1772 tablet_bootstrap.cc:439] T e5cce06208f44e4fa384db94c0b624ae P 39273ba79fdb4d31abbb34278b8b1709: Bootstrap starting.
I0916 07:55:44.834766 1774 raft_consensus.cc:472] T e02eeaf40c1d4a299b70f4a8f1514e31 P 2f1f69d5d2dc4d7f8a6ffc7bcfb07c90 [term 3 FOLLOWER]: Starting pre-election (detected failure of leader 39273ba79fdb4d31abbb34278b8b1709)
I0916 07:55:44.835162 1774 raft_consensus.cc:494] T e02eeaf40c1d4a299b70f4a8f1514e31 P 2f1f69d5d2dc4d7f8a6ffc7bcfb07c90 [term 3 FOLLOWER]: Starting pre-election with config: opid_index: -1 OBSOLETE_local: false peers { permanent_uuid: "bce8dbcd72a840bb8256dee0715b175f" member_type: VOTER last_known_addr { host: "127.0.61.2" port: 39401 } } peers { permanent_uuid: "39273ba79fdb4d31abbb34278b8b1709" member_type: VOTER last_known_addr { host: "127.0.61.1" port: 40619 } } peers { permanent_uuid: "2f1f69d5d2dc4d7f8a6ffc7bcfb07c90" member_type: VOTER last_known_addr { host: "127.0.61.3" port: 45451 } }
I0916 07:55:44.837337 1320 tablet_service.cc:1295] Received RequestConsensusVote() RPC: tablet_id: "e02eeaf40c1d4a299b70f4a8f1514e31" candidate_uuid: "2f1f69d5d2dc4d7f8a6ffc7bcfb07c90" candidate_term: 4 candidate_status { last_received { term: 3 index: 5 } } ignore_live_leader: false dest_uuid: "bce8dbcd72a840bb8256dee0715b175f" is_pre_election: true
W0916 07:55:44.838127 1354 leader_election.cc:341] T e02eeaf40c1d4a299b70f4a8f1514e31 P 2f1f69d5d2dc4d7f8a6ffc7bcfb07c90 [CANDIDATE]: Term 4 pre-election: RPC error from VoteRequest() call to peer 39273ba79fdb4d31abbb34278b8b1709 (127.0.61.1:40619): Network error: Client connection negotiation failed: client connection to 127.0.61.1:40619: connect: Connection refused (error 111)
I0916 07:55:44.838161 1774 leader_election.cc:296] T e02eeaf40c1d4a299b70f4a8f1514e31 P 2f1f69d5d2dc4d7f8a6ffc7bcfb07c90 [CANDIDATE]: Term 4 pre-election: Requested pre-vote from peers bce8dbcd72a840bb8256dee0715b175f (127.0.61.2:39401), 39273ba79fdb4d31abbb34278b8b1709 (127.0.61.1:40619)
I0916 07:55:44.838160 1320 raft_consensus.cc:2311] T e02eeaf40c1d4a299b70f4a8f1514e31 P bce8dbcd72a840bb8256dee0715b175f [term 3 FOLLOWER]: Leader pre-election vote request: Denying vote to candidate 2f1f69d5d2dc4d7f8a6ffc7bcfb07c90 for term 4 because replica is either leader or believes a valid leader to be alive.
I0916 07:55:44.839607 1353 leader_election.cc:310] T e02eeaf40c1d4a299b70f4a8f1514e31 P 2f1f69d5d2dc4d7f8a6ffc7bcfb07c90 [CANDIDATE]: Term 4 pre-election: Election decided. Result: candidate lost. Election summary: received 3 responses out of 3 voters: 1 yes votes; 2 no votes. yes voters: 2f1f69d5d2dc4d7f8a6ffc7bcfb07c90; no voters: 39273ba79fdb4d31abbb34278b8b1709, bce8dbcd72a840bb8256dee0715b175f
I0916 07:55:44.840318 1774 raft_consensus.cc:2592] T e02eeaf40c1d4a299b70f4a8f1514e31 P 2f1f69d5d2dc4d7f8a6ffc7bcfb07c90 [term 3 FOLLOWER]: Leader pre-election lost for term 4. Reason: could not achieve majority
I0916 07:55:44.840728 1618 raft_consensus.cc:472] T e02eeaf40c1d4a299b70f4a8f1514e31 P bce8dbcd72a840bb8256dee0715b175f [term 3 FOLLOWER]: Starting pre-election (detected failure of leader 39273ba79fdb4d31abbb34278b8b1709)
I0916 07:55:44.841153 1618 raft_consensus.cc:494] T e02eeaf40c1d4a299b70f4a8f1514e31 P bce8dbcd72a840bb8256dee0715b175f [term 3 FOLLOWER]: Starting pre-election with config: opid_index: -1 OBSOLETE_local: false peers { permanent_uuid: "bce8dbcd72a840bb8256dee0715b175f" member_type: VOTER last_known_addr { host: "127.0.61.2" port: 39401 } } peers { permanent_uuid: "39273ba79fdb4d31abbb34278b8b1709" member_type: VOTER last_known_addr { host: "127.0.61.1" port: 40619 } } peers { permanent_uuid: "2f1f69d5d2dc4d7f8a6ffc7bcfb07c90" member_type: VOTER last_known_addr { host: "127.0.61.3" port: 45451 } }
I0916 07:55:44.840423 244 ts_tablet_manager.cc:403] Registered 3 tablets
I0916 07:55:44.842878 1618 leader_election.cc:296] T e02eeaf40c1d4a299b70f4a8f1514e31 P bce8dbcd72a840bb8256dee0715b175f [CANDIDATE]: Term 4 pre-election: Requested pre-vote from peers 39273ba79fdb4d31abbb34278b8b1709 (127.0.61.1:40619), 2f1f69d5d2dc4d7f8a6ffc7bcfb07c90 (127.0.61.3:45451)
W0916 07:55:44.844039 1283 leader_election.cc:341] T e02eeaf40c1d4a299b70f4a8f1514e31 P bce8dbcd72a840bb8256dee0715b175f [CANDIDATE]: Term 4 pre-election: RPC error from VoteRequest() call to peer 39273ba79fdb4d31abbb34278b8b1709 (127.0.61.1:40619): Network error: Client connection negotiation failed: client connection to 127.0.61.1:40619: connect: Connection refused (error 111)
I0916 07:55:44.844799 1392 tablet_service.cc:1295] Received RequestConsensusVote() RPC: tablet_id: "e02eeaf40c1d4a299b70f4a8f1514e31" candidate_uuid: "bce8dbcd72a840bb8256dee0715b175f" candidate_term: 4 candidate_status { last_received { term: 3 index: 5 } } ignore_live_leader: false dest_uuid: "2f1f69d5d2dc4d7f8a6ffc7bcfb07c90" is_pre_election: true
I0916 07:55:44.845397 1392 raft_consensus.cc:2350] T e02eeaf40c1d4a299b70f4a8f1514e31 P 2f1f69d5d2dc4d7f8a6ffc7bcfb07c90 [term 3 FOLLOWER]: Leader pre-election vote request: Granting yes vote for candidate bce8dbcd72a840bb8256dee0715b175f in term 3.
I0916 07:55:44.846588 1285 leader_election.cc:310] T e02eeaf40c1d4a299b70f4a8f1514e31 P bce8dbcd72a840bb8256dee0715b175f [CANDIDATE]: Term 4 pre-election: Election decided. Result: candidate won. Election summary: received 3 responses out of 3 voters: 2 yes votes; 1 no votes. yes voters: 2f1f69d5d2dc4d7f8a6ffc7bcfb07c90, bce8dbcd72a840bb8256dee0715b175f; no voters: 39273ba79fdb4d31abbb34278b8b1709
I0916 07:55:44.847615 1618 raft_consensus.cc:2644] T e02eeaf40c1d4a299b70f4a8f1514e31 P bce8dbcd72a840bb8256dee0715b175f [term 3 FOLLOWER]: Leader pre-election won for term 4
I0916 07:55:44.847903 1618 raft_consensus.cc:472] T e02eeaf40c1d4a299b70f4a8f1514e31 P bce8dbcd72a840bb8256dee0715b175f [term 3 FOLLOWER]: Starting leader election (detected failure of leader 39273ba79fdb4d31abbb34278b8b1709)
I0916 07:55:44.848166 1618 raft_consensus.cc:2890] T e02eeaf40c1d4a299b70f4a8f1514e31 P bce8dbcd72a840bb8256dee0715b175f [term 3 FOLLOWER]: Advancing to term 4
I0916 07:55:44.852330 1618 raft_consensus.cc:494] T e02eeaf40c1d4a299b70f4a8f1514e31 P bce8dbcd72a840bb8256dee0715b175f [term 4 FOLLOWER]: Starting leader election with config: opid_index: -1 OBSOLETE_local: false peers { permanent_uuid: "bce8dbcd72a840bb8256dee0715b175f" member_type: VOTER last_known_addr { host: "127.0.61.2" port: 39401 } } peers { permanent_uuid: "39273ba79fdb4d31abbb34278b8b1709" member_type: VOTER last_known_addr { host: "127.0.61.1" port: 40619 } } peers { permanent_uuid: "2f1f69d5d2dc4d7f8a6ffc7bcfb07c90" member_type: VOTER last_known_addr { host: "127.0.61.3" port: 45451 } }
I0916 07:55:44.854321 1618 leader_election.cc:296] T e02eeaf40c1d4a299b70f4a8f1514e31 P bce8dbcd72a840bb8256dee0715b175f [CANDIDATE]: Term 4 election: Requested vote from peers 39273ba79fdb4d31abbb34278b8b1709 (127.0.61.1:40619), 2f1f69d5d2dc4d7f8a6ffc7bcfb07c90 (127.0.61.3:45451)
I0916 07:55:44.854465 1392 tablet_service.cc:1295] Received RequestConsensusVote() RPC: tablet_id: "e02eeaf40c1d4a299b70f4a8f1514e31" candidate_uuid: "bce8dbcd72a840bb8256dee0715b175f" candidate_term: 4 candidate_status { last_received { term: 3 index: 5 } } ignore_live_leader: false dest_uuid: "2f1f69d5d2dc4d7f8a6ffc7bcfb07c90"
I0916 07:55:44.855119 1392 raft_consensus.cc:2890] T e02eeaf40c1d4a299b70f4a8f1514e31 P 2f1f69d5d2dc4d7f8a6ffc7bcfb07c90 [term 3 FOLLOWER]: Advancing to term 4
W0916 07:55:44.855166 1283 leader_election.cc:341] T e02eeaf40c1d4a299b70f4a8f1514e31 P bce8dbcd72a840bb8256dee0715b175f [CANDIDATE]: Term 4 election: RPC error from VoteRequest() call to peer 39273ba79fdb4d31abbb34278b8b1709 (127.0.61.1:40619): Network error: Client connection negotiation failed: client connection to 127.0.61.1:40619: connect: Connection refused (error 111)
I0916 07:55:44.858747 1392 raft_consensus.cc:2350] T e02eeaf40c1d4a299b70f4a8f1514e31 P 2f1f69d5d2dc4d7f8a6ffc7bcfb07c90 [term 4 FOLLOWER]: Leader election vote request: Granting yes vote for candidate bce8dbcd72a840bb8256dee0715b175f in term 4.
I0916 07:55:44.859552 1285 leader_election.cc:310] T e02eeaf40c1d4a299b70f4a8f1514e31 P bce8dbcd72a840bb8256dee0715b175f [CANDIDATE]: Term 4 election: Election decided. Result: candidate won. Election summary: received 3 responses out of 3 voters: 2 yes votes; 1 no votes. yes voters: 2f1f69d5d2dc4d7f8a6ffc7bcfb07c90, bce8dbcd72a840bb8256dee0715b175f; no voters: 39273ba79fdb4d31abbb34278b8b1709
I0916 07:55:44.860167 1618 raft_consensus.cc:2644] T e02eeaf40c1d4a299b70f4a8f1514e31 P bce8dbcd72a840bb8256dee0715b175f [term 4 FOLLOWER]: Leader election won for term 4
I0916 07:55:44.871409 1618 raft_consensus.cc:667] T e02eeaf40c1d4a299b70f4a8f1514e31 P bce8dbcd72a840bb8256dee0715b175f [term 4 LEADER]: Becoming Leader. State: Replica: bce8dbcd72a840bb8256dee0715b175f, State: Running, Role: LEADER
I0916 07:55:44.873014 1777 raft_consensus.cc:472] T e5cce06208f44e4fa384db94c0b624ae P bce8dbcd72a840bb8256dee0715b175f [term 2 FOLLOWER]: Starting pre-election (detected failure of leader 39273ba79fdb4d31abbb34278b8b1709)
I0916 07:55:44.876497 1777 raft_consensus.cc:494] T e5cce06208f44e4fa384db94c0b624ae P bce8dbcd72a840bb8256dee0715b175f [term 2 FOLLOWER]: Starting pre-election with config: opid_index: -1 OBSOLETE_local: false peers { permanent_uuid: "39273ba79fdb4d31abbb34278b8b1709" member_type: VOTER last_known_addr { host: "127.0.61.1" port: 40619 } } peers { permanent_uuid: "bce8dbcd72a840bb8256dee0715b175f" member_type: VOTER last_known_addr { host: "127.0.61.2" port: 39401 } } peers { permanent_uuid: "2f1f69d5d2dc4d7f8a6ffc7bcfb07c90" member_type: VOTER last_known_addr { host: "127.0.61.3" port: 45451 } }
I0916 07:55:44.875717 1618 consensus_queue.cc:206] T e02eeaf40c1d4a299b70f4a8f1514e31 P bce8dbcd72a840bb8256dee0715b175f [LEADER]: Queue going to LEADER mode. State: All replicated index: 0, Majority replicated index: 5, Committed index: 5, Last appended: 3.5, Last appended by leader: 5, Current term: 4, Majority size: 2, State: 0, Mode: LEADER, active raft config: opid_index: -1 OBSOLETE_local: false peers { permanent_uuid: "bce8dbcd72a840bb8256dee0715b175f" member_type: VOTER last_known_addr { host: "127.0.61.2" port: 39401 } } peers { permanent_uuid: "39273ba79fdb4d31abbb34278b8b1709" member_type: VOTER last_known_addr { host: "127.0.61.1" port: 40619 } } peers { permanent_uuid: "2f1f69d5d2dc4d7f8a6ffc7bcfb07c90" member_type: VOTER last_known_addr { host: "127.0.61.3" port: 45451 } }
W0916 07:55:44.881659 1283 leader_election.cc:341] T e5cce06208f44e4fa384db94c0b624ae P bce8dbcd72a840bb8256dee0715b175f [CANDIDATE]: Term 3 pre-election: RPC error from VoteRequest() call to peer 39273ba79fdb4d31abbb34278b8b1709 (127.0.61.1:40619): Network error: Client connection negotiation failed: client connection to 127.0.61.1:40619: connect: Connection refused (error 111)
I0916 07:55:44.881954 1392 tablet_service.cc:1295] Received RequestConsensusVote() RPC: tablet_id: "e5cce06208f44e4fa384db94c0b624ae" candidate_uuid: "bce8dbcd72a840bb8256dee0715b175f" candidate_term: 3 candidate_status { last_received { term: 2 index: 4 } } ignore_live_leader: false dest_uuid: "2f1f69d5d2dc4d7f8a6ffc7bcfb07c90" is_pre_election: true
I0916 07:55:44.882730 1392 raft_consensus.cc:2311] T e5cce06208f44e4fa384db94c0b624ae P 2f1f69d5d2dc4d7f8a6ffc7bcfb07c90 [term 2 FOLLOWER]: Leader pre-election vote request: Denying vote to candidate bce8dbcd72a840bb8256dee0715b175f for term 3 because replica is either leader or believes a valid leader to be alive.
I0916 07:55:44.884011 1285 leader_election.cc:310] T e5cce06208f44e4fa384db94c0b624ae P bce8dbcd72a840bb8256dee0715b175f [CANDIDATE]: Term 3 pre-election: Election decided. Result: candidate lost. Election summary: received 3 responses out of 3 voters: 1 yes votes; 2 no votes. yes voters: bce8dbcd72a840bb8256dee0715b175f; no voters: 2f1f69d5d2dc4d7f8a6ffc7bcfb07c90, 39273ba79fdb4d31abbb34278b8b1709
I0916 07:55:44.880933 1777 leader_election.cc:296] T e5cce06208f44e4fa384db94c0b624ae P bce8dbcd72a840bb8256dee0715b175f [CANDIDATE]: Term 3 pre-election: Requested pre-vote from peers 39273ba79fdb4d31abbb34278b8b1709 (127.0.61.1:40619), 2f1f69d5d2dc4d7f8a6ffc7bcfb07c90 (127.0.61.3:45451)
I0916 07:55:44.885586 1777 raft_consensus.cc:2592] T e5cce06208f44e4fa384db94c0b624ae P bce8dbcd72a840bb8256dee0715b175f [term 2 FOLLOWER]: Leader pre-election lost for term 3. Reason: could not achieve majority
I0916 07:55:44.884104 1772 tablet.cc:1223] T e5cce06208f44e4fa384db94c0b624ae P 39273ba79fdb4d31abbb34278b8b1709: Alter schema from ( 10:key INT32 NOT NULL, PRIMARY KEY (key) ) version 0 to ( 10:key INT32 NOT NULL, PRIMARY KEY (key) ) version 1
I0916 07:55:44.887303 1772 tablet_metadata.cc:569] Not flushing: waiting for 1 pins to be released.
I0916 07:55:44.888320 1772 tablet_bootstrap.cc:439] T e5cce06208f44e4fa384db94c0b624ae P 39273ba79fdb4d31abbb34278b8b1709: Bootstrap replayed 1/1 log segments. Stats: ops{read=4 overwritten=0 applied=4 ignored=0} inserts{seen=99 ignored=0} mutations{seen=0 ignored=0} orphaned_commits=0. Pending: 0 replicates
I0916 07:55:44.888384 1650 catalog_manager.cc:4120] T e02eeaf40c1d4a299b70f4a8f1514e31 P bce8dbcd72a840bb8256dee0715b175f reported cstate change: term changed from 3 to 4, leader changed from 39273ba79fdb4d31abbb34278b8b1709 (127.0.61.1) to bce8dbcd72a840bb8256dee0715b175f (127.0.61.2). New cstate: current_term: 4 leader_uuid: "bce8dbcd72a840bb8256dee0715b175f" committed_config { opid_index: -1 OBSOLETE_local: false peers { permanent_uuid: "bce8dbcd72a840bb8256dee0715b175f" member_type: VOTER last_known_addr { host: "127.0.61.2" port: 39401 } health_report { overall_health: HEALTHY } } peers { permanent_uuid: "39273ba79fdb4d31abbb34278b8b1709" member_type: VOTER last_known_addr { host: "127.0.61.1" port: 40619 } health_report { overall_health: UNKNOWN } } peers { permanent_uuid: "2f1f69d5d2dc4d7f8a6ffc7bcfb07c90" member_type: VOTER last_known_addr { host: "127.0.61.3" port: 45451 } health_report { overall_health: UNKNOWN } } }
I0916 07:55:44.889761 1772 tablet_bootstrap.cc:439] T e5cce06208f44e4fa384db94c0b624ae P 39273ba79fdb4d31abbb34278b8b1709: Bootstrap complete.
I0916 07:55:44.895223 1774 raft_consensus.cc:472] T e5cce06208f44e4fa384db94c0b624ae P 2f1f69d5d2dc4d7f8a6ffc7bcfb07c90 [term 2 FOLLOWER]: Starting pre-election (detected failure of leader 39273ba79fdb4d31abbb34278b8b1709)
I0916 07:55:44.895656 1774 raft_consensus.cc:494] T e5cce06208f44e4fa384db94c0b624ae P 2f1f69d5d2dc4d7f8a6ffc7bcfb07c90 [term 2 FOLLOWER]: Starting pre-election with config: opid_index: -1 OBSOLETE_local: false peers { permanent_uuid: "39273ba79fdb4d31abbb34278b8b1709" member_type: VOTER last_known_addr { host: "127.0.61.1" port: 40619 } } peers { permanent_uuid: "bce8dbcd72a840bb8256dee0715b175f" member_type: VOTER last_known_addr { host: "127.0.61.2" port: 39401 } } peers { permanent_uuid: "2f1f69d5d2dc4d7f8a6ffc7bcfb07c90" member_type: VOTER last_known_addr { host: "127.0.61.3" port: 45451 } }
I0916 07:55:44.897388 1774 leader_election.cc:296] T e5cce06208f44e4fa384db94c0b624ae P 2f1f69d5d2dc4d7f8a6ffc7bcfb07c90 [CANDIDATE]: Term 3 pre-election: Requested pre-vote from peers 39273ba79fdb4d31abbb34278b8b1709 (127.0.61.1:40619), bce8dbcd72a840bb8256dee0715b175f (127.0.61.2:39401)
I0916 07:55:44.898444 1320 tablet_service.cc:1295] Received RequestConsensusVote() RPC: tablet_id: "e5cce06208f44e4fa384db94c0b624ae" candidate_uuid: "2f1f69d5d2dc4d7f8a6ffc7bcfb07c90" candidate_term: 3 candidate_status { last_received { term: 2 index: 4 } } ignore_live_leader: false dest_uuid: "bce8dbcd72a840bb8256dee0715b175f" is_pre_election: true
I0916 07:55:44.899045 1320 raft_consensus.cc:2350] T e5cce06208f44e4fa384db94c0b624ae P bce8dbcd72a840bb8256dee0715b175f [term 2 FOLLOWER]: Leader pre-election vote request: Granting yes vote for candidate 2f1f69d5d2dc4d7f8a6ffc7bcfb07c90 in term 2.
W0916 07:55:44.899487 1354 leader_election.cc:341] T e5cce06208f44e4fa384db94c0b624ae P 2f1f69d5d2dc4d7f8a6ffc7bcfb07c90 [CANDIDATE]: Term 3 pre-election: RPC error from VoteRequest() call to peer 39273ba79fdb4d31abbb34278b8b1709 (127.0.61.1:40619): Network error: Client connection negotiation failed: client connection to 127.0.61.1:40619: connect: Connection refused (error 111)
I0916 07:55:44.899890 1353 leader_election.cc:310] T e5cce06208f44e4fa384db94c0b624ae P 2f1f69d5d2dc4d7f8a6ffc7bcfb07c90 [CANDIDATE]: Term 3 pre-election: Election decided. Result: candidate won. Election summary: received 3 responses out of 3 voters: 2 yes votes; 1 no votes. yes voters: 2f1f69d5d2dc4d7f8a6ffc7bcfb07c90, bce8dbcd72a840bb8256dee0715b175f; no voters: 39273ba79fdb4d31abbb34278b8b1709
I0916 07:55:44.900874 1774 raft_consensus.cc:2644] T e5cce06208f44e4fa384db94c0b624ae P 2f1f69d5d2dc4d7f8a6ffc7bcfb07c90 [term 2 FOLLOWER]: Leader pre-election won for term 3
I0916 07:55:44.901144 1774 raft_consensus.cc:472] T e5cce06208f44e4fa384db94c0b624ae P 2f1f69d5d2dc4d7f8a6ffc7bcfb07c90 [term 2 FOLLOWER]: Starting leader election (detected failure of leader 39273ba79fdb4d31abbb34278b8b1709)
I0916 07:55:44.901389 1774 raft_consensus.cc:2890] T e5cce06208f44e4fa384db94c0b624ae P 2f1f69d5d2dc4d7f8a6ffc7bcfb07c90 [term 2 FOLLOWER]: Advancing to term 3
I0916 07:55:44.909014 1774 raft_consensus.cc:494] T e5cce06208f44e4fa384db94c0b624ae P 2f1f69d5d2dc4d7f8a6ffc7bcfb07c90 [term 3 FOLLOWER]: Starting leader election with config: opid_index: -1 OBSOLETE_local: false peers { permanent_uuid: "39273ba79fdb4d31abbb34278b8b1709" member_type: VOTER last_known_addr { host: "127.0.61.1" port: 40619 } } peers { permanent_uuid: "bce8dbcd72a840bb8256dee0715b175f" member_type: VOTER last_known_addr { host: "127.0.61.2" port: 39401 } } peers { permanent_uuid: "2f1f69d5d2dc4d7f8a6ffc7bcfb07c90" member_type: VOTER last_known_addr { host: "127.0.61.3" port: 45451 } }
I0916 07:55:44.940356 1320 tablet_service.cc:1295] Received RequestConsensusVote() RPC: tablet_id: "e5cce06208f44e4fa384db94c0b624ae" candidate_uuid: "2f1f69d5d2dc4d7f8a6ffc7bcfb07c90" candidate_term: 3 candidate_status { last_received { term: 2 index: 4 } } ignore_live_leader: false dest_uuid: "bce8dbcd72a840bb8256dee0715b175f"
W0916 07:55:44.941001 1354 leader_election.cc:341] T e5cce06208f44e4fa384db94c0b624ae P 2f1f69d5d2dc4d7f8a6ffc7bcfb07c90 [CANDIDATE]: Term 3 election: RPC error from VoteRequest() call to peer 39273ba79fdb4d31abbb34278b8b1709 (127.0.61.1:40619): Network error: Client connection negotiation failed: client connection to 127.0.61.1:40619: connect: Connection refused (error 111)
I0916 07:55:44.941308 1320 raft_consensus.cc:2890] T e5cce06208f44e4fa384db94c0b624ae P bce8dbcd72a840bb8256dee0715b175f [term 2 FOLLOWER]: Advancing to term 3
I0916 07:55:44.942353 1774 leader_election.cc:296] T e5cce06208f44e4fa384db94c0b624ae P 2f1f69d5d2dc4d7f8a6ffc7bcfb07c90 [CANDIDATE]: Term 3 election: Requested vote from peers 39273ba79fdb4d31abbb34278b8b1709 (127.0.61.1:40619), bce8dbcd72a840bb8256dee0715b175f (127.0.61.2:39401)
I0916 07:55:44.953727 1320 raft_consensus.cc:2350] T e5cce06208f44e4fa384db94c0b624ae P bce8dbcd72a840bb8256dee0715b175f [term 3 FOLLOWER]: Leader election vote request: Granting yes vote for candidate 2f1f69d5d2dc4d7f8a6ffc7bcfb07c90 in term 3.
I0916 07:55:44.955072 1353 leader_election.cc:310] T e5cce06208f44e4fa384db94c0b624ae P 2f1f69d5d2dc4d7f8a6ffc7bcfb07c90 [CANDIDATE]: Term 3 election: Election decided. Result: candidate won. Election summary: received 3 responses out of 3 voters: 2 yes votes; 1 no votes. yes voters: 2f1f69d5d2dc4d7f8a6ffc7bcfb07c90, bce8dbcd72a840bb8256dee0715b175f; no voters: 39273ba79fdb4d31abbb34278b8b1709
I0916 07:55:44.955797 1772 ts_tablet_manager.cc:1085] T e5cce06208f44e4fa384db94c0b624ae P 39273ba79fdb4d31abbb34278b8b1709: Time spent bootstrapping tablet: real 0.129s user 0.050s sys 0.030s
I0916 07:55:44.956498 1774 raft_consensus.cc:2644] T e5cce06208f44e4fa384db94c0b624ae P 2f1f69d5d2dc4d7f8a6ffc7bcfb07c90 [term 3 FOLLOWER]: Leader election won for term 3
I0916 07:55:44.958693 1774 raft_consensus.cc:667] T e5cce06208f44e4fa384db94c0b624ae P 2f1f69d5d2dc4d7f8a6ffc7bcfb07c90 [term 3 LEADER]: Becoming Leader. State: Replica: 2f1f69d5d2dc4d7f8a6ffc7bcfb07c90, State: Running, Role: LEADER
I0916 07:55:44.958604 1772 raft_consensus.cc:340] T e5cce06208f44e4fa384db94c0b624ae P 39273ba79fdb4d31abbb34278b8b1709 [term 2 FOLLOWER]: Replica starting. Triggering 0 pending transactions. Active config: opid_index: -1 OBSOLETE_local: false peers { permanent_uuid: "39273ba79fdb4d31abbb34278b8b1709" member_type: VOTER last_known_addr { host: "127.0.61.1" port: 40619 } } peers { permanent_uuid: "bce8dbcd72a840bb8256dee0715b175f" member_type: VOTER last_known_addr { host: "127.0.61.2" port: 39401 } } peers { permanent_uuid: "2f1f69d5d2dc4d7f8a6ffc7bcfb07c90" member_type: VOTER last_known_addr { host: "127.0.61.3" port: 45451 } }
I0916 07:55:44.959491 1772 raft_consensus.cc:705] T e5cce06208f44e4fa384db94c0b624ae P 39273ba79fdb4d31abbb34278b8b1709 [term 2 FOLLOWER]: Becoming Follower/Learner. State: Replica: 39273ba79fdb4d31abbb34278b8b1709, State: Initialized, Role: FOLLOWER
I0916 07:55:44.959668 1774 consensus_queue.cc:206] T e5cce06208f44e4fa384db94c0b624ae P 2f1f69d5d2dc4d7f8a6ffc7bcfb07c90 [LEADER]: Queue going to LEADER mode. State: All replicated index: 0, Majority replicated index: 4, Committed index: 4, Last appended: 2.4, Last appended by leader: 4, Current term: 3, Majority size: 2, State: 0, Mode: LEADER, active raft config: opid_index: -1 OBSOLETE_local: false peers { permanent_uuid: "39273ba79fdb4d31abbb34278b8b1709" member_type: VOTER last_known_addr { host: "127.0.61.1" port: 40619 } } peers { permanent_uuid: "bce8dbcd72a840bb8256dee0715b175f" member_type: VOTER last_known_addr { host: "127.0.61.2" port: 39401 } } peers { permanent_uuid: "2f1f69d5d2dc4d7f8a6ffc7bcfb07c90" member_type: VOTER last_known_addr { host: "127.0.61.3" port: 45451 } }
I0916 07:55:44.960589 1772 consensus_queue.cc:229] T e5cce06208f44e4fa384db94c0b624ae P 39273ba79fdb4d31abbb34278b8b1709 [NON_LEADER]: Queue going to NON_LEADER mode. State: All replicated index: 0, Majority replicated index: 0, Committed index: 4, Last appended: 2.4, Last appended by leader: 4, Current term: 0, Majority size: -1, State: 0, Mode: NON_LEADER, active raft config: opid_index: -1 OBSOLETE_local: false peers { permanent_uuid: "39273ba79fdb4d31abbb34278b8b1709" member_type: VOTER last_known_addr { host: "127.0.61.1" port: 40619 } } peers { permanent_uuid: "bce8dbcd72a840bb8256dee0715b175f" member_type: VOTER last_known_addr { host: "127.0.61.2" port: 39401 } } peers { permanent_uuid: "2f1f69d5d2dc4d7f8a6ffc7bcfb07c90" member_type: VOTER last_known_addr { host: "127.0.61.3" port: 45451 } }
I0916 07:55:44.963932 1772 ts_tablet_manager.cc:1113] T e5cce06208f44e4fa384db94c0b624ae P 39273ba79fdb4d31abbb34278b8b1709: Time spent starting tablet: real 0.008s user 0.009s sys 0.000s
I0916 07:55:44.964826 1772 tablet_bootstrap.cc:439] T e02eeaf40c1d4a299b70f4a8f1514e31 P 39273ba79fdb4d31abbb34278b8b1709: Bootstrap starting.
I0916 07:55:44.967571 1650 catalog_manager.cc:4120] T e5cce06208f44e4fa384db94c0b624ae P 2f1f69d5d2dc4d7f8a6ffc7bcfb07c90 reported cstate change: term changed from 2 to 3, leader changed from 39273ba79fdb4d31abbb34278b8b1709 (127.0.61.1) to 2f1f69d5d2dc4d7f8a6ffc7bcfb07c90 (127.0.61.3). New cstate: current_term: 3 leader_uuid: "2f1f69d5d2dc4d7f8a6ffc7bcfb07c90" committed_config { opid_index: -1 OBSOLETE_local: false peers { permanent_uuid: "39273ba79fdb4d31abbb34278b8b1709" member_type: VOTER last_known_addr { host: "127.0.61.1" port: 40619 } health_report { overall_health: UNKNOWN } } peers { permanent_uuid: "bce8dbcd72a840bb8256dee0715b175f" member_type: VOTER last_known_addr { host: "127.0.61.2" port: 39401 } health_report { overall_health: UNKNOWN } } peers { permanent_uuid: "2f1f69d5d2dc4d7f8a6ffc7bcfb07c90" member_type: VOTER last_known_addr { host: "127.0.61.3" port: 45451 } health_report { overall_health: HEALTHY } } }
I0916 07:55:44.991710 1392 raft_consensus.cc:1184] T e02eeaf40c1d4a299b70f4a8f1514e31 P 2f1f69d5d2dc4d7f8a6ffc7bcfb07c90 [term 4 FOLLOWER]: Refusing update from remote peer bce8dbcd72a840bb8256dee0715b175f: Log matching property violated. Preceding OpId in replica: term: 3 index: 5. Preceding OpId from leader: term: 4 index: 6. (index mismatch)
I0916 07:55:44.993214 1618 consensus_queue.cc:984] T e02eeaf40c1d4a299b70f4a8f1514e31 P bce8dbcd72a840bb8256dee0715b175f [LEADER]: Connected to new peer: Peer: permanent_uuid: "2f1f69d5d2dc4d7f8a6ffc7bcfb07c90" member_type: VOTER last_known_addr { host: "127.0.61.3" port: 45451 }, Status: LMP_MISMATCH, Last received: 0.0, Next index: 6, Last known committed idx: 5, Time since last communication: 0.000s
W0916 07:55:44.998301 1283 consensus_peers.cc:458] T e02eeaf40c1d4a299b70f4a8f1514e31 P bce8dbcd72a840bb8256dee0715b175f -> Peer 39273ba79fdb4d31abbb34278b8b1709 (127.0.61.1:40619): Couldn't send request to peer 39273ba79fdb4d31abbb34278b8b1709. Status: Network error: Client connection negotiation failed: client connection to 127.0.61.1:40619: connect: Connection refused (error 111). This is attempt 1: this message will repeat every 5th retry.
I0916 07:55:45.045915 1772 tablet.cc:1223] T e02eeaf40c1d4a299b70f4a8f1514e31 P 39273ba79fdb4d31abbb34278b8b1709: Alter schema from ( 10:key INT32 NOT NULL, PRIMARY KEY (key) ) version 0 to ( 10:key INT32 NOT NULL, PRIMARY KEY (key) ) version 1
I0916 07:55:45.046624 1772 tablet_metadata.cc:569] Not flushing: waiting for 1 pins to be released.
I0916 07:55:45.047545 1772 tablet_bootstrap.cc:439] T e02eeaf40c1d4a299b70f4a8f1514e31 P 39273ba79fdb4d31abbb34278b8b1709: Bootstrap replayed 1/1 log segments. Stats: ops{read=5 overwritten=0 applied=5 ignored=0} inserts{seen=111 ignored=0} mutations{seen=0 ignored=0} orphaned_commits=0. Pending: 0 replicates
I0916 07:55:45.049284 1772 tablet_bootstrap.cc:439] T e02eeaf40c1d4a299b70f4a8f1514e31 P 39273ba79fdb4d31abbb34278b8b1709: Bootstrap complete.
I0916 07:55:45.056039 1772 ts_tablet_manager.cc:1085] T e02eeaf40c1d4a299b70f4a8f1514e31 P 39273ba79fdb4d31abbb34278b8b1709: Time spent bootstrapping tablet: real 0.091s user 0.057s sys 0.004s
I0916 07:55:45.057502 1772 raft_consensus.cc:340] T e02eeaf40c1d4a299b70f4a8f1514e31 P 39273ba79fdb4d31abbb34278b8b1709 [term 3 FOLLOWER]: Replica starting. Triggering 0 pending transactions. Active config: opid_index: -1 OBSOLETE_local: false peers { permanent_uuid: "bce8dbcd72a840bb8256dee0715b175f" member_type: VOTER last_known_addr { host: "127.0.61.2" port: 39401 } } peers { permanent_uuid: "39273ba79fdb4d31abbb34278b8b1709" member_type: VOTER last_known_addr { host: "127.0.61.1" port: 40619 } } peers { permanent_uuid: "2f1f69d5d2dc4d7f8a6ffc7bcfb07c90" member_type: VOTER last_known_addr { host: "127.0.61.3" port: 45451 } }
I0916 07:55:45.058032 1772 raft_consensus.cc:705] T e02eeaf40c1d4a299b70f4a8f1514e31 P 39273ba79fdb4d31abbb34278b8b1709 [term 3 FOLLOWER]: Becoming Follower/Learner. State: Replica: 39273ba79fdb4d31abbb34278b8b1709, State: Initialized, Role: FOLLOWER
I0916 07:55:45.058533 1772 consensus_queue.cc:229] T e02eeaf40c1d4a299b70f4a8f1514e31 P 39273ba79fdb4d31abbb34278b8b1709 [NON_LEADER]: Queue going to NON_LEADER mode. State: All replicated index: 0, Majority replicated index: 0, Committed index: 5, Last appended: 3.5, Last appended by leader: 5, Current term: 0, Majority size: -1, State: 0, Mode: NON_LEADER, active raft config: opid_index: -1 OBSOLETE_local: false peers { permanent_uuid: "bce8dbcd72a840bb8256dee0715b175f" member_type: VOTER last_known_addr { host: "127.0.61.2" port: 39401 } } peers { permanent_uuid: "39273ba79fdb4d31abbb34278b8b1709" member_type: VOTER last_known_addr { host: "127.0.61.1" port: 40619 } } peers { permanent_uuid: "2f1f69d5d2dc4d7f8a6ffc7bcfb07c90" member_type: VOTER last_known_addr { host: "127.0.61.3" port: 45451 } }
I0916 07:55:45.059850 1772 ts_tablet_manager.cc:1113] T e02eeaf40c1d4a299b70f4a8f1514e31 P 39273ba79fdb4d31abbb34278b8b1709: Time spent starting tablet: real 0.004s user 0.001s sys 0.004s
I0916 07:55:45.060281 1772 tablet_bootstrap.cc:439] T 6b5196040b094455ad661e9ab9e379c7 P 39273ba79fdb4d31abbb34278b8b1709: Bootstrap starting.
I0916 07:55:45.065042 244 rpc_server.cc:205] RPC server started. Bound to: 127.0.61.1:40619
I0916 07:55:45.066886 244 webserver.cc:374] Webserver started at http://127.0.61.1:34949/ using document root and password file
I0916 07:55:45.072171 1320 raft_consensus.cc:1184] T e5cce06208f44e4fa384db94c0b624ae P bce8dbcd72a840bb8256dee0715b175f [term 3 FOLLOWER]: Refusing update from remote peer 2f1f69d5d2dc4d7f8a6ffc7bcfb07c90: Log matching property violated. Preceding OpId in replica: term: 2 index: 4. Preceding OpId from leader: term: 3 index: 5. (index mismatch)
