I0916 07:55:46.685953 2064 ts_tablet_manager.cc:1453] T e5cce06208f44e4fa384db94c0b624ae P 2f1f69d5d2dc4d7f8a6ffc7bcfb07c90: tablet deleted with delete type TABLET_DATA_DELETED: last-logged OpId 4.6
I0916 07:55:46.686306 2064 log.cc:990] T e5cce06208f44e4fa384db94c0b624ae P 2f1f69d5d2dc4d7f8a6ffc7bcfb07c90: Deleting WAL directory at /tmp/dist-test-taska4lOjz/test-tmp/ts_tablet_manager-itest.0.TsTabletManagerITest.TestTableStats.1568620531643032-244/minicluster-data/ts-2-root/wals/e5cce06208f44e4fa384db94c0b624ae
I0916 07:55:46.686471 2061 ts_tablet_manager.cc:1474] T e5cce06208f44e4fa384db94c0b624ae P 39273ba79fdb4d31abbb34278b8b1709: Deleting consensus metadata
I0916 07:55:46.686941 2064 ts_tablet_manager.cc:1474] T e5cce06208f44e4fa384db94c0b624ae P 2f1f69d5d2dc4d7f8a6ffc7bcfb07c90: Deleting consensus metadata
I0916 07:55:46.688861 1633 catalog_manager.cc:3490] TS 39273ba79fdb4d31abbb34278b8b1709 (127.0.61.1:40619): tablet e5cce06208f44e4fa384db94c0b624ae (table NewTableName [id=074536fca6144499906b7c13e035c370]) successfully deleted
I0916 07:55:46.689195 1635 catalog_manager.cc:3490] TS 2f1f69d5d2dc4d7f8a6ffc7bcfb07c90 (127.0.61.3:45451): tablet e5cce06208f44e4fa384db94c0b624ae (table NewTableName [id=074536fca6144499906b7c13e035c370]) successfully deleted
I0916 07:55:46.690307 2065 ts_tablet_manager.cc:1453] T e5cce06208f44e4fa384db94c0b624ae P bce8dbcd72a840bb8256dee0715b175f: tablet deleted with delete type TABLET_DATA_DELETED: last-logged OpId 4.6
I0916 07:55:46.690629 2065 log.cc:990] T e5cce06208f44e4fa384db94c0b624ae P bce8dbcd72a840bb8256dee0715b175f: Deleting WAL directory at /tmp/dist-test-taska4lOjz/test-tmp/ts_tablet_manager-itest.0.TsTabletManagerITest.TestTableStats.1568620531643032-244/minicluster-data/ts-1-root/wals/e5cce06208f44e4fa384db94c0b624ae
I0916 07:55:46.691258 2065 ts_tablet_manager.cc:1474] T e5cce06208f44e4fa384db94c0b624ae P bce8dbcd72a840bb8256dee0715b175f: Deleting consensus metadata
I0916 07:55:46.693639 1632 catalog_manager.cc:3490] TS bce8dbcd72a840bb8256dee0715b175f (127.0.61.2:39401): tablet e5cce06208f44e4fa384db94c0b624ae (table NewTableName [id=074536fca6144499906b7c13e035c370]) successfully deleted
I0916 07:55:46.794905 244 tablet_server.cc:159] TabletServer@127.0.61.1:40619 shutting down...
I0916 07:55:46.816745 244 ts_tablet_manager.cc:1159] Shutting down tablet manager...
I0916 07:55:46.826757 244 tablet_server.cc:173] TabletServer@127.0.61.1:40619 shutdown complete.
I0916 07:55:46.834888 244 tablet_server.cc:159] TabletServer@127.0.61.2:39401 shutting down...
I0916 07:55:46.850920 244 ts_tablet_manager.cc:1159] Shutting down tablet manager...
I0916 07:55:46.867686 244 tablet_server.cc:173] TabletServer@127.0.61.2:39401 shutdown complete.
I0916 07:55:46.877229 244 tablet_server.cc:159] TabletServer@127.0.61.3:45451 shutting down...
I0916 07:55:46.893828 244 ts_tablet_manager.cc:1159] Shutting down tablet manager...
I0916 07:55:46.912185 244 tablet_server.cc:173] TabletServer@127.0.61.3:45451 shutdown complete.
I0916 07:55:46.921519 244 master.cc:247] Master@127.0.61.62:33603 shutting down...
I0916 07:55:46.939011 244 raft_consensus.cc:2147] T 00000000000000000000000000000000 P fd1e33dc408e40c7a8bae2850d5a6b6f [term 4 FOLLOWER]: Raft consensus shutting down.
I0916 07:55:46.939390 244 raft_consensus.cc:2174] T 00000000000000000000000000000000 P fd1e33dc408e40c7a8bae2850d5a6b6f [term 4 FOLLOWER]: Raft consensus is shut down!
I0916 07:55:46.939611 244 tablet_replica.cc:273] T 00000000000000000000000000000000 P fd1e33dc408e40c7a8bae2850d5a6b6f: stopping tablet replica
W0916 07:55:46.958331 244 rolling_log.cc:179] Unable to compress old log file: Not found: Unable to open input file to compress: /tmp/dist-test-taska4lOjz/test-tmp/ts_tablet_manager-itest.0.TsTabletManagerITest.TestTableStats.1568620531643032-244/ts_tablet_manager-itest.dist-test-slave-dist-test-slave-p3b0.slave.diagnostics.20190916-075539.0.244: No such file or directory (error 2)
I0916 07:55:46.959439 244 master.cc:258] Master@127.0.61.62:33603 shutdown complete.
I0916 07:55:46.968344 244 master.cc:247] Master@127.0.61.61:37305 shutting down...
I0916 07:55:46.982669 244 raft_consensus.cc:2147] T 00000000000000000000000000000000 P 5fe1f662b7a54c0f823ca2d656131416 [term 4 FOLLOWER]: Raft consensus shutting down.
I0916 07:55:46.983057 244 raft_consensus.cc:2174] T 00000000000000000000000000000000 P 5fe1f662b7a54c0f823ca2d656131416 [term 4 FOLLOWER]: Raft consensus is shut down!
I0916 07:55:46.983275 244 tablet_replica.cc:273] T 00000000000000000000000000000000 P 5fe1f662b7a54c0f823ca2d656131416: stopping tablet replica
W0916 07:55:46.986850 1635 consensus_peers.cc:458] T 00000000000000000000000000000000 P d933e518c06d4c7d8b4f743167c2c643 -> Peer fd1e33dc408e40c7a8bae2850d5a6b6f (127.0.61.62:33603): Couldn't send request to peer fd1e33dc408e40c7a8bae2850d5a6b6f. Status: Network error: Client connection negotiation failed: client connection to 127.0.61.62:33603: connect: Connection refused (error 111). This is attempt 1: this message will repeat every 5th retry.
I0916 07:55:46.993965 244 master.cc:258] Master@127.0.61.61:37305 shutdown complete.
I0916 07:55:47.001596 244 master.cc:247] Master@127.0.61.60:37785 shutting down...
W0916 07:55:47.002647 1634 consensus_peers.cc:458] T 00000000000000000000000000000000 P d933e518c06d4c7d8b4f743167c2c643 -> Peer 5fe1f662b7a54c0f823ca2d656131416 (127.0.61.61:37305): Couldn't send request to peer 5fe1f662b7a54c0f823ca2d656131416. Status: Network error: Client connection negotiation failed: client connection to 127.0.61.61:37305: connect: Connection refused (error 111). This is attempt 1: this message will repeat every 5th retry.
I0916 07:55:47.018096 244 raft_consensus.cc:2147] T 00000000000000000000000000000000 P d933e518c06d4c7d8b4f743167c2c643 [term 4 LEADER]: Raft consensus shutting down.
I0916 07:55:47.018766 244 raft_consensus.cc:2174] T 00000000000000000000000000000000 P d933e518c06d4c7d8b4f743167c2c643 [term 4 FOLLOWER]: Raft consensus is shut down!
I0916 07:55:47.018993 244 tablet_replica.cc:273] T 00000000000000000000000000000000 P d933e518c06d4c7d8b4f743167c2c643: stopping tablet replica
I0916 07:55:47.038612 244 master.cc:258] Master@127.0.61.60:37785 shutdown complete. [ OK ] TsTabletManagerITest.TestTableStats (7717 ms) [----------] 4 tests from TsTabletManagerITest (15323 ms total) [----------] 2 tests from FailedTabletsAreReplacedITest [ RUN ] FailedTabletsAreReplacedITest.OneReplica/0
I0916 07:55:47.059957 244 internal_mini_cluster.cc:146] Creating distributed mini masters. Addrs: 127.0.61.62:34307
I0916 07:55:47.071270 244 system_ntp.cc:193] NTP initialized. Skew: 500ppm Current error: 49516us
I0916 07:55:47.071586 244 fs_manager.cc:263] Metadata directory not provided
I0916 07:55:47.071702 244 fs_manager.cc:269] Using write-ahead log directory (fs_wal_dir) as metadata directory
I0916 07:55:47.071861 244 server_base.cc:452] Could not load existing FS layout: Not found: could not find a healthy instance file
I0916 07:55:47.071959 244 server_base.cc:453] Attempting to create new FS layout instead
I0916 07:55:47.072860 244 fs_manager.cc:602] Generated new instance metadata in path /tmp/dist-test-taska4lOjz/test-tmp/ts_tablet_manager-itest.0.FailedTabletsAreReplacedITest.OneReplica_0.1568620531643032-244/minicluster-data/master-0-root/instance: uuid: "9bd8119743184be0a7f051deead359d1" format_stamp: "Formatted at 2019-09-16 07:55:47 on dist-test-slave-dist-test-slave-p3b0"
I0916 07:55:47.080276 244 fs_manager.cc:503] Time spent creating directory manager: real 0.007s user 0.002s sys 0.005s
I0916 07:55:47.081593 244 file_cache.cc:465] Constructed file cache lbm with capacity 419430
I0916 07:55:47.087581 244 fs_manager.cc:419] Time spent opening block manager: real 0.001s user 0.001s sys 0.000s
I0916 07:55:47.087764 244 fs_manager.cc:436] Opened local filesystem: /tmp/dist-test-taska4lOjz/test-tmp/ts_tablet_manager-itest.0.FailedTabletsAreReplacedITest.OneReplica_0.1568620531643032-244/minicluster-data/master-0-root uuid: "9bd8119743184be0a7f051deead359d1" format_stamp: "Formatted at 2019-09-16 07:55:47 on dist-test-slave-dist-test-slave-p3b0"
I0916 07:55:47.087985 244 fs_report.cc:352] FS layout report -------------------- wal directory: /tmp/dist-test-taska4lOjz/test-tmp/ts_tablet_manager-itest.0.FailedTabletsAreReplacedITest.OneReplica_0.1568620531643032-244/minicluster-data/master-0-root metadata directory: /tmp/dist-test-taska4lOjz/test-tmp/ts_tablet_manager-itest.0.FailedTabletsAreReplacedITest.OneReplica_0.1568620531643032-244/minicluster-data/master-0-root 1 data directories: /tmp/dist-test-taska4lOjz/test-tmp/ts_tablet_manager-itest.0.FailedTabletsAreReplacedITest.OneReplica_0.1568620531643032-244/minicluster-data/master-0-root/data Total live blocks: 0 Total live bytes: 0 Total live bytes (after alignment): 0 Total number of LBM containers: 0 (0 full) Did not check for missing blocks Did not check for orphaned blocks Total full LBM containers with extra space: 0 (0 repaired) Total full LBM container extra space in bytes: 0 (0 repaired) Total incomplete LBM containers: 0 (0 repaired) Total LBM partial records: 0 (0 repaired)
I0916 07:55:47.155539 244 rpc_server.cc:205] RPC server started. Bound to: 127.0.61.62:34307
I0916 07:55:47.157299 244 webserver.cc:374] Webserver started at http://127.0.61.62:46539/ using document root and password file
I0916 07:55:47.158991 2124 data_dirs.cc:939] Could only allocate 1 dirs of requested 3 for tablet 00000000000000000000000000000000. 1 dirs total, 0 dirs full, 0 dirs failed
I0916 07:55:47.166405 2124 tablet_bootstrap.cc:439] T 00000000000000000000000000000000 P 9bd8119743184be0a7f051deead359d1: Bootstrap starting.
I0916 07:55:47.168833 2124 tablet_bootstrap.cc:590] T 00000000000000000000000000000000 P 9bd8119743184be0a7f051deead359d1: No blocks or log segments found. Creating new log.
I0916 07:55:47.171574 2124 tablet_bootstrap.cc:439] T 00000000000000000000000000000000 P 9bd8119743184be0a7f051deead359d1: No bootstrap required, opened a new log
I0916 07:55:47.173260 2124 raft_consensus.cc:340] T 00000000000000000000000000000000 P 9bd8119743184be0a7f051deead359d1 [term 0 FOLLOWER]: Replica starting. Triggering 0 pending transactions. Active config: opid_index: -1 OBSOLETE_local: true peers { permanent_uuid: "9bd8119743184be0a7f051deead359d1" member_type: VOTER }
I0916 07:55:47.173596 2124 raft_consensus.cc:366] T 00000000000000000000000000000000 P 9bd8119743184be0a7f051deead359d1 [term 0 FOLLOWER]: Consensus starting up: Expiring failure detector timer to make a prompt election more likely
I0916 07:55:47.173785 2124 raft_consensus.cc:705] T 00000000000000000000000000000000 P 9bd8119743184be0a7f051deead359d1 [term 0 FOLLOWER]: Becoming Follower/Learner. State: Replica: 9bd8119743184be0a7f051deead359d1, State: Initialized, Role: FOLLOWER
I0916 07:55:47.174286 2124 consensus_queue.cc:229] T 00000000000000000000000000000000 P 9bd8119743184be0a7f051deead359d1 [NON_LEADER]: Queue going to NON_LEADER mode. State: All replicated index: 0, Majority replicated index: 0, Committed index: 0, Last appended: 0.0, Last appended by leader: 0, Current term: 0, Majority size: -1, State: 0, Mode: NON_LEADER, active raft config: opid_index: -1 OBSOLETE_local: true peers { permanent_uuid: "9bd8119743184be0a7f051deead359d1" member_type: VOTER }
I0916 07:55:47.174685 2124 raft_consensus.cc:380] T 00000000000000000000000000000000 P 9bd8119743184be0a7f051deead359d1 [term 0 FOLLOWER]: Only one voter in the Raft config. Triggering election immediately
I0916 07:55:47.174846 2124 raft_consensus.cc:472] T 00000000000000000000000000000000 P 9bd8119743184be0a7f051deead359d1 [term 0 FOLLOWER]: Starting leader election (initial election of a single-replica configuration)
I0916 07:55:47.175041 2124 raft_consensus.cc:2890] T 00000000000000000000000000000000 P 9bd8119743184be0a7f051deead359d1 [term 0 FOLLOWER]: Advancing to term 1
I0916 07:55:47.178911 2124 raft_consensus.cc:494] T 00000000000000000000000000000000 P 9bd8119743184be0a7f051deead359d1 [term 1 FOLLOWER]: Starting leader election with config: opid_index: -1 OBSOLETE_local: true peers { permanent_uuid: "9bd8119743184be0a7f051deead359d1" member_type: VOTER }
I0916 07:55:47.179355 2124 leader_election.cc:310] T 00000000000000000000000000000000 P 9bd8119743184be0a7f051deead359d1 [CANDIDATE]: Term 1 election: Election decided. Result: candidate won. Election summary: received 1 responses out of 1 voters: 1 yes votes; 0 no votes. yes voters: 9bd8119743184be0a7f051deead359d1; no voters:
I0916 07:55:47.181286 2126 raft_consensus.cc:2644] T 00000000000000000000000000000000 P 9bd8119743184be0a7f051deead359d1 [term 1 FOLLOWER]: Leader election won for term 1
I0916 07:55:47.182058 2124 leader_election.cc:296] T 00000000000000000000000000000000 P 9bd8119743184be0a7f051deead359d1 [CANDIDATE]: Term 1 election: Requested vote from peers
I0916 07:55:47.183645 2126 raft_consensus.cc:667] T 00000000000000000000000000000000 P 9bd8119743184be0a7f051deead359d1 [term 1 LEADER]: Becoming Leader. State: Replica: 9bd8119743184be0a7f051deead359d1, State: Running, Role: LEADER
I0916 07:55:47.184206 2126 consensus_queue.cc:206] T 00000000000000000000000000000000 P 9bd8119743184be0a7f051deead359d1 [LEADER]: Queue going to LEADER mode. State: All replicated index: 0, Majority replicated index: 0, Committed index: 0, Last appended: 0.0, Last appended by leader: 0, Current term: 1, Majority size: 1, State: 0, Mode: LEADER, active raft config: opid_index: -1 OBSOLETE_local: true peers { permanent_uuid: "9bd8119743184be0a7f051deead359d1" member_type: VOTER }
I0916 07:55:47.186156 2124 sys_catalog.cc:340] T 00000000000000000000000000000000 P 9bd8119743184be0a7f051deead359d1 [sys.catalog]: SysCatalogTable state changed. Reason: Started TabletReplica. Latest consensus state: current_term: 1 leader_uuid: "9bd8119743184be0a7f051deead359d1" committed_config { opid_index: -1 OBSOLETE_local: true peers { permanent_uuid: "9bd8119743184be0a7f051deead359d1" member_type: VOTER } }
I0916 07:55:47.186462 2128 sys_catalog.cc:340] T 00000000000000000000000000000000 P 9bd8119743184be0a7f051deead359d1 [sys.catalog]: SysCatalogTable state changed. Reason: New leader 9bd8119743184be0a7f051deead359d1. Latest consensus state: current_term: 1 leader_uuid: "9bd8119743184be0a7f051deead359d1" committed_config { opid_index: -1 OBSOLETE_local: true peers { permanent_uuid: "9bd8119743184be0a7f051deead359d1" member_type: VOTER } }
I0916 07:55:47.186712 2124 sys_catalog.cc:343] T 00000000000000000000000000000000 P 9bd8119743184be0a7f051deead359d1 [sys.catalog]: This master's current role is: LEADER
I0916 07:55:47.187036 2128 sys_catalog.cc:343] T 00000000000000000000000000000000 P 9bd8119743184be0a7f051deead359d1 [sys.catalog]: This master's current role is: LEADER
I0916 07:55:47.186565 2127 sys_catalog.cc:340] T 00000000000000000000000000000000 P 9bd8119743184be0a7f051deead359d1 [sys.catalog]: SysCatalogTable state changed. Reason: RaftConsensus started. Latest consensus state: current_term: 1 leader_uuid: "9bd8119743184be0a7f051deead359d1" committed_config { opid_index: -1 OBSOLETE_local: true peers { permanent_uuid: "9bd8119743184be0a7f051deead359d1" member_type: VOTER } }
I0916 07:55:47.187348 2127 sys_catalog.cc:343] T 00000000000000000000000000000000 P 9bd8119743184be0a7f051deead359d1 [sys.catalog]: This master's current role is: LEADER
I0916 07:55:47.189698 2124 sys_catalog.cc:428] T 00000000000000000000000000000000 P 9bd8119743184be0a7f051deead359d1 [sys.catalog]: configured and running, proceeding with master startup.
I0916 07:55:47.189877 2130 catalog_manager.cc:1086] Loading table and tablet metadata into memory...
I0916 07:55:47.190666 244 internal_mini_cluster.cc:166] Waiting to initialize catalog manager on master 0
I0916 07:55:47.192420 2130 catalog_manager.cc:1097] Initializing Kudu internal certificate authority...
I0916 07:55:47.216445 2130 catalog_manager.cc:981] Generated new certificate authority record
I0916 07:55:47.218081 2130 catalog_manager.cc:1106] Loading token signing keys...
I0916 07:55:47.232218 2130 catalog_manager.cc:4435] T 00000000000000000000000000000000 P 9bd8119743184be0a7f051deead359d1: Generated new TSK 0
I0916 07:55:47.271939 244 system_ntp.cc:193] NTP initialized. Skew: 500ppm Current error: 49516us
I0916 07:55:47.272389 244 fs_manager.cc:263] Metadata directory not provided
I0916 07:55:47.272632 244 fs_manager.cc:269] Using write-ahead log directory (fs_wal_dir) as metadata directory
I0916 07:55:47.272905 244 server_base.cc:452] Could not load existing FS layout: Not found: could not find a healthy instance file
I0916 07:55:47.273046 244 server_base.cc:453] Attempting to create new FS layout instead
I0916 07:55:47.274262 244 fs_manager.cc:602] Generated new instance metadata in path /tmp/dist-test-taska4lOjz/test-tmp/ts_tablet_manager-itest.0.FailedTabletsAreReplacedITest.OneReplica_0.1568620531643032-244/minicluster-data/ts-0-root/instance: uuid: "12336a106614452ab8811f1ca5651a7f" format_stamp: "Formatted at 2019-09-16 07:55:47 on dist-test-slave-dist-test-slave-p3b0"
I0916 07:55:47.282322 244 fs_manager.cc:503] Time spent creating directory manager: real 0.008s user 0.009s sys 0.000s
I0916 07:55:47.283646 244 file_cache.cc:465] Constructed file cache lbm with capacity 419430
I0916 07:55:47.289934 244 fs_manager.cc:419] Time spent opening block manager: real 0.002s user 0.001s sys 0.000s
I0916 07:55:47.290098 244 fs_manager.cc:436] Opened local filesystem: /tmp/dist-test-taska4lOjz/test-tmp/ts_tablet_manager-itest.0.FailedTabletsAreReplacedITest.OneReplica_0.1568620531643032-244/minicluster-data/ts-0-root uuid: "12336a106614452ab8811f1ca5651a7f" format_stamp: "Formatted at 2019-09-16 07:55:47 on dist-test-slave-dist-test-slave-p3b0"
I0916 07:55:47.290307 244 fs_report.cc:352] FS layout report -------------------- wal directory: /tmp/dist-test-taska4lOjz/test-tmp/ts_tablet_manager-itest.0.FailedTabletsAreReplacedITest.OneReplica_0.1568620531643032-244/minicluster-data/ts-0-root metadata directory: /tmp/dist-test-taska4lOjz/test-tmp/ts_tablet_manager-itest.0.FailedTabletsAreReplacedITest.OneReplica_0.1568620531643032-244/minicluster-data/ts-0-root 1 data directories: /tmp/dist-test-taska4lOjz/test-tmp/ts_tablet_manager-itest.0.FailedTabletsAreReplacedITest.OneReplica_0.1568620531643032-244/minicluster-data/ts-0-root/data Total live blocks: 0 Total live bytes: 0 Total live bytes (after alignment): 0 Total number of LBM containers: 0 (0 full) Did not check for missing blocks Did not check for orphaned blocks Total full LBM containers with extra space: 0 (0 repaired) Total full LBM container extra space in bytes: 0 (0 repaired) Total incomplete LBM containers: 0 (0 repaired) Total LBM partial records: 0 (0 repaired)
I0916 07:55:47.321538 244 ts_tablet_manager.cc:383] Loaded tablet metadata (0 total tablets, 0 live tablets)
I0916 07:55:47.321703 244 ts_tablet_manager.cc:403] Registered 0 tablets
I0916 07:55:47.364964 244 rpc_server.cc:205] RPC server started. Bound to: 127.0.61.1:35423
I0916 07:55:47.366643 244 webserver.cc:374] Webserver started at http://127.0.61.1:43647/ using document root and password file
I0916 07:55:47.381948 2198 heartbeater.cc:322] Connected to a master server at 127.0.61.62:34307
I0916 07:55:47.382293 2198 heartbeater.cc:406] Registering TS with master...
I0916 07:55:47.382782 2198 heartbeater.cc:455] Master 127.0.61.62:34307 requested a full tablet report, sending...
I0916 07:55:47.384613 2091 ts_manager.cc:161] Registered new tserver with Master: 12336a106614452ab8811f1ca5651a7f (127.0.61.1:35423)
I0916 07:55:47.385125 244 system_ntp.cc:193] NTP initialized. Skew: 500ppm Current error: 49516us
I0916 07:55:47.385460 244 fs_manager.cc:263] Metadata directory not provided
I0916 07:55:47.385617 244 fs_manager.cc:269] Using write-ahead log directory (fs_wal_dir) as metadata directory
I0916 07:55:47.385805 244 server_base.cc:452] Could not load existing FS layout: Not found: could not find a healthy instance file
I0916 07:55:47.385906 244 server_base.cc:453] Attempting to create new FS layout instead
I0916 07:55:47.386389 2091 master_service.cc:276] Signed X509 certificate for tserver {username='slave'} at 127.0.0.1:56550
I0916 07:55:47.386823 244 fs_manager.cc:602] Generated new instance metadata in path /tmp/dist-test-taska4lOjz/test-tmp/ts_tablet_manager-itest.0.FailedTabletsAreReplacedITest.OneReplica_0.1568620531643032-244/minicluster-data/ts-1-root/instance: uuid: "7c2cba5d630949b894e60e1bb10b8148" format_stamp: "Formatted at 2019-09-16 07:55:47 on dist-test-slave-dist-test-slave-p3b0"
I0916 07:55:47.395172 244 fs_manager.cc:503] Time spent creating directory manager: real 0.008s user 0.005s sys 0.005s
I0916 07:55:47.396610 244 file_cache.cc:465] Constructed file cache lbm with capacity 419430
I0916 07:55:47.403184 244 fs_manager.cc:419] Time spent opening block manager: real 0.001s user 0.001s sys 0.000s
I0916 07:55:47.403362 244 fs_manager.cc:436] Opened local filesystem: /tmp/dist-test-taska4lOjz/test-tmp/ts_tablet_manager-itest.0.FailedTabletsAreReplacedITest.OneReplica_0.1568620531643032-244/minicluster-data/ts-1-root uuid: "7c2cba5d630949b894e60e1bb10b8148" format_stamp: "Formatted at 2019-09-16 07:55:47 on dist-test-slave-dist-test-slave-p3b0"
I0916 07:55:47.403569 244 fs_report.cc:352] FS layout report -------------------- wal directory: /tmp/dist-test-taska4lOjz/test-tmp/ts_tablet_manager-itest.0.FailedTabletsAreReplacedITest.OneReplica_0.1568620531643032-244/minicluster-data/ts-1-root metadata directory: /tmp/dist-test-taska4lOjz/test-tmp/ts_tablet_manager-itest.0.FailedTabletsAreReplacedITest.OneReplica_0.1568620531643032-244/minicluster-data/ts-1-root 1 data directories: /tmp/dist-test-taska4lOjz/test-tmp/ts_tablet_manager-itest.0.FailedTabletsAreReplacedITest.OneReplica_0.1568620531643032-244/minicluster-data/ts-1-root/data Total live blocks: 0 Total live bytes: 0 Total live bytes (after alignment): 0 Total number of LBM containers: 0 (0 full) Did not check for missing blocks Did not check for orphaned blocks Total full LBM containers with extra space: 0 (0 repaired) Total full LBM container extra space in bytes: 0 (0 repaired) Total incomplete LBM containers: 0 (0 repaired) Total LBM partial records: 0 (0 repaired)
I0916 07:55:47.426206 244 ts_tablet_manager.cc:383] Loaded tablet metadata (0 total tablets, 0 live tablets)
I0916 07:55:47.426381 244 ts_tablet_manager.cc:403] Registered 0 tablets
I0916 07:55:47.463095 244 rpc_server.cc:205] RPC server started. Bound to: 127.0.61.2:39907
I0916 07:55:47.464862 244 webserver.cc:374] Webserver started at http://127.0.61.2:46549/ using document root and password file
I0916 07:55:47.478179 2266 heartbeater.cc:322] Connected to a master server at 127.0.61.62:34307
I0916 07:55:47.478476 2266 heartbeater.cc:406] Registering TS with master...
I0916 07:55:47.478881 2266 heartbeater.cc:455] Master 127.0.61.62:34307 requested a full tablet report, sending...
I0916 07:55:47.480442 2091 ts_manager.cc:161] Registered new tserver with Master: 7c2cba5d630949b894e60e1bb10b8148 (127.0.61.2:39907)
I0916 07:55:47.482319 2091 master_service.cc:276] Signed X509 certificate for tserver {username='slave'} at 127.0.0.1:56552
I0916 07:55:47.484093 244 system_ntp.cc:193] NTP initialized. Skew: 500ppm Current error: 49516us
I0916 07:55:47.484450 244 fs_manager.cc:263] Metadata directory not provided
I0916 07:55:47.484642 244 fs_manager.cc:269] Using write-ahead log directory (fs_wal_dir) as metadata directory
I0916 07:55:47.484833 244 server_base.cc:452] Could not load existing FS layout: Not found: could not find a healthy instance file
I0916 07:55:47.484935 244 server_base.cc:453] Attempting to create new FS layout instead
I0916 07:55:47.485846 244 fs_manager.cc:602] Generated new instance metadata in path /tmp/dist-test-taska4lOjz/test-tmp/ts_tablet_manager-itest.0.FailedTabletsAreReplacedITest.OneReplica_0.1568620531643032-244/minicluster-data/ts-2-root/instance: uuid: "dec5051aad8d4ab8927d10e1a4b937b4" format_stamp: "Formatted at 2019-09-16 07:55:47 on dist-test-slave-dist-test-slave-p3b0"
I0916 07:55:47.495069 244 fs_manager.cc:503] Time spent creating directory manager: real 0.009s user 0.002s sys 0.008s
I0916 07:55:47.496515 244 file_cache.cc:465] Constructed file cache lbm with capacity 419430
I0916 07:55:47.503888 244 fs_manager.cc:419] Time spent opening block manager: real 0.001s user 0.001s sys 0.000s
I0916 07:55:47.504091 244 fs_manager.cc:436] Opened local filesystem: /tmp/dist-test-taska4lOjz/test-tmp/ts_tablet_manager-itest.0.FailedTabletsAreReplacedITest.OneReplica_0.1568620531643032-244/minicluster-data/ts-2-root uuid: "dec5051aad8d4ab8927d10e1a4b937b4" format_stamp: "Formatted at 2019-09-16 07:55:47 on dist-test-slave-dist-test-slave-p3b0"
I0916 07:55:47.504328 244 fs_report.cc:352] FS layout report -------------------- wal directory: /tmp/dist-test-taska4lOjz/test-tmp/ts_tablet_manager-itest.0.FailedTabletsAreReplacedITest.OneReplica_0.1568620531643032-244/minicluster-data/ts-2-root metadata directory: /tmp/dist-test-taska4lOjz/test-tmp/ts_tablet_manager-itest.0.FailedTabletsAreReplacedITest.OneReplica_0.1568620531643032-244/minicluster-data/ts-2-root 1 data directories: /tmp/dist-test-taska4lOjz/test-tmp/ts_tablet_manager-itest.0.FailedTabletsAreReplacedITest.OneReplica_0.1568620531643032-244/minicluster-data/ts-2-root/data Total live blocks: 0 Total live bytes: 0 Total live bytes (after alignment): 0 Total number of LBM containers: 0 (0 full) Did not check for missing blocks Did not check for orphaned blocks Total full LBM containers with extra space: 0 (0 repaired) Total full LBM container extra space in bytes: 0 (0 repaired) Total incomplete LBM containers: 0 (0 repaired) Total LBM partial records: 0 (0 repaired)
I0916 07:55:47.528220 244 ts_tablet_manager.cc:383] Loaded tablet metadata (0 total tablets, 0 live tablets)
I0916 07:55:47.528393 244 ts_tablet_manager.cc:403] Registered 0 tablets
I0916 07:55:47.572865 244 rpc_server.cc:205] RPC server started. Bound to: 127.0.61.3:38109
I0916 07:55:47.574903 244 webserver.cc:374] Webserver started at http://127.0.61.3:40611/ using document root and password file
I0916 07:55:47.587168 2333 heartbeater.cc:322] Connected to a master server at 127.0.61.62:34307
I0916 07:55:47.587447 2333 heartbeater.cc:406] Registering TS with master...
I0916 07:55:47.588042 2333 heartbeater.cc:455] Master 127.0.61.62:34307 requested a full tablet report, sending...
I0916 07:55:47.589886 2091 ts_manager.cc:161] Registered new tserver with Master: dec5051aad8d4ab8927d10e1a4b937b4 (127.0.61.3:38109)
I0916 07:55:47.590713 244 internal_mini_cluster.cc:328] 3 TS(s) registered with all masters after 0.01378606s
I0916 07:55:47.591675 2091 master_service.cc:276] Signed X509 certificate for tserver {username='slave'} at 127.0.0.1:56554
I0916 07:55:47.609551 244 test_util.cc:212] Using random seed: -293137488
I0916 07:55:47.628789 2091 catalog_manager.cc:1440] Servicing CreateTable request from {username='slave'} at 127.0.0.1:56558: name: "test-workload" schema { columns { name: "key" type: INT32 is_key: true is_nullable: false encoding: AUTO_ENCODING compression: DEFAULT_COMPRESSION cfile_block_size: 0 } columns { name: "int_val" type: INT32 is_key: false is_nullable: false encoding: AUTO_ENCODING compression: DEFAULT_COMPRESSION cfile_block_size: 0 } columns { name: "string_val" type: STRING is_key: false is_nullable: true encoding: AUTO_ENCODING compression: DEFAULT_COMPRESSION cfile_block_size: 0 } } num_replicas: 3 split_rows_range_bounds { } partition_schema { range_schema { columns { name: "key" } } }
I0916 07:55:47.665634 2165 tablet_service.cc:1022] Processing CreateTablet for tablet 0d6b8fb1ba064b57b8efeaf783085c76 (table=test-workload [id=92a032d2b20c43bd952da7b753881252]), partition=RANGE (key) PARTITION UNBOUNDED
I0916 07:55:47.666539 2165 data_dirs.cc:939] Could only allocate 1 dirs of requested 3 for tablet 0d6b8fb1ba064b57b8efeaf783085c76. 1 dirs total, 0 dirs full, 0 dirs failed
I0916 07:55:47.668659 2300 tablet_service.cc:1022] Processing CreateTablet for tablet 0d6b8fb1ba064b57b8efeaf783085c76 (table=test-workload [id=92a032d2b20c43bd952da7b753881252]), partition=RANGE (key) PARTITION UNBOUNDED
I0916 07:55:47.669186 2233 tablet_service.cc:1022] Processing CreateTablet for tablet 0d6b8fb1ba064b57b8efeaf783085c76 (table=test-workload [id=92a032d2b20c43bd952da7b753881252]), partition=RANGE (key) PARTITION UNBOUNDED
I0916 07:55:47.669646 2300 data_dirs.cc:939] Could only allocate 1 dirs of requested 3 for tablet 0d6b8fb1ba064b57b8efeaf783085c76. 1 dirs total, 0 dirs full, 0 dirs failed
I0916 07:55:47.669914 2233 data_dirs.cc:939] Could only allocate 1 dirs of requested 3 for tablet 0d6b8fb1ba064b57b8efeaf783085c76. 1 dirs total, 0 dirs full, 0 dirs failed
I0916 07:55:47.681401 2353 tablet_bootstrap.cc:439] T 0d6b8fb1ba064b57b8efeaf783085c76 P 12336a106614452ab8811f1ca5651a7f: Bootstrap starting.
I0916 07:55:47.681919 2354 tablet_bootstrap.cc:439] T 0d6b8fb1ba064b57b8efeaf783085c76 P dec5051aad8d4ab8927d10e1a4b937b4: Bootstrap starting.
I0916 07:55:47.683944 2353 tablet_bootstrap.cc:590] T 0d6b8fb1ba064b57b8efeaf783085c76 P 12336a106614452ab8811f1ca5651a7f: No blocks or log segments found. Creating new log.
I0916 07:55:47.685683 2355 tablet_bootstrap.cc:439] T 0d6b8fb1ba064b57b8efeaf783085c76 P 7c2cba5d630949b894e60e1bb10b8148: Bootstrap starting.
I0916 07:55:47.686458 2354 tablet_bootstrap.cc:590] T 0d6b8fb1ba064b57b8efeaf783085c76 P dec5051aad8d4ab8927d10e1a4b937b4: No blocks or log segments found. Creating new log.
I0916 07:55:47.688634 2353 tablet_bootstrap.cc:439] T 0d6b8fb1ba064b57b8efeaf783085c76 P 12336a106614452ab8811f1ca5651a7f: No bootstrap required, opened a new log
I0916 07:55:47.689046 2353 ts_tablet_manager.cc:1085] T 0d6b8fb1ba064b57b8efeaf783085c76 P 12336a106614452ab8811f1ca5651a7f: Time spent bootstrapping tablet: real 0.008s user 0.005s sys 0.000s
I0916 07:55:47.689939 2355 tablet_bootstrap.cc:590] T 0d6b8fb1ba064b57b8efeaf783085c76 P 7c2cba5d630949b894e60e1bb10b8148: No blocks or log segments found. Creating new log.
I0916 07:55:47.690132 2354 tablet_bootstrap.cc:439] T 0d6b8fb1ba064b57b8efeaf783085c76 P dec5051aad8d4ab8927d10e1a4b937b4: No bootstrap required, opened a new log
I0916 07:55:47.690699 2354 ts_tablet_manager.cc:1085] T 0d6b8fb1ba064b57b8efeaf783085c76 P dec5051aad8d4ab8927d10e1a4b937b4: Time spent bootstrapping tablet: real 0.009s user 0.007s sys 0.000s
I0916 07:55:47.690572 2353 raft_consensus.cc:340] T 0d6b8fb1ba064b57b8efeaf783085c76 P 12336a106614452ab8811f1ca5651a7f [term 0 FOLLOWER]: Replica starting. Triggering 0 pending transactions. Active config: opid_index: -1 OBSOLETE_local: false peers { permanent_uuid: "12336a106614452ab8811f1ca5651a7f" member_type: VOTER last_known_addr { host: "127.0.61.1" port: 35423 } } peers { permanent_uuid: "7c2cba5d630949b894e60e1bb10b8148" member_type: VOTER last_known_addr { host: "127.0.61.2" port: 39907 } } peers { permanent_uuid: "dec5051aad8d4ab8927d10e1a4b937b4" member_type: VOTER last_known_addr { host: "127.0.61.3" port: 38109 } }
I0916 07:55:47.691283 2353 raft_consensus.cc:366] T 0d6b8fb1ba064b57b8efeaf783085c76 P 12336a106614452ab8811f1ca5651a7f [term 0 FOLLOWER]: Consensus starting up: Expiring failure detector timer to make a prompt election more likely
I0916 07:55:47.691553 2353 raft_consensus.cc:705] T 0d6b8fb1ba064b57b8efeaf783085c76 P 12336a106614452ab8811f1ca5651a7f [term 0 FOLLOWER]: Becoming Follower/Learner. State: Replica: 12336a106614452ab8811f1ca5651a7f, State: Initialized, Role: FOLLOWER
I0916 07:55:47.692531 2353 consensus_queue.cc:229] T 0d6b8fb1ba064b57b8efeaf783085c76 P 12336a106614452ab8811f1ca5651a7f [NON_LEADER]: Queue going to NON_LEADER mode. State: All replicated index: 0, Majority replicated index: 0, Committed index: 0, Last appended: 0.0, Last appended by leader: 0, Current term: 0, Majority size: -1, State: 0, Mode: NON_LEADER, active raft config: opid_index: -1 OBSOLETE_local: false peers { permanent_uuid: "12336a106614452ab8811f1ca5651a7f" member_type: VOTER last_known_addr { host: "127.0.61.1" port: 35423 } } peers { permanent_uuid: "7c2cba5d630949b894e60e1bb10b8148" member_type: VOTER last_known_addr { host: "127.0.61.2" port: 39907 } } peers { permanent_uuid: "dec5051aad8d4ab8927d10e1a4b937b4" member_type: VOTER last_known_addr { host: "127.0.61.3" port: 38109 } }
I0916 07:55:47.693310 2354 raft_consensus.cc:340] T 0d6b8fb1ba064b57b8efeaf783085c76 P dec5051aad8d4ab8927d10e1a4b937b4 [term 0 FOLLOWER]: Replica starting. Triggering 0 pending transactions. Active config: opid_index: -1 OBSOLETE_local: false peers { permanent_uuid: "12336a106614452ab8811f1ca5651a7f" member_type: VOTER last_known_addr { host: "127.0.61.1" port: 35423 } } peers { permanent_uuid: "7c2cba5d630949b894e60e1bb10b8148" member_type: VOTER last_known_addr { host: "127.0.61.2" port: 39907 } } peers { permanent_uuid: "dec5051aad8d4ab8927d10e1a4b937b4" member_type: VOTER last_known_addr { host: "127.0.61.3" port: 38109 } }
I0916 07:55:47.694011 2354 raft_consensus.cc:366] T 0d6b8fb1ba064b57b8efeaf783085c76 P dec5051aad8d4ab8927d10e1a4b937b4 [term 0 FOLLOWER]: Consensus starting up: Expiring failure detector timer to make a prompt election more likely
I0916 07:55:47.694232 2354 raft_consensus.cc:705] T 0d6b8fb1ba064b57b8efeaf783085c76 P dec5051aad8d4ab8927d10e1a4b937b4 [term 0 FOLLOWER]: Becoming Follower/Learner. State: Replica: dec5051aad8d4ab8927d10e1a4b937b4, State: Initialized, Role: FOLLOWER
I0916 07:55:47.694530 2355 tablet_bootstrap.cc:439] T 0d6b8fb1ba064b57b8efeaf783085c76 P 7c2cba5d630949b894e60e1bb10b8148: No bootstrap required, opened a new log
I0916 07:55:47.694967 2355 ts_tablet_manager.cc:1085] T 0d6b8fb1ba064b57b8efeaf783085c76 P 7c2cba5d630949b894e60e1bb10b8148: Time spent bootstrapping tablet: real 0.010s user 0.000s sys 0.008s
I0916 07:55:47.694869 2354 consensus_queue.cc:229] T 0d6b8fb1ba064b57b8efeaf783085c76 P dec5051aad8d4ab8927d10e1a4b937b4 [NON_LEADER]: Queue going to NON_LEADER mode. State: All replicated index: 0, Majority replicated index: 0, Committed index: 0, Last appended: 0.0, Last appended by leader: 0, Current term: 0, Majority size: -1, State: 0, Mode: NON_LEADER, active raft config: opid_index: -1 OBSOLETE_local: false peers { permanent_uuid: "12336a106614452ab8811f1ca5651a7f" member_type: VOTER last_known_addr { host: "127.0.61.1" port: 35423 } } peers { permanent_uuid: "7c2cba5d630949b894e60e1bb10b8148" member_type: VOTER last_known_addr { host: "127.0.61.2" port: 39907 } } peers { permanent_uuid: "dec5051aad8d4ab8927d10e1a4b937b4" member_type: VOTER last_known_addr { host: "127.0.61.3" port: 38109 } }
I0916 07:55:47.697472 2198 heartbeater.cc:447] Master 127.0.61.62:34307 was elected leader, sending a full tablet report...
I0916 07:55:47.697214 2355 raft_consensus.cc:340] T 0d6b8fb1ba064b57b8efeaf783085c76 P 7c2cba5d630949b894e60e1bb10b8148 [term 0 FOLLOWER]: Replica starting. Triggering 0 pending transactions. Active config: opid_index: -1 OBSOLETE_local: false peers { permanent_uuid: "12336a106614452ab8811f1ca5651a7f" member_type: VOTER last_known_addr { host: "127.0.61.1" port: 35423 } } peers { permanent_uuid: "7c2cba5d630949b894e60e1bb10b8148" member_type: VOTER last_known_addr { host: "127.0.61.2" port: 39907 } } peers { permanent_uuid: "dec5051aad8d4ab8927d10e1a4b937b4" member_type: VOTER last_known_addr { host: "127.0.61.3" port: 38109 } }
I0916 07:55:47.698040 2353 ts_tablet_manager.cc:1113] T 0d6b8fb1ba064b57b8efeaf783085c76 P 12336a106614452ab8811f1ca5651a7f: Time spent starting tablet: real 0.009s user 0.005s sys 0.004s
I0916 07:55:47.698182 2355 raft_consensus.cc:366] T 0d6b8fb1ba064b57b8efeaf783085c76 P 7c2cba5d630949b894e60e1bb10b8148 [term 0 FOLLOWER]: Consensus starting up: Expiring failure detector timer to make a prompt election more likely
I0916 07:55:47.698613 2355 raft_consensus.cc:705] T 0d6b8fb1ba064b57b8efeaf783085c76 P 7c2cba5d630949b894e60e1bb10b8148 [term 0 FOLLOWER]: Becoming Follower/Learner. State: Replica: 7c2cba5d630949b894e60e1bb10b8148, State: Initialized, Role: FOLLOWER
I0916 07:55:47.699354 2333 heartbeater.cc:447] Master 127.0.61.62:34307 was elected leader, sending a full tablet report...
I0916 07:55:47.699349 2355 consensus_queue.cc:229] T 0d6b8fb1ba064b57b8efeaf783085c76 P 7c2cba5d630949b894e60e1bb10b8148 [NON_LEADER]: Queue going to NON_LEADER mode. State: All replicated index: 0, Majority replicated index: 0, Committed index: 0, Last appended: 0.0, Last appended by leader: 0, Current term: 0, Majority size: -1, State: 0, Mode: NON_LEADER, active raft config: opid_index: -1 OBSOLETE_local: false peers { permanent_uuid: "12336a106614452ab8811f1ca5651a7f" member_type: VOTER last_known_addr { host: "127.0.61.1" port: 35423 } } peers { permanent_uuid: "7c2cba5d630949b894e60e1bb10b8148" member_type: VOTER last_known_addr { host: "127.0.61.2" port: 39907 } } peers { permanent_uuid: "dec5051aad8d4ab8927d10e1a4b937b4" member_type: VOTER last_known_addr { host: "127.0.61.3" port: 38109 } }
I0916 07:55:47.701122 2354 ts_tablet_manager.cc:1113] T 0d6b8fb1ba064b57b8efeaf783085c76 P dec5051aad8d4ab8927d10e1a4b937b4: Time spent starting tablet: real 0.010s user 0.009s sys 0.000s
I0916 07:55:47.707705 2266 heartbeater.cc:447] Master 127.0.61.62:34307 was elected leader, sending a full tablet report...
I0916 07:55:47.707872 2355 ts_tablet_manager.cc:1113] T 0d6b8fb1ba064b57b8efeaf783085c76 P 7c2cba5d630949b894e60e1bb10b8148: Time spent starting tablet: real 0.013s user 0.011s sys 0.000s
I0916 07:55:47.786119 2361 raft_consensus.cc:472] T 0d6b8fb1ba064b57b8efeaf783085c76 P 7c2cba5d630949b894e60e1bb10b8148 [term 0 FOLLOWER]: Starting pre-election (no leader contacted us within the election timeout)
I0916 07:55:47.786592 2361 raft_consensus.cc:494] T 0d6b8fb1ba064b57b8efeaf783085c76 P 7c2cba5d630949b894e60e1bb10b8148 [term 0 FOLLOWER]: Starting pre-election with config: opid_index: -1 OBSOLETE_local: false peers { permanent_uuid: "12336a106614452ab8811f1ca5651a7f" member_type: VOTER last_known_addr { host: "127.0.61.1" port: 35423 } } peers { permanent_uuid: "7c2cba5d630949b894e60e1bb10b8148" member_type: VOTER last_known_addr { host: "127.0.61.2" port: 39907 } } peers { permanent_uuid: "dec5051aad8d4ab8927d10e1a4b937b4" member_type: VOTER last_known_addr { host: "127.0.61.3" port: 38109 } }
I0916 07:55:47.787981 2361 leader_election.cc:296] T 0d6b8fb1ba064b57b8efeaf783085c76 P 7c2cba5d630949b894e60e1bb10b8148 [CANDIDATE]: Term 1 pre-election: Requested pre-vote from peers 12336a106614452ab8811f1ca5651a7f (127.0.61.1:35423), dec5051aad8d4ab8927d10e1a4b937b4 (127.0.61.3:38109)
I0916 07:55:47.798801 2175 tablet_service.cc:1295] Received RequestConsensusVote() RPC: tablet_id: "0d6b8fb1ba064b57b8efeaf783085c76" candidate_uuid: "7c2cba5d630949b894e60e1bb10b8148" candidate_term: 1 candidate_status { last_received { term: 0 index: 0 } } ignore_live_leader: false dest_uuid: "12336a106614452ab8811f1ca5651a7f" is_pre_election: true
I0916 07:55:47.799347 2175 raft_consensus.cc:2350] T 0d6b8fb1ba064b57b8efeaf783085c76 P 12336a106614452ab8811f1ca5651a7f [term 0 FOLLOWER]: Leader pre-election vote request: Granting yes vote for candidate 7c2cba5d630949b894e60e1bb10b8148 in term 0.
I0916 07:55:47.800248 2207 leader_election.cc:310] T 0d6b8fb1ba064b57b8efeaf783085c76 P 7c2cba5d630949b894e60e1bb10b8148 [CANDIDATE]: Term 1 pre-election: Election decided. Result: candidate won. Election summary: received 2 responses out of 3 voters: 2 yes votes; 0 no votes. yes voters: 12336a106614452ab8811f1ca5651a7f, 7c2cba5d630949b894e60e1bb10b8148; no voters:
I0916 07:55:47.800391 2310 tablet_service.cc:1295] Received RequestConsensusVote() RPC: tablet_id: "0d6b8fb1ba064b57b8efeaf783085c76" candidate_uuid: "7c2cba5d630949b894e60e1bb10b8148" candidate_term: 1 candidate_status { last_received { term: 0 index: 0 } } ignore_live_leader: false dest_uuid: "dec5051aad8d4ab8927d10e1a4b937b4" is_pre_election: true
I0916 07:55:47.801060 2310 raft_consensus.cc:2350] T 0d6b8fb1ba064b57b8efeaf783085c76 P dec5051aad8d4ab8927d10e1a4b937b4 [term 0 FOLLOWER]: Leader pre-election vote request: Granting yes vote for candidate 7c2cba5d630949b894e60e1bb10b8148 in term 0.
I0916 07:55:47.801065 2361 raft_consensus.cc:2644] T 0d6b8fb1ba064b57b8efeaf783085c76 P 7c2cba5d630949b894e60e1bb10b8148 [term 0 FOLLOWER]: Leader pre-election won for term 1
I0916 07:55:47.801467 2361 raft_consensus.cc:472] T 0d6b8fb1ba064b57b8efeaf783085c76 P 7c2cba5d630949b894e60e1bb10b8148 [term 0 FOLLOWER]: Starting leader election (no leader contacted us within the election timeout)
I0916 07:55:47.801676 2361 raft_consensus.cc:2890] T 0d6b8fb1ba064b57b8efeaf783085c76 P 7c2cba5d630949b894e60e1bb10b8148 [term 0 FOLLOWER]: Advancing to term 1
I0916 07:55:47.806347 2361 raft_consensus.cc:494] T 0d6b8fb1ba064b57b8efeaf783085c76 P 7c2cba5d630949b894e60e1bb10b8148 [term 1 FOLLOWER]: Starting leader election with config: opid_index: -1 OBSOLETE_local: false peers { permanent_uuid: "12336a106614452ab8811f1ca5651a7f" member_type: VOTER last_known_addr { host: "127.0.61.1" port: 35423 } } peers { permanent_uuid: "7c2cba5d630949b894e60e1bb10b8148" member_type: VOTER last_known_addr { host: "127.0.61.2" port: 39907 } } peers { permanent_uuid: "dec5051aad8d4ab8927d10e1a4b937b4" member_type: VOTER last_known_addr { host: "127.0.61.3" port: 38109 } }
I0916 07:55:47.807442 2361 leader_election.cc:296] T 0d6b8fb1ba064b57b8efeaf783085c76 P 7c2cba5d630949b894e60e1bb10b8148 [CANDIDATE]: Term 1 election: Requested vote from peers 12336a106614452ab8811f1ca5651a7f (127.0.61.1:35423), dec5051aad8d4ab8927d10e1a4b937b4 (127.0.61.3:38109)
I0916 07:55:47.808341 2310 tablet_service.cc:1295] Received RequestConsensusVote() RPC: tablet_id: "0d6b8fb1ba064b57b8efeaf783085c76" candidate_uuid: "7c2cba5d630949b894e60e1bb10b8148" candidate_term: 1 candidate_status { last_received { term: 0 index: 0 } } ignore_live_leader: false dest_uuid: "dec5051aad8d4ab8927d10e1a4b937b4"
I0916 07:55:47.808275 2175 tablet_service.cc:1295] Received RequestConsensusVote() RPC: tablet_id: "0d6b8fb1ba064b57b8efeaf783085c76" candidate_uuid: "7c2cba5d630949b894e60e1bb10b8148" candidate_term: 1 candidate_status { last_received { term: 0 index: 0 } } ignore_live_leader: false dest_uuid: "12336a106614452ab8811f1ca5651a7f"
I0916 07:55:47.809010 2310 raft_consensus.cc:2890] T 0d6b8fb1ba064b57b8efeaf783085c76 P dec5051aad8d4ab8927d10e1a4b937b4 [term 0 FOLLOWER]: Advancing to term 1
I0916 07:55:47.809103 2175 raft_consensus.cc:2890] T 0d6b8fb1ba064b57b8efeaf783085c76 P 12336a106614452ab8811f1ca5651a7f [term 0 FOLLOWER]: Advancing to term 1
I0916 07:55:47.814251 2310 raft_consensus.cc:2350] T 0d6b8fb1ba064b57b8efeaf783085c76 P dec5051aad8d4ab8927d10e1a4b937b4 [term 1 FOLLOWER]: Leader election vote request: Granting yes vote for candidate 7c2cba5d630949b894e60e1bb10b8148 in term 1.
I0916 07:55:47.814249 2175 raft_consensus.cc:2350] T 0d6b8fb1ba064b57b8efeaf783085c76 P 12336a106614452ab8811f1ca5651a7f [term 1 FOLLOWER]: Leader election vote request: Granting yes vote for candidate 7c2cba5d630949b894e60e1bb10b8148 in term 1.
I0916 07:55:47.815438 2204 leader_election.cc:310] T 0d6b8fb1ba064b57b8efeaf783085c76 P 7c2cba5d630949b894e60e1bb10b8148 [CANDIDATE]: Term 1 election: Election decided. Result: candidate won. Election summary: received 2 responses out of 3 voters: 2 yes votes; 0 no votes. yes voters: 7c2cba5d630949b894e60e1bb10b8148, dec5051aad8d4ab8927d10e1a4b937b4; no voters:
I0916 07:55:47.816107 2361 raft_consensus.cc:2644] T 0d6b8fb1ba064b57b8efeaf783085c76 P 7c2cba5d630949b894e60e1bb10b8148 [term 1 FOLLOWER]: Leader election won for term 1
I0916 07:55:47.817227 2361 raft_consensus.cc:667] T 0d6b8fb1ba064b57b8efeaf783085c76 P 7c2cba5d630949b894e60e1bb10b8148 [term 1 LEADER]: Becoming Leader. State: Replica: 7c2cba5d630949b894e60e1bb10b8148, State: Running, Role: LEADER
I0916 07:55:47.817710 2361 consensus_queue.cc:206] T 0d6b8fb1ba064b57b8efeaf783085c76 P 7c2cba5d630949b894e60e1bb10b8148 [LEADER]: Queue going to LEADER mode. State: All replicated index: 0, Majority replicated index: 0, Committed index: 0, Last appended: 0.0, Last appended by leader: 0, Current term: 1, Majority size: 2, State: 0, Mode: LEADER, active raft config: opid_index: -1 OBSOLETE_local: false peers { permanent_uuid: "12336a106614452ab8811f1ca5651a7f" member_type: VOTER last_known_addr { host: "127.0.61.1" port: 35423 } } peers { permanent_uuid: "7c2cba5d630949b894e60e1bb10b8148" member_type: VOTER last_known_addr { host: "127.0.61.2" port: 39907 } } peers { permanent_uuid: "dec5051aad8d4ab8927d10e1a4b937b4" member_type: VOTER last_known_addr { host: "127.0.61.3" port: 38109 } }
I0916 07:55:47.823236 2091 catalog_manager.cc:4120] T 0d6b8fb1ba064b57b8efeaf783085c76 P 7c2cba5d630949b894e60e1bb10b8148 reported cstate change: term changed from 0 to 1, leader changed from to 7c2cba5d630949b894e60e1bb10b8148 (127.0.61.2). New cstate: current_term: 1 leader_uuid: "7c2cba5d630949b894e60e1bb10b8148" committed_config { opid_index: -1 OBSOLETE_local: false peers { permanent_uuid: "12336a106614452ab8811f1ca5651a7f" member_type: VOTER last_known_addr { host: "127.0.61.1" port: 35423 } } peers { permanent_uuid: "7c2cba5d630949b894e60e1bb10b8148" member_type: VOTER last_known_addr { host: "127.0.61.2" port: 39907 } } peers { permanent_uuid: "dec5051aad8d4ab8927d10e1a4b937b4" member_type: VOTER last_known_addr { host: "127.0.61.3" port: 38109 } } } Master Summary UUID | Address | Status ----------------------------------+-------------------+--------- 9bd8119743184be0a7f051deead359d1 | 127.0.61.62:34307 | HEALTHY Flag | Value | Tags | Master ------------------------------------------+-------+-----------------------+------------------------- raft_prepare_replacement_before_eviction | false | experimental,advanced | all 1 server(s) checked rpc_server_allow_ephemeral_ports | true | unsafe | all 1 server(s) checked Tablet Server Summary UUID | Address | Status | Location ----------------------------------+------------------+---------+---------- 12336a106614452ab8811f1ca5651a7f | 127.0.61.1:35423 | HEALTHY | 7c2cba5d630949b894e60e1bb10b8148 | 127.0.61.2:39907 | HEALTHY | dec5051aad8d4ab8927d10e1a4b937b4 | 127.0.61.3:38109 | HEALTHY | Tablet Server Location Summary Location | Count ----------+--------- | 3 Flag | Value | Tags | Tablet Server ------------------------------------------+-------+-----------------------+------------------------- raft_prepare_replacement_before_eviction | false | experimental,advanced | all 3 server(s) checked rpc_server_allow_ephemeral_ports | true | unsafe | all 3 server(s) checked Version Summary Version | Servers -----------------+------------------------- 1.11.0-SNAPSHOT | all 4 server(s) checked Tablet Summary Tablet 0d6b8fb1ba064b57b8efeaf783085c76 of table 'test-workload' is conflicted: 4 replicas' active configs disagree with the leader master's 12336a106614452ab8811f1ca5651a7f (127.0.61.1:35423): RUNNING 7c2cba5d630949b894e60e1bb10b8148 (127.0.61.2:39907): RUNNING [LEADER] dec5051aad8d4ab8927d10e1a4b937b4 (127.0.61.3:38109): RUNNING All reported replicas are: A = 12336a106614452ab8811f1ca5651a7f B = 7c2cba5d630949b894e60e1bb10b8148 C = dec5051aad8d4ab8927d10e1a4b937b4 The consensus matrix is: Config source | Replicas | Current term | Config index | Committed? ---------------+--------------+--------------+--------------+------------ master | A B* C | | | Yes A | A B C | 1 | -1 | Yes B | A B* C | 1 | -1 | Yes C | A B C | 1 | -1 | Yes Summary by table Name | RF | Status | Total Tablets | Healthy | Recovering | Under-replicated | Unavailable ---------------+----+--------------------+---------------+---------+------------+------------------+------------- test-workload | 3 | CONSENSUS_MISMATCH | 1 | 0 | 0 | 0 | 1 Tablet Replica Count Summary Statistic | Replica Count ----------------+--------------- Minimum | 1 First Quartile | 1 Median | 1 Third Quartile | 1 Maximum | 1 Total Count Summary | Total Count ----------------+------------- Masters | 1 Tablet Servers | 3 Tables | 1 Tablets | 1 Replicas | 3 ================== Warnings: ================== Some masters have unsafe, experimental, or hidden flags set Some tablet servers have unsafe, experimental, or hidden flags set ================== Errors: ================== Corruption: table consistency check error: 1 out of 1 table(s) are not healthy FAILED
I0916 07:55:48.033627 244 cluster_verifier.cc:81] Check not successful yet, sleeping and retrying: Runtime error: ksck discovered errors
I0916 07:55:48.241299 2361 consensus_queue.cc:984] T 0d6b8fb1ba064b57b8efeaf783085c76 P 7c2cba5d630949b894e60e1bb10b8148 [LEADER]: Connected to new peer: Peer: permanent_uuid: "12336a106614452ab8811f1ca5651a7f" member_type: VOTER last_known_addr { host: "127.0.61.1" port: 35423 }, Status: LMP_MISMATCH, Last received: 0.0, Next index: 1, Last known committed idx: 0, Time since last communication: 0.000s
