I0917 09:19:49.372457 15363 consensus_queue.cc:206] T ac74b319ad54416685f8b9d9506e1d61 P c2c8bec4d40141a6b1f470f6142de67a [LEADER]: Queue going to LEADER mode. State: All replicated index: 0, Majority replicated index: 0, Committed index: 0, Last appended: 0.0, Last appended by leader: 0, Current term: 1, Majority size: 2, State: 0, Mode: LEADER, active raft config: opid_index: -1 OBSOLETE_local: false peers { permanent_uuid: "eea10e830a664ea4be74d8cffbe95552" member_type: VOTER last_known_addr { host: "127.13.208.67" port: 42065 } } peers { permanent_uuid: "c2c8bec4d40141a6b1f470f6142de67a" member_type: VOTER last_known_addr { host: "127.13.208.65" port: 39971 } } peers { permanent_uuid: "f42c56d2dc6b4faba5a218e79da90951" member_type: VOTER last_known_addr { host: "127.13.208.66" port: 38793 } }
I0917 09:19:49.373313 14964 catalog_manager.cc:4120] T ac74b319ad54416685f8b9d9506e1d61 P c2c8bec4d40141a6b1f470f6142de67a reported cstate change: term changed from 0 to 1, leader changed from to c2c8bec4d40141a6b1f470f6142de67a (127.13.208.65). New cstate: current_term: 1 leader_uuid: "c2c8bec4d40141a6b1f470f6142de67a" committed_config { opid_index: -1 OBSOLETE_local: false peers { permanent_uuid: "eea10e830a664ea4be74d8cffbe95552" member_type: VOTER last_known_addr { host: "127.13.208.67" port: 42065 } health_report { overall_health: UNKNOWN } } peers { permanent_uuid: "c2c8bec4d40141a6b1f470f6142de67a" member_type: VOTER last_known_addr { host: "127.13.208.65" port: 39971 } health_report { overall_health: HEALTHY } } peers { permanent_uuid: "f42c56d2dc6b4faba5a218e79da90951" member_type: VOTER last_known_addr { host: "127.13.208.66" port: 38793 } health_report { overall_health: UNKNOWN } } }
I0917 09:19:49.381217 15376 raft_consensus.cc:472] T de49f5bae5244941af0020522f04d827 P eea10e830a664ea4be74d8cffbe95552 [term 0 FOLLOWER]: Starting pre-election (no leader contacted us within the election timeout)
I0917 09:19:49.381314 15376 raft_consensus.cc:494] T de49f5bae5244941af0020522f04d827 P eea10e830a664ea4be74d8cffbe95552 [term 0 FOLLOWER]: Starting pre-election with config: opid_index: -1 OBSOLETE_local: false peers { permanent_uuid: "c2c8bec4d40141a6b1f470f6142de67a" member_type: VOTER last_known_addr { host: "127.13.208.65" port: 39971 } } peers { permanent_uuid: "f42c56d2dc6b4faba5a218e79da90951" member_type: VOTER last_known_addr { host: "127.13.208.66" port: 38793 } } peers { permanent_uuid: "eea10e830a664ea4be74d8cffbe95552" member_type: VOTER last_known_addr { host: "127.13.208.67" port: 42065 } }
I0917 09:19:49.381395 15376 leader_election.cc:296] T de49f5bae5244941af0020522f04d827 P eea10e830a664ea4be74d8cffbe95552 [CANDIDATE]: Term 1 pre-election: Requested pre-vote from peers c2c8bec4d40141a6b1f470f6142de67a (127.13.208.65:39971), f42c56d2dc6b4faba5a218e79da90951 (127.13.208.66:38793)
I0917 09:19:49.381701 15167 tablet_service.cc:1295] Received RequestConsensusVote() RPC: tablet_id: "de49f5bae5244941af0020522f04d827" candidate_uuid: "eea10e830a664ea4be74d8cffbe95552" candidate_term: 1 candidate_status { last_received { term: 0 index: 0 } } ignore_live_leader: false dest_uuid: "c2c8bec4d40141a6b1f470f6142de67a" is_pre_election: true
I0917 09:19:49.381743 15167 raft_consensus.cc:2350] T de49f5bae5244941af0020522f04d827 P c2c8bec4d40141a6b1f470f6142de67a [term 0 FOLLOWER]: Leader pre-election vote request: Granting yes vote for candidate eea10e830a664ea4be74d8cffbe95552 in term 0.
I0917 09:19:49.381853 15280 leader_election.cc:310] T de49f5bae5244941af0020522f04d827 P eea10e830a664ea4be74d8cffbe95552 [CANDIDATE]: Term 1 pre-election: Election decided. Result: candidate won. Election summary: received 2 responses out of 3 voters: 2 yes votes; 0 no votes. yes voters: c2c8bec4d40141a6b1f470f6142de67a, eea10e830a664ea4be74d8cffbe95552; no voters:
I0917 09:19:49.381911 15376 raft_consensus.cc:2644] T de49f5bae5244941af0020522f04d827 P eea10e830a664ea4be74d8cffbe95552 [term 0 FOLLOWER]: Leader pre-election won for term 1
I0917 09:19:49.381927 15376 raft_consensus.cc:472] T de49f5bae5244941af0020522f04d827 P eea10e830a664ea4be74d8cffbe95552 [term 0 FOLLOWER]: Starting leader election (no leader contacted us within the election timeout)
I0917 09:19:49.381934 15376 raft_consensus.cc:2890] T de49f5bae5244941af0020522f04d827 P eea10e830a664ea4be74d8cffbe95552 [term 0 FOLLOWER]: Advancing to term 1
I0917 09:19:49.382342 15243 tablet_service.cc:1295] Received RequestConsensusVote() RPC: tablet_id: "de49f5bae5244941af0020522f04d827" candidate_uuid: "eea10e830a664ea4be74d8cffbe95552" candidate_term: 1 candidate_status { last_received { term: 0 index: 0 } } ignore_live_leader: false dest_uuid: "f42c56d2dc6b4faba5a218e79da90951" is_pre_election: true
I0917 09:19:49.382376 15243 raft_consensus.cc:2350] T de49f5bae5244941af0020522f04d827 P f42c56d2dc6b4faba5a218e79da90951 [term 0 FOLLOWER]: Leader pre-election vote request: Granting yes vote for candidate eea10e830a664ea4be74d8cffbe95552 in term 0.
I0917 09:19:49.382699 15376 raft_consensus.cc:494] T de49f5bae5244941af0020522f04d827 P eea10e830a664ea4be74d8cffbe95552 [term 1 FOLLOWER]: Starting leader election with config: opid_index: -1 OBSOLETE_local: false peers { permanent_uuid: "c2c8bec4d40141a6b1f470f6142de67a" member_type: VOTER last_known_addr { host: "127.13.208.65" port: 39971 } } peers { permanent_uuid: "f42c56d2dc6b4faba5a218e79da90951" member_type: VOTER last_known_addr { host: "127.13.208.66" port: 38793 } } peers { permanent_uuid: "eea10e830a664ea4be74d8cffbe95552" member_type: VOTER last_known_addr { host: "127.13.208.67" port: 42065 } }
I0917 09:19:49.382769 15376 leader_election.cc:296] T de49f5bae5244941af0020522f04d827 P eea10e830a664ea4be74d8cffbe95552 [CANDIDATE]: Term 1 election: Requested vote from peers c2c8bec4d40141a6b1f470f6142de67a (127.13.208.65:39971), f42c56d2dc6b4faba5a218e79da90951 (127.13.208.66:38793)
I0917 09:19:49.382899 15243 tablet_service.cc:1295] Received RequestConsensusVote() RPC: tablet_id: "de49f5bae5244941af0020522f04d827" candidate_uuid: "eea10e830a664ea4be74d8cffbe95552" candidate_term: 1 candidate_status { last_received { term: 0 index: 0 } } ignore_live_leader: false dest_uuid: "f42c56d2dc6b4faba5a218e79da90951"
I0917 09:19:49.382921 15243 raft_consensus.cc:2890] T de49f5bae5244941af0020522f04d827 P f42c56d2dc6b4faba5a218e79da90951 [term 0 FOLLOWER]: Advancing to term 1
I0917 09:19:49.383030 15167 tablet_service.cc:1295] Received RequestConsensusVote() RPC: tablet_id: "de49f5bae5244941af0020522f04d827" candidate_uuid: "eea10e830a664ea4be74d8cffbe95552" candidate_term: 1 candidate_status { last_received { term: 0 index: 0 } } ignore_live_leader: false dest_uuid: "c2c8bec4d40141a6b1f470f6142de67a"
I0917 09:19:49.383057 15167 raft_consensus.cc:2890] T de49f5bae5244941af0020522f04d827 P c2c8bec4d40141a6b1f470f6142de67a [term 0 FOLLOWER]: Advancing to term 1
I0917 09:19:49.384040 15243 raft_consensus.cc:2350] T de49f5bae5244941af0020522f04d827 P f42c56d2dc6b4faba5a218e79da90951 [term 1 FOLLOWER]: Leader election vote request: Granting yes vote for candidate eea10e830a664ea4be74d8cffbe95552 in term 1.
I0917 09:19:49.384220 15279 leader_election.cc:310] T de49f5bae5244941af0020522f04d827 P eea10e830a664ea4be74d8cffbe95552 [CANDIDATE]: Term 1 election: Election decided. Result: candidate won. Election summary: received 2 responses out of 3 voters: 2 yes votes; 0 no votes. yes voters: eea10e830a664ea4be74d8cffbe95552, f42c56d2dc6b4faba5a218e79da90951; no voters:
I0917 09:19:49.384291 15376 raft_consensus.cc:2644] T de49f5bae5244941af0020522f04d827 P eea10e830a664ea4be74d8cffbe95552 [term 1 FOLLOWER]: Leader election won for term 1
I0917 09:19:49.384356 15376 raft_consensus.cc:667] T de49f5bae5244941af0020522f04d827 P eea10e830a664ea4be74d8cffbe95552 [term 1 LEADER]: Becoming Leader. State: Replica: eea10e830a664ea4be74d8cffbe95552, State: Running, Role: LEADER
I0917 09:19:49.384310 15167 raft_consensus.cc:2350] T de49f5bae5244941af0020522f04d827 P c2c8bec4d40141a6b1f470f6142de67a [term 1 FOLLOWER]: Leader election vote request: Granting yes vote for candidate eea10e830a664ea4be74d8cffbe95552 in term 1.
I0917 09:19:49.384558 15376 consensus_queue.cc:206] T de49f5bae5244941af0020522f04d827 P eea10e830a664ea4be74d8cffbe95552 [LEADER]: Queue going to LEADER mode. State: All replicated index: 0, Majority replicated index: 0, Committed index: 0, Last appended: 0.0, Last appended by leader: 0, Current term: 1, Majority size: 2, State: 0, Mode: LEADER, active raft config: opid_index: -1 OBSOLETE_local: false peers { permanent_uuid: "c2c8bec4d40141a6b1f470f6142de67a" member_type: VOTER last_known_addr { host: "127.13.208.65" port: 39971 } } peers { permanent_uuid: "f42c56d2dc6b4faba5a218e79da90951" member_type: VOTER last_known_addr { host: "127.13.208.66" port: 38793 } } peers { permanent_uuid: "eea10e830a664ea4be74d8cffbe95552" member_type: VOTER last_known_addr { host: "127.13.208.67" port: 42065 } }
I0917 09:19:49.385442 14964 catalog_manager.cc:4120] T de49f5bae5244941af0020522f04d827 P eea10e830a664ea4be74d8cffbe95552 reported cstate change: term changed from 0 to 1, leader changed from to eea10e830a664ea4be74d8cffbe95552 (127.13.208.67). New cstate: current_term: 1 leader_uuid: "eea10e830a664ea4be74d8cffbe95552" committed_config { opid_index: -1 OBSOLETE_local: false peers { permanent_uuid: "c2c8bec4d40141a6b1f470f6142de67a" member_type: VOTER last_known_addr { host: "127.13.208.65" port: 39971 } health_report { overall_health: UNKNOWN } } peers { permanent_uuid: "f42c56d2dc6b4faba5a218e79da90951" member_type: VOTER last_known_addr { host: "127.13.208.66" port: 38793 } health_report { overall_health: UNKNOWN } } peers { permanent_uuid: "eea10e830a664ea4be74d8cffbe95552" member_type: VOTER last_known_addr { host: "127.13.208.67" port: 42065 } health_report { overall_health: HEALTHY } } }
I0917 09:19:49.410693 15167 raft_consensus.cc:1184] T f67125c2201a4791ab5756ecc8fba82a P c2c8bec4d40141a6b1f470f6142de67a [term 1 FOLLOWER]: Refusing update from remote peer eea10e830a664ea4be74d8cffbe95552: Log matching property violated. Preceding OpId in replica: term: 0 index: 0. Preceding OpId from leader: term: 1 index: 2. (index mismatch)
I0917 09:19:49.410797 15243 raft_consensus.cc:1184] T f67125c2201a4791ab5756ecc8fba82a P f42c56d2dc6b4faba5a218e79da90951 [term 1 FOLLOWER]: Refusing update from remote peer eea10e830a664ea4be74d8cffbe95552: Log matching property violated. Preceding OpId in replica: term: 0 index: 0. Preceding OpId from leader: term: 1 index: 2. (index mismatch)
I0917 09:19:49.410892 15242 raft_consensus.cc:1184] T de49f5bae5244941af0020522f04d827 P f42c56d2dc6b4faba5a218e79da90951 [term 1 FOLLOWER]: Refusing update from remote peer eea10e830a664ea4be74d8cffbe95552: Log matching property violated. Preceding OpId in replica: term: 0 index: 0. Preceding OpId from leader: term: 1 index: 2. (index mismatch)
I0917 09:19:49.411023 15376 consensus_queue.cc:984] T f67125c2201a4791ab5756ecc8fba82a P eea10e830a664ea4be74d8cffbe95552 [LEADER]: Connected to new peer: Peer: permanent_uuid: "f42c56d2dc6b4faba5a218e79da90951" member_type: VOTER last_known_addr { host: "127.13.208.66" port: 38793 }, Status: LMP_MISMATCH, Last received: 0.0, Next index: 1, Last known committed idx: 0, Time since last communication: 0.000s
I0917 09:19:49.411176 15372 consensus_queue.cc:984] T de49f5bae5244941af0020522f04d827 P eea10e830a664ea4be74d8cffbe95552 [LEADER]: Connected to new peer: Peer: permanent_uuid: "f42c56d2dc6b4faba5a218e79da90951" member_type: VOTER last_known_addr { host: "127.13.208.66" port: 38793 }, Status: LMP_MISMATCH, Last received: 0.0, Next index: 1, Last known committed idx: 0, Time since last communication: 0.000s
I0917 09:19:49.411206 15167 raft_consensus.cc:1184] T de49f5bae5244941af0020522f04d827 P c2c8bec4d40141a6b1f470f6142de67a [term 1 FOLLOWER]: Refusing update from remote peer eea10e830a664ea4be74d8cffbe95552: Log matching property violated. Preceding OpId in replica: term: 0 index: 0. Preceding OpId from leader: term: 1 index: 2. (index mismatch)
I0917 09:19:49.411581 15376 consensus_queue.cc:984] T f67125c2201a4791ab5756ecc8fba82a P eea10e830a664ea4be74d8cffbe95552 [LEADER]: Connected to new peer: Peer: permanent_uuid: "c2c8bec4d40141a6b1f470f6142de67a" member_type: VOTER last_known_addr { host: "127.13.208.65" port: 39971 }, Status: LMP_MISMATCH, Last received: 0.0, Next index: 1, Last known committed idx: 0, Time since last communication: 0.000s
I0917 09:19:49.411864 15385 consensus_queue.cc:984] T de49f5bae5244941af0020522f04d827 P eea10e830a664ea4be74d8cffbe95552 [LEADER]: Connected to new peer: Peer: permanent_uuid: "c2c8bec4d40141a6b1f470f6142de67a" member_type: VOTER last_known_addr { host: "127.13.208.65" port: 39971 }, Status: LMP_MISMATCH, Last received: 0.0, Next index: 1, Last known committed idx: 0, Time since last communication: 0.000s
I0917 09:19:49.412118 15241 raft_consensus.cc:1184] T ac74b319ad54416685f8b9d9506e1d61 P f42c56d2dc6b4faba5a218e79da90951 [term 1 FOLLOWER]: Refusing update from remote peer c2c8bec4d40141a6b1f470f6142de67a: Log matching property violated. Preceding OpId in replica: term: 0 index: 0. Preceding OpId from leader: term: 1 index: 2. (index mismatch)
I0917 09:19:49.412605 15378 consensus_queue.cc:984] T ac74b319ad54416685f8b9d9506e1d61 P c2c8bec4d40141a6b1f470f6142de67a [LEADER]: Connected to new peer: Peer: permanent_uuid: "f42c56d2dc6b4faba5a218e79da90951" member_type: VOTER last_known_addr { host: "127.13.208.66" port: 38793 }, Status: LMP_MISMATCH, Last received: 0.0, Next index: 1, Last known committed idx: 0, Time since last communication: 0.000s
I0917 09:19:49.413458 15318 raft_consensus.cc:1184] T ac74b319ad54416685f8b9d9506e1d61 P eea10e830a664ea4be74d8cffbe95552 [term 1 FOLLOWER]: Refusing update from remote peer c2c8bec4d40141a6b1f470f6142de67a: Log matching property violated. Preceding OpId in replica: term: 0 index: 0. Preceding OpId from leader: term: 1 index: 2. (index mismatch)
I0917 09:19:49.414145 15378 consensus_queue.cc:984] T ac74b319ad54416685f8b9d9506e1d61 P c2c8bec4d40141a6b1f470f6142de67a [LEADER]: Connected to new peer: Peer: permanent_uuid: "eea10e830a664ea4be74d8cffbe95552" member_type: VOTER last_known_addr { host: "127.13.208.67" port: 42065 }, Status: LMP_MISMATCH, Last received: 0.0, Next index: 1, Last known committed idx: 0, Time since last communication: 0.000s
I0917 09:19:49.430096 15167 tablet_service.cc:1440] Received LeaderStepDown RPC: tablet_id: "ac74b319ad54416685f8b9d9506e1d61" dest_uuid: "c2c8bec4d40141a6b1f470f6142de67a" from {username='slave'} at 127.0.0.1:45876
I0917 09:19:49.430142 15167 raft_consensus.cc:569] T ac74b319ad54416685f8b9d9506e1d61 P c2c8bec4d40141a6b1f470f6142de67a [term 1 LEADER]: Received request to step down
I0917 09:19:49.430151 15167 raft_consensus.cc:2885] T ac74b319ad54416685f8b9d9506e1d61 P c2c8bec4d40141a6b1f470f6142de67a [term 1 LEADER]: Stepping down as leader of term 1
I0917 09:19:49.430158 15167 raft_consensus.cc:705] T ac74b319ad54416685f8b9d9506e1d61 P c2c8bec4d40141a6b1f470f6142de67a [term 1 LEADER]: Becoming Follower/Learner. State: Replica: c2c8bec4d40141a6b1f470f6142de67a, State: Running, Role: LEADER
I0917 09:19:49.430244 15167 consensus_queue.cc:229] T ac74b319ad54416685f8b9d9506e1d61 P c2c8bec4d40141a6b1f470f6142de67a [NON_LEADER]: Queue going to NON_LEADER mode. State: All replicated index: 0, Majority replicated index: 2, Committed index: 2, Last appended: 1.2, Last appended by leader: 2, Current term: 1, Majority size: -1, State: 0, Mode: NON_LEADER, active raft config: opid_index: -1 OBSOLETE_local: false peers { permanent_uuid: "eea10e830a664ea4be74d8cffbe95552" member_type: VOTER last_known_addr { host: "127.13.208.67" port: 42065 } } peers { permanent_uuid: "c2c8bec4d40141a6b1f470f6142de67a" member_type: VOTER last_known_addr { host: "127.13.208.65" port: 39971 } } peers { permanent_uuid: "f42c56d2dc6b4faba5a218e79da90951" member_type: VOTER last_known_addr { host: "127.13.208.66" port: 38793 } }
I0917 09:19:49.430286 15167 raft_consensus.cc:2890] T ac74b319ad54416685f8b9d9506e1d61 P c2c8bec4d40141a6b1f470f6142de67a [term 1 FOLLOWER]: Advancing to term 2
I0917 09:19:49.618610 15404 raft_consensus.cc:472] T ac74b319ad54416685f8b9d9506e1d61 P f42c56d2dc6b4faba5a218e79da90951 [term 1 FOLLOWER]: Starting pre-election (detected failure of leader c2c8bec4d40141a6b1f470f6142de67a)
I0917 09:19:49.618710 15404 raft_consensus.cc:494] T ac74b319ad54416685f8b9d9506e1d61 P f42c56d2dc6b4faba5a218e79da90951 [term 1 FOLLOWER]: Starting pre-election with config: opid_index: -1 OBSOLETE_local: false peers { permanent_uuid: "eea10e830a664ea4be74d8cffbe95552" member_type: VOTER last_known_addr { host: "127.13.208.67" port: 42065 } } peers { permanent_uuid: "c2c8bec4d40141a6b1f470f6142de67a" member_type: VOTER last_known_addr { host: "127.13.208.65" port: 39971 } } peers { permanent_uuid: "f42c56d2dc6b4faba5a218e79da90951" member_type: VOTER last_known_addr { host: "127.13.208.66" port: 38793 } }
I0917 09:19:49.618824 15404 leader_election.cc:296] T ac74b319ad54416685f8b9d9506e1d61 P f42c56d2dc6b4faba5a218e79da90951 [CANDIDATE]: Term 2 pre-election: Requested pre-vote from peers eea10e830a664ea4be74d8cffbe95552 (127.13.208.67:42065), c2c8bec4d40141a6b1f470f6142de67a (127.13.208.65:39971)
I0917 09:19:49.624220 15385 raft_consensus.cc:472] T ac74b319ad54416685f8b9d9506e1d61 P eea10e830a664ea4be74d8cffbe95552 [term 1 FOLLOWER]: Starting pre-election (detected failure of leader c2c8bec4d40141a6b1f470f6142de67a)
I0917 09:19:49.624485 15318 tablet_service.cc:1295] Received RequestConsensusVote() RPC: tablet_id: "ac74b319ad54416685f8b9d9506e1d61" candidate_uuid: "f42c56d2dc6b4faba5a218e79da90951" candidate_term: 2 candidate_status { last_received { term: 1 index: 2 } } ignore_live_leader: false dest_uuid: "eea10e830a664ea4be74d8cffbe95552" is_pre_election: true
I0917 09:19:49.624558 15385 raft_consensus.cc:494] T ac74b319ad54416685f8b9d9506e1d61 P eea10e830a664ea4be74d8cffbe95552 [term 1 FOLLOWER]: Starting pre-election with config: opid_index: -1 OBSOLETE_local: false peers { permanent_uuid: "eea10e830a664ea4be74d8cffbe95552" member_type: VOTER last_known_addr { host: "127.13.208.67" port: 42065 } } peers { permanent_uuid: "c2c8bec4d40141a6b1f470f6142de67a" member_type: VOTER last_known_addr { host: "127.13.208.65" port: 39971 } } peers { permanent_uuid: "f42c56d2dc6b4faba5a218e79da90951" member_type: VOTER last_known_addr { host: "127.13.208.66" port: 38793 } }
I0917 09:19:49.624614 15318 raft_consensus.cc:2350] T ac74b319ad54416685f8b9d9506e1d61 P eea10e830a664ea4be74d8cffbe95552 [term 1 FOLLOWER]: Leader pre-election vote request: Granting yes vote for candidate f42c56d2dc6b4faba5a218e79da90951 in term 1.
I0917 09:19:49.624729 15167 tablet_service.cc:1295] Received RequestConsensusVote() RPC: tablet_id: "ac74b319ad54416685f8b9d9506e1d61" candidate_uuid: "f42c56d2dc6b4faba5a218e79da90951" candidate_term: 2 candidate_status { last_received { term: 1 index: 2 } } ignore_live_leader: false dest_uuid: "c2c8bec4d40141a6b1f470f6142de67a" is_pre_election: true
I0917 09:19:49.624783 15167 raft_consensus.cc:2350] T ac74b319ad54416685f8b9d9506e1d61 P c2c8bec4d40141a6b1f470f6142de67a [term 2 FOLLOWER]: Leader pre-election vote request: Granting yes vote for candidate f42c56d2dc6b4faba5a218e79da90951 in term 2.
I0917 09:19:49.624825 15202 leader_election.cc:310] T ac74b319ad54416685f8b9d9506e1d61 P f42c56d2dc6b4faba5a218e79da90951 [CANDIDATE]: Term 2 pre-election: Election decided. Result: candidate won. Election summary: received 2 responses out of 3 voters: 2 yes votes; 0 no votes. yes voters: eea10e830a664ea4be74d8cffbe95552, f42c56d2dc6b4faba5a218e79da90951; no voters:
I0917 09:19:49.624999 15385 leader_election.cc:296] T ac74b319ad54416685f8b9d9506e1d61 P eea10e830a664ea4be74d8cffbe95552 [CANDIDATE]: Term 2 pre-election: Requested pre-vote from peers c2c8bec4d40141a6b1f470f6142de67a (127.13.208.65:39971), f42c56d2dc6b4faba5a218e79da90951 (127.13.208.66:38793)
I0917 09:19:49.625080 15404 raft_consensus.cc:2644] T ac74b319ad54416685f8b9d9506e1d61 P f42c56d2dc6b4faba5a218e79da90951 [term 1 FOLLOWER]: Leader pre-election won for term 2
I0917 09:19:49.625149 15404 raft_consensus.cc:472] T ac74b319ad54416685f8b9d9506e1d61 P f42c56d2dc6b4faba5a218e79da90951 [term 1 FOLLOWER]: Starting leader election (detected failure of leader c2c8bec4d40141a6b1f470f6142de67a)
I0917 09:19:49.625160 15243 tablet_service.cc:1295] Received RequestConsensusVote() RPC: tablet_id: "ac74b319ad54416685f8b9d9506e1d61" candidate_uuid: "eea10e830a664ea4be74d8cffbe95552" candidate_term: 2 candidate_status { last_received { term: 1 index: 2 } } ignore_live_leader: false dest_uuid: "f42c56d2dc6b4faba5a218e79da90951" is_pre_election: true
I0917 09:19:49.625165 15404 raft_consensus.cc:2890] T ac74b319ad54416685f8b9d9506e1d61 P f42c56d2dc6b4faba5a218e79da90951 [term 1 FOLLOWER]: Advancing to term 2
I0917 09:19:49.625756 15167 tablet_service.cc:1295] Received RequestConsensusVote() RPC: tablet_id: "ac74b319ad54416685f8b9d9506e1d61" candidate_uuid: "eea10e830a664ea4be74d8cffbe95552" candidate_term: 2 candidate_status { last_received { term: 1 index: 2 } } ignore_live_leader: false dest_uuid: "c2c8bec4d40141a6b1f470f6142de67a" is_pre_election: true
I0917 09:19:49.625828 15167 raft_consensus.cc:2350] T ac74b319ad54416685f8b9d9506e1d61 P c2c8bec4d40141a6b1f470f6142de67a [term 2 FOLLOWER]: Leader pre-election vote request: Granting yes vote for candidate eea10e830a664ea4be74d8cffbe95552 in term 2.
I0917 09:19:49.626008 15280 leader_election.cc:310] T ac74b319ad54416685f8b9d9506e1d61 P eea10e830a664ea4be74d8cffbe95552 [CANDIDATE]: Term 2 pre-election: Election decided. Result: candidate won. Election summary: received 2 responses out of 3 voters: 2 yes votes; 0 no votes. yes voters: c2c8bec4d40141a6b1f470f6142de67a, eea10e830a664ea4be74d8cffbe95552; no voters:
I0917 09:19:49.626109 15385 raft_consensus.cc:2644] T ac74b319ad54416685f8b9d9506e1d61 P eea10e830a664ea4be74d8cffbe95552 [term 1 FOLLOWER]: Leader pre-election won for term 2
I0917 09:19:49.626132 15385 raft_consensus.cc:472] T ac74b319ad54416685f8b9d9506e1d61 P eea10e830a664ea4be74d8cffbe95552 [term 1 FOLLOWER]: Starting leader election (detected failure of leader c2c8bec4d40141a6b1f470f6142de67a)
I0917 09:19:49.626140 15385 raft_consensus.cc:2890] T ac74b319ad54416685f8b9d9506e1d61 P eea10e830a664ea4be74d8cffbe95552 [term 1 FOLLOWER]: Advancing to term 2
I0917 09:19:49.626901 15404 raft_consensus.cc:494] T ac74b319ad54416685f8b9d9506e1d61 P f42c56d2dc6b4faba5a218e79da90951 [term 2 FOLLOWER]: Starting leader election with config: opid_index: -1 OBSOLETE_local: false peers { permanent_uuid: "eea10e830a664ea4be74d8cffbe95552" member_type: VOTER last_known_addr { host: "127.13.208.67" port: 42065 } } peers { permanent_uuid: "c2c8bec4d40141a6b1f470f6142de67a" member_type: VOTER last_known_addr { host: "127.13.208.65" port: 39971 } } peers { permanent_uuid: "f42c56d2dc6b4faba5a218e79da90951" member_type: VOTER last_known_addr { host: "127.13.208.66" port: 38793 } }
I0917 09:19:49.626968 15243 raft_consensus.cc:2280] T ac74b319ad54416685f8b9d9506e1d61 P f42c56d2dc6b4faba5a218e79da90951 [term 2 FOLLOWER]: Leader pre-election vote request: Denying vote to candidate eea10e830a664ea4be74d8cffbe95552 in current term 2: Already voted for candidate f42c56d2dc6b4faba5a218e79da90951 in this term.
I0917 09:19:49.627009 15404 leader_election.cc:296] T ac74b319ad54416685f8b9d9506e1d61 P f42c56d2dc6b4faba5a218e79da90951 [CANDIDATE]: Term 2 election: Requested vote from peers eea10e830a664ea4be74d8cffbe95552 (127.13.208.67:42065), c2c8bec4d40141a6b1f470f6142de67a (127.13.208.65:39971)
I0917 09:19:49.627128 15167 tablet_service.cc:1295] Received RequestConsensusVote() RPC: tablet_id: "ac74b319ad54416685f8b9d9506e1d61" candidate_uuid: "f42c56d2dc6b4faba5a218e79da90951" candidate_term: 2 candidate_status { last_received { term: 1 index: 2 } } ignore_live_leader: false dest_uuid: "c2c8bec4d40141a6b1f470f6142de67a"
I0917 09:19:49.627367 15385 raft_consensus.cc:494] T ac74b319ad54416685f8b9d9506e1d61 P eea10e830a664ea4be74d8cffbe95552 [term 2 FOLLOWER]: Starting leader election with config: opid_index: -1 OBSOLETE_local: false peers { permanent_uuid: "eea10e830a664ea4be74d8cffbe95552" member_type: VOTER last_known_addr { host: "127.13.208.67" port: 42065 } } peers { permanent_uuid: "c2c8bec4d40141a6b1f470f6142de67a" member_type: VOTER last_known_addr { host: "127.13.208.65" port: 39971 } } peers { permanent_uuid: "f42c56d2dc6b4faba5a218e79da90951" member_type: VOTER last_known_addr { host: "127.13.208.66" port: 38793 } }
I0917 09:19:49.627466 15318 tablet_service.cc:1295] Received RequestConsensusVote() RPC: tablet_id: "ac74b319ad54416685f8b9d9506e1d61" candidate_uuid: "f42c56d2dc6b4faba5a218e79da90951" candidate_term: 2 candidate_status { last_received { term: 1 index: 2 } } ignore_live_leader: false dest_uuid: "eea10e830a664ea4be74d8cffbe95552"
I0917 09:19:49.627497 15318 raft_consensus.cc:2280] T ac74b319ad54416685f8b9d9506e1d61 P eea10e830a664ea4be74d8cffbe95552 [term 2 FOLLOWER]: Leader election vote request: Denying vote to candidate f42c56d2dc6b4faba5a218e79da90951 in current term 2: Already voted for candidate eea10e830a664ea4be74d8cffbe95552 in this term.
I0917 09:19:49.627715 15166 tablet_service.cc:1295] Received RequestConsensusVote() RPC: tablet_id: "ac74b319ad54416685f8b9d9506e1d61" candidate_uuid: "eea10e830a664ea4be74d8cffbe95552" candidate_term: 2 candidate_status { last_received { term: 1 index: 2 } } ignore_live_leader: false dest_uuid: "c2c8bec4d40141a6b1f470f6142de67a"
I0917 09:19:49.627748 15243 tablet_service.cc:1295] Received RequestConsensusVote() RPC: tablet_id: "ac74b319ad54416685f8b9d9506e1d61" candidate_uuid: "eea10e830a664ea4be74d8cffbe95552" candidate_term: 2 candidate_status { last_received { term: 1 index: 2 } } ignore_live_leader: false dest_uuid: "f42c56d2dc6b4faba5a218e79da90951"
I0917 09:19:49.627768 15243 raft_consensus.cc:2280] T ac74b319ad54416685f8b9d9506e1d61 P f42c56d2dc6b4faba5a218e79da90951 [term 2 FOLLOWER]: Leader election vote request: Denying vote to candidate eea10e830a664ea4be74d8cffbe95552 in current term 2: Already voted for candidate f42c56d2dc6b4faba5a218e79da90951 in this term.
I0917 09:19:49.627712 15385 leader_election.cc:296] T ac74b319ad54416685f8b9d9506e1d61 P eea10e830a664ea4be74d8cffbe95552 [CANDIDATE]: Term 2 election: Requested vote from peers c2c8bec4d40141a6b1f470f6142de67a (127.13.208.65:39971), f42c56d2dc6b4faba5a218e79da90951 (127.13.208.66:38793)
I0917 09:19:49.628332 15167 raft_consensus.cc:2350] T ac74b319ad54416685f8b9d9506e1d61 P c2c8bec4d40141a6b1f470f6142de67a [term 2 FOLLOWER]: Leader election vote request: Granting yes vote for candidate f42c56d2dc6b4faba5a218e79da90951 in term 2.
I0917 09:19:49.628389 15166 raft_consensus.cc:2325] T ac74b319ad54416685f8b9d9506e1d61 P c2c8bec4d40141a6b1f470f6142de67a [term 2 FOLLOWER]: Leader election vote request: Denying vote to candidate eea10e830a664ea4be74d8cffbe95552 for term 2 because replica is already servicing an update from a current leader or another vote.
I0917 09:19:49.628512 15280 leader_election.cc:310] T ac74b319ad54416685f8b9d9506e1d61 P eea10e830a664ea4be74d8cffbe95552 [CANDIDATE]: Term 2 election: Election decided. Result: candidate lost. Election summary: received 3 responses out of 3 voters: 1 yes votes; 2 no votes. yes voters: eea10e830a664ea4be74d8cffbe95552; no voters: c2c8bec4d40141a6b1f470f6142de67a, f42c56d2dc6b4faba5a218e79da90951
I0917 09:19:49.628526 15200 leader_election.cc:310] T ac74b319ad54416685f8b9d9506e1d61 P f42c56d2dc6b4faba5a218e79da90951 [CANDIDATE]: Term 2 election: Election decided. Result: candidate won. Election summary: received 3 responses out of 3 voters: 2 yes votes; 1 no votes. yes voters: c2c8bec4d40141a6b1f470f6142de67a, f42c56d2dc6b4faba5a218e79da90951; no voters: eea10e830a664ea4be74d8cffbe95552
I0917 09:19:49.628661 15404 raft_consensus.cc:2644] T ac74b319ad54416685f8b9d9506e1d61 P f42c56d2dc6b4faba5a218e79da90951 [term 2 FOLLOWER]: Leader election won for term 2
I0917 09:19:49.628684 15385 raft_consensus.cc:2592] T ac74b319ad54416685f8b9d9506e1d61 P eea10e830a664ea4be74d8cffbe95552 [term 2 FOLLOWER]: Leader election lost for term 2. Reason: could not achieve majority
I0917 09:19:49.628814 15404 raft_consensus.cc:667] T ac74b319ad54416685f8b9d9506e1d61 P f42c56d2dc6b4faba5a218e79da90951 [term 2 LEADER]: Becoming Leader. State: Replica: f42c56d2dc6b4faba5a218e79da90951, State: Running, Role: LEADER
I0917 09:19:49.628934 15404 consensus_queue.cc:206] T ac74b319ad54416685f8b9d9506e1d61 P f42c56d2dc6b4faba5a218e79da90951 [LEADER]: Queue going to LEADER mode. State: All replicated index: 0, Majority replicated index: 2, Committed index: 2, Last appended: 1.2, Last appended by leader: 2, Current term: 2, Majority size: 2, State: 0, Mode: LEADER, active raft config: opid_index: -1 OBSOLETE_local: false peers { permanent_uuid: "eea10e830a664ea4be74d8cffbe95552" member_type: VOTER last_known_addr { host: "127.13.208.67" port: 42065 } } peers { permanent_uuid: "c2c8bec4d40141a6b1f470f6142de67a" member_type: VOTER last_known_addr { host: "127.13.208.65" port: 39971 } } peers { permanent_uuid: "f42c56d2dc6b4faba5a218e79da90951" member_type: VOTER last_known_addr { host: "127.13.208.66" port: 38793 } }
I0917 09:19:49.629626 14957 catalog_manager.cc:4120] T ac74b319ad54416685f8b9d9506e1d61 P f42c56d2dc6b4faba5a218e79da90951 reported cstate change: term changed from 1 to 2, leader changed from c2c8bec4d40141a6b1f470f6142de67a (127.13.208.65) to f42c56d2dc6b4faba5a218e79da90951 (127.13.208.66). New cstate: current_term: 2 leader_uuid: "f42c56d2dc6b4faba5a218e79da90951" committed_config { opid_index: -1 OBSOLETE_local: false peers { permanent_uuid: "eea10e830a664ea4be74d8cffbe95552" member_type: VOTER last_known_addr { host: "127.13.208.67" port: 42065 } health_report { overall_health: UNKNOWN } } peers { permanent_uuid: "c2c8bec4d40141a6b1f470f6142de67a" member_type: VOTER last_known_addr { host: "127.13.208.65" port: 39971 } health_report { overall_health: UNKNOWN } } peers { permanent_uuid: "f42c56d2dc6b4faba5a218e79da90951" member_type: VOTER last_known_addr { host: "127.13.208.66" port: 38793 } health_report { overall_health: HEALTHY } } }
I0917 09:19:49.634565 15243 tablet_service.cc:1440] Received LeaderStepDown RPC: tablet_id: "ac74b319ad54416685f8b9d9506e1d61" dest_uuid: "f42c56d2dc6b4faba5a218e79da90951" from {username='slave'} at 127.0.0.1:45156
I0917 09:19:49.634600 15243 raft_consensus.cc:569] T ac74b319ad54416685f8b9d9506e1d61 P f42c56d2dc6b4faba5a218e79da90951 [term 2 LEADER]: Received request to step down
I0917 09:19:49.634605 15243 raft_consensus.cc:2885] T ac74b319ad54416685f8b9d9506e1d61 P f42c56d2dc6b4faba5a218e79da90951 [term 2 LEADER]: Stepping down as leader of term 2
I0917 09:19:49.634610 15243 raft_consensus.cc:705] T ac74b319ad54416685f8b9d9506e1d61 P f42c56d2dc6b4faba5a218e79da90951 [term 2 LEADER]: Becoming Follower/Learner. State: Replica: f42c56d2dc6b4faba5a218e79da90951, State: Running, Role: LEADER
I0917 09:19:49.634678 15243 consensus_queue.cc:229] T ac74b319ad54416685f8b9d9506e1d61 P f42c56d2dc6b4faba5a218e79da90951 [NON_LEADER]: Queue going to NON_LEADER mode. State: All replicated index: 0, Majority replicated index: 2, Committed index: 2, Last appended: 2.3, Last appended by leader: 3, Current term: 2, Majority size: -1, State: 0, Mode: NON_LEADER, active raft config: opid_index: -1 OBSOLETE_local: false peers { permanent_uuid: "eea10e830a664ea4be74d8cffbe95552" member_type: VOTER last_known_addr { host: "127.13.208.67" port: 42065 } } peers { permanent_uuid: "c2c8bec4d40141a6b1f470f6142de67a" member_type: VOTER last_known_addr { host: "127.13.208.65" port: 39971 } } peers { permanent_uuid: "f42c56d2dc6b4faba5a218e79da90951" member_type: VOTER last_known_addr { host: "127.13.208.66" port: 38793 } }
I0917 09:19:49.634703 15243 raft_consensus.cc:2890] T ac74b319ad54416685f8b9d9506e1d61 P f42c56d2dc6b4faba5a218e79da90951 [term 2 FOLLOWER]: Advancing to term 3
I0917 09:19:49.839071 15318 tablet_service.cc:1440] Received LeaderStepDown RPC: tablet_id: "f67125c2201a4791ab5756ecc8fba82a" dest_uuid: "eea10e830a664ea4be74d8cffbe95552" from {username='slave'} at 127.0.0.1:58758
I0917 09:19:49.839108 15318 raft_consensus.cc:569] T f67125c2201a4791ab5756ecc8fba82a P eea10e830a664ea4be74d8cffbe95552 [term 1 LEADER]: Received request to step down
I0917 09:19:49.839113 15318 raft_consensus.cc:2885] T f67125c2201a4791ab5756ecc8fba82a P eea10e830a664ea4be74d8cffbe95552 [term 1 LEADER]: Stepping down as leader of term 1
I0917 09:19:49.839118 15318 raft_consensus.cc:705] T f67125c2201a4791ab5756ecc8fba82a P eea10e830a664ea4be74d8cffbe95552 [term 1 LEADER]: Becoming Follower/Learner. State: Replica: eea10e830a664ea4be74d8cffbe95552, State: Running, Role: LEADER
I0917 09:19:49.839195 15318 consensus_queue.cc:229] T f67125c2201a4791ab5756ecc8fba82a P eea10e830a664ea4be74d8cffbe95552 [NON_LEADER]: Queue going to NON_LEADER mode. State: All replicated index: 0, Majority replicated index: 2, Committed index: 2, Last appended: 1.2, Last appended by leader: 2, Current term: 1, Majority size: -1, State: 0, Mode: NON_LEADER, active raft config: opid_index: -1 OBSOLETE_local: false peers { permanent_uuid: "f42c56d2dc6b4faba5a218e79da90951" member_type: VOTER last_known_addr { host: "127.13.208.66" port: 38793 } } peers { permanent_uuid: "c2c8bec4d40141a6b1f470f6142de67a" member_type: VOTER last_known_addr { host: "127.13.208.65" port: 39971 } } peers { permanent_uuid: "eea10e830a664ea4be74d8cffbe95552" member_type: VOTER last_known_addr { host: "127.13.208.67" port: 42065 } }
I0917 09:19:49.839236 15318 raft_consensus.cc:2890] T f67125c2201a4791ab5756ecc8fba82a P eea10e830a664ea4be74d8cffbe95552 [term 1 FOLLOWER]: Advancing to term 2
I0917 09:19:49.877743 15385 raft_consensus.cc:472] T ac74b319ad54416685f8b9d9506e1d61 P eea10e830a664ea4be74d8cffbe95552 [term 2 FOLLOWER]: Starting pre-election (no leader contacted us within the election timeout)
I0917 09:19:49.877871 15385 raft_consensus.cc:494] T ac74b319ad54416685f8b9d9506e1d61 P eea10e830a664ea4be74d8cffbe95552 [term 2 FOLLOWER]: Starting pre-election with config: opid_index: -1 OBSOLETE_local: false peers { permanent_uuid: "eea10e830a664ea4be74d8cffbe95552" member_type: VOTER last_known_addr { host: "127.13.208.67" port: 42065 } } peers { permanent_uuid: "c2c8bec4d40141a6b1f470f6142de67a" member_type: VOTER last_known_addr { host: "127.13.208.65" port: 39971 } } peers { permanent_uuid: "f42c56d2dc6b4faba5a218e79da90951" member_type: VOTER last_known_addr { host: "127.13.208.66" port: 38793 } }
I0917 09:19:49.877971 15385 leader_election.cc:296] T ac74b319ad54416685f8b9d9506e1d61 P eea10e830a664ea4be74d8cffbe95552 [CANDIDATE]: Term 3 pre-election: Requested pre-vote from peers c2c8bec4d40141a6b1f470f6142de67a (127.13.208.65:39971), f42c56d2dc6b4faba5a218e79da90951 (127.13.208.66:38793)
I0917 09:19:49.878230 15243 tablet_service.cc:1295] Received RequestConsensusVote() RPC: tablet_id: "ac74b319ad54416685f8b9d9506e1d61" candidate_uuid: "eea10e830a664ea4be74d8cffbe95552" candidate_term: 3 candidate_status { last_received { term: 1 index: 2 } } ignore_live_leader: false dest_uuid: "f42c56d2dc6b4faba5a218e79da90951" is_pre_election: true
I0917 09:19:49.878238 15166 tablet_service.cc:1295] Received RequestConsensusVote() RPC: tablet_id: "ac74b319ad54416685f8b9d9506e1d61" candidate_uuid: "eea10e830a664ea4be74d8cffbe95552" candidate_term: 3 candidate_status { last_received { term: 1 index: 2 } } ignore_live_leader: false dest_uuid: "c2c8bec4d40141a6b1f470f6142de67a" is_pre_election: true
I0917 09:19:49.878285 15166 raft_consensus.cc:2350] T ac74b319ad54416685f8b9d9506e1d61 P c2c8bec4d40141a6b1f470f6142de67a [term 2 FOLLOWER]: Leader pre-election vote request: Granting yes vote for candidate eea10e830a664ea4be74d8cffbe95552 in term 2.
I0917 09:19:49.878293 15243 raft_consensus.cc:2297] T ac74b319ad54416685f8b9d9506e1d61 P f42c56d2dc6b4faba5a218e79da90951 [term 3 FOLLOWER]: Leader pre-election vote request: Denying vote to candidate eea10e830a664ea4be74d8cffbe95552 for term 3 because replica has last-logged OpId of term: 2 index: 3, which is greater than that of the candidate, which has last-logged OpId of term: 1 index: 2.
I0917 09:19:49.878415 15280 leader_election.cc:310] T ac74b319ad54416685f8b9d9506e1d61 P eea10e830a664ea4be74d8cffbe95552 [CANDIDATE]: Term 3 pre-election: Election decided. Result: candidate won. Election summary: received 2 responses out of 3 voters: 2 yes votes; 0 no votes. yes voters: c2c8bec4d40141a6b1f470f6142de67a, eea10e830a664ea4be74d8cffbe95552; no voters:
I0917 09:19:49.878515 15385 raft_consensus.cc:2644] T ac74b319ad54416685f8b9d9506e1d61 P eea10e830a664ea4be74d8cffbe95552 [term 2 FOLLOWER]: Leader pre-election won for term 3
I0917 09:19:49.878535 15385 raft_consensus.cc:472] T ac74b319ad54416685f8b9d9506e1d61 P eea10e830a664ea4be74d8cffbe95552 [term 2 FOLLOWER]: Starting leader election (no leader contacted us within the election timeout)
I0917 09:19:49.878540 15385 raft_consensus.cc:2890] T ac74b319ad54416685f8b9d9506e1d61 P eea10e830a664ea4be74d8cffbe95552 [term 2 FOLLOWER]: Advancing to term 3
I0917 09:19:49.879340 15385 raft_consensus.cc:494] T ac74b319ad54416685f8b9d9506e1d61 P eea10e830a664ea4be74d8cffbe95552 [term 3 FOLLOWER]: Starting leader election with config: opid_index: -1 OBSOLETE_local: false peers { permanent_uuid: "eea10e830a664ea4be74d8cffbe95552" member_type: VOTER last_known_addr { host: "127.13.208.67" port: 42065 } } peers { permanent_uuid: "c2c8bec4d40141a6b1f470f6142de67a" member_type: VOTER last_known_addr { host: "127.13.208.65" port: 39971 } } peers { permanent_uuid: "f42c56d2dc6b4faba5a218e79da90951" member_type: VOTER last_known_addr { host: "127.13.208.66" port: 38793 } }
I0917 09:19:49.879418 15385 leader_election.cc:296] T ac74b319ad54416685f8b9d9506e1d61 P eea10e830a664ea4be74d8cffbe95552 [CANDIDATE]: Term 3 election: Requested vote from peers c2c8bec4d40141a6b1f470f6142de67a (127.13.208.65:39971), f42c56d2dc6b4faba5a218e79da90951 (127.13.208.66:38793)
I0917 09:19:49.879654 15243 tablet_service.cc:1295] Received RequestConsensusVote() RPC: tablet_id: "ac74b319ad54416685f8b9d9506e1d61" candidate_uuid: "eea10e830a664ea4be74d8cffbe95552" candidate_term: 3 candidate_status { last_received { term: 1 index: 2 } } ignore_live_leader: false dest_uuid: "f42c56d2dc6b4faba5a218e79da90951"
I0917 09:19:49.879680 15166 tablet_service.cc:1295] Received RequestConsensusVote() RPC: tablet_id: "ac74b319ad54416685f8b9d9506e1d61" candidate_uuid: "eea10e830a664ea4be74d8cffbe95552" candidate_term: 3 candidate_status { last_received { term: 1 index: 2 } } ignore_live_leader: false dest_uuid: "c2c8bec4d40141a6b1f470f6142de67a"
I0917 09:19:49.879801 15243 raft_consensus.cc:2297] T ac74b319ad54416685f8b9d9506e1d61 P f42c56d2dc6b4faba5a218e79da90951 [term 3 FOLLOWER]: Leader election vote request: Denying vote to candidate eea10e830a664ea4be74d8cffbe95552 for term 3 because replica has last-logged OpId of term: 2 index: 3, which is greater than that of the candidate, which has last-logged OpId of term: 1 index: 2.
I0917 09:19:49.879812 15166 raft_consensus.cc:2890] T ac74b319ad54416685f8b9d9506e1d61 P c2c8bec4d40141a6b1f470f6142de67a [term 2 FOLLOWER]: Advancing to term 3
I0917 09:19:49.880451 15166 raft_consensus.cc:2350] T ac74b319ad54416685f8b9d9506e1d61 P c2c8bec4d40141a6b1f470f6142de67a [term 3 FOLLOWER]: Leader election vote request: Granting yes vote for candidate eea10e830a664ea4be74d8cffbe95552 in term 3.
I0917 09:19:49.880671 15280 leader_election.cc:310] T ac74b319ad54416685f8b9d9506e1d61 P eea10e830a664ea4be74d8cffbe95552 [CANDIDATE]: Term 3 election: Election decided. Result: candidate won. Election summary: received 3 responses out of 3 voters: 2 yes votes; 1 no votes. yes voters: c2c8bec4d40141a6b1f470f6142de67a, eea10e830a664ea4be74d8cffbe95552; no voters: f42c56d2dc6b4faba5a218e79da90951
I0917 09:19:49.880739 15385 raft_consensus.cc:2644] T ac74b319ad54416685f8b9d9506e1d61 P eea10e830a664ea4be74d8cffbe95552 [term 3 FOLLOWER]: Leader election won for term 3
I0917 09:19:49.880769 15385 raft_consensus.cc:667] T ac74b319ad54416685f8b9d9506e1d61 P eea10e830a664ea4be74d8cffbe95552 [term 3 LEADER]: Becoming Leader. State: Replica: eea10e830a664ea4be74d8cffbe95552, State: Running, Role: LEADER
I0917 09:19:49.880870 15385 consensus_queue.cc:206] T ac74b319ad54416685f8b9d9506e1d61 P eea10e830a664ea4be74d8cffbe95552 [LEADER]: Queue going to LEADER mode. State: All replicated index: 0, Majority replicated index: 2, Committed index: 2, Last appended: 1.2, Last appended by leader: 2, Current term: 3, Majority size: 2, State: 0, Mode: LEADER, active raft config: opid_index: -1 OBSOLETE_local: false peers { permanent_uuid: "eea10e830a664ea4be74d8cffbe95552" member_type: VOTER last_known_addr { host: "127.13.208.67" port: 42065 } } peers { permanent_uuid: "c2c8bec4d40141a6b1f470f6142de67a" member_type: VOTER last_known_addr { host: "127.13.208.65" port: 39971 } } peers { permanent_uuid: "f42c56d2dc6b4faba5a218e79da90951" member_type: VOTER last_known_addr { host: "127.13.208.66" port: 38793 } }
I0917 09:19:49.881628 14958 catalog_manager.cc:4120] T ac74b319ad54416685f8b9d9506e1d61 P eea10e830a664ea4be74d8cffbe95552 reported cstate change: term changed from 2 to 3, leader changed from f42c56d2dc6b4faba5a218e79da90951 (127.13.208.66) to eea10e830a664ea4be74d8cffbe95552 (127.13.208.67). New cstate: current_term: 3 leader_uuid: "eea10e830a664ea4be74d8cffbe95552" committed_config { opid_index: -1 OBSOLETE_local: false peers { permanent_uuid: "eea10e830a664ea4be74d8cffbe95552" member_type: VOTER last_known_addr { host: "127.13.208.67" port: 42065 } health_report { overall_health: HEALTHY } } peers { permanent_uuid: "c2c8bec4d40141a6b1f470f6142de67a" member_type: VOTER last_known_addr { host: "127.13.208.65" port: 39971 } health_report { overall_health: UNKNOWN } } peers { permanent_uuid: "f42c56d2dc6b4faba5a218e79da90951" member_type: VOTER last_known_addr { host: "127.13.208.66" port: 38793 } health_report { overall_health: UNKNOWN } } }
I0917 09:19:49.966135 15166 raft_consensus.cc:1184] T ac74b319ad54416685f8b9d9506e1d61 P c2c8bec4d40141a6b1f470f6142de67a [term 3 FOLLOWER]: Refusing update from remote peer eea10e830a664ea4be74d8cffbe95552: Log matching property violated. Preceding OpId in replica: term: 1 index: 2. Preceding OpId from leader: term: 3 index: 3. (index mismatch)
I0917 09:19:49.966394 15385 consensus_queue.cc:984] T ac74b319ad54416685f8b9d9506e1d61 P eea10e830a664ea4be74d8cffbe95552 [LEADER]: Connected to new peer: Peer: permanent_uuid: "c2c8bec4d40141a6b1f470f6142de67a" member_type: VOTER last_known_addr { host: "127.13.208.65" port: 39971 }, Status: LMP_MISMATCH, Last received: 0.0, Next index: 3, Last known committed idx: 2, Time since last communication: 0.000s
I0917 09:19:49.967620 15243 raft_consensus.cc:1184] T ac74b319ad54416685f8b9d9506e1d61 P f42c56d2dc6b4faba5a218e79da90951 [term 3 FOLLOWER]: Refusing update from remote peer eea10e830a664ea4be74d8cffbe95552: Log matching property violated. Preceding OpId in replica: term: 2 index: 3. Preceding OpId from leader: term: 3 index: 3. (term mismatch)
I0917 09:19:49.967667 15243 pending_rounds.cc:78] T ac74b319ad54416685f8b9d9506e1d61 P f42c56d2dc6b4faba5a218e79da90951: Aborting all transactions after (but not including) 2
I0917 09:19:49.967676 15243 pending_rounds.cc:99] T ac74b319ad54416685f8b9d9506e1d61 P f42c56d2dc6b4faba5a218e79da90951: Aborting uncommitted NO_OP operation due to leader change: 2.3
I0917 09:19:49.967692 15243 raft_consensus.cc:2727] T ac74b319ad54416685f8b9d9506e1d61 P f42c56d2dc6b4faba5a218e79da90951 [term 3 FOLLOWER]: NO_OP replication failed: Aborted: Transaction aborted by new leader
I0917 09:19:49.968057 15385 consensus_queue.cc:984] T ac74b319ad54416685f8b9d9506e1d61 P eea10e830a664ea4be74d8cffbe95552 [LEADER]: Connected to new peer: Peer: permanent_uuid: "f42c56d2dc6b4faba5a218e79da90951" member_type: VOTER last_known_addr { host: "127.13.208.66" port: 38793 }, Status: LMP_MISMATCH, Last received: 0.0, Next index: 3, Last known committed idx: 2, Time since last communication: 0.000s
I0917 09:19:50.022902 15408 raft_consensus.cc:472] T f67125c2201a4791ab5756ecc8fba82a P c2c8bec4d40141a6b1f470f6142de67a [term 1 FOLLOWER]: Starting pre-election (detected failure of leader eea10e830a664ea4be74d8cffbe95552)
I0917 09:19:50.023038 15408 raft_consensus.cc:494] T f67125c2201a4791ab5756ecc8fba82a P c2c8bec4d40141a6b1f470f6142de67a [term 1 FOLLOWER]: Starting pre-election with config: opid_index: -1 OBSOLETE_local: false peers { permanent_uuid: "f42c56d2dc6b4faba5a218e79da90951" member_type: VOTER last_known_addr { host: "127.13.208.66" port: 38793 } } peers { permanent_uuid: "c2c8bec4d40141a6b1f470f6142de67a" member_type: VOTER last_known_addr { host: "127.13.208.65" port: 39971 } } peers { permanent_uuid: "eea10e830a664ea4be74d8cffbe95552" member_type: VOTER last_known_addr { host: "127.13.208.67" port: 42065 } }
I0917 09:19:50.023151 15408 leader_election.cc:296] T f67125c2201a4791ab5756ecc8fba82a P c2c8bec4d40141a6b1f470f6142de67a [CANDIDATE]: Term 2 pre-election: Requested pre-vote from peers f42c56d2dc6b4faba5a218e79da90951 (127.13.208.66:38793), eea10e830a664ea4be74d8cffbe95552 (127.13.208.67:42065)
I0917 09:19:50.023455 15243 tablet_service.cc:1295] Received RequestConsensusVote() RPC: tablet_id: "f67125c2201a4791ab5756ecc8fba82a" candidate_uuid: "c2c8bec4d40141a6b1f470f6142de67a" candidate_term: 2 candidate_status { last_received { term: 1 index: 2 } } ignore_live_leader: false dest_uuid: "f42c56d2dc6b4faba5a218e79da90951" is_pre_election: true
I0917 09:19:50.023470 15318 tablet_service.cc:1295] Received RequestConsensusVote() RPC: tablet_id: "f67125c2201a4791ab5756ecc8fba82a" candidate_uuid: "c2c8bec4d40141a6b1f470f6142de67a" candidate_term: 2 candidate_status { last_received { term: 1 index: 2 } } ignore_live_leader: false dest_uuid: "eea10e830a664ea4be74d8cffbe95552" is_pre_election: true
I0917 09:19:50.023490 15243 raft_consensus.cc:2311] T f67125c2201a4791ab5756ecc8fba82a P f42c56d2dc6b4faba5a218e79da90951 [term 1 FOLLOWER]: Leader pre-election vote request: Denying vote to candidate c2c8bec4d40141a6b1f470f6142de67a for term 2 because replica is either leader or believes a valid leader to be alive.
I0917 09:19:50.023504 15318 raft_consensus.cc:2350] T f67125c2201a4791ab5756ecc8fba82a P eea10e830a664ea4be74d8cffbe95552 [term 2 FOLLOWER]: Leader pre-election vote request: Granting yes vote for candidate c2c8bec4d40141a6b1f470f6142de67a in term 2.
I0917 09:19:50.023627 15128 leader_election.cc:310] T f67125c2201a4791ab5756ecc8fba82a P c2c8bec4d40141a6b1f470f6142de67a [CANDIDATE]: Term 2 pre-election: Election decided. Result: candidate won. Election summary: received 2 responses out of 3 voters: 2 yes votes; 0 no votes. yes voters: c2c8bec4d40141a6b1f470f6142de67a, eea10e830a664ea4be74d8cffbe95552; no voters:
I0917 09:19:50.023695 15408 raft_consensus.cc:2644] T f67125c2201a4791ab5756ecc8fba82a P c2c8bec4d40141a6b1f470f6142de67a [term 1 FOLLOWER]: Leader pre-election won for term 2
I0917 09:19:50.023730 15408 raft_consensus.cc:472] T f67125c2201a4791ab5756ecc8fba82a P c2c8bec4d40141a6b1f470f6142de67a [term 1 FOLLOWER]: Starting leader election (detected failure of leader eea10e830a664ea4be74d8cffbe95552)
I0917 09:19:50.023744 15408 raft_consensus.cc:2890] T f67125c2201a4791ab5756ecc8fba82a P c2c8bec4d40141a6b1f470f6142de67a [term 1 FOLLOWER]: Advancing to term 2
I0917 09:19:50.024494 15408 raft_consensus.cc:494] T f67125c2201a4791ab5756ecc8fba82a P c2c8bec4d40141a6b1f470f6142de67a [term 2 FOLLOWER]: Starting leader election with config: opid_index: -1 OBSOLETE_local: false peers { permanent_uuid: "f42c56d2dc6b4faba5a218e79da90951" member_type: VOTER last_known_addr { host: "127.13.208.66" port: 38793 } } peers { permanent_uuid: "c2c8bec4d40141a6b1f470f6142de67a" member_type: VOTER last_known_addr { host: "127.13.208.65" port: 39971 } } peers { permanent_uuid: "eea10e830a664ea4be74d8cffbe95552" member_type: VOTER last_known_addr { host: "127.13.208.67" port: 42065 } }
I0917 09:19:50.024567 15408 leader_election.cc:296] T f67125c2201a4791ab5756ecc8fba82a P c2c8bec4d40141a6b1f470f6142de67a [CANDIDATE]: Term 2 election: Requested vote from peers f42c56d2dc6b4faba5a218e79da90951 (127.13.208.66:38793), eea10e830a664ea4be74d8cffbe95552 (127.13.208.67:42065)
I0917 09:19:50.024786 15318 tablet_service.cc:1295] Received RequestConsensusVote() RPC: tablet_id: "f67125c2201a4791ab5756ecc8fba82a" candidate_uuid: "c2c8bec4d40141a6b1f470f6142de67a" candidate_term: 2 candidate_status { last_received { term: 1 index: 2 } } ignore_live_leader: false dest_uuid: "eea10e830a664ea4be74d8cffbe95552"
I0917 09:19:50.024789 15243 tablet_service.cc:1295] Received RequestConsensusVote() RPC: tablet_id: "f67125c2201a4791ab5756ecc8fba82a" candidate_uuid: "c2c8bec4d40141a6b1f470f6142de67a" candidate_term: 2 candidate_status { last_received { term: 1 index: 2 } } ignore_live_leader: false dest_uuid: "f42c56d2dc6b4faba5a218e79da90951"
I0917 09:19:50.024825 15243 raft_consensus.cc:2311] T f67125c2201a4791ab5756ecc8fba82a P f42c56d2dc6b4faba5a218e79da90951 [term 1 FOLLOWER]: Leader election vote request: Denying vote to candidate c2c8bec4d40141a6b1f470f6142de67a for term 2 because replica is either leader or believes a valid leader to be alive.
I0917 09:19:50.025463 15318 raft_consensus.cc:2350] T f67125c2201a4791ab5756ecc8fba82a P eea10e830a664ea4be74d8cffbe95552 [term 2 FOLLOWER]: Leader election vote request: Granting yes vote for candidate c2c8bec4d40141a6b1f470f6142de67a in term 2.
