I0917 09:19:54.606992 16030 leader_election.cc:310] T 93a32378223c423392af40eb79c3e2b9 P f3112f5bdce74833a3bdec2091deb1a5 [CANDIDATE]: Term 2 pre-election: Election decided. Result: candidate lost. Election summary: received 3 responses out of 3 voters: 1 yes votes; 2 no votes. yes voters: f3112f5bdce74833a3bdec2091deb1a5; no voters: 613d003c41ff4c86a70ce0634c46d578, bf5537cd74844bf389b64a96222d16f0
I0917 09:19:54.607036 16306 raft_consensus.cc:2644] T 93a32378223c423392af40eb79c3e2b9 P 613d003c41ff4c86a70ce0634c46d578 [term 2 FOLLOWER]: Leader election won for term 2
I0917 09:19:54.607053 16309 raft_consensus.cc:2592] T 93a32378223c423392af40eb79c3e2b9 P f3112f5bdce74833a3bdec2091deb1a5 [term 2 FOLLOWER]: Leader pre-election lost for term 2. Reason: could not achieve majority
I0917 09:19:54.607163 16306 raft_consensus.cc:667] T 93a32378223c423392af40eb79c3e2b9 P 613d003c41ff4c86a70ce0634c46d578 [term 2 LEADER]: Becoming Leader. State: Replica: 613d003c41ff4c86a70ce0634c46d578, State: Running, Role: LEADER
I0917 09:19:54.607225 16306 consensus_queue.cc:206] T 93a32378223c423392af40eb79c3e2b9 P 613d003c41ff4c86a70ce0634c46d578 [LEADER]: Queue going to LEADER mode. State: All replicated index: 0, Majority replicated index: 1, Committed index: 1, Last appended: 1.1, Last appended by leader: 1, Current term: 2, Majority size: 2, State: 0, Mode: LEADER, active raft config: opid_index: -1 OBSOLETE_local: false peers { permanent_uuid: "f3112f5bdce74833a3bdec2091deb1a5" member_type: VOTER last_known_addr { host: "127.13.208.67" port: 36533 } } peers { permanent_uuid: "613d003c41ff4c86a70ce0634c46d578" member_type: VOTER last_known_addr { host: "127.13.208.65" port: 33935 } } peers { permanent_uuid: "bf5537cd74844bf389b64a96222d16f0" member_type: VOTER last_known_addr { host: "127.13.208.66" port: 40967 } }
I0917 09:19:54.607807 15848 catalog_manager.cc:4120] T 93a32378223c423392af40eb79c3e2b9 P 613d003c41ff4c86a70ce0634c46d578 reported cstate change: term changed from 1 to 2, leader changed from bf5537cd74844bf389b64a96222d16f0 (127.13.208.66) to 613d003c41ff4c86a70ce0634c46d578 (127.13.208.65). New cstate: current_term: 2 leader_uuid: "613d003c41ff4c86a70ce0634c46d578" committed_config { opid_index: -1 OBSOLETE_local: false peers { permanent_uuid: "f3112f5bdce74833a3bdec2091deb1a5" member_type: VOTER last_known_addr { host: "127.13.208.67" port: 36533 } } peers { permanent_uuid: "613d003c41ff4c86a70ce0634c46d578" member_type: VOTER last_known_addr { host: "127.13.208.65" port: 33935 } } peers { permanent_uuid: "bf5537cd74844bf389b64a96222d16f0" member_type: VOTER last_known_addr { host: "127.13.208.66" port: 40967 } } }
W0917 09:19:55.092998 15895 consensus_peers.cc:458] T 93a32378223c423392af40eb79c3e2b9 P 613d003c41ff4c86a70ce0634c46d578 -> Peer bf5537cd74844bf389b64a96222d16f0 (127.13.208.66:40967): Couldn't send request to peer bf5537cd74844bf389b64a96222d16f0. Error code: TABLET_FAILED (20). Status: Illegal state: Tablet not RUNNING: FAILED: IO error: INJECTED ERROR: tablet failed. This is attempt 1: this message will repeat every 5th retry.
I0917 09:19:55.099896 16068 raft_consensus.cc:1184] T 93a32378223c423392af40eb79c3e2b9 P f3112f5bdce74833a3bdec2091deb1a5 [term 2 FOLLOWER]: Refusing update from remote peer 613d003c41ff4c86a70ce0634c46d578: Log matching property violated. Preceding OpId in replica: term: 1 index: 1. Preceding OpId from leader: term: 2 index: 2. (index mismatch)
I0917 09:19:55.100186 16313 consensus_queue.cc:984] T 93a32378223c423392af40eb79c3e2b9 P 613d003c41ff4c86a70ce0634c46d578 [LEADER]: Connected to new peer: Peer: permanent_uuid: "f3112f5bdce74833a3bdec2091deb1a5" member_type: VOTER last_known_addr { host: "127.13.208.67" port: 36533 }, Status: LMP_MISMATCH, Last received: 0.0, Next index: 2, Last known committed idx: 1, Time since last communication: 0.000s Master Summary UUID | Address | Status ----------------------------------+----------------------+--------- ebc3e15792a94db9b35e13b731cdd6f0 | 127.13.208.126:45123 | HEALTHY Flag | Value | Tags | Master ------------------------------------------+-------+-----------------------+------------------------- raft_prepare_replacement_before_eviction | false | experimental,advanced | all 1 server(s) checked rpc_server_allow_ephemeral_ports | true | unsafe | all 1 server(s) checked Tablet Server Summary UUID | Address | Status | Location ----------------------------------+---------------------+---------+---------- 613d003c41ff4c86a70ce0634c46d578 | 127.13.208.65:33935 | HEALTHY | bf5537cd74844bf389b64a96222d16f0 | 127.13.208.66:40967 | HEALTHY | f3112f5bdce74833a3bdec2091deb1a5 | 127.13.208.67:36533 | HEALTHY | Tablet Server Location Summary Location | Count ----------+--------- | 3 Flag | Value | Tags | Tablet Server ------------------------------------------+-------+-----------------------+------------------------- raft_prepare_replacement_before_eviction | false | experimental,advanced | all 3 server(s) checked rpc_server_allow_ephemeral_ports | true | unsafe | all 3 server(s) checked Version Summary Version | Servers -----------------+------------------------- 1.11.0-SNAPSHOT | all 4 server(s) checked Tablet Summary Tablet 93a32378223c423392af40eb79c3e2b9 of table 'test-workload' is under-replicated: 1 replica(s) not RUNNING f3112f5bdce74833a3bdec2091deb1a5 (127.13.208.67:36533): RUNNING 613d003c41ff4c86a70ce0634c46d578 (127.13.208.65:33935): RUNNING [LEADER] bf5537cd74844bf389b64a96222d16f0 (127.13.208.66:40967): not running State: FAILED Data state: TABLET_DATA_READY Last status: IO error: INJECTED ERROR: tablet failed All reported replicas are: A = f3112f5bdce74833a3bdec2091deb1a5 B = 613d003c41ff4c86a70ce0634c46d578 C = bf5537cd74844bf389b64a96222d16f0 The consensus matrix is: Config source | Replicas | Current term | Config index | Committed? ---------------+------------------------+--------------+--------------+------------ master | A B* C | | | Yes A | A B* C | 2 | -1 | Yes B | A B* C | 2 | -1 | Yes C | [config not available] | | | Summary by table Name | RF | Status | Total Tablets | Healthy | Recovering | Under-replicated | Unavailable ---------------+----+------------------+---------------+---------+------------+------------------+------------- test-workload | 3 | UNDER_REPLICATED | 1 | 0 | 0 | 1 | 0 Tablet Replica Count Summary Statistic | Replica Count ----------------+--------------- Minimum | 1 First Quartile | 1 Median | 1 Third Quartile | 1 Maximum | 1 Total Count Summary | Total Count ----------------+------------- Masters | 1 Tablet Servers | 3 Tables | 1 Tablets | 1 Replicas | 3 ================== Warnings: ================== Some masters have unsafe, experimental, or hidden flags set Some tablet servers have unsafe, experimental, or hidden flags set ================== Errors: ================== Corruption: table consistency check error: 1 out of 1 table(s) are not healthy FAILED
I0917 09:19:55.382778 14145 cluster_verifier.cc:81] Check not successful yet, sleeping and retrying: Runtime error: ksck discovered errors
I0917 09:19:55.492189 16313 raft_consensus.cc:922] T 93a32378223c423392af40eb79c3e2b9 P 613d003c41ff4c86a70ce0634c46d578: Attempting to remove follower bf5537cd74844bf389b64a96222d16f0 from the Raft config. Reason: The tablet replica hosted on peer bf5537cd74844bf389b64a96222d16f0 has failed
I0917 09:19:55.492422 16313 consensus_queue.cc:206] T 93a32378223c423392af40eb79c3e2b9 P 613d003c41ff4c86a70ce0634c46d578 [LEADER]: Queue going to LEADER mode. State: All replicated index: 0, Majority replicated index: 2, Committed index: 2, Last appended: 2.2, Last appended by leader: 1, Current term: 2, Majority size: 2, State: 0, Mode: LEADER, active raft config: opid_index: 3 OBSOLETE_local: false peers { permanent_uuid: "f3112f5bdce74833a3bdec2091deb1a5" member_type: VOTER last_known_addr { host: "127.13.208.67" port: 36533 } } peers { permanent_uuid: "613d003c41ff4c86a70ce0634c46d578" member_type: VOTER last_known_addr { host: "127.13.208.65" port: 33935 } }
I0917 09:19:55.492975 16068 raft_consensus.cc:1184] T 93a32378223c423392af40eb79c3e2b9 P f3112f5bdce74833a3bdec2091deb1a5 [term 2 FOLLOWER]: Refusing update from remote peer 613d003c41ff4c86a70ce0634c46d578: Log matching property violated. Preceding OpId in replica: term: 2 index: 2. Preceding OpId from leader: term: 2 index: 3. (index mismatch)
I0917 09:19:55.493191 16306 consensus_queue.cc:984] T 93a32378223c423392af40eb79c3e2b9 P 613d003c41ff4c86a70ce0634c46d578 [LEADER]: Connected to new peer: Peer: permanent_uuid: "f3112f5bdce74833a3bdec2091deb1a5" member_type: VOTER last_known_addr { host: "127.13.208.67" port: 36533 }, Status: LMP_MISMATCH, Last received: 0.0, Next index: 3, Last known committed idx: 2, Time since last communication: 0.000s
I0917 09:19:55.493783 16313 raft_consensus.cc:2792] T 93a32378223c423392af40eb79c3e2b9 P 613d003c41ff4c86a70ce0634c46d578 [term 2 LEADER]: Committing config change with OpId 2.3: config changed from index -1 to 3, VOTER bf5537cd74844bf389b64a96222d16f0 (127.13.208.66) evicted. New config: { opid_index: 3 OBSOLETE_local: false peers { permanent_uuid: "f3112f5bdce74833a3bdec2091deb1a5" member_type: VOTER last_known_addr { host: "127.13.208.67" port: 36533 } } peers { permanent_uuid: "613d003c41ff4c86a70ce0634c46d578" member_type: VOTER last_known_addr { host: "127.13.208.65" port: 33935 } } }
I0917 09:19:55.493914 16068 raft_consensus.cc:2792] T 93a32378223c423392af40eb79c3e2b9 P f3112f5bdce74833a3bdec2091deb1a5 [term 2 FOLLOWER]: Committing config change with OpId 2.3: config changed from index -1 to 3, VOTER bf5537cd74844bf389b64a96222d16f0 (127.13.208.66) evicted. New config: { opid_index: 3 OBSOLETE_local: false peers { permanent_uuid: "f3112f5bdce74833a3bdec2091deb1a5" member_type: VOTER last_known_addr { host: "127.13.208.67" port: 36533 } } peers { permanent_uuid: "613d003c41ff4c86a70ce0634c46d578" member_type: VOTER last_known_addr { host: "127.13.208.65" port: 33935 } } }
I0917 09:19:55.495793 15848 catalog_manager.cc:4120] T 93a32378223c423392af40eb79c3e2b9 P 613d003c41ff4c86a70ce0634c46d578 reported cstate change: config changed from index -1 to 3, VOTER bf5537cd74844bf389b64a96222d16f0 (127.13.208.66) evicted. New cstate: current_term: 2 leader_uuid: "613d003c41ff4c86a70ce0634c46d578" committed_config { opid_index: 3 OBSOLETE_local: false peers { permanent_uuid: "f3112f5bdce74833a3bdec2091deb1a5" member_type: VOTER last_known_addr { host: "127.13.208.67" port: 36533 } } peers { permanent_uuid: "613d003c41ff4c86a70ce0634c46d578" member_type: VOTER last_known_addr { host: "127.13.208.65" port: 33935 } } }
I0917 09:19:55.496402 15848 catalog_manager.cc:3512] Sending DeleteTablet(TABLET_DATA_TOMBSTONED) for tablet 93a32378223c423392af40eb79c3e2b9 on bf5537cd74844bf389b64a96222d16f0 (127.13.208.66:40967) (TS bf5537cd74844bf389b64a96222d16f0 not found in new config with opid_index 3)
I0917 09:19:55.496454 15848 catalog_manager.cc:3739] Sending ChangeConfig:ADD_PEER:VOTER on tablet 93a32378223c423392af40eb79c3e2b9 (attempt 1)
I0917 09:19:55.496652 15986 tablet_service.cc:1066] Processing DeleteTablet for tablet 93a32378223c423392af40eb79c3e2b9 with delete_type TABLET_DATA_TOMBSTONED (TS bf5537cd74844bf389b64a96222d16f0 not found in new config with opid_index 3) from {username='slave'} at 127.0.0.1:37144
I0917 09:19:55.496767 15933 consensus_queue.cc:206] T 93a32378223c423392af40eb79c3e2b9 P 613d003c41ff4c86a70ce0634c46d578 [LEADER]: Queue going to LEADER mode. State: All replicated index: 0, Majority replicated index: 3, Committed index: 3, Last appended: 2.3, Last appended by leader: 1, Current term: 2, Majority size: 2, State: 0, Mode: LEADER, active raft config: opid_index: 4 OBSOLETE_local: false peers { permanent_uuid: "f3112f5bdce74833a3bdec2091deb1a5" member_type: VOTER last_known_addr { host: "127.13.208.67" port: 36533 } } peers { permanent_uuid: "613d003c41ff4c86a70ce0634c46d578" member_type: VOTER last_known_addr { host: "127.13.208.65" port: 33935 } } peers { permanent_uuid: "bf5537cd74844bf389b64a96222d16f0" member_type: VOTER last_known_addr { host: "127.13.208.66" port: 40967 } }
I0917 09:19:55.496976 16351 ts_tablet_manager.cc:1440] T 93a32378223c423392af40eb79c3e2b9 P bf5537cd74844bf389b64a96222d16f0: Deleting tablet data with delete state TABLET_DATA_TOMBSTONED
I0917 09:19:55.497082 16068 raft_consensus.cc:1184] T 93a32378223c423392af40eb79c3e2b9 P f3112f5bdce74833a3bdec2091deb1a5 [term 2 FOLLOWER]: Refusing update from remote peer 613d003c41ff4c86a70ce0634c46d578: Log matching property violated. Preceding OpId in replica: term: 2 index: 3. Preceding OpId from leader: term: 2 index: 4. (index mismatch)
W0917 09:19:55.497160 15895 consensus_peers.cc:458] T 93a32378223c423392af40eb79c3e2b9 P 613d003c41ff4c86a70ce0634c46d578 -> Peer bf5537cd74844bf389b64a96222d16f0 (127.13.208.66:40967): Couldn't send request to peer bf5537cd74844bf389b64a96222d16f0. Error code: TABLET_NOT_FOUND (6). Status: Illegal state: Tablet not RUNNING: FAILED. This is attempt 1: this message will repeat every 5th retry.
I0917 09:19:55.497272 16306 consensus_queue.cc:984] T 93a32378223c423392af40eb79c3e2b9 P 613d003c41ff4c86a70ce0634c46d578 [LEADER]: Connected to new peer: Peer: permanent_uuid: "f3112f5bdce74833a3bdec2091deb1a5" member_type: VOTER last_known_addr { host: "127.13.208.67" port: 36533 }, Status: LMP_MISMATCH, Last received: 0.0, Next index: 4, Last known committed idx: 3, Time since last communication: 0.000s
I0917 09:19:55.497961 16313 raft_consensus.cc:2792] T 93a32378223c423392af40eb79c3e2b9 P 613d003c41ff4c86a70ce0634c46d578 [term 2 LEADER]: Committing config change with OpId 2.4: config changed from index 3 to 4, VOTER bf5537cd74844bf389b64a96222d16f0 (127.13.208.66) added. New config: { opid_index: 4 OBSOLETE_local: false peers { permanent_uuid: "f3112f5bdce74833a3bdec2091deb1a5" member_type: VOTER last_known_addr { host: "127.13.208.67" port: 36533 } } peers { permanent_uuid: "613d003c41ff4c86a70ce0634c46d578" member_type: VOTER last_known_addr { host: "127.13.208.65" port: 33935 } } peers { permanent_uuid: "bf5537cd74844bf389b64a96222d16f0" member_type: VOTER last_known_addr { host: "127.13.208.66" port: 40967 } } }
I0917 09:19:55.498214 16068 raft_consensus.cc:2792] T 93a32378223c423392af40eb79c3e2b9 P f3112f5bdce74833a3bdec2091deb1a5 [term 2 FOLLOWER]: Committing config change with OpId 2.4: config changed from index 3 to 4, VOTER bf5537cd74844bf389b64a96222d16f0 (127.13.208.66) added. New config: { opid_index: 4 OBSOLETE_local: false peers { permanent_uuid: "f3112f5bdce74833a3bdec2091deb1a5" member_type: VOTER last_known_addr { host: "127.13.208.67" port: 36533 } } peers { permanent_uuid: "613d003c41ff4c86a70ce0634c46d578" member_type: VOTER last_known_addr { host: "127.13.208.65" port: 33935 } } peers { permanent_uuid: "bf5537cd74844bf389b64a96222d16f0" member_type: VOTER last_known_addr { host: "127.13.208.66" port: 40967 } } }
I0917 09:19:55.499889 16351 ts_tablet_manager.cc:1453] T 93a32378223c423392af40eb79c3e2b9 P bf5537cd74844bf389b64a96222d16f0: tablet deleted with delete type TABLET_DATA_TOMBSTONED: last-logged OpId 1.1
I0917 09:19:55.499917 15833 catalog_manager.cc:3654] ChangeConfig:ADD_PEER:VOTER RPC for tablet 93a32378223c423392af40eb79c3e2b9 with cas_config_opid_index 3: ChangeConfig:ADD_PEER:VOTER succeeded (attempt 1)
I0917 09:19:55.499954 16351 log.cc:990] T 93a32378223c423392af40eb79c3e2b9 P bf5537cd74844bf389b64a96222d16f0: Deleting WAL directory at /tmp/dist-test-taskLDE0O4/test-tmp/ts_tablet_manager-itest.0.FailedTabletsAreReplacedITest.OneReplica_0.1568711978778636-14145/minicluster-data/ts-1-root/wals/93a32378223c423392af40eb79c3e2b9
I0917 09:19:55.500339 15846 catalog_manager.cc:4120] T 93a32378223c423392af40eb79c3e2b9 P 613d003c41ff4c86a70ce0634c46d578 reported cstate change: config changed from index 3 to 4, VOTER bf5537cd74844bf389b64a96222d16f0 (127.13.208.66) added. New cstate: current_term: 2 leader_uuid: "613d003c41ff4c86a70ce0634c46d578" committed_config { opid_index: 4 OBSOLETE_local: false peers { permanent_uuid: "f3112f5bdce74833a3bdec2091deb1a5" member_type: VOTER last_known_addr { host: "127.13.208.67" port: 36533 } } peers { permanent_uuid: "613d003c41ff4c86a70ce0634c46d578" member_type: VOTER last_known_addr { host: "127.13.208.65" port: 33935 } } peers { permanent_uuid: "bf5537cd74844bf389b64a96222d16f0" member_type: VOTER last_known_addr { host: "127.13.208.66" port: 40967 } } }
I0917 09:19:55.500345 15831 catalog_manager.cc:3490] TS bf5537cd74844bf389b64a96222d16f0 (127.13.208.66:40967): tablet 93a32378223c423392af40eb79c3e2b9 (table test-workload [id=6ce6072f86684f7ab7fc2b10ba4b0948]) successfully deleted
I0917 09:19:55.891438 16352 ts_tablet_manager.cc:708] T 93a32378223c423392af40eb79c3e2b9 P bf5537cd74844bf389b64a96222d16f0: Initiating tablet copy from peer 613d003c41ff4c86a70ce0634c46d578 (127.13.208.65:33935)
I0917 09:19:55.891503 16352 tablet_copy_client.cc:241] T 93a32378223c423392af40eb79c3e2b9 P bf5537cd74844bf389b64a96222d16f0: tablet copy: Beginning tablet copy session from remote peer at address 127.13.208.65:33935
I0917 09:19:55.891743 15943 tablet_copy_service.cc:135] P 613d003c41ff4c86a70ce0634c46d578: Received BeginTabletCopySession request for tablet 93a32378223c423392af40eb79c3e2b9 from peer bf5537cd74844bf389b64a96222d16f0 ({username='slave'} at 127.0.0.1:52914)
I0917 09:19:55.891767 15943 tablet_copy_service.cc:156] P 613d003c41ff4c86a70ce0634c46d578: Beginning new tablet copy session on tablet 93a32378223c423392af40eb79c3e2b9 from peer bf5537cd74844bf389b64a96222d16f0 at {username='slave'} at 127.0.0.1:52914: session id = bf5537cd74844bf389b64a96222d16f0-93a32378223c423392af40eb79c3e2b9
I0917 09:19:55.892283 15943 tablet_copy_source_session.cc:202] T 93a32378223c423392af40eb79c3e2b9 P 613d003c41ff4c86a70ce0634c46d578: Tablet Copy: opened 0 blocks and 1 log segments
I0917 09:19:55.892554 16352 ts_tablet_manager.cc:1440] T 93a32378223c423392af40eb79c3e2b9 P bf5537cd74844bf389b64a96222d16f0: Deleting tablet data with delete state TABLET_DATA_COPYING
I0917 09:19:55.896600 16352 ts_tablet_manager.cc:1453] T 93a32378223c423392af40eb79c3e2b9 P bf5537cd74844bf389b64a96222d16f0: tablet deleted with delete type TABLET_DATA_COPYING: last-logged OpId 1.1
I0917 09:19:55.896672 16352 data_dirs.cc:939] Could only allocate 1 dirs of requested 3 for tablet 93a32378223c423392af40eb79c3e2b9. 1 dirs total, 0 dirs full, 0 dirs failed
I0917 09:19:55.897289 16352 tablet_copy_client.cc:579] T 93a32378223c423392af40eb79c3e2b9 P bf5537cd74844bf389b64a96222d16f0: tablet copy: Starting download of 0 data blocks...
I0917 09:19:55.897351 16352 tablet_copy_client.cc:542] T 93a32378223c423392af40eb79c3e2b9 P bf5537cd74844bf389b64a96222d16f0: tablet copy: Starting download of 1 WAL segments...
I0917 09:19:55.897981 16352 tablet_copy_client.cc:418] T 93a32378223c423392af40eb79c3e2b9 P bf5537cd74844bf389b64a96222d16f0: tablet copy: Tablet Copy complete. Replacing tablet superblock.
I0917 09:19:55.898526 16352 tablet_bootstrap.cc:439] T 93a32378223c423392af40eb79c3e2b9 P bf5537cd74844bf389b64a96222d16f0: Bootstrap starting.
I0917 09:19:55.899513 16352 tablet_bootstrap.cc:439] T 93a32378223c423392af40eb79c3e2b9 P bf5537cd74844bf389b64a96222d16f0: Bootstrap replayed 1/1 log segments. Stats: ops{read=4 overwritten=0 applied=4 ignored=0} inserts{seen=0 ignored=0} mutations{seen=0 ignored=0} orphaned_commits=0. Pending: 0 replicates
I0917 09:19:55.899631 16352 tablet_bootstrap.cc:439] T 93a32378223c423392af40eb79c3e2b9 P bf5537cd74844bf389b64a96222d16f0: Bootstrap complete.
I0917 09:19:55.899698 16352 ts_tablet_manager.cc:1085] T 93a32378223c423392af40eb79c3e2b9 P bf5537cd74844bf389b64a96222d16f0: Time spent bootstrapping tablet: real 0.001s user 0.001s sys 0.000s
I0917 09:19:55.899857 16352 raft_consensus.cc:340] T 93a32378223c423392af40eb79c3e2b9 P bf5537cd74844bf389b64a96222d16f0 [term 2 FOLLOWER]: Replica starting. Triggering 0 pending transactions. Active config: opid_index: 4 OBSOLETE_local: false peers { permanent_uuid: "f3112f5bdce74833a3bdec2091deb1a5" member_type: VOTER last_known_addr { host: "127.13.208.67" port: 36533 } } peers { permanent_uuid: "613d003c41ff4c86a70ce0634c46d578" member_type: VOTER last_known_addr { host: "127.13.208.65" port: 33935 } } peers { permanent_uuid: "bf5537cd74844bf389b64a96222d16f0" member_type: VOTER last_known_addr { host: "127.13.208.66" port: 40967 } }
I0917 09:19:55.899874 16352 raft_consensus.cc:705] T 93a32378223c423392af40eb79c3e2b9 P bf5537cd74844bf389b64a96222d16f0 [term 2 FOLLOWER]: Becoming Follower/Learner. State: Replica: bf5537cd74844bf389b64a96222d16f0, State: Initialized, Role: FOLLOWER
I0917 09:19:55.899926 16352 consensus_queue.cc:229] T 93a32378223c423392af40eb79c3e2b9 P bf5537cd74844bf389b64a96222d16f0 [NON_LEADER]: Queue going to NON_LEADER mode. State: All replicated index: 0, Majority replicated index: 0, Committed index: 4, Last appended: 2.4, Last appended by leader: 4, Current term: 0, Majority size: -1, State: 0, Mode: NON_LEADER, active raft config: opid_index: 4 OBSOLETE_local: false peers { permanent_uuid: "f3112f5bdce74833a3bdec2091deb1a5" member_type: VOTER last_known_addr { host: "127.13.208.67" port: 36533 } } peers { permanent_uuid: "613d003c41ff4c86a70ce0634c46d578" member_type: VOTER last_known_addr { host: "127.13.208.65" port: 33935 } } peers { permanent_uuid: "bf5537cd74844bf389b64a96222d16f0" member_type: VOTER last_known_addr { host: "127.13.208.66" port: 40967 } }
I0917 09:19:55.900032 16352 ts_tablet_manager.cc:1113] T 93a32378223c423392af40eb79c3e2b9 P bf5537cd74844bf389b64a96222d16f0: Time spent starting tablet: real 0.000s user 0.001s sys 0.000s
I0917 09:19:55.900205 15943 tablet_copy_service.cc:325] P 613d003c41ff4c86a70ce0634c46d578: Request end of tablet copy session bf5537cd74844bf389b64a96222d16f0-93a32378223c423392af40eb79c3e2b9 received from {username='slave'} at 127.0.0.1:52914
I0917 09:19:55.900228 15943 tablet_copy_service.cc:413] P 613d003c41ff4c86a70ce0634c46d578: ending tablet copy session bf5537cd74844bf389b64a96222d16f0-93a32378223c423392af40eb79c3e2b9 on tablet 93a32378223c423392af40eb79c3e2b9 with peer bf5537cd74844bf389b64a96222d16f0
I0917 09:19:56.374450 16001 raft_consensus.cc:1126] T 93a32378223c423392af40eb79c3e2b9 P bf5537cd74844bf389b64a96222d16f0 [term 2 FOLLOWER]: Deduplicated request from leader. Original: 2.3->[2.4-2.4] Dedup: 2.4->[] Master Summary UUID | Address | Status ----------------------------------+----------------------+--------- ebc3e15792a94db9b35e13b731cdd6f0 | 127.13.208.126:45123 | HEALTHY Flag | Value | Tags | Master ------------------------------------------+-------+-----------------------+------------------------- raft_prepare_replacement_before_eviction | false | experimental,advanced | all 1 server(s) checked rpc_server_allow_ephemeral_ports | true | unsafe | all 1 server(s) checked Tablet Server Summary UUID | Address | Status | Location ----------------------------------+---------------------+---------+---------- 613d003c41ff4c86a70ce0634c46d578 | 127.13.208.65:33935 | HEALTHY | bf5537cd74844bf389b64a96222d16f0 | 127.13.208.66:40967 | HEALTHY | f3112f5bdce74833a3bdec2091deb1a5 | 127.13.208.67:36533 | HEALTHY | Tablet Server Location Summary Location | Count ----------+--------- | 3 Flag | Value | Tags | Tablet Server ------------------------------------------+-------+-----------------------+------------------------- raft_prepare_replacement_before_eviction | false | experimental,advanced | all 3 server(s) checked rpc_server_allow_ephemeral_ports | true | unsafe | all 3 server(s) checked Version Summary Version | Servers -----------------+------------------------- 1.11.0-SNAPSHOT | all 4 server(s) checked Tablet Summary Summary by table Name | RF | Status | Total Tablets | Healthy | Recovering | Under-replicated | Unavailable ---------------+----+---------+---------------+---------+------------+------------------+------------- test-workload | 3 | HEALTHY | 1 | 1 | 0 | 0 | 0 Tablet Replica Count Summary Statistic | Replica Count ----------------+--------------- Minimum | 1 First Quartile | 1 Median | 1 Third Quartile | 1 Maximum | 1 Total Count Summary | Total Count ----------------+------------- Masters | 1 Tablet Servers | 3 Tables | 1 Tablets | 1 Replicas | 3 ================== Warnings: ================== Some masters have unsafe, experimental, or hidden flags set Some tablet servers have unsafe, experimental, or hidden flags set OK
I0917 09:19:56.409325 14145 log_verifier.cc:121] Checking tablet 93a32378223c423392af40eb79c3e2b9
I0917 09:19:56.420786 14145 log_verifier.cc:172] Verified matching terms for 4 ops in tablet 93a32378223c423392af40eb79c3e2b9
I0917 09:19:56.421989 14145 tablet_server.cc:155] TabletServer shutting down...
I0917 09:19:56.425097 14145 ts_tablet_manager.cc:1159] Shutting down tablet manager...
I0917 09:19:56.425137 14145 tablet_replica.cc:273] T 93a32378223c423392af40eb79c3e2b9 P 613d003c41ff4c86a70ce0634c46d578: stopping tablet replica
I0917 09:19:56.425174 14145 raft_consensus.cc:2147] T 93a32378223c423392af40eb79c3e2b9 P 613d003c41ff4c86a70ce0634c46d578 [term 2 LEADER]: Raft consensus shutting down.
I0917 09:19:56.425236 14145 raft_consensus.cc:2174] T 93a32378223c423392af40eb79c3e2b9 P 613d003c41ff4c86a70ce0634c46d578 [term 2 FOLLOWER]: Raft consensus is shut down!
I0917 09:19:56.437773 14145 tablet_server.cc:169] TabletServer shutdown complete.
I0917 09:19:56.437808 14145 tablet_server.cc:155] TabletServer shutting down...
I0917 09:19:56.437835 14145 tablet_server.cc:169] TabletServer shutdown complete.
I0917 09:19:56.438568 14145 tablet_server.cc:155] TabletServer shutting down...
I0917 09:19:56.442188 14145 ts_tablet_manager.cc:1159] Shutting down tablet manager...
I0917 09:19:56.442221 14145 tablet_replica.cc:273] T 93a32378223c423392af40eb79c3e2b9 P bf5537cd74844bf389b64a96222d16f0: stopping tablet replica
I0917 09:19:56.442251 14145 raft_consensus.cc:2147] T 93a32378223c423392af40eb79c3e2b9 P bf5537cd74844bf389b64a96222d16f0 [term 2 FOLLOWER]: Raft consensus shutting down.
I0917 09:19:56.442270 14145 raft_consensus.cc:2174] T 93a32378223c423392af40eb79c3e2b9 P bf5537cd74844bf389b64a96222d16f0 [term 2 FOLLOWER]: Raft consensus is shut down!
I0917 09:19:56.454597 14145 tablet_server.cc:169] TabletServer shutdown complete.
I0917 09:19:56.454634 14145 tablet_server.cc:155] TabletServer shutting down...
I0917 09:19:56.454689 14145 tablet_server.cc:169] TabletServer shutdown complete.
I0917 09:19:56.455811 14145 tablet_server.cc:155] TabletServer shutting down...
I0917 09:19:56.459394 14145 ts_tablet_manager.cc:1159] Shutting down tablet manager...
I0917 09:19:56.459429 14145 tablet_replica.cc:273] T 93a32378223c423392af40eb79c3e2b9 P f3112f5bdce74833a3bdec2091deb1a5: stopping tablet replica
I0917 09:19:56.459457 14145 raft_consensus.cc:2147] T 93a32378223c423392af40eb79c3e2b9 P f3112f5bdce74833a3bdec2091deb1a5 [term 2 FOLLOWER]: Raft consensus shutting down.
I0917 09:19:56.459475 14145 raft_consensus.cc:2174] T 93a32378223c423392af40eb79c3e2b9 P f3112f5bdce74833a3bdec2091deb1a5 [term 2 FOLLOWER]: Raft consensus is shut down!
I0917 09:19:56.471618 14145 tablet_server.cc:169] TabletServer shutdown complete.
I0917 09:19:56.471652 14145 tablet_server.cc:155] TabletServer shutting down...
I0917 09:19:56.471696 14145 tablet_server.cc:169] TabletServer shutdown complete.
I0917 09:19:56.472599 14145 master.cc:247] Master@127.13.208.126:45123 shutting down...
I0917 09:19:56.475747 14145 raft_consensus.cc:2147] T 00000000000000000000000000000000 P ebc3e15792a94db9b35e13b731cdd6f0 [term 1 LEADER]: Raft consensus shutting down.
I0917 09:19:56.475790 14145 raft_consensus.cc:2174] T 00000000000000000000000000000000 P ebc3e15792a94db9b35e13b731cdd6f0 [term 1 FOLLOWER]: Raft consensus is shut down!
I0917 09:19:56.475806 14145 tablet_replica.cc:273] T 00000000000000000000000000000000 P ebc3e15792a94db9b35e13b731cdd6f0: stopping tablet replica
I0917 09:19:56.487339 14145 master.cc:258] Master@127.13.208.126:45123 shutdown complete. [ OK ] FailedTabletsAreReplacedITest.OneReplica/0 (4332 ms) [ RUN ] FailedTabletsAreReplacedITest.OneReplica/1
I0917 09:19:56.491190 14145 internal_mini_cluster.cc:146] Creating distributed mini masters. Addrs: 127.13.208.126:46829
I0917 09:19:56.492025 14145 system_ntp.cc:193] NTP initialized. Skew: 500ppm Current error: 30804us
I0917 09:19:56.492081 14145 fs_manager.cc:263] Metadata directory not provided
I0917 09:19:56.492106 14145 fs_manager.cc:269] Using write-ahead log directory (fs_wal_dir) as metadata directory
I0917 09:19:56.492141 14145 server_base.cc:452] Could not load existing FS layout: Not found: could not find a healthy instance file
I0917 09:19:56.492149 14145 server_base.cc:453] Attempting to create new FS layout instead
I0917 09:19:56.492381 14145 fs_manager.cc:602] Generated new instance metadata in path /tmp/dist-test-taskLDE0O4/test-tmp/ts_tablet_manager-itest.0.FailedTabletsAreReplacedITest.OneReplica_1.1568711978778636-14145/minicluster-data/master-0-root/instance: uuid: "e3206a60b080419f84f498250a83fabf" format_stamp: "Formatted at 2019-09-17 09:19:56 on dist-test-slave-dist-test-slave-w6nz"
I0917 09:19:56.493491 14145 fs_manager.cc:503] Time spent creating directory manager: real 0.001s user 0.000s sys 0.001s
I0917 09:19:56.493726 14145 file_cache.cc:465] Constructed file cache lbm with capacity 419430
I0917 09:19:56.494323 14145 fs_manager.cc:419] Time spent opening block manager: real 0.000s user 0.000s sys 0.000s
I0917 09:19:56.494360 14145 fs_manager.cc:436] Opened local filesystem: /tmp/dist-test-taskLDE0O4/test-tmp/ts_tablet_manager-itest.0.FailedTabletsAreReplacedITest.OneReplica_1.1568711978778636-14145/minicluster-data/master-0-root uuid: "e3206a60b080419f84f498250a83fabf" format_stamp: "Formatted at 2019-09-17 09:19:56 on dist-test-slave-dist-test-slave-w6nz"
I0917 09:19:56.494385 14145 fs_report.cc:352] FS layout report -------------------- wal directory: /tmp/dist-test-taskLDE0O4/test-tmp/ts_tablet_manager-itest.0.FailedTabletsAreReplacedITest.OneReplica_1.1568711978778636-14145/minicluster-data/master-0-root metadata directory: /tmp/dist-test-taskLDE0O4/test-tmp/ts_tablet_manager-itest.0.FailedTabletsAreReplacedITest.OneReplica_1.1568711978778636-14145/minicluster-data/master-0-root 1 data directories: /tmp/dist-test-taskLDE0O4/test-tmp/ts_tablet_manager-itest.0.FailedTabletsAreReplacedITest.OneReplica_1.1568711978778636-14145/minicluster-data/master-0-root/data Total live blocks: 0 Total live bytes: 0 Total live bytes (after alignment): 0 Total number of LBM containers: 0 (0 full) Did not check for missing blocks Did not check for orphaned blocks Total full LBM containers with extra space: 0 (0 repaired) Total full LBM container extra space in bytes: 0 (0 repaired) Total incomplete LBM containers: 0 (0 repaired) Total LBM partial records: 0 (0 repaired)
I0917 09:19:56.508831 14145 rpc_server.cc:205] RPC server started. Bound to: 127.13.208.126:46829
I0917 09:19:56.509188 14145 webserver.cc:374] Webserver started at http://127.13.208.126:38323/ using document root and password file
I0917 09:19:56.509441 16438 data_dirs.cc:939] Could only allocate 1 dirs of requested 3 for tablet 00000000000000000000000000000000. 1 dirs total, 0 dirs full, 0 dirs failed
I0917 09:19:56.510342 16438 tablet_bootstrap.cc:439] T 00000000000000000000000000000000 P e3206a60b080419f84f498250a83fabf: Bootstrap starting.
I0917 09:19:56.510546 16438 tablet_bootstrap.cc:590] T 00000000000000000000000000000000 P e3206a60b080419f84f498250a83fabf: No blocks or log segments found. Creating new log.
I0917 09:19:56.510954 16438 tablet_bootstrap.cc:439] T 00000000000000000000000000000000 P e3206a60b080419f84f498250a83fabf: No bootstrap required, opened a new log
I0917 09:19:56.511106 16438 raft_consensus.cc:340] T 00000000000000000000000000000000 P e3206a60b080419f84f498250a83fabf [term 0 FOLLOWER]: Replica starting. Triggering 0 pending transactions. Active config: opid_index: -1 OBSOLETE_local: true peers { permanent_uuid: "e3206a60b080419f84f498250a83fabf" member_type: VOTER }
I0917 09:19:56.511121 16438 raft_consensus.cc:366] T 00000000000000000000000000000000 P e3206a60b080419f84f498250a83fabf [term 0 FOLLOWER]: Consensus starting up: Expiring failure detector timer to make a prompt election more likely
I0917 09:19:56.511129 16438 raft_consensus.cc:705] T 00000000000000000000000000000000 P e3206a60b080419f84f498250a83fabf [term 0 FOLLOWER]: Becoming Follower/Learner. State: Replica: e3206a60b080419f84f498250a83fabf, State: Initialized, Role: FOLLOWER
I0917 09:19:56.511186 16438 consensus_queue.cc:229] T 00000000000000000000000000000000 P e3206a60b080419f84f498250a83fabf [NON_LEADER]: Queue going to NON_LEADER mode. State: All replicated index: 0, Majority replicated index: 0, Committed index: 0, Last appended: 0.0, Last appended by leader: 0, Current term: 0, Majority size: -1, State: 0, Mode: NON_LEADER, active raft config: opid_index: -1 OBSOLETE_local: true peers { permanent_uuid: "e3206a60b080419f84f498250a83fabf" member_type: VOTER }
I0917 09:19:56.511198 16438 raft_consensus.cc:380] T 00000000000000000000000000000000 P e3206a60b080419f84f498250a83fabf [term 0 FOLLOWER]: Only one voter in the Raft config. Triggering election immediately
I0917 09:19:56.511205 16438 raft_consensus.cc:472] T 00000000000000000000000000000000 P e3206a60b080419f84f498250a83fabf [term 0 FOLLOWER]: Starting leader election (initial election of a single-replica configuration)
I0917 09:19:56.511214 16438 raft_consensus.cc:2890] T 00000000000000000000000000000000 P e3206a60b080419f84f498250a83fabf [term 0 FOLLOWER]: Advancing to term 1
I0917 09:19:56.612356 16438 raft_consensus.cc:494] T 00000000000000000000000000000000 P e3206a60b080419f84f498250a83fabf [term 1 FOLLOWER]: Starting leader election with config: opid_index: -1 OBSOLETE_local: true peers { permanent_uuid: "e3206a60b080419f84f498250a83fabf" member_type: VOTER }
I0917 09:19:56.612412 16438 leader_election.cc:310] T 00000000000000000000000000000000 P e3206a60b080419f84f498250a83fabf [CANDIDATE]: Term 1 election: Election decided. Result: candidate won. Election summary: received 1 responses out of 1 voters: 1 yes votes; 0 no votes. yes voters: e3206a60b080419f84f498250a83fabf; no voters:
I0917 09:19:56.612527 16438 leader_election.cc:296] T 00000000000000000000000000000000 P e3206a60b080419f84f498250a83fabf [CANDIDATE]: Term 1 election: Requested vote from peers
I0917 09:19:56.612625 16438 sys_catalog.cc:340] T 00000000000000000000000000000000 P e3206a60b080419f84f498250a83fabf [sys.catalog]: SysCatalogTable state changed. Reason: Started TabletReplica. Latest consensus state: current_term: 1 committed_config { opid_index: -1 OBSOLETE_local: true peers { permanent_uuid: "e3206a60b080419f84f498250a83fabf" member_type: VOTER } }
I0917 09:19:56.612639 16438 sys_catalog.cc:343] T 00000000000000000000000000000000 P e3206a60b080419f84f498250a83fabf [sys.catalog]: This master's current role is: FOLLOWER
I0917 09:19:56.612730 16438 sys_catalog.cc:428] T 00000000000000000000000000000000 P e3206a60b080419f84f498250a83fabf [sys.catalog]: configured and running, proceeding with master startup.
I0917 09:19:56.612838 14145 internal_mini_cluster.cc:166] Waiting to initialize catalog manager on master 0
I0917 09:19:56.612932 16440 raft_consensus.cc:2644] T 00000000000000000000000000000000 P e3206a60b080419f84f498250a83fabf [term 1 FOLLOWER]: Leader election won for term 1
I0917 09:19:56.613102 16440 raft_consensus.cc:667] T 00000000000000000000000000000000 P e3206a60b080419f84f498250a83fabf [term 1 LEADER]: Becoming Leader. State: Replica: e3206a60b080419f84f498250a83fabf, State: Running, Role: LEADER
I0917 09:19:56.613162 16440 consensus_queue.cc:206] T 00000000000000000000000000000000 P e3206a60b080419f84f498250a83fabf [LEADER]: Queue going to LEADER mode. State: All replicated index: 0, Majority replicated index: 0, Committed index: 0, Last appended: 0.0, Last appended by leader: 0, Current term: 1, Majority size: 1, State: 0, Mode: LEADER, active raft config: opid_index: -1 OBSOLETE_local: true peers { permanent_uuid: "e3206a60b080419f84f498250a83fabf" member_type: VOTER }
I0917 09:19:56.613515 16441 sys_catalog.cc:340] T 00000000000000000000000000000000 P e3206a60b080419f84f498250a83fabf [sys.catalog]: SysCatalogTable state changed. Reason: RaftConsensus started. Latest consensus state: current_term: 1 leader_uuid: "e3206a60b080419f84f498250a83fabf" committed_config { opid_index: -1 OBSOLETE_local: true peers { permanent_uuid: "e3206a60b080419f84f498250a83fabf" member_type: VOTER } }
W0917 09:19:56.613586 16442 catalog_manager.cc:1144] T 00000000000000000000000000000000 P e3206a60b080419f84f498250a83fabf: acquiring CA information for follower catalog manager: Not found: root CA entry not found
W0917 09:19:56.613644 16442 catalog_manager.cc:627] Not found: root CA entry not found: failed to prepare follower catalog manager, will retry
I0917 09:19:56.613587 16441 sys_catalog.cc:343] T 00000000000000000000000000000000 P e3206a60b080419f84f498250a83fabf [sys.catalog]: This master's current role is: LEADER
I0917 09:19:56.613950 16443 sys_catalog.cc:340] T 00000000000000000000000000000000 P e3206a60b080419f84f498250a83fabf [sys.catalog]: SysCatalogTable state changed. Reason: New leader e3206a60b080419f84f498250a83fabf. Latest consensus state: current_term: 1 leader_uuid: "e3206a60b080419f84f498250a83fabf" committed_config { opid_index: -1 OBSOLETE_local: true peers { permanent_uuid: "e3206a60b080419f84f498250a83fabf" member_type: VOTER } }
I0917 09:19:56.614037 16443 sys_catalog.cc:343] T 00000000000000000000000000000000 P e3206a60b080419f84f498250a83fabf [sys.catalog]: This master's current role is: LEADER
I0917 09:19:56.614046 16445 catalog_manager.cc:1086] Loading table and tablet metadata into memory...
I0917 09:19:56.614167 16445 catalog_manager.cc:1097] Initializing Kudu internal certificate authority...
I0917 09:19:56.640807 16445 catalog_manager.cc:981] Generated new certificate authority record
I0917 09:19:56.641369 16445 catalog_manager.cc:1106] Loading token signing keys...
I0917 09:19:56.653339 16445 catalog_manager.cc:4435] T 00000000000000000000000000000000 P e3206a60b080419f84f498250a83fabf: Generated new TSK 0
I0917 09:19:56.678352 14145 system_ntp.cc:193] NTP initialized. Skew: 500ppm Current error: 30804us
I0917 09:19:56.678424 14145 fs_manager.cc:263] Metadata directory not provided
I0917 09:19:56.678442 14145 fs_manager.cc:269] Using write-ahead log directory (fs_wal_dir) as metadata directory
I0917 09:19:56.678467 14145 server_base.cc:452] Could not load existing FS layout: Not found: could not find a healthy instance file
I0917 09:19:56.678473 14145 server_base.cc:453] Attempting to create new FS layout instead
I0917 09:19:56.678730 14145 fs_manager.cc:602] Generated new instance metadata in path /tmp/dist-test-taskLDE0O4/test-tmp/ts_tablet_manager-itest.0.FailedTabletsAreReplacedITest.OneReplica_1.1568711978778636-14145/minicluster-data/ts-0-root/instance: uuid: "2dd78402759d4877b2991ce5ad9abd06" format_stamp: "Formatted at 2019-09-17 09:19:56 on dist-test-slave-dist-test-slave-w6nz"
I0917 09:19:56.679901 14145 fs_manager.cc:503] Time spent creating directory manager: real 0.001s user 0.001s sys 0.000s
I0917 09:19:56.680188 14145 file_cache.cc:465] Constructed file cache lbm with capacity 419430
I0917 09:19:56.680922 14145 fs_manager.cc:419] Time spent opening block manager: real 0.000s user 0.000s sys 0.000s
I0917 09:19:56.680965 14145 fs_manager.cc:436] Opened local filesystem: /tmp/dist-test-taskLDE0O4/test-tmp/ts_tablet_manager-itest.0.FailedTabletsAreReplacedITest.OneReplica_1.1568711978778636-14145/minicluster-data/ts-0-root uuid: "2dd78402759d4877b2991ce5ad9abd06" format_stamp: "Formatted at 2019-09-17 09:19:56 on dist-test-slave-dist-test-slave-w6nz"
I0917 09:19:56.680985 14145 fs_report.cc:352] FS layout report -------------------- wal directory: /tmp/dist-test-taskLDE0O4/test-tmp/ts_tablet_manager-itest.0.FailedTabletsAreReplacedITest.OneReplica_1.1568711978778636-14145/minicluster-data/ts-0-root metadata directory: /tmp/dist-test-taskLDE0O4/test-tmp/ts_tablet_manager-itest.0.FailedTabletsAreReplacedITest.OneReplica_1.1568711978778636-14145/minicluster-data/ts-0-root 1 data directories: /tmp/dist-test-taskLDE0O4/test-tmp/ts_tablet_manager-itest.0.FailedTabletsAreReplacedITest.OneReplica_1.1568711978778636-14145/minicluster-data/ts-0-root/data Total live blocks: 0 Total live bytes: 0 Total live bytes (after alignment): 0 Total number of LBM containers: 0 (0 full) Did not check for missing blocks Did not check for orphaned blocks Total full LBM containers with extra space: 0 (0 repaired) Total full LBM container extra space in bytes: 0 (0 repaired) Total incomplete LBM containers: 0 (0 repaired) Total LBM partial records: 0 (0 repaired)
I0917 09:19:56.692255 14145 ts_tablet_manager.cc:383] Loaded tablet metadata (0 total tablets, 0 live tablets)
I0917 09:19:56.692281 14145 ts_tablet_manager.cc:403] Registered 0 tablets
I0917 09:19:56.695039 14145 rpc_server.cc:205] RPC server started. Bound to: 127.13.208.65:39567
I0917 09:19:56.695309 14145 webserver.cc:374] Webserver started at http://127.13.208.65:39691/ using document root and password file
I0917 09:19:56.697089 14145 system_ntp.cc:193] NTP initialized. Skew: 500ppm Current error: 30804us
I0917 09:19:56.697165 14145 fs_manager.cc:263] Metadata directory not provided
I0917 09:19:56.697199 14145 fs_manager.cc:269] Using write-ahead log directory (fs_wal_dir) as metadata directory
I0917 09:19:56.697229 14145 server_base.cc:452] Could not load existing FS layout: Not found: could not find a healthy instance file
I0917 09:19:56.697240 14145 server_base.cc:453] Attempting to create new FS layout instead
I0917 09:19:56.697605 14145 fs_manager.cc:602] Generated new instance metadata in path /tmp/dist-test-taskLDE0O4/test-tmp/ts_tablet_manager-itest.0.FailedTabletsAreReplacedITest.OneReplica_1.1568711978778636-14145/minicluster-data/ts-1-root/instance: uuid: "7a66fc8acece469db093d36cf50b448e" format_stamp: "Formatted at 2019-09-17 09:19:56 on dist-test-slave-dist-test-slave-w6nz"
I0917 09:19:56.699000 16512 heartbeater.cc:322] Connected to a master server at 127.13.208.126:46829
I0917 09:19:56.699050 16512 heartbeater.cc:406] Registering TS with master...
I0917 09:19:56.699108 16512 heartbeater.cc:455] Master 127.13.208.126:46829 requested a full tablet report, sending...
I0917 09:19:56.699158 14145 fs_manager.cc:503] Time spent creating directory manager: real 0.001s user 0.002s sys 0.000s
I0917 09:19:56.699429 14145 file_cache.cc:465] Constructed file cache lbm with capacity 419430
I0917 09:19:56.699540 16403 ts_manager.cc:161] Registered new tserver with Master: 2dd78402759d4877b2991ce5ad9abd06 (127.13.208.65:39567)
I0917 09:19:56.700428 14145 fs_manager.cc:419] Time spent opening block manager: real 0.000s user 0.000s sys 0.000s
I0917 09:19:56.700472 14145 fs_manager.cc:436] Opened local filesystem: /tmp/dist-test-taskLDE0O4/test-tmp/ts_tablet_manager-itest.0.FailedTabletsAreReplacedITest.OneReplica_1.1568711978778636-14145/minicluster-data/ts-1-root uuid: "7a66fc8acece469db093d36cf50b448e" format_stamp: "Formatted at 2019-09-17 09:19:56 on dist-test-slave-dist-test-slave-w6nz"
I0917 09:19:56.700479 16403 master_service.cc:276] Signed X509 certificate for tserver {username='slave'} at 127.0.0.1:43028
I0917 09:19:56.700511 14145 fs_report.cc:352] FS layout report -------------------- wal directory: /tmp/dist-test-taskLDE0O4/test-tmp/ts_tablet_manager-itest.0.FailedTabletsAreReplacedITest.OneReplica_1.1568711978778636-14145/minicluster-data/ts-1-root metadata directory: /tmp/dist-test-taskLDE0O4/test-tmp/ts_tablet_manager-itest.0.FailedTabletsAreReplacedITest.OneReplica_1.1568711978778636-14145/minicluster-data/ts-1-root 1 data directories: /tmp/dist-test-taskLDE0O4/test-tmp/ts_tablet_manager-itest.0.FailedTabletsAreReplacedITest.OneReplica_1.1568711978778636-14145/minicluster-data/ts-1-root/data Total live blocks: 0 Total live bytes: 0 Total live bytes (after alignment): 0 Total number of LBM containers: 0 (0 full) Did not check for missing blocks Did not check for orphaned blocks Total full LBM containers with extra space: 0 (0 repaired) Total full LBM container extra space in bytes: 0 (0 repaired) Total incomplete LBM containers: 0 (0 repaired) Total LBM partial records: 0 (0 repaired)
I0917 09:19:56.714946 14145 ts_tablet_manager.cc:383] Loaded tablet metadata (0 total tablets, 0 live tablets)
I0917 09:19:56.714977 14145 ts_tablet_manager.cc:403] Registered 0 tablets
I0917 09:19:56.717118 14145 rpc_server.cc:205] RPC server started. Bound to: 127.13.208.66:46523
I0917 09:19:56.717330 14145 webserver.cc:374] Webserver started at http://127.13.208.66:40697/ using document root and password file
I0917 09:19:56.719882 14145 system_ntp.cc:193] NTP initialized. Skew: 500ppm Current error: 30804us
I0917 09:19:56.719964 14145 fs_manager.cc:263] Metadata directory not provided
I0917 09:19:56.720023 14145 fs_manager.cc:269] Using write-ahead log directory (fs_wal_dir) as metadata directory
I0917 09:19:56.720062 14145 server_base.cc:452] Could not load existing FS layout: Not found: could not find a healthy instance file
I0917 09:19:56.720075 14145 server_base.cc:453] Attempting to create new FS layout instead
I0917 09:19:56.720327 14145 fs_manager.cc:602] Generated new instance metadata in path /tmp/dist-test-taskLDE0O4/test-tmp/ts_tablet_manager-itest.0.FailedTabletsAreReplacedITest.OneReplica_1.1568711978778636-14145/minicluster-data/ts-2-root/instance: uuid: "156e622c1244482eb132ee4e55767682" format_stamp: "Formatted at 2019-09-17 09:19:56 on dist-test-slave-dist-test-slave-w6nz"
I0917 09:19:56.721385 16580 heartbeater.cc:322] Connected to a master server at 127.13.208.126:46829
I0917 09:19:56.721417 16580 heartbeater.cc:406] Registering TS with master...
I0917 09:19:56.721462 16580 heartbeater.cc:455] Master 127.13.208.126:46829 requested a full tablet report, sending...
I0917 09:19:56.721657 16403 ts_manager.cc:161] Registered new tserver with Master: 7a66fc8acece469db093d36cf50b448e (127.13.208.66:46523)
I0917 09:19:56.722059 16403 master_service.cc:276] Signed X509 certificate for tserver {username='slave'} at 127.0.0.1:43030
I0917 09:19:56.787633 14145 fs_manager.cc:503] Time spent creating directory manager: real 0.003s user 0.001s sys 0.001s
I0917 09:19:56.787943 14145 file_cache.cc:465] Constructed file cache lbm with capacity 419430
I0917 09:19:56.789321 14145 fs_manager.cc:419] Time spent opening block manager: real 0.000s user 0.000s sys 0.000s
I0917 09:19:56.789425 14145 fs_manager.cc:436] Opened local filesystem: /tmp/dist-test-taskLDE0O4/test-tmp/ts_tablet_manager-itest.0.FailedTabletsAreReplacedITest.OneReplica_1.1568711978778636-14145/minicluster-data/ts-2-root uuid: "156e622c1244482eb132ee4e55767682" format_stamp: "Formatted at 2019-09-17 09:19:56 on dist-test-slave-dist-test-slave-w6nz"
I0917 09:19:56.789453 14145 fs_report.cc:352] FS layout report -------------------- wal directory: /tmp/dist-test-taskLDE0O4/test-tmp/ts_tablet_manager-itest.0.FailedTabletsAreReplacedITest.OneReplica_1.1568711978778636-14145/minicluster-data/ts-2-root metadata directory: /tmp/dist-test-taskLDE0O4/test-tmp/ts_tablet_manager-itest.0.FailedTabletsAreReplacedITest.OneReplica_1.1568711978778636-14145/minicluster-data/ts-2-root 1 data directories: /tmp/dist-test-taskLDE0O4/test-tmp/ts_tablet_manager-itest.0.FailedTabletsAreReplacedITest.OneReplica_1.1568711978778636-14145/minicluster-data/ts-2-root/data Total live blocks: 0 Total live bytes: 0 Total live bytes (after alignment): 0 Total number of LBM containers: 0 (0 full) Did not check for missing blocks Did not check for orphaned blocks Total full LBM containers with extra space: 0 (0 repaired) Total full LBM container extra space in bytes: 0 (0 repaired) Total incomplete LBM containers: 0 (0 repaired) Total LBM partial records: 0 (0 repaired)
I0917 09:19:56.818033 14145 ts_tablet_manager.cc:383] Loaded tablet metadata (0 total tablets, 0 live tablets)
I0917 09:19:56.818060 14145 ts_tablet_manager.cc:403] Registered 0 tablets
I0917 09:19:56.820156 14145 rpc_server.cc:205] RPC server started. Bound to: 127.13.208.67:34059
I0917 09:19:56.820436 14145 webserver.cc:374] Webserver started at http://127.13.208.67:37147/ using document root and password file
I0917 09:19:56.823328 16647 heartbeater.cc:322] Connected to a master server at 127.13.208.126:46829
I0917 09:19:56.823360 16647 heartbeater.cc:406] Registering TS with master...
I0917 09:19:56.823406 16647 heartbeater.cc:455] Master 127.13.208.126:46829 requested a full tablet report, sending...
I0917 09:19:56.823580 16403 ts_manager.cc:161] Registered new tserver with Master: 156e622c1244482eb132ee4e55767682 (127.13.208.67:34059)
I0917 09:19:56.823761 14145 system_ntp.cc:193] NTP initialized. Skew: 500ppm Current error: 30804us
I0917 09:19:56.823837 14145 fs_manager.cc:263] Metadata directory not provided
I0917 09:19:56.823868 14145 fs_manager.cc:269] Using write-ahead log directory (fs_wal_dir) as metadata directory
I0917 09:19:56.823902 14145 server_base.cc:452] Could not load existing FS layout: Not found: could not find a healthy instance file
I0917 09:19:56.823912 14145 server_base.cc:453] Attempting to create new FS layout instead
I0917 09:19:56.824082 16403 master_service.cc:276] Signed X509 certificate for tserver {username='slave'} at 127.0.0.1:43032
I0917 09:19:56.824156 14145 fs_manager.cc:602] Generated new instance metadata in path /tmp/dist-test-taskLDE0O4/test-tmp/ts_tablet_manager-itest.0.FailedTabletsAreReplacedITest.OneReplica_1.1568711978778636-14145/minicluster-data/ts-3-root/instance: uuid: "ce9933ca3a5c4f5ab9f3a41857b7fbb2" format_stamp: "Formatted at 2019-09-17 09:19:56 on dist-test-slave-dist-test-slave-w6nz"
