I0917 09:19:50.548527 15466 raft_consensus.cc:1184] T 00000000000000000000000000000000 P abfd3dc05c4a4566bb328f04255eb266 [term 2 FOLLOWER]: Refusing update from remote peer e501d8ef778246b69b34d86e7395022b: Log matching property violated. Preceding OpId in replica: term: 1 index: 13. Preceding OpId from leader: term: 2 index: 14. (index mismatch)
I0917 09:19:50.548780 15433 consensus_queue.cc:984] T 00000000000000000000000000000000 P e501d8ef778246b69b34d86e7395022b [LEADER]: Connected to new peer: Peer: permanent_uuid: "abfd3dc05c4a4566bb328f04255eb266" member_type: VOTER last_known_addr { host: "127.13.208.126" port: 33685 }, Status: LMP_MISMATCH, Last received: 0.0, Next index: 14, Last known committed idx: 13, Time since last communication: 0.000s
I0917 09:19:50.549366 15496 sys_catalog.cc:340] T 00000000000000000000000000000000 P abfd3dc05c4a4566bb328f04255eb266 [sys.catalog]: SysCatalogTable state changed. Reason: Replicated consensus-only round. Latest consensus state: current_term: 2 leader_uuid: "e501d8ef778246b69b34d86e7395022b" committed_config { opid_index: -1 OBSOLETE_local: false peers { permanent_uuid: "abfd3dc05c4a4566bb328f04255eb266" member_type: VOTER last_known_addr { host: "127.13.208.126" port: 33685 } } peers { permanent_uuid: "82e2633778254c44a45393ac32540f27" member_type: VOTER last_known_addr { host: "127.13.208.125" port: 37503 } } peers { permanent_uuid: "e501d8ef778246b69b34d86e7395022b" member_type: VOTER last_known_addr { host: "127.13.208.124" port: 39307 } } }
I0917 09:19:50.549391 15496 sys_catalog.cc:343] T 00000000000000000000000000000000 P abfd3dc05c4a4566bb328f04255eb266 [sys.catalog]: This master's current role is: FOLLOWER
I0917 09:19:50.549412 15491 sys_catalog.cc:340] T 00000000000000000000000000000000 P abfd3dc05c4a4566bb328f04255eb266 [sys.catalog]: SysCatalogTable state changed. Reason: New leader e501d8ef778246b69b34d86e7395022b. Latest consensus state: current_term: 2 leader_uuid: "e501d8ef778246b69b34d86e7395022b" committed_config { opid_index: -1 OBSOLETE_local: false peers { permanent_uuid: "abfd3dc05c4a4566bb328f04255eb266" member_type: VOTER last_known_addr { host: "127.13.208.126" port: 33685 } } peers { permanent_uuid: "82e2633778254c44a45393ac32540f27" member_type: VOTER last_known_addr { host: "127.13.208.125" port: 37503 } } peers { permanent_uuid: "e501d8ef778246b69b34d86e7395022b" member_type: VOTER last_known_addr { host: "127.13.208.124" port: 39307 } } }
I0917 09:19:50.549443 15491 sys_catalog.cc:343] T 00000000000000000000000000000000 P abfd3dc05c4a4566bb328f04255eb266 [sys.catalog]: This master's current role is: FOLLOWER
I0917 09:19:50.561635 15269 heartbeater.cc:447] Master 127.13.208.124:39307 was elected leader, sending a full tablet report...
I0917 09:19:50.561815 15341 heartbeater.cc:447] Master 127.13.208.124:39307 was elected leader, sending a full tablet report...
I0917 09:19:50.563385 15430 sys_catalog.cc:340] T 00000000000000000000000000000000 P e501d8ef778246b69b34d86e7395022b [sys.catalog]: SysCatalogTable state changed. Reason: Peer health change. Latest consensus state: current_term: 2 leader_uuid: "e501d8ef778246b69b34d86e7395022b" committed_config { opid_index: -1 OBSOLETE_local: false peers { permanent_uuid: "abfd3dc05c4a4566bb328f04255eb266" member_type: VOTER last_known_addr { host: "127.13.208.126" port: 33685 } } peers { permanent_uuid: "82e2633778254c44a45393ac32540f27" member_type: VOTER last_known_addr { host: "127.13.208.125" port: 37503 } } peers { permanent_uuid: "e501d8ef778246b69b34d86e7395022b" member_type: VOTER last_known_addr { host: "127.13.208.124" port: 39307 } } }
I0917 09:19:50.563414 15430 sys_catalog.cc:343] T 00000000000000000000000000000000 P e501d8ef778246b69b34d86e7395022b [sys.catalog]: This master's current role is: LEADER
I0917 09:19:50.563740 15077 catalog_manager.cc:4580] T 00000000000000000000000000000000 P e501d8ef778246b69b34d86e7395022b: NewTableName [id=03b5e80e6ff342bab99657ab154c5e00] alter complete (version 1)
I0917 09:19:50.565927 15271 heartbeater.cc:322] Connected to a master server at 127.13.208.126:33685
I0917 09:19:50.566304 15456 master_service.cc:229] Got heartbeat from unknown tserver (permanent_uuid: "f42c56d2dc6b4faba5a218e79da90951" instance_seqno: 1568711989250571) as {username='slave'} at 127.0.0.1:43068; Asking this server to re-register.
I0917 09:19:50.566457 15271 heartbeater.cc:406] Registering TS with master...
I0917 09:19:50.566855 15456 ts_manager.cc:161] Registered new tserver with Master: f42c56d2dc6b4faba5a218e79da90951 (127.13.208.66:38793)
I0917 09:19:50.567029 15343 heartbeater.cc:322] Connected to a master server at 127.13.208.126:33685
I0917 09:19:50.567307 15456 master_service.cc:229] Got heartbeat from unknown tserver (permanent_uuid: "eea10e830a664ea4be74d8cffbe95552" instance_seqno: 1568711989299382) as {username='slave'} at 127.0.0.1:43070; Asking this server to re-register.
I0917 09:19:50.567450 15343 heartbeater.cc:406] Registering TS with master...
I0917 09:19:50.567711 15190 heartbeater.cc:447] Master 127.13.208.124:39307 was elected leader, sending a full tablet report...
I0917 09:19:50.567816 15456 ts_manager.cc:161] Registered new tserver with Master: eea10e830a664ea4be74d8cffbe95552 (127.13.208.67:42065)
I0917 09:19:50.570487 15192 heartbeater.cc:322] Connected to a master server at 127.13.208.126:33685
I0917 09:19:50.570816 15456 master_service.cc:229] Got heartbeat from unknown tserver (permanent_uuid: "c2c8bec4d40141a6b1f470f6142de67a" instance_seqno: 1568711989214369) as {username='slave'} at 127.0.0.1:43072; Asking this server to re-register.
I0917 09:19:50.570994 15192 heartbeater.cc:406] Registering TS with master...
I0917 09:19:50.571240 15456 ts_manager.cc:161] Registered new tserver with Master: c2c8bec4d40141a6b1f470f6142de67a (127.13.208.65:39971)
I0917 09:19:50.613472 14145 master.cc:247] Master@127.13.208.124:39307 shutting down...
I0917 09:19:50.616817 14145 raft_consensus.cc:2147] T 00000000000000000000000000000000 P e501d8ef778246b69b34d86e7395022b [term 2 LEADER]: Raft consensus shutting down.
I0917 09:19:50.616937 14145 raft_consensus.cc:2174] T 00000000000000000000000000000000 P e501d8ef778246b69b34d86e7395022b [term 2 FOLLOWER]: Raft consensus is shut down!
I0917 09:19:50.616993 14145 tablet_replica.cc:273] T 00000000000000000000000000000000 P e501d8ef778246b69b34d86e7395022b: stopping tablet replica
I0917 09:19:50.629048 14145 master.cc:258] Master@127.13.208.124:39307 shutdown complete.
I0917 09:19:50.764243 15429 raft_consensus.cc:472] T 00000000000000000000000000000000 P 82e2633778254c44a45393ac32540f27 [term 2 FOLLOWER]: Starting pre-election (detected failure of leader e501d8ef778246b69b34d86e7395022b)
I0917 09:19:50.764371 15429 raft_consensus.cc:494] T 00000000000000000000000000000000 P 82e2633778254c44a45393ac32540f27 [term 2 FOLLOWER]: Starting pre-election with config: opid_index: -1 OBSOLETE_local: false peers { permanent_uuid: "abfd3dc05c4a4566bb328f04255eb266" member_type: VOTER last_known_addr { host: "127.13.208.126" port: 33685 } } peers { permanent_uuid: "82e2633778254c44a45393ac32540f27" member_type: VOTER last_known_addr { host: "127.13.208.125" port: 37503 } } peers { permanent_uuid: "e501d8ef778246b69b34d86e7395022b" member_type: VOTER last_known_addr { host: "127.13.208.124" port: 39307 } }
I0917 09:19:50.764472 15491 raft_consensus.cc:472] T 00000000000000000000000000000000 P abfd3dc05c4a4566bb328f04255eb266 [term 2 FOLLOWER]: Starting pre-election (detected failure of leader e501d8ef778246b69b34d86e7395022b)
I0917 09:19:50.764546 15429 leader_election.cc:296] T 00000000000000000000000000000000 P 82e2633778254c44a45393ac32540f27 [CANDIDATE]: Term 3 pre-election: Requested pre-vote from peers abfd3dc05c4a4566bb328f04255eb266 (127.13.208.126:33685), e501d8ef778246b69b34d86e7395022b (127.13.208.124:39307)
I0917 09:19:50.764618 15491 raft_consensus.cc:494] T 00000000000000000000000000000000 P abfd3dc05c4a4566bb328f04255eb266 [term 2 FOLLOWER]: Starting pre-election with config: opid_index: -1 OBSOLETE_local: false peers { permanent_uuid: "abfd3dc05c4a4566bb328f04255eb266" member_type: VOTER last_known_addr { host: "127.13.208.126" port: 33685 } } peers { permanent_uuid: "82e2633778254c44a45393ac32540f27" member_type: VOTER last_known_addr { host: "127.13.208.125" port: 37503 } } peers { permanent_uuid: "e501d8ef778246b69b34d86e7395022b" member_type: VOTER last_known_addr { host: "127.13.208.124" port: 39307 } }
I0917 09:19:50.764765 15491 leader_election.cc:296] T 00000000000000000000000000000000 P abfd3dc05c4a4566bb328f04255eb266 [CANDIDATE]: Term 3 pre-election: Requested pre-vote from peers 82e2633778254c44a45393ac32540f27 (127.13.208.125:37503), e501d8ef778246b69b34d86e7395022b (127.13.208.124:39307)
W0917 09:19:50.765203 15438 leader_election.cc:341] T 00000000000000000000000000000000 P abfd3dc05c4a4566bb328f04255eb266 [CANDIDATE]: Term 3 pre-election: RPC error from VoteRequest() call to peer e501d8ef778246b69b34d86e7395022b (127.13.208.124:39307): Network error: Client connection negotiation failed: client connection to 127.13.208.124:39307: connect: Connection refused (error 111)
W0917 09:19:50.765214 15003 leader_election.cc:341] T 00000000000000000000000000000000 P 82e2633778254c44a45393ac32540f27 [CANDIDATE]: Term 3 pre-election: RPC error from VoteRequest() call to peer e501d8ef778246b69b34d86e7395022b (127.13.208.124:39307): Network error: Client connection negotiation failed: client connection to 127.13.208.124:39307: connect: Connection refused (error 111)
I0917 09:19:50.769199 15030 tablet_service.cc:1295] Received RequestConsensusVote() RPC: tablet_id: "00000000000000000000000000000000" candidate_uuid: "abfd3dc05c4a4566bb328f04255eb266" candidate_term: 3 candidate_status { last_received { term: 2 index: 15 } } ignore_live_leader: false dest_uuid: "82e2633778254c44a45393ac32540f27" is_pre_election: true
I0917 09:19:50.769204 15465 tablet_service.cc:1295] Received RequestConsensusVote() RPC: tablet_id: "00000000000000000000000000000000" candidate_uuid: "82e2633778254c44a45393ac32540f27" candidate_term: 3 candidate_status { last_received { term: 2 index: 15 } } ignore_live_leader: false dest_uuid: "abfd3dc05c4a4566bb328f04255eb266" is_pre_election: true
I0917 09:19:50.769253 15030 raft_consensus.cc:2350] T 00000000000000000000000000000000 P 82e2633778254c44a45393ac32540f27 [term 2 FOLLOWER]: Leader pre-election vote request: Granting yes vote for candidate abfd3dc05c4a4566bb328f04255eb266 in term 2.
I0917 09:19:50.769256 15465 raft_consensus.cc:2350] T 00000000000000000000000000000000 P abfd3dc05c4a4566bb328f04255eb266 [term 2 FOLLOWER]: Leader pre-election vote request: Granting yes vote for candidate 82e2633778254c44a45393ac32540f27 in term 2.
I0917 09:19:50.769367 15003 leader_election.cc:310] T 00000000000000000000000000000000 P 82e2633778254c44a45393ac32540f27 [CANDIDATE]: Term 3 pre-election: Election decided. Result: candidate won. Election summary: received 3 responses out of 3 voters: 2 yes votes; 1 no votes. yes voters: 82e2633778254c44a45393ac32540f27, abfd3dc05c4a4566bb328f04255eb266; no voters: e501d8ef778246b69b34d86e7395022b
I0917 09:19:50.769372 15437 leader_election.cc:310] T 00000000000000000000000000000000 P abfd3dc05c4a4566bb328f04255eb266 [CANDIDATE]: Term 3 pre-election: Election decided. Result: candidate won. Election summary: received 3 responses out of 3 voters: 2 yes votes; 1 no votes. yes voters: 82e2633778254c44a45393ac32540f27, abfd3dc05c4a4566bb328f04255eb266; no voters: e501d8ef778246b69b34d86e7395022b
I0917 09:19:50.769467 15491 raft_consensus.cc:2644] T 00000000000000000000000000000000 P abfd3dc05c4a4566bb328f04255eb266 [term 2 FOLLOWER]: Leader pre-election won for term 3
I0917 09:19:50.769474 15429 raft_consensus.cc:2644] T 00000000000000000000000000000000 P 82e2633778254c44a45393ac32540f27 [term 2 FOLLOWER]: Leader pre-election won for term 3
I0917 09:19:50.769484 15491 raft_consensus.cc:472] T 00000000000000000000000000000000 P abfd3dc05c4a4566bb328f04255eb266 [term 2 FOLLOWER]: Starting leader election (detected failure of leader e501d8ef778246b69b34d86e7395022b)
I0917 09:19:50.769493 15429 raft_consensus.cc:472] T 00000000000000000000000000000000 P 82e2633778254c44a45393ac32540f27 [term 2 FOLLOWER]: Starting leader election (detected failure of leader e501d8ef778246b69b34d86e7395022b)
I0917 09:19:50.769498 15491 raft_consensus.cc:2890] T 00000000000000000000000000000000 P abfd3dc05c4a4566bb328f04255eb266 [term 2 FOLLOWER]: Advancing to term 3
I0917 09:19:50.769505 15429 raft_consensus.cc:2890] T 00000000000000000000000000000000 P 82e2633778254c44a45393ac32540f27 [term 2 FOLLOWER]: Advancing to term 3
I0917 09:19:50.771342 15491 raft_consensus.cc:494] T 00000000000000000000000000000000 P abfd3dc05c4a4566bb328f04255eb266 [term 3 FOLLOWER]: Starting leader election with config: opid_index: -1 OBSOLETE_local: false peers { permanent_uuid: "abfd3dc05c4a4566bb328f04255eb266" member_type: VOTER last_known_addr { host: "127.13.208.126" port: 33685 } } peers { permanent_uuid: "82e2633778254c44a45393ac32540f27" member_type: VOTER last_known_addr { host: "127.13.208.125" port: 37503 } } peers { permanent_uuid: "e501d8ef778246b69b34d86e7395022b" member_type: VOTER last_known_addr { host: "127.13.208.124" port: 39307 } }
I0917 09:19:50.771466 15491 leader_election.cc:296] T 00000000000000000000000000000000 P abfd3dc05c4a4566bb328f04255eb266 [CANDIDATE]: Term 3 election: Requested vote from peers 82e2633778254c44a45393ac32540f27 (127.13.208.125:37503), e501d8ef778246b69b34d86e7395022b (127.13.208.124:39307)
I0917 09:19:50.771476 15429 raft_consensus.cc:494] T 00000000000000000000000000000000 P 82e2633778254c44a45393ac32540f27 [term 3 FOLLOWER]: Starting leader election with config: opid_index: -1 OBSOLETE_local: false peers { permanent_uuid: "abfd3dc05c4a4566bb328f04255eb266" member_type: VOTER last_known_addr { host: "127.13.208.126" port: 33685 } } peers { permanent_uuid: "82e2633778254c44a45393ac32540f27" member_type: VOTER last_known_addr { host: "127.13.208.125" port: 37503 } } peers { permanent_uuid: "e501d8ef778246b69b34d86e7395022b" member_type: VOTER last_known_addr { host: "127.13.208.124" port: 39307 } }
I0917 09:19:50.771715 15030 tablet_service.cc:1295] Received RequestConsensusVote() RPC: tablet_id: "00000000000000000000000000000000" candidate_uuid: "abfd3dc05c4a4566bb328f04255eb266" candidate_term: 3 candidate_status { last_received { term: 2 index: 15 } } ignore_live_leader: false dest_uuid: "82e2633778254c44a45393ac32540f27"
I0917 09:19:50.771747 15030 raft_consensus.cc:2280] T 00000000000000000000000000000000 P 82e2633778254c44a45393ac32540f27 [term 3 FOLLOWER]: Leader election vote request: Denying vote to candidate abfd3dc05c4a4566bb328f04255eb266 in current term 3: Already voted for candidate 82e2633778254c44a45393ac32540f27 in this term.
W0917 09:19:50.771947 15438 leader_election.cc:341] T 00000000000000000000000000000000 P abfd3dc05c4a4566bb328f04255eb266 [CANDIDATE]: Term 3 election: RPC error from VoteRequest() call to peer e501d8ef778246b69b34d86e7395022b (127.13.208.124:39307): Network error: Client connection negotiation failed: client connection to 127.13.208.124:39307: connect: Connection refused (error 111)
I0917 09:19:50.771980 15438 leader_election.cc:310] T 00000000000000000000000000000000 P abfd3dc05c4a4566bb328f04255eb266 [CANDIDATE]: Term 3 election: Election decided. Result: candidate lost. Election summary: received 3 responses out of 3 voters: 1 yes votes; 2 no votes. yes voters: abfd3dc05c4a4566bb328f04255eb266; no voters: 82e2633778254c44a45393ac32540f27, e501d8ef778246b69b34d86e7395022b
I0917 09:19:50.772029 15491 raft_consensus.cc:2592] T 00000000000000000000000000000000 P abfd3dc05c4a4566bb328f04255eb266 [term 3 FOLLOWER]: Leader election lost for term 3. Reason: could not achieve majority
I0917 09:19:50.773028 15429 leader_election.cc:296] T 00000000000000000000000000000000 P 82e2633778254c44a45393ac32540f27 [CANDIDATE]: Term 3 election: Requested vote from peers abfd3dc05c4a4566bb328f04255eb266 (127.13.208.126:33685), e501d8ef778246b69b34d86e7395022b (127.13.208.124:39307)
W0917 09:19:50.773223 15003 leader_election.cc:341] T 00000000000000000000000000000000 P 82e2633778254c44a45393ac32540f27 [CANDIDATE]: Term 3 election: RPC error from VoteRequest() call to peer e501d8ef778246b69b34d86e7395022b (127.13.208.124:39307): Network error: Client connection negotiation failed: client connection to 127.13.208.124:39307: connect: Connection refused (error 111)
I0917 09:19:50.773301 15465 tablet_service.cc:1295] Received RequestConsensusVote() RPC: tablet_id: "00000000000000000000000000000000" candidate_uuid: "82e2633778254c44a45393ac32540f27" candidate_term: 3 candidate_status { last_received { term: 2 index: 15 } } ignore_live_leader: false dest_uuid: "abfd3dc05c4a4566bb328f04255eb266"
I0917 09:19:50.773332 15465 raft_consensus.cc:2280] T 00000000000000000000000000000000 P abfd3dc05c4a4566bb328f04255eb266 [term 3 FOLLOWER]: Leader election vote request: Denying vote to candidate 82e2633778254c44a45393ac32540f27 in current term 3: Already voted for candidate abfd3dc05c4a4566bb328f04255eb266 in this term.
I0917 09:19:50.773485 15003 leader_election.cc:310] T 00000000000000000000000000000000 P 82e2633778254c44a45393ac32540f27 [CANDIDATE]: Term 3 election: Election decided. Result: candidate lost. Election summary: received 3 responses out of 3 voters: 1 yes votes; 2 no votes. yes voters: 82e2633778254c44a45393ac32540f27; no voters: abfd3dc05c4a4566bb328f04255eb266, e501d8ef778246b69b34d86e7395022b
I0917 09:19:50.773583 15429 raft_consensus.cc:2592] T 00000000000000000000000000000000 P 82e2633778254c44a45393ac32540f27 [term 3 FOLLOWER]: Leader election lost for term 3. Reason: could not achieve majority
I0917 09:19:50.833788 14145 system_ntp.cc:193] NTP initialized. Skew: 500ppm Current error: 27804us
I0917 09:19:50.833861 14145 fs_manager.cc:263] Metadata directory not provided
I0917 09:19:50.833878 14145 fs_manager.cc:266] Using existing metadata directory in first data directory
I0917 09:19:50.837272 14145 fs_manager.cc:399] Time spent opening directory manager: real 0.003s user 0.000s sys 0.001s
I0917 09:19:50.837605 14145 file_cache.cc:465] Constructed file cache lbm with capacity 419430
I0917 09:19:50.839455 14145 fs_manager.cc:419] Time spent opening block manager: real 0.000s user 0.000s sys 0.000s
I0917 09:19:50.839506 14145 fs_manager.cc:436] Opened local filesystem: /tmp/dist-test-taskLDE0O4/test-tmp/ts_tablet_manager-itest.0.TsTabletManagerITest.TestTableStats.1568711978778636-14145/minicluster-data/master-2-root uuid: "e501d8ef778246b69b34d86e7395022b" format_stamp: "Formatted at 2019-09-17 09:19:49 on dist-test-slave-dist-test-slave-w6nz"
I0917 09:19:50.839529 14145 fs_report.cc:352] FS layout report -------------------- wal directory: /tmp/dist-test-taskLDE0O4/test-tmp/ts_tablet_manager-itest.0.TsTabletManagerITest.TestTableStats.1568711978778636-14145/minicluster-data/master-2-root metadata directory: /tmp/dist-test-taskLDE0O4/test-tmp/ts_tablet_manager-itest.0.TsTabletManagerITest.TestTableStats.1568711978778636-14145/minicluster-data/master-2-root 1 data directories: /tmp/dist-test-taskLDE0O4/test-tmp/ts_tablet_manager-itest.0.TsTabletManagerITest.TestTableStats.1568711978778636-14145/minicluster-data/master-2-root/data Total live blocks: 0 Total live bytes: 0 Total live bytes (after alignment): 0 Total number of LBM containers: 0 (0 full) Did not check for missing blocks Did not check for orphaned blocks Total full LBM containers with extra space: 0 (0 repaired) Total full LBM container extra space in bytes: 0 (0 repaired) Total incomplete LBM containers: 0 (0 repaired) Total LBM partial records: 0 (0 repaired)
I0917 09:19:50.863963 14145 rpc_server.cc:205] RPC server started. Bound to: 127.13.208.124:39307
I0917 09:19:50.864280 14145 webserver.cc:374] Webserver started at http://127.13.208.124:44755/ using document root and password file
I0917 09:19:50.865206 15557 sys_catalog.cc:188] Verifying existing consensus state
I0917 09:19:50.865568 15557 tablet_bootstrap.cc:439] T 00000000000000000000000000000000 P e501d8ef778246b69b34d86e7395022b: Bootstrap starting.
I0917 09:19:50.867156 15557 tablet_bootstrap.cc:439] T 00000000000000000000000000000000 P e501d8ef778246b69b34d86e7395022b: Bootstrap replayed 1/1 log segments. Stats: ops{read=15 overwritten=0 applied=15 ignored=0} inserts{seen=6 ignored=0} mutations{seen=12 ignored=0} orphaned_commits=0. Pending: 0 replicates
I0917 09:19:50.867360 15557 tablet_bootstrap.cc:439] T 00000000000000000000000000000000 P e501d8ef778246b69b34d86e7395022b: Bootstrap complete.
I0917 09:19:50.867552 15557 raft_consensus.cc:340] T 00000000000000000000000000000000 P e501d8ef778246b69b34d86e7395022b [term 2 FOLLOWER]: Replica starting. Triggering 0 pending transactions. Active config: opid_index: -1 OBSOLETE_local: false peers { permanent_uuid: "abfd3dc05c4a4566bb328f04255eb266" member_type: VOTER last_known_addr { host: "127.13.208.126" port: 33685 } } peers { permanent_uuid: "82e2633778254c44a45393ac32540f27" member_type: VOTER last_known_addr { host: "127.13.208.125" port: 37503 } } peers { permanent_uuid: "e501d8ef778246b69b34d86e7395022b" member_type: VOTER last_known_addr { host: "127.13.208.124" port: 39307 } }
I0917 09:19:50.867571 15557 raft_consensus.cc:705] T 00000000000000000000000000000000 P e501d8ef778246b69b34d86e7395022b [term 2 FOLLOWER]: Becoming Follower/Learner. State: Replica: e501d8ef778246b69b34d86e7395022b, State: Initialized, Role: FOLLOWER
I0917 09:19:50.867640 15557 consensus_queue.cc:229] T 00000000000000000000000000000000 P e501d8ef778246b69b34d86e7395022b [NON_LEADER]: Queue going to NON_LEADER mode. State: All replicated index: 0, Majority replicated index: 0, Committed index: 15, Last appended: 2.15, Last appended by leader: 15, Current term: 0, Majority size: -1, State: 0, Mode: NON_LEADER, active raft config: opid_index: -1 OBSOLETE_local: false peers { permanent_uuid: "abfd3dc05c4a4566bb328f04255eb266" member_type: VOTER last_known_addr { host: "127.13.208.126" port: 33685 } } peers { permanent_uuid: "82e2633778254c44a45393ac32540f27" member_type: VOTER last_known_addr { host: "127.13.208.125" port: 37503 } } peers { permanent_uuid: "e501d8ef778246b69b34d86e7395022b" member_type: VOTER last_known_addr { host: "127.13.208.124" port: 39307 } }
I0917 09:19:50.867753 15557 sys_catalog.cc:340] T 00000000000000000000000000000000 P e501d8ef778246b69b34d86e7395022b [sys.catalog]: SysCatalogTable state changed. Reason: Started TabletReplica. Latest consensus state: current_term: 2 committed_config { opid_index: -1 OBSOLETE_local: false peers { permanent_uuid: "abfd3dc05c4a4566bb328f04255eb266" member_type: VOTER last_known_addr { host: "127.13.208.126" port: 33685 } } peers { permanent_uuid: "82e2633778254c44a45393ac32540f27" member_type: VOTER last_known_addr { host: "127.13.208.125" port: 37503 } } peers { permanent_uuid: "e501d8ef778246b69b34d86e7395022b" member_type: VOTER last_known_addr { host: "127.13.208.124" port: 39307 } } }
I0917 09:19:50.867781 15557 sys_catalog.cc:343] T 00000000000000000000000000000000 P e501d8ef778246b69b34d86e7395022b [sys.catalog]: This master's current role is: FOLLOWER
I0917 09:19:50.867882 15557 sys_catalog.cc:428] T 00000000000000000000000000000000 P e501d8ef778246b69b34d86e7395022b [sys.catalog]: configured and running, proceeding with master startup.
I0917 09:19:50.867918 15559 sys_catalog.cc:340] T 00000000000000000000000000000000 P e501d8ef778246b69b34d86e7395022b [sys.catalog]: SysCatalogTable state changed. Reason: RaftConsensus started. Latest consensus state: current_term: 2 committed_config { opid_index: -1 OBSOLETE_local: false peers { permanent_uuid: "abfd3dc05c4a4566bb328f04255eb266" member_type: VOTER last_known_addr { host: "127.13.208.126" port: 33685 } } peers { permanent_uuid: "82e2633778254c44a45393ac32540f27" member_type: VOTER last_known_addr { host: "127.13.208.125" port: 37503 } } peers { permanent_uuid: "e501d8ef778246b69b34d86e7395022b" member_type: VOTER last_known_addr { host: "127.13.208.124" port: 39307 } } }
I0917 09:19:50.867942 15559 sys_catalog.cc:343] T 00000000000000000000000000000000 P e501d8ef778246b69b34d86e7395022b [sys.catalog]: This master's current role is: FOLLOWER
I0917 09:19:50.869392 15560 catalog_manager.cc:1142] T 00000000000000000000000000000000 P e501d8ef778246b69b34d86e7395022b: acquiring CA information for follower catalog manager: success
I0917 09:19:50.869572 15560 catalog_manager.cc:1170] T 00000000000000000000000000000000 P e501d8ef778246b69b34d86e7395022b: importing token verification keys for follower catalog manager: success; most recent TSK sequence number 0
I0917 09:19:50.917783 15269 heartbeater.cc:322] Connected to a master server at 127.13.208.124:39307
I0917 09:19:50.918251 15522 master_service.cc:229] Got heartbeat from unknown tserver (permanent_uuid: "f42c56d2dc6b4faba5a218e79da90951" instance_seqno: 1568711989250571) as {username='slave'} at 127.0.0.1:58094; Asking this server to re-register.
I0917 09:19:50.918378 15269 heartbeater.cc:406] Registering TS with master...
I0917 09:19:50.918805 15522 ts_manager.cc:161] Registered new tserver with Master: f42c56d2dc6b4faba5a218e79da90951 (127.13.208.66:38793)
I0917 09:19:50.919644 15341 heartbeater.cc:322] Connected to a master server at 127.13.208.124:39307
I0917 09:19:50.919720 15190 heartbeater.cc:322] Connected to a master server at 127.13.208.124:39307
I0917 09:19:50.919875 15522 master_service.cc:229] Got heartbeat from unknown tserver (permanent_uuid: "eea10e830a664ea4be74d8cffbe95552" instance_seqno: 1568711989299382) as {username='slave'} at 127.0.0.1:58096; Asking this server to re-register.
I0917 09:19:50.919975 15524 master_service.cc:229] Got heartbeat from unknown tserver (permanent_uuid: "c2c8bec4d40141a6b1f470f6142de67a" instance_seqno: 1568711989214369) as {username='slave'} at 127.0.0.1:58098; Asking this server to re-register.
I0917 09:19:50.920001 15341 heartbeater.cc:406] Registering TS with master...
I0917 09:19:50.920107 15190 heartbeater.cc:406] Registering TS with master...
I0917 09:19:50.920228 15524 ts_manager.cc:161] Registered new tserver with Master: eea10e830a664ea4be74d8cffbe95552 (127.13.208.67:42065)
I0917 09:19:50.920356 15522 ts_manager.cc:161] Registered new tserver with Master: c2c8bec4d40141a6b1f470f6142de67a (127.13.208.65:39971)
I0917 09:19:51.046635 15429 raft_consensus.cc:472] T 00000000000000000000000000000000 P 82e2633778254c44a45393ac32540f27 [term 3 FOLLOWER]: Starting pre-election (no leader contacted us within the election timeout)
I0917 09:19:51.046795 15429 raft_consensus.cc:494] T 00000000000000000000000000000000 P 82e2633778254c44a45393ac32540f27 [term 3 FOLLOWER]: Starting pre-election with config: opid_index: -1 OBSOLETE_local: false peers { permanent_uuid: "abfd3dc05c4a4566bb328f04255eb266" member_type: VOTER last_known_addr { host: "127.13.208.126" port: 33685 } } peers { permanent_uuid: "82e2633778254c44a45393ac32540f27" member_type: VOTER last_known_addr { host: "127.13.208.125" port: 37503 } } peers { permanent_uuid: "e501d8ef778246b69b34d86e7395022b" member_type: VOTER last_known_addr { host: "127.13.208.124" port: 39307 } }
I0917 09:19:51.047214 15429 leader_election.cc:296] T 00000000000000000000000000000000 P 82e2633778254c44a45393ac32540f27 [CANDIDATE]: Term 4 pre-election: Requested pre-vote from peers abfd3dc05c4a4566bb328f04255eb266 (127.13.208.126:33685), e501d8ef778246b69b34d86e7395022b (127.13.208.124:39307)
I0917 09:19:51.047574 15465 tablet_service.cc:1295] Received RequestConsensusVote() RPC: tablet_id: "00000000000000000000000000000000" candidate_uuid: "82e2633778254c44a45393ac32540f27" candidate_term: 4 candidate_status { last_received { term: 2 index: 15 } } ignore_live_leader: false dest_uuid: "abfd3dc05c4a4566bb328f04255eb266" is_pre_election: true
I0917 09:19:51.047677 15465 raft_consensus.cc:2350] T 00000000000000000000000000000000 P abfd3dc05c4a4566bb328f04255eb266 [term 3 FOLLOWER]: Leader pre-election vote request: Granting yes vote for candidate 82e2633778254c44a45393ac32540f27 in term 3.
I0917 09:19:51.047808 15003 leader_election.cc:310] T 00000000000000000000000000000000 P 82e2633778254c44a45393ac32540f27 [CANDIDATE]: Term 4 pre-election: Election decided. Result: candidate won. Election summary: received 2 responses out of 3 voters: 2 yes votes; 0 no votes. yes voters: 82e2633778254c44a45393ac32540f27, abfd3dc05c4a4566bb328f04255eb266; no voters:
I0917 09:19:51.047940 15429 raft_consensus.cc:2644] T 00000000000000000000000000000000 P 82e2633778254c44a45393ac32540f27 [term 3 FOLLOWER]: Leader pre-election won for term 4
I0917 09:19:51.047969 15429 raft_consensus.cc:472] T 00000000000000000000000000000000 P 82e2633778254c44a45393ac32540f27 [term 3 FOLLOWER]: Starting leader election (no leader contacted us within the election timeout)
I0917 09:19:51.047978 15429 raft_consensus.cc:2890] T 00000000000000000000000000000000 P 82e2633778254c44a45393ac32540f27 [term 3 FOLLOWER]: Advancing to term 4
I0917 09:19:51.050913 15525 tablet_service.cc:1295] Received RequestConsensusVote() RPC: tablet_id: "00000000000000000000000000000000" candidate_uuid: "82e2633778254c44a45393ac32540f27" candidate_term: 4 candidate_status { last_received { term: 2 index: 15 } } ignore_live_leader: false dest_uuid: "e501d8ef778246b69b34d86e7395022b" is_pre_election: true
I0917 09:19:51.050952 15525 raft_consensus.cc:2350] T 00000000000000000000000000000000 P e501d8ef778246b69b34d86e7395022b [term 2 FOLLOWER]: Leader pre-election vote request: Granting yes vote for candidate 82e2633778254c44a45393ac32540f27 in term 2.
I0917 09:19:51.057184 15429 raft_consensus.cc:494] T 00000000000000000000000000000000 P 82e2633778254c44a45393ac32540f27 [term 4 FOLLOWER]: Starting leader election with config: opid_index: -1 OBSOLETE_local: false peers { permanent_uuid: "abfd3dc05c4a4566bb328f04255eb266" member_type: VOTER last_known_addr { host: "127.13.208.126" port: 33685 } } peers { permanent_uuid: "82e2633778254c44a45393ac32540f27" member_type: VOTER last_known_addr { host: "127.13.208.125" port: 37503 } } peers { permanent_uuid: "e501d8ef778246b69b34d86e7395022b" member_type: VOTER last_known_addr { host: "127.13.208.124" port: 39307 } }
I0917 09:19:51.057297 15429 leader_election.cc:296] T 00000000000000000000000000000000 P 82e2633778254c44a45393ac32540f27 [CANDIDATE]: Term 4 election: Requested vote from peers abfd3dc05c4a4566bb328f04255eb266 (127.13.208.126:33685), e501d8ef778246b69b34d86e7395022b (127.13.208.124:39307)
I0917 09:19:51.057533 15465 tablet_service.cc:1295] Received RequestConsensusVote() RPC: tablet_id: "00000000000000000000000000000000" candidate_uuid: "82e2633778254c44a45393ac32540f27" candidate_term: 4 candidate_status { last_received { term: 2 index: 15 } } ignore_live_leader: false dest_uuid: "abfd3dc05c4a4566bb328f04255eb266"
I0917 09:19:51.057570 15465 raft_consensus.cc:2890] T 00000000000000000000000000000000 P abfd3dc05c4a4566bb328f04255eb266 [term 3 FOLLOWER]: Advancing to term 4
I0917 09:19:51.057582 15525 tablet_service.cc:1295] Received RequestConsensusVote() RPC: tablet_id: "00000000000000000000000000000000" candidate_uuid: "82e2633778254c44a45393ac32540f27" candidate_term: 4 candidate_status { last_received { term: 2 index: 15 } } ignore_live_leader: false dest_uuid: "e501d8ef778246b69b34d86e7395022b"
I0917 09:19:51.057687 15525 raft_consensus.cc:2890] T 00000000000000000000000000000000 P e501d8ef778246b69b34d86e7395022b [term 2 FOLLOWER]: Advancing to term 4
I0917 09:19:51.059206 15465 raft_consensus.cc:2350] T 00000000000000000000000000000000 P abfd3dc05c4a4566bb328f04255eb266 [term 4 FOLLOWER]: Leader election vote request: Granting yes vote for candidate 82e2633778254c44a45393ac32540f27 in term 4.
I0917 09:19:51.059247 15525 raft_consensus.cc:2350] T 00000000000000000000000000000000 P e501d8ef778246b69b34d86e7395022b [term 4 FOLLOWER]: Leader election vote request: Granting yes vote for candidate 82e2633778254c44a45393ac32540f27 in term 4.
I0917 09:19:51.059387 15003 leader_election.cc:310] T 00000000000000000000000000000000 P 82e2633778254c44a45393ac32540f27 [CANDIDATE]: Term 4 election: Election decided. Result: candidate won. Election summary: received 2 responses out of 3 voters: 2 yes votes; 0 no votes. yes voters: 82e2633778254c44a45393ac32540f27, e501d8ef778246b69b34d86e7395022b; no voters:
I0917 09:19:51.059471 15429 raft_consensus.cc:2644] T 00000000000000000000000000000000 P 82e2633778254c44a45393ac32540f27 [term 4 FOLLOWER]: Leader election won for term 4
I0917 09:19:51.059551 15429 raft_consensus.cc:667] T 00000000000000000000000000000000 P 82e2633778254c44a45393ac32540f27 [term 4 LEADER]: Becoming Leader. State: Replica: 82e2633778254c44a45393ac32540f27, State: Running, Role: LEADER
I0917 09:19:51.059633 15429 consensus_queue.cc:206] T 00000000000000000000000000000000 P 82e2633778254c44a45393ac32540f27 [LEADER]: Queue going to LEADER mode. State: All replicated index: 0, Majority replicated index: 15, Committed index: 15, Last appended: 2.15, Last appended by leader: 15, Current term: 4, Majority size: 2, State: 0, Mode: LEADER, active raft config: opid_index: -1 OBSOLETE_local: false peers { permanent_uuid: "abfd3dc05c4a4566bb328f04255eb266" member_type: VOTER last_known_addr { host: "127.13.208.126" port: 33685 } } peers { permanent_uuid: "82e2633778254c44a45393ac32540f27" member_type: VOTER last_known_addr { host: "127.13.208.125" port: 37503 } } peers { permanent_uuid: "e501d8ef778246b69b34d86e7395022b" member_type: VOTER last_known_addr { host: "127.13.208.124" port: 39307 } }
I0917 09:19:51.059815 15564 sys_catalog.cc:340] T 00000000000000000000000000000000 P 82e2633778254c44a45393ac32540f27 [sys.catalog]: SysCatalogTable state changed. Reason: New leader 82e2633778254c44a45393ac32540f27. Latest consensus state: current_term: 4 leader_uuid: "82e2633778254c44a45393ac32540f27" committed_config { opid_index: -1 OBSOLETE_local: false peers { permanent_uuid: "abfd3dc05c4a4566bb328f04255eb266" member_type: VOTER last_known_addr { host: "127.13.208.126" port: 33685 } } peers { permanent_uuid: "82e2633778254c44a45393ac32540f27" member_type: VOTER last_known_addr { host: "127.13.208.125" port: 37503 } } peers { permanent_uuid: "e501d8ef778246b69b34d86e7395022b" member_type: VOTER last_known_addr { host: "127.13.208.124" port: 39307 } } }
I0917 09:19:51.059846 15564 sys_catalog.cc:343] T 00000000000000000000000000000000 P 82e2633778254c44a45393ac32540f27 [sys.catalog]: This master's current role is: LEADER
I0917 09:19:51.059950 15565 catalog_manager.cc:1086] Loading table and tablet metadata into memory...
I0917 09:19:51.060125 15565 catalog_manager.cc:387] Loaded metadata for table NewTableName [id=03b5e80e6ff342bab99657ab154c5e00]
I0917 09:19:51.060206 15565 catalog_manager.cc:441] Loaded metadata for tablet ac74b319ad54416685f8b9d9506e1d61 (table NewTableName [id=03b5e80e6ff342bab99657ab154c5e00])
I0917 09:19:51.060235 15565 catalog_manager.cc:441] Loaded metadata for tablet de49f5bae5244941af0020522f04d827 (table NewTableName [id=03b5e80e6ff342bab99657ab154c5e00])
I0917 09:19:51.060258 15565 catalog_manager.cc:441] Loaded metadata for tablet f67125c2201a4791ab5756ecc8fba82a (table NewTableName [id=03b5e80e6ff342bab99657ab154c5e00])
I0917 09:19:51.060277 15565 catalog_manager.cc:1097] Initializing Kudu internal certificate authority...
I0917 09:19:51.060459 15565 catalog_manager.cc:1106] Loading token signing keys...
I0917 09:19:51.060510 15565 catalog_manager.cc:4446] T 00000000000000000000000000000000 P 82e2633778254c44a45393ac32540f27: Loaded TSK: 0
I0917 09:19:51.147629 15465 raft_consensus.cc:1184] T 00000000000000000000000000000000 P abfd3dc05c4a4566bb328f04255eb266 [term 4 FOLLOWER]: Refusing update from remote peer 82e2633778254c44a45393ac32540f27: Log matching property violated. Preceding OpId in replica: term: 2 index: 15. Preceding OpId from leader: term: 4 index: 16. (index mismatch)
I0917 09:19:51.147917 15564 consensus_queue.cc:984] T 00000000000000000000000000000000 P 82e2633778254c44a45393ac32540f27 [LEADER]: Connected to new peer: Peer: permanent_uuid: "abfd3dc05c4a4566bb328f04255eb266" member_type: VOTER last_known_addr { host: "127.13.208.126" port: 33685 }, Status: LMP_MISMATCH, Last received: 0.0, Next index: 16, Last known committed idx: 15, Time since last communication: 0.000s
I0917 09:19:51.148272 15491 sys_catalog.cc:340] T 00000000000000000000000000000000 P abfd3dc05c4a4566bb328f04255eb266 [sys.catalog]: SysCatalogTable state changed. Reason: New leader 82e2633778254c44a45393ac32540f27. Latest consensus state: current_term: 4 leader_uuid: "82e2633778254c44a45393ac32540f27" committed_config { opid_index: -1 OBSOLETE_local: false peers { permanent_uuid: "abfd3dc05c4a4566bb328f04255eb266" member_type: VOTER last_known_addr { host: "127.13.208.126" port: 33685 } } peers { permanent_uuid: "82e2633778254c44a45393ac32540f27" member_type: VOTER last_known_addr { host: "127.13.208.125" port: 37503 } } peers { permanent_uuid: "e501d8ef778246b69b34d86e7395022b" member_type: VOTER last_known_addr { host: "127.13.208.124" port: 39307 } } }
I0917 09:19:51.148298 15491 sys_catalog.cc:343] T 00000000000000000000000000000000 P abfd3dc05c4a4566bb328f04255eb266 [sys.catalog]: This master's current role is: FOLLOWER
I0917 09:19:51.148773 15429 sys_catalog.cc:340] T 00000000000000000000000000000000 P 82e2633778254c44a45393ac32540f27 [sys.catalog]: SysCatalogTable state changed. Reason: Peer health change. Latest consensus state: current_term: 4 leader_uuid: "82e2633778254c44a45393ac32540f27" committed_config { opid_index: -1 OBSOLETE_local: false peers { permanent_uuid: "abfd3dc05c4a4566bb328f04255eb266" member_type: VOTER last_known_addr { host: "127.13.208.126" port: 33685 } } peers { permanent_uuid: "82e2633778254c44a45393ac32540f27" member_type: VOTER last_known_addr { host: "127.13.208.125" port: 37503 } } peers { permanent_uuid: "e501d8ef778246b69b34d86e7395022b" member_type: VOTER last_known_addr { host: "127.13.208.124" port: 39307 } } }
I0917 09:19:51.148802 15429 sys_catalog.cc:343] T 00000000000000000000000000000000 P 82e2633778254c44a45393ac32540f27 [sys.catalog]: This master's current role is: LEADER
I0917 09:19:51.148914 15491 sys_catalog.cc:340] T 00000000000000000000000000000000 P abfd3dc05c4a4566bb328f04255eb266 [sys.catalog]: SysCatalogTable state changed. Reason: Replicated consensus-only round. Latest consensus state: current_term: 4 leader_uuid: "82e2633778254c44a45393ac32540f27" committed_config { opid_index: -1 OBSOLETE_local: false peers { permanent_uuid: "abfd3dc05c4a4566bb328f04255eb266" member_type: VOTER last_known_addr { host: "127.13.208.126" port: 33685 } } peers { permanent_uuid: "82e2633778254c44a45393ac32540f27" member_type: VOTER last_known_addr { host: "127.13.208.125" port: 37503 } } peers { permanent_uuid: "e501d8ef778246b69b34d86e7395022b" member_type: VOTER last_known_addr { host: "127.13.208.124" port: 39307 } } }
I0917 09:19:51.148931 15491 sys_catalog.cc:343] T 00000000000000000000000000000000 P abfd3dc05c4a4566bb328f04255eb266 [sys.catalog]: This master's current role is: FOLLOWER
I0917 09:19:51.149049 15525 raft_consensus.cc:1184] T 00000000000000000000000000000000 P e501d8ef778246b69b34d86e7395022b [term 4 FOLLOWER]: Refusing update from remote peer 82e2633778254c44a45393ac32540f27: Log matching property violated. Preceding OpId in replica: term: 2 index: 15. Preceding OpId from leader: term: 4 index: 16. (index mismatch)
I0917 09:19:51.149250 15429 consensus_queue.cc:984] T 00000000000000000000000000000000 P 82e2633778254c44a45393ac32540f27 [LEADER]: Connected to new peer: Peer: permanent_uuid: "e501d8ef778246b69b34d86e7395022b" member_type: VOTER last_known_addr { host: "127.13.208.124" port: 39307 }, Status: LMP_MISMATCH, Last received: 0.0, Next index: 16, Last known committed idx: 15, Time since last communication: 0.000s
I0917 09:19:51.149775 15559 sys_catalog.cc:340] T 00000000000000000000000000000000 P e501d8ef778246b69b34d86e7395022b [sys.catalog]: SysCatalogTable state changed. Reason: New leader 82e2633778254c44a45393ac32540f27. Latest consensus state: current_term: 4 leader_uuid: "82e2633778254c44a45393ac32540f27" committed_config { opid_index: -1 OBSOLETE_local: false peers { permanent_uuid: "abfd3dc05c4a4566bb328f04255eb266" member_type: VOTER last_known_addr { host: "127.13.208.126" port: 33685 } } peers { permanent_uuid: "82e2633778254c44a45393ac32540f27" member_type: VOTER last_known_addr { host: "127.13.208.125" port: 37503 } } peers { permanent_uuid: "e501d8ef778246b69b34d86e7395022b" member_type: VOTER last_known_addr { host: "127.13.208.124" port: 39307 } } }
I0917 09:19:51.149860 15559 sys_catalog.cc:343] T 00000000000000000000000000000000 P e501d8ef778246b69b34d86e7395022b [sys.catalog]: This master's current role is: FOLLOWER
I0917 09:19:51.149919 15571 sys_catalog.cc:340] T 00000000000000000000000000000000 P e501d8ef778246b69b34d86e7395022b [sys.catalog]: SysCatalogTable state changed. Reason: Replicated consensus-only round. Latest consensus state: current_term: 4 leader_uuid: "82e2633778254c44a45393ac32540f27" committed_config { opid_index: -1 OBSOLETE_local: false peers { permanent_uuid: "abfd3dc05c4a4566bb328f04255eb266" member_type: VOTER last_known_addr { host: "127.13.208.126" port: 33685 } } peers { permanent_uuid: "82e2633778254c44a45393ac32540f27" member_type: VOTER last_known_addr { host: "127.13.208.125" port: 37503 } } peers { permanent_uuid: "e501d8ef778246b69b34d86e7395022b" member_type: VOTER last_known_addr { host: "127.13.208.124" port: 39307 } } }
I0917 09:19:51.149940 15571 sys_catalog.cc:343] T 00000000000000000000000000000000 P e501d8ef778246b69b34d86e7395022b [sys.catalog]: This master's current role is: FOLLOWER
I0917 09:19:51.166380 15191 heartbeater.cc:447] Master 127.13.208.125:37503 was elected leader, sending a full tablet report...
I0917 09:19:51.166954 15270 heartbeater.cc:447] Master 127.13.208.125:37503 was elected leader, sending a full tablet report...
I0917 09:19:51.167160 15342 heartbeater.cc:447] Master 127.13.208.125:37503 was elected leader, sending a full tablet report...
I0917 09:19:51.195304 14145 master.cc:247] Master@127.13.208.125:37503 shutting down...
I0917 09:19:51.198906 14145 raft_consensus.cc:2147] T 00000000000000000000000000000000 P 82e2633778254c44a45393ac32540f27 [term 4 LEADER]: Raft consensus shutting down.
I0917 09:19:51.198995 14145 raft_consensus.cc:2174] T 00000000000000000000000000000000 P 82e2633778254c44a45393ac32540f27 [term 4 FOLLOWER]: Raft consensus is shut down!
I0917 09:19:51.199067 14145 tablet_replica.cc:273] T 00000000000000000000000000000000 P 82e2633778254c44a45393ac32540f27: stopping tablet replica
I0917 09:19:51.211019 14145 master.cc:258] Master@127.13.208.125:37503 shutdown complete.
I0917 09:19:51.349858 15491 raft_consensus.cc:472] T 00000000000000000000000000000000 P abfd3dc05c4a4566bb328f04255eb266 [term 4 FOLLOWER]: Starting pre-election (detected failure of leader 82e2633778254c44a45393ac32540f27)
I0917 09:19:51.349980 15491 raft_consensus.cc:494] T 00000000000000000000000000000000 P abfd3dc05c4a4566bb328f04255eb266 [term 4 FOLLOWER]: Starting pre-election with config: opid_index: -1 OBSOLETE_local: false peers { permanent_uuid: "abfd3dc05c4a4566bb328f04255eb266" member_type: VOTER last_known_addr { host: "127.13.208.126" port: 33685 } } peers { permanent_uuid: "82e2633778254c44a45393ac32540f27" member_type: VOTER last_known_addr { host: "127.13.208.125" port: 37503 } } peers { permanent_uuid: "e501d8ef778246b69b34d86e7395022b" member_type: VOTER last_known_addr { host: "127.13.208.124" port: 39307 } }
I0917 09:19:51.350072 15491 leader_election.cc:296] T 00000000000000000000000000000000 P abfd3dc05c4a4566bb328f04255eb266 [CANDIDATE]: Term 5 pre-election: Requested pre-vote from peers 82e2633778254c44a45393ac32540f27 (127.13.208.125:37503), e501d8ef778246b69b34d86e7395022b (127.13.208.124:39307)
I0917 09:19:51.350425 15571 raft_consensus.cc:472] T 00000000000000000000000000000000 P e501d8ef778246b69b34d86e7395022b [term 4 FOLLOWER]: Starting pre-election (detected failure of leader 82e2633778254c44a45393ac32540f27)
W0917 09:19:51.350512 15437 leader_election.cc:341] T 00000000000000000000000000000000 P abfd3dc05c4a4566bb328f04255eb266 [CANDIDATE]: Term 5 pre-election: RPC error from VoteRequest() call to peer 82e2633778254c44a45393ac32540f27 (127.13.208.125:37503): Network error: Client connection negotiation failed: client connection to 127.13.208.125:37503: connect: Connection refused (error 111)
I0917 09:19:51.350569 15571 raft_consensus.cc:494] T 00000000000000000000000000000000 P e501d8ef778246b69b34d86e7395022b [term 4 FOLLOWER]: Starting pre-election with config: opid_index: -1 OBSOLETE_local: false peers { permanent_uuid: "abfd3dc05c4a4566bb328f04255eb266" member_type: VOTER last_known_addr { host: "127.13.208.126" port: 33685 } } peers { permanent_uuid: "82e2633778254c44a45393ac32540f27" member_type: VOTER last_known_addr { host: "127.13.208.125" port: 37503 } } peers { permanent_uuid: "e501d8ef778246b69b34d86e7395022b" member_type: VOTER last_known_addr { host: "127.13.208.124" port: 39307 } }
I0917 09:19:51.350953 15571 leader_election.cc:296] T 00000000000000000000000000000000 P e501d8ef778246b69b34d86e7395022b [CANDIDATE]: Term 5 pre-election: Requested pre-vote from peers abfd3dc05c4a4566bb328f04255eb266 (127.13.208.126:33685), 82e2633778254c44a45393ac32540f27 (127.13.208.125:37503)
W0917 09:19:51.351058 15505 leader_election.cc:341] T 00000000000000000000000000000000 P e501d8ef778246b69b34d86e7395022b [CANDIDATE]: Term 5 pre-election: RPC error from VoteRequest() call to peer 82e2633778254c44a45393ac32540f27 (127.13.208.125:37503): Network error: Client connection negotiation failed: client connection to 127.13.208.125:37503: connect: Connection refused (error 111)
I0917 09:19:51.354537 15525 tablet_service.cc:1295] Received RequestConsensusVote() RPC: tablet_id: "00000000000000000000000000000000" candidate_uuid: "abfd3dc05c4a4566bb328f04255eb266" candidate_term: 5 candidate_status { last_received { term: 4 index: 16 } } ignore_live_leader: false dest_uuid: "e501d8ef778246b69b34d86e7395022b" is_pre_election: true
I0917 09:19:51.354581 15525 raft_consensus.cc:2350] T 00000000000000000000000000000000 P e501d8ef778246b69b34d86e7395022b [term 4 FOLLOWER]: Leader pre-election vote request: Granting yes vote for candidate abfd3dc05c4a4566bb328f04255eb266 in term 4.
I0917 09:19:51.354709 15438 leader_election.cc:310] T 00000000000000000000000000000000 P abfd3dc05c4a4566bb328f04255eb266 [CANDIDATE]: Term 5 pre-election: Election decided. Result: candidate won. Election summary: received 3 responses out of 3 voters: 2 yes votes; 1 no votes. yes voters: abfd3dc05c4a4566bb328f04255eb266, e501d8ef778246b69b34d86e7395022b; no voters: 82e2633778254c44a45393ac32540f27
I0917 09:19:51.354825 15491 raft_consensus.cc:2644] T 00000000000000000000000000000000 P abfd3dc05c4a4566bb328f04255eb266 [term 4 FOLLOWER]: Leader pre-election won for term 5
I0917 09:19:51.354857 15491 raft_consensus.cc:472] T 00000000000000000000000000000000 P abfd3dc05c4a4566bb328f04255eb266 [term 4 FOLLOWER]: Starting leader election (detected failure of leader 82e2633778254c44a45393ac32540f27)
I0917 09:19:51.354871 15491 raft_consensus.cc:2890] T 00000000000000000000000000000000 P abfd3dc05c4a4566bb328f04255eb266 [term 4 FOLLOWER]: Advancing to term 5
I0917 09:19:51.355818 15465 tablet_service.cc:1295] Received RequestConsensusVote() RPC: tablet_id: "00000000000000000000000000000000" candidate_uuid: "e501d8ef778246b69b34d86e7395022b" candidate_term: 5 candidate_status { last_received { term: 4 index: 16 } } ignore_live_leader: false dest_uuid: "abfd3dc05c4a4566bb328f04255eb266" is_pre_election: true
I0917 09:19:51.372725 15491 raft_consensus.cc:494] T 00000000000000000000000000000000 P abfd3dc05c4a4566bb328f04255eb266 [term 5 FOLLOWER]: Starting leader election with config: opid_index: -1 OBSOLETE_local: false peers { permanent_uuid: "abfd3dc05c4a4566bb328f04255eb266" member_type: VOTER last_known_addr { host: "127.13.208.126" port: 33685 } } peers { permanent_uuid: "82e2633778254c44a45393ac32540f27" member_type: VOTER last_known_addr { host: "127.13.208.125" port: 37503 } } peers { permanent_uuid: "e501d8ef778246b69b34d86e7395022b" member_type: VOTER last_known_addr { host: "127.13.208.124" port: 39307 } }
I0917 09:19:51.372939 15465 raft_consensus.cc:2280] T 00000000000000000000000000000000 P abfd3dc05c4a4566bb328f04255eb266 [term 5 FOLLOWER]: Leader pre-election vote request: Denying vote to candidate e501d8ef778246b69b34d86e7395022b in current term 5: Already voted for candidate abfd3dc05c4a4566bb328f04255eb266 in this term.
I0917 09:19:51.372977 15491 leader_election.cc:296] T 00000000000000000000000000000000 P abfd3dc05c4a4566bb328f04255eb266 [CANDIDATE]: Term 5 election: Requested vote from peers 82e2633778254c44a45393ac32540f27 (127.13.208.125:37503), e501d8ef778246b69b34d86e7395022b (127.13.208.124:39307)
I0917 09:19:51.373198 15525 tablet_service.cc:1295] Received RequestConsensusVote() RPC: tablet_id: "00000000000000000000000000000000" candidate_uuid: "abfd3dc05c4a4566bb328f04255eb266" candidate_term: 5 candidate_status { last_received { term: 4 index: 16 } } ignore_live_leader: false dest_uuid: "e501d8ef778246b69b34d86e7395022b"
I0917 09:19:51.373231 15525 raft_consensus.cc:2890] T 00000000000000000000000000000000 P e501d8ef778246b69b34d86e7395022b [term 4 FOLLOWER]: Advancing to term 5
