I0917 09:19:51.373324 15506 leader_election.cc:310] T 00000000000000000000000000000000 P e501d8ef778246b69b34d86e7395022b [CANDIDATE]: Term 5 pre-election: Election decided. Result: candidate lost. Election summary: received 3 responses out of 3 voters: 1 yes votes; 2 no votes. yes voters: e501d8ef778246b69b34d86e7395022b; no voters: 82e2633778254c44a45393ac32540f27, abfd3dc05c4a4566bb328f04255eb266
W0917 09:19:51.373555 15437 leader_election.cc:341] T 00000000000000000000000000000000 P abfd3dc05c4a4566bb328f04255eb266 [CANDIDATE]: Term 5 election: RPC error from VoteRequest() call to peer 82e2633778254c44a45393ac32540f27 (127.13.208.125:37503): Network error: Client connection negotiation failed: client connection to 127.13.208.125:37503: connect: Connection refused (error 111)
I0917 09:19:51.374526 15525 raft_consensus.cc:2350] T 00000000000000000000000000000000 P e501d8ef778246b69b34d86e7395022b [term 5 FOLLOWER]: Leader election vote request: Granting yes vote for candidate abfd3dc05c4a4566bb328f04255eb266 in term 5.
I0917 09:19:51.374655 15571 raft_consensus.cc:2592] T 00000000000000000000000000000000 P e501d8ef778246b69b34d86e7395022b [term 5 FOLLOWER]: Leader pre-election lost for term 5. Reason: could not achieve majority
I0917 09:19:51.374666 15438 leader_election.cc:310] T 00000000000000000000000000000000 P abfd3dc05c4a4566bb328f04255eb266 [CANDIDATE]: Term 5 election: Election decided. Result: candidate won. Election summary: received 3 responses out of 3 voters: 2 yes votes; 1 no votes. yes voters: abfd3dc05c4a4566bb328f04255eb266, e501d8ef778246b69b34d86e7395022b; no voters: 82e2633778254c44a45393ac32540f27
I0917 09:19:51.374747 15491 raft_consensus.cc:2644] T 00000000000000000000000000000000 P abfd3dc05c4a4566bb328f04255eb266 [term 5 FOLLOWER]: Leader election won for term 5
I0917 09:19:51.374831 15491 raft_consensus.cc:667] T 00000000000000000000000000000000 P abfd3dc05c4a4566bb328f04255eb266 [term 5 LEADER]: Becoming Leader. State: Replica: abfd3dc05c4a4566bb328f04255eb266, State: Running, Role: LEADER
I0917 09:19:51.374904 15491 consensus_queue.cc:206] T 00000000000000000000000000000000 P abfd3dc05c4a4566bb328f04255eb266 [LEADER]: Queue going to LEADER mode. State: All replicated index: 0, Majority replicated index: 16, Committed index: 16, Last appended: 4.16, Last appended by leader: 16, Current term: 5, Majority size: 2, State: 0, Mode: LEADER, active raft config: opid_index: -1 OBSOLETE_local: false peers { permanent_uuid: "abfd3dc05c4a4566bb328f04255eb266" member_type: VOTER last_known_addr { host: "127.13.208.126" port: 33685 } } peers { permanent_uuid: "82e2633778254c44a45393ac32540f27" member_type: VOTER last_known_addr { host: "127.13.208.125" port: 37503 } } peers { permanent_uuid: "e501d8ef778246b69b34d86e7395022b" member_type: VOTER last_known_addr { host: "127.13.208.124" port: 39307 } }
I0917 09:19:51.375178 15576 sys_catalog.cc:340] T 00000000000000000000000000000000 P abfd3dc05c4a4566bb328f04255eb266 [sys.catalog]: SysCatalogTable state changed. Reason: New leader abfd3dc05c4a4566bb328f04255eb266. Latest consensus state: current_term: 5 leader_uuid: "abfd3dc05c4a4566bb328f04255eb266" committed_config { opid_index: -1 OBSOLETE_local: false peers { permanent_uuid: "abfd3dc05c4a4566bb328f04255eb266" member_type: VOTER last_known_addr { host: "127.13.208.126" port: 33685 } } peers { permanent_uuid: "82e2633778254c44a45393ac32540f27" member_type: VOTER last_known_addr { host: "127.13.208.125" port: 37503 } } peers { permanent_uuid: "e501d8ef778246b69b34d86e7395022b" member_type: VOTER last_known_addr { host: "127.13.208.124" port: 39307 } } }
I0917 09:19:51.375201 15576 sys_catalog.cc:343] T 00000000000000000000000000000000 P abfd3dc05c4a4566bb328f04255eb266 [sys.catalog]: This master's current role is: LEADER
I0917 09:19:51.375291 15577 catalog_manager.cc:1086] Loading table and tablet metadata into memory...
I0917 09:19:51.375491 15577 catalog_manager.cc:387] Loaded metadata for table NewTableName [id=03b5e80e6ff342bab99657ab154c5e00]
I0917 09:19:51.375587 15577 catalog_manager.cc:441] Loaded metadata for tablet ac74b319ad54416685f8b9d9506e1d61 (table NewTableName [id=03b5e80e6ff342bab99657ab154c5e00])
I0917 09:19:51.375617 15577 catalog_manager.cc:441] Loaded metadata for tablet de49f5bae5244941af0020522f04d827 (table NewTableName [id=03b5e80e6ff342bab99657ab154c5e00])
I0917 09:19:51.375636 15577 catalog_manager.cc:441] Loaded metadata for tablet f67125c2201a4791ab5756ecc8fba82a (table NewTableName [id=03b5e80e6ff342bab99657ab154c5e00])
I0917 09:19:51.375658 15577 catalog_manager.cc:1097] Initializing Kudu internal certificate authority...
I0917 09:19:51.375833 15577 catalog_manager.cc:1106] Loading token signing keys...
I0917 09:19:51.375897 15577 catalog_manager.cc:4446] T 00000000000000000000000000000000 P abfd3dc05c4a4566bb328f04255eb266: Loaded TSK: 0
I0917 09:19:51.415518 14145 system_ntp.cc:193] NTP initialized. Skew: 500ppm Current error: 28304us
I0917 09:19:51.415597 14145 fs_manager.cc:263] Metadata directory not provided
I0917 09:19:51.415612 14145 fs_manager.cc:266] Using existing metadata directory in first data directory
I0917 09:19:51.416131 14145 fs_manager.cc:399] Time spent opening directory manager: real 0.000s user 0.000s sys 0.000s
I0917 09:19:51.416359 14145 file_cache.cc:465] Constructed file cache lbm with capacity 419430
I0917 09:19:51.418233 14145 fs_manager.cc:419] Time spent opening block manager: real 0.000s user 0.000s sys 0.000s
I0917 09:19:51.418323 14145 fs_manager.cc:436] Opened local filesystem: /tmp/dist-test-taskLDE0O4/test-tmp/ts_tablet_manager-itest.0.TsTabletManagerITest.TestTableStats.1568711978778636-14145/minicluster-data/master-1-root uuid: "82e2633778254c44a45393ac32540f27" format_stamp: "Formatted at 2019-09-17 09:19:49 on dist-test-slave-dist-test-slave-w6nz"
I0917 09:19:51.418339 14145 fs_report.cc:352] FS layout report -------------------- wal directory: /tmp/dist-test-taskLDE0O4/test-tmp/ts_tablet_manager-itest.0.TsTabletManagerITest.TestTableStats.1568711978778636-14145/minicluster-data/master-1-root metadata directory: /tmp/dist-test-taskLDE0O4/test-tmp/ts_tablet_manager-itest.0.TsTabletManagerITest.TestTableStats.1568711978778636-14145/minicluster-data/master-1-root 1 data directories: /tmp/dist-test-taskLDE0O4/test-tmp/ts_tablet_manager-itest.0.TsTabletManagerITest.TestTableStats.1568711978778636-14145/minicluster-data/master-1-root/data Total live blocks: 0 Total live bytes: 0 Total live bytes (after alignment): 0 Total number of LBM containers: 0 (0 full) Did not check for missing blocks Did not check for orphaned blocks Total full LBM containers with extra space: 0 (0 repaired) Total full LBM container extra space in bytes: 0 (0 repaired) Total incomplete LBM containers: 0 (0 repaired) Total LBM partial records: 0 (0 repaired)
I0917 09:19:51.437685 14145 rpc_server.cc:205] RPC server started. Bound to: 127.13.208.125:37503
I0917 09:19:51.438019 14145 webserver.cc:374] Webserver started at http://127.13.208.125:42235/ using document root and password file
I0917 09:19:51.438971 15632 sys_catalog.cc:188] Verifying existing consensus state
I0917 09:19:51.439615 15632 tablet_bootstrap.cc:439] T 00000000000000000000000000000000 P 82e2633778254c44a45393ac32540f27: Bootstrap starting.
I0917 09:19:51.441483 15632 tablet_bootstrap.cc:439] T 00000000000000000000000000000000 P 82e2633778254c44a45393ac32540f27: Bootstrap replayed 1/1 log segments. Stats: ops{read=16 overwritten=0 applied=16 ignored=0} inserts{seen=6 ignored=0} mutations{seen=12 ignored=0} orphaned_commits=0. Pending: 0 replicates
I0917 09:19:51.441695 15632 tablet_bootstrap.cc:439] T 00000000000000000000000000000000 P 82e2633778254c44a45393ac32540f27: Bootstrap complete.
I0917 09:19:51.441918 15632 raft_consensus.cc:340] T 00000000000000000000000000000000 P 82e2633778254c44a45393ac32540f27 [term 4 FOLLOWER]: Replica starting. Triggering 0 pending transactions. Active config: opid_index: -1 OBSOLETE_local: false peers { permanent_uuid: "abfd3dc05c4a4566bb328f04255eb266" member_type: VOTER last_known_addr { host: "127.13.208.126" port: 33685 } } peers { permanent_uuid: "82e2633778254c44a45393ac32540f27" member_type: VOTER last_known_addr { host: "127.13.208.125" port: 37503 } } peers { permanent_uuid: "e501d8ef778246b69b34d86e7395022b" member_type: VOTER last_known_addr { host: "127.13.208.124" port: 39307 } }
I0917 09:19:51.441939 15632 raft_consensus.cc:705] T 00000000000000000000000000000000 P 82e2633778254c44a45393ac32540f27 [term 4 FOLLOWER]: Becoming Follower/Learner. State: Replica: 82e2633778254c44a45393ac32540f27, State: Initialized, Role: FOLLOWER
I0917 09:19:51.442005 15632 consensus_queue.cc:229] T 00000000000000000000000000000000 P 82e2633778254c44a45393ac32540f27 [NON_LEADER]: Queue going to NON_LEADER mode. State: All replicated index: 0, Majority replicated index: 0, Committed index: 16, Last appended: 4.16, Last appended by leader: 16, Current term: 0, Majority size: -1, State: 0, Mode: NON_LEADER, active raft config: opid_index: -1 OBSOLETE_local: false peers { permanent_uuid: "abfd3dc05c4a4566bb328f04255eb266" member_type: VOTER last_known_addr { host: "127.13.208.126" port: 33685 } } peers { permanent_uuid: "82e2633778254c44a45393ac32540f27" member_type: VOTER last_known_addr { host: "127.13.208.125" port: 37503 } } peers { permanent_uuid: "e501d8ef778246b69b34d86e7395022b" member_type: VOTER last_known_addr { host: "127.13.208.124" port: 39307 } }
I0917 09:19:51.442207 15632 sys_catalog.cc:340] T 00000000000000000000000000000000 P 82e2633778254c44a45393ac32540f27 [sys.catalog]: SysCatalogTable state changed. Reason: Started TabletReplica. Latest consensus state: current_term: 4 committed_config { opid_index: -1 OBSOLETE_local: false peers { permanent_uuid: "abfd3dc05c4a4566bb328f04255eb266" member_type: VOTER last_known_addr { host: "127.13.208.126" port: 33685 } } peers { permanent_uuid: "82e2633778254c44a45393ac32540f27" member_type: VOTER last_known_addr { host: "127.13.208.125" port: 37503 } } peers { permanent_uuid: "e501d8ef778246b69b34d86e7395022b" member_type: VOTER last_known_addr { host: "127.13.208.124" port: 39307 } } }
I0917 09:19:51.442225 15632 sys_catalog.cc:343] T 00000000000000000000000000000000 P 82e2633778254c44a45393ac32540f27 [sys.catalog]: This master's current role is: FOLLOWER
I0917 09:19:51.442349 15634 sys_catalog.cc:340] T 00000000000000000000000000000000 P 82e2633778254c44a45393ac32540f27 [sys.catalog]: SysCatalogTable state changed. Reason: RaftConsensus started. Latest consensus state: current_term: 4 committed_config { opid_index: -1 OBSOLETE_local: false peers { permanent_uuid: "abfd3dc05c4a4566bb328f04255eb266" member_type: VOTER last_known_addr { host: "127.13.208.126" port: 33685 } } peers { permanent_uuid: "82e2633778254c44a45393ac32540f27" member_type: VOTER last_known_addr { host: "127.13.208.125" port: 37503 } } peers { permanent_uuid: "e501d8ef778246b69b34d86e7395022b" member_type: VOTER last_known_addr { host: "127.13.208.124" port: 39307 } } }
I0917 09:19:51.442374 15632 sys_catalog.cc:428] T 00000000000000000000000000000000 P 82e2633778254c44a45393ac32540f27 [sys.catalog]: configured and running, proceeding with master startup.
I0917 09:19:51.442385 15634 sys_catalog.cc:343] T 00000000000000000000000000000000 P 82e2633778254c44a45393ac32540f27 [sys.catalog]: This master's current role is: FOLLOWER
I0917 09:19:51.443397 15635 catalog_manager.cc:1142] T 00000000000000000000000000000000 P 82e2633778254c44a45393ac32540f27: acquiring CA information for follower catalog manager: success
I0917 09:19:51.443540 15635 catalog_manager.cc:1170] T 00000000000000000000000000000000 P 82e2633778254c44a45393ac32540f27: importing token verification keys for follower catalog manager: success; most recent TSK sequence number 0
I0917 09:19:51.459103 15609 raft_consensus.cc:2890] T 00000000000000000000000000000000 P 82e2633778254c44a45393ac32540f27 [term 4 FOLLOWER]: Advancing to term 5
I0917 09:19:51.460031 15609 raft_consensus.cc:1184] T 00000000000000000000000000000000 P 82e2633778254c44a45393ac32540f27 [term 5 FOLLOWER]: Refusing update from remote peer abfd3dc05c4a4566bb328f04255eb266: Log matching property violated. Preceding OpId in replica: term: 4 index: 16. Preceding OpId from leader: term: 5 index: 17. (index mismatch)
I0917 09:19:51.460252 15576 consensus_queue.cc:984] T 00000000000000000000000000000000 P abfd3dc05c4a4566bb328f04255eb266 [LEADER]: Connected to new peer: Peer: permanent_uuid: "82e2633778254c44a45393ac32540f27" member_type: VOTER last_known_addr { host: "127.13.208.125" port: 37503 }, Status: LMP_MISMATCH, Last received: 0.0, Next index: 17, Last known committed idx: 16, Time since last communication: 0.000s
I0917 09:19:51.460640 15634 sys_catalog.cc:340] T 00000000000000000000000000000000 P 82e2633778254c44a45393ac32540f27 [sys.catalog]: SysCatalogTable state changed. Reason: New leader abfd3dc05c4a4566bb328f04255eb266. Latest consensus state: current_term: 5 leader_uuid: "abfd3dc05c4a4566bb328f04255eb266" committed_config { opid_index: -1 OBSOLETE_local: false peers { permanent_uuid: "abfd3dc05c4a4566bb328f04255eb266" member_type: VOTER last_known_addr { host: "127.13.208.126" port: 33685 } } peers { permanent_uuid: "82e2633778254c44a45393ac32540f27" member_type: VOTER last_known_addr { host: "127.13.208.125" port: 37503 } } peers { permanent_uuid: "e501d8ef778246b69b34d86e7395022b" member_type: VOTER last_known_addr { host: "127.13.208.124" port: 39307 } } }
I0917 09:19:51.460665 15634 sys_catalog.cc:343] T 00000000000000000000000000000000 P 82e2633778254c44a45393ac32540f27 [sys.catalog]: This master's current role is: FOLLOWER
I0917 09:19:51.461086 15491 sys_catalog.cc:340] T 00000000000000000000000000000000 P abfd3dc05c4a4566bb328f04255eb266 [sys.catalog]: SysCatalogTable state changed. Reason: Peer health change. Latest consensus state: current_term: 5 leader_uuid: "abfd3dc05c4a4566bb328f04255eb266" committed_config { opid_index: -1 OBSOLETE_local: false peers { permanent_uuid: "abfd3dc05c4a4566bb328f04255eb266" member_type: VOTER last_known_addr { host: "127.13.208.126" port: 33685 } } peers { permanent_uuid: "82e2633778254c44a45393ac32540f27" member_type: VOTER last_known_addr { host: "127.13.208.125" port: 37503 } } peers { permanent_uuid: "e501d8ef778246b69b34d86e7395022b" member_type: VOTER last_known_addr { host: "127.13.208.124" port: 39307 } } }
I0917 09:19:51.461112 15491 sys_catalog.cc:343] T 00000000000000000000000000000000 P abfd3dc05c4a4566bb328f04255eb266 [sys.catalog]: This master's current role is: LEADER
I0917 09:19:51.461302 15525 raft_consensus.cc:1184] T 00000000000000000000000000000000 P e501d8ef778246b69b34d86e7395022b [term 5 FOLLOWER]: Refusing update from remote peer abfd3dc05c4a4566bb328f04255eb266: Log matching property violated. Preceding OpId in replica: term: 4 index: 16. Preceding OpId from leader: term: 5 index: 17. (index mismatch)
I0917 09:19:51.461371 15634 sys_catalog.cc:340] T 00000000000000000000000000000000 P 82e2633778254c44a45393ac32540f27 [sys.catalog]: SysCatalogTable state changed. Reason: Replicated consensus-only round. Latest consensus state: current_term: 5 leader_uuid: "abfd3dc05c4a4566bb328f04255eb266" committed_config { opid_index: -1 OBSOLETE_local: false peers { permanent_uuid: "abfd3dc05c4a4566bb328f04255eb266" member_type: VOTER last_known_addr { host: "127.13.208.126" port: 33685 } } peers { permanent_uuid: "82e2633778254c44a45393ac32540f27" member_type: VOTER last_known_addr { host: "127.13.208.125" port: 37503 } } peers { permanent_uuid: "e501d8ef778246b69b34d86e7395022b" member_type: VOTER last_known_addr { host: "127.13.208.124" port: 39307 } } }
I0917 09:19:51.461397 15634 sys_catalog.cc:343] T 00000000000000000000000000000000 P 82e2633778254c44a45393ac32540f27 [sys.catalog]: This master's current role is: FOLLOWER
I0917 09:19:51.461485 15638 consensus_queue.cc:984] T 00000000000000000000000000000000 P abfd3dc05c4a4566bb328f04255eb266 [LEADER]: Connected to new peer: Peer: permanent_uuid: "e501d8ef778246b69b34d86e7395022b" member_type: VOTER last_known_addr { host: "127.13.208.124" port: 39307 }, Status: LMP_MISMATCH, Last received: 0.0, Next index: 17, Last known committed idx: 16, Time since last communication: 0.000s
I0917 09:19:51.461849 15571 sys_catalog.cc:340] T 00000000000000000000000000000000 P e501d8ef778246b69b34d86e7395022b [sys.catalog]: SysCatalogTable state changed. Reason: New leader abfd3dc05c4a4566bb328f04255eb266. Latest consensus state: current_term: 5 leader_uuid: "abfd3dc05c4a4566bb328f04255eb266" committed_config { opid_index: -1 OBSOLETE_local: false peers { permanent_uuid: "abfd3dc05c4a4566bb328f04255eb266" member_type: VOTER last_known_addr { host: "127.13.208.126" port: 33685 } } peers { permanent_uuid: "82e2633778254c44a45393ac32540f27" member_type: VOTER last_known_addr { host: "127.13.208.125" port: 37503 } } peers { permanent_uuid: "e501d8ef778246b69b34d86e7395022b" member_type: VOTER last_known_addr { host: "127.13.208.124" port: 39307 } } }
I0917 09:19:51.461869 15559 sys_catalog.cc:340] T 00000000000000000000000000000000 P e501d8ef778246b69b34d86e7395022b [sys.catalog]: SysCatalogTable state changed. Reason: Replicated consensus-only round. Latest consensus state: current_term: 5 leader_uuid: "abfd3dc05c4a4566bb328f04255eb266" committed_config { opid_index: -1 OBSOLETE_local: false peers { permanent_uuid: "abfd3dc05c4a4566bb328f04255eb266" member_type: VOTER last_known_addr { host: "127.13.208.126" port: 33685 } } peers { permanent_uuid: "82e2633778254c44a45393ac32540f27" member_type: VOTER last_known_addr { host: "127.13.208.125" port: 37503 } } peers { permanent_uuid: "e501d8ef778246b69b34d86e7395022b" member_type: VOTER last_known_addr { host: "127.13.208.124" port: 39307 } } }
I0917 09:19:51.461871 15571 sys_catalog.cc:343] T 00000000000000000000000000000000 P e501d8ef778246b69b34d86e7395022b [sys.catalog]: This master's current role is: FOLLOWER
I0917 09:19:51.461881 15559 sys_catalog.cc:343] T 00000000000000000000000000000000 P e501d8ef778246b69b34d86e7395022b [sys.catalog]: This master's current role is: FOLLOWER
I0917 09:19:51.473825 15342 heartbeater.cc:322] Connected to a master server at 127.13.208.125:37503
I0917 09:19:51.474438 15270 heartbeater.cc:322] Connected to a master server at 127.13.208.125:37503
I0917 09:19:51.474510 15599 master_service.cc:229] Got heartbeat from unknown tserver (permanent_uuid: "eea10e830a664ea4be74d8cffbe95552" instance_seqno: 1568711989299382) as {username='slave'} at 127.0.0.1:51716; Asking this server to re-register.
I0917 09:19:51.474675 15342 heartbeater.cc:406] Registering TS with master...
I0917 09:19:51.474804 15599 master_service.cc:229] Got heartbeat from unknown tserver (permanent_uuid: "f42c56d2dc6b4faba5a218e79da90951" instance_seqno: 1568711989250571) as {username='slave'} at 127.0.0.1:51712; Asking this server to re-register.
I0917 09:19:51.474933 15270 heartbeater.cc:406] Registering TS with master...
I0917 09:19:51.475000 15598 ts_manager.cc:161] Registered new tserver with Master: eea10e830a664ea4be74d8cffbe95552 (127.13.208.67:42065)
I0917 09:19:51.475296 15598 ts_manager.cc:161] Registered new tserver with Master: f42c56d2dc6b4faba5a218e79da90951 (127.13.208.66:38793)
I0917 09:19:51.475620 15191 heartbeater.cc:322] Connected to a master server at 127.13.208.125:37503
I0917 09:19:51.475857 15598 master_service.cc:229] Got heartbeat from unknown tserver (permanent_uuid: "c2c8bec4d40141a6b1f470f6142de67a" instance_seqno: 1568711989214369) as {username='slave'} at 127.0.0.1:51714; Asking this server to re-register.
I0917 09:19:51.476027 15191 heartbeater.cc:406] Registering TS with master...
I0917 09:19:51.476213 15598 ts_manager.cc:161] Registered new tserver with Master: c2c8bec4d40141a6b1f470f6142de67a (127.13.208.65:39971)
I0917 09:19:51.538436 15192 heartbeater.cc:447] Master 127.13.208.126:33685 was elected leader, sending a full tablet report...
I0917 09:19:51.538476 15271 heartbeater.cc:447] Master 127.13.208.126:33685 was elected leader, sending a full tablet report...
I0917 09:19:51.539003 15343 heartbeater.cc:447] Master 127.13.208.126:33685 was elected leader, sending a full tablet report...
I0917 09:19:51.540560 14145 tablet_server.cc:155] TabletServer shutting down...
I0917 09:19:51.544569 14145 ts_tablet_manager.cc:1159] Shutting down tablet manager...
I0917 09:19:51.544605 14145 tablet_replica.cc:273] T ac74b319ad54416685f8b9d9506e1d61 P c2c8bec4d40141a6b1f470f6142de67a: stopping tablet replica
I0917 09:19:51.544641 14145 raft_consensus.cc:2147] T ac74b319ad54416685f8b9d9506e1d61 P c2c8bec4d40141a6b1f470f6142de67a [term 3 FOLLOWER]: Raft consensus shutting down.
I0917 09:19:51.544668 14145 raft_consensus.cc:2174] T ac74b319ad54416685f8b9d9506e1d61 P c2c8bec4d40141a6b1f470f6142de67a [term 3 FOLLOWER]: Raft consensus is shut down!
I0917 09:19:51.544924 14145 tablet_replica.cc:273] T f67125c2201a4791ab5756ecc8fba82a P c2c8bec4d40141a6b1f470f6142de67a: stopping tablet replica
I0917 09:19:51.544952 14145 raft_consensus.cc:2147] T f67125c2201a4791ab5756ecc8fba82a P c2c8bec4d40141a6b1f470f6142de67a [term 2 LEADER]: Raft consensus shutting down.
I0917 09:19:51.544996 14145 raft_consensus.cc:2174] T f67125c2201a4791ab5756ecc8fba82a P c2c8bec4d40141a6b1f470f6142de67a [term 2 FOLLOWER]: Raft consensus is shut down!
I0917 09:19:51.545128 14145 tablet_replica.cc:273] T de49f5bae5244941af0020522f04d827 P c2c8bec4d40141a6b1f470f6142de67a: stopping tablet replica
I0917 09:19:51.545151 14145 raft_consensus.cc:2147] T de49f5bae5244941af0020522f04d827 P c2c8bec4d40141a6b1f470f6142de67a [term 2 LEADER]: Raft consensus shutting down.
I0917 09:19:51.545189 14145 raft_consensus.cc:2174] T de49f5bae5244941af0020522f04d827 P c2c8bec4d40141a6b1f470f6142de67a [term 2 FOLLOWER]: Raft consensus is shut down!
I0917 09:19:51.556875 14145 tablet_server.cc:169] TabletServer shutdown complete.
I0917 09:19:51.557004 14145 tablet_server.cc:155] TabletServer shutting down...
I0917 09:19:51.557041 14145 tablet_server.cc:169] TabletServer shutdown complete.
W0917 09:19:51.561324 15280 consensus_peers.cc:458] T ac74b319ad54416685f8b9d9506e1d61 P eea10e830a664ea4be74d8cffbe95552 -> Peer c2c8bec4d40141a6b1f470f6142de67a (127.13.208.65:39971): Couldn't send request to peer c2c8bec4d40141a6b1f470f6142de67a. Status: Network error: Client connection negotiation failed: client connection to 127.13.208.65:39971: connect: Connection refused (error 111). This is attempt 1: this message will repeat every 5th retry.
I0917 09:19:51.562381 14145 system_ntp.cc:193] NTP initialized. Skew: 500ppm Current error: 28304us
I0917 09:19:51.562453 14145 fs_manager.cc:263] Metadata directory not provided
I0917 09:19:51.562474 14145 fs_manager.cc:266] Using existing metadata directory in first data directory
I0917 09:19:51.562908 14145 fs_manager.cc:399] Time spent opening directory manager: real 0.000s user 0.000s sys 0.000s
I0917 09:19:51.563246 14145 file_cache.cc:465] Constructed file cache lbm with capacity 419430
I0917 09:19:51.565279 14145 fs_manager.cc:419] Time spent opening block manager: real 0.000s user 0.000s sys 0.000s
I0917 09:19:51.565340 14145 fs_manager.cc:436] Opened local filesystem: /tmp/dist-test-taskLDE0O4/test-tmp/ts_tablet_manager-itest.0.TsTabletManagerITest.TestTableStats.1568711978778636-14145/minicluster-data/ts-0-root uuid: "c2c8bec4d40141a6b1f470f6142de67a" format_stamp: "Formatted at 2019-09-17 09:19:49 on dist-test-slave-dist-test-slave-w6nz"
I0917 09:19:51.565362 14145 fs_report.cc:352] FS layout report -------------------- wal directory: /tmp/dist-test-taskLDE0O4/test-tmp/ts_tablet_manager-itest.0.TsTabletManagerITest.TestTableStats.1568711978778636-14145/minicluster-data/ts-0-root metadata directory: /tmp/dist-test-taskLDE0O4/test-tmp/ts_tablet_manager-itest.0.TsTabletManagerITest.TestTableStats.1568711978778636-14145/minicluster-data/ts-0-root 1 data directories: /tmp/dist-test-taskLDE0O4/test-tmp/ts_tablet_manager-itest.0.TsTabletManagerITest.TestTableStats.1568711978778636-14145/minicluster-data/ts-0-root/data Total live blocks: 0 Total live bytes: 0 Total live bytes (after alignment): 0 Total number of LBM containers: 0 (0 full) Did not check for missing blocks Did not check for orphaned blocks Total full LBM containers with extra space: 0 (0 repaired) Total full LBM container extra space in bytes: 0 (0 repaired) Total incomplete LBM containers: 0 (0 repaired) Total LBM partial records: 0 (0 repaired)
I0917 09:19:51.567324 15638 sys_catalog.cc:340] T 00000000000000000000000000000000 P abfd3dc05c4a4566bb328f04255eb266 [sys.catalog]: SysCatalogTable state changed. Reason: Peer health change. Latest consensus state: current_term: 5 leader_uuid: "abfd3dc05c4a4566bb328f04255eb266" committed_config { opid_index: -1 OBSOLETE_local: false peers { permanent_uuid: "abfd3dc05c4a4566bb328f04255eb266" member_type: VOTER last_known_addr { host: "127.13.208.126" port: 33685 } } peers { permanent_uuid: "82e2633778254c44a45393ac32540f27" member_type: VOTER last_known_addr { host: "127.13.208.125" port: 37503 } } peers { permanent_uuid: "e501d8ef778246b69b34d86e7395022b" member_type: VOTER last_known_addr { host: "127.13.208.124" port: 39307 } } }
I0917 09:19:51.567345 15638 sys_catalog.cc:343] T 00000000000000000000000000000000 P abfd3dc05c4a4566bb328f04255eb266 [sys.catalog]: This master's current role is: LEADER
I0917 09:19:51.610143 14145 ts_tablet_manager.cc:371] Loading tablet metadata (0/3 complete)
I0917 09:19:51.611121 14145 ts_tablet_manager.cc:383] Loaded tablet metadata (3 total tablets, 3 live tablets)
I0917 09:19:51.611145 14145 ts_tablet_manager.cc:389] Registering tablets (0/3 complete)
I0917 09:19:51.611572 15652 tablet_bootstrap.cc:439] T f67125c2201a4791ab5756ecc8fba82a P c2c8bec4d40141a6b1f470f6142de67a: Bootstrap starting.
I0917 09:19:51.612264 14145 ts_tablet_manager.cc:403] Registered 3 tablets
I0917 09:19:51.613392 15652 tablet.cc:1223] T f67125c2201a4791ab5756ecc8fba82a P c2c8bec4d40141a6b1f470f6142de67a: Alter schema from ( 0:key INT32 NOT NULL, PRIMARY KEY (key) ) version 0 to ( 0:key INT32 NOT NULL, PRIMARY KEY (key) ) version 1
I0917 09:19:51.613435 15652 tablet_metadata.cc:569] Not flushing: waiting for 1 pins to be released.
I0917 09:19:51.613533 15652 tablet_bootstrap.cc:439] T f67125c2201a4791ab5756ecc8fba82a P c2c8bec4d40141a6b1f470f6142de67a: Bootstrap replayed 1/1 log segments. Stats: ops{read=4 overwritten=0 applied=4 ignored=0} inserts{seen=36 ignored=0} mutations{seen=0 ignored=0} orphaned_commits=0. Pending: 0 replicates
I0917 09:19:51.613775 15652 tablet_bootstrap.cc:439] T f67125c2201a4791ab5756ecc8fba82a P c2c8bec4d40141a6b1f470f6142de67a: Bootstrap complete.
I0917 09:19:51.614751 14145 rpc_server.cc:205] RPC server started. Bound to: 127.13.208.65:39971
I0917 09:19:51.615043 14145 webserver.cc:374] Webserver started at http://127.13.208.65:44321/ using document root and password file
I0917 09:19:51.615221 15652 ts_tablet_manager.cc:1085] T f67125c2201a4791ab5756ecc8fba82a P c2c8bec4d40141a6b1f470f6142de67a: Time spent bootstrapping tablet: real 0.004s user 0.003s sys 0.000s
I0917 09:19:51.615391 15652 raft_consensus.cc:340] T f67125c2201a4791ab5756ecc8fba82a P c2c8bec4d40141a6b1f470f6142de67a [term 2 FOLLOWER]: Replica starting. Triggering 0 pending transactions. Active config: opid_index: -1 OBSOLETE_local: false peers { permanent_uuid: "f42c56d2dc6b4faba5a218e79da90951" member_type: VOTER last_known_addr { host: "127.13.208.66" port: 38793 } } peers { permanent_uuid: "c2c8bec4d40141a6b1f470f6142de67a" member_type: VOTER last_known_addr { host: "127.13.208.65" port: 39971 } } peers { permanent_uuid: "eea10e830a664ea4be74d8cffbe95552" member_type: VOTER last_known_addr { host: "127.13.208.67" port: 42065 } }
I0917 09:19:51.615417 15652 raft_consensus.cc:705] T f67125c2201a4791ab5756ecc8fba82a P c2c8bec4d40141a6b1f470f6142de67a [term 2 FOLLOWER]: Becoming Follower/Learner. State: Replica: c2c8bec4d40141a6b1f470f6142de67a, State: Initialized, Role: FOLLOWER
I0917 09:19:51.615507 15652 consensus_queue.cc:229] T f67125c2201a4791ab5756ecc8fba82a P c2c8bec4d40141a6b1f470f6142de67a [NON_LEADER]: Queue going to NON_LEADER mode. State: All replicated index: 0, Majority replicated index: 0, Committed index: 4, Last appended: 2.4, Last appended by leader: 4, Current term: 0, Majority size: -1, State: 0, Mode: NON_LEADER, active raft config: opid_index: -1 OBSOLETE_local: false peers { permanent_uuid: "f42c56d2dc6b4faba5a218e79da90951" member_type: VOTER last_known_addr { host: "127.13.208.66" port: 38793 } } peers { permanent_uuid: "c2c8bec4d40141a6b1f470f6142de67a" member_type: VOTER last_known_addr { host: "127.13.208.65" port: 39971 } } peers { permanent_uuid: "eea10e830a664ea4be74d8cffbe95552" member_type: VOTER last_known_addr { host: "127.13.208.67" port: 42065 } }
I0917 09:19:51.615684 15652 ts_tablet_manager.cc:1113] T f67125c2201a4791ab5756ecc8fba82a P c2c8bec4d40141a6b1f470f6142de67a: Time spent starting tablet: real 0.000s user 0.001s sys 0.000s
I0917 09:19:51.615725 15652 tablet_bootstrap.cc:439] T ac74b319ad54416685f8b9d9506e1d61 P c2c8bec4d40141a6b1f470f6142de67a: Bootstrap starting.
I0917 09:19:51.618556 15652 tablet.cc:1223] T ac74b319ad54416685f8b9d9506e1d61 P c2c8bec4d40141a6b1f470f6142de67a: Alter schema from ( 0:key INT32 NOT NULL, PRIMARY KEY (key) ) version 0 to ( 0:key INT32 NOT NULL, PRIMARY KEY (key) ) version 1
I0917 09:19:51.618604 15652 tablet_metadata.cc:569] Not flushing: waiting for 1 pins to be released.
I0917 09:19:51.618646 15652 tablet_bootstrap.cc:439] T ac74b319ad54416685f8b9d9506e1d61 P c2c8bec4d40141a6b1f470f6142de67a: Bootstrap replayed 1/1 log segments. Stats: ops{read=4 overwritten=0 applied=4 ignored=0} inserts{seen=29 ignored=0} mutations{seen=0 ignored=0} orphaned_commits=0. Pending: 0 replicates
I0917 09:19:51.618866 15652 tablet_bootstrap.cc:439] T ac74b319ad54416685f8b9d9506e1d61 P c2c8bec4d40141a6b1f470f6142de67a: Bootstrap complete.
I0917 09:19:51.620749 15710 heartbeater.cc:322] Connected to a master server at 127.13.208.125:37503
I0917 09:19:51.620791 15710 heartbeater.cc:406] Registering TS with master...
I0917 09:19:51.620788 15709 heartbeater.cc:322] Connected to a master server at 127.13.208.124:39307
I0917 09:19:51.620820 15709 heartbeater.cc:406] Registering TS with master...
I0917 09:19:51.620864 15710 heartbeater.cc:455] Master 127.13.208.125:37503 requested a full tablet report, sending...
I0917 09:19:51.620955 15709 heartbeater.cc:455] Master 127.13.208.124:39307 requested a full tablet report, sending...
I0917 09:19:51.621680 15597 ts_manager.cc:161] Re-registered known tserver with Master: c2c8bec4d40141a6b1f470f6142de67a (127.13.208.65:39971)
I0917 09:19:51.621773 15524 ts_manager.cc:161] Re-registered known tserver with Master: c2c8bec4d40141a6b1f470f6142de67a (127.13.208.65:39971)
I0917 09:19:51.622015 15652 ts_tablet_manager.cc:1085] T ac74b319ad54416685f8b9d9506e1d61 P c2c8bec4d40141a6b1f470f6142de67a: Time spent bootstrapping tablet: real 0.006s user 0.004s sys 0.000s
I0917 09:19:51.622520 15711 heartbeater.cc:322] Connected to a master server at 127.13.208.126:33685
I0917 09:19:51.622519 15652 raft_consensus.cc:340] T ac74b319ad54416685f8b9d9506e1d61 P c2c8bec4d40141a6b1f470f6142de67a [term 3 FOLLOWER]: Replica starting. Triggering 0 pending transactions. Active config: opid_index: -1 OBSOLETE_local: false peers { permanent_uuid: "eea10e830a664ea4be74d8cffbe95552" member_type: VOTER last_known_addr { host: "127.13.208.67" port: 42065 } } peers { permanent_uuid: "c2c8bec4d40141a6b1f470f6142de67a" member_type: VOTER last_known_addr { host: "127.13.208.65" port: 39971 } } peers { permanent_uuid: "f42c56d2dc6b4faba5a218e79da90951" member_type: VOTER last_known_addr { host: "127.13.208.66" port: 38793 } }
I0917 09:19:51.622550 15711 heartbeater.cc:406] Registering TS with master...
I0917 09:19:51.622555 15652 raft_consensus.cc:705] T ac74b319ad54416685f8b9d9506e1d61 P c2c8bec4d40141a6b1f470f6142de67a [term 3 FOLLOWER]: Becoming Follower/Learner. State: Replica: c2c8bec4d40141a6b1f470f6142de67a, State: Initialized, Role: FOLLOWER
I0917 09:19:51.622601 15711 heartbeater.cc:455] Master 127.13.208.126:33685 requested a full tablet report, sending...
I0917 09:19:51.622648 15652 consensus_queue.cc:229] T ac74b319ad54416685f8b9d9506e1d61 P c2c8bec4d40141a6b1f470f6142de67a [NON_LEADER]: Queue going to NON_LEADER mode. State: All replicated index: 0, Majority replicated index: 0, Committed index: 4, Last appended: 3.4, Last appended by leader: 4, Current term: 0, Majority size: -1, State: 0, Mode: NON_LEADER, active raft config: opid_index: -1 OBSOLETE_local: false peers { permanent_uuid: "eea10e830a664ea4be74d8cffbe95552" member_type: VOTER last_known_addr { host: "127.13.208.67" port: 42065 } } peers { permanent_uuid: "c2c8bec4d40141a6b1f470f6142de67a" member_type: VOTER last_known_addr { host: "127.13.208.65" port: 39971 } } peers { permanent_uuid: "f42c56d2dc6b4faba5a218e79da90951" member_type: VOTER last_known_addr { host: "127.13.208.66" port: 38793 } }
I0917 09:19:51.622809 15652 ts_tablet_manager.cc:1113] T ac74b319ad54416685f8b9d9506e1d61 P c2c8bec4d40141a6b1f470f6142de67a: Time spent starting tablet: real 0.001s user 0.001s sys 0.000s
I0917 09:19:51.622975 15456 ts_manager.cc:161] Re-registered known tserver with Master: c2c8bec4d40141a6b1f470f6142de67a (127.13.208.65:39971)
I0917 09:19:51.623142 15652 tablet_bootstrap.cc:439] T de49f5bae5244941af0020522f04d827 P c2c8bec4d40141a6b1f470f6142de67a: Bootstrap starting.
I0917 09:19:51.624354 15456 master_service.cc:276] Signed X509 certificate for tserver {username='slave'} at 127.0.0.1:43142
I0917 09:19:51.625145 15652 tablet.cc:1223] T de49f5bae5244941af0020522f04d827 P c2c8bec4d40141a6b1f470f6142de67a: Alter schema from ( 0:key INT32 NOT NULL, PRIMARY KEY (key) ) version 0 to ( 0:key INT32 NOT NULL, PRIMARY KEY (key) ) version 1
I0917 09:19:51.625169 15652 tablet_metadata.cc:569] Not flushing: waiting for 1 pins to be released.
I0917 09:19:51.625185 15711 heartbeater.cc:447] Master 127.13.208.126:33685 was elected leader, sending a full tablet report...
I0917 09:19:51.625191 15652 tablet_bootstrap.cc:439] T de49f5bae5244941af0020522f04d827 P c2c8bec4d40141a6b1f470f6142de67a: Bootstrap replayed 1/1 log segments. Stats: ops{read=4 overwritten=0 applied=4 ignored=0} inserts{seen=26 ignored=0} mutations{seen=0 ignored=0} orphaned_commits=0. Pending: 0 replicates
I0917 09:19:51.625414 15652 tablet_bootstrap.cc:439] T de49f5bae5244941af0020522f04d827 P c2c8bec4d40141a6b1f470f6142de67a: Bootstrap complete.
I0917 09:19:51.626296 15652 ts_tablet_manager.cc:1085] T de49f5bae5244941af0020522f04d827 P c2c8bec4d40141a6b1f470f6142de67a: Time spent bootstrapping tablet: real 0.003s user 0.002s sys 0.000s
I0917 09:19:51.626425 15652 raft_consensus.cc:340] T de49f5bae5244941af0020522f04d827 P c2c8bec4d40141a6b1f470f6142de67a [term 2 FOLLOWER]: Replica starting. Triggering 0 pending transactions. Active config: opid_index: -1 OBSOLETE_local: false peers { permanent_uuid: "c2c8bec4d40141a6b1f470f6142de67a" member_type: VOTER last_known_addr { host: "127.13.208.65" port: 39971 } } peers { permanent_uuid: "f42c56d2dc6b4faba5a218e79da90951" member_type: VOTER last_known_addr { host: "127.13.208.66" port: 38793 } } peers { permanent_uuid: "eea10e830a664ea4be74d8cffbe95552" member_type: VOTER last_known_addr { host: "127.13.208.67" port: 42065 } }
I0917 09:19:51.626444 15652 raft_consensus.cc:705] T de49f5bae5244941af0020522f04d827 P c2c8bec4d40141a6b1f470f6142de67a [term 2 FOLLOWER]: Becoming Follower/Learner. State: Replica: c2c8bec4d40141a6b1f470f6142de67a, State: Initialized, Role: FOLLOWER
I0917 09:19:51.626516 15652 consensus_queue.cc:229] T de49f5bae5244941af0020522f04d827 P c2c8bec4d40141a6b1f470f6142de67a [NON_LEADER]: Queue going to NON_LEADER mode. State: All replicated index: 0, Majority replicated index: 0, Committed index: 4, Last appended: 2.4, Last appended by leader: 4, Current term: 0, Majority size: -1, State: 0, Mode: NON_LEADER, active raft config: opid_index: -1 OBSOLETE_local: false peers { permanent_uuid: "c2c8bec4d40141a6b1f470f6142de67a" member_type: VOTER last_known_addr { host: "127.13.208.65" port: 39971 } } peers { permanent_uuid: "f42c56d2dc6b4faba5a218e79da90951" member_type: VOTER last_known_addr { host: "127.13.208.66" port: 38793 } } peers { permanent_uuid: "eea10e830a664ea4be74d8cffbe95552" member_type: VOTER last_known_addr { host: "127.13.208.67" port: 42065 } }
I0917 09:19:51.626715 15652 ts_tablet_manager.cc:1113] T de49f5bae5244941af0020522f04d827 P c2c8bec4d40141a6b1f470f6142de67a: Time spent starting tablet: real 0.000s user 0.001s sys 0.000s
I0917 09:19:51.680642 15723 raft_consensus.cc:472] T f67125c2201a4791ab5756ecc8fba82a P f42c56d2dc6b4faba5a218e79da90951 [term 2 FOLLOWER]: Starting pre-election (detected failure of leader c2c8bec4d40141a6b1f470f6142de67a)
I0917 09:19:51.680707 15723 raft_consensus.cc:494] T f67125c2201a4791ab5756ecc8fba82a P f42c56d2dc6b4faba5a218e79da90951 [term 2 FOLLOWER]: Starting pre-election with config: opid_index: -1 OBSOLETE_local: false peers { permanent_uuid: "f42c56d2dc6b4faba5a218e79da90951" member_type: VOTER last_known_addr { host: "127.13.208.66" port: 38793 } } peers { permanent_uuid: "c2c8bec4d40141a6b1f470f6142de67a" member_type: VOTER last_known_addr { host: "127.13.208.65" port: 39971 } } peers { permanent_uuid: "eea10e830a664ea4be74d8cffbe95552" member_type: VOTER last_known_addr { host: "127.13.208.67" port: 42065 } }
I0917 09:19:51.680783 15723 leader_election.cc:296] T f67125c2201a4791ab5756ecc8fba82a P f42c56d2dc6b4faba5a218e79da90951 [CANDIDATE]: Term 3 pre-election: Requested pre-vote from peers c2c8bec4d40141a6b1f470f6142de67a (127.13.208.65:39971), eea10e830a664ea4be74d8cffbe95552 (127.13.208.67:42065)
I0917 09:19:51.681001 15317 tablet_service.cc:1295] Received RequestConsensusVote() RPC: tablet_id: "f67125c2201a4791ab5756ecc8fba82a" candidate_uuid: "f42c56d2dc6b4faba5a218e79da90951" candidate_term: 3 candidate_status { last_received { term: 2 index: 4 } } ignore_live_leader: false dest_uuid: "eea10e830a664ea4be74d8cffbe95552" is_pre_election: true
I0917 09:19:51.681030 15317 raft_consensus.cc:2311] T f67125c2201a4791ab5756ecc8fba82a P eea10e830a664ea4be74d8cffbe95552 [term 2 FOLLOWER]: Leader pre-election vote request: Denying vote to candidate f42c56d2dc6b4faba5a218e79da90951 for term 3 because replica is either leader or believes a valid leader to be alive.
I0917 09:19:51.683594 15685 tablet_service.cc:1295] Received RequestConsensusVote() RPC: tablet_id: "f67125c2201a4791ab5756ecc8fba82a" candidate_uuid: "f42c56d2dc6b4faba5a218e79da90951" candidate_term: 3 candidate_status { last_received { term: 2 index: 4 } } ignore_live_leader: false dest_uuid: "c2c8bec4d40141a6b1f470f6142de67a" is_pre_election: true
I0917 09:19:51.683638 15685 raft_consensus.cc:2350] T f67125c2201a4791ab5756ecc8fba82a P c2c8bec4d40141a6b1f470f6142de67a [term 2 FOLLOWER]: Leader pre-election vote request: Granting yes vote for candidate f42c56d2dc6b4faba5a218e79da90951 in term 2.
I0917 09:19:51.683801 15200 leader_election.cc:310] T f67125c2201a4791ab5756ecc8fba82a P f42c56d2dc6b4faba5a218e79da90951 [CANDIDATE]: Term 3 pre-election: Election decided. Result: candidate won. Election summary: received 3 responses out of 3 voters: 2 yes votes; 1 no votes. yes voters: c2c8bec4d40141a6b1f470f6142de67a, f42c56d2dc6b4faba5a218e79da90951; no voters: eea10e830a664ea4be74d8cffbe95552
I0917 09:19:51.683931 15723 raft_consensus.cc:2644] T f67125c2201a4791ab5756ecc8fba82a P f42c56d2dc6b4faba5a218e79da90951 [term 2 FOLLOWER]: Leader pre-election won for term 3
I0917 09:19:51.683964 15723 raft_consensus.cc:472] T f67125c2201a4791ab5756ecc8fba82a P f42c56d2dc6b4faba5a218e79da90951 [term 2 FOLLOWER]: Starting leader election (detected failure of leader c2c8bec4d40141a6b1f470f6142de67a)
I0917 09:19:51.683976 15723 raft_consensus.cc:2890] T f67125c2201a4791ab5756ecc8fba82a P f42c56d2dc6b4faba5a218e79da90951 [term 2 FOLLOWER]: Advancing to term 3
I0917 09:19:51.684839 15723 raft_consensus.cc:494] T f67125c2201a4791ab5756ecc8fba82a P f42c56d2dc6b4faba5a218e79da90951 [term 3 FOLLOWER]: Starting leader election with config: opid_index: -1 OBSOLETE_local: false peers { permanent_uuid: "f42c56d2dc6b4faba5a218e79da90951" member_type: VOTER last_known_addr { host: "127.13.208.66" port: 38793 } } peers { permanent_uuid: "c2c8bec4d40141a6b1f470f6142de67a" member_type: VOTER last_known_addr { host: "127.13.208.65" port: 39971 } } peers { permanent_uuid: "eea10e830a664ea4be74d8cffbe95552" member_type: VOTER last_known_addr { host: "127.13.208.67" port: 42065 } }
I0917 09:19:51.684976 15723 leader_election.cc:296] T f67125c2201a4791ab5756ecc8fba82a P f42c56d2dc6b4faba5a218e79da90951 [CANDIDATE]: Term 3 election: Requested vote from peers c2c8bec4d40141a6b1f470f6142de67a (127.13.208.65:39971), eea10e830a664ea4be74d8cffbe95552 (127.13.208.67:42065)
I0917 09:19:51.685191 15317 tablet_service.cc:1295] Received RequestConsensusVote() RPC: tablet_id: "f67125c2201a4791ab5756ecc8fba82a" candidate_uuid: "f42c56d2dc6b4faba5a218e79da90951" candidate_term: 3 candidate_status { last_received { term: 2 index: 4 } } ignore_live_leader: false dest_uuid: "eea10e830a664ea4be74d8cffbe95552"
I0917 09:19:51.685199 15685 tablet_service.cc:1295] Received RequestConsensusVote() RPC: tablet_id: "f67125c2201a4791ab5756ecc8fba82a" candidate_uuid: "f42c56d2dc6b4faba5a218e79da90951" candidate_term: 3 candidate_status { last_received { term: 2 index: 4 } } ignore_live_leader: false dest_uuid: "c2c8bec4d40141a6b1f470f6142de67a"
I0917 09:19:51.685253 15317 raft_consensus.cc:2311] T f67125c2201a4791ab5756ecc8fba82a P eea10e830a664ea4be74d8cffbe95552 [term 2 FOLLOWER]: Leader election vote request: Denying vote to candidate f42c56d2dc6b4faba5a218e79da90951 for term 3 because replica is either leader or believes a valid leader to be alive.
I0917 09:19:51.685278 15685 raft_consensus.cc:2890] T f67125c2201a4791ab5756ecc8fba82a P c2c8bec4d40141a6b1f470f6142de67a [term 2 FOLLOWER]: Advancing to term 3
I0917 09:19:51.685992 15685 raft_consensus.cc:2350] T f67125c2201a4791ab5756ecc8fba82a P c2c8bec4d40141a6b1f470f6142de67a [term 3 FOLLOWER]: Leader election vote request: Granting yes vote for candidate f42c56d2dc6b4faba5a218e79da90951 in term 3.
I0917 09:19:51.686143 15200 leader_election.cc:310] T f67125c2201a4791ab5756ecc8fba82a P f42c56d2dc6b4faba5a218e79da90951 [CANDIDATE]: Term 3 election: Election decided. Result: candidate won. Election summary: received 3 responses out of 3 voters: 2 yes votes; 1 no votes. yes voters: c2c8bec4d40141a6b1f470f6142de67a, f42c56d2dc6b4faba5a218e79da90951; no voters: eea10e830a664ea4be74d8cffbe95552
I0917 09:19:51.686230 15723 raft_consensus.cc:2644] T f67125c2201a4791ab5756ecc8fba82a P f42c56d2dc6b4faba5a218e79da90951 [term 3 FOLLOWER]: Leader election won for term 3
I0917 09:19:51.686383 15723 raft_consensus.cc:667] T f67125c2201a4791ab5756ecc8fba82a P f42c56d2dc6b4faba5a218e79da90951 [term 3 LEADER]: Becoming Leader. State: Replica: f42c56d2dc6b4faba5a218e79da90951, State: Running, Role: LEADER
I0917 09:19:51.686511 15723 consensus_queue.cc:206] T f67125c2201a4791ab5756ecc8fba82a P f42c56d2dc6b4faba5a218e79da90951 [LEADER]: Queue going to LEADER mode. State: All replicated index: 0, Majority replicated index: 4, Committed index: 4, Last appended: 2.4, Last appended by leader: 4, Current term: 3, Majority size: 2, State: 0, Mode: LEADER, active raft config: opid_index: -1 OBSOLETE_local: false peers { permanent_uuid: "f42c56d2dc6b4faba5a218e79da90951" member_type: VOTER last_known_addr { host: "127.13.208.66" port: 38793 } } peers { permanent_uuid: "c2c8bec4d40141a6b1f470f6142de67a" member_type: VOTER last_known_addr { host: "127.13.208.65" port: 39971 } } peers { permanent_uuid: "eea10e830a664ea4be74d8cffbe95552" member_type: VOTER last_known_addr { host: "127.13.208.67" port: 42065 } }
I0917 09:19:51.687357 15456 catalog_manager.cc:4120] T f67125c2201a4791ab5756ecc8fba82a P f42c56d2dc6b4faba5a218e79da90951 reported cstate change: term changed from 2 to 3, leader changed from c2c8bec4d40141a6b1f470f6142de67a (127.13.208.65) to f42c56d2dc6b4faba5a218e79da90951 (127.13.208.66). New cstate: current_term: 3 leader_uuid: "f42c56d2dc6b4faba5a218e79da90951" committed_config { opid_index: -1 OBSOLETE_local: false peers { permanent_uuid: "f42c56d2dc6b4faba5a218e79da90951" member_type: VOTER last_known_addr { host: "127.13.208.66" port: 38793 } health_report { overall_health: HEALTHY } } peers { permanent_uuid: "c2c8bec4d40141a6b1f470f6142de67a" member_type: VOTER last_known_addr { host: "127.13.208.65" port: 39971 } health_report { overall_health: UNKNOWN } } peers { permanent_uuid: "eea10e830a664ea4be74d8cffbe95552" member_type: VOTER last_known_addr { host: "127.13.208.67" port: 42065 } health_report { overall_health: UNKNOWN } } }
I0917 09:19:51.694705 15721 raft_consensus.cc:472] T f67125c2201a4791ab5756ecc8fba82a P eea10e830a664ea4be74d8cffbe95552 [term 2 FOLLOWER]: Starting pre-election (detected failure of leader c2c8bec4d40141a6b1f470f6142de67a)
I0917 09:19:51.694852 15721 raft_consensus.cc:494] T f67125c2201a4791ab5756ecc8fba82a P eea10e830a664ea4be74d8cffbe95552 [term 2 FOLLOWER]: Starting pre-election with config: opid_index: -1 OBSOLETE_local: false peers { permanent_uuid: "f42c56d2dc6b4faba5a218e79da90951" member_type: VOTER last_known_addr { host: "127.13.208.66" port: 38793 } } peers { permanent_uuid: "c2c8bec4d40141a6b1f470f6142de67a" member_type: VOTER last_known_addr { host: "127.13.208.65" port: 39971 } } peers { permanent_uuid: "eea10e830a664ea4be74d8cffbe95552" member_type: VOTER last_known_addr { host: "127.13.208.67" port: 42065 } }
I0917 09:19:51.695083 15721 leader_election.cc:296] T f67125c2201a4791ab5756ecc8fba82a P eea10e830a664ea4be74d8cffbe95552 [CANDIDATE]: Term 3 pre-election: Requested pre-vote from peers f42c56d2dc6b4faba5a218e79da90951 (127.13.208.66:38793), c2c8bec4d40141a6b1f470f6142de67a (127.13.208.65:39971)
I0917 09:19:51.695204 15243 tablet_service.cc:1295] Received RequestConsensusVote() RPC: tablet_id: "f67125c2201a4791ab5756ecc8fba82a" candidate_uuid: "eea10e830a664ea4be74d8cffbe95552" candidate_term: 3 candidate_status { last_received { term: 2 index: 4 } } ignore_live_leader: false dest_uuid: "f42c56d2dc6b4faba5a218e79da90951" is_pre_election: true
I0917 09:19:51.695264 15685 tablet_service.cc:1295] Received RequestConsensusVote() RPC: tablet_id: "f67125c2201a4791ab5756ecc8fba82a" candidate_uuid: "eea10e830a664ea4be74d8cffbe95552" candidate_term: 3 candidate_status { last_received { term: 2 index: 4 } } ignore_live_leader: false dest_uuid: "c2c8bec4d40141a6b1f470f6142de67a" is_pre_election: true
I0917 09:19:51.695294 15243 raft_consensus.cc:2311] T f67125c2201a4791ab5756ecc8fba82a P f42c56d2dc6b4faba5a218e79da90951 [term 3 LEADER]: Leader pre-election vote request: Denying vote to candidate eea10e830a664ea4be74d8cffbe95552 for term 3 because replica is either leader or believes a valid leader to be alive.
I0917 09:19:51.695302 15685 raft_consensus.cc:2280] T f67125c2201a4791ab5756ecc8fba82a P c2c8bec4d40141a6b1f470f6142de67a [term 3 FOLLOWER]: Leader pre-election vote request: Denying vote to candidate eea10e830a664ea4be74d8cffbe95552 in current term 3: Already voted for candidate f42c56d2dc6b4faba5a218e79da90951 in this term.
I0917 09:19:51.695463 15279 leader_election.cc:310] T f67125c2201a4791ab5756ecc8fba82a P eea10e830a664ea4be74d8cffbe95552 [CANDIDATE]: Term 3 pre-election: Election decided. Result: candidate lost. Election summary: received 3 responses out of 3 voters: 1 yes votes; 2 no votes. yes voters: eea10e830a664ea4be74d8cffbe95552; no voters: c2c8bec4d40141a6b1f470f6142de67a, f42c56d2dc6b4faba5a218e79da90951
I0917 09:19:51.695564 15721 raft_consensus.cc:2890] T f67125c2201a4791ab5756ecc8fba82a P eea10e830a664ea4be74d8cffbe95552 [term 2 FOLLOWER]: Advancing to term 3
I0917 09:19:51.696300 15721 raft_consensus.cc:2592] T f67125c2201a4791ab5756ecc8fba82a P eea10e830a664ea4be74d8cffbe95552 [term 3 FOLLOWER]: Leader pre-election lost for term 3. Reason: could not achieve majority
I0917 09:19:51.696842 15721 raft_consensus.cc:472] T de49f5bae5244941af0020522f04d827 P eea10e830a664ea4be74d8cffbe95552 [term 2 FOLLOWER]: Starting pre-election (detected failure of leader c2c8bec4d40141a6b1f470f6142de67a)
I0917 09:19:51.697013 15721 raft_consensus.cc:494] T de49f5bae5244941af0020522f04d827 P eea10e830a664ea4be74d8cffbe95552 [term 2 FOLLOWER]: Starting pre-election with config: opid_index: -1 OBSOLETE_local: false peers { permanent_uuid: "c2c8bec4d40141a6b1f470f6142de67a" member_type: VOTER last_known_addr { host: "127.13.208.65" port: 39971 } } peers { permanent_uuid: "f42c56d2dc6b4faba5a218e79da90951" member_type: VOTER last_known_addr { host: "127.13.208.66" port: 38793 } } peers { permanent_uuid: "eea10e830a664ea4be74d8cffbe95552" member_type: VOTER last_known_addr { host: "127.13.208.67" port: 42065 } }
I0917 09:19:51.697114 15721 leader_election.cc:296] T de49f5bae5244941af0020522f04d827 P eea10e830a664ea4be74d8cffbe95552 [CANDIDATE]: Term 3 pre-election: Requested pre-vote from peers c2c8bec4d40141a6b1f470f6142de67a (127.13.208.65:39971), f42c56d2dc6b4faba5a218e79da90951 (127.13.208.66:38793)
I0917 09:19:51.697335 15243 tablet_service.cc:1295] Received RequestConsensusVote() RPC: tablet_id: "de49f5bae5244941af0020522f04d827" candidate_uuid: "eea10e830a664ea4be74d8cffbe95552" candidate_term: 3 candidate_status { last_received { term: 2 index: 4 } } ignore_live_leader: false dest_uuid: "f42c56d2dc6b4faba5a218e79da90951" is_pre_election: true
