I0917 09:19:58.968256 16952 leader_election.cc:296] T 5e9d0599e0df416e97e63d608db6f0ab P 7a66fc8acece469db093d36cf50b448e [CANDIDATE]: Term 2 pre-election: Requested pre-vote from peers ce9933ca3a5c4f5ab9f3a41857b7fbb2 (127.13.208.68:37535), 2dd78402759d4877b2991ce5ad9abd06 (127.13.208.65:39567)
I0917 09:19:58.972733 16489 tablet_service.cc:1295] Received RequestConsensusVote() RPC: tablet_id: "5e9d0599e0df416e97e63d608db6f0ab" candidate_uuid: "ce9933ca3a5c4f5ab9f3a41857b7fbb2" candidate_term: 2 candidate_status { last_received { term: 1 index: 1 } } ignore_live_leader: false dest_uuid: "2dd78402759d4877b2991ce5ad9abd06" is_pre_election: true
I0917 09:19:58.972774 16557 tablet_service.cc:1295] Received RequestConsensusVote() RPC: tablet_id: "5e9d0599e0df416e97e63d608db6f0ab" candidate_uuid: "ce9933ca3a5c4f5ab9f3a41857b7fbb2" candidate_term: 2 candidate_status { last_received { term: 1 index: 1 } } ignore_live_leader: false dest_uuid: "7a66fc8acece469db093d36cf50b448e" is_pre_election: true
I0917 09:19:58.972815 16557 raft_consensus.cc:2350] T 5e9d0599e0df416e97e63d608db6f0ab P 7a66fc8acece469db093d36cf50b448e [term 1 FOLLOWER]: Leader pre-election vote request: Granting yes vote for candidate ce9933ca3a5c4f5ab9f3a41857b7fbb2 in term 1.
W0917 09:19:58.972956 16652 leader_election.cc:348] T 5e9d0599e0df416e97e63d608db6f0ab P ce9933ca3a5c4f5ab9f3a41857b7fbb2 [CANDIDATE]: Term 2 pre-election: Tablet error from VoteRequest() call to peer 2dd78402759d4877b2991ce5ad9abd06 (127.13.208.65:39567): Illegal state: cannot vote while shut down
I0917 09:19:58.972985 16652 leader_election.cc:310] T 5e9d0599e0df416e97e63d608db6f0ab P ce9933ca3a5c4f5ab9f3a41857b7fbb2 [CANDIDATE]: Term 2 pre-election: Election decided. Result: candidate won. Election summary: received 3 responses out of 3 voters: 2 yes votes; 1 no votes. yes voters: 7a66fc8acece469db093d36cf50b448e, ce9933ca3a5c4f5ab9f3a41857b7fbb2; no voters: 2dd78402759d4877b2991ce5ad9abd06
I0917 09:19:58.973068 16949 raft_consensus.cc:2644] T 5e9d0599e0df416e97e63d608db6f0ab P ce9933ca3a5c4f5ab9f3a41857b7fbb2 [term 1 FOLLOWER]: Leader pre-election won for term 2
I0917 09:19:58.973085 16949 raft_consensus.cc:472] T 5e9d0599e0df416e97e63d608db6f0ab P ce9933ca3a5c4f5ab9f3a41857b7fbb2 [term 1 FOLLOWER]: Starting leader election (detected failure of leader 2dd78402759d4877b2991ce5ad9abd06)
I0917 09:19:58.973091 16949 raft_consensus.cc:2890] T 5e9d0599e0df416e97e63d608db6f0ab P ce9933ca3a5c4f5ab9f3a41857b7fbb2 [term 1 FOLLOWER]: Advancing to term 2
I0917 09:19:58.974056 16489 tablet_service.cc:1295] Received RequestConsensusVote() RPC: tablet_id: "5e9d0599e0df416e97e63d608db6f0ab" candidate_uuid: "7a66fc8acece469db093d36cf50b448e" candidate_term: 2 candidate_status { last_received { term: 1 index: 1 } } ignore_live_leader: false dest_uuid: "2dd78402759d4877b2991ce5ad9abd06" is_pre_election: true
I0917 09:19:58.974171 16691 tablet_service.cc:1295] Received RequestConsensusVote() RPC: tablet_id: "5e9d0599e0df416e97e63d608db6f0ab" candidate_uuid: "7a66fc8acece469db093d36cf50b448e" candidate_term: 2 candidate_status { last_received { term: 1 index: 1 } } ignore_live_leader: false dest_uuid: "ce9933ca3a5c4f5ab9f3a41857b7fbb2" is_pre_election: true
W0917 09:19:58.974220 16518 leader_election.cc:348] T 5e9d0599e0df416e97e63d608db6f0ab P 7a66fc8acece469db093d36cf50b448e [CANDIDATE]: Term 2 pre-election: Tablet error from VoteRequest() call to peer 2dd78402759d4877b2991ce5ad9abd06 (127.13.208.65:39567): Illegal state: cannot vote while shut down
I0917 09:19:58.974772 16949 raft_consensus.cc:494] T 5e9d0599e0df416e97e63d608db6f0ab P ce9933ca3a5c4f5ab9f3a41857b7fbb2 [term 2 FOLLOWER]: Starting leader election with config: opid_index: -1 OBSOLETE_local: false peers { permanent_uuid: "ce9933ca3a5c4f5ab9f3a41857b7fbb2" member_type: VOTER last_known_addr { host: "127.13.208.68" port: 37535 } } peers { permanent_uuid: "7a66fc8acece469db093d36cf50b448e" member_type: VOTER last_known_addr { host: "127.13.208.66" port: 46523 } } peers { permanent_uuid: "2dd78402759d4877b2991ce5ad9abd06" member_type: VOTER last_known_addr { host: "127.13.208.65" port: 39567 } }
I0917 09:19:58.974861 16691 raft_consensus.cc:2280] T 5e9d0599e0df416e97e63d608db6f0ab P ce9933ca3a5c4f5ab9f3a41857b7fbb2 [term 2 FOLLOWER]: Leader pre-election vote request: Denying vote to candidate 7a66fc8acece469db093d36cf50b448e in current term 2: Already voted for candidate ce9933ca3a5c4f5ab9f3a41857b7fbb2 in this term.
I0917 09:19:58.974865 16949 leader_election.cc:296] T 5e9d0599e0df416e97e63d608db6f0ab P ce9933ca3a5c4f5ab9f3a41857b7fbb2 [CANDIDATE]: Term 2 election: Requested vote from peers 7a66fc8acece469db093d36cf50b448e (127.13.208.66:46523), 2dd78402759d4877b2991ce5ad9abd06 (127.13.208.65:39567)
I0917 09:19:58.974994 16520 leader_election.cc:310] T 5e9d0599e0df416e97e63d608db6f0ab P 7a66fc8acece469db093d36cf50b448e [CANDIDATE]: Term 2 pre-election: Election decided. Result: candidate lost. Election summary: received 3 responses out of 3 voters: 1 yes votes; 2 no votes. yes voters: 7a66fc8acece469db093d36cf50b448e; no voters: 2dd78402759d4877b2991ce5ad9abd06, ce9933ca3a5c4f5ab9f3a41857b7fbb2
I0917 09:19:58.975092 16557 tablet_service.cc:1295] Received RequestConsensusVote() RPC: tablet_id: "5e9d0599e0df416e97e63d608db6f0ab" candidate_uuid: "ce9933ca3a5c4f5ab9f3a41857b7fbb2" candidate_term: 2 candidate_status { last_received { term: 1 index: 1 } } ignore_live_leader: false dest_uuid: "7a66fc8acece469db093d36cf50b448e"
I0917 09:19:58.975126 16952 raft_consensus.cc:2890] T 5e9d0599e0df416e97e63d608db6f0ab P 7a66fc8acece469db093d36cf50b448e [term 1 FOLLOWER]: Advancing to term 2
I0917 09:19:58.975148 16489 tablet_service.cc:1295] Received RequestConsensusVote() RPC: tablet_id: "5e9d0599e0df416e97e63d608db6f0ab" candidate_uuid: "ce9933ca3a5c4f5ab9f3a41857b7fbb2" candidate_term: 2 candidate_status { last_received { term: 1 index: 1 } } ignore_live_leader: false dest_uuid: "2dd78402759d4877b2991ce5ad9abd06"
W0917 09:19:58.975256 16652 leader_election.cc:348] T 5e9d0599e0df416e97e63d608db6f0ab P ce9933ca3a5c4f5ab9f3a41857b7fbb2 [CANDIDATE]: Term 2 election: Tablet error from VoteRequest() call to peer 2dd78402759d4877b2991ce5ad9abd06 (127.13.208.65:39567): Illegal state: cannot vote while shut down
I0917 09:19:58.975775 16952 raft_consensus.cc:2592] T 5e9d0599e0df416e97e63d608db6f0ab P 7a66fc8acece469db093d36cf50b448e [term 2 FOLLOWER]: Leader pre-election lost for term 2. Reason: could not achieve majority
I0917 09:19:58.976397 16557 raft_consensus.cc:2350] T 5e9d0599e0df416e97e63d608db6f0ab P 7a66fc8acece469db093d36cf50b448e [term 2 FOLLOWER]: Leader election vote request: Granting yes vote for candidate ce9933ca3a5c4f5ab9f3a41857b7fbb2 in term 2.
I0917 09:19:58.976605 16655 leader_election.cc:310] T 5e9d0599e0df416e97e63d608db6f0ab P ce9933ca3a5c4f5ab9f3a41857b7fbb2 [CANDIDATE]: Term 2 election: Election decided. Result: candidate won. Election summary: received 3 responses out of 3 voters: 2 yes votes; 1 no votes. yes voters: 7a66fc8acece469db093d36cf50b448e, ce9933ca3a5c4f5ab9f3a41857b7fbb2; no voters: 2dd78402759d4877b2991ce5ad9abd06
I0917 09:19:58.976734 16949 raft_consensus.cc:2644] T 5e9d0599e0df416e97e63d608db6f0ab P ce9933ca3a5c4f5ab9f3a41857b7fbb2 [term 2 FOLLOWER]: Leader election won for term 2
I0917 09:19:58.976851 16949 raft_consensus.cc:667] T 5e9d0599e0df416e97e63d608db6f0ab P ce9933ca3a5c4f5ab9f3a41857b7fbb2 [term 2 LEADER]: Becoming Leader. State: Replica: ce9933ca3a5c4f5ab9f3a41857b7fbb2, State: Running, Role: LEADER
I0917 09:19:58.976965 16949 consensus_queue.cc:206] T 5e9d0599e0df416e97e63d608db6f0ab P ce9933ca3a5c4f5ab9f3a41857b7fbb2 [LEADER]: Queue going to LEADER mode. State: All replicated index: 0, Majority replicated index: 1, Committed index: 1, Last appended: 1.1, Last appended by leader: 1, Current term: 2, Majority size: 2, State: 0, Mode: LEADER, active raft config: opid_index: -1 OBSOLETE_local: false peers { permanent_uuid: "ce9933ca3a5c4f5ab9f3a41857b7fbb2" member_type: VOTER last_known_addr { host: "127.13.208.68" port: 37535 } } peers { permanent_uuid: "7a66fc8acece469db093d36cf50b448e" member_type: VOTER last_known_addr { host: "127.13.208.66" port: 46523 } } peers { permanent_uuid: "2dd78402759d4877b2991ce5ad9abd06" member_type: VOTER last_known_addr { host: "127.13.208.65" port: 39567 } }
I0917 09:19:58.977555 16405 catalog_manager.cc:4120] T 5e9d0599e0df416e97e63d608db6f0ab P ce9933ca3a5c4f5ab9f3a41857b7fbb2 reported cstate change: term changed from 1 to 2, leader changed from 2dd78402759d4877b2991ce5ad9abd06 (127.13.208.65) to ce9933ca3a5c4f5ab9f3a41857b7fbb2 (127.13.208.68). New cstate: current_term: 2 leader_uuid: "ce9933ca3a5c4f5ab9f3a41857b7fbb2" committed_config { opid_index: -1 OBSOLETE_local: false peers { permanent_uuid: "ce9933ca3a5c4f5ab9f3a41857b7fbb2" member_type: VOTER last_known_addr { host: "127.13.208.68" port: 37535 } health_report { overall_health: HEALTHY } } peers { permanent_uuid: "7a66fc8acece469db093d36cf50b448e" member_type: VOTER last_known_addr { host: "127.13.208.66" port: 46523 } health_report { overall_health: UNKNOWN } } peers { permanent_uuid: "2dd78402759d4877b2991ce5ad9abd06" member_type: VOTER last_known_addr { host: "127.13.208.65" port: 39567 } health_report { overall_health: UNKNOWN } } }
I0917 09:19:59.575598 16557 raft_consensus.cc:1184] T 5e9d0599e0df416e97e63d608db6f0ab P 7a66fc8acece469db093d36cf50b448e [term 2 FOLLOWER]: Refusing update from remote peer ce9933ca3a5c4f5ab9f3a41857b7fbb2: Log matching property violated. Preceding OpId in replica: term: 1 index: 1. Preceding OpId from leader: term: 2 index: 2. (index mismatch)
I0917 09:19:59.575964 16962 consensus_queue.cc:984] T 5e9d0599e0df416e97e63d608db6f0ab P ce9933ca3a5c4f5ab9f3a41857b7fbb2 [LEADER]: Connected to new peer: Peer: permanent_uuid: "7a66fc8acece469db093d36cf50b448e" member_type: VOTER last_known_addr { host: "127.13.208.66" port: 46523 }, Status: LMP_MISMATCH, Last received: 0.0, Next index: 2, Last known committed idx: 1, Time since last communication: 0.000s
I0917 09:19:59.577363 16652 consensus_queue.cc:544] T 5e9d0599e0df416e97e63d608db6f0ab P ce9933ca3a5c4f5ab9f3a41857b7fbb2 [LEADER]: The tablet replica hosted on peer 2dd78402759d4877b2991ce5ad9abd06 has failed
W0917 09:19:59.577416 16652 consensus_peers.cc:458] T 5e9d0599e0df416e97e63d608db6f0ab P ce9933ca3a5c4f5ab9f3a41857b7fbb2 -> Peer 2dd78402759d4877b2991ce5ad9abd06 (127.13.208.65:39567): Couldn't send request to peer 2dd78402759d4877b2991ce5ad9abd06. Error code: TABLET_FAILED (20). Status: Illegal state: Tablet not RUNNING: FAILED: IO error: INJECTED ERROR: tablet failed. This is attempt 1: this message will repeat every 5th retry.
I0917 09:19:59.577702 16404 catalog_manager.cc:3871] Sending ChangeConfig:REMOVE_PEER on tablet 5e9d0599e0df416e97e63d608db6f0ab (attempt 1)
I0917 09:19:59.577975 16691 consensus_queue.cc:206] T 5e9d0599e0df416e97e63d608db6f0ab P ce9933ca3a5c4f5ab9f3a41857b7fbb2 [LEADER]: Queue going to LEADER mode. State: All replicated index: 0, Majority replicated index: 2, Committed index: 2, Last appended: 2.2, Last appended by leader: 1, Current term: 2, Majority size: 2, State: 0, Mode: LEADER, active raft config: opid_index: 3 OBSOLETE_local: false peers { permanent_uuid: "ce9933ca3a5c4f5ab9f3a41857b7fbb2" member_type: VOTER last_known_addr { host: "127.13.208.68" port: 37535 } } peers { permanent_uuid: "7a66fc8acece469db093d36cf50b448e" member_type: VOTER last_known_addr { host: "127.13.208.66" port: 46523 } }
I0917 09:19:59.578204 16557 raft_consensus.cc:1184] T 5e9d0599e0df416e97e63d608db6f0ab P 7a66fc8acece469db093d36cf50b448e [term 2 FOLLOWER]: Refusing update from remote peer ce9933ca3a5c4f5ab9f3a41857b7fbb2: Log matching property violated. Preceding OpId in replica: term: 2 index: 2. Preceding OpId from leader: term: 2 index: 3. (index mismatch)
I0917 09:19:59.578457 16965 consensus_queue.cc:984] T 5e9d0599e0df416e97e63d608db6f0ab P ce9933ca3a5c4f5ab9f3a41857b7fbb2 [LEADER]: Connected to new peer: Peer: permanent_uuid: "7a66fc8acece469db093d36cf50b448e" member_type: VOTER last_known_addr { host: "127.13.208.66" port: 46523 }, Status: LMP_MISMATCH, Last received: 0.0, Next index: 3, Last known committed idx: 2, Time since last communication: 0.000s
I0917 09:19:59.578997 16962 raft_consensus.cc:2792] T 5e9d0599e0df416e97e63d608db6f0ab P ce9933ca3a5c4f5ab9f3a41857b7fbb2 [term 2 LEADER]: Committing config change with OpId 2.3: config changed from index -1 to 3, VOTER 2dd78402759d4877b2991ce5ad9abd06 (127.13.208.65) evicted. New config: { opid_index: 3 OBSOLETE_local: false peers { permanent_uuid: "ce9933ca3a5c4f5ab9f3a41857b7fbb2" member_type: VOTER last_known_addr { host: "127.13.208.68" port: 37535 } } peers { permanent_uuid: "7a66fc8acece469db093d36cf50b448e" member_type: VOTER last_known_addr { host: "127.13.208.66" port: 46523 } } }
I0917 09:19:59.579165 16557 raft_consensus.cc:2792] T 5e9d0599e0df416e97e63d608db6f0ab P 7a66fc8acece469db093d36cf50b448e [term 2 FOLLOWER]: Committing config change with OpId 2.3: config changed from index -1 to 3, VOTER 2dd78402759d4877b2991ce5ad9abd06 (127.13.208.65) evicted. New config: { opid_index: 3 OBSOLETE_local: false peers { permanent_uuid: "ce9933ca3a5c4f5ab9f3a41857b7fbb2" member_type: VOTER last_known_addr { host: "127.13.208.68" port: 37535 } } peers { permanent_uuid: "7a66fc8acece469db093d36cf50b448e" member_type: VOTER last_known_addr { host: "127.13.208.66" port: 46523 } } }
I0917 09:19:59.580726 16388 catalog_manager.cc:3654] ChangeConfig:REMOVE_PEER RPC for tablet 5e9d0599e0df416e97e63d608db6f0ab with cas_config_opid_index -1: ChangeConfig:REMOVE_PEER succeeded (attempt 1)
I0917 09:19:59.581048 16404 catalog_manager.cc:4120] T 5e9d0599e0df416e97e63d608db6f0ab P 7a66fc8acece469db093d36cf50b448e reported cstate change: config changed from index -1 to 3, VOTER 2dd78402759d4877b2991ce5ad9abd06 (127.13.208.65) evicted. New cstate: current_term: 2 leader_uuid: "ce9933ca3a5c4f5ab9f3a41857b7fbb2" committed_config { opid_index: 3 OBSOLETE_local: false peers { permanent_uuid: "ce9933ca3a5c4f5ab9f3a41857b7fbb2" member_type: VOTER last_known_addr { host: "127.13.208.68" port: 37535 } } peers { permanent_uuid: "7a66fc8acece469db093d36cf50b448e" member_type: VOTER last_known_addr { host: "127.13.208.66" port: 46523 } } }
I0917 09:19:59.581863 16404 catalog_manager.cc:3512] Sending DeleteTablet(TABLET_DATA_TOMBSTONED) for tablet 5e9d0599e0df416e97e63d608db6f0ab on 2dd78402759d4877b2991ce5ad9abd06 (127.13.208.65:39567) (TS 2dd78402759d4877b2991ce5ad9abd06 not found in new config with opid_index 3)
I0917 09:19:59.581913 16405 catalog_manager.cc:3739] Sending ChangeConfig:ADD_PEER:NON_VOTER on tablet 5e9d0599e0df416e97e63d608db6f0ab (attempt 1)
I0917 09:19:59.582087 16473 tablet_service.cc:1066] Processing DeleteTablet for tablet 5e9d0599e0df416e97e63d608db6f0ab with delete_type TABLET_DATA_TOMBSTONED (TS 2dd78402759d4877b2991ce5ad9abd06 not found in new config with opid_index 3) from {username='slave'} at 127.0.0.1:54384
I0917 09:19:59.582260 16972 ts_tablet_manager.cc:1440] T 5e9d0599e0df416e97e63d608db6f0ab P 2dd78402759d4877b2991ce5ad9abd06: Deleting tablet data with delete state TABLET_DATA_TOMBSTONED
I0917 09:19:59.582442 16405 catalog_manager.cc:3739] Sending ChangeConfig:ADD_PEER:NON_VOTER on tablet 5e9d0599e0df416e97e63d608db6f0ab (attempt 1)
I0917 09:19:59.582609 16691 consensus_queue.cc:206] T 5e9d0599e0df416e97e63d608db6f0ab P ce9933ca3a5c4f5ab9f3a41857b7fbb2 [LEADER]: Queue going to LEADER mode. State: All replicated index: 0, Majority replicated index: 3, Committed index: 3, Last appended: 2.3, Last appended by leader: 1, Current term: 2, Majority size: 2, State: 0, Mode: LEADER, active raft config: opid_index: 4 OBSOLETE_local: false peers { permanent_uuid: "ce9933ca3a5c4f5ab9f3a41857b7fbb2" member_type: VOTER last_known_addr { host: "127.13.208.68" port: 37535 } } peers { permanent_uuid: "7a66fc8acece469db093d36cf50b448e" member_type: VOTER last_known_addr { host: "127.13.208.66" port: 46523 } } peers { permanent_uuid: "156e622c1244482eb132ee4e55767682" member_type: NON_VOTER last_known_addr { host: "127.13.208.67" port: 34059 } attrs { promote: true } }
I0917 09:19:59.583142 16557 raft_consensus.cc:1184] T 5e9d0599e0df416e97e63d608db6f0ab P 7a66fc8acece469db093d36cf50b448e [term 2 FOLLOWER]: Refusing update from remote peer ce9933ca3a5c4f5ab9f3a41857b7fbb2: Log matching property violated. Preceding OpId in replica: term: 2 index: 3. Preceding OpId from leader: term: 2 index: 4. (index mismatch)
I0917 09:19:59.583351 16965 consensus_queue.cc:984] T 5e9d0599e0df416e97e63d608db6f0ab P ce9933ca3a5c4f5ab9f3a41857b7fbb2 [LEADER]: Connected to new peer: Peer: permanent_uuid: "7a66fc8acece469db093d36cf50b448e" member_type: VOTER last_known_addr { host: "127.13.208.66" port: 46523 }, Status: LMP_MISMATCH, Last received: 0.0, Next index: 4, Last known committed idx: 3, Time since last communication: 0.000s
I0917 09:19:59.583390 16388 catalog_manager.cc:3671] ChangeConfig:ADD_PEER:NON_VOTER RPC for tablet 5e9d0599e0df416e97e63d608db6f0ab with cas_config_opid_index 3: ChangeConfig:ADD_PEER:NON_VOTER failed with leader ce9933ca3a5c4f5ab9f3a41857b7fbb2 (127.13.208.68:37535) due to error UNKNOWN_ERROR; will retry: Illegal state: RaftConfig change currently pending. Only one is allowed at a time. Committed config: opid_index: 3 OBSOLETE_local: false peers { permanent_uuid: "ce9933ca3a5c4f5ab9f3a41857b7fbb2" member_type: VOTER last_known_addr { host: "127.13.208.68" port: 37535 } } peers { permanent_uuid: "7a66fc8acece469db093d36cf50b448e" member_type: VOTER last_known_addr { host: "127.13.208.66" port: 46523 } }. Pending config: opid_index: 4 OBSOLETE_local: false peers { permanent_uuid: "ce9933ca3a5c4f5ab9f3a41857b7fbb2" member_type: VOTER last_known_addr { host: "127.13.208.68" port: 37535 } } peers { permanent_uuid: "7a66fc8acece469db093d36cf50b448e" member_type: VOTER last_known_addr { host: "127.13.208.66" port: 46523 } } peers { permanent_uuid: "156e622c1244482eb132ee4e55767682" member_type: NON_VOTER last_known_addr { host: "127.13.208.67" port: 34059 } attrs { promote: true } }
I0917 09:19:59.583431 16388 catalog_manager.cc:3287] Scheduling retry of ChangeConfig:ADD_PEER:NON_VOTER RPC for tablet 5e9d0599e0df416e97e63d608db6f0ab with cas_config_opid_index 3 with a delay of 55 ms (attempt = 1)
I0917 09:19:59.584429 16557 raft_consensus.cc:2792] T 5e9d0599e0df416e97e63d608db6f0ab P 7a66fc8acece469db093d36cf50b448e [term 2 FOLLOWER]: Committing config change with OpId 2.4: config changed from index 3 to 4, NON_VOTER 156e622c1244482eb132ee4e55767682 (127.13.208.67) added. New config: { opid_index: 4 OBSOLETE_local: false peers { permanent_uuid: "ce9933ca3a5c4f5ab9f3a41857b7fbb2" member_type: VOTER last_known_addr { host: "127.13.208.68" port: 37535 } } peers { permanent_uuid: "7a66fc8acece469db093d36cf50b448e" member_type: VOTER last_known_addr { host: "127.13.208.66" port: 46523 } } peers { permanent_uuid: "156e622c1244482eb132ee4e55767682" member_type: NON_VOTER last_known_addr { host: "127.13.208.67" port: 34059 } attrs { promote: true } } }
I0917 09:19:59.584468 16962 raft_consensus.cc:2792] T 5e9d0599e0df416e97e63d608db6f0ab P ce9933ca3a5c4f5ab9f3a41857b7fbb2 [term 2 LEADER]: Committing config change with OpId 2.4: config changed from index 3 to 4, NON_VOTER 156e622c1244482eb132ee4e55767682 (127.13.208.67) added. New config: { opid_index: 4 OBSOLETE_local: false peers { permanent_uuid: "ce9933ca3a5c4f5ab9f3a41857b7fbb2" member_type: VOTER last_known_addr { host: "127.13.208.68" port: 37535 } } peers { permanent_uuid: "7a66fc8acece469db093d36cf50b448e" member_type: VOTER last_known_addr { host: "127.13.208.66" port: 46523 } } peers { permanent_uuid: "156e622c1244482eb132ee4e55767682" member_type: NON_VOTER last_known_addr { host: "127.13.208.67" port: 34059 } attrs { promote: true } } }
I0917 09:19:59.587106 16972 ts_tablet_manager.cc:1453] T 5e9d0599e0df416e97e63d608db6f0ab P 2dd78402759d4877b2991ce5ad9abd06: tablet deleted with delete type TABLET_DATA_TOMBSTONED: last-logged OpId 1.1
I0917 09:19:59.587153 16972 log.cc:990] T 5e9d0599e0df416e97e63d608db6f0ab P 2dd78402759d4877b2991ce5ad9abd06: Deleting WAL directory at /tmp/dist-test-taskLDE0O4/test-tmp/ts_tablet_manager-itest.0.FailedTabletsAreReplacedITest.OneReplica_1.1568711978778636-14145/minicluster-data/ts-0-root/wals/5e9d0599e0df416e97e63d608db6f0ab
I0917 09:19:59.587589 16388 catalog_manager.cc:3654] ChangeConfig:ADD_PEER:NON_VOTER RPC for tablet 5e9d0599e0df416e97e63d608db6f0ab with cas_config_opid_index 3: ChangeConfig:ADD_PEER:NON_VOTER succeeded (attempt 1)
I0917 09:19:59.587632 16386 catalog_manager.cc:3490] TS 2dd78402759d4877b2991ce5ad9abd06 (127.13.208.65:39567): tablet 5e9d0599e0df416e97e63d608db6f0ab (table test-workload [id=1deae85f7ecc48d3ae00be11b1a14d9c]) successfully deleted
I0917 09:19:59.587700 16405 catalog_manager.cc:4120] T 5e9d0599e0df416e97e63d608db6f0ab P 7a66fc8acece469db093d36cf50b448e reported cstate change: config changed from index 3 to 4, NON_VOTER 156e622c1244482eb132ee4e55767682 (127.13.208.67) added. New cstate: current_term: 2 leader_uuid: "ce9933ca3a5c4f5ab9f3a41857b7fbb2" committed_config { opid_index: 4 OBSOLETE_local: false peers { permanent_uuid: "ce9933ca3a5c4f5ab9f3a41857b7fbb2" member_type: VOTER last_known_addr { host: "127.13.208.68" port: 37535 } } peers { permanent_uuid: "7a66fc8acece469db093d36cf50b448e" member_type: VOTER last_known_addr { host: "127.13.208.66" port: 46523 } } peers { permanent_uuid: "156e622c1244482eb132ee4e55767682" member_type: NON_VOTER last_known_addr { host: "127.13.208.67" port: 34059 } attrs { promote: true } } }
W0917 09:19:59.589591 16653 consensus_peers.cc:458] T 5e9d0599e0df416e97e63d608db6f0ab P ce9933ca3a5c4f5ab9f3a41857b7fbb2 -> Peer 156e622c1244482eb132ee4e55767682 (127.13.208.67:34059): Couldn't send request to peer 156e622c1244482eb132ee4e55767682. Error code: TABLET_NOT_FOUND (6). Status: Not found: Tablet not found: 5e9d0599e0df416e97e63d608db6f0ab. This is attempt 1: this message will repeat every 5th retry.
I0917 09:19:59.639142 16388 catalog_manager.cc:3687] ChangeConfig:ADD_PEER:NON_VOTER RPC for tablet 5e9d0599e0df416e97e63d608db6f0ab with cas_config_opid_index 3: aborting the task: latest config opid_index 4; task opid_index 3 Master Summary UUID | Address | Status ----------------------------------+----------------------+--------- e3206a60b080419f84f498250a83fabf | 127.13.208.126:46829 | HEALTHY Flag | Value | Tags | Master ----------------------------------+-------+--------+------------------------- rpc_server_allow_ephemeral_ports | true | unsafe | all 1 server(s) checked Tablet Server Summary UUID | Address | Status | Location ----------------------------------+---------------------+---------+---------- 156e622c1244482eb132ee4e55767682 | 127.13.208.67:34059 | HEALTHY | 2dd78402759d4877b2991ce5ad9abd06 | 127.13.208.65:39567 | HEALTHY | 7a66fc8acece469db093d36cf50b448e | 127.13.208.66:46523 | HEALTHY | ce9933ca3a5c4f5ab9f3a41857b7fbb2 | 127.13.208.68:37535 | HEALTHY | Tablet Server Location Summary Location | Count ----------+--------- | 4 Flag | Value | Tags | Tablet Server ----------------------------------+-------+--------+------------------------- rpc_server_allow_ephemeral_ports | true | unsafe | all 4 server(s) checked Version Summary Version | Servers -----------------+------------------------- 1.11.0-SNAPSHOT | all 5 server(s) checked Tablet Summary Summary by table Name | RF | Status | Total Tablets | Healthy | Recovering | Under-replicated | Unavailable ---------------+----+---------+---------------+---------+------------+------------------+------------- test-workload | 3 | HEALTHY | 1 | 1 | 0 | 0 | 0 Tablet Replica Count Summary Statistic | Replica Count ----------------+--------------- Minimum | 0 First Quartile | 1 Median | 1 Third Quartile | 1 Maximum | 1 Tablet Replica Count Outliers Type | UUID | Host | Replica Count -------+----------------------------------+---------------------+--------------- Small | 2dd78402759d4877b2991ce5ad9abd06 | 127.13.208.65:39567 | 0 Total Count Summary | Total Count ----------------+------------- Masters | 1 Tablet Servers | 4 Tables | 1 Tablets | 1 Replicas | 3 ================== Warnings: ================== Some masters have unsafe, experimental, or hidden flags set Some tablet servers have unsafe, experimental, or hidden flags set OK
I0917 09:19:59.679461 14145 log_verifier.cc:121] Checking tablet 5e9d0599e0df416e97e63d608db6f0ab
I0917 09:19:59.685597 14145 log_verifier.cc:172] Verified matching terms for 4 ops in tablet 5e9d0599e0df416e97e63d608db6f0ab
I0917 09:19:59.686223 14145 tablet_server.cc:155] TabletServer shutting down...
I0917 09:19:59.690237 14145 ts_tablet_manager.cc:1159] Shutting down tablet manager...
I0917 09:19:59.701881 14145 tablet_server.cc:169] TabletServer shutdown complete.
I0917 09:19:59.701915 14145 tablet_server.cc:155] TabletServer shutting down...
I0917 09:19:59.701943 14145 tablet_server.cc:169] TabletServer shutdown complete.
I0917 09:19:59.703025 14145 tablet_server.cc:155] TabletServer shutting down...
I0917 09:19:59.706734 14145 ts_tablet_manager.cc:1159] Shutting down tablet manager...
I0917 09:19:59.706777 14145 tablet_replica.cc:273] T 5e9d0599e0df416e97e63d608db6f0ab P 7a66fc8acece469db093d36cf50b448e: stopping tablet replica
I0917 09:19:59.706815 14145 raft_consensus.cc:2147] T 5e9d0599e0df416e97e63d608db6f0ab P 7a66fc8acece469db093d36cf50b448e [term 2 FOLLOWER]: Raft consensus shutting down.
I0917 09:19:59.706847 14145 raft_consensus.cc:2174] T 5e9d0599e0df416e97e63d608db6f0ab P 7a66fc8acece469db093d36cf50b448e [term 2 FOLLOWER]: Raft consensus is shut down!
I0917 09:19:59.719329 14145 tablet_server.cc:169] TabletServer shutdown complete.
I0917 09:19:59.719365 14145 tablet_server.cc:155] TabletServer shutting down...
I0917 09:19:59.719391 14145 tablet_server.cc:169] TabletServer shutdown complete.
I0917 09:19:59.720160 14145 tablet_server.cc:155] TabletServer shutting down...
I0917 09:19:59.723573 14145 ts_tablet_manager.cc:1159] Shutting down tablet manager...
I0917 09:19:59.734840 14145 tablet_server.cc:169] TabletServer shutdown complete.
I0917 09:19:59.734875 14145 tablet_server.cc:155] TabletServer shutting down...
I0917 09:19:59.734899 14145 tablet_server.cc:169] TabletServer shutdown complete.
I0917 09:19:59.735600 14145 tablet_server.cc:155] TabletServer shutting down...
I0917 09:19:59.738955 14145 ts_tablet_manager.cc:1159] Shutting down tablet manager...
I0917 09:19:59.738986 14145 tablet_replica.cc:273] T 5e9d0599e0df416e97e63d608db6f0ab P ce9933ca3a5c4f5ab9f3a41857b7fbb2: stopping tablet replica
I0917 09:19:59.739017 14145 raft_consensus.cc:2147] T 5e9d0599e0df416e97e63d608db6f0ab P ce9933ca3a5c4f5ab9f3a41857b7fbb2 [term 2 LEADER]: Raft consensus shutting down.
I0917 09:19:59.739079 14145 raft_consensus.cc:2174] T 5e9d0599e0df416e97e63d608db6f0ab P ce9933ca3a5c4f5ab9f3a41857b7fbb2 [term 2 FOLLOWER]: Raft consensus is shut down!
I0917 09:19:59.751610 14145 tablet_server.cc:169] TabletServer shutdown complete.
I0917 09:19:59.751646 14145 tablet_server.cc:155] TabletServer shutting down...
I0917 09:19:59.751669 14145 tablet_server.cc:169] TabletServer shutdown complete.
I0917 09:19:59.752550 14145 master.cc:247] Master@127.13.208.126:46829 shutting down...
I0917 09:19:59.755129 14145 raft_consensus.cc:2147] T 00000000000000000000000000000000 P e3206a60b080419f84f498250a83fabf [term 1 LEADER]: Raft consensus shutting down.
I0917 09:19:59.755177 14145 raft_consensus.cc:2174] T 00000000000000000000000000000000 P e3206a60b080419f84f498250a83fabf [term 1 FOLLOWER]: Raft consensus is shut down!
I0917 09:19:59.755188 14145 tablet_replica.cc:273] T 00000000000000000000000000000000 P e3206a60b080419f84f498250a83fabf: stopping tablet replica
I0917 09:19:59.766757 14145 master.cc:258] Master@127.13.208.126:46829 shutdown complete. [ OK ] FailedTabletsAreReplacedITest.OneReplica/1 (3279 ms) [----------] 2 tests from FailedTabletsAreReplacedITest (7611 ms total) [----------] Global test environment tear-down [==========] 6 tests from 2 test cases ran. (20987 ms total) [ PASSED ] 5 tests. [ FAILED ] 1 test, listed below: [ FAILED ] TsTabletManagerITest.TestTableStats 1 FAILED TEST