I0917 09:19:50.025648 15128 leader_election.cc:310] T f67125c2201a4791ab5756ecc8fba82a P c2c8bec4d40141a6b1f470f6142de67a [CANDIDATE]: Term 2 election: Election decided. Result: candidate won. Election summary: received 3 responses out of 3 voters: 2 yes votes; 1 no votes. yes voters: c2c8bec4d40141a6b1f470f6142de67a, eea10e830a664ea4be74d8cffbe95552; no voters: f42c56d2dc6b4faba5a218e79da90951
I0917 09:19:50.025709 15408 raft_consensus.cc:2644] T f67125c2201a4791ab5756ecc8fba82a P c2c8bec4d40141a6b1f470f6142de67a [term 2 FOLLOWER]: Leader election won for term 2
I0917 09:19:50.025820 15408 raft_consensus.cc:667] T f67125c2201a4791ab5756ecc8fba82a P c2c8bec4d40141a6b1f470f6142de67a [term 2 LEADER]: Becoming Leader. State: Replica: c2c8bec4d40141a6b1f470f6142de67a, State: Running, Role: LEADER
I0917 09:19:50.025902 15408 consensus_queue.cc:206] T f67125c2201a4791ab5756ecc8fba82a P c2c8bec4d40141a6b1f470f6142de67a [LEADER]: Queue going to LEADER mode. State: All replicated index: 0, Majority replicated index: 2, Committed index: 2, Last appended: 1.2, Last appended by leader: 2, Current term: 2, Majority size: 2, State: 0, Mode: LEADER, active raft config: opid_index: -1 OBSOLETE_local: false peers { permanent_uuid: "f42c56d2dc6b4faba5a218e79da90951" member_type: VOTER last_known_addr { host: "127.13.208.66" port: 38793 } } peers { permanent_uuid: "c2c8bec4d40141a6b1f470f6142de67a" member_type: VOTER last_known_addr { host: "127.13.208.65" port: 39971 } } peers { permanent_uuid: "eea10e830a664ea4be74d8cffbe95552" member_type: VOTER last_known_addr { host: "127.13.208.67" port: 42065 } }
I0917 09:19:50.026648 14957 catalog_manager.cc:4120] T f67125c2201a4791ab5756ecc8fba82a P c2c8bec4d40141a6b1f470f6142de67a reported cstate change: term changed from 1 to 2, leader changed from eea10e830a664ea4be74d8cffbe95552 (127.13.208.67) to c2c8bec4d40141a6b1f470f6142de67a (127.13.208.65). New cstate: current_term: 2 leader_uuid: "c2c8bec4d40141a6b1f470f6142de67a" committed_config { opid_index: -1 OBSOLETE_local: false peers { permanent_uuid: "f42c56d2dc6b4faba5a218e79da90951" member_type: VOTER last_known_addr { host: "127.13.208.66" port: 38793 } health_report { overall_health: UNKNOWN } } peers { permanent_uuid: "c2c8bec4d40141a6b1f470f6142de67a" member_type: VOTER last_known_addr { host: "127.13.208.65" port: 39971 } health_report { overall_health: HEALTHY } } peers { permanent_uuid: "eea10e830a664ea4be74d8cffbe95552" member_type: VOTER last_known_addr { host: "127.13.208.67" port: 42065 } health_report { overall_health: UNKNOWN } } }
I0917 09:19:50.038913 15404 raft_consensus.cc:472] T f67125c2201a4791ab5756ecc8fba82a P f42c56d2dc6b4faba5a218e79da90951 [term 1 FOLLOWER]: Starting pre-election (detected failure of leader eea10e830a664ea4be74d8cffbe95552)
I0917 09:19:50.039037 15404 raft_consensus.cc:494] T f67125c2201a4791ab5756ecc8fba82a P f42c56d2dc6b4faba5a218e79da90951 [term 1 FOLLOWER]: Starting pre-election with config: opid_index: -1 OBSOLETE_local: false peers { permanent_uuid: "f42c56d2dc6b4faba5a218e79da90951" member_type: VOTER last_known_addr { host: "127.13.208.66" port: 38793 } } peers { permanent_uuid: "c2c8bec4d40141a6b1f470f6142de67a" member_type: VOTER last_known_addr { host: "127.13.208.65" port: 39971 } } peers { permanent_uuid: "eea10e830a664ea4be74d8cffbe95552" member_type: VOTER last_known_addr { host: "127.13.208.67" port: 42065 } }
I0917 09:19:50.039139 15404 leader_election.cc:296] T f67125c2201a4791ab5756ecc8fba82a P f42c56d2dc6b4faba5a218e79da90951 [CANDIDATE]: Term 2 pre-election: Requested pre-vote from peers c2c8bec4d40141a6b1f470f6142de67a (127.13.208.65:39971), eea10e830a664ea4be74d8cffbe95552 (127.13.208.67:42065)
I0917 09:19:50.039384 15318 tablet_service.cc:1295] Received RequestConsensusVote() RPC: tablet_id: "f67125c2201a4791ab5756ecc8fba82a" candidate_uuid: "f42c56d2dc6b4faba5a218e79da90951" candidate_term: 2 candidate_status { last_received { term: 1 index: 2 } } ignore_live_leader: false dest_uuid: "eea10e830a664ea4be74d8cffbe95552" is_pre_election: true
I0917 09:19:50.039405 15166 tablet_service.cc:1295] Received RequestConsensusVote() RPC: tablet_id: "f67125c2201a4791ab5756ecc8fba82a" candidate_uuid: "f42c56d2dc6b4faba5a218e79da90951" candidate_term: 2 candidate_status { last_received { term: 1 index: 2 } } ignore_live_leader: false dest_uuid: "c2c8bec4d40141a6b1f470f6142de67a" is_pre_election: true
I0917 09:19:50.039422 15318 raft_consensus.cc:2280] T f67125c2201a4791ab5756ecc8fba82a P eea10e830a664ea4be74d8cffbe95552 [term 2 FOLLOWER]: Leader pre-election vote request: Denying vote to candidate f42c56d2dc6b4faba5a218e79da90951 in current term 2: Already voted for candidate c2c8bec4d40141a6b1f470f6142de67a in this term.
I0917 09:19:50.039450 15166 raft_consensus.cc:2311] T f67125c2201a4791ab5756ecc8fba82a P c2c8bec4d40141a6b1f470f6142de67a [term 2 LEADER]: Leader pre-election vote request: Denying vote to candidate f42c56d2dc6b4faba5a218e79da90951 for term 2 because replica is either leader or believes a valid leader to be alive.
I0917 09:19:50.040100 15318 tablet_service.cc:1440] Received LeaderStepDown RPC: tablet_id: "de49f5bae5244941af0020522f04d827" dest_uuid: "eea10e830a664ea4be74d8cffbe95552" from {username='slave'} at 127.0.0.1:58758
I0917 09:19:50.040191 15318 raft_consensus.cc:569] T de49f5bae5244941af0020522f04d827 P eea10e830a664ea4be74d8cffbe95552 [term 1 LEADER]: Received request to step down
I0917 09:19:50.040211 15318 raft_consensus.cc:2885] T de49f5bae5244941af0020522f04d827 P eea10e830a664ea4be74d8cffbe95552 [term 1 LEADER]: Stepping down as leader of term 1
I0917 09:19:50.040232 15318 raft_consensus.cc:705] T de49f5bae5244941af0020522f04d827 P eea10e830a664ea4be74d8cffbe95552 [term 1 LEADER]: Becoming Follower/Learner. State: Replica: eea10e830a664ea4be74d8cffbe95552, State: Running, Role: LEADER
I0917 09:19:50.040452 15318 consensus_queue.cc:229] T de49f5bae5244941af0020522f04d827 P eea10e830a664ea4be74d8cffbe95552 [NON_LEADER]: Queue going to NON_LEADER mode. State: All replicated index: 0, Majority replicated index: 2, Committed index: 2, Last appended: 1.2, Last appended by leader: 2, Current term: 1, Majority size: -1, State: 0, Mode: NON_LEADER, active raft config: opid_index: -1 OBSOLETE_local: false peers { permanent_uuid: "c2c8bec4d40141a6b1f470f6142de67a" member_type: VOTER last_known_addr { host: "127.13.208.65" port: 39971 } } peers { permanent_uuid: "f42c56d2dc6b4faba5a218e79da90951" member_type: VOTER last_known_addr { host: "127.13.208.66" port: 38793 } } peers { permanent_uuid: "eea10e830a664ea4be74d8cffbe95552" member_type: VOTER last_known_addr { host: "127.13.208.67" port: 42065 } }
I0917 09:19:50.040526 15318 raft_consensus.cc:2890] T de49f5bae5244941af0020522f04d827 P eea10e830a664ea4be74d8cffbe95552 [term 1 FOLLOWER]: Advancing to term 2
I0917 09:19:50.040594 15202 leader_election.cc:310] T f67125c2201a4791ab5756ecc8fba82a P f42c56d2dc6b4faba5a218e79da90951 [CANDIDATE]: Term 2 pre-election: Election decided. Result: candidate lost. Election summary: received 3 responses out of 3 voters: 1 yes votes; 2 no votes. yes voters: f42c56d2dc6b4faba5a218e79da90951; no voters: c2c8bec4d40141a6b1f470f6142de67a, eea10e830a664ea4be74d8cffbe95552
I0917 09:19:50.041244 15404 raft_consensus.cc:2890] T f67125c2201a4791ab5756ecc8fba82a P f42c56d2dc6b4faba5a218e79da90951 [term 1 FOLLOWER]: Advancing to term 2
I0917 09:19:50.041985 15404 raft_consensus.cc:2592] T f67125c2201a4791ab5756ecc8fba82a P f42c56d2dc6b4faba5a218e79da90951 [term 2 FOLLOWER]: Leader pre-election lost for term 2. Reason: could not achieve majority
I0917 09:19:50.114351 15116 catalog_manager.cc:1142] T 00000000000000000000000000000000 P e501d8ef778246b69b34d86e7395022b: acquiring CA information for follower catalog manager: success
I0917 09:19:50.114606 15116 catalog_manager.cc:1170] T 00000000000000000000000000000000 P e501d8ef778246b69b34d86e7395022b: importing token verification keys for follower catalog manager: success; most recent TSK sequence number 0
I0917 09:19:50.117048 15243 raft_consensus.cc:1184] T f67125c2201a4791ab5756ecc8fba82a P f42c56d2dc6b4faba5a218e79da90951 [term 2 FOLLOWER]: Refusing update from remote peer c2c8bec4d40141a6b1f470f6142de67a: Log matching property violated. Preceding OpId in replica: term: 1 index: 2. Preceding OpId from leader: term: 2 index: 3. (index mismatch)
I0917 09:19:50.117345 15408 consensus_queue.cc:984] T f67125c2201a4791ab5756ecc8fba82a P c2c8bec4d40141a6b1f470f6142de67a [LEADER]: Connected to new peer: Peer: permanent_uuid: "f42c56d2dc6b4faba5a218e79da90951" member_type: VOTER last_known_addr { host: "127.13.208.66" port: 38793 }, Status: LMP_MISMATCH, Last received: 0.0, Next index: 3, Last known committed idx: 2, Time since last communication: 0.000s
I0917 09:19:50.118863 15318 raft_consensus.cc:1184] T f67125c2201a4791ab5756ecc8fba82a P eea10e830a664ea4be74d8cffbe95552 [term 2 FOLLOWER]: Refusing update from remote peer c2c8bec4d40141a6b1f470f6142de67a: Log matching property violated. Preceding OpId in replica: term: 1 index: 2. Preceding OpId from leader: term: 2 index: 3. (index mismatch)
I0917 09:19:50.119158 15408 consensus_queue.cc:984] T f67125c2201a4791ab5756ecc8fba82a P c2c8bec4d40141a6b1f470f6142de67a [LEADER]: Connected to new peer: Peer: permanent_uuid: "eea10e830a664ea4be74d8cffbe95552" member_type: VOTER last_known_addr { host: "127.13.208.67" port: 42065 }, Status: LMP_MISMATCH, Last received: 0.0, Next index: 3, Last known committed idx: 2, Time since last communication: 0.000s
I0917 09:19:50.152415 15122 catalog_manager.cc:1142] T 00000000000000000000000000000000 P 82e2633778254c44a45393ac32540f27: acquiring CA information for follower catalog manager: success
I0917 09:19:50.152596 15122 catalog_manager.cc:1170] T 00000000000000000000000000000000 P 82e2633778254c44a45393ac32540f27: importing token verification keys for follower catalog manager: success; most recent TSK sequence number 0
I0917 09:19:50.184114 15408 raft_consensus.cc:472] T de49f5bae5244941af0020522f04d827 P c2c8bec4d40141a6b1f470f6142de67a [term 1 FOLLOWER]: Starting pre-election (detected failure of leader eea10e830a664ea4be74d8cffbe95552)
I0917 09:19:50.184232 15408 raft_consensus.cc:494] T de49f5bae5244941af0020522f04d827 P c2c8bec4d40141a6b1f470f6142de67a [term 1 FOLLOWER]: Starting pre-election with config: opid_index: -1 OBSOLETE_local: false peers { permanent_uuid: "c2c8bec4d40141a6b1f470f6142de67a" member_type: VOTER last_known_addr { host: "127.13.208.65" port: 39971 } } peers { permanent_uuid: "f42c56d2dc6b4faba5a218e79da90951" member_type: VOTER last_known_addr { host: "127.13.208.66" port: 38793 } } peers { permanent_uuid: "eea10e830a664ea4be74d8cffbe95552" member_type: VOTER last_known_addr { host: "127.13.208.67" port: 42065 } }
I0917 09:19:50.184334 15408 leader_election.cc:296] T de49f5bae5244941af0020522f04d827 P c2c8bec4d40141a6b1f470f6142de67a [CANDIDATE]: Term 2 pre-election: Requested pre-vote from peers f42c56d2dc6b4faba5a218e79da90951 (127.13.208.66:38793), eea10e830a664ea4be74d8cffbe95552 (127.13.208.67:42065)
I0917 09:19:50.184574 15243 tablet_service.cc:1295] Received RequestConsensusVote() RPC: tablet_id: "de49f5bae5244941af0020522f04d827" candidate_uuid: "c2c8bec4d40141a6b1f470f6142de67a" candidate_term: 2 candidate_status { last_received { term: 1 index: 2 } } ignore_live_leader: false dest_uuid: "f42c56d2dc6b4faba5a218e79da90951" is_pre_election: true
I0917 09:19:50.184626 15243 raft_consensus.cc:2311] T de49f5bae5244941af0020522f04d827 P f42c56d2dc6b4faba5a218e79da90951 [term 1 FOLLOWER]: Leader pre-election vote request: Denying vote to candidate c2c8bec4d40141a6b1f470f6142de67a for term 2 because replica is either leader or believes a valid leader to be alive.
I0917 09:19:50.184659 15318 tablet_service.cc:1295] Received RequestConsensusVote() RPC: tablet_id: "de49f5bae5244941af0020522f04d827" candidate_uuid: "c2c8bec4d40141a6b1f470f6142de67a" candidate_term: 2 candidate_status { last_received { term: 1 index: 2 } } ignore_live_leader: false dest_uuid: "eea10e830a664ea4be74d8cffbe95552" is_pre_election: true
I0917 09:19:50.184698 15318 raft_consensus.cc:2350] T de49f5bae5244941af0020522f04d827 P eea10e830a664ea4be74d8cffbe95552 [term 2 FOLLOWER]: Leader pre-election vote request: Granting yes vote for candidate c2c8bec4d40141a6b1f470f6142de67a in term 2.
I0917 09:19:50.184878 15128 leader_election.cc:310] T de49f5bae5244941af0020522f04d827 P c2c8bec4d40141a6b1f470f6142de67a [CANDIDATE]: Term 2 pre-election: Election decided. Result: candidate won. Election summary: received 3 responses out of 3 voters: 2 yes votes; 1 no votes. yes voters: c2c8bec4d40141a6b1f470f6142de67a, eea10e830a664ea4be74d8cffbe95552; no voters: f42c56d2dc6b4faba5a218e79da90951
I0917 09:19:50.185007 15408 raft_consensus.cc:2644] T de49f5bae5244941af0020522f04d827 P c2c8bec4d40141a6b1f470f6142de67a [term 1 FOLLOWER]: Leader pre-election won for term 2
I0917 09:19:50.185024 15408 raft_consensus.cc:472] T de49f5bae5244941af0020522f04d827 P c2c8bec4d40141a6b1f470f6142de67a [term 1 FOLLOWER]: Starting leader election (detected failure of leader eea10e830a664ea4be74d8cffbe95552)
I0917 09:19:50.185031 15408 raft_consensus.cc:2890] T de49f5bae5244941af0020522f04d827 P c2c8bec4d40141a6b1f470f6142de67a [term 1 FOLLOWER]: Advancing to term 2
I0917 09:19:50.186030 15404 raft_consensus.cc:472] T de49f5bae5244941af0020522f04d827 P f42c56d2dc6b4faba5a218e79da90951 [term 1 FOLLOWER]: Starting pre-election (detected failure of leader eea10e830a664ea4be74d8cffbe95552)
I0917 09:19:50.186187 15408 raft_consensus.cc:494] T de49f5bae5244941af0020522f04d827 P c2c8bec4d40141a6b1f470f6142de67a [term 2 FOLLOWER]: Starting leader election with config: opid_index: -1 OBSOLETE_local: false peers { permanent_uuid: "c2c8bec4d40141a6b1f470f6142de67a" member_type: VOTER last_known_addr { host: "127.13.208.65" port: 39971 } } peers { permanent_uuid: "f42c56d2dc6b4faba5a218e79da90951" member_type: VOTER last_known_addr { host: "127.13.208.66" port: 38793 } } peers { permanent_uuid: "eea10e830a664ea4be74d8cffbe95552" member_type: VOTER last_known_addr { host: "127.13.208.67" port: 42065 } }
I0917 09:19:50.186192 15404 raft_consensus.cc:494] T de49f5bae5244941af0020522f04d827 P f42c56d2dc6b4faba5a218e79da90951 [term 1 FOLLOWER]: Starting pre-election with config: opid_index: -1 OBSOLETE_local: false peers { permanent_uuid: "c2c8bec4d40141a6b1f470f6142de67a" member_type: VOTER last_known_addr { host: "127.13.208.65" port: 39971 } } peers { permanent_uuid: "f42c56d2dc6b4faba5a218e79da90951" member_type: VOTER last_known_addr { host: "127.13.208.66" port: 38793 } } peers { permanent_uuid: "eea10e830a664ea4be74d8cffbe95552" member_type: VOTER last_known_addr { host: "127.13.208.67" port: 42065 } }
I0917 09:19:50.186308 15408 leader_election.cc:296] T de49f5bae5244941af0020522f04d827 P c2c8bec4d40141a6b1f470f6142de67a [CANDIDATE]: Term 2 election: Requested vote from peers f42c56d2dc6b4faba5a218e79da90951 (127.13.208.66:38793), eea10e830a664ea4be74d8cffbe95552 (127.13.208.67:42065)
I0917 09:19:50.186537 15166 tablet_service.cc:1295] Received RequestConsensusVote() RPC: tablet_id: "de49f5bae5244941af0020522f04d827" candidate_uuid: "f42c56d2dc6b4faba5a218e79da90951" candidate_term: 2 candidate_status { last_received { term: 1 index: 2 } } ignore_live_leader: false dest_uuid: "c2c8bec4d40141a6b1f470f6142de67a" is_pre_election: true
I0917 09:19:50.186543 15404 leader_election.cc:296] T de49f5bae5244941af0020522f04d827 P f42c56d2dc6b4faba5a218e79da90951 [CANDIDATE]: Term 2 pre-election: Requested pre-vote from peers c2c8bec4d40141a6b1f470f6142de67a (127.13.208.65:39971), eea10e830a664ea4be74d8cffbe95552 (127.13.208.67:42065)
I0917 09:19:50.186580 15318 tablet_service.cc:1295] Received RequestConsensusVote() RPC: tablet_id: "de49f5bae5244941af0020522f04d827" candidate_uuid: "c2c8bec4d40141a6b1f470f6142de67a" candidate_term: 2 candidate_status { last_received { term: 1 index: 2 } } ignore_live_leader: false dest_uuid: "eea10e830a664ea4be74d8cffbe95552"
I0917 09:19:50.186658 15317 tablet_service.cc:1295] Received RequestConsensusVote() RPC: tablet_id: "de49f5bae5244941af0020522f04d827" candidate_uuid: "f42c56d2dc6b4faba5a218e79da90951" candidate_term: 2 candidate_status { last_received { term: 1 index: 2 } } ignore_live_leader: false dest_uuid: "eea10e830a664ea4be74d8cffbe95552" is_pre_election: true
I0917 09:19:50.186682 15166 raft_consensus.cc:2280] T de49f5bae5244941af0020522f04d827 P c2c8bec4d40141a6b1f470f6142de67a [term 2 FOLLOWER]: Leader pre-election vote request: Denying vote to candidate f42c56d2dc6b4faba5a218e79da90951 in current term 2: Already voted for candidate c2c8bec4d40141a6b1f470f6142de67a in this term.
I0917 09:19:50.186839 15243 tablet_service.cc:1295] Received RequestConsensusVote() RPC: tablet_id: "de49f5bae5244941af0020522f04d827" candidate_uuid: "c2c8bec4d40141a6b1f470f6142de67a" candidate_term: 2 candidate_status { last_received { term: 1 index: 2 } } ignore_live_leader: false dest_uuid: "f42c56d2dc6b4faba5a218e79da90951"
I0917 09:19:50.186900 15243 raft_consensus.cc:2890] T de49f5bae5244941af0020522f04d827 P f42c56d2dc6b4faba5a218e79da90951 [term 1 FOLLOWER]: Advancing to term 2
I0917 09:19:50.187870 15318 raft_consensus.cc:2350] T de49f5bae5244941af0020522f04d827 P eea10e830a664ea4be74d8cffbe95552 [term 2 FOLLOWER]: Leader election vote request: Granting yes vote for candidate c2c8bec4d40141a6b1f470f6142de67a in term 2.
I0917 09:19:50.187912 15317 raft_consensus.cc:2325] T de49f5bae5244941af0020522f04d827 P eea10e830a664ea4be74d8cffbe95552 [term 2 FOLLOWER]: Leader pre-election vote request: Denying vote to candidate f42c56d2dc6b4faba5a218e79da90951 for term 2 because replica is already servicing an update from a current leader or another vote.
I0917 09:19:50.188031 15128 leader_election.cc:310] T de49f5bae5244941af0020522f04d827 P c2c8bec4d40141a6b1f470f6142de67a [CANDIDATE]: Term 2 election: Election decided. Result: candidate won. Election summary: received 2 responses out of 3 voters: 2 yes votes; 0 no votes. yes voters: c2c8bec4d40141a6b1f470f6142de67a, eea10e830a664ea4be74d8cffbe95552; no voters:
I0917 09:19:50.188096 15408 raft_consensus.cc:2644] T de49f5bae5244941af0020522f04d827 P c2c8bec4d40141a6b1f470f6142de67a [term 2 FOLLOWER]: Leader election won for term 2
I0917 09:19:50.188118 15408 raft_consensus.cc:667] T de49f5bae5244941af0020522f04d827 P c2c8bec4d40141a6b1f470f6142de67a [term 2 LEADER]: Becoming Leader. State: Replica: c2c8bec4d40141a6b1f470f6142de67a, State: Running, Role: LEADER
I0917 09:19:50.188150 15243 raft_consensus.cc:2350] T de49f5bae5244941af0020522f04d827 P f42c56d2dc6b4faba5a218e79da90951 [term 2 FOLLOWER]: Leader election vote request: Granting yes vote for candidate c2c8bec4d40141a6b1f470f6142de67a in term 2.
I0917 09:19:50.188170 15202 leader_election.cc:310] T de49f5bae5244941af0020522f04d827 P f42c56d2dc6b4faba5a218e79da90951 [CANDIDATE]: Term 2 pre-election: Election decided. Result: candidate lost. Election summary: received 3 responses out of 3 voters: 1 yes votes; 2 no votes. yes voters: f42c56d2dc6b4faba5a218e79da90951; no voters: c2c8bec4d40141a6b1f470f6142de67a, eea10e830a664ea4be74d8cffbe95552
I0917 09:19:50.188351 15404 raft_consensus.cc:2592] T de49f5bae5244941af0020522f04d827 P f42c56d2dc6b4faba5a218e79da90951 [term 2 FOLLOWER]: Leader pre-election lost for term 2. Reason: could not achieve majority
I0917 09:19:50.188380 15408 consensus_queue.cc:206] T de49f5bae5244941af0020522f04d827 P c2c8bec4d40141a6b1f470f6142de67a [LEADER]: Queue going to LEADER mode. State: All replicated index: 0, Majority replicated index: 2, Committed index: 2, Last appended: 1.2, Last appended by leader: 2, Current term: 2, Majority size: 2, State: 0, Mode: LEADER, active raft config: opid_index: -1 OBSOLETE_local: false peers { permanent_uuid: "c2c8bec4d40141a6b1f470f6142de67a" member_type: VOTER last_known_addr { host: "127.13.208.65" port: 39971 } } peers { permanent_uuid: "f42c56d2dc6b4faba5a218e79da90951" member_type: VOTER last_known_addr { host: "127.13.208.66" port: 38793 } } peers { permanent_uuid: "eea10e830a664ea4be74d8cffbe95552" member_type: VOTER last_known_addr { host: "127.13.208.67" port: 42065 } }
I0917 09:19:50.189069 14958 catalog_manager.cc:4120] T de49f5bae5244941af0020522f04d827 P c2c8bec4d40141a6b1f470f6142de67a reported cstate change: term changed from 1 to 2, leader changed from eea10e830a664ea4be74d8cffbe95552 (127.13.208.67) to c2c8bec4d40141a6b1f470f6142de67a (127.13.208.65). New cstate: current_term: 2 leader_uuid: "c2c8bec4d40141a6b1f470f6142de67a" committed_config { opid_index: -1 OBSOLETE_local: false peers { permanent_uuid: "c2c8bec4d40141a6b1f470f6142de67a" member_type: VOTER last_known_addr { host: "127.13.208.65" port: 39971 } health_report { overall_health: HEALTHY } } peers { permanent_uuid: "f42c56d2dc6b4faba5a218e79da90951" member_type: VOTER last_known_addr { host: "127.13.208.66" port: 38793 } health_report { overall_health: UNKNOWN } } peers { permanent_uuid: "eea10e830a664ea4be74d8cffbe95552" member_type: VOTER last_known_addr { host: "127.13.208.67" port: 42065 } health_report { overall_health: UNKNOWN } } }
I0917 09:19:50.241948 14960 catalog_manager.cc:2365] Servicing AlterTable request from {username='slave'} at 127.0.0.1:43034: table { table_id: "03b5e80e6ff342bab99657ab154c5e00" table_name: "test-table" } new_table_name: "NewTableName"
I0917 09:19:50.244258 14145 master.cc:247] Master@127.13.208.126:33685 shutting down...
I0917 09:19:50.245548 15241 raft_consensus.cc:1184] T de49f5bae5244941af0020522f04d827 P f42c56d2dc6b4faba5a218e79da90951 [term 2 FOLLOWER]: Refusing update from remote peer c2c8bec4d40141a6b1f470f6142de67a: Log matching property violated. Preceding OpId in replica: term: 1 index: 2. Preceding OpId from leader: term: 2 index: 4. (index mismatch)
I0917 09:19:50.245570 15418 tablet.cc:1223] T ac74b319ad54416685f8b9d9506e1d61 P f42c56d2dc6b4faba5a218e79da90951: Alter schema from ( 0:key INT32 NOT NULL, PRIMARY KEY (key) ) version 0 to ( 0:key INT32 NOT NULL, PRIMARY KEY (key) ) version 1
I0917 09:19:50.246073 15317 raft_consensus.cc:1184] T de49f5bae5244941af0020522f04d827 P eea10e830a664ea4be74d8cffbe95552 [term 2 FOLLOWER]: Refusing update from remote peer c2c8bec4d40141a6b1f470f6142de67a: Log matching property violated. Preceding OpId in replica: term: 1 index: 2. Preceding OpId from leader: term: 2 index: 4. (index mismatch)
I0917 09:19:50.246129 15408 consensus_queue.cc:984] T de49f5bae5244941af0020522f04d827 P c2c8bec4d40141a6b1f470f6142de67a [LEADER]: Connected to new peer: Peer: permanent_uuid: "f42c56d2dc6b4faba5a218e79da90951" member_type: VOTER last_known_addr { host: "127.13.208.66" port: 38793 }, Status: LMP_MISMATCH, Last received: 0.0, Next index: 3, Last known committed idx: 2, Time since last communication: 0.000s
I0917 09:19:50.246153 15417 tablet.cc:1223] T ac74b319ad54416685f8b9d9506e1d61 P eea10e830a664ea4be74d8cffbe95552: Alter schema from ( 0:key INT32 NOT NULL, PRIMARY KEY (key) ) version 0 to ( 0:key INT32 NOT NULL, PRIMARY KEY (key) ) version 1
I0917 09:19:50.247246 14945 messenger.cc:381] Service unavailable: service kudu.master.MasterService not registered on Master
I0917 09:19:50.246445 15419 tablet.cc:1223] T f67125c2201a4791ab5756ecc8fba82a P c2c8bec4d40141a6b1f470f6142de67a: Alter schema from ( 0:key INT32 NOT NULL, PRIMARY KEY (key) ) version 0 to ( 0:key INT32 NOT NULL, PRIMARY KEY (key) ) version 1
I0917 09:19:50.247531 15408 consensus_queue.cc:984] T de49f5bae5244941af0020522f04d827 P c2c8bec4d40141a6b1f470f6142de67a [LEADER]: Connected to new peer: Peer: permanent_uuid: "eea10e830a664ea4be74d8cffbe95552" member_type: VOTER last_known_addr { host: "127.13.208.67" port: 42065 }, Status: LMP_MISMATCH, Last received: 0.0, Next index: 3, Last known committed idx: 2, Time since last communication: 0.000s
I0917 09:19:50.247802 15420 tablet.cc:1223] T f67125c2201a4791ab5756ecc8fba82a P eea10e830a664ea4be74d8cffbe95552: Alter schema from ( 0:key INT32 NOT NULL, PRIMARY KEY (key) ) version 0 to ( 0:key INT32 NOT NULL, PRIMARY KEY (key) ) version 1
I0917 09:19:50.248051 15422 tablet.cc:1223] T f67125c2201a4791ab5756ecc8fba82a P f42c56d2dc6b4faba5a218e79da90951: Alter schema from ( 0:key INT32 NOT NULL, PRIMARY KEY (key) ) version 0 to ( 0:key INT32 NOT NULL, PRIMARY KEY (key) ) version 1
I0917 09:19:50.248509 14945 messenger.cc:381] Service unavailable: service kudu.master.MasterService not registered on Master
I0917 09:19:50.248579 15423 tablet.cc:1223] T de49f5bae5244941af0020522f04d827 P f42c56d2dc6b4faba5a218e79da90951: Alter schema from ( 0:key INT32 NOT NULL, PRIMARY KEY (key) ) version 0 to ( 0:key INT32 NOT NULL, PRIMARY KEY (key) ) version 1
I0917 09:19:50.249439 15421 tablet.cc:1223] T ac74b319ad54416685f8b9d9506e1d61 P c2c8bec4d40141a6b1f470f6142de67a: Alter schema from ( 0:key INT32 NOT NULL, PRIMARY KEY (key) ) version 0 to ( 0:key INT32 NOT NULL, PRIMARY KEY (key) ) version 1
I0917 09:19:50.249658 14946 messenger.cc:381] Service unavailable: service kudu.master.MasterService not registered on Master
I0917 09:19:50.249886 15425 tablet.cc:1223] T de49f5bae5244941af0020522f04d827 P eea10e830a664ea4be74d8cffbe95552: Alter schema from ( 0:key INT32 NOT NULL, PRIMARY KEY (key) ) version 0 to ( 0:key INT32 NOT NULL, PRIMARY KEY (key) ) version 1
I0917 09:19:50.250671 15424 tablet.cc:1223] T de49f5bae5244941af0020522f04d827 P c2c8bec4d40141a6b1f470f6142de67a: Alter schema from ( 0:key INT32 NOT NULL, PRIMARY KEY (key) ) version 0 to ( 0:key INT32 NOT NULL, PRIMARY KEY (key) ) version 1
I0917 09:19:50.250846 14945 messenger.cc:381] Service unavailable: service kudu.master.MasterService not registered on Master
I0917 09:19:50.251317 14947 messenger.cc:381] Service unavailable: service kudu.master.MasterService not registered on Master
I0917 09:19:50.255858 14946 messenger.cc:381] Service unavailable: service kudu.master.MasterService not registered on Master
I0917 09:19:50.255884 14945 messenger.cc:381] Service unavailable: service kudu.master.MasterService not registered on Master
I0917 09:19:50.257203 14947 messenger.cc:381] Service unavailable: service kudu.master.MasterService not registered on Master
I0917 09:19:50.258205 14946 messenger.cc:381] Service unavailable: service kudu.master.MasterService not registered on Master
I0917 09:19:50.258589 14946 messenger.cc:381] Service unavailable: service kudu.master.MasterService not registered on Master
I0917 09:19:50.258651 14947 messenger.cc:381] Service unavailable: service kudu.master.MasterService not registered on Master
I0917 09:19:50.259199 14947 messenger.cc:381] Service unavailable: service kudu.master.MasterService not registered on Master
I0917 09:19:50.259423 14145 raft_consensus.cc:2147] T 00000000000000000000000000000000 P abfd3dc05c4a4566bb328f04255eb266 [term 1 LEADER]: Raft consensus shutting down.
I0917 09:19:50.259605 14145 raft_consensus.cc:2174] T 00000000000000000000000000000000 P abfd3dc05c4a4566bb328f04255eb266 [term 1 FOLLOWER]: Raft consensus is shut down!
I0917 09:19:50.259630 14145 tablet_replica.cc:273] T 00000000000000000000000000000000 P abfd3dc05c4a4566bb328f04255eb266: stopping tablet replica
I0917 09:19:50.259658 14945 messenger.cc:381] Service unavailable: service kudu.master.MasterService not registered on Master
I0917 09:19:50.271697 14145 master.cc:258] Master@127.13.208.126:33685 shutdown complete.
I0917 09:19:50.444324 15429 raft_consensus.cc:472] T 00000000000000000000000000000000 P 82e2633778254c44a45393ac32540f27 [term 1 FOLLOWER]: Starting pre-election (detected failure of leader abfd3dc05c4a4566bb328f04255eb266)
I0917 09:19:50.444464 15429 raft_consensus.cc:494] T 00000000000000000000000000000000 P 82e2633778254c44a45393ac32540f27 [term 1 FOLLOWER]: Starting pre-election with config: opid_index: -1 OBSOLETE_local: false peers { permanent_uuid: "abfd3dc05c4a4566bb328f04255eb266" member_type: VOTER last_known_addr { host: "127.13.208.126" port: 33685 } } peers { permanent_uuid: "82e2633778254c44a45393ac32540f27" member_type: VOTER last_known_addr { host: "127.13.208.125" port: 37503 } } peers { permanent_uuid: "e501d8ef778246b69b34d86e7395022b" member_type: VOTER last_known_addr { host: "127.13.208.124" port: 39307 } }
I0917 09:19:50.444568 15429 leader_election.cc:296] T 00000000000000000000000000000000 P 82e2633778254c44a45393ac32540f27 [CANDIDATE]: Term 2 pre-election: Requested pre-vote from peers abfd3dc05c4a4566bb328f04255eb266 (127.13.208.126:33685), e501d8ef778246b69b34d86e7395022b (127.13.208.124:39307)
I0917 09:19:50.444604 15430 raft_consensus.cc:472] T 00000000000000000000000000000000 P e501d8ef778246b69b34d86e7395022b [term 1 FOLLOWER]: Starting pre-election (detected failure of leader abfd3dc05c4a4566bb328f04255eb266)
I0917 09:19:50.444748 15430 raft_consensus.cc:494] T 00000000000000000000000000000000 P e501d8ef778246b69b34d86e7395022b [term 1 FOLLOWER]: Starting pre-election with config: opid_index: -1 OBSOLETE_local: false peers { permanent_uuid: "abfd3dc05c4a4566bb328f04255eb266" member_type: VOTER last_known_addr { host: "127.13.208.126" port: 33685 } } peers { permanent_uuid: "82e2633778254c44a45393ac32540f27" member_type: VOTER last_known_addr { host: "127.13.208.125" port: 37503 } } peers { permanent_uuid: "e501d8ef778246b69b34d86e7395022b" member_type: VOTER last_known_addr { host: "127.13.208.124" port: 39307 } }
I0917 09:19:50.444941 15430 leader_election.cc:296] T 00000000000000000000000000000000 P e501d8ef778246b69b34d86e7395022b [CANDIDATE]: Term 2 pre-election: Requested pre-vote from peers abfd3dc05c4a4566bb328f04255eb266 (127.13.208.126:33685), 82e2633778254c44a45393ac32540f27 (127.13.208.125:37503)
I0917 09:19:50.445086 15030 tablet_service.cc:1295] Received RequestConsensusVote() RPC: tablet_id: "00000000000000000000000000000000" candidate_uuid: "e501d8ef778246b69b34d86e7395022b" candidate_term: 2 candidate_status { last_received { term: 1 index: 13 } } ignore_live_leader: false dest_uuid: "82e2633778254c44a45393ac32540f27" is_pre_election: true
W0917 09:19:50.445102 15003 leader_election.cc:341] T 00000000000000000000000000000000 P 82e2633778254c44a45393ac32540f27 [CANDIDATE]: Term 2 pre-election: RPC error from VoteRequest() call to peer abfd3dc05c4a4566bb328f04255eb266 (127.13.208.126:33685): Network error: Client connection negotiation failed: client connection to 127.13.208.126:33685: connect: Connection refused (error 111)
I0917 09:19:50.445133 15030 raft_consensus.cc:2350] T 00000000000000000000000000000000 P 82e2633778254c44a45393ac32540f27 [term 1 FOLLOWER]: Leader pre-election vote request: Granting yes vote for candidate e501d8ef778246b69b34d86e7395022b in term 1.
I0917 09:19:50.445365 15058 leader_election.cc:310] T 00000000000000000000000000000000 P e501d8ef778246b69b34d86e7395022b [CANDIDATE]: Term 2 pre-election: Election decided. Result: candidate won. Election summary: received 2 responses out of 3 voters: 2 yes votes; 0 no votes. yes voters: 82e2633778254c44a45393ac32540f27, e501d8ef778246b69b34d86e7395022b; no voters:
W0917 09:19:50.445436 15059 leader_election.cc:341] T 00000000000000000000000000000000 P e501d8ef778246b69b34d86e7395022b [CANDIDATE]: Term 2 pre-election: RPC error from VoteRequest() call to peer abfd3dc05c4a4566bb328f04255eb266 (127.13.208.126:33685): Network error: Client connection negotiation failed: client connection to 127.13.208.126:33685: connect: Connection refused (error 111)
I0917 09:19:50.445451 15430 raft_consensus.cc:2644] T 00000000000000000000000000000000 P e501d8ef778246b69b34d86e7395022b [term 1 FOLLOWER]: Leader pre-election won for term 2
I0917 09:19:50.445446 15088 tablet_service.cc:1295] Received RequestConsensusVote() RPC: tablet_id: "00000000000000000000000000000000" candidate_uuid: "82e2633778254c44a45393ac32540f27" candidate_term: 2 candidate_status { last_received { term: 1 index: 13 } } ignore_live_leader: false dest_uuid: "e501d8ef778246b69b34d86e7395022b" is_pre_election: true
I0917 09:19:50.445472 15430 raft_consensus.cc:472] T 00000000000000000000000000000000 P e501d8ef778246b69b34d86e7395022b [term 1 FOLLOWER]: Starting leader election (detected failure of leader abfd3dc05c4a4566bb328f04255eb266)
I0917 09:19:50.445508 15430 raft_consensus.cc:2890] T 00000000000000000000000000000000 P e501d8ef778246b69b34d86e7395022b [term 1 FOLLOWER]: Advancing to term 2
I0917 09:19:50.446368 15430 raft_consensus.cc:494] T 00000000000000000000000000000000 P e501d8ef778246b69b34d86e7395022b [term 2 FOLLOWER]: Starting leader election with config: opid_index: -1 OBSOLETE_local: false peers { permanent_uuid: "abfd3dc05c4a4566bb328f04255eb266" member_type: VOTER last_known_addr { host: "127.13.208.126" port: 33685 } } peers { permanent_uuid: "82e2633778254c44a45393ac32540f27" member_type: VOTER last_known_addr { host: "127.13.208.125" port: 37503 } } peers { permanent_uuid: "e501d8ef778246b69b34d86e7395022b" member_type: VOTER last_known_addr { host: "127.13.208.124" port: 39307 } }
I0917 09:19:50.446458 15088 raft_consensus.cc:2280] T 00000000000000000000000000000000 P e501d8ef778246b69b34d86e7395022b [term 2 FOLLOWER]: Leader pre-election vote request: Denying vote to candidate 82e2633778254c44a45393ac32540f27 in current term 2: Already voted for candidate e501d8ef778246b69b34d86e7395022b in this term.
I0917 09:19:50.446607 15430 leader_election.cc:296] T 00000000000000000000000000000000 P e501d8ef778246b69b34d86e7395022b [CANDIDATE]: Term 2 election: Requested vote from peers abfd3dc05c4a4566bb328f04255eb266 (127.13.208.126:33685), 82e2633778254c44a45393ac32540f27 (127.13.208.125:37503)
I0917 09:19:50.446703 15003 leader_election.cc:310] T 00000000000000000000000000000000 P 82e2633778254c44a45393ac32540f27 [CANDIDATE]: Term 2 pre-election: Election decided. Result: candidate lost. Election summary: received 3 responses out of 3 voters: 1 yes votes; 2 no votes. yes voters: 82e2633778254c44a45393ac32540f27; no voters: abfd3dc05c4a4566bb328f04255eb266, e501d8ef778246b69b34d86e7395022b
I0917 09:19:50.446794 15030 tablet_service.cc:1295] Received RequestConsensusVote() RPC: tablet_id: "00000000000000000000000000000000" candidate_uuid: "e501d8ef778246b69b34d86e7395022b" candidate_term: 2 candidate_status { last_received { term: 1 index: 13 } } ignore_live_leader: false dest_uuid: "82e2633778254c44a45393ac32540f27"
I0917 09:19:50.446800 15429 raft_consensus.cc:2890] T 00000000000000000000000000000000 P 82e2633778254c44a45393ac32540f27 [term 1 FOLLOWER]: Advancing to term 2
W0917 09:19:50.447003 15059 leader_election.cc:341] T 00000000000000000000000000000000 P e501d8ef778246b69b34d86e7395022b [CANDIDATE]: Term 2 election: RPC error from VoteRequest() call to peer abfd3dc05c4a4566bb328f04255eb266 (127.13.208.126:33685): Network error: Client connection negotiation failed: client connection to 127.13.208.126:33685: connect: Connection refused (error 111)
I0917 09:19:50.447724 15429 raft_consensus.cc:2592] T 00000000000000000000000000000000 P 82e2633778254c44a45393ac32540f27 [term 2 FOLLOWER]: Leader pre-election lost for term 2. Reason: could not achieve majority
I0917 09:19:50.449074 15030 raft_consensus.cc:2350] T 00000000000000000000000000000000 P 82e2633778254c44a45393ac32540f27 [term 2 FOLLOWER]: Leader election vote request: Granting yes vote for candidate e501d8ef778246b69b34d86e7395022b in term 2.
I0917 09:19:50.449280 15058 leader_election.cc:310] T 00000000000000000000000000000000 P e501d8ef778246b69b34d86e7395022b [CANDIDATE]: Term 2 election: Election decided. Result: candidate won. Election summary: received 3 responses out of 3 voters: 2 yes votes; 1 no votes. yes voters: 82e2633778254c44a45393ac32540f27, e501d8ef778246b69b34d86e7395022b; no voters: abfd3dc05c4a4566bb328f04255eb266
I0917 09:19:50.449365 15430 raft_consensus.cc:2644] T 00000000000000000000000000000000 P e501d8ef778246b69b34d86e7395022b [term 2 FOLLOWER]: Leader election won for term 2
I0917 09:19:50.449486 15430 raft_consensus.cc:667] T 00000000000000000000000000000000 P e501d8ef778246b69b34d86e7395022b [term 2 LEADER]: Becoming Leader. State: Replica: e501d8ef778246b69b34d86e7395022b, State: Running, Role: LEADER
I0917 09:19:50.449581 15430 consensus_queue.cc:206] T 00000000000000000000000000000000 P e501d8ef778246b69b34d86e7395022b [LEADER]: Queue going to LEADER mode. State: All replicated index: 0, Majority replicated index: 13, Committed index: 13, Last appended: 1.13, Last appended by leader: 13, Current term: 2, Majority size: 2, State: 0, Mode: LEADER, active raft config: opid_index: -1 OBSOLETE_local: false peers { permanent_uuid: "abfd3dc05c4a4566bb328f04255eb266" member_type: VOTER last_known_addr { host: "127.13.208.126" port: 33685 } } peers { permanent_uuid: "82e2633778254c44a45393ac32540f27" member_type: VOTER last_known_addr { host: "127.13.208.125" port: 37503 } } peers { permanent_uuid: "e501d8ef778246b69b34d86e7395022b" member_type: VOTER last_known_addr { host: "127.13.208.124" port: 39307 } }
I0917 09:19:50.449818 15433 sys_catalog.cc:340] T 00000000000000000000000000000000 P e501d8ef778246b69b34d86e7395022b [sys.catalog]: SysCatalogTable state changed. Reason: New leader e501d8ef778246b69b34d86e7395022b. Latest consensus state: current_term: 2 leader_uuid: "e501d8ef778246b69b34d86e7395022b" committed_config { opid_index: -1 OBSOLETE_local: false peers { permanent_uuid: "abfd3dc05c4a4566bb328f04255eb266" member_type: VOTER last_known_addr { host: "127.13.208.126" port: 33685 } } peers { permanent_uuid: "82e2633778254c44a45393ac32540f27" member_type: VOTER last_known_addr { host: "127.13.208.125" port: 37503 } } peers { permanent_uuid: "e501d8ef778246b69b34d86e7395022b" member_type: VOTER last_known_addr { host: "127.13.208.124" port: 39307 } } }
I0917 09:19:50.449842 15433 sys_catalog.cc:343] T 00000000000000000000000000000000 P e501d8ef778246b69b34d86e7395022b [sys.catalog]: This master's current role is: LEADER
I0917 09:19:50.449990 15434 catalog_manager.cc:1086] Loading table and tablet metadata into memory...
I0917 09:19:50.450248 15434 catalog_manager.cc:387] Loaded metadata for table NewTableName [id=03b5e80e6ff342bab99657ab154c5e00]
I0917 09:19:50.450407 15434 catalog_manager.cc:441] Loaded metadata for tablet ac74b319ad54416685f8b9d9506e1d61 (table NewTableName [id=03b5e80e6ff342bab99657ab154c5e00])
I0917 09:19:50.450438 15434 catalog_manager.cc:441] Loaded metadata for tablet de49f5bae5244941af0020522f04d827 (table NewTableName [id=03b5e80e6ff342bab99657ab154c5e00])
I0917 09:19:50.450457 15434 catalog_manager.cc:441] Loaded metadata for tablet f67125c2201a4791ab5756ecc8fba82a (table NewTableName [id=03b5e80e6ff342bab99657ab154c5e00])
I0917 09:19:50.450479 15434 catalog_manager.cc:1097] Initializing Kudu internal certificate authority...
I0917 09:19:50.450786 15434 catalog_manager.cc:1106] Loading token signing keys...
I0917 09:19:50.450863 15434 catalog_manager.cc:4446] T 00000000000000000000000000000000 P e501d8ef778246b69b34d86e7395022b: Loaded TSK: 0
I0917 09:19:50.477110 14145 system_ntp.cc:193] NTP initialized. Skew: 500ppm Current error: 27804us
I0917 09:19:50.477198 14145 fs_manager.cc:263] Metadata directory not provided
I0917 09:19:50.477216 14145 fs_manager.cc:266] Using existing metadata directory in first data directory
I0917 09:19:50.477793 14145 fs_manager.cc:399] Time spent opening directory manager: real 0.000s user 0.000s sys 0.001s
I0917 09:19:50.478030 14145 file_cache.cc:465] Constructed file cache lbm with capacity 419430
I0917 09:19:50.480010 14145 fs_manager.cc:419] Time spent opening block manager: real 0.000s user 0.000s sys 0.000s
I0917 09:19:50.480082 14145 fs_manager.cc:436] Opened local filesystem: /tmp/dist-test-taskLDE0O4/test-tmp/ts_tablet_manager-itest.0.TsTabletManagerITest.TestTableStats.1568711978778636-14145/minicluster-data/master-0-root uuid: "abfd3dc05c4a4566bb328f04255eb266" format_stamp: "Formatted at 2019-09-17 09:19:49 on dist-test-slave-dist-test-slave-w6nz"
I0917 09:19:50.480101 14145 fs_report.cc:352] FS layout report -------------------- wal directory: /tmp/dist-test-taskLDE0O4/test-tmp/ts_tablet_manager-itest.0.TsTabletManagerITest.TestTableStats.1568711978778636-14145/minicluster-data/master-0-root metadata directory: /tmp/dist-test-taskLDE0O4/test-tmp/ts_tablet_manager-itest.0.TsTabletManagerITest.TestTableStats.1568711978778636-14145/minicluster-data/master-0-root 1 data directories: /tmp/dist-test-taskLDE0O4/test-tmp/ts_tablet_manager-itest.0.TsTabletManagerITest.TestTableStats.1568711978778636-14145/minicluster-data/master-0-root/data Total live blocks: 0 Total live bytes: 0 Total live bytes (after alignment): 0 Total number of LBM containers: 0 (0 full) Did not check for missing blocks Did not check for orphaned blocks Total full LBM containers with extra space: 0 (0 repaired) Total full LBM container extra space in bytes: 0 (0 repaired) Total incomplete LBM containers: 0 (0 repaired) Total LBM partial records: 0 (0 repaired)
I0917 09:19:50.509876 14145 rpc_server.cc:205] RPC server started. Bound to: 127.13.208.126:33685
I0917 09:19:50.510192 14145 webserver.cc:374] Webserver started at http://127.13.208.126:44757/ using document root and password file
I0917 09:19:50.511214 15489 sys_catalog.cc:188] Verifying existing consensus state
I0917 09:19:50.511653 15489 tablet_bootstrap.cc:439] T 00000000000000000000000000000000 P abfd3dc05c4a4566bb328f04255eb266: Bootstrap starting.
I0917 09:19:50.513546 15489 tablet_bootstrap.cc:439] T 00000000000000000000000000000000 P abfd3dc05c4a4566bb328f04255eb266: Bootstrap replayed 1/1 log segments. Stats: ops{read=13 overwritten=0 applied=13 ignored=0} inserts{seen=6 ignored=0} mutations{seen=11 ignored=0} orphaned_commits=0. Pending: 0 replicates
I0917 09:19:50.513793 15489 tablet_bootstrap.cc:439] T 00000000000000000000000000000000 P abfd3dc05c4a4566bb328f04255eb266: Bootstrap complete.
I0917 09:19:50.514014 15489 raft_consensus.cc:340] T 00000000000000000000000000000000 P abfd3dc05c4a4566bb328f04255eb266 [term 1 FOLLOWER]: Replica starting. Triggering 0 pending transactions. Active config: opid_index: -1 OBSOLETE_local: false peers { permanent_uuid: "abfd3dc05c4a4566bb328f04255eb266" member_type: VOTER last_known_addr { host: "127.13.208.126" port: 33685 } } peers { permanent_uuid: "82e2633778254c44a45393ac32540f27" member_type: VOTER last_known_addr { host: "127.13.208.125" port: 37503 } } peers { permanent_uuid: "e501d8ef778246b69b34d86e7395022b" member_type: VOTER last_known_addr { host: "127.13.208.124" port: 39307 } }
I0917 09:19:50.514032 15489 raft_consensus.cc:705] T 00000000000000000000000000000000 P abfd3dc05c4a4566bb328f04255eb266 [term 1 FOLLOWER]: Becoming Follower/Learner. State: Replica: abfd3dc05c4a4566bb328f04255eb266, State: Initialized, Role: FOLLOWER
I0917 09:19:50.514097 15489 consensus_queue.cc:229] T 00000000000000000000000000000000 P abfd3dc05c4a4566bb328f04255eb266 [NON_LEADER]: Queue going to NON_LEADER mode. State: All replicated index: 0, Majority replicated index: 0, Committed index: 13, Last appended: 1.13, Last appended by leader: 13, Current term: 0, Majority size: -1, State: 0, Mode: NON_LEADER, active raft config: opid_index: -1 OBSOLETE_local: false peers { permanent_uuid: "abfd3dc05c4a4566bb328f04255eb266" member_type: VOTER last_known_addr { host: "127.13.208.126" port: 33685 } } peers { permanent_uuid: "82e2633778254c44a45393ac32540f27" member_type: VOTER last_known_addr { host: "127.13.208.125" port: 37503 } } peers { permanent_uuid: "e501d8ef778246b69b34d86e7395022b" member_type: VOTER last_known_addr { host: "127.13.208.124" port: 39307 } }
I0917 09:19:50.514274 15489 sys_catalog.cc:340] T 00000000000000000000000000000000 P abfd3dc05c4a4566bb328f04255eb266 [sys.catalog]: SysCatalogTable state changed. Reason: Started TabletReplica. Latest consensus state: current_term: 1 committed_config { opid_index: -1 OBSOLETE_local: false peers { permanent_uuid: "abfd3dc05c4a4566bb328f04255eb266" member_type: VOTER last_known_addr { host: "127.13.208.126" port: 33685 } } peers { permanent_uuid: "82e2633778254c44a45393ac32540f27" member_type: VOTER last_known_addr { host: "127.13.208.125" port: 37503 } } peers { permanent_uuid: "e501d8ef778246b69b34d86e7395022b" member_type: VOTER last_known_addr { host: "127.13.208.124" port: 39307 } } }
I0917 09:19:50.514304 15491 sys_catalog.cc:340] T 00000000000000000000000000000000 P abfd3dc05c4a4566bb328f04255eb266 [sys.catalog]: SysCatalogTable state changed. Reason: RaftConsensus started. Latest consensus state: current_term: 1 committed_config { opid_index: -1 OBSOLETE_local: false peers { permanent_uuid: "abfd3dc05c4a4566bb328f04255eb266" member_type: VOTER last_known_addr { host: "127.13.208.126" port: 33685 } } peers { permanent_uuid: "82e2633778254c44a45393ac32540f27" member_type: VOTER last_known_addr { host: "127.13.208.125" port: 37503 } } peers { permanent_uuid: "e501d8ef778246b69b34d86e7395022b" member_type: VOTER last_known_addr { host: "127.13.208.124" port: 39307 } } }
I0917 09:19:50.514322 15489 sys_catalog.cc:343] T 00000000000000000000000000000000 P abfd3dc05c4a4566bb328f04255eb266 [sys.catalog]: This master's current role is: FOLLOWER
I0917 09:19:50.514340 15491 sys_catalog.cc:343] T 00000000000000000000000000000000 P abfd3dc05c4a4566bb328f04255eb266 [sys.catalog]: This master's current role is: FOLLOWER
I0917 09:19:50.514391 15489 sys_catalog.cc:428] T 00000000000000000000000000000000 P abfd3dc05c4a4566bb328f04255eb266 [sys.catalog]: configured and running, proceeding with master startup.
I0917 09:19:50.515398 15492 catalog_manager.cc:1142] T 00000000000000000000000000000000 P abfd3dc05c4a4566bb328f04255eb266: acquiring CA information for follower catalog manager: success
I0917 09:19:50.515532 15492 catalog_manager.cc:1170] T 00000000000000000000000000000000 P abfd3dc05c4a4566bb328f04255eb266: importing token verification keys for follower catalog manager: success; most recent TSK sequence number 0
I0917 09:19:50.543475 15030 raft_consensus.cc:1184] T 00000000000000000000000000000000 P 82e2633778254c44a45393ac32540f27 [term 2 FOLLOWER]: Refusing update from remote peer e501d8ef778246b69b34d86e7395022b: Log matching property violated. Preceding OpId in replica: term: 1 index: 13. Preceding OpId from leader: term: 2 index: 14. (index mismatch)
I0917 09:19:50.543803 15433 consensus_queue.cc:984] T 00000000000000000000000000000000 P e501d8ef778246b69b34d86e7395022b [LEADER]: Connected to new peer: Peer: permanent_uuid: "82e2633778254c44a45393ac32540f27" member_type: VOTER last_known_addr { host: "127.13.208.125" port: 37503 }, Status: LMP_MISMATCH, Last received: 0.0, Next index: 14, Last known committed idx: 13, Time since last communication: 0.000s
I0917 09:19:50.544114 15429 sys_catalog.cc:340] T 00000000000000000000000000000000 P 82e2633778254c44a45393ac32540f27 [sys.catalog]: SysCatalogTable state changed. Reason: New leader e501d8ef778246b69b34d86e7395022b. Latest consensus state: current_term: 2 leader_uuid: "e501d8ef778246b69b34d86e7395022b" committed_config { opid_index: -1 OBSOLETE_local: false peers { permanent_uuid: "abfd3dc05c4a4566bb328f04255eb266" member_type: VOTER last_known_addr { host: "127.13.208.126" port: 33685 } } peers { permanent_uuid: "82e2633778254c44a45393ac32540f27" member_type: VOTER last_known_addr { host: "127.13.208.125" port: 37503 } } peers { permanent_uuid: "e501d8ef778246b69b34d86e7395022b" member_type: VOTER last_known_addr { host: "127.13.208.124" port: 39307 } } }
I0917 09:19:50.544140 15429 sys_catalog.cc:343] T 00000000000000000000000000000000 P 82e2633778254c44a45393ac32540f27 [sys.catalog]: This master's current role is: FOLLOWER
I0917 09:19:50.544530 15430 sys_catalog.cc:340] T 00000000000000000000000000000000 P e501d8ef778246b69b34d86e7395022b [sys.catalog]: SysCatalogTable state changed. Reason: Peer health change. Latest consensus state: current_term: 2 leader_uuid: "e501d8ef778246b69b34d86e7395022b" committed_config { opid_index: -1 OBSOLETE_local: false peers { permanent_uuid: "abfd3dc05c4a4566bb328f04255eb266" member_type: VOTER last_known_addr { host: "127.13.208.126" port: 33685 } } peers { permanent_uuid: "82e2633778254c44a45393ac32540f27" member_type: VOTER last_known_addr { host: "127.13.208.125" port: 37503 } } peers { permanent_uuid: "e501d8ef778246b69b34d86e7395022b" member_type: VOTER last_known_addr { host: "127.13.208.124" port: 39307 } } }
I0917 09:19:50.544560 15430 sys_catalog.cc:343] T 00000000000000000000000000000000 P e501d8ef778246b69b34d86e7395022b [sys.catalog]: This master's current role is: LEADER
I0917 09:19:50.544688 15429 sys_catalog.cc:340] T 00000000000000000000000000000000 P 82e2633778254c44a45393ac32540f27 [sys.catalog]: SysCatalogTable state changed. Reason: Replicated consensus-only round. Latest consensus state: current_term: 2 leader_uuid: "e501d8ef778246b69b34d86e7395022b" committed_config { opid_index: -1 OBSOLETE_local: false peers { permanent_uuid: "abfd3dc05c4a4566bb328f04255eb266" member_type: VOTER last_known_addr { host: "127.13.208.126" port: 33685 } } peers { permanent_uuid: "82e2633778254c44a45393ac32540f27" member_type: VOTER last_known_addr { host: "127.13.208.125" port: 37503 } } peers { permanent_uuid: "e501d8ef778246b69b34d86e7395022b" member_type: VOTER last_known_addr { host: "127.13.208.124" port: 39307 } } }
I0917 09:19:50.544714 15429 sys_catalog.cc:343] T 00000000000000000000000000000000 P 82e2633778254c44a45393ac32540f27 [sys.catalog]: This master's current role is: FOLLOWER
I0917 09:19:50.547726 15466 raft_consensus.cc:2890] T 00000000000000000000000000000000 P abfd3dc05c4a4566bb328f04255eb266 [term 1 FOLLOWER]: Advancing to term 2
