I0917 09:19:45.717435 14697 raft_consensus.cc:494] T 2ad18ea6110347a38a6a797cfb406a1e P 179827f0756c461f99525bf240ed8ef1 [term 0 FOLLOWER]: Starting pre-election with config: opid_index: -1 OBSOLETE_local: false peers { permanent_uuid: "c1365408e5a541beb0e809a7e0575482" member_type: VOTER last_known_addr { host: "127.13.208.67" port: 39839 } } peers { permanent_uuid: "f44bd2d216ba4e3e931c81a53dd98300" member_type: VOTER last_known_addr { host: "127.13.208.66" port: 37607 } } peers { permanent_uuid: "179827f0756c461f99525bf240ed8ef1" member_type: VOTER last_known_addr { host: "127.13.208.65" port: 35539 } }
I0917 09:19:45.717603 14697 leader_election.cc:296] T 2ad18ea6110347a38a6a797cfb406a1e P 179827f0756c461f99525bf240ed8ef1 [CANDIDATE]: Term 1 pre-election: Requested pre-vote from peers c1365408e5a541beb0e809a7e0575482 (127.13.208.67:39839), f44bd2d216ba4e3e931c81a53dd98300 (127.13.208.66:37607)
I0917 09:19:45.722491 14653 tablet_service.cc:1295] Received RequestConsensusVote() RPC: tablet_id: "2ad18ea6110347a38a6a797cfb406a1e" candidate_uuid: "179827f0756c461f99525bf240ed8ef1" candidate_term: 1 candidate_status { last_received { term: 0 index: 0 } } ignore_live_leader: false dest_uuid: "c1365408e5a541beb0e809a7e0575482" is_pre_election: true
I0917 09:19:45.722504 14586 tablet_service.cc:1295] Received RequestConsensusVote() RPC: tablet_id: "2ad18ea6110347a38a6a797cfb406a1e" candidate_uuid: "179827f0756c461f99525bf240ed8ef1" candidate_term: 1 candidate_status { last_received { term: 0 index: 0 } } ignore_live_leader: false dest_uuid: "f44bd2d216ba4e3e931c81a53dd98300" is_pre_election: true
I0917 09:19:45.722559 14586 raft_consensus.cc:2350] T 2ad18ea6110347a38a6a797cfb406a1e P f44bd2d216ba4e3e931c81a53dd98300 [term 0 FOLLOWER]: Leader pre-election vote request: Granting yes vote for candidate 179827f0756c461f99525bf240ed8ef1 in term 0.
I0917 09:19:45.722560 14653 raft_consensus.cc:2350] T 2ad18ea6110347a38a6a797cfb406a1e P c1365408e5a541beb0e809a7e0575482 [term 0 FOLLOWER]: Leader pre-election vote request: Granting yes vote for candidate 179827f0756c461f99525bf240ed8ef1 in term 0.
I0917 09:19:45.722662 14481 leader_election.cc:310] T 2ad18ea6110347a38a6a797cfb406a1e P 179827f0756c461f99525bf240ed8ef1 [CANDIDATE]: Term 1 pre-election: Election decided. Result: candidate won. Election summary: received 2 responses out of 3 voters: 2 yes votes; 0 no votes. yes voters: 179827f0756c461f99525bf240ed8ef1, f44bd2d216ba4e3e931c81a53dd98300; no voters:
I0917 09:19:45.722735 14697 raft_consensus.cc:2644] T 2ad18ea6110347a38a6a797cfb406a1e P 179827f0756c461f99525bf240ed8ef1 [term 0 FOLLOWER]: Leader pre-election won for term 1
I0917 09:19:45.722762 14697 raft_consensus.cc:472] T 2ad18ea6110347a38a6a797cfb406a1e P 179827f0756c461f99525bf240ed8ef1 [term 0 FOLLOWER]: Starting leader election (no leader contacted us within the election timeout)
I0917 09:19:45.722770 14697 raft_consensus.cc:2890] T 2ad18ea6110347a38a6a797cfb406a1e P 179827f0756c461f99525bf240ed8ef1 [term 0 FOLLOWER]: Advancing to term 1
I0917 09:19:45.726172 14697 raft_consensus.cc:494] T 2ad18ea6110347a38a6a797cfb406a1e P 179827f0756c461f99525bf240ed8ef1 [term 1 FOLLOWER]: Starting leader election with config: opid_index: -1 OBSOLETE_local: false peers { permanent_uuid: "c1365408e5a541beb0e809a7e0575482" member_type: VOTER last_known_addr { host: "127.13.208.67" port: 39839 } } peers { permanent_uuid: "f44bd2d216ba4e3e931c81a53dd98300" member_type: VOTER last_known_addr { host: "127.13.208.66" port: 37607 } } peers { permanent_uuid: "179827f0756c461f99525bf240ed8ef1" member_type: VOTER last_known_addr { host: "127.13.208.65" port: 35539 } }
I0917 09:19:45.726435 14697 leader_election.cc:296] T 2ad18ea6110347a38a6a797cfb406a1e P 179827f0756c461f99525bf240ed8ef1 [CANDIDATE]: Term 1 election: Requested vote from peers c1365408e5a541beb0e809a7e0575482 (127.13.208.67:39839), f44bd2d216ba4e3e931c81a53dd98300 (127.13.208.66:37607)
I0917 09:19:45.726480 14653 tablet_service.cc:1295] Received RequestConsensusVote() RPC: tablet_id: "2ad18ea6110347a38a6a797cfb406a1e" candidate_uuid: "179827f0756c461f99525bf240ed8ef1" candidate_term: 1 candidate_status { last_received { term: 0 index: 0 } } ignore_live_leader: false dest_uuid: "c1365408e5a541beb0e809a7e0575482"
I0917 09:19:45.726496 14653 raft_consensus.cc:2890] T 2ad18ea6110347a38a6a797cfb406a1e P c1365408e5a541beb0e809a7e0575482 [term 0 FOLLOWER]: Advancing to term 1
I0917 09:19:45.726498 14586 tablet_service.cc:1295] Received RequestConsensusVote() RPC: tablet_id: "2ad18ea6110347a38a6a797cfb406a1e" candidate_uuid: "179827f0756c461f99525bf240ed8ef1" candidate_term: 1 candidate_status { last_received { term: 0 index: 0 } } ignore_live_leader: false dest_uuid: "f44bd2d216ba4e3e931c81a53dd98300"
I0917 09:19:45.726523 14586 raft_consensus.cc:2890] T 2ad18ea6110347a38a6a797cfb406a1e P f44bd2d216ba4e3e931c81a53dd98300 [term 0 FOLLOWER]: Advancing to term 1
I0917 09:19:45.727037 14653 raft_consensus.cc:2350] T 2ad18ea6110347a38a6a797cfb406a1e P c1365408e5a541beb0e809a7e0575482 [term 1 FOLLOWER]: Leader election vote request: Granting yes vote for candidate 179827f0756c461f99525bf240ed8ef1 in term 1.
I0917 09:19:45.727139 14479 leader_election.cc:310] T 2ad18ea6110347a38a6a797cfb406a1e P 179827f0756c461f99525bf240ed8ef1 [CANDIDATE]: Term 1 election: Election decided. Result: candidate won. Election summary: received 2 responses out of 3 voters: 2 yes votes; 0 no votes. yes voters: 179827f0756c461f99525bf240ed8ef1, c1365408e5a541beb0e809a7e0575482; no voters:
I0917 09:19:45.727192 14697 raft_consensus.cc:2644] T 2ad18ea6110347a38a6a797cfb406a1e P 179827f0756c461f99525bf240ed8ef1 [term 1 FOLLOWER]: Leader election won for term 1
I0917 09:19:45.727310 14697 raft_consensus.cc:667] T 2ad18ea6110347a38a6a797cfb406a1e P 179827f0756c461f99525bf240ed8ef1 [term 1 LEADER]: Becoming Leader. State: Replica: 179827f0756c461f99525bf240ed8ef1, State: Running, Role: LEADER
I0917 09:19:45.727324 14586 raft_consensus.cc:2350] T 2ad18ea6110347a38a6a797cfb406a1e P f44bd2d216ba4e3e931c81a53dd98300 [term 1 FOLLOWER]: Leader election vote request: Granting yes vote for candidate 179827f0756c461f99525bf240ed8ef1 in term 1.
I0917 09:19:45.727417 14697 consensus_queue.cc:206] T 2ad18ea6110347a38a6a797cfb406a1e P 179827f0756c461f99525bf240ed8ef1 [LEADER]: Queue going to LEADER mode. State: All replicated index: 0, Majority replicated index: 0, Committed index: 0, Last appended: 0.0, Last appended by leader: 0, Current term: 1, Majority size: 2, State: 0, Mode: LEADER, active raft config: opid_index: -1 OBSOLETE_local: false peers { permanent_uuid: "c1365408e5a541beb0e809a7e0575482" member_type: VOTER last_known_addr { host: "127.13.208.67" port: 39839 } } peers { permanent_uuid: "f44bd2d216ba4e3e931c81a53dd98300" member_type: VOTER last_known_addr { host: "127.13.208.66" port: 37607 } } peers { permanent_uuid: "179827f0756c461f99525bf240ed8ef1" member_type: VOTER last_known_addr { host: "127.13.208.65" port: 35539 } }
I0917 09:19:45.727957 14433 catalog_manager.cc:4120] T 2ad18ea6110347a38a6a797cfb406a1e P 179827f0756c461f99525bf240ed8ef1 reported cstate change: term changed from 0 to 1, leader changed from to 179827f0756c461f99525bf240ed8ef1 (127.13.208.65). New cstate: current_term: 1 leader_uuid: "179827f0756c461f99525bf240ed8ef1" committed_config { opid_index: -1 OBSOLETE_local: false peers { permanent_uuid: "c1365408e5a541beb0e809a7e0575482" member_type: VOTER last_known_addr { host: "127.13.208.67" port: 39839 } health_report { overall_health: UNKNOWN } } peers { permanent_uuid: "f44bd2d216ba4e3e931c81a53dd98300" member_type: VOTER last_known_addr { host: "127.13.208.66" port: 37607 } health_report { overall_health: UNKNOWN } } peers { permanent_uuid: "179827f0756c461f99525bf240ed8ef1" member_type: VOTER last_known_addr { host: "127.13.208.65" port: 35539 } health_report { overall_health: HEALTHY } } }
I0917 09:19:46.206527 14697 consensus_queue.cc:984] T 2ad18ea6110347a38a6a797cfb406a1e P 179827f0756c461f99525bf240ed8ef1 [LEADER]: Connected to new peer: Peer: permanent_uuid: "c1365408e5a541beb0e809a7e0575482" member_type: VOTER last_known_addr { host: "127.13.208.67" port: 39839 }, Status: LMP_MISMATCH, Last received: 0.0, Next index: 1, Last known committed idx: 0, Time since last communication: 0.000s
I0917 09:19:46.207762 14701 consensus_queue.cc:984] T 2ad18ea6110347a38a6a797cfb406a1e P 179827f0756c461f99525bf240ed8ef1 [LEADER]: Connected to new peer: Peer: permanent_uuid: "f44bd2d216ba4e3e931c81a53dd98300" member_type: VOTER last_known_addr { host: "127.13.208.66" port: 37607 }, Status: LMP_MISMATCH, Last received: 0.0, Next index: 1, Last known committed idx: 0, Time since last communication: 0.000s
I0917 09:19:46.768110 14145 tablet_replica.cc:273] T 2ad18ea6110347a38a6a797cfb406a1e P 179827f0756c461f99525bf240ed8ef1: stopping tablet replica
I0917 09:19:46.768173 14145 raft_consensus.cc:2147] T 2ad18ea6110347a38a6a797cfb406a1e P 179827f0756c461f99525bf240ed8ef1 [term 1 LEADER]: Raft consensus shutting down.
I0917 09:19:46.768218 14145 raft_consensus.cc:2174] T 2ad18ea6110347a38a6a797cfb406a1e P 179827f0756c461f99525bf240ed8ef1 [term 1 FOLLOWER]: Raft consensus is shut down!
I0917 09:19:47.708839 14713 raft_consensus.cc:472] T 2ad18ea6110347a38a6a797cfb406a1e P c1365408e5a541beb0e809a7e0575482 [term 1 FOLLOWER]: Starting pre-election (detected failure of leader 179827f0756c461f99525bf240ed8ef1)
I0917 09:19:47.709017 14713 raft_consensus.cc:494] T 2ad18ea6110347a38a6a797cfb406a1e P c1365408e5a541beb0e809a7e0575482 [term 1 FOLLOWER]: Starting pre-election with config: opid_index: -1 OBSOLETE_local: false peers { permanent_uuid: "c1365408e5a541beb0e809a7e0575482" member_type: VOTER last_known_addr { host: "127.13.208.67" port: 39839 } } peers { permanent_uuid: "f44bd2d216ba4e3e931c81a53dd98300" member_type: VOTER last_known_addr { host: "127.13.208.66" port: 37607 } } peers { permanent_uuid: "179827f0756c461f99525bf240ed8ef1" member_type: VOTER last_known_addr { host: "127.13.208.65" port: 35539 } }
I0917 09:19:47.709125 14713 leader_election.cc:296] T 2ad18ea6110347a38a6a797cfb406a1e P c1365408e5a541beb0e809a7e0575482 [CANDIDATE]: Term 2 pre-election: Requested pre-vote from peers f44bd2d216ba4e3e931c81a53dd98300 (127.13.208.66:37607), 179827f0756c461f99525bf240ed8ef1 (127.13.208.65:35539)
I0917 09:19:47.714277 14586 tablet_service.cc:1295] Received RequestConsensusVote() RPC: tablet_id: "2ad18ea6110347a38a6a797cfb406a1e" candidate_uuid: "c1365408e5a541beb0e809a7e0575482" candidate_term: 2 candidate_status { last_received { term: 1 index: 1 } } ignore_live_leader: false dest_uuid: "f44bd2d216ba4e3e931c81a53dd98300" is_pre_election: true
I0917 09:19:47.714339 14586 raft_consensus.cc:2311] T 2ad18ea6110347a38a6a797cfb406a1e P f44bd2d216ba4e3e931c81a53dd98300 [term 1 FOLLOWER]: Leader pre-election vote request: Denying vote to candidate c1365408e5a541beb0e809a7e0575482 for term 2 because replica is either leader or believes a valid leader to be alive.
I0917 09:19:47.714450 14518 tablet_service.cc:1295] Received RequestConsensusVote() RPC: tablet_id: "2ad18ea6110347a38a6a797cfb406a1e" candidate_uuid: "c1365408e5a541beb0e809a7e0575482" candidate_term: 2 candidate_status { last_received { term: 1 index: 1 } } ignore_live_leader: false dest_uuid: "179827f0756c461f99525bf240ed8ef1" is_pre_election: true
W0917 09:19:47.714661 14617 leader_election.cc:348] T 2ad18ea6110347a38a6a797cfb406a1e P c1365408e5a541beb0e809a7e0575482 [CANDIDATE]: Term 2 pre-election: Tablet error from VoteRequest() call to peer 179827f0756c461f99525bf240ed8ef1 (127.13.208.65:35539): Illegal state: cannot vote while shut down
I0917 09:19:47.714684 14617 leader_election.cc:310] T 2ad18ea6110347a38a6a797cfb406a1e P c1365408e5a541beb0e809a7e0575482 [CANDIDATE]: Term 2 pre-election: Election decided. Result: candidate lost. Election summary: received 3 responses out of 3 voters: 1 yes votes; 2 no votes. yes voters: c1365408e5a541beb0e809a7e0575482; no voters: 179827f0756c461f99525bf240ed8ef1, f44bd2d216ba4e3e931c81a53dd98300
I0917 09:19:47.714745 14713 raft_consensus.cc:2592] T 2ad18ea6110347a38a6a797cfb406a1e P c1365408e5a541beb0e809a7e0575482 [term 1 FOLLOWER]: Leader pre-election lost for term 2. Reason: could not achieve majority
I0917 09:19:48.225364 14718 raft_consensus.cc:472] T 2ad18ea6110347a38a6a797cfb406a1e P f44bd2d216ba4e3e931c81a53dd98300 [term 1 FOLLOWER]: Starting pre-election (detected failure of leader 179827f0756c461f99525bf240ed8ef1)
I0917 09:19:48.225484 14718 raft_consensus.cc:494] T 2ad18ea6110347a38a6a797cfb406a1e P f44bd2d216ba4e3e931c81a53dd98300 [term 1 FOLLOWER]: Starting pre-election with config: opid_index: -1 OBSOLETE_local: false peers { permanent_uuid: "c1365408e5a541beb0e809a7e0575482" member_type: VOTER last_known_addr { host: "127.13.208.67" port: 39839 } } peers { permanent_uuid: "f44bd2d216ba4e3e931c81a53dd98300" member_type: VOTER last_known_addr { host: "127.13.208.66" port: 37607 } } peers { permanent_uuid: "179827f0756c461f99525bf240ed8ef1" member_type: VOTER last_known_addr { host: "127.13.208.65" port: 35539 } }
I0917 09:19:48.225662 14718 leader_election.cc:296] T 2ad18ea6110347a38a6a797cfb406a1e P f44bd2d216ba4e3e931c81a53dd98300 [CANDIDATE]: Term 2 pre-election: Requested pre-vote from peers c1365408e5a541beb0e809a7e0575482 (127.13.208.67:39839), 179827f0756c461f99525bf240ed8ef1 (127.13.208.65:35539)
I0917 09:19:48.229501 14653 tablet_service.cc:1295] Received RequestConsensusVote() RPC: tablet_id: "2ad18ea6110347a38a6a797cfb406a1e" candidate_uuid: "f44bd2d216ba4e3e931c81a53dd98300" candidate_term: 2 candidate_status { last_received { term: 1 index: 1 } } ignore_live_leader: false dest_uuid: "c1365408e5a541beb0e809a7e0575482" is_pre_election: true
I0917 09:19:48.229554 14518 tablet_service.cc:1295] Received RequestConsensusVote() RPC: tablet_id: "2ad18ea6110347a38a6a797cfb406a1e" candidate_uuid: "f44bd2d216ba4e3e931c81a53dd98300" candidate_term: 2 candidate_status { last_received { term: 1 index: 1 } } ignore_live_leader: false dest_uuid: "179827f0756c461f99525bf240ed8ef1" is_pre_election: true
I0917 09:19:48.229558 14653 raft_consensus.cc:2350] T 2ad18ea6110347a38a6a797cfb406a1e P c1365408e5a541beb0e809a7e0575482 [term 1 FOLLOWER]: Leader pre-election vote request: Granting yes vote for candidate f44bd2d216ba4e3e931c81a53dd98300 in term 1.
W0917 09:19:48.229662 14550 leader_election.cc:348] T 2ad18ea6110347a38a6a797cfb406a1e P f44bd2d216ba4e3e931c81a53dd98300 [CANDIDATE]: Term 2 pre-election: Tablet error from VoteRequest() call to peer 179827f0756c461f99525bf240ed8ef1 (127.13.208.65:35539): Illegal state: cannot vote while shut down
I0917 09:19:48.229693 14547 leader_election.cc:310] T 2ad18ea6110347a38a6a797cfb406a1e P f44bd2d216ba4e3e931c81a53dd98300 [CANDIDATE]: Term 2 pre-election: Election decided. Result: candidate won. Election summary: received 3 responses out of 3 voters: 2 yes votes; 1 no votes. yes voters: c1365408e5a541beb0e809a7e0575482, f44bd2d216ba4e3e931c81a53dd98300; no voters: 179827f0756c461f99525bf240ed8ef1
I0917 09:19:48.229766 14718 raft_consensus.cc:2644] T 2ad18ea6110347a38a6a797cfb406a1e P f44bd2d216ba4e3e931c81a53dd98300 [term 1 FOLLOWER]: Leader pre-election won for term 2
I0917 09:19:48.229794 14718 raft_consensus.cc:472] T 2ad18ea6110347a38a6a797cfb406a1e P f44bd2d216ba4e3e931c81a53dd98300 [term 1 FOLLOWER]: Starting leader election (detected failure of leader 179827f0756c461f99525bf240ed8ef1)
I0917 09:19:48.229802 14718 raft_consensus.cc:2890] T 2ad18ea6110347a38a6a797cfb406a1e P f44bd2d216ba4e3e931c81a53dd98300 [term 1 FOLLOWER]: Advancing to term 2
I0917 09:19:48.230507 14718 raft_consensus.cc:494] T 2ad18ea6110347a38a6a797cfb406a1e P f44bd2d216ba4e3e931c81a53dd98300 [term 2 FOLLOWER]: Starting leader election with config: opid_index: -1 OBSOLETE_local: false peers { permanent_uuid: "c1365408e5a541beb0e809a7e0575482" member_type: VOTER last_known_addr { host: "127.13.208.67" port: 39839 } } peers { permanent_uuid: "f44bd2d216ba4e3e931c81a53dd98300" member_type: VOTER last_known_addr { host: "127.13.208.66" port: 37607 } } peers { permanent_uuid: "179827f0756c461f99525bf240ed8ef1" member_type: VOTER last_known_addr { host: "127.13.208.65" port: 35539 } }
I0917 09:19:48.230592 14718 leader_election.cc:296] T 2ad18ea6110347a38a6a797cfb406a1e P f44bd2d216ba4e3e931c81a53dd98300 [CANDIDATE]: Term 2 election: Requested vote from peers c1365408e5a541beb0e809a7e0575482 (127.13.208.67:39839), 179827f0756c461f99525bf240ed8ef1 (127.13.208.65:35539)
I0917 09:19:48.230846 14653 tablet_service.cc:1295] Received RequestConsensusVote() RPC: tablet_id: "2ad18ea6110347a38a6a797cfb406a1e" candidate_uuid: "f44bd2d216ba4e3e931c81a53dd98300" candidate_term: 2 candidate_status { last_received { term: 1 index: 1 } } ignore_live_leader: false dest_uuid: "c1365408e5a541beb0e809a7e0575482"
I0917 09:19:48.230846 14518 tablet_service.cc:1295] Received RequestConsensusVote() RPC: tablet_id: "2ad18ea6110347a38a6a797cfb406a1e" candidate_uuid: "f44bd2d216ba4e3e931c81a53dd98300" candidate_term: 2 candidate_status { last_received { term: 1 index: 1 } } ignore_live_leader: false dest_uuid: "179827f0756c461f99525bf240ed8ef1"
I0917 09:19:48.230895 14653 raft_consensus.cc:2890] T 2ad18ea6110347a38a6a797cfb406a1e P c1365408e5a541beb0e809a7e0575482 [term 1 FOLLOWER]: Advancing to term 2
W0917 09:19:48.231009 14550 leader_election.cc:348] T 2ad18ea6110347a38a6a797cfb406a1e P f44bd2d216ba4e3e931c81a53dd98300 [CANDIDATE]: Term 2 election: Tablet error from VoteRequest() call to peer 179827f0756c461f99525bf240ed8ef1 (127.13.208.65:35539): Illegal state: cannot vote while shut down
I0917 09:19:48.231484 14653 raft_consensus.cc:2350] T 2ad18ea6110347a38a6a797cfb406a1e P c1365408e5a541beb0e809a7e0575482 [term 2 FOLLOWER]: Leader election vote request: Granting yes vote for candidate f44bd2d216ba4e3e931c81a53dd98300 in term 2.
I0917 09:19:48.231634 14547 leader_election.cc:310] T 2ad18ea6110347a38a6a797cfb406a1e P f44bd2d216ba4e3e931c81a53dd98300 [CANDIDATE]: Term 2 election: Election decided. Result: candidate won. Election summary: received 3 responses out of 3 voters: 2 yes votes; 1 no votes. yes voters: c1365408e5a541beb0e809a7e0575482, f44bd2d216ba4e3e931c81a53dd98300; no voters: 179827f0756c461f99525bf240ed8ef1
I0917 09:19:48.231757 14718 raft_consensus.cc:2644] T 2ad18ea6110347a38a6a797cfb406a1e P f44bd2d216ba4e3e931c81a53dd98300 [term 2 FOLLOWER]: Leader election won for term 2
I0917 09:19:48.231881 14718 raft_consensus.cc:667] T 2ad18ea6110347a38a6a797cfb406a1e P f44bd2d216ba4e3e931c81a53dd98300 [term 2 LEADER]: Becoming Leader. State: Replica: f44bd2d216ba4e3e931c81a53dd98300, State: Running, Role: LEADER
I0917 09:19:48.231973 14718 consensus_queue.cc:206] T 2ad18ea6110347a38a6a797cfb406a1e P f44bd2d216ba4e3e931c81a53dd98300 [LEADER]: Queue going to LEADER mode. State: All replicated index: 0, Majority replicated index: 1, Committed index: 1, Last appended: 1.1, Last appended by leader: 1, Current term: 2, Majority size: 2, State: 0, Mode: LEADER, active raft config: opid_index: -1 OBSOLETE_local: false peers { permanent_uuid: "c1365408e5a541beb0e809a7e0575482" member_type: VOTER last_known_addr { host: "127.13.208.67" port: 39839 } } peers { permanent_uuid: "f44bd2d216ba4e3e931c81a53dd98300" member_type: VOTER last_known_addr { host: "127.13.208.66" port: 37607 } } peers { permanent_uuid: "179827f0756c461f99525bf240ed8ef1" member_type: VOTER last_known_addr { host: "127.13.208.65" port: 35539 } }
I0917 09:19:48.631811 14653 raft_consensus.cc:1184] T 2ad18ea6110347a38a6a797cfb406a1e P c1365408e5a541beb0e809a7e0575482 [term 2 FOLLOWER]: Refusing update from remote peer f44bd2d216ba4e3e931c81a53dd98300: Log matching property violated. Preceding OpId in replica: term: 1 index: 1. Preceding OpId from leader: term: 2 index: 2. (index mismatch)
I0917 09:19:48.632179 14718 consensus_queue.cc:984] T 2ad18ea6110347a38a6a797cfb406a1e P f44bd2d216ba4e3e931c81a53dd98300 [LEADER]: Connected to new peer: Peer: permanent_uuid: "c1365408e5a541beb0e809a7e0575482" member_type: VOTER last_known_addr { host: "127.13.208.67" port: 39839 }, Status: LMP_MISMATCH, Last received: 0.0, Next index: 2, Last known committed idx: 1, Time since last communication: 0.000s
I0917 09:19:48.633466 14550 consensus_queue.cc:544] T 2ad18ea6110347a38a6a797cfb406a1e P f44bd2d216ba4e3e931c81a53dd98300 [LEADER]: The tablet replica hosted on peer 179827f0756c461f99525bf240ed8ef1 has failed
W0917 09:19:48.633563 14550 consensus_peers.cc:458] T 2ad18ea6110347a38a6a797cfb406a1e P f44bd2d216ba4e3e931c81a53dd98300 -> Peer 179827f0756c461f99525bf240ed8ef1 (127.13.208.65:35539): Couldn't send request to peer 179827f0756c461f99525bf240ed8ef1. Error code: TABLET_FAILED (20). Status: Illegal state: Tablet not RUNNING: FAILED: IO error: INJECTED ERROR: tablet failed. This is attempt 1: this message will repeat every 5th retry.
I0917 09:19:48.794059 14145 tablet_server.cc:155] TabletServer shutting down...
I0917 09:19:48.797482 14145 ts_tablet_manager.cc:1159] Shutting down tablet manager...
I0917 09:19:48.809214 14145 tablet_server.cc:169] TabletServer shutdown complete.
I0917 09:19:48.809252 14145 tablet_server.cc:155] TabletServer shutting down...
I0917 09:19:48.809278 14145 tablet_server.cc:169] TabletServer shutdown complete.
I0917 09:19:48.809919 14145 tablet_server.cc:155] TabletServer shutting down...
I0917 09:19:48.812758 14145 ts_tablet_manager.cc:1159] Shutting down tablet manager...
I0917 09:19:48.812795 14145 tablet_replica.cc:273] T 2ad18ea6110347a38a6a797cfb406a1e P f44bd2d216ba4e3e931c81a53dd98300: stopping tablet replica
I0917 09:19:48.812825 14145 raft_consensus.cc:2147] T 2ad18ea6110347a38a6a797cfb406a1e P f44bd2d216ba4e3e931c81a53dd98300 [term 2 LEADER]: Raft consensus shutting down.
I0917 09:19:48.812916 14145 raft_consensus.cc:2174] T 2ad18ea6110347a38a6a797cfb406a1e P f44bd2d216ba4e3e931c81a53dd98300 [term 2 FOLLOWER]: Raft consensus is shut down!
I0917 09:19:48.825026 14145 tablet_server.cc:169] TabletServer shutdown complete.
I0917 09:19:48.825060 14145 tablet_server.cc:155] TabletServer shutting down...
I0917 09:19:48.825085 14145 tablet_server.cc:169] TabletServer shutdown complete.
I0917 09:19:48.825887 14145 tablet_server.cc:155] TabletServer shutting down...
I0917 09:19:48.828766 14145 ts_tablet_manager.cc:1159] Shutting down tablet manager...
I0917 09:19:48.828809 14145 tablet_replica.cc:273] T 2ad18ea6110347a38a6a797cfb406a1e P c1365408e5a541beb0e809a7e0575482: stopping tablet replica
I0917 09:19:48.828850 14145 raft_consensus.cc:2147] T 2ad18ea6110347a38a6a797cfb406a1e P c1365408e5a541beb0e809a7e0575482 [term 2 FOLLOWER]: Raft consensus shutting down.
I0917 09:19:48.828877 14145 raft_consensus.cc:2174] T 2ad18ea6110347a38a6a797cfb406a1e P c1365408e5a541beb0e809a7e0575482 [term 2 FOLLOWER]: Raft consensus is shut down!
I0917 09:19:48.840711 14145 tablet_server.cc:169] TabletServer shutdown complete.
I0917 09:19:48.840749 14145 tablet_server.cc:155] TabletServer shutting down...
I0917 09:19:48.840772 14145 tablet_server.cc:169] TabletServer shutdown complete.
I0917 09:19:48.841526 14145 master.cc:247] Master@127.13.208.126:33109 shutting down...
I0917 09:19:48.843703 14145 raft_consensus.cc:2147] T 00000000000000000000000000000000 P 267f2469bb8d4a8dbab505e0e116de32 [term 1 LEADER]: Raft consensus shutting down.
I0917 09:19:48.843737 14145 raft_consensus.cc:2174] T 00000000000000000000000000000000 P 267f2469bb8d4a8dbab505e0e116de32 [term 1 FOLLOWER]: Raft consensus is shut down!
I0917 09:19:48.843750 14145 tablet_replica.cc:273] T 00000000000000000000000000000000 P 267f2469bb8d4a8dbab505e0e116de32: stopping tablet replica
I0917 09:19:48.855087 14145 master.cc:258] Master@127.13.208.126:33109 shutdown complete. [ OK ] TsTabletManagerITest.ReportOnReplicaHealthStatus (3384 ms) [ RUN ] TsTabletManagerITest.TestDeduplicateMasterAddrsForHeartbeaters
I0917 09:19:48.858986 14145 internal_mini_cluster.cc:146] Creating distributed mini masters. Addrs: 127.13.208.126:39773
I0917 09:19:48.859807 14145 system_ntp.cc:193] NTP initialized. Skew: 500ppm Current error: 26804us
I0917 09:19:48.859858 14145 fs_manager.cc:263] Metadata directory not provided
I0917 09:19:48.859882 14145 fs_manager.cc:269] Using write-ahead log directory (fs_wal_dir) as metadata directory
I0917 09:19:48.859915 14145 server_base.cc:452] Could not load existing FS layout: Not found: could not find a healthy instance file
I0917 09:19:48.859941 14145 server_base.cc:453] Attempting to create new FS layout instead
I0917 09:19:48.860177 14145 fs_manager.cc:602] Generated new instance metadata in path /tmp/dist-test-taskLDE0O4/test-tmp/ts_tablet_manager-itest.0.TsTabletManagerITest.TestDeduplicateMasterAddrsForHeartbeaters.1568711978778636-14145/minicluster-data/master-0-root/instance: uuid: "caf14a87cced475aba5bd0ed05a0d6e7" format_stamp: "Formatted at 2019-09-17 09:19:48 on dist-test-slave-dist-test-slave-w6nz"
I0917 09:19:48.861281 14145 fs_manager.cc:503] Time spent creating directory manager: real 0.001s user 0.001s sys 0.000s
I0917 09:19:48.861560 14145 file_cache.cc:465] Constructed file cache lbm with capacity 419430
I0917 09:19:48.862255 14145 fs_manager.cc:419] Time spent opening block manager: real 0.000s user 0.000s sys 0.000s
I0917 09:19:48.862300 14145 fs_manager.cc:436] Opened local filesystem: /tmp/dist-test-taskLDE0O4/test-tmp/ts_tablet_manager-itest.0.TsTabletManagerITest.TestDeduplicateMasterAddrsForHeartbeaters.1568711978778636-14145/minicluster-data/master-0-root uuid: "caf14a87cced475aba5bd0ed05a0d6e7" format_stamp: "Formatted at 2019-09-17 09:19:48 on dist-test-slave-dist-test-slave-w6nz"
I0917 09:19:48.862356 14145 fs_report.cc:352] FS layout report -------------------- wal directory: /tmp/dist-test-taskLDE0O4/test-tmp/ts_tablet_manager-itest.0.TsTabletManagerITest.TestDeduplicateMasterAddrsForHeartbeaters.1568711978778636-14145/minicluster-data/master-0-root metadata directory: /tmp/dist-test-taskLDE0O4/test-tmp/ts_tablet_manager-itest.0.TsTabletManagerITest.TestDeduplicateMasterAddrsForHeartbeaters.1568711978778636-14145/minicluster-data/master-0-root 1 data directories: /tmp/dist-test-taskLDE0O4/test-tmp/ts_tablet_manager-itest.0.TsTabletManagerITest.TestDeduplicateMasterAddrsForHeartbeaters.1568711978778636-14145/minicluster-data/master-0-root/data Total live blocks: 0 Total live bytes: 0 Total live bytes (after alignment): 0 Total number of LBM containers: 0 (0 full) Did not check for missing blocks Did not check for orphaned blocks Total full LBM containers with extra space: 0 (0 repaired) Total full LBM container extra space in bytes: 0 (0 repaired) Total incomplete LBM containers: 0 (0 repaired) Total LBM partial records: 0 (0 repaired)
I0917 09:19:48.869989 14145 rpc_server.cc:205] RPC server started. Bound to: 127.13.208.126:39773
I0917 09:19:48.870193 14145 webserver.cc:374] Webserver started at http://127.13.208.126:35363/ using document root and password file
I0917 09:19:48.870498 14788 data_dirs.cc:939] Could only allocate 1 dirs of requested 3 for tablet 00000000000000000000000000000000. 1 dirs total, 0 dirs full, 0 dirs failed
I0917 09:19:48.871438 14788 tablet_bootstrap.cc:439] T 00000000000000000000000000000000 P caf14a87cced475aba5bd0ed05a0d6e7: Bootstrap starting.
I0917 09:19:48.871688 14788 tablet_bootstrap.cc:590] T 00000000000000000000000000000000 P caf14a87cced475aba5bd0ed05a0d6e7: No blocks or log segments found. Creating new log.
I0917 09:19:48.872155 14788 tablet_bootstrap.cc:439] T 00000000000000000000000000000000 P caf14a87cced475aba5bd0ed05a0d6e7: No bootstrap required, opened a new log
I0917 09:19:48.872299 14788 raft_consensus.cc:340] T 00000000000000000000000000000000 P caf14a87cced475aba5bd0ed05a0d6e7 [term 0 FOLLOWER]: Replica starting. Triggering 0 pending transactions. Active config: opid_index: -1 OBSOLETE_local: true peers { permanent_uuid: "caf14a87cced475aba5bd0ed05a0d6e7" member_type: VOTER }
I0917 09:19:48.872318 14788 raft_consensus.cc:366] T 00000000000000000000000000000000 P caf14a87cced475aba5bd0ed05a0d6e7 [term 0 FOLLOWER]: Consensus starting up: Expiring failure detector timer to make a prompt election more likely
I0917 09:19:48.872324 14788 raft_consensus.cc:705] T 00000000000000000000000000000000 P caf14a87cced475aba5bd0ed05a0d6e7 [term 0 FOLLOWER]: Becoming Follower/Learner. State: Replica: caf14a87cced475aba5bd0ed05a0d6e7, State: Initialized, Role: FOLLOWER
I0917 09:19:48.872365 14788 consensus_queue.cc:229] T 00000000000000000000000000000000 P caf14a87cced475aba5bd0ed05a0d6e7 [NON_LEADER]: Queue going to NON_LEADER mode. State: All replicated index: 0, Majority replicated index: 0, Committed index: 0, Last appended: 0.0, Last appended by leader: 0, Current term: 0, Majority size: -1, State: 0, Mode: NON_LEADER, active raft config: opid_index: -1 OBSOLETE_local: true peers { permanent_uuid: "caf14a87cced475aba5bd0ed05a0d6e7" member_type: VOTER }
I0917 09:19:48.872373 14788 raft_consensus.cc:380] T 00000000000000000000000000000000 P caf14a87cced475aba5bd0ed05a0d6e7 [term 0 FOLLOWER]: Only one voter in the Raft config. Triggering election immediately
I0917 09:19:48.872380 14788 raft_consensus.cc:472] T 00000000000000000000000000000000 P caf14a87cced475aba5bd0ed05a0d6e7 [term 0 FOLLOWER]: Starting leader election (initial election of a single-replica configuration)
I0917 09:19:48.872387 14788 raft_consensus.cc:2890] T 00000000000000000000000000000000 P caf14a87cced475aba5bd0ed05a0d6e7 [term 0 FOLLOWER]: Advancing to term 1
I0917 09:19:48.872964 14788 raft_consensus.cc:494] T 00000000000000000000000000000000 P caf14a87cced475aba5bd0ed05a0d6e7 [term 1 FOLLOWER]: Starting leader election with config: opid_index: -1 OBSOLETE_local: true peers { permanent_uuid: "caf14a87cced475aba5bd0ed05a0d6e7" member_type: VOTER }
I0917 09:19:48.872995 14788 leader_election.cc:310] T 00000000000000000000000000000000 P caf14a87cced475aba5bd0ed05a0d6e7 [CANDIDATE]: Term 1 election: Election decided. Result: candidate won. Election summary: received 1 responses out of 1 voters: 1 yes votes; 0 no votes. yes voters: caf14a87cced475aba5bd0ed05a0d6e7; no voters:
I0917 09:19:48.873081 14788 leader_election.cc:296] T 00000000000000000000000000000000 P caf14a87cced475aba5bd0ed05a0d6e7 [CANDIDATE]: Term 1 election: Requested vote from peers
I0917 09:19:48.873160 14790 raft_consensus.cc:2644] T 00000000000000000000000000000000 P caf14a87cced475aba5bd0ed05a0d6e7 [term 1 FOLLOWER]: Leader election won for term 1
I0917 09:19:48.873260 14790 raft_consensus.cc:667] T 00000000000000000000000000000000 P caf14a87cced475aba5bd0ed05a0d6e7 [term 1 LEADER]: Becoming Leader. State: Replica: caf14a87cced475aba5bd0ed05a0d6e7, State: Running, Role: LEADER
I0917 09:19:48.873317 14790 consensus_queue.cc:206] T 00000000000000000000000000000000 P caf14a87cced475aba5bd0ed05a0d6e7 [LEADER]: Queue going to LEADER mode. State: All replicated index: 0, Majority replicated index: 0, Committed index: 0, Last appended: 0.0, Last appended by leader: 0, Current term: 1, Majority size: 1, State: 0, Mode: LEADER, active raft config: opid_index: -1 OBSOLETE_local: true peers { permanent_uuid: "caf14a87cced475aba5bd0ed05a0d6e7" member_type: VOTER }
I0917 09:19:48.873445 14790 sys_catalog.cc:340] T 00000000000000000000000000000000 P caf14a87cced475aba5bd0ed05a0d6e7 [sys.catalog]: SysCatalogTable state changed. Reason: RaftConsensus started. Latest consensus state: current_term: 1 leader_uuid: "caf14a87cced475aba5bd0ed05a0d6e7" committed_config { opid_index: -1 OBSOLETE_local: true peers { permanent_uuid: "caf14a87cced475aba5bd0ed05a0d6e7" member_type: VOTER } }
I0917 09:19:48.873458 14790 sys_catalog.cc:343] T 00000000000000000000000000000000 P caf14a87cced475aba5bd0ed05a0d6e7 [sys.catalog]: This master's current role is: LEADER
I0917 09:19:48.873515 14788 sys_catalog.cc:340] T 00000000000000000000000000000000 P caf14a87cced475aba5bd0ed05a0d6e7 [sys.catalog]: SysCatalogTable state changed. Reason: Started TabletReplica. Latest consensus state: current_term: 1 leader_uuid: "caf14a87cced475aba5bd0ed05a0d6e7" committed_config { opid_index: -1 OBSOLETE_local: true peers { permanent_uuid: "caf14a87cced475aba5bd0ed05a0d6e7" member_type: VOTER } }
I0917 09:19:48.873548 14788 sys_catalog.cc:343] T 00000000000000000000000000000000 P caf14a87cced475aba5bd0ed05a0d6e7 [sys.catalog]: This master's current role is: LEADER
I0917 09:19:48.873623 14788 sys_catalog.cc:428] T 00000000000000000000000000000000 P caf14a87cced475aba5bd0ed05a0d6e7 [sys.catalog]: configured and running, proceeding with master startup.
I0917 09:19:48.873708 14790 sys_catalog.cc:340] T 00000000000000000000000000000000 P caf14a87cced475aba5bd0ed05a0d6e7 [sys.catalog]: SysCatalogTable state changed. Reason: New leader caf14a87cced475aba5bd0ed05a0d6e7. Latest consensus state: current_term: 1 leader_uuid: "caf14a87cced475aba5bd0ed05a0d6e7" committed_config { opid_index: -1 OBSOLETE_local: true peers { permanent_uuid: "caf14a87cced475aba5bd0ed05a0d6e7" member_type: VOTER } }
I0917 09:19:48.873721 14790 sys_catalog.cc:343] T 00000000000000000000000000000000 P caf14a87cced475aba5bd0ed05a0d6e7 [sys.catalog]: This master's current role is: LEADER
I0917 09:19:48.873842 14794 catalog_manager.cc:1086] Loading table and tablet metadata into memory...
I0917 09:19:48.873911 14145 internal_mini_cluster.cc:166] Waiting to initialize catalog manager on master 0
I0917 09:19:48.874037 14794 catalog_manager.cc:1097] Initializing Kudu internal certificate authority...
I0917 09:19:48.888208 14794 catalog_manager.cc:981] Generated new certificate authority record
I0917 09:19:48.888715 14794 catalog_manager.cc:1106] Loading token signing keys...
I0917 09:19:48.896029 14794 catalog_manager.cc:4435] T 00000000000000000000000000000000 P caf14a87cced475aba5bd0ed05a0d6e7: Generated new TSK 0
I0917 09:19:48.906677 14145 system_ntp.cc:193] NTP initialized. Skew: 500ppm Current error: 26804us
I0917 09:19:48.906750 14145 fs_manager.cc:263] Metadata directory not provided
I0917 09:19:48.906770 14145 fs_manager.cc:269] Using write-ahead log directory (fs_wal_dir) as metadata directory
I0917 09:19:48.906798 14145 server_base.cc:452] Could not load existing FS layout: Not found: could not find a healthy instance file
I0917 09:19:48.906803 14145 server_base.cc:453] Attempting to create new FS layout instead
I0917 09:19:48.907061 14145 fs_manager.cc:602] Generated new instance metadata in path /tmp/dist-test-taskLDE0O4/test-tmp/ts_tablet_manager-itest.0.TsTabletManagerITest.TestDeduplicateMasterAddrsForHeartbeaters.1568711978778636-14145/minicluster-data/ts-0-root/instance: uuid: "daa861c299924377baebdf267393ab99" format_stamp: "Formatted at 2019-09-17 09:19:48 on dist-test-slave-dist-test-slave-w6nz"
I0917 09:19:48.908344 14145 fs_manager.cc:503] Time spent creating directory manager: real 0.001s user 0.000s sys 0.001s
I0917 09:19:48.908591 14145 file_cache.cc:465] Constructed file cache lbm with capacity 419430
I0917 09:19:48.909307 14145 fs_manager.cc:419] Time spent opening block manager: real 0.000s user 0.000s sys 0.000s
I0917 09:19:48.909348 14145 fs_manager.cc:436] Opened local filesystem: /tmp/dist-test-taskLDE0O4/test-tmp/ts_tablet_manager-itest.0.TsTabletManagerITest.TestDeduplicateMasterAddrsForHeartbeaters.1568711978778636-14145/minicluster-data/ts-0-root uuid: "daa861c299924377baebdf267393ab99" format_stamp: "Formatted at 2019-09-17 09:19:48 on dist-test-slave-dist-test-slave-w6nz"
I0917 09:19:48.909366 14145 fs_report.cc:352] FS layout report -------------------- wal directory: /tmp/dist-test-taskLDE0O4/test-tmp/ts_tablet_manager-itest.0.TsTabletManagerITest.TestDeduplicateMasterAddrsForHeartbeaters.1568711978778636-14145/minicluster-data/ts-0-root metadata directory: /tmp/dist-test-taskLDE0O4/test-tmp/ts_tablet_manager-itest.0.TsTabletManagerITest.TestDeduplicateMasterAddrsForHeartbeaters.1568711978778636-14145/minicluster-data/ts-0-root 1 data directories: /tmp/dist-test-taskLDE0O4/test-tmp/ts_tablet_manager-itest.0.TsTabletManagerITest.TestDeduplicateMasterAddrsForHeartbeaters.1568711978778636-14145/minicluster-data/ts-0-root/data Total live blocks: 0 Total live bytes: 0 Total live bytes (after alignment): 0 Total number of LBM containers: 0 (0 full) Did not check for missing blocks Did not check for orphaned blocks Total full LBM containers with extra space: 0 (0 repaired) Total full LBM container extra space in bytes: 0 (0 repaired) Total incomplete LBM containers: 0 (0 repaired) Total LBM partial records: 0 (0 repaired)
I0917 09:19:48.939936 14145 ts_tablet_manager.cc:383] Loaded tablet metadata (0 total tablets, 0 live tablets)
I0917 09:19:48.939960 14145 ts_tablet_manager.cc:403] Registered 0 tablets
I0917 09:19:48.942270 14145 rpc_server.cc:205] RPC server started. Bound to: 127.13.208.65:43185
I0917 09:19:48.942510 14145 webserver.cc:374] Webserver started at http://127.13.208.65:33867/ using document root and password file
I0917 09:19:48.945976 14862 heartbeater.cc:322] Connected to a master server at 127.13.208.126:39773
I0917 09:19:48.946018 14862 heartbeater.cc:406] Registering TS with master...
I0917 09:19:48.946069 14862 heartbeater.cc:455] Master 127.13.208.126:39773 requested a full tablet report, sending...
I0917 09:19:48.946311 14755 ts_manager.cc:161] Registered new tserver with Master: daa861c299924377baebdf267393ab99 (127.13.208.65:43185)
I0917 09:19:48.946911 14755 master_service.cc:276] Signed X509 certificate for tserver {username='slave'} at 127.0.0.1:42524
I0917 09:19:48.947021 14145 internal_mini_cluster.cc:328] 1 TS(s) registered with all masters after 0.004381748s
I0917 09:19:48.951117 14145 tablet_server.cc:155] TabletServer shutting down...
I0917 09:19:48.954124 14145 ts_tablet_manager.cc:1159] Shutting down tablet manager...
I0917 09:19:48.965319 14145 tablet_server.cc:169] TabletServer shutdown complete.
I0917 09:19:48.965351 14145 tablet_server.cc:155] TabletServer shutting down...
I0917 09:19:48.965375 14145 tablet_server.cc:169] TabletServer shutdown complete.
I0917 09:19:48.966966 14145 tablet_server.cc:87] deduplicated master addresses: 127.13.208.126:39773
I0917 09:19:48.967012 14145 system_ntp.cc:193] NTP initialized. Skew: 500ppm Current error: 26804us
I0917 09:19:48.967063 14145 fs_manager.cc:263] Metadata directory not provided
I0917 09:19:48.967087 14145 fs_manager.cc:266] Using existing metadata directory in first data directory
I0917 09:19:48.967538 14145 fs_manager.cc:399] Time spent opening directory manager: real 0.000s user 0.000s sys 0.000s
I0917 09:19:48.967730 14145 file_cache.cc:465] Constructed file cache lbm with capacity 419430
I0917 09:19:48.968360 14145 fs_manager.cc:419] Time spent opening block manager: real 0.000s user 0.000s sys 0.000s
I0917 09:19:48.968421 14145 fs_manager.cc:436] Opened local filesystem: /tmp/dist-test-taskLDE0O4/test-tmp/ts_tablet_manager-itest.0.TsTabletManagerITest.TestDeduplicateMasterAddrsForHeartbeaters.1568711978778636-14145/minicluster-data/ts-0-root uuid: "daa861c299924377baebdf267393ab99" format_stamp: "Formatted at 2019-09-17 09:19:48 on dist-test-slave-dist-test-slave-w6nz"
I0917 09:19:48.968436 14145 fs_report.cc:352] FS layout report -------------------- wal directory: /tmp/dist-test-taskLDE0O4/test-tmp/ts_tablet_manager-itest.0.TsTabletManagerITest.TestDeduplicateMasterAddrsForHeartbeaters.1568711978778636-14145/minicluster-data/ts-0-root metadata directory: /tmp/dist-test-taskLDE0O4/test-tmp/ts_tablet_manager-itest.0.TsTabletManagerITest.TestDeduplicateMasterAddrsForHeartbeaters.1568711978778636-14145/minicluster-data/ts-0-root 1 data directories: /tmp/dist-test-taskLDE0O4/test-tmp/ts_tablet_manager-itest.0.TsTabletManagerITest.TestDeduplicateMasterAddrsForHeartbeaters.1568711978778636-14145/minicluster-data/ts-0-root/data Total live blocks: 0 Total live bytes: 0 Total live bytes (after alignment): 0 Total number of LBM containers: 0 (0 full) Did not check for missing blocks Did not check for orphaned blocks Total full LBM containers with extra space: 0 (0 repaired) Total full LBM container extra space in bytes: 0 (0 repaired) Total incomplete LBM containers: 0 (0 repaired) Total LBM partial records: 0 (0 repaired)
I0917 09:19:48.976040 14145 ts_tablet_manager.cc:383] Loaded tablet metadata (0 total tablets, 0 live tablets)
I0917 09:19:48.976061 14145 ts_tablet_manager.cc:403] Registered 0 tablets
I0917 09:19:48.978389 14145 rpc_server.cc:205] RPC server started. Bound to: 127.13.208.65:43185
I0917 09:19:48.978629 14145 webserver.cc:374] Webserver started at http://127.13.208.65:33867/ using document root and password file
I0917 09:19:48.979387 14145 tablet_server.cc:155] TabletServer shutting down...
I0917 09:19:48.983505 14936 heartbeater.cc:322] Connected to a master server at 127.13.208.126:39773
I0917 09:19:48.983568 14936 heartbeater.cc:406] Registering TS with master...
I0917 09:19:48.983634 14936 heartbeater.cc:455] Master 127.13.208.126:39773 requested a full tablet report, sending...
I0917 09:19:48.983949 14755 ts_manager.cc:161] Re-registered known tserver with Master: daa861c299924377baebdf267393ab99 (127.13.208.65:43185)
I0917 09:19:48.984427 14755 master_service.cc:276] Signed X509 certificate for tserver {username='slave'} at 127.0.0.1:42528
I0917 09:19:48.984944 14145 ts_tablet_manager.cc:1159] Shutting down tablet manager...
I0917 09:19:48.996150 14145 tablet_server.cc:169] TabletServer shutdown complete.
I0917 09:19:48.996187 14145 tablet_server.cc:155] TabletServer shutting down...
I0917 09:19:48.996210 14145 tablet_server.cc:169] TabletServer shutdown complete.
I0917 09:19:48.996863 14145 master.cc:247] Master@127.13.208.126:39773 shutting down...
I0917 09:19:49.000097 14145 raft_consensus.cc:2147] T 00000000000000000000000000000000 P caf14a87cced475aba5bd0ed05a0d6e7 [term 1 LEADER]: Raft consensus shutting down.
I0917 09:19:49.000133 14145 raft_consensus.cc:2174] T 00000000000000000000000000000000 P caf14a87cced475aba5bd0ed05a0d6e7 [term 1 FOLLOWER]: Raft consensus is shut down!
I0917 09:19:49.000190 14145 tablet_replica.cc:273] T 00000000000000000000000000000000 P caf14a87cced475aba5bd0ed05a0d6e7: stopping tablet replica
I0917 09:19:49.002028 14145 master.cc:258] Master@127.13.208.126:39773 shutdown complete. [ OK ] TsTabletManagerITest.TestDeduplicateMasterAddrsForHeartbeaters (146 ms) [ RUN ] TsTabletManagerITest.TestTableStats
I0917 09:19:49.004766 14145 internal_mini_cluster.cc:146] Creating distributed mini masters. Addrs: 127.13.208.126:33685,127.13.208.125:37503,127.13.208.124:39307
I0917 09:19:49.005621 14145 system_ntp.cc:193] NTP initialized. Skew: 500ppm Current error: 27304us
I0917 09:19:49.005672 14145 fs_manager.cc:263] Metadata directory not provided
I0917 09:19:49.005687 14145 fs_manager.cc:269] Using write-ahead log directory (fs_wal_dir) as metadata directory
I0917 09:19:49.005710 14145 server_base.cc:452] Could not load existing FS layout: Not found: could not find a healthy instance file
I0917 09:19:49.005719 14145 server_base.cc:453] Attempting to create new FS layout instead
I0917 09:19:49.005924 14145 fs_manager.cc:602] Generated new instance metadata in path /tmp/dist-test-taskLDE0O4/test-tmp/ts_tablet_manager-itest.0.TsTabletManagerITest.TestTableStats.1568711978778636-14145/minicluster-data/master-0-root/instance: uuid: "abfd3dc05c4a4566bb328f04255eb266" format_stamp: "Formatted at 2019-09-17 09:19:49 on dist-test-slave-dist-test-slave-w6nz"
I0917 09:19:49.006923 14145 fs_manager.cc:503] Time spent creating directory manager: real 0.001s user 0.001s sys 0.000s
I0917 09:19:49.007151 14145 file_cache.cc:465] Constructed file cache lbm with capacity 419430
I0917 09:19:49.007688 14145 fs_manager.cc:419] Time spent opening block manager: real 0.000s user 0.000s sys 0.000s
I0917 09:19:49.007720 14145 fs_manager.cc:436] Opened local filesystem: /tmp/dist-test-taskLDE0O4/test-tmp/ts_tablet_manager-itest.0.TsTabletManagerITest.TestTableStats.1568711978778636-14145/minicluster-data/master-0-root uuid: "abfd3dc05c4a4566bb328f04255eb266" format_stamp: "Formatted at 2019-09-17 09:19:49 on dist-test-slave-dist-test-slave-w6nz"
I0917 09:19:49.007740 14145 fs_report.cc:352] FS layout report -------------------- wal directory: /tmp/dist-test-taskLDE0O4/test-tmp/ts_tablet_manager-itest.0.TsTabletManagerITest.TestTableStats.1568711978778636-14145/minicluster-data/master-0-root metadata directory: /tmp/dist-test-taskLDE0O4/test-tmp/ts_tablet_manager-itest.0.TsTabletManagerITest.TestTableStats.1568711978778636-14145/minicluster-data/master-0-root 1 data directories: /tmp/dist-test-taskLDE0O4/test-tmp/ts_tablet_manager-itest.0.TsTabletManagerITest.TestTableStats.1568711978778636-14145/minicluster-data/master-0-root/data Total live blocks: 0 Total live bytes: 0 Total live bytes (after alignment): 0 Total number of LBM containers: 0 (0 full) Did not check for missing blocks Did not check for orphaned blocks Total full LBM containers with extra space: 0 (0 repaired) Total full LBM container extra space in bytes: 0 (0 repaired) Total incomplete LBM containers: 0 (0 repaired) Total LBM partial records: 0 (0 repaired)
I0917 09:19:49.042817 14145 rpc_server.cc:205] RPC server started. Bound to: 127.13.208.126:33685
I0917 09:19:49.043027 14145 webserver.cc:374] Webserver started at http://127.13.208.126:44757/ using document root and password file
I0917 09:19:49.043380 14997 data_dirs.cc:939] Could only allocate 1 dirs of requested 3 for tablet 00000000000000000000000000000000. 1 dirs total, 0 dirs full, 0 dirs failed
I0917 09:19:49.044049 14997 sys_catalog.cc:307] member_type: VOTER last_known_addr { host: "127.13.208.126" port: 33685 } has no permanent_uuid. Determining permanent_uuid...
I0917 09:19:49.044272 14145 system_ntp.cc:193] NTP initialized. Skew: 500ppm Current error: 27304us
I0917 09:19:49.044330 14145 fs_manager.cc:263] Metadata directory not provided
I0917 09:19:49.044359 14145 fs_manager.cc:269] Using write-ahead log directory (fs_wal_dir) as metadata directory
I0917 09:19:49.044394 14145 server_base.cc:452] Could not load existing FS layout: Not found: could not find a healthy instance file
I0917 09:19:49.044400 14145 server_base.cc:453] Attempting to create new FS layout instead
I0917 09:19:49.044600 14145 fs_manager.cc:602] Generated new instance metadata in path /tmp/dist-test-taskLDE0O4/test-tmp/ts_tablet_manager-itest.0.TsTabletManagerITest.TestTableStats.1568711978778636-14145/minicluster-data/master-1-root/instance: uuid: "82e2633778254c44a45393ac32540f27" format_stamp: "Formatted at 2019-09-17 09:19:49 on dist-test-slave-dist-test-slave-w6nz"
I0917 09:19:49.046161 14145 fs_manager.cc:503] Time spent creating directory manager: real 0.001s user 0.001s sys 0.000s
I0917 09:19:49.046407 14145 file_cache.cc:465] Constructed file cache lbm with capacity 419430
I0917 09:19:49.047034 14145 fs_manager.cc:419] Time spent opening block manager: real 0.000s user 0.000s sys 0.000s
I0917 09:19:49.047066 14145 fs_manager.cc:436] Opened local filesystem: /tmp/dist-test-taskLDE0O4/test-tmp/ts_tablet_manager-itest.0.TsTabletManagerITest.TestTableStats.1568711978778636-14145/minicluster-data/master-1-root uuid: "82e2633778254c44a45393ac32540f27" format_stamp: "Formatted at 2019-09-17 09:19:49 on dist-test-slave-dist-test-slave-w6nz"
I0917 09:19:49.047087 14145 fs_report.cc:352] FS layout report -------------------- wal directory: /tmp/dist-test-taskLDE0O4/test-tmp/ts_tablet_manager-itest.0.TsTabletManagerITest.TestTableStats.1568711978778636-14145/minicluster-data/master-1-root metadata directory: /tmp/dist-test-taskLDE0O4/test-tmp/ts_tablet_manager-itest.0.TsTabletManagerITest.TestTableStats.1568711978778636-14145/minicluster-data/master-1-root 1 data directories: /tmp/dist-test-taskLDE0O4/test-tmp/ts_tablet_manager-itest.0.TsTabletManagerITest.TestTableStats.1568711978778636-14145/minicluster-data/master-1-root/data Total live blocks: 0 Total live bytes: 0 Total live bytes (after alignment): 0 Total number of LBM containers: 0 (0 full) Did not check for missing blocks Did not check for orphaned blocks Total full LBM containers with extra space: 0 (0 repaired) Total full LBM container extra space in bytes: 0 (0 repaired) Total incomplete LBM containers: 0 (0 repaired) Total LBM partial records: 0 (0 repaired)
I0917 09:19:49.048038 14997 sys_catalog.cc:307] member_type: VOTER last_known_addr { host: "127.13.208.125" port: 37503 } has no permanent_uuid. Determining permanent_uuid...
W0917 09:19:49.048298 14997 consensus_peers.cc:607] Error getting permanent uuid from config peer 127.13.208.125:37503: Network error: Client connection negotiation failed: client connection to 127.13.208.125:37503: connect: Connection refused (error 111)
I0917 09:19:49.076517 14997 consensus_peers.cc:617] Retrying to get permanent uuid for remote peer: member_type: VOTER last_known_addr { host: "127.13.208.125" port: 37503 } attempt: 1
W0917 09:19:49.077006 14997 consensus_peers.cc:607] Error getting permanent uuid from config peer 127.13.208.125:37503: Network error: Client connection negotiation failed: client connection to 127.13.208.125:37503: connect: Connection refused (error 111)
I0917 09:19:49.081262 14145 rpc_server.cc:205] RPC server started. Bound to: 127.13.208.125:37503
I0917 09:19:49.081475 14145 webserver.cc:374] Webserver started at http://127.13.208.125:42235/ using document root and password file
I0917 09:19:49.081719 15054 data_dirs.cc:939] Could only allocate 1 dirs of requested 3 for tablet 00000000000000000000000000000000. 1 dirs total, 0 dirs full, 0 dirs failed
I0917 09:19:49.082406 15054 sys_catalog.cc:307] member_type: VOTER last_known_addr { host: "127.13.208.126" port: 33685 } has no permanent_uuid. Determining permanent_uuid...
I0917 09:19:49.082769 14145 system_ntp.cc:193] NTP initialized. Skew: 500ppm Current error: 27304us
I0917 09:19:49.082828 14145 fs_manager.cc:263] Metadata directory not provided
