[==========] Running 6 tests from 2 test cases. [----------] Global test environment set-up. [----------] 4 tests from TsTabletManagerITest [ RUN ] TsTabletManagerITest.TestReportNewLeaderOnLeaderChange WARNING: Logging before InitGoogleLogging() is written to STDERR
I0917 09:19:38.789041 14145 internal_mini_cluster.cc:146] Creating distributed mini masters. Addrs: 127.13.208.126:42631
I0917 09:19:38.790531 14145 system_ntp.cc:193] NTP initialized. Skew: 500ppm Current error: 21804us
I0917 09:19:38.790652 14145 fs_manager.cc:263] Metadata directory not provided
I0917 09:19:38.790684 14145 fs_manager.cc:269] Using write-ahead log directory (fs_wal_dir) as metadata directory
I0917 09:19:38.790750 14145 server_base.cc:452] Could not load existing FS layout: Not found: could not find a healthy instance file
I0917 09:19:38.790771 14145 server_base.cc:453] Attempting to create new FS layout instead
I0917 09:19:38.791817 14145 fs_manager.cc:602] Generated new instance metadata in path /tmp/dist-test-taskLDE0O4/test-tmp/ts_tablet_manager-itest.0.TsTabletManagerITest.TestReportNewLeaderOnLeaderChange.1568711978778636-14145/minicluster-data/master-0-root/instance: uuid: "5bbc635a9c7e42e9af0179b15b50ec45" format_stamp: "Formatted at 2019-09-17 09:19:38 on dist-test-slave-dist-test-slave-w6nz"
I0917 09:19:38.793234 14145 fs_manager.cc:503] Time spent creating directory manager: real 0.001s user 0.000s sys 0.003s
I0917 09:19:38.793524 14145 env_posix.cc:1676] Not raising this process' open files per process limit of 1048576; it is already as high as it can go
I0917 09:19:38.793634 14145 file_cache.cc:465] Constructed file cache lbm with capacity 419430
I0917 09:19:38.794236 14145 fs_manager.cc:419] Time spent opening block manager: real 0.000s user 0.000s sys 0.000s
I0917 09:19:38.794284 14145 fs_manager.cc:436] Opened local filesystem: /tmp/dist-test-taskLDE0O4/test-tmp/ts_tablet_manager-itest.0.TsTabletManagerITest.TestReportNewLeaderOnLeaderChange.1568711978778636-14145/minicluster-data/master-0-root uuid: "5bbc635a9c7e42e9af0179b15b50ec45" format_stamp: "Formatted at 2019-09-17 09:19:38 on dist-test-slave-dist-test-slave-w6nz"
I0917 09:19:38.794332 14145 fs_report.cc:352] FS layout report -------------------- wal directory: /tmp/dist-test-taskLDE0O4/test-tmp/ts_tablet_manager-itest.0.TsTabletManagerITest.TestReportNewLeaderOnLeaderChange.1568711978778636-14145/minicluster-data/master-0-root metadata directory: /tmp/dist-test-taskLDE0O4/test-tmp/ts_tablet_manager-itest.0.TsTabletManagerITest.TestReportNewLeaderOnLeaderChange.1568711978778636-14145/minicluster-data/master-0-root 1 data directories: /tmp/dist-test-taskLDE0O4/test-tmp/ts_tablet_manager-itest.0.TsTabletManagerITest.TestReportNewLeaderOnLeaderChange.1568711978778636-14145/minicluster-data/master-0-root/data Total live blocks: 0 Total live bytes: 0 Total live bytes (after alignment): 0 Total number of LBM containers: 0 (0 full) Did not check for missing blocks Did not check for orphaned blocks Total full LBM containers with extra space: 0 (0 repaired) Total full LBM container extra space in bytes: 0 (0 repaired) Total incomplete LBM containers: 0 (0 repaired) Total LBM partial records: 0 (0 repaired)
I0917 09:19:38.819397 14145 env_posix.cc:1676] Not raising this process' running threads per effective uid limit of 18446744073709551615; it is already as high as it can go
I0917 09:19:38.822939 14145 rpc_server.cc:205] RPC server started. Bound to: 127.13.208.126:42631
I0917 09:19:38.823223 14145 webserver.cc:374] Webserver started at http://127.13.208.126:41047/ using document root and password file
I0917 09:19:38.823652 14208 data_dirs.cc:939] Could only allocate 1 dirs of requested 3 for tablet 00000000000000000000000000000000. 1 dirs total, 0 dirs full, 0 dirs failed
I0917 09:19:38.826896 14208 tablet_bootstrap.cc:439] T 00000000000000000000000000000000 P 5bbc635a9c7e42e9af0179b15b50ec45: Bootstrap starting.
I0917 09:19:38.827435 14208 tablet_bootstrap.cc:590] T 00000000000000000000000000000000 P 5bbc635a9c7e42e9af0179b15b50ec45: No blocks or log segments found. Creating new log.
I0917 09:19:38.827837 14208 log.cc:525] T 00000000000000000000000000000000 P 5bbc635a9c7e42e9af0179b15b50ec45: Log is configured to *not* fsync() on all Append() calls
I0917 09:19:38.828305 14208 tablet_bootstrap.cc:439] T 00000000000000000000000000000000 P 5bbc635a9c7e42e9af0179b15b50ec45: No bootstrap required, opened a new log
I0917 09:19:38.830222 14208 raft_consensus.cc:340] T 00000000000000000000000000000000 P 5bbc635a9c7e42e9af0179b15b50ec45 [term 0 FOLLOWER]: Replica starting. Triggering 0 pending transactions. Active config: opid_index: -1 OBSOLETE_local: true peers { permanent_uuid: "5bbc635a9c7e42e9af0179b15b50ec45" member_type: VOTER }
I0917 09:19:38.830262 14208 raft_consensus.cc:366] T 00000000000000000000000000000000 P 5bbc635a9c7e42e9af0179b15b50ec45 [term 0 FOLLOWER]: Consensus starting up: Expiring failure detector timer to make a prompt election more likely
I0917 09:19:38.830273 14208 raft_consensus.cc:705] T 00000000000000000000000000000000 P 5bbc635a9c7e42e9af0179b15b50ec45 [term 0 FOLLOWER]: Becoming Follower/Learner. State: Replica: 5bbc635a9c7e42e9af0179b15b50ec45, State: Initialized, Role: FOLLOWER
I0917 09:19:38.830456 14208 consensus_queue.cc:229] T 00000000000000000000000000000000 P 5bbc635a9c7e42e9af0179b15b50ec45 [NON_LEADER]: Queue going to NON_LEADER mode. State: All replicated index: 0, Majority replicated index: 0, Committed index: 0, Last appended: 0.0, Last appended by leader: 0, Current term: 0, Majority size: -1, State: 0, Mode: NON_LEADER, active raft config: opid_index: -1 OBSOLETE_local: true peers { permanent_uuid: "5bbc635a9c7e42e9af0179b15b50ec45" member_type: VOTER }
I0917 09:19:38.830479 14208 raft_consensus.cc:380] T 00000000000000000000000000000000 P 5bbc635a9c7e42e9af0179b15b50ec45 [term 0 FOLLOWER]: Only one voter in the Raft config. Triggering election immediately
I0917 09:19:38.830490 14208 raft_consensus.cc:472] T 00000000000000000000000000000000 P 5bbc635a9c7e42e9af0179b15b50ec45 [term 0 FOLLOWER]: Starting leader election (initial election of a single-replica configuration)
I0917 09:19:38.830505 14208 raft_consensus.cc:2890] T 00000000000000000000000000000000 P 5bbc635a9c7e42e9af0179b15b50ec45 [term 0 FOLLOWER]: Advancing to term 1
I0917 09:19:38.831059 14208 raft_consensus.cc:494] T 00000000000000000000000000000000 P 5bbc635a9c7e42e9af0179b15b50ec45 [term 1 FOLLOWER]: Starting leader election with config: opid_index: -1 OBSOLETE_local: true peers { permanent_uuid: "5bbc635a9c7e42e9af0179b15b50ec45" member_type: VOTER }
I0917 09:19:38.831135 14208 leader_election.cc:310] T 00000000000000000000000000000000 P 5bbc635a9c7e42e9af0179b15b50ec45 [CANDIDATE]: Term 1 election: Election decided. Result: candidate won. Election summary: received 1 responses out of 1 voters: 1 yes votes; 0 no votes. yes voters: 5bbc635a9c7e42e9af0179b15b50ec45; no voters:
I0917 09:19:38.831251 14208 leader_election.cc:296] T 00000000000000000000000000000000 P 5bbc635a9c7e42e9af0179b15b50ec45 [CANDIDATE]: Term 1 election: Requested vote from peers
I0917 09:19:38.831365 14208 sys_catalog.cc:340] T 00000000000000000000000000000000 P 5bbc635a9c7e42e9af0179b15b50ec45 [sys.catalog]: SysCatalogTable state changed. Reason: Started TabletReplica. Latest consensus state: current_term: 1 committed_config { opid_index: -1 OBSOLETE_local: true peers { permanent_uuid: "5bbc635a9c7e42e9af0179b15b50ec45" member_type: VOTER } }
I0917 09:19:38.831384 14208 sys_catalog.cc:343] T 00000000000000000000000000000000 P 5bbc635a9c7e42e9af0179b15b50ec45 [sys.catalog]: This master's current role is: FOLLOWER
I0917 09:19:38.831490 14208 sys_catalog.cc:428] T 00000000000000000000000000000000 P 5bbc635a9c7e42e9af0179b15b50ec45 [sys.catalog]: configured and running, proceeding with master startup.
I0917 09:19:38.831610 14210 raft_consensus.cc:2644] T 00000000000000000000000000000000 P 5bbc635a9c7e42e9af0179b15b50ec45 [term 1 FOLLOWER]: Leader election won for term 1
I0917 09:19:38.831614 14145 internal_mini_cluster.cc:166] Waiting to initialize catalog manager on master 0
I0917 09:19:38.831678 14210 raft_consensus.cc:667] T 00000000000000000000000000000000 P 5bbc635a9c7e42e9af0179b15b50ec45 [term 1 LEADER]: Becoming Leader. State: Replica: 5bbc635a9c7e42e9af0179b15b50ec45, State: Running, Role: LEADER
I0917 09:19:38.831743 14210 consensus_queue.cc:206] T 00000000000000000000000000000000 P 5bbc635a9c7e42e9af0179b15b50ec45 [LEADER]: Queue going to LEADER mode. State: All replicated index: 0, Majority replicated index: 0, Committed index: 0, Last appended: 0.0, Last appended by leader: 0, Current term: 1, Majority size: 1, State: 0, Mode: LEADER, active raft config: opid_index: -1 OBSOLETE_local: true peers { permanent_uuid: "5bbc635a9c7e42e9af0179b15b50ec45" member_type: VOTER }
I0917 09:19:38.831981 14210 sys_catalog.cc:340] T 00000000000000000000000000000000 P 5bbc635a9c7e42e9af0179b15b50ec45 [sys.catalog]: SysCatalogTable state changed. Reason: RaftConsensus started. Latest consensus state: current_term: 1 leader_uuid: "5bbc635a9c7e42e9af0179b15b50ec45" committed_config { opid_index: -1 OBSOLETE_local: true peers { permanent_uuid: "5bbc635a9c7e42e9af0179b15b50ec45" member_type: VOTER } }
I0917 09:19:38.832000 14210 sys_catalog.cc:343] T 00000000000000000000000000000000 P 5bbc635a9c7e42e9af0179b15b50ec45 [sys.catalog]: This master's current role is: LEADER
I0917 09:19:38.832063 14210 sys_catalog.cc:340] T 00000000000000000000000000000000 P 5bbc635a9c7e42e9af0179b15b50ec45 [sys.catalog]: SysCatalogTable state changed. Reason: New leader 5bbc635a9c7e42e9af0179b15b50ec45. Latest consensus state: current_term: 1 leader_uuid: "5bbc635a9c7e42e9af0179b15b50ec45" committed_config { opid_index: -1 OBSOLETE_local: true peers { permanent_uuid: "5bbc635a9c7e42e9af0179b15b50ec45" member_type: VOTER } }
I0917 09:19:38.832077 14210 sys_catalog.cc:343] T 00000000000000000000000000000000 P 5bbc635a9c7e42e9af0179b15b50ec45 [sys.catalog]: This master's current role is: LEADER
W0917 09:19:38.832432 14212 catalog_manager.cc:1144] T 00000000000000000000000000000000 P 5bbc635a9c7e42e9af0179b15b50ec45: acquiring CA information for follower catalog manager: Not found: root CA entry not found
W0917 09:19:38.832448 14212 catalog_manager.cc:627] Not found: root CA entry not found: failed to prepare follower catalog manager, will retry
I0917 09:19:38.833019 14215 catalog_manager.cc:1086] Loading table and tablet metadata into memory...
I0917 09:19:38.833185 14215 catalog_manager.cc:1097] Initializing Kudu internal certificate authority...
I0917 09:19:38.885295 14215 catalog_manager.cc:981] Generated new certificate authority record
I0917 09:19:38.885926 14215 catalog_manager.cc:1106] Loading token signing keys...
I0917 09:19:38.895246 14215 catalog_manager.cc:4435] T 00000000000000000000000000000000 P 5bbc635a9c7e42e9af0179b15b50ec45: Generated new TSK 0
I0917 09:19:38.896971 14145 system_ntp.cc:193] NTP initialized. Skew: 500ppm Current error: 21804us
I0917 09:19:38.897043 14145 fs_manager.cc:263] Metadata directory not provided
I0917 09:19:38.897069 14145 fs_manager.cc:269] Using write-ahead log directory (fs_wal_dir) as metadata directory
I0917 09:19:38.897109 14145 server_base.cc:452] Could not load existing FS layout: Not found: could not find a healthy instance file
I0917 09:19:38.897120 14145 server_base.cc:453] Attempting to create new FS layout instead
I0917 09:19:38.897369 14145 fs_manager.cc:602] Generated new instance metadata in path /tmp/dist-test-taskLDE0O4/test-tmp/ts_tablet_manager-itest.0.TsTabletManagerITest.TestReportNewLeaderOnLeaderChange.1568711978778636-14145/minicluster-data/ts-0-root/instance: uuid: "3b4eceaa1f8246de8fd9a3309a08848b" format_stamp: "Formatted at 2019-09-17 09:19:38 on dist-test-slave-dist-test-slave-w6nz"
I0917 09:19:38.898478 14145 fs_manager.cc:503] Time spent creating directory manager: real 0.001s user 0.001s sys 0.000s
I0917 09:19:38.898712 14145 file_cache.cc:465] Constructed file cache lbm with capacity 419430
I0917 09:19:38.899394 14145 fs_manager.cc:419] Time spent opening block manager: real 0.000s user 0.000s sys 0.000s
I0917 09:19:38.899430 14145 fs_manager.cc:436] Opened local filesystem: /tmp/dist-test-taskLDE0O4/test-tmp/ts_tablet_manager-itest.0.TsTabletManagerITest.TestReportNewLeaderOnLeaderChange.1568711978778636-14145/minicluster-data/ts-0-root uuid: "3b4eceaa1f8246de8fd9a3309a08848b" format_stamp: "Formatted at 2019-09-17 09:19:38 on dist-test-slave-dist-test-slave-w6nz"
I0917 09:19:38.899449 14145 fs_report.cc:352] FS layout report -------------------- wal directory: /tmp/dist-test-taskLDE0O4/test-tmp/ts_tablet_manager-itest.0.TsTabletManagerITest.TestReportNewLeaderOnLeaderChange.1568711978778636-14145/minicluster-data/ts-0-root metadata directory: /tmp/dist-test-taskLDE0O4/test-tmp/ts_tablet_manager-itest.0.TsTabletManagerITest.TestReportNewLeaderOnLeaderChange.1568711978778636-14145/minicluster-data/ts-0-root 1 data directories: /tmp/dist-test-taskLDE0O4/test-tmp/ts_tablet_manager-itest.0.TsTabletManagerITest.TestReportNewLeaderOnLeaderChange.1568711978778636-14145/minicluster-data/ts-0-root/data Total live blocks: 0 Total live bytes: 0 Total live bytes (after alignment): 0 Total number of LBM containers: 0 (0 full) Did not check for missing blocks Did not check for orphaned blocks Total full LBM containers with extra space: 0 (0 repaired) Total full LBM container extra space in bytes: 0 (0 repaired) Total incomplete LBM containers: 0 (0 repaired) Total LBM partial records: 0 (0 repaired)
I0917 09:19:38.906045 14145 ts_tablet_manager.cc:383] Loaded tablet metadata (0 total tablets, 0 live tablets)
I0917 09:19:38.906080 14145 ts_tablet_manager.cc:403] Registered 0 tablets
I0917 09:19:38.909394 14145 rpc_server.cc:205] RPC server started. Bound to: 127.13.208.65:35707
I0917 09:19:38.909595 14145 webserver.cc:374] Webserver started at http://127.13.208.65:42941/ using document root and password file
I0917 09:19:38.910885 14145 system_ntp.cc:193] NTP initialized. Skew: 500ppm Current error: 21804us
I0917 09:19:38.910949 14145 fs_manager.cc:263] Metadata directory not provided
I0917 09:19:38.910989 14145 fs_manager.cc:269] Using write-ahead log directory (fs_wal_dir) as metadata directory
I0917 09:19:38.911029 14145 server_base.cc:452] Could not load existing FS layout: Not found: could not find a healthy instance file
I0917 09:19:38.911039 14145 server_base.cc:453] Attempting to create new FS layout instead
I0917 09:19:38.911265 14145 fs_manager.cc:602] Generated new instance metadata in path /tmp/dist-test-taskLDE0O4/test-tmp/ts_tablet_manager-itest.0.TsTabletManagerITest.TestReportNewLeaderOnLeaderChange.1568711978778636-14145/minicluster-data/ts-1-root/instance: uuid: "7e80b3cd6d95403f8499e84cc013b527" format_stamp: "Formatted at 2019-09-17 09:19:38 on dist-test-slave-dist-test-slave-w6nz"
I0917 09:19:38.913444 14145 fs_manager.cc:503] Time spent creating directory manager: real 0.002s user 0.000s sys 0.001s
I0917 09:19:38.913794 14145 file_cache.cc:465] Constructed file cache lbm with capacity 419430
I0917 09:19:38.914624 14145 fs_manager.cc:419] Time spent opening block manager: real 0.000s user 0.000s sys 0.000s
I0917 09:19:38.914670 14145 fs_manager.cc:436] Opened local filesystem: /tmp/dist-test-taskLDE0O4/test-tmp/ts_tablet_manager-itest.0.TsTabletManagerITest.TestReportNewLeaderOnLeaderChange.1568711978778636-14145/minicluster-data/ts-1-root uuid: "7e80b3cd6d95403f8499e84cc013b527" format_stamp: "Formatted at 2019-09-17 09:19:38 on dist-test-slave-dist-test-slave-w6nz"
I0917 09:19:38.914690 14145 fs_report.cc:352] FS layout report -------------------- wal directory: /tmp/dist-test-taskLDE0O4/test-tmp/ts_tablet_manager-itest.0.TsTabletManagerITest.TestReportNewLeaderOnLeaderChange.1568711978778636-14145/minicluster-data/ts-1-root metadata directory: /tmp/dist-test-taskLDE0O4/test-tmp/ts_tablet_manager-itest.0.TsTabletManagerITest.TestReportNewLeaderOnLeaderChange.1568711978778636-14145/minicluster-data/ts-1-root 1 data directories: /tmp/dist-test-taskLDE0O4/test-tmp/ts_tablet_manager-itest.0.TsTabletManagerITest.TestReportNewLeaderOnLeaderChange.1568711978778636-14145/minicluster-data/ts-1-root/data Total live blocks: 0 Total live bytes: 0 Total live bytes (after alignment): 0 Total number of LBM containers: 0 (0 full) Did not check for missing blocks Did not check for orphaned blocks Total full LBM containers with extra space: 0 (0 repaired) Total full LBM container extra space in bytes: 0 (0 repaired) Total incomplete LBM containers: 0 (0 repaired) Total LBM partial records: 0 (0 repaired)
I0917 09:19:38.922106 14283 heartbeater.cc:322] Connected to a master server at 127.13.208.126:42631
I0917 09:19:38.922174 14283 heartbeater.cc:406] Registering TS with master...
I0917 09:19:38.922283 14283 heartbeater.cc:455] Master 127.13.208.126:42631 requested a full tablet report, sending...
I0917 09:19:38.922693 14171 ts_manager.cc:161] Registered new tserver with Master: 3b4eceaa1f8246de8fd9a3309a08848b (127.13.208.65:35707)
I0917 09:19:38.923763 14171 master_service.cc:276] Signed X509 certificate for tserver {username='slave'} at 127.0.0.1:54298
I0917 09:19:38.949569 14145 ts_tablet_manager.cc:383] Loaded tablet metadata (0 total tablets, 0 live tablets)
I0917 09:19:38.949595 14145 ts_tablet_manager.cc:403] Registered 0 tablets
I0917 09:19:38.952322 14145 rpc_server.cc:205] RPC server started. Bound to: 127.13.208.66:40627
I0917 09:19:38.952569 14145 webserver.cc:374] Webserver started at http://127.13.208.66:44881/ using document root and password file
I0917 09:19:38.955757 14351 heartbeater.cc:322] Connected to a master server at 127.13.208.126:42631
I0917 09:19:38.955796 14351 heartbeater.cc:406] Registering TS with master...
I0917 09:19:38.955847 14351 heartbeater.cc:455] Master 127.13.208.126:42631 requested a full tablet report, sending...
I0917 09:19:38.956044 14171 ts_manager.cc:161] Registered new tserver with Master: 7e80b3cd6d95403f8499e84cc013b527 (127.13.208.66:40627)
I0917 09:19:38.956465 14171 master_service.cc:276] Signed X509 certificate for tserver {username='slave'} at 127.0.0.1:54300
I0917 09:19:38.957085 14145 internal_mini_cluster.cc:328] 2 TS(s) registered with all masters after 0.00436355s
I0917 09:19:38.964166 14171 catalog_manager.cc:1440] Servicing CreateTable request from {username='slave'} at 127.0.0.1:54302: name: "test-table" schema { columns { name: "key" type: INT32 is_key: true is_nullable: false encoding: AUTO_ENCODING compression: DEFAULT_COMPRESSION cfile_block_size: 0 } } num_replicas: 2 split_rows_range_bounds { } partition_schema { range_schema { columns { name: "key" } } }
W0917 09:19:38.964344 14171 catalog_manager.cc:1605] The number of live tablet servers is not enough to re-replicate a tablet replica of the newly created table test-table in case of a server failure: 3 tablet servers would be needed, 2 are available. Consider bringing up more tablet servers.
I0917 09:19:38.969642 14250 tablet_service.cc:1022] Processing CreateTablet for tablet 252b39981f3b42368cd835c1f62536e5 (table=test-table [id=7f2aeb18ebca40418e6f98dadeef1617]), partition=RANGE (key) PARTITION UNBOUNDED
I0917 09:19:38.969784 14250 data_dirs.cc:939] Could only allocate 1 dirs of requested 3 for tablet 252b39981f3b42368cd835c1f62536e5. 1 dirs total, 0 dirs full, 0 dirs failed
I0917 09:19:38.970155 14318 tablet_service.cc:1022] Processing CreateTablet for tablet 252b39981f3b42368cd835c1f62536e5 (table=test-table [id=7f2aeb18ebca40418e6f98dadeef1617]), partition=RANGE (key) PARTITION UNBOUNDED
I0917 09:19:38.970244 14318 data_dirs.cc:939] Could only allocate 1 dirs of requested 3 for tablet 252b39981f3b42368cd835c1f62536e5. 1 dirs total, 0 dirs full, 0 dirs failed
I0917 09:19:38.971231 14364 tablet_bootstrap.cc:439] T 252b39981f3b42368cd835c1f62536e5 P 3b4eceaa1f8246de8fd9a3309a08848b: Bootstrap starting.
I0917 09:19:38.971295 14365 tablet_bootstrap.cc:439] T 252b39981f3b42368cd835c1f62536e5 P 7e80b3cd6d95403f8499e84cc013b527: Bootstrap starting.
I0917 09:19:38.971669 14364 tablet_bootstrap.cc:590] T 252b39981f3b42368cd835c1f62536e5 P 3b4eceaa1f8246de8fd9a3309a08848b: No blocks or log segments found. Creating new log.
I0917 09:19:38.971688 14365 tablet_bootstrap.cc:590] T 252b39981f3b42368cd835c1f62536e5 P 7e80b3cd6d95403f8499e84cc013b527: No blocks or log segments found. Creating new log.
I0917 09:19:38.972374 14365 tablet_bootstrap.cc:439] T 252b39981f3b42368cd835c1f62536e5 P 7e80b3cd6d95403f8499e84cc013b527: No bootstrap required, opened a new log
I0917 09:19:38.972383 14364 tablet_bootstrap.cc:439] T 252b39981f3b42368cd835c1f62536e5 P 3b4eceaa1f8246de8fd9a3309a08848b: No bootstrap required, opened a new log
I0917 09:19:38.972429 14364 ts_tablet_manager.cc:1085] T 252b39981f3b42368cd835c1f62536e5 P 3b4eceaa1f8246de8fd9a3309a08848b: Time spent bootstrapping tablet: real 0.001s user 0.001s sys 0.000s
I0917 09:19:38.972429 14365 ts_tablet_manager.cc:1085] T 252b39981f3b42368cd835c1f62536e5 P 7e80b3cd6d95403f8499e84cc013b527: Time spent bootstrapping tablet: real 0.001s user 0.001s sys 0.000s
I0917 09:19:38.972674 14365 raft_consensus.cc:340] T 252b39981f3b42368cd835c1f62536e5 P 7e80b3cd6d95403f8499e84cc013b527 [term 0 FOLLOWER]: Replica starting. Triggering 0 pending transactions. Active config: opid_index: -1 OBSOLETE_local: false peers { permanent_uuid: "7e80b3cd6d95403f8499e84cc013b527" member_type: VOTER last_known_addr { host: "127.13.208.66" port: 40627 } } peers { permanent_uuid: "3b4eceaa1f8246de8fd9a3309a08848b" member_type: VOTER last_known_addr { host: "127.13.208.65" port: 35707 } }
I0917 09:19:38.972674 14364 raft_consensus.cc:340] T 252b39981f3b42368cd835c1f62536e5 P 3b4eceaa1f8246de8fd9a3309a08848b [term 0 FOLLOWER]: Replica starting. Triggering 0 pending transactions. Active config: opid_index: -1 OBSOLETE_local: false peers { permanent_uuid: "7e80b3cd6d95403f8499e84cc013b527" member_type: VOTER last_known_addr { host: "127.13.208.66" port: 40627 } } peers { permanent_uuid: "3b4eceaa1f8246de8fd9a3309a08848b" member_type: VOTER last_known_addr { host: "127.13.208.65" port: 35707 } }
I0917 09:19:38.972702 14365 raft_consensus.cc:705] T 252b39981f3b42368cd835c1f62536e5 P 7e80b3cd6d95403f8499e84cc013b527 [term 0 FOLLOWER]: Becoming Follower/Learner. State: Replica: 7e80b3cd6d95403f8499e84cc013b527, State: Initialized, Role: FOLLOWER
I0917 09:19:38.972705 14364 raft_consensus.cc:705] T 252b39981f3b42368cd835c1f62536e5 P 3b4eceaa1f8246de8fd9a3309a08848b [term 0 FOLLOWER]: Becoming Follower/Learner. State: Replica: 3b4eceaa1f8246de8fd9a3309a08848b, State: Initialized, Role: FOLLOWER
I0917 09:19:38.972748 14364 consensus_queue.cc:229] T 252b39981f3b42368cd835c1f62536e5 P 3b4eceaa1f8246de8fd9a3309a08848b [NON_LEADER]: Queue going to NON_LEADER mode. State: All replicated index: 0, Majority replicated index: 0, Committed index: 0, Last appended: 0.0, Last appended by leader: 0, Current term: 0, Majority size: -1, State: 0, Mode: NON_LEADER, active raft config: opid_index: -1 OBSOLETE_local: false peers { permanent_uuid: "7e80b3cd6d95403f8499e84cc013b527" member_type: VOTER last_known_addr { host: "127.13.208.66" port: 40627 } } peers { permanent_uuid: "3b4eceaa1f8246de8fd9a3309a08848b" member_type: VOTER last_known_addr { host: "127.13.208.65" port: 35707 } }
I0917 09:19:38.972748 14365 consensus_queue.cc:229] T 252b39981f3b42368cd835c1f62536e5 P 7e80b3cd6d95403f8499e84cc013b527 [NON_LEADER]: Queue going to NON_LEADER mode. State: All replicated index: 0, Majority replicated index: 0, Committed index: 0, Last appended: 0.0, Last appended by leader: 0, Current term: 0, Majority size: -1, State: 0, Mode: NON_LEADER, active raft config: opid_index: -1 OBSOLETE_local: false peers { permanent_uuid: "7e80b3cd6d95403f8499e84cc013b527" member_type: VOTER last_known_addr { host: "127.13.208.66" port: 40627 } } peers { permanent_uuid: "3b4eceaa1f8246de8fd9a3309a08848b" member_type: VOTER last_known_addr { host: "127.13.208.65" port: 35707 } }
I0917 09:19:38.972976 14365 ts_tablet_manager.cc:1113] T 252b39981f3b42368cd835c1f62536e5 P 7e80b3cd6d95403f8499e84cc013b527: Time spent starting tablet: real 0.000s user 0.000s sys 0.000s
I0917 09:19:38.973001 14351 heartbeater.cc:447] Master 127.13.208.126:42631 was elected leader, sending a full tablet report...
I0917 09:19:38.972972 14283 heartbeater.cc:447] Master 127.13.208.126:42631 was elected leader, sending a full tablet report...
I0917 09:19:38.972977 14364 ts_tablet_manager.cc:1113] T 252b39981f3b42368cd835c1f62536e5 P 3b4eceaa1f8246de8fd9a3309a08848b: Time spent starting tablet: real 0.001s user 0.000s sys 0.000s
I0917 09:19:38.978420 14145 ts_tablet_manager-itest.cc:324] Electing peer 0...
I0917 09:19:38.978471 14145 raft_consensus.cc:405] T 252b39981f3b42368cd835c1f62536e5 P 3b4eceaa1f8246de8fd9a3309a08848b [term 0 FOLLOWER]: Emulating election...
I0917 09:19:38.978478 14145 raft_consensus.cc:2890] T 252b39981f3b42368cd835c1f62536e5 P 3b4eceaa1f8246de8fd9a3309a08848b [term 0 FOLLOWER]: Advancing to term 1
I0917 09:19:38.979133 14145 raft_consensus.cc:667] T 252b39981f3b42368cd835c1f62536e5 P 3b4eceaa1f8246de8fd9a3309a08848b [term 1 LEADER]: Becoming Leader. State: Replica: 3b4eceaa1f8246de8fd9a3309a08848b, State: Running, Role: LEADER
W0917 09:19:38.979213 14283 heartbeater.cc:571] Failed to heartbeat to 127.13.208.126:42631 (0 consecutive failures): IO error: failing all heartbeats for tests
I0917 09:19:38.979221 14145 consensus_queue.cc:206] T 252b39981f3b42368cd835c1f62536e5 P 3b4eceaa1f8246de8fd9a3309a08848b [LEADER]: Queue going to LEADER mode. State: All replicated index: 0, Majority replicated index: 0, Committed index: 0, Last appended: 0.0, Last appended by leader: 0, Current term: 1, Majority size: 2, State: 0, Mode: LEADER, active raft config: opid_index: -1 OBSOLETE_local: false peers { permanent_uuid: "7e80b3cd6d95403f8499e84cc013b527" member_type: VOTER last_known_addr { host: "127.13.208.66" port: 40627 } } peers { permanent_uuid: "3b4eceaa1f8246de8fd9a3309a08848b" member_type: VOTER last_known_addr { host: "127.13.208.65" port: 35707 } }
I0917 09:19:38.979455 14145 ts_tablet_manager-itest.cc:327] Waiting for servers to agree...
I0917 09:19:38.984571 14145 cluster_itest_util.cc:259] Not converged past 1 yet: 1.1 0.0
I0917 09:19:39.085592 14145 cluster_itest_util.cc:259] Not converged past 1 yet: 1.1 0.0
W0917 09:19:39.163465 14284 tablet.cc:1763] T 252b39981f3b42368cd835c1f62536e5 P 3b4eceaa1f8246de8fd9a3309a08848b: Can't schedule compaction. Clean time has not been advanced past its initial value.
I0917 09:19:39.286697 14145 cluster_itest_util.cc:259] Not converged past 1 yet: 1.1 0.0
I0917 09:19:39.441895 14328 raft_consensus.cc:2890] T 252b39981f3b42368cd835c1f62536e5 P 7e80b3cd6d95403f8499e84cc013b527 [term 0 FOLLOWER]: Advancing to term 1
I0917 09:19:39.442921 14368 consensus_queue.cc:984] T 252b39981f3b42368cd835c1f62536e5 P 3b4eceaa1f8246de8fd9a3309a08848b [LEADER]: Connected to new peer: Peer: permanent_uuid: "7e80b3cd6d95403f8499e84cc013b527" member_type: VOTER last_known_addr { host: "127.13.208.66" port: 40627 }, Status: LMP_MISMATCH, Last received: 0.0, Next index: 1, Last known committed idx: 0, Time since last communication: 0.000s
I0917 09:19:39.587937 14145 ts_tablet_manager-itest.cc:324] Electing peer 1...
I0917 09:19:39.587975 14145 raft_consensus.cc:405] T 252b39981f3b42368cd835c1f62536e5 P 7e80b3cd6d95403f8499e84cc013b527 [term 1 FOLLOWER]: Emulating election...
I0917 09:19:39.587981 14145 raft_consensus.cc:2890] T 252b39981f3b42368cd835c1f62536e5 P 7e80b3cd6d95403f8499e84cc013b527 [term 1 FOLLOWER]: Advancing to term 2
I0917 09:19:39.588702 14145 raft_consensus.cc:667] T 252b39981f3b42368cd835c1f62536e5 P 7e80b3cd6d95403f8499e84cc013b527 [term 2 LEADER]: Becoming Leader. State: Replica: 7e80b3cd6d95403f8499e84cc013b527, State: Running, Role: LEADER
I0917 09:19:39.588804 14145 consensus_queue.cc:206] T 252b39981f3b42368cd835c1f62536e5 P 7e80b3cd6d95403f8499e84cc013b527 [LEADER]: Queue going to LEADER mode. State: All replicated index: 0, Majority replicated index: 1, Committed index: 1, Last appended: 1.1, Last appended by leader: 1, Current term: 2, Majority size: 2, State: 0, Mode: LEADER, active raft config: opid_index: -1 OBSOLETE_local: false peers { permanent_uuid: "7e80b3cd6d95403f8499e84cc013b527" member_type: VOTER last_known_addr { host: "127.13.208.66" port: 40627 } } peers { permanent_uuid: "3b4eceaa1f8246de8fd9a3309a08848b" member_type: VOTER last_known_addr { host: "127.13.208.65" port: 35707 } }
I0917 09:19:39.589059 14145 ts_tablet_manager-itest.cc:327] Waiting for servers to agree...
I0917 09:19:39.589696 14145 cluster_itest_util.cc:259] Not converged past 2 yet: 1.1 2.2
I0917 09:19:39.690631 14145 cluster_itest_util.cc:259] Not converged past 2 yet: 1.1 2.2
I0917 09:19:39.845125 14328 raft_consensus.cc:1149] T 252b39981f3b42368cd835c1f62536e5 P 7e80b3cd6d95403f8499e84cc013b527 [term 2 LEADER]: Rejecting Update request from peer 3b4eceaa1f8246de8fd9a3309a08848b for earlier term 1. Current term is 2. Ops: []
I0917 09:19:39.845451 14374 consensus_queue.cc:995] T 252b39981f3b42368cd835c1f62536e5 P 3b4eceaa1f8246de8fd9a3309a08848b [LEADER]: Peer responded invalid term: Peer: permanent_uuid: "7e80b3cd6d95403f8499e84cc013b527" member_type: VOTER last_known_addr { host: "127.13.208.66" port: 40627 }, Status: INVALID_TERM, Last received: 1.1, Next index: 2, Last known committed idx: 1, Time since last communication: 0.000s
I0917 09:19:39.845494 14374 consensus_queue.cc:1162] T 252b39981f3b42368cd835c1f62536e5 P 3b4eceaa1f8246de8fd9a3309a08848b [LEADER]: Peer 7e80b3cd6d95403f8499e84cc013b527 log is divergent from this leader: its last log entry 2.2 is not in this leader's log and it has not received anything from this leader yet. Falling back to committed index 1
I0917 09:19:39.845516 14374 raft_consensus.cc:2885] T 252b39981f3b42368cd835c1f62536e5 P 3b4eceaa1f8246de8fd9a3309a08848b [term 1 LEADER]: Stepping down as leader of term 1
I0917 09:19:39.845530 14374 raft_consensus.cc:705] T 252b39981f3b42368cd835c1f62536e5 P 3b4eceaa1f8246de8fd9a3309a08848b [term 1 LEADER]: Becoming Follower/Learner. State: Replica: 3b4eceaa1f8246de8fd9a3309a08848b, State: Running, Role: LEADER
I0917 09:19:39.845582 14374 consensus_queue.cc:229] T 252b39981f3b42368cd835c1f62536e5 P 3b4eceaa1f8246de8fd9a3309a08848b [NON_LEADER]: Queue going to NON_LEADER mode. State: All replicated index: 0, Majority replicated index: 1, Committed index: 1, Last appended: 1.1, Last appended by leader: 1, Current term: 1, Majority size: -1, State: 0, Mode: NON_LEADER, active raft config: opid_index: -1 OBSOLETE_local: false peers { permanent_uuid: "7e80b3cd6d95403f8499e84cc013b527" member_type: VOTER last_known_addr { host: "127.13.208.66" port: 40627 } } peers { permanent_uuid: "3b4eceaa1f8246de8fd9a3309a08848b" member_type: VOTER last_known_addr { host: "127.13.208.65" port: 35707 } }
I0917 09:19:39.845646 14374 raft_consensus.cc:2890] T 252b39981f3b42368cd835c1f62536e5 P 3b4eceaa1f8246de8fd9a3309a08848b [term 1 FOLLOWER]: Advancing to term 2
I0917 09:19:39.891455 14145 cluster_itest_util.cc:259] Not converged past 2 yet: 1.1 2.2
I0917 09:19:40.142688 14260 raft_consensus.cc:1184] T 252b39981f3b42368cd835c1f62536e5 P 3b4eceaa1f8246de8fd9a3309a08848b [term 2 FOLLOWER]: Refusing update from remote peer 7e80b3cd6d95403f8499e84cc013b527: Log matching property violated. Preceding OpId in replica: term: 1 index: 1. Preceding OpId from leader: term: 2 index: 2. (index mismatch)
I0917 09:19:40.142961 14377 consensus_queue.cc:984] T 252b39981f3b42368cd835c1f62536e5 P 7e80b3cd6d95403f8499e84cc013b527 [LEADER]: Connected to new peer: Peer: permanent_uuid: "3b4eceaa1f8246de8fd9a3309a08848b" member_type: VOTER last_known_addr { host: "127.13.208.65" port: 35707 }, Status: LMP_MISMATCH, Last received: 0.0, Next index: 2, Last known committed idx: 1, Time since last communication: 0.000s
I0917 09:19:40.192438 14145 ts_tablet_manager-itest.cc:324] Electing peer 1...
I0917 09:19:40.192471 14145 raft_consensus.cc:405] T 252b39981f3b42368cd835c1f62536e5 P 7e80b3cd6d95403f8499e84cc013b527 [term 2 LEADER]: Emulating election...
I0917 09:19:40.192476 14145 raft_consensus.cc:2885] T 252b39981f3b42368cd835c1f62536e5 P 7e80b3cd6d95403f8499e84cc013b527 [term 2 LEADER]: Stepping down as leader of term 2
I0917 09:19:40.192482 14145 raft_consensus.cc:705] T 252b39981f3b42368cd835c1f62536e5 P 7e80b3cd6d95403f8499e84cc013b527 [term 2 LEADER]: Becoming Follower/Learner. State: Replica: 7e80b3cd6d95403f8499e84cc013b527, State: Running, Role: LEADER
I0917 09:19:40.192567 14145 consensus_queue.cc:229] T 252b39981f3b42368cd835c1f62536e5 P 7e80b3cd6d95403f8499e84cc013b527 [NON_LEADER]: Queue going to NON_LEADER mode. State: All replicated index: 0, Majority replicated index: 2, Committed index: 2, Last appended: 2.2, Last appended by leader: 2, Current term: 2, Majority size: -1, State: 0, Mode: NON_LEADER, active raft config: opid_index: -1 OBSOLETE_local: false peers { permanent_uuid: "7e80b3cd6d95403f8499e84cc013b527" member_type: VOTER last_known_addr { host: "127.13.208.66" port: 40627 } } peers { permanent_uuid: "3b4eceaa1f8246de8fd9a3309a08848b" member_type: VOTER last_known_addr { host: "127.13.208.65" port: 35707 } }
I0917 09:19:40.192600 14145 raft_consensus.cc:2890] T 252b39981f3b42368cd835c1f62536e5 P 7e80b3cd6d95403f8499e84cc013b527 [term 2 FOLLOWER]: Advancing to term 3
I0917 09:19:40.193295 14145 raft_consensus.cc:667] T 252b39981f3b42368cd835c1f62536e5 P 7e80b3cd6d95403f8499e84cc013b527 [term 3 LEADER]: Becoming Leader. State: Replica: 7e80b3cd6d95403f8499e84cc013b527, State: Running, Role: LEADER
I0917 09:19:40.193374 14145 consensus_queue.cc:206] T 252b39981f3b42368cd835c1f62536e5 P 7e80b3cd6d95403f8499e84cc013b527 [LEADER]: Queue going to LEADER mode. State: All replicated index: 0, Majority replicated index: 2, Committed index: 2, Last appended: 2.2, Last appended by leader: 2, Current term: 3, Majority size: 2, State: 0, Mode: LEADER, active raft config: opid_index: -1 OBSOLETE_local: false peers { permanent_uuid: "7e80b3cd6d95403f8499e84cc013b527" member_type: VOTER last_known_addr { host: "127.13.208.66" port: 40627 } } peers { permanent_uuid: "3b4eceaa1f8246de8fd9a3309a08848b" member_type: VOTER last_known_addr { host: "127.13.208.65" port: 35707 } }
I0917 09:19:40.193487 14145 ts_tablet_manager-itest.cc:327] Waiting for servers to agree...
I0917 09:19:40.194208 14145 cluster_itest_util.cc:259] Not converged past 3 yet: 2.2 3.3
I0917 09:19:40.295073 14145 cluster_itest_util.cc:259] Not converged past 3 yet: 2.2 3.3
I0917 09:19:40.495924 14145 cluster_itest_util.cc:259] Not converged past 3 yet: 2.2 3.3
I0917 09:19:40.638432 14260 raft_consensus.cc:2890] T 252b39981f3b42368cd835c1f62536e5 P 3b4eceaa1f8246de8fd9a3309a08848b [term 2 FOLLOWER]: Advancing to term 3
I0917 09:19:40.639297 14260 raft_consensus.cc:1184] T 252b39981f3b42368cd835c1f62536e5 P 3b4eceaa1f8246de8fd9a3309a08848b [term 3 FOLLOWER]: Refusing update from remote peer 7e80b3cd6d95403f8499e84cc013b527: Log matching property violated. Preceding OpId in replica: term: 2 index: 2. Preceding OpId from leader: term: 3 index: 3. (index mismatch)
I0917 09:19:40.639657 14380 consensus_queue.cc:984] T 252b39981f3b42368cd835c1f62536e5 P 7e80b3cd6d95403f8499e84cc013b527 [LEADER]: Connected to new peer: Peer: permanent_uuid: "3b4eceaa1f8246de8fd9a3309a08848b" member_type: VOTER last_known_addr { host: "127.13.208.65" port: 35707 }, Status: LMP_MISMATCH, Last received: 0.0, Next index: 3, Last known committed idx: 2, Time since last communication: 0.000s
I0917 09:19:40.797000 14145 ts_tablet_manager-itest.cc:324] Electing peer 0...
I0917 09:19:40.797037 14145 raft_consensus.cc:405] T 252b39981f3b42368cd835c1f62536e5 P 3b4eceaa1f8246de8fd9a3309a08848b [term 3 FOLLOWER]: Emulating election...
I0917 09:19:40.797042 14145 raft_consensus.cc:2890] T 252b39981f3b42368cd835c1f62536e5 P 3b4eceaa1f8246de8fd9a3309a08848b [term 3 FOLLOWER]: Advancing to term 4
I0917 09:19:40.802383 14145 raft_consensus.cc:667] T 252b39981f3b42368cd835c1f62536e5 P 3b4eceaa1f8246de8fd9a3309a08848b [term 4 LEADER]: Becoming Leader. State: Replica: 3b4eceaa1f8246de8fd9a3309a08848b, State: Running, Role: LEADER
I0917 09:19:40.802534 14145 consensus_queue.cc:206] T 252b39981f3b42368cd835c1f62536e5 P 3b4eceaa1f8246de8fd9a3309a08848b [LEADER]: Queue going to LEADER mode. State: All replicated index: 0, Majority replicated index: 3, Committed index: 3, Last appended: 3.3, Last appended by leader: 3, Current term: 4, Majority size: 2, State: 0, Mode: LEADER, active raft config: opid_index: -1 OBSOLETE_local: false peers { permanent_uuid: "7e80b3cd6d95403f8499e84cc013b527" member_type: VOTER last_known_addr { host: "127.13.208.66" port: 40627 } } peers { permanent_uuid: "3b4eceaa1f8246de8fd9a3309a08848b" member_type: VOTER last_known_addr { host: "127.13.208.65" port: 35707 } }
I0917 09:19:40.802670 14145 ts_tablet_manager-itest.cc:327] Waiting for servers to agree...
I0917 09:19:40.803246 14145 cluster_itest_util.cc:259] Not converged past 4 yet: 4.4 3.3
I0917 09:19:40.904142 14145 cluster_itest_util.cc:259] Not converged past 4 yet: 4.4 3.3
I0917 09:19:41.105096 14145 cluster_itest_util.cc:259] Not converged past 4 yet: 4.4 3.3
I0917 09:19:41.201033 14260 raft_consensus.cc:1149] T 252b39981f3b42368cd835c1f62536e5 P 3b4eceaa1f8246de8fd9a3309a08848b [term 4 LEADER]: Rejecting Update request from peer 7e80b3cd6d95403f8499e84cc013b527 for earlier term 3. Current term is 4. Ops: []
I0917 09:19:41.201300 14383 consensus_queue.cc:995] T 252b39981f3b42368cd835c1f62536e5 P 7e80b3cd6d95403f8499e84cc013b527 [LEADER]: Peer responded invalid term: Peer: permanent_uuid: "3b4eceaa1f8246de8fd9a3309a08848b" member_type: VOTER last_known_addr { host: "127.13.208.65" port: 35707 }, Status: INVALID_TERM, Last received: 3.3, Next index: 4, Last known committed idx: 3, Time since last communication: 0.000s
I0917 09:19:41.201385 14383 consensus_queue.cc:1162] T 252b39981f3b42368cd835c1f62536e5 P 7e80b3cd6d95403f8499e84cc013b527 [LEADER]: Peer 3b4eceaa1f8246de8fd9a3309a08848b log is divergent from this leader: its last log entry 4.4 is not in this leader's log and it has not received anything from this leader yet. Falling back to committed index 3
I0917 09:19:41.201429 14383 raft_consensus.cc:2885] T 252b39981f3b42368cd835c1f62536e5 P 7e80b3cd6d95403f8499e84cc013b527 [term 3 LEADER]: Stepping down as leader of term 3
I0917 09:19:41.201436 14383 raft_consensus.cc:705] T 252b39981f3b42368cd835c1f62536e5 P 7e80b3cd6d95403f8499e84cc013b527 [term 3 LEADER]: Becoming Follower/Learner. State: Replica: 7e80b3cd6d95403f8499e84cc013b527, State: Running, Role: LEADER
I0917 09:19:41.201489 14383 consensus_queue.cc:229] T 252b39981f3b42368cd835c1f62536e5 P 7e80b3cd6d95403f8499e84cc013b527 [NON_LEADER]: Queue going to NON_LEADER mode. State: All replicated index: 0, Majority replicated index: 3, Committed index: 3, Last appended: 3.3, Last appended by leader: 3, Current term: 3, Majority size: -1, State: 0, Mode: NON_LEADER, active raft config: opid_index: -1 OBSOLETE_local: false peers { permanent_uuid: "7e80b3cd6d95403f8499e84cc013b527" member_type: VOTER last_known_addr { host: "127.13.208.66" port: 40627 } } peers { permanent_uuid: "3b4eceaa1f8246de8fd9a3309a08848b" member_type: VOTER last_known_addr { host: "127.13.208.65" port: 35707 } }
I0917 09:19:41.201515 14383 raft_consensus.cc:2890] T 252b39981f3b42368cd835c1f62536e5 P 7e80b3cd6d95403f8499e84cc013b527 [term 3 FOLLOWER]: Advancing to term 4
I0917 09:19:41.385864 14328 raft_consensus.cc:1184] T 252b39981f3b42368cd835c1f62536e5 P 7e80b3cd6d95403f8499e84cc013b527 [term 4 FOLLOWER]: Refusing update from remote peer 3b4eceaa1f8246de8fd9a3309a08848b: Log matching property violated. Preceding OpId in replica: term: 3 index: 3. Preceding OpId from leader: term: 4 index: 4. (index mismatch)
I0917 09:19:41.386191 14385 consensus_queue.cc:984] T 252b39981f3b42368cd835c1f62536e5 P 3b4eceaa1f8246de8fd9a3309a08848b [LEADER]: Connected to new peer: Peer: permanent_uuid: "7e80b3cd6d95403f8499e84cc013b527" member_type: VOTER last_known_addr { host: "127.13.208.66" port: 40627 }, Status: LMP_MISMATCH, Last received: 0.0, Next index: 4, Last known committed idx: 3, Time since last communication: 0.000s
I0917 09:19:41.406116 14145 ts_tablet_manager-itest.cc:324] Electing peer 0...
I0917 09:19:41.406152 14145 raft_consensus.cc:405] T 252b39981f3b42368cd835c1f62536e5 P 3b4eceaa1f8246de8fd9a3309a08848b [term 4 LEADER]: Emulating election...
I0917 09:19:41.406157 14145 raft_consensus.cc:2885] T 252b39981f3b42368cd835c1f62536e5 P 3b4eceaa1f8246de8fd9a3309a08848b [term 4 LEADER]: Stepping down as leader of term 4
I0917 09:19:41.406163 14145 raft_consensus.cc:705] T 252b39981f3b42368cd835c1f62536e5 P 3b4eceaa1f8246de8fd9a3309a08848b [term 4 LEADER]: Becoming Follower/Learner. State: Replica: 3b4eceaa1f8246de8fd9a3309a08848b, State: Running, Role: LEADER
I0917 09:19:41.406236 14145 consensus_queue.cc:229] T 252b39981f3b42368cd835c1f62536e5 P 3b4eceaa1f8246de8fd9a3309a08848b [NON_LEADER]: Queue going to NON_LEADER mode. State: All replicated index: 0, Majority replicated index: 4, Committed index: 4, Last appended: 4.4, Last appended by leader: 4, Current term: 4, Majority size: -1, State: 0, Mode: NON_LEADER, active raft config: opid_index: -1 OBSOLETE_local: false peers { permanent_uuid: "7e80b3cd6d95403f8499e84cc013b527" member_type: VOTER last_known_addr { host: "127.13.208.66" port: 40627 } } peers { permanent_uuid: "3b4eceaa1f8246de8fd9a3309a08848b" member_type: VOTER last_known_addr { host: "127.13.208.65" port: 35707 } }
I0917 09:19:41.406270 14145 raft_consensus.cc:2890] T 252b39981f3b42368cd835c1f62536e5 P 3b4eceaa1f8246de8fd9a3309a08848b [term 4 FOLLOWER]: Advancing to term 5
I0917 09:19:41.406947 14145 raft_consensus.cc:667] T 252b39981f3b42368cd835c1f62536e5 P 3b4eceaa1f8246de8fd9a3309a08848b [term 5 LEADER]: Becoming Leader. State: Replica: 3b4eceaa1f8246de8fd9a3309a08848b, State: Running, Role: LEADER
I0917 09:19:41.407022 14145 consensus_queue.cc:206] T 252b39981f3b42368cd835c1f62536e5 P 3b4eceaa1f8246de8fd9a3309a08848b [LEADER]: Queue going to LEADER mode. State: All replicated index: 0, Majority replicated index: 4, Committed index: 4, Last appended: 4.4, Last appended by leader: 4, Current term: 5, Majority size: 2, State: 0, Mode: LEADER, active raft config: opid_index: -1 OBSOLETE_local: false peers { permanent_uuid: "7e80b3cd6d95403f8499e84cc013b527" member_type: VOTER last_known_addr { host: "127.13.208.66" port: 40627 } } peers { permanent_uuid: "3b4eceaa1f8246de8fd9a3309a08848b" member_type: VOTER last_known_addr { host: "127.13.208.65" port: 35707 } }
I0917 09:19:41.407130 14145 ts_tablet_manager-itest.cc:327] Waiting for servers to agree...
I0917 09:19:41.407605 14145 cluster_itest_util.cc:259] Not converged past 5 yet: 5.5 4.4
I0917 09:19:41.508664 14145 cluster_itest_util.cc:259] Not converged past 5 yet: 5.5 4.4
I0917 09:19:41.709668 14145 cluster_itest_util.cc:259] Not converged past 5 yet: 5.5 4.4
I0917 09:19:41.827591 14328 raft_consensus.cc:2890] T 252b39981f3b42368cd835c1f62536e5 P 7e80b3cd6d95403f8499e84cc013b527 [term 4 FOLLOWER]: Advancing to term 5
I0917 09:19:41.828359 14328 raft_consensus.cc:1184] T 252b39981f3b42368cd835c1f62536e5 P 7e80b3cd6d95403f8499e84cc013b527 [term 5 FOLLOWER]: Refusing update from remote peer 3b4eceaa1f8246de8fd9a3309a08848b: Log matching property violated. Preceding OpId in replica: term: 4 index: 4. Preceding OpId from leader: term: 5 index: 5. (index mismatch)
I0917 09:19:41.828768 14385 consensus_queue.cc:984] T 252b39981f3b42368cd835c1f62536e5 P 3b4eceaa1f8246de8fd9a3309a08848b [LEADER]: Connected to new peer: Peer: permanent_uuid: "7e80b3cd6d95403f8499e84cc013b527" member_type: VOTER last_known_addr { host: "127.13.208.66" port: 40627 }, Status: LMP_MISMATCH, Last received: 0.0, Next index: 5, Last known committed idx: 4, Time since last communication: 0.000s
I0917 09:19:42.010787 14145 ts_tablet_manager-itest.cc:324] Electing peer 0...
I0917 09:19:42.010824 14145 raft_consensus.cc:405] T 252b39981f3b42368cd835c1f62536e5 P 3b4eceaa1f8246de8fd9a3309a08848b [term 5 LEADER]: Emulating election...
I0917 09:19:42.010829 14145 raft_consensus.cc:2885] T 252b39981f3b42368cd835c1f62536e5 P 3b4eceaa1f8246de8fd9a3309a08848b [term 5 LEADER]: Stepping down as leader of term 5
I0917 09:19:42.010835 14145 raft_consensus.cc:705] T 252b39981f3b42368cd835c1f62536e5 P 3b4eceaa1f8246de8fd9a3309a08848b [term 5 LEADER]: Becoming Follower/Learner. State: Replica: 3b4eceaa1f8246de8fd9a3309a08848b, State: Running, Role: LEADER
I0917 09:19:42.010913 14145 consensus_queue.cc:229] T 252b39981f3b42368cd835c1f62536e5 P 3b4eceaa1f8246de8fd9a3309a08848b [NON_LEADER]: Queue going to NON_LEADER mode. State: All replicated index: 0, Majority replicated index: 5, Committed index: 5, Last appended: 5.5, Last appended by leader: 5, Current term: 5, Majority size: -1, State: 0, Mode: NON_LEADER, active raft config: opid_index: -1 OBSOLETE_local: false peers { permanent_uuid: "7e80b3cd6d95403f8499e84cc013b527" member_type: VOTER last_known_addr { host: "127.13.208.66" port: 40627 } } peers { permanent_uuid: "3b4eceaa1f8246de8fd9a3309a08848b" member_type: VOTER last_known_addr { host: "127.13.208.65" port: 35707 } }
I0917 09:19:42.010947 14145 raft_consensus.cc:2890] T 252b39981f3b42368cd835c1f62536e5 P 3b4eceaa1f8246de8fd9a3309a08848b [term 5 FOLLOWER]: Advancing to term 6
I0917 09:19:42.011664 14145 raft_consensus.cc:667] T 252b39981f3b42368cd835c1f62536e5 P 3b4eceaa1f8246de8fd9a3309a08848b [term 6 LEADER]: Becoming Leader. State: Replica: 3b4eceaa1f8246de8fd9a3309a08848b, State: Running, Role: LEADER
I0917 09:19:42.011740 14145 consensus_queue.cc:206] T 252b39981f3b42368cd835c1f62536e5 P 3b4eceaa1f8246de8fd9a3309a08848b [LEADER]: Queue going to LEADER mode. State: All replicated index: 0, Majority replicated index: 5, Committed index: 5, Last appended: 5.5, Last appended by leader: 5, Current term: 6, Majority size: 2, State: 0, Mode: LEADER, active raft config: opid_index: -1 OBSOLETE_local: false peers { permanent_uuid: "7e80b3cd6d95403f8499e84cc013b527" member_type: VOTER last_known_addr { host: "127.13.208.66" port: 40627 } } peers { permanent_uuid: "3b4eceaa1f8246de8fd9a3309a08848b" member_type: VOTER last_known_addr { host: "127.13.208.65" port: 35707 } }
I0917 09:19:42.011868 14145 ts_tablet_manager-itest.cc:327] Waiting for servers to agree...
I0917 09:19:42.012379 14145 cluster_itest_util.cc:259] Not converged past 6 yet: 6.6 5.5
I0917 09:19:42.113332 14145 cluster_itest_util.cc:259] Not converged past 6 yet: 6.6 5.5
I0917 09:19:42.314450 14145 cluster_itest_util.cc:259] Not converged past 6 yet: 6.6 5.5
I0917 09:19:42.615361 14145 cluster_itest_util.cc:259] Not converged past 6 yet: 6.6 5.5
I0917 09:19:42.635239 14328 raft_consensus.cc:2890] T 252b39981f3b42368cd835c1f62536e5 P 7e80b3cd6d95403f8499e84cc013b527 [term 5 FOLLOWER]: Advancing to term 6
I0917 09:19:42.635957 14328 raft_consensus.cc:1184] T 252b39981f3b42368cd835c1f62536e5 P 7e80b3cd6d95403f8499e84cc013b527 [term 6 FOLLOWER]: Refusing update from remote peer 3b4eceaa1f8246de8fd9a3309a08848b: Log matching property violated. Preceding OpId in replica: term: 5 index: 5. Preceding OpId from leader: term: 6 index: 6. (index mismatch)
I0917 09:19:42.636217 14389 consensus_queue.cc:984] T 252b39981f3b42368cd835c1f62536e5 P 3b4eceaa1f8246de8fd9a3309a08848b [LEADER]: Connected to new peer: Peer: permanent_uuid: "7e80b3cd6d95403f8499e84cc013b527" member_type: VOTER last_known_addr { host: "127.13.208.66" port: 40627 }, Status: LMP_MISMATCH, Last received: 0.0, Next index: 6, Last known committed idx: 5, Time since last communication: 0.000s
I0917 09:19:43.016299 14145 ts_tablet_manager-itest.cc:324] Electing peer 1...
I0917 09:19:43.016342 14145 raft_consensus.cc:405] T 252b39981f3b42368cd835c1f62536e5 P 7e80b3cd6d95403f8499e84cc013b527 [term 6 FOLLOWER]: Emulating election...
I0917 09:19:43.016348 14145 raft_consensus.cc:2890] T 252b39981f3b42368cd835c1f62536e5 P 7e80b3cd6d95403f8499e84cc013b527 [term 6 FOLLOWER]: Advancing to term 7
I0917 09:19:43.017099 14145 raft_consensus.cc:667] T 252b39981f3b42368cd835c1f62536e5 P 7e80b3cd6d95403f8499e84cc013b527 [term 7 LEADER]: Becoming Leader. State: Replica: 7e80b3cd6d95403f8499e84cc013b527, State: Running, Role: LEADER
I0917 09:19:43.017179 14145 consensus_queue.cc:206] T 252b39981f3b42368cd835c1f62536e5 P 7e80b3cd6d95403f8499e84cc013b527 [LEADER]: Queue going to LEADER mode. State: All replicated index: 0, Majority replicated index: 6, Committed index: 6, Last appended: 6.6, Last appended by leader: 6, Current term: 7, Majority size: 2, State: 0, Mode: LEADER, active raft config: opid_index: -1 OBSOLETE_local: false peers { permanent_uuid: "7e80b3cd6d95403f8499e84cc013b527" member_type: VOTER last_known_addr { host: "127.13.208.66" port: 40627 } } peers { permanent_uuid: "3b4eceaa1f8246de8fd9a3309a08848b" member_type: VOTER last_known_addr { host: "127.13.208.65" port: 35707 } }
I0917 09:19:43.017315 14145 ts_tablet_manager-itest.cc:327] Waiting for servers to agree...
I0917 09:19:43.017894 14145 cluster_itest_util.cc:259] Not converged past 7 yet: 6.6 7.7
I0917 09:19:43.118782 14145 cluster_itest_util.cc:259] Not converged past 7 yet: 6.6 7.7
I0917 09:19:43.197933 14328 raft_consensus.cc:1149] T 252b39981f3b42368cd835c1f62536e5 P 7e80b3cd6d95403f8499e84cc013b527 [term 7 LEADER]: Rejecting Update request from peer 3b4eceaa1f8246de8fd9a3309a08848b for earlier term 6. Current term is 7. Ops: []
