I0917 09:19:49.262369 15270 heartbeater.cc:322] Connected to a master server at 127.13.208.125:37503
I0917 09:19:49.262392 15270 heartbeater.cc:406] Registering TS with master...
I0917 09:19:49.262447 15270 heartbeater.cc:455] Master 127.13.208.125:37503 requested a full tablet report, sending...
I0917 09:19:49.262540 14963 ts_manager.cc:161] Registered new tserver with Master: f42c56d2dc6b4faba5a218e79da90951 (127.13.208.66:38793)
I0917 09:19:49.262579 15078 ts_manager.cc:161] Registered new tserver with Master: f42c56d2dc6b4faba5a218e79da90951 (127.13.208.66:38793)
I0917 09:19:49.263509 14145 fs_manager.cc:419] Time spent opening block manager: real 0.000s user 0.000s sys 0.000s
I0917 09:19:49.263550 14145 fs_manager.cc:436] Opened local filesystem: /tmp/dist-test-taskLDE0O4/test-tmp/ts_tablet_manager-itest.0.TsTabletManagerITest.TestTableStats.1568711978778636-14145/minicluster-data/ts-2-root uuid: "eea10e830a664ea4be74d8cffbe95552" format_stamp: "Formatted at 2019-09-17 09:19:49 on dist-test-slave-dist-test-slave-w6nz"
I0917 09:19:49.263576 14145 fs_report.cc:352] FS layout report -------------------- wal directory: /tmp/dist-test-taskLDE0O4/test-tmp/ts_tablet_manager-itest.0.TsTabletManagerITest.TestTableStats.1568711978778636-14145/minicluster-data/ts-2-root metadata directory: /tmp/dist-test-taskLDE0O4/test-tmp/ts_tablet_manager-itest.0.TsTabletManagerITest.TestTableStats.1568711978778636-14145/minicluster-data/ts-2-root 1 data directories: /tmp/dist-test-taskLDE0O4/test-tmp/ts_tablet_manager-itest.0.TsTabletManagerITest.TestTableStats.1568711978778636-14145/minicluster-data/ts-2-root/data Total live blocks: 0 Total live bytes: 0 Total live bytes (after alignment): 0 Total number of LBM containers: 0 (0 full) Did not check for missing blocks Did not check for orphaned blocks Total full LBM containers with extra space: 0 (0 repaired) Total full LBM container extra space in bytes: 0 (0 repaired) Total incomplete LBM containers: 0 (0 repaired) Total LBM partial records: 0 (0 repaired)
I0917 09:19:49.263586 14963 master_service.cc:276] Signed X509 certificate for tserver {username='slave'} at 127.0.0.1:43002
I0917 09:19:49.263682 15021 ts_manager.cc:161] Registered new tserver with Master: f42c56d2dc6b4faba5a218e79da90951 (127.13.208.66:38793)
I0917 09:19:49.297369 14145 ts_tablet_manager.cc:383] Loaded tablet metadata (0 total tablets, 0 live tablets)
I0917 09:19:49.297397 14145 ts_tablet_manager.cc:403] Registered 0 tablets
I0917 09:19:49.300029 14145 rpc_server.cc:205] RPC server started. Bound to: 127.13.208.67:42065
I0917 09:19:49.300360 14145 webserver.cc:374] Webserver started at http://127.13.208.67:37125/ using document root and password file
I0917 09:19:49.305588 15342 heartbeater.cc:322] Connected to a master server at 127.13.208.125:37503
I0917 09:19:49.305636 15342 heartbeater.cc:406] Registering TS with master...
I0917 09:19:49.305718 15342 heartbeater.cc:455] Master 127.13.208.125:37503 requested a full tablet report, sending...
I0917 09:19:49.306162 15021 ts_manager.cc:161] Registered new tserver with Master: eea10e830a664ea4be74d8cffbe95552 (127.13.208.67:42065)
I0917 09:19:49.306295 15343 heartbeater.cc:322] Connected to a master server at 127.13.208.126:33685
I0917 09:19:49.306324 15343 heartbeater.cc:406] Registering TS with master...
I0917 09:19:49.306358 15341 heartbeater.cc:322] Connected to a master server at 127.13.208.124:39307
I0917 09:19:49.306392 15343 heartbeater.cc:455] Master 127.13.208.126:33685 requested a full tablet report, sending...
I0917 09:19:49.306401 15341 heartbeater.cc:406] Registering TS with master...
I0917 09:19:49.306443 15341 heartbeater.cc:455] Master 127.13.208.124:39307 requested a full tablet report, sending...
I0917 09:19:49.306581 14963 ts_manager.cc:161] Registered new tserver with Master: eea10e830a664ea4be74d8cffbe95552 (127.13.208.67:42065)
I0917 09:19:49.306718 15078 ts_manager.cc:161] Registered new tserver with Master: eea10e830a664ea4be74d8cffbe95552 (127.13.208.67:42065)
I0917 09:19:49.307118 14963 master_service.cc:276] Signed X509 certificate for tserver {username='slave'} at 127.0.0.1:43008
I0917 09:19:49.307159 14145 internal_mini_cluster.cc:328] 3 TS(s) registered with all masters after 0.006595312s
I0917 09:19:49.313504 14963 catalog_manager.cc:1440] Servicing CreateTable request from {username='slave'} at 127.0.0.1:43010: name: "test-table" schema { columns { name: "key" type: INT32 is_key: true is_nullable: false encoding: AUTO_ENCODING compression: DEFAULT_COMPRESSION cfile_block_size: 0 } } num_replicas: 3 split_rows_range_bounds { } partition_schema { hash_bucket_schemas { columns { name: "key" } num_buckets: 3 seed: 0 } }
W0917 09:19:49.313601 14963 catalog_manager.cc:1605] The number of live tablet servers is not enough to re-replicate a tablet replica of the newly created table test-table in case of a server failure: 4 tablet servers would be needed, 3 are available. Consider bringing up more tablet servers.
I0917 09:19:49.320611 15157 tablet_service.cc:1022] Processing CreateTablet for tablet ac74b319ad54416685f8b9d9506e1d61 (table=test-table [id=03b5e80e6ff342bab99657ab154c5e00]), partition=HASH (key) PARTITION 0, RANGE (key) PARTITION UNBOUNDED
I0917 09:19:49.320691 15156 tablet_service.cc:1022] Processing CreateTablet for tablet f67125c2201a4791ab5756ecc8fba82a (table=test-table [id=03b5e80e6ff342bab99657ab154c5e00]), partition=HASH (key) PARTITION 1, RANGE (key) PARTITION UNBOUNDED
I0917 09:19:49.320827 15156 data_dirs.cc:939] Could only allocate 1 dirs of requested 3 for tablet f67125c2201a4791ab5756ecc8fba82a. 1 dirs total, 0 dirs full, 0 dirs failed
I0917 09:19:49.320703 15155 tablet_service.cc:1022] Processing CreateTablet for tablet de49f5bae5244941af0020522f04d827 (table=test-table [id=03b5e80e6ff342bab99657ab154c5e00]), partition=HASH (key) PARTITION 2, RANGE (key) PARTITION UNBOUNDED
I0917 09:19:49.320998 15155 data_dirs.cc:939] Could only allocate 1 dirs of requested 3 for tablet de49f5bae5244941af0020522f04d827. 1 dirs total, 0 dirs full, 0 dirs failed
I0917 09:19:49.322113 15361 tablet_bootstrap.cc:439] T de49f5bae5244941af0020522f04d827 P c2c8bec4d40141a6b1f470f6142de67a: Bootstrap starting.
I0917 09:19:49.322269 15157 data_dirs.cc:939] Could only allocate 1 dirs of requested 3 for tablet ac74b319ad54416685f8b9d9506e1d61. 1 dirs total, 0 dirs full, 0 dirs failed
I0917 09:19:49.323768 15361 tablet_bootstrap.cc:590] T de49f5bae5244941af0020522f04d827 P c2c8bec4d40141a6b1f470f6142de67a: No blocks or log segments found. Creating new log.
I0917 09:19:49.323801 14963 master_service.cc:276] Signed X509 certificate for tserver {username='slave'} at 127.0.0.1:42996
I0917 09:19:49.326330 15361 tablet_bootstrap.cc:439] T de49f5bae5244941af0020522f04d827 P c2c8bec4d40141a6b1f470f6142de67a: No bootstrap required, opened a new log
I0917 09:19:49.326475 15361 ts_tablet_manager.cc:1085] T de49f5bae5244941af0020522f04d827 P c2c8bec4d40141a6b1f470f6142de67a: Time spent bootstrapping tablet: real 0.004s user 0.001s sys 0.001s
I0917 09:19:49.326932 15236 tablet_service.cc:1022] Processing CreateTablet for tablet ac74b319ad54416685f8b9d9506e1d61 (table=test-table [id=03b5e80e6ff342bab99657ab154c5e00]), partition=HASH (key) PARTITION 0, RANGE (key) PARTITION UNBOUNDED
I0917 09:19:49.327030 15236 data_dirs.cc:939] Could only allocate 1 dirs of requested 3 for tablet ac74b319ad54416685f8b9d9506e1d61. 1 dirs total, 0 dirs full, 0 dirs failed
I0917 09:19:49.327220 15234 tablet_service.cc:1022] Processing CreateTablet for tablet de49f5bae5244941af0020522f04d827 (table=test-table [id=03b5e80e6ff342bab99657ab154c5e00]), partition=HASH (key) PARTITION 2, RANGE (key) PARTITION UNBOUNDED
I0917 09:19:49.327343 15235 tablet_service.cc:1022] Processing CreateTablet for tablet f67125c2201a4791ab5756ecc8fba82a (table=test-table [id=03b5e80e6ff342bab99657ab154c5e00]), partition=HASH (key) PARTITION 1, RANGE (key) PARTITION UNBOUNDED
I0917 09:19:49.327404 15234 data_dirs.cc:939] Could only allocate 1 dirs of requested 3 for tablet de49f5bae5244941af0020522f04d827. 1 dirs total, 0 dirs full, 0 dirs failed
I0917 09:19:49.327548 15235 data_dirs.cc:939] Could only allocate 1 dirs of requested 3 for tablet f67125c2201a4791ab5756ecc8fba82a. 1 dirs total, 0 dirs full, 0 dirs failed
I0917 09:19:49.327735 15308 tablet_service.cc:1022] Processing CreateTablet for tablet ac74b319ad54416685f8b9d9506e1d61 (table=test-table [id=03b5e80e6ff342bab99657ab154c5e00]), partition=HASH (key) PARTITION 0, RANGE (key) PARTITION UNBOUNDED
I0917 09:19:49.327886 15361 raft_consensus.cc:340] T de49f5bae5244941af0020522f04d827 P c2c8bec4d40141a6b1f470f6142de67a [term 0 FOLLOWER]: Replica starting. Triggering 0 pending transactions. Active config: opid_index: -1 OBSOLETE_local: false peers { permanent_uuid: "c2c8bec4d40141a6b1f470f6142de67a" member_type: VOTER last_known_addr { host: "127.13.208.65" port: 39971 } } peers { permanent_uuid: "f42c56d2dc6b4faba5a218e79da90951" member_type: VOTER last_known_addr { host: "127.13.208.66" port: 38793 } } peers { permanent_uuid: "eea10e830a664ea4be74d8cffbe95552" member_type: VOTER last_known_addr { host: "127.13.208.67" port: 42065 } }
I0917 09:19:49.328135 15361 raft_consensus.cc:366] T de49f5bae5244941af0020522f04d827 P c2c8bec4d40141a6b1f470f6142de67a [term 0 FOLLOWER]: Consensus starting up: Expiring failure detector timer to make a prompt election more likely
I0917 09:19:49.328218 15361 raft_consensus.cc:705] T de49f5bae5244941af0020522f04d827 P c2c8bec4d40141a6b1f470f6142de67a [term 0 FOLLOWER]: Becoming Follower/Learner. State: Replica: c2c8bec4d40141a6b1f470f6142de67a, State: Initialized, Role: FOLLOWER
I0917 09:19:49.328234 15306 tablet_service.cc:1022] Processing CreateTablet for tablet de49f5bae5244941af0020522f04d827 (table=test-table [id=03b5e80e6ff342bab99657ab154c5e00]), partition=HASH (key) PARTITION 2, RANGE (key) PARTITION UNBOUNDED
I0917 09:19:49.328578 15308 data_dirs.cc:939] Could only allocate 1 dirs of requested 3 for tablet ac74b319ad54416685f8b9d9506e1d61. 1 dirs total, 0 dirs full, 0 dirs failed
I0917 09:19:49.328754 15307 tablet_service.cc:1022] Processing CreateTablet for tablet f67125c2201a4791ab5756ecc8fba82a (table=test-table [id=03b5e80e6ff342bab99657ab154c5e00]), partition=HASH (key) PARTITION 1, RANGE (key) PARTITION UNBOUNDED
I0917 09:19:49.328876 15306 data_dirs.cc:939] Could only allocate 1 dirs of requested 3 for tablet de49f5bae5244941af0020522f04d827. 1 dirs total, 0 dirs full, 0 dirs failed
I0917 09:19:49.329118 15361 consensus_queue.cc:229] T de49f5bae5244941af0020522f04d827 P c2c8bec4d40141a6b1f470f6142de67a [NON_LEADER]: Queue going to NON_LEADER mode. State: All replicated index: 0, Majority replicated index: 0, Committed index: 0, Last appended: 0.0, Last appended by leader: 0, Current term: 0, Majority size: -1, State: 0, Mode: NON_LEADER, active raft config: opid_index: -1 OBSOLETE_local: false peers { permanent_uuid: "c2c8bec4d40141a6b1f470f6142de67a" member_type: VOTER last_known_addr { host: "127.13.208.65" port: 39971 } } peers { permanent_uuid: "f42c56d2dc6b4faba5a218e79da90951" member_type: VOTER last_known_addr { host: "127.13.208.66" port: 38793 } } peers { permanent_uuid: "eea10e830a664ea4be74d8cffbe95552" member_type: VOTER last_known_addr { host: "127.13.208.67" port: 42065 } }
I0917 09:19:49.329967 15307 data_dirs.cc:939] Could only allocate 1 dirs of requested 3 for tablet f67125c2201a4791ab5756ecc8fba82a. 1 dirs total, 0 dirs full, 0 dirs failed
I0917 09:19:49.330567 15192 heartbeater.cc:447] Master 127.13.208.126:33685 was elected leader, sending a full tablet report...
I0917 09:19:49.331385 15361 ts_tablet_manager.cc:1113] T de49f5bae5244941af0020522f04d827 P c2c8bec4d40141a6b1f470f6142de67a: Time spent starting tablet: real 0.005s user 0.000s sys 0.001s
I0917 09:19:49.332286 15361 tablet_bootstrap.cc:439] T f67125c2201a4791ab5756ecc8fba82a P c2c8bec4d40141a6b1f470f6142de67a: Bootstrap starting.
I0917 09:19:49.332923 15364 tablet_bootstrap.cc:439] T de49f5bae5244941af0020522f04d827 P f42c56d2dc6b4faba5a218e79da90951: Bootstrap starting.
I0917 09:19:49.334882 15364 tablet_bootstrap.cc:590] T de49f5bae5244941af0020522f04d827 P f42c56d2dc6b4faba5a218e79da90951: No blocks or log segments found. Creating new log.
I0917 09:19:49.335032 15361 tablet_bootstrap.cc:590] T f67125c2201a4791ab5756ecc8fba82a P c2c8bec4d40141a6b1f470f6142de67a: No blocks or log segments found. Creating new log.
I0917 09:19:49.337013 15361 tablet_bootstrap.cc:439] T f67125c2201a4791ab5756ecc8fba82a P c2c8bec4d40141a6b1f470f6142de67a: No bootstrap required, opened a new log
I0917 09:19:49.337139 15361 ts_tablet_manager.cc:1085] T f67125c2201a4791ab5756ecc8fba82a P c2c8bec4d40141a6b1f470f6142de67a: Time spent bootstrapping tablet: real 0.005s user 0.000s sys 0.002s
I0917 09:19:49.338449 15364 tablet_bootstrap.cc:439] T de49f5bae5244941af0020522f04d827 P f42c56d2dc6b4faba5a218e79da90951: No bootstrap required, opened a new log
I0917 09:19:49.338615 15364 ts_tablet_manager.cc:1085] T de49f5bae5244941af0020522f04d827 P f42c56d2dc6b4faba5a218e79da90951: Time spent bootstrapping tablet: real 0.006s user 0.000s sys 0.002s
I0917 09:19:49.339516 15364 raft_consensus.cc:340] T de49f5bae5244941af0020522f04d827 P f42c56d2dc6b4faba5a218e79da90951 [term 0 FOLLOWER]: Replica starting. Triggering 0 pending transactions. Active config: opid_index: -1 OBSOLETE_local: false peers { permanent_uuid: "c2c8bec4d40141a6b1f470f6142de67a" member_type: VOTER last_known_addr { host: "127.13.208.65" port: 39971 } } peers { permanent_uuid: "f42c56d2dc6b4faba5a218e79da90951" member_type: VOTER last_known_addr { host: "127.13.208.66" port: 38793 } } peers { permanent_uuid: "eea10e830a664ea4be74d8cffbe95552" member_type: VOTER last_known_addr { host: "127.13.208.67" port: 42065 } }
I0917 09:19:49.339558 15364 raft_consensus.cc:366] T de49f5bae5244941af0020522f04d827 P f42c56d2dc6b4faba5a218e79da90951 [term 0 FOLLOWER]: Consensus starting up: Expiring failure detector timer to make a prompt election more likely
I0917 09:19:49.339583 15364 raft_consensus.cc:705] T de49f5bae5244941af0020522f04d827 P f42c56d2dc6b4faba5a218e79da90951 [term 0 FOLLOWER]: Becoming Follower/Learner. State: Replica: f42c56d2dc6b4faba5a218e79da90951, State: Initialized, Role: FOLLOWER
I0917 09:19:49.339721 15361 raft_consensus.cc:340] T f67125c2201a4791ab5756ecc8fba82a P c2c8bec4d40141a6b1f470f6142de67a [term 0 FOLLOWER]: Replica starting. Triggering 0 pending transactions. Active config: opid_index: -1 OBSOLETE_local: false peers { permanent_uuid: "f42c56d2dc6b4faba5a218e79da90951" member_type: VOTER last_known_addr { host: "127.13.208.66" port: 38793 } } peers { permanent_uuid: "c2c8bec4d40141a6b1f470f6142de67a" member_type: VOTER last_known_addr { host: "127.13.208.65" port: 39971 } } peers { permanent_uuid: "eea10e830a664ea4be74d8cffbe95552" member_type: VOTER last_known_addr { host: "127.13.208.67" port: 42065 } }
I0917 09:19:49.339866 15364 consensus_queue.cc:229] T de49f5bae5244941af0020522f04d827 P f42c56d2dc6b4faba5a218e79da90951 [NON_LEADER]: Queue going to NON_LEADER mode. State: All replicated index: 0, Majority replicated index: 0, Committed index: 0, Last appended: 0.0, Last appended by leader: 0, Current term: 0, Majority size: -1, State: 0, Mode: NON_LEADER, active raft config: opid_index: -1 OBSOLETE_local: false peers { permanent_uuid: "c2c8bec4d40141a6b1f470f6142de67a" member_type: VOTER last_known_addr { host: "127.13.208.65" port: 39971 } } peers { permanent_uuid: "f42c56d2dc6b4faba5a218e79da90951" member_type: VOTER last_known_addr { host: "127.13.208.66" port: 38793 } } peers { permanent_uuid: "eea10e830a664ea4be74d8cffbe95552" member_type: VOTER last_known_addr { host: "127.13.208.67" port: 42065 } }
I0917 09:19:49.340355 15271 heartbeater.cc:447] Master 127.13.208.126:33685 was elected leader, sending a full tablet report...
I0917 09:19:49.340445 15361 raft_consensus.cc:366] T f67125c2201a4791ab5756ecc8fba82a P c2c8bec4d40141a6b1f470f6142de67a [term 0 FOLLOWER]: Consensus starting up: Expiring failure detector timer to make a prompt election more likely
I0917 09:19:49.340503 15361 raft_consensus.cc:705] T f67125c2201a4791ab5756ecc8fba82a P c2c8bec4d40141a6b1f470f6142de67a [term 0 FOLLOWER]: Becoming Follower/Learner. State: Replica: c2c8bec4d40141a6b1f470f6142de67a, State: Initialized, Role: FOLLOWER
I0917 09:19:49.340452 15368 tablet_bootstrap.cc:439] T de49f5bae5244941af0020522f04d827 P eea10e830a664ea4be74d8cffbe95552: Bootstrap starting.
I0917 09:19:49.340983 15361 consensus_queue.cc:229] T f67125c2201a4791ab5756ecc8fba82a P c2c8bec4d40141a6b1f470f6142de67a [NON_LEADER]: Queue going to NON_LEADER mode. State: All replicated index: 0, Majority replicated index: 0, Committed index: 0, Last appended: 0.0, Last appended by leader: 0, Current term: 0, Majority size: -1, State: 0, Mode: NON_LEADER, active raft config: opid_index: -1 OBSOLETE_local: false peers { permanent_uuid: "f42c56d2dc6b4faba5a218e79da90951" member_type: VOTER last_known_addr { host: "127.13.208.66" port: 38793 } } peers { permanent_uuid: "c2c8bec4d40141a6b1f470f6142de67a" member_type: VOTER last_known_addr { host: "127.13.208.65" port: 39971 } } peers { permanent_uuid: "eea10e830a664ea4be74d8cffbe95552" member_type: VOTER last_known_addr { host: "127.13.208.67" port: 42065 } }
I0917 09:19:49.341074 15364 ts_tablet_manager.cc:1113] T de49f5bae5244941af0020522f04d827 P f42c56d2dc6b4faba5a218e79da90951: Time spent starting tablet: real 0.002s user 0.000s sys 0.001s
I0917 09:19:49.341367 15364 tablet_bootstrap.cc:439] T f67125c2201a4791ab5756ecc8fba82a P f42c56d2dc6b4faba5a218e79da90951: Bootstrap starting.
I0917 09:19:49.341289 15361 ts_tablet_manager.cc:1113] T f67125c2201a4791ab5756ecc8fba82a P c2c8bec4d40141a6b1f470f6142de67a: Time spent starting tablet: real 0.004s user 0.001s sys 0.001s
I0917 09:19:49.341979 15361 tablet_bootstrap.cc:439] T ac74b319ad54416685f8b9d9506e1d61 P c2c8bec4d40141a6b1f470f6142de67a: Bootstrap starting.
I0917 09:19:49.342772 15364 tablet_bootstrap.cc:590] T f67125c2201a4791ab5756ecc8fba82a P f42c56d2dc6b4faba5a218e79da90951: No blocks or log segments found. Creating new log.
I0917 09:19:49.342857 15368 tablet_bootstrap.cc:590] T de49f5bae5244941af0020522f04d827 P eea10e830a664ea4be74d8cffbe95552: No blocks or log segments found. Creating new log.
I0917 09:19:49.343015 15361 tablet_bootstrap.cc:590] T ac74b319ad54416685f8b9d9506e1d61 P c2c8bec4d40141a6b1f470f6142de67a: No blocks or log segments found. Creating new log.
I0917 09:19:49.343724 15361 tablet_bootstrap.cc:439] T ac74b319ad54416685f8b9d9506e1d61 P c2c8bec4d40141a6b1f470f6142de67a: No bootstrap required, opened a new log
I0917 09:19:49.343761 15364 tablet_bootstrap.cc:439] T f67125c2201a4791ab5756ecc8fba82a P f42c56d2dc6b4faba5a218e79da90951: No bootstrap required, opened a new log
I0917 09:19:49.343791 15361 ts_tablet_manager.cc:1085] T ac74b319ad54416685f8b9d9506e1d61 P c2c8bec4d40141a6b1f470f6142de67a: Time spent bootstrapping tablet: real 0.002s user 0.000s sys 0.001s
I0917 09:19:49.343860 15364 ts_tablet_manager.cc:1085] T f67125c2201a4791ab5756ecc8fba82a P f42c56d2dc6b4faba5a218e79da90951: Time spent bootstrapping tablet: real 0.002s user 0.000s sys 0.001s
I0917 09:19:49.343909 15368 tablet_bootstrap.cc:439] T de49f5bae5244941af0020522f04d827 P eea10e830a664ea4be74d8cffbe95552: No bootstrap required, opened a new log
I0917 09:19:49.344023 15368 ts_tablet_manager.cc:1085] T de49f5bae5244941af0020522f04d827 P eea10e830a664ea4be74d8cffbe95552: Time spent bootstrapping tablet: real 0.004s user 0.002s sys 0.000s
I0917 09:19:49.344257 15368 raft_consensus.cc:340] T de49f5bae5244941af0020522f04d827 P eea10e830a664ea4be74d8cffbe95552 [term 0 FOLLOWER]: Replica starting. Triggering 0 pending transactions. Active config: opid_index: -1 OBSOLETE_local: false peers { permanent_uuid: "c2c8bec4d40141a6b1f470f6142de67a" member_type: VOTER last_known_addr { host: "127.13.208.65" port: 39971 } } peers { permanent_uuid: "f42c56d2dc6b4faba5a218e79da90951" member_type: VOTER last_known_addr { host: "127.13.208.66" port: 38793 } } peers { permanent_uuid: "eea10e830a664ea4be74d8cffbe95552" member_type: VOTER last_known_addr { host: "127.13.208.67" port: 42065 } }
I0917 09:19:49.344276 15368 raft_consensus.cc:366] T de49f5bae5244941af0020522f04d827 P eea10e830a664ea4be74d8cffbe95552 [term 0 FOLLOWER]: Consensus starting up: Expiring failure detector timer to make a prompt election more likely
I0917 09:19:49.344295 15368 raft_consensus.cc:705] T de49f5bae5244941af0020522f04d827 P eea10e830a664ea4be74d8cffbe95552 [term 0 FOLLOWER]: Becoming Follower/Learner. State: Replica: eea10e830a664ea4be74d8cffbe95552, State: Initialized, Role: FOLLOWER
I0917 09:19:49.344327 15361 raft_consensus.cc:340] T ac74b319ad54416685f8b9d9506e1d61 P c2c8bec4d40141a6b1f470f6142de67a [term 0 FOLLOWER]: Replica starting. Triggering 0 pending transactions. Active config: opid_index: -1 OBSOLETE_local: false peers { permanent_uuid: "eea10e830a664ea4be74d8cffbe95552" member_type: VOTER last_known_addr { host: "127.13.208.67" port: 42065 } } peers { permanent_uuid: "c2c8bec4d40141a6b1f470f6142de67a" member_type: VOTER last_known_addr { host: "127.13.208.65" port: 39971 } } peers { permanent_uuid: "f42c56d2dc6b4faba5a218e79da90951" member_type: VOTER last_known_addr { host: "127.13.208.66" port: 38793 } }
I0917 09:19:49.344411 15361 raft_consensus.cc:366] T ac74b319ad54416685f8b9d9506e1d61 P c2c8bec4d40141a6b1f470f6142de67a [term 0 FOLLOWER]: Consensus starting up: Expiring failure detector timer to make a prompt election more likely
I0917 09:19:49.344472 15361 raft_consensus.cc:705] T ac74b319ad54416685f8b9d9506e1d61 P c2c8bec4d40141a6b1f470f6142de67a [term 0 FOLLOWER]: Becoming Follower/Learner. State: Replica: c2c8bec4d40141a6b1f470f6142de67a, State: Initialized, Role: FOLLOWER
I0917 09:19:49.344496 15364 raft_consensus.cc:340] T f67125c2201a4791ab5756ecc8fba82a P f42c56d2dc6b4faba5a218e79da90951 [term 0 FOLLOWER]: Replica starting. Triggering 0 pending transactions. Active config: opid_index: -1 OBSOLETE_local: false peers { permanent_uuid: "f42c56d2dc6b4faba5a218e79da90951" member_type: VOTER last_known_addr { host: "127.13.208.66" port: 38793 } } peers { permanent_uuid: "c2c8bec4d40141a6b1f470f6142de67a" member_type: VOTER last_known_addr { host: "127.13.208.65" port: 39971 } } peers { permanent_uuid: "eea10e830a664ea4be74d8cffbe95552" member_type: VOTER last_known_addr { host: "127.13.208.67" port: 42065 } }
I0917 09:19:49.344512 15364 raft_consensus.cc:366] T f67125c2201a4791ab5756ecc8fba82a P f42c56d2dc6b4faba5a218e79da90951 [term 0 FOLLOWER]: Consensus starting up: Expiring failure detector timer to make a prompt election more likely
I0917 09:19:49.344523 15364 raft_consensus.cc:705] T f67125c2201a4791ab5756ecc8fba82a P f42c56d2dc6b4faba5a218e79da90951 [term 0 FOLLOWER]: Becoming Follower/Learner. State: Replica: f42c56d2dc6b4faba5a218e79da90951, State: Initialized, Role: FOLLOWER
I0917 09:19:49.344607 15361 consensus_queue.cc:229] T ac74b319ad54416685f8b9d9506e1d61 P c2c8bec4d40141a6b1f470f6142de67a [NON_LEADER]: Queue going to NON_LEADER mode. State: All replicated index: 0, Majority replicated index: 0, Committed index: 0, Last appended: 0.0, Last appended by leader: 0, Current term: 0, Majority size: -1, State: 0, Mode: NON_LEADER, active raft config: opid_index: -1 OBSOLETE_local: false peers { permanent_uuid: "eea10e830a664ea4be74d8cffbe95552" member_type: VOTER last_known_addr { host: "127.13.208.67" port: 42065 } } peers { permanent_uuid: "c2c8bec4d40141a6b1f470f6142de67a" member_type: VOTER last_known_addr { host: "127.13.208.65" port: 39971 } } peers { permanent_uuid: "f42c56d2dc6b4faba5a218e79da90951" member_type: VOTER last_known_addr { host: "127.13.208.66" port: 38793 } }
I0917 09:19:49.344626 15368 consensus_queue.cc:229] T de49f5bae5244941af0020522f04d827 P eea10e830a664ea4be74d8cffbe95552 [NON_LEADER]: Queue going to NON_LEADER mode. State: All replicated index: 0, Majority replicated index: 0, Committed index: 0, Last appended: 0.0, Last appended by leader: 0, Current term: 0, Majority size: -1, State: 0, Mode: NON_LEADER, active raft config: opid_index: -1 OBSOLETE_local: false peers { permanent_uuid: "c2c8bec4d40141a6b1f470f6142de67a" member_type: VOTER last_known_addr { host: "127.13.208.65" port: 39971 } } peers { permanent_uuid: "f42c56d2dc6b4faba5a218e79da90951" member_type: VOTER last_known_addr { host: "127.13.208.66" port: 38793 } } peers { permanent_uuid: "eea10e830a664ea4be74d8cffbe95552" member_type: VOTER last_known_addr { host: "127.13.208.67" port: 42065 } }
I0917 09:19:49.344671 15364 consensus_queue.cc:229] T f67125c2201a4791ab5756ecc8fba82a P f42c56d2dc6b4faba5a218e79da90951 [NON_LEADER]: Queue going to NON_LEADER mode. State: All replicated index: 0, Majority replicated index: 0, Committed index: 0, Last appended: 0.0, Last appended by leader: 0, Current term: 0, Majority size: -1, State: 0, Mode: NON_LEADER, active raft config: opid_index: -1 OBSOLETE_local: false peers { permanent_uuid: "f42c56d2dc6b4faba5a218e79da90951" member_type: VOTER last_known_addr { host: "127.13.208.66" port: 38793 } } peers { permanent_uuid: "c2c8bec4d40141a6b1f470f6142de67a" member_type: VOTER last_known_addr { host: "127.13.208.65" port: 39971 } } peers { permanent_uuid: "eea10e830a664ea4be74d8cffbe95552" member_type: VOTER last_known_addr { host: "127.13.208.67" port: 42065 } }
I0917 09:19:49.345125 15343 heartbeater.cc:447] Master 127.13.208.126:33685 was elected leader, sending a full tablet report...
I0917 09:19:49.345340 15368 ts_tablet_manager.cc:1113] T de49f5bae5244941af0020522f04d827 P eea10e830a664ea4be74d8cffbe95552: Time spent starting tablet: real 0.001s user 0.001s sys 0.000s
I0917 09:19:49.345468 15368 tablet_bootstrap.cc:439] T f67125c2201a4791ab5756ecc8fba82a P eea10e830a664ea4be74d8cffbe95552: Bootstrap starting.
I0917 09:19:49.345626 15361 ts_tablet_manager.cc:1113] T ac74b319ad54416685f8b9d9506e1d61 P c2c8bec4d40141a6b1f470f6142de67a: Time spent starting tablet: real 0.002s user 0.000s sys 0.001s
I0917 09:19:49.345751 15364 ts_tablet_manager.cc:1113] T f67125c2201a4791ab5756ecc8fba82a P f42c56d2dc6b4faba5a218e79da90951: Time spent starting tablet: real 0.002s user 0.000s sys 0.001s
I0917 09:19:49.345888 15364 tablet_bootstrap.cc:439] T ac74b319ad54416685f8b9d9506e1d61 P f42c56d2dc6b4faba5a218e79da90951: Bootstrap starting.
I0917 09:19:49.347904 15368 tablet_bootstrap.cc:590] T f67125c2201a4791ab5756ecc8fba82a P eea10e830a664ea4be74d8cffbe95552: No blocks or log segments found. Creating new log.
I0917 09:19:49.347973 15364 tablet_bootstrap.cc:590] T ac74b319ad54416685f8b9d9506e1d61 P f42c56d2dc6b4faba5a218e79da90951: No blocks or log segments found. Creating new log.
I0917 09:19:49.348762 15364 tablet_bootstrap.cc:439] T ac74b319ad54416685f8b9d9506e1d61 P f42c56d2dc6b4faba5a218e79da90951: No bootstrap required, opened a new log
I0917 09:19:49.348773 15368 tablet_bootstrap.cc:439] T f67125c2201a4791ab5756ecc8fba82a P eea10e830a664ea4be74d8cffbe95552: No bootstrap required, opened a new log
I0917 09:19:49.348817 15368 ts_tablet_manager.cc:1085] T f67125c2201a4791ab5756ecc8fba82a P eea10e830a664ea4be74d8cffbe95552: Time spent bootstrapping tablet: real 0.003s user 0.001s sys 0.000s
I0917 09:19:49.348821 15364 ts_tablet_manager.cc:1085] T ac74b319ad54416685f8b9d9506e1d61 P f42c56d2dc6b4faba5a218e79da90951: Time spent bootstrapping tablet: real 0.003s user 0.000s sys 0.001s
I0917 09:19:49.349141 15364 raft_consensus.cc:340] T ac74b319ad54416685f8b9d9506e1d61 P f42c56d2dc6b4faba5a218e79da90951 [term 0 FOLLOWER]: Replica starting. Triggering 0 pending transactions. Active config: opid_index: -1 OBSOLETE_local: false peers { permanent_uuid: "eea10e830a664ea4be74d8cffbe95552" member_type: VOTER last_known_addr { host: "127.13.208.67" port: 42065 } } peers { permanent_uuid: "c2c8bec4d40141a6b1f470f6142de67a" member_type: VOTER last_known_addr { host: "127.13.208.65" port: 39971 } } peers { permanent_uuid: "f42c56d2dc6b4faba5a218e79da90951" member_type: VOTER last_known_addr { host: "127.13.208.66" port: 38793 } }
I0917 09:19:49.349151 15368 raft_consensus.cc:340] T f67125c2201a4791ab5756ecc8fba82a P eea10e830a664ea4be74d8cffbe95552 [term 0 FOLLOWER]: Replica starting. Triggering 0 pending transactions. Active config: opid_index: -1 OBSOLETE_local: false peers { permanent_uuid: "f42c56d2dc6b4faba5a218e79da90951" member_type: VOTER last_known_addr { host: "127.13.208.66" port: 38793 } } peers { permanent_uuid: "c2c8bec4d40141a6b1f470f6142de67a" member_type: VOTER last_known_addr { host: "127.13.208.65" port: 39971 } } peers { permanent_uuid: "eea10e830a664ea4be74d8cffbe95552" member_type: VOTER last_known_addr { host: "127.13.208.67" port: 42065 } }
I0917 09:19:49.349161 15364 raft_consensus.cc:366] T ac74b319ad54416685f8b9d9506e1d61 P f42c56d2dc6b4faba5a218e79da90951 [term 0 FOLLOWER]: Consensus starting up: Expiring failure detector timer to make a prompt election more likely
I0917 09:19:49.349165 15368 raft_consensus.cc:366] T f67125c2201a4791ab5756ecc8fba82a P eea10e830a664ea4be74d8cffbe95552 [term 0 FOLLOWER]: Consensus starting up: Expiring failure detector timer to make a prompt election more likely
I0917 09:19:49.349174 15364 raft_consensus.cc:705] T ac74b319ad54416685f8b9d9506e1d61 P f42c56d2dc6b4faba5a218e79da90951 [term 0 FOLLOWER]: Becoming Follower/Learner. State: Replica: f42c56d2dc6b4faba5a218e79da90951, State: Initialized, Role: FOLLOWER
I0917 09:19:49.349175 15368 raft_consensus.cc:705] T f67125c2201a4791ab5756ecc8fba82a P eea10e830a664ea4be74d8cffbe95552 [term 0 FOLLOWER]: Becoming Follower/Learner. State: Replica: eea10e830a664ea4be74d8cffbe95552, State: Initialized, Role: FOLLOWER
I0917 09:19:49.349300 15364 consensus_queue.cc:229] T ac74b319ad54416685f8b9d9506e1d61 P f42c56d2dc6b4faba5a218e79da90951 [NON_LEADER]: Queue going to NON_LEADER mode. State: All replicated index: 0, Majority replicated index: 0, Committed index: 0, Last appended: 0.0, Last appended by leader: 0, Current term: 0, Majority size: -1, State: 0, Mode: NON_LEADER, active raft config: opid_index: -1 OBSOLETE_local: false peers { permanent_uuid: "eea10e830a664ea4be74d8cffbe95552" member_type: VOTER last_known_addr { host: "127.13.208.67" port: 42065 } } peers { permanent_uuid: "c2c8bec4d40141a6b1f470f6142de67a" member_type: VOTER last_known_addr { host: "127.13.208.65" port: 39971 } } peers { permanent_uuid: "f42c56d2dc6b4faba5a218e79da90951" member_type: VOTER last_known_addr { host: "127.13.208.66" port: 38793 } }
I0917 09:19:49.349351 15368 consensus_queue.cc:229] T f67125c2201a4791ab5756ecc8fba82a P eea10e830a664ea4be74d8cffbe95552 [NON_LEADER]: Queue going to NON_LEADER mode. State: All replicated index: 0, Majority replicated index: 0, Committed index: 0, Last appended: 0.0, Last appended by leader: 0, Current term: 0, Majority size: -1, State: 0, Mode: NON_LEADER, active raft config: opid_index: -1 OBSOLETE_local: false peers { permanent_uuid: "f42c56d2dc6b4faba5a218e79da90951" member_type: VOTER last_known_addr { host: "127.13.208.66" port: 38793 } } peers { permanent_uuid: "c2c8bec4d40141a6b1f470f6142de67a" member_type: VOTER last_known_addr { host: "127.13.208.65" port: 39971 } } peers { permanent_uuid: "eea10e830a664ea4be74d8cffbe95552" member_type: VOTER last_known_addr { host: "127.13.208.67" port: 42065 } }
I0917 09:19:49.349758 15368 ts_tablet_manager.cc:1113] T f67125c2201a4791ab5756ecc8fba82a P eea10e830a664ea4be74d8cffbe95552: Time spent starting tablet: real 0.001s user 0.000s sys 0.001s
I0917 09:19:49.349889 15364 ts_tablet_manager.cc:1113] T ac74b319ad54416685f8b9d9506e1d61 P f42c56d2dc6b4faba5a218e79da90951: Time spent starting tablet: real 0.001s user 0.000s sys 0.001s
I0917 09:19:49.349900 15368 tablet_bootstrap.cc:439] T ac74b319ad54416685f8b9d9506e1d61 P eea10e830a664ea4be74d8cffbe95552: Bootstrap starting.
I0917 09:19:49.350693 15372 raft_consensus.cc:472] T f67125c2201a4791ab5756ecc8fba82a P eea10e830a664ea4be74d8cffbe95552 [term 0 FOLLOWER]: Starting pre-election (no leader contacted us within the election timeout)
I0917 09:19:49.351013 15372 raft_consensus.cc:494] T f67125c2201a4791ab5756ecc8fba82a P eea10e830a664ea4be74d8cffbe95552 [term 0 FOLLOWER]: Starting pre-election with config: opid_index: -1 OBSOLETE_local: false peers { permanent_uuid: "f42c56d2dc6b4faba5a218e79da90951" member_type: VOTER last_known_addr { host: "127.13.208.66" port: 38793 } } peers { permanent_uuid: "c2c8bec4d40141a6b1f470f6142de67a" member_type: VOTER last_known_addr { host: "127.13.208.65" port: 39971 } } peers { permanent_uuid: "eea10e830a664ea4be74d8cffbe95552" member_type: VOTER last_known_addr { host: "127.13.208.67" port: 42065 } }
I0917 09:19:49.351456 15372 leader_election.cc:296] T f67125c2201a4791ab5756ecc8fba82a P eea10e830a664ea4be74d8cffbe95552 [CANDIDATE]: Term 1 pre-election: Requested pre-vote from peers f42c56d2dc6b4faba5a218e79da90951 (127.13.208.66:38793), c2c8bec4d40141a6b1f470f6142de67a (127.13.208.65:39971)
I0917 09:19:49.351675 15368 tablet_bootstrap.cc:590] T ac74b319ad54416685f8b9d9506e1d61 P eea10e830a664ea4be74d8cffbe95552: No blocks or log segments found. Creating new log.
I0917 09:19:49.352344 15368 tablet_bootstrap.cc:439] T ac74b319ad54416685f8b9d9506e1d61 P eea10e830a664ea4be74d8cffbe95552: No bootstrap required, opened a new log
I0917 09:19:49.352380 15368 ts_tablet_manager.cc:1085] T ac74b319ad54416685f8b9d9506e1d61 P eea10e830a664ea4be74d8cffbe95552: Time spent bootstrapping tablet: real 0.003s user 0.000s sys 0.001s
I0917 09:19:49.352630 15368 raft_consensus.cc:340] T ac74b319ad54416685f8b9d9506e1d61 P eea10e830a664ea4be74d8cffbe95552 [term 0 FOLLOWER]: Replica starting. Triggering 0 pending transactions. Active config: opid_index: -1 OBSOLETE_local: false peers { permanent_uuid: "eea10e830a664ea4be74d8cffbe95552" member_type: VOTER last_known_addr { host: "127.13.208.67" port: 42065 } } peers { permanent_uuid: "c2c8bec4d40141a6b1f470f6142de67a" member_type: VOTER last_known_addr { host: "127.13.208.65" port: 39971 } } peers { permanent_uuid: "f42c56d2dc6b4faba5a218e79da90951" member_type: VOTER last_known_addr { host: "127.13.208.66" port: 38793 } }
I0917 09:19:49.352645 15368 raft_consensus.cc:366] T ac74b319ad54416685f8b9d9506e1d61 P eea10e830a664ea4be74d8cffbe95552 [term 0 FOLLOWER]: Consensus starting up: Expiring failure detector timer to make a prompt election more likely
I0917 09:19:49.352653 15368 raft_consensus.cc:705] T ac74b319ad54416685f8b9d9506e1d61 P eea10e830a664ea4be74d8cffbe95552 [term 0 FOLLOWER]: Becoming Follower/Learner. State: Replica: eea10e830a664ea4be74d8cffbe95552, State: Initialized, Role: FOLLOWER
I0917 09:19:49.353798 15368 consensus_queue.cc:229] T ac74b319ad54416685f8b9d9506e1d61 P eea10e830a664ea4be74d8cffbe95552 [NON_LEADER]: Queue going to NON_LEADER mode. State: All replicated index: 0, Majority replicated index: 0, Committed index: 0, Last appended: 0.0, Last appended by leader: 0, Current term: 0, Majority size: -1, State: 0, Mode: NON_LEADER, active raft config: opid_index: -1 OBSOLETE_local: false peers { permanent_uuid: "eea10e830a664ea4be74d8cffbe95552" member_type: VOTER last_known_addr { host: "127.13.208.67" port: 42065 } } peers { permanent_uuid: "c2c8bec4d40141a6b1f470f6142de67a" member_type: VOTER last_known_addr { host: "127.13.208.65" port: 39971 } } peers { permanent_uuid: "f42c56d2dc6b4faba5a218e79da90951" member_type: VOTER last_known_addr { host: "127.13.208.66" port: 38793 } }
I0917 09:19:49.354017 15368 ts_tablet_manager.cc:1113] T ac74b319ad54416685f8b9d9506e1d61 P eea10e830a664ea4be74d8cffbe95552: Time spent starting tablet: real 0.002s user 0.000s sys 0.001s
I0917 09:19:49.357084 15243 tablet_service.cc:1295] Received RequestConsensusVote() RPC: tablet_id: "f67125c2201a4791ab5756ecc8fba82a" candidate_uuid: "eea10e830a664ea4be74d8cffbe95552" candidate_term: 1 candidate_status { last_received { term: 0 index: 0 } } ignore_live_leader: false dest_uuid: "f42c56d2dc6b4faba5a218e79da90951" is_pre_election: true
I0917 09:19:49.357117 15243 raft_consensus.cc:2350] T f67125c2201a4791ab5756ecc8fba82a P f42c56d2dc6b4faba5a218e79da90951 [term 0 FOLLOWER]: Leader pre-election vote request: Granting yes vote for candidate eea10e830a664ea4be74d8cffbe95552 in term 0.
I0917 09:19:49.357213 15279 leader_election.cc:310] T f67125c2201a4791ab5756ecc8fba82a P eea10e830a664ea4be74d8cffbe95552 [CANDIDATE]: Term 1 pre-election: Election decided. Result: candidate won. Election summary: received 2 responses out of 3 voters: 2 yes votes; 0 no votes. yes voters: eea10e830a664ea4be74d8cffbe95552, f42c56d2dc6b4faba5a218e79da90951; no voters:
I0917 09:19:49.357264 15372 raft_consensus.cc:2644] T f67125c2201a4791ab5756ecc8fba82a P eea10e830a664ea4be74d8cffbe95552 [term 0 FOLLOWER]: Leader pre-election won for term 1
I0917 09:19:49.357349 15372 raft_consensus.cc:472] T f67125c2201a4791ab5756ecc8fba82a P eea10e830a664ea4be74d8cffbe95552 [term 0 FOLLOWER]: Starting leader election (no leader contacted us within the election timeout)
I0917 09:19:49.357389 15372 raft_consensus.cc:2890] T f67125c2201a4791ab5756ecc8fba82a P eea10e830a664ea4be74d8cffbe95552 [term 0 FOLLOWER]: Advancing to term 1
I0917 09:19:49.357496 15167 tablet_service.cc:1295] Received RequestConsensusVote() RPC: tablet_id: "f67125c2201a4791ab5756ecc8fba82a" candidate_uuid: "eea10e830a664ea4be74d8cffbe95552" candidate_term: 1 candidate_status { last_received { term: 0 index: 0 } } ignore_live_leader: false dest_uuid: "c2c8bec4d40141a6b1f470f6142de67a" is_pre_election: true
I0917 09:19:49.357529 15167 raft_consensus.cc:2350] T f67125c2201a4791ab5756ecc8fba82a P c2c8bec4d40141a6b1f470f6142de67a [term 0 FOLLOWER]: Leader pre-election vote request: Granting yes vote for candidate eea10e830a664ea4be74d8cffbe95552 in term 0.
I0917 09:19:49.358325 15372 raft_consensus.cc:494] T f67125c2201a4791ab5756ecc8fba82a P eea10e830a664ea4be74d8cffbe95552 [term 1 FOLLOWER]: Starting leader election with config: opid_index: -1 OBSOLETE_local: false peers { permanent_uuid: "f42c56d2dc6b4faba5a218e79da90951" member_type: VOTER last_known_addr { host: "127.13.208.66" port: 38793 } } peers { permanent_uuid: "c2c8bec4d40141a6b1f470f6142de67a" member_type: VOTER last_known_addr { host: "127.13.208.65" port: 39971 } } peers { permanent_uuid: "eea10e830a664ea4be74d8cffbe95552" member_type: VOTER last_known_addr { host: "127.13.208.67" port: 42065 } }
I0917 09:19:49.358465 15372 leader_election.cc:296] T f67125c2201a4791ab5756ecc8fba82a P eea10e830a664ea4be74d8cffbe95552 [CANDIDATE]: Term 1 election: Requested vote from peers f42c56d2dc6b4faba5a218e79da90951 (127.13.208.66:38793), c2c8bec4d40141a6b1f470f6142de67a (127.13.208.65:39971)
I0917 09:19:49.358587 15167 tablet_service.cc:1295] Received RequestConsensusVote() RPC: tablet_id: "f67125c2201a4791ab5756ecc8fba82a" candidate_uuid: "eea10e830a664ea4be74d8cffbe95552" candidate_term: 1 candidate_status { last_received { term: 0 index: 0 } } ignore_live_leader: false dest_uuid: "c2c8bec4d40141a6b1f470f6142de67a"
I0917 09:19:49.358618 15167 raft_consensus.cc:2890] T f67125c2201a4791ab5756ecc8fba82a P c2c8bec4d40141a6b1f470f6142de67a [term 0 FOLLOWER]: Advancing to term 1
I0917 09:19:49.358651 15243 tablet_service.cc:1295] Received RequestConsensusVote() RPC: tablet_id: "f67125c2201a4791ab5756ecc8fba82a" candidate_uuid: "eea10e830a664ea4be74d8cffbe95552" candidate_term: 1 candidate_status { last_received { term: 0 index: 0 } } ignore_live_leader: false dest_uuid: "f42c56d2dc6b4faba5a218e79da90951"
I0917 09:19:49.358678 15243 raft_consensus.cc:2890] T f67125c2201a4791ab5756ecc8fba82a P f42c56d2dc6b4faba5a218e79da90951 [term 0 FOLLOWER]: Advancing to term 1
I0917 09:19:49.359809 15167 raft_consensus.cc:2350] T f67125c2201a4791ab5756ecc8fba82a P c2c8bec4d40141a6b1f470f6142de67a [term 1 FOLLOWER]: Leader election vote request: Granting yes vote for candidate eea10e830a664ea4be74d8cffbe95552 in term 1.
I0917 09:19:49.359853 15243 raft_consensus.cc:2350] T f67125c2201a4791ab5756ecc8fba82a P f42c56d2dc6b4faba5a218e79da90951 [term 1 FOLLOWER]: Leader election vote request: Granting yes vote for candidate eea10e830a664ea4be74d8cffbe95552 in term 1.
I0917 09:19:49.360007 15280 leader_election.cc:310] T f67125c2201a4791ab5756ecc8fba82a P eea10e830a664ea4be74d8cffbe95552 [CANDIDATE]: Term 1 election: Election decided. Result: candidate won. Election summary: received 3 responses out of 3 voters: 3 yes votes; 0 no votes. yes voters: c2c8bec4d40141a6b1f470f6142de67a, eea10e830a664ea4be74d8cffbe95552, f42c56d2dc6b4faba5a218e79da90951; no voters:
I0917 09:19:49.360069 15372 raft_consensus.cc:2644] T f67125c2201a4791ab5756ecc8fba82a P eea10e830a664ea4be74d8cffbe95552 [term 1 FOLLOWER]: Leader election won for term 1
I0917 09:19:49.360174 15372 raft_consensus.cc:667] T f67125c2201a4791ab5756ecc8fba82a P eea10e830a664ea4be74d8cffbe95552 [term 1 LEADER]: Becoming Leader. State: Replica: eea10e830a664ea4be74d8cffbe95552, State: Running, Role: LEADER
I0917 09:19:49.360267 15372 consensus_queue.cc:206] T f67125c2201a4791ab5756ecc8fba82a P eea10e830a664ea4be74d8cffbe95552 [LEADER]: Queue going to LEADER mode. State: All replicated index: 0, Majority replicated index: 0, Committed index: 0, Last appended: 0.0, Last appended by leader: 0, Current term: 1, Majority size: 2, State: 0, Mode: LEADER, active raft config: opid_index: -1 OBSOLETE_local: false peers { permanent_uuid: "f42c56d2dc6b4faba5a218e79da90951" member_type: VOTER last_known_addr { host: "127.13.208.66" port: 38793 } } peers { permanent_uuid: "c2c8bec4d40141a6b1f470f6142de67a" member_type: VOTER last_known_addr { host: "127.13.208.65" port: 39971 } } peers { permanent_uuid: "eea10e830a664ea4be74d8cffbe95552" member_type: VOTER last_known_addr { host: "127.13.208.67" port: 42065 } }
I0917 09:19:49.361042 14964 catalog_manager.cc:4120] T f67125c2201a4791ab5756ecc8fba82a P eea10e830a664ea4be74d8cffbe95552 reported cstate change: term changed from 0 to 1, leader changed from to eea10e830a664ea4be74d8cffbe95552 (127.13.208.67). New cstate: current_term: 1 leader_uuid: "eea10e830a664ea4be74d8cffbe95552" committed_config { opid_index: -1 OBSOLETE_local: false peers { permanent_uuid: "f42c56d2dc6b4faba5a218e79da90951" member_type: VOTER last_known_addr { host: "127.13.208.66" port: 38793 } health_report { overall_health: UNKNOWN } } peers { permanent_uuid: "c2c8bec4d40141a6b1f470f6142de67a" member_type: VOTER last_known_addr { host: "127.13.208.65" port: 39971 } health_report { overall_health: UNKNOWN } } peers { permanent_uuid: "eea10e830a664ea4be74d8cffbe95552" member_type: VOTER last_known_addr { host: "127.13.208.67" port: 42065 } health_report { overall_health: HEALTHY } } }
I0917 09:19:49.365869 15363 raft_consensus.cc:472] T ac74b319ad54416685f8b9d9506e1d61 P c2c8bec4d40141a6b1f470f6142de67a [term 0 FOLLOWER]: Starting pre-election (no leader contacted us within the election timeout)
I0917 09:19:49.365944 15363 raft_consensus.cc:494] T ac74b319ad54416685f8b9d9506e1d61 P c2c8bec4d40141a6b1f470f6142de67a [term 0 FOLLOWER]: Starting pre-election with config: opid_index: -1 OBSOLETE_local: false peers { permanent_uuid: "eea10e830a664ea4be74d8cffbe95552" member_type: VOTER last_known_addr { host: "127.13.208.67" port: 42065 } } peers { permanent_uuid: "c2c8bec4d40141a6b1f470f6142de67a" member_type: VOTER last_known_addr { host: "127.13.208.65" port: 39971 } } peers { permanent_uuid: "f42c56d2dc6b4faba5a218e79da90951" member_type: VOTER last_known_addr { host: "127.13.208.66" port: 38793 } }
I0917 09:19:49.366041 15363 leader_election.cc:296] T ac74b319ad54416685f8b9d9506e1d61 P c2c8bec4d40141a6b1f470f6142de67a [CANDIDATE]: Term 1 pre-election: Requested pre-vote from peers eea10e830a664ea4be74d8cffbe95552 (127.13.208.67:42065), f42c56d2dc6b4faba5a218e79da90951 (127.13.208.66:38793)
I0917 09:19:49.369814 15243 tablet_service.cc:1295] Received RequestConsensusVote() RPC: tablet_id: "ac74b319ad54416685f8b9d9506e1d61" candidate_uuid: "c2c8bec4d40141a6b1f470f6142de67a" candidate_term: 1 candidate_status { last_received { term: 0 index: 0 } } ignore_live_leader: false dest_uuid: "f42c56d2dc6b4faba5a218e79da90951" is_pre_election: true
I0917 09:19:49.369846 15318 tablet_service.cc:1295] Received RequestConsensusVote() RPC: tablet_id: "ac74b319ad54416685f8b9d9506e1d61" candidate_uuid: "c2c8bec4d40141a6b1f470f6142de67a" candidate_term: 1 candidate_status { last_received { term: 0 index: 0 } } ignore_live_leader: false dest_uuid: "eea10e830a664ea4be74d8cffbe95552" is_pre_election: true
I0917 09:19:49.369866 15243 raft_consensus.cc:2350] T ac74b319ad54416685f8b9d9506e1d61 P f42c56d2dc6b4faba5a218e79da90951 [term 0 FOLLOWER]: Leader pre-election vote request: Granting yes vote for candidate c2c8bec4d40141a6b1f470f6142de67a in term 0.
I0917 09:19:49.369884 15318 raft_consensus.cc:2350] T ac74b319ad54416685f8b9d9506e1d61 P eea10e830a664ea4be74d8cffbe95552 [term 0 FOLLOWER]: Leader pre-election vote request: Granting yes vote for candidate c2c8bec4d40141a6b1f470f6142de67a in term 0.
I0917 09:19:49.369984 15125 leader_election.cc:310] T ac74b319ad54416685f8b9d9506e1d61 P c2c8bec4d40141a6b1f470f6142de67a [CANDIDATE]: Term 1 pre-election: Election decided. Result: candidate won. Election summary: received 2 responses out of 3 voters: 2 yes votes; 0 no votes. yes voters: c2c8bec4d40141a6b1f470f6142de67a, f42c56d2dc6b4faba5a218e79da90951; no voters:
I0917 09:19:49.370055 15363 raft_consensus.cc:2644] T ac74b319ad54416685f8b9d9506e1d61 P c2c8bec4d40141a6b1f470f6142de67a [term 0 FOLLOWER]: Leader pre-election won for term 1
I0917 09:19:49.370076 15363 raft_consensus.cc:472] T ac74b319ad54416685f8b9d9506e1d61 P c2c8bec4d40141a6b1f470f6142de67a [term 0 FOLLOWER]: Starting leader election (no leader contacted us within the election timeout)
I0917 09:19:49.370084 15363 raft_consensus.cc:2890] T ac74b319ad54416685f8b9d9506e1d61 P c2c8bec4d40141a6b1f470f6142de67a [term 0 FOLLOWER]: Advancing to term 1
I0917 09:19:49.370744 15363 raft_consensus.cc:494] T ac74b319ad54416685f8b9d9506e1d61 P c2c8bec4d40141a6b1f470f6142de67a [term 1 FOLLOWER]: Starting leader election with config: opid_index: -1 OBSOLETE_local: false peers { permanent_uuid: "eea10e830a664ea4be74d8cffbe95552" member_type: VOTER last_known_addr { host: "127.13.208.67" port: 42065 } } peers { permanent_uuid: "c2c8bec4d40141a6b1f470f6142de67a" member_type: VOTER last_known_addr { host: "127.13.208.65" port: 39971 } } peers { permanent_uuid: "f42c56d2dc6b4faba5a218e79da90951" member_type: VOTER last_known_addr { host: "127.13.208.66" port: 38793 } }
I0917 09:19:49.370818 15363 leader_election.cc:296] T ac74b319ad54416685f8b9d9506e1d61 P c2c8bec4d40141a6b1f470f6142de67a [CANDIDATE]: Term 1 election: Requested vote from peers eea10e830a664ea4be74d8cffbe95552 (127.13.208.67:42065), f42c56d2dc6b4faba5a218e79da90951 (127.13.208.66:38793)
I0917 09:19:49.370996 15243 tablet_service.cc:1295] Received RequestConsensusVote() RPC: tablet_id: "ac74b319ad54416685f8b9d9506e1d61" candidate_uuid: "c2c8bec4d40141a6b1f470f6142de67a" candidate_term: 1 candidate_status { last_received { term: 0 index: 0 } } ignore_live_leader: false dest_uuid: "f42c56d2dc6b4faba5a218e79da90951"
I0917 09:19:49.371006 15318 tablet_service.cc:1295] Received RequestConsensusVote() RPC: tablet_id: "ac74b319ad54416685f8b9d9506e1d61" candidate_uuid: "c2c8bec4d40141a6b1f470f6142de67a" candidate_term: 1 candidate_status { last_received { term: 0 index: 0 } } ignore_live_leader: false dest_uuid: "eea10e830a664ea4be74d8cffbe95552"
I0917 09:19:49.371033 15243 raft_consensus.cc:2890] T ac74b319ad54416685f8b9d9506e1d61 P f42c56d2dc6b4faba5a218e79da90951 [term 0 FOLLOWER]: Advancing to term 1
I0917 09:19:49.371035 15318 raft_consensus.cc:2890] T ac74b319ad54416685f8b9d9506e1d61 P eea10e830a664ea4be74d8cffbe95552 [term 0 FOLLOWER]: Advancing to term 1
I0917 09:19:49.372058 15318 raft_consensus.cc:2350] T ac74b319ad54416685f8b9d9506e1d61 P eea10e830a664ea4be74d8cffbe95552 [term 1 FOLLOWER]: Leader election vote request: Granting yes vote for candidate c2c8bec4d40141a6b1f470f6142de67a in term 1.
I0917 09:19:49.372083 15243 raft_consensus.cc:2350] T ac74b319ad54416685f8b9d9506e1d61 P f42c56d2dc6b4faba5a218e79da90951 [term 1 FOLLOWER]: Leader election vote request: Granting yes vote for candidate c2c8bec4d40141a6b1f470f6142de67a in term 1.
I0917 09:19:49.372217 15125 leader_election.cc:310] T ac74b319ad54416685f8b9d9506e1d61 P c2c8bec4d40141a6b1f470f6142de67a [CANDIDATE]: Term 1 election: Election decided. Result: candidate won. Election summary: received 2 responses out of 3 voters: 2 yes votes; 0 no votes. yes voters: c2c8bec4d40141a6b1f470f6142de67a, f42c56d2dc6b4faba5a218e79da90951; no voters:
I0917 09:19:49.372298 15363 raft_consensus.cc:2644] T ac74b319ad54416685f8b9d9506e1d61 P c2c8bec4d40141a6b1f470f6142de67a [term 1 FOLLOWER]: Leader election won for term 1
I0917 09:19:49.372398 15363 raft_consensus.cc:667] T ac74b319ad54416685f8b9d9506e1d61 P c2c8bec4d40141a6b1f470f6142de67a [term 1 LEADER]: Becoming Leader. State: Replica: c2c8bec4d40141a6b1f470f6142de67a, State: Running, Role: LEADER
