I0917 09:19:43.198197 14394 consensus_queue.cc:995] T 252b39981f3b42368cd835c1f62536e5 P 3b4eceaa1f8246de8fd9a3309a08848b [LEADER]: Peer responded invalid term: Peer: permanent_uuid: "7e80b3cd6d95403f8499e84cc013b527" member_type: VOTER last_known_addr { host: "127.13.208.66" port: 40627 }, Status: INVALID_TERM, Last received: 6.6, Next index: 7, Last known committed idx: 6, Time since last communication: 0.000s
I0917 09:19:43.198266 14394 consensus_queue.cc:1162] T 252b39981f3b42368cd835c1f62536e5 P 3b4eceaa1f8246de8fd9a3309a08848b [LEADER]: Peer 7e80b3cd6d95403f8499e84cc013b527 log is divergent from this leader: its last log entry 7.7 is not in this leader's log and it has not received anything from this leader yet. Falling back to committed index 6
I0917 09:19:43.198287 14394 raft_consensus.cc:2885] T 252b39981f3b42368cd835c1f62536e5 P 3b4eceaa1f8246de8fd9a3309a08848b [term 6 LEADER]: Stepping down as leader of term 6
I0917 09:19:43.198297 14394 raft_consensus.cc:705] T 252b39981f3b42368cd835c1f62536e5 P 3b4eceaa1f8246de8fd9a3309a08848b [term 6 LEADER]: Becoming Follower/Learner. State: Replica: 3b4eceaa1f8246de8fd9a3309a08848b, State: Running, Role: LEADER
I0917 09:19:43.198339 14394 consensus_queue.cc:229] T 252b39981f3b42368cd835c1f62536e5 P 3b4eceaa1f8246de8fd9a3309a08848b [NON_LEADER]: Queue going to NON_LEADER mode. State: All replicated index: 0, Majority replicated index: 6, Committed index: 6, Last appended: 6.6, Last appended by leader: 6, Current term: 6, Majority size: -1, State: 0, Mode: NON_LEADER, active raft config: opid_index: -1 OBSOLETE_local: false peers { permanent_uuid: "7e80b3cd6d95403f8499e84cc013b527" member_type: VOTER last_known_addr { host: "127.13.208.66" port: 40627 } } peers { permanent_uuid: "3b4eceaa1f8246de8fd9a3309a08848b" member_type: VOTER last_known_addr { host: "127.13.208.65" port: 35707 } }
I0917 09:19:43.198362 14394 raft_consensus.cc:2890] T 252b39981f3b42368cd835c1f62536e5 P 3b4eceaa1f8246de8fd9a3309a08848b [term 6 FOLLOWER]: Advancing to term 7
I0917 09:19:43.319912 14145 cluster_itest_util.cc:259] Not converged past 7 yet: 6.6 7.7
I0917 09:19:43.613386 14260 raft_consensus.cc:1184] T 252b39981f3b42368cd835c1f62536e5 P 3b4eceaa1f8246de8fd9a3309a08848b [term 7 FOLLOWER]: Refusing update from remote peer 7e80b3cd6d95403f8499e84cc013b527: Log matching property violated. Preceding OpId in replica: term: 6 index: 6. Preceding OpId from leader: term: 7 index: 7. (index mismatch)
I0917 09:19:43.613683 14396 consensus_queue.cc:984] T 252b39981f3b42368cd835c1f62536e5 P 7e80b3cd6d95403f8499e84cc013b527 [LEADER]: Connected to new peer: Peer: permanent_uuid: "3b4eceaa1f8246de8fd9a3309a08848b" member_type: VOTER last_known_addr { host: "127.13.208.65" port: 35707 }, Status: LMP_MISMATCH, Last received: 0.0, Next index: 7, Last known committed idx: 6, Time since last communication: 0.000s
I0917 09:19:43.620972 14145 ts_tablet_manager-itest.cc:324] Electing peer 1...
I0917 09:19:43.621009 14145 raft_consensus.cc:405] T 252b39981f3b42368cd835c1f62536e5 P 7e80b3cd6d95403f8499e84cc013b527 [term 7 LEADER]: Emulating election...
I0917 09:19:43.621016 14145 raft_consensus.cc:2885] T 252b39981f3b42368cd835c1f62536e5 P 7e80b3cd6d95403f8499e84cc013b527 [term 7 LEADER]: Stepping down as leader of term 7
I0917 09:19:43.621022 14145 raft_consensus.cc:705] T 252b39981f3b42368cd835c1f62536e5 P 7e80b3cd6d95403f8499e84cc013b527 [term 7 LEADER]: Becoming Follower/Learner. State: Replica: 7e80b3cd6d95403f8499e84cc013b527, State: Running, Role: LEADER
I0917 09:19:43.621102 14145 consensus_queue.cc:229] T 252b39981f3b42368cd835c1f62536e5 P 7e80b3cd6d95403f8499e84cc013b527 [NON_LEADER]: Queue going to NON_LEADER mode. State: All replicated index: 0, Majority replicated index: 7, Committed index: 7, Last appended: 7.7, Last appended by leader: 7, Current term: 7, Majority size: -1, State: 0, Mode: NON_LEADER, active raft config: opid_index: -1 OBSOLETE_local: false peers { permanent_uuid: "7e80b3cd6d95403f8499e84cc013b527" member_type: VOTER last_known_addr { host: "127.13.208.66" port: 40627 } } peers { permanent_uuid: "3b4eceaa1f8246de8fd9a3309a08848b" member_type: VOTER last_known_addr { host: "127.13.208.65" port: 35707 } }
I0917 09:19:43.621134 14145 raft_consensus.cc:2890] T 252b39981f3b42368cd835c1f62536e5 P 7e80b3cd6d95403f8499e84cc013b527 [term 7 FOLLOWER]: Advancing to term 8
I0917 09:19:43.621789 14145 raft_consensus.cc:667] T 252b39981f3b42368cd835c1f62536e5 P 7e80b3cd6d95403f8499e84cc013b527 [term 8 LEADER]: Becoming Leader. State: Replica: 7e80b3cd6d95403f8499e84cc013b527, State: Running, Role: LEADER
I0917 09:19:43.621860 14145 consensus_queue.cc:206] T 252b39981f3b42368cd835c1f62536e5 P 7e80b3cd6d95403f8499e84cc013b527 [LEADER]: Queue going to LEADER mode. State: All replicated index: 0, Majority replicated index: 7, Committed index: 7, Last appended: 7.7, Last appended by leader: 7, Current term: 8, Majority size: 2, State: 0, Mode: LEADER, active raft config: opid_index: -1 OBSOLETE_local: false peers { permanent_uuid: "7e80b3cd6d95403f8499e84cc013b527" member_type: VOTER last_known_addr { host: "127.13.208.66" port: 40627 } } peers { permanent_uuid: "3b4eceaa1f8246de8fd9a3309a08848b" member_type: VOTER last_known_addr { host: "127.13.208.65" port: 35707 } }
I0917 09:19:43.621966 14145 ts_tablet_manager-itest.cc:327] Waiting for servers to agree...
I0917 09:19:43.622606 14145 cluster_itest_util.cc:259] Not converged past 8 yet: 7.7 8.8
I0917 09:19:43.723578 14145 cluster_itest_util.cc:259] Not converged past 8 yet: 7.7 8.8
I0917 09:19:43.924513 14145 cluster_itest_util.cc:259] Not converged past 8 yet: 7.7 8.8
I0917 09:19:44.033831 14260 raft_consensus.cc:2890] T 252b39981f3b42368cd835c1f62536e5 P 3b4eceaa1f8246de8fd9a3309a08848b [term 7 FOLLOWER]: Advancing to term 8
I0917 09:19:44.034576 14260 raft_consensus.cc:1184] T 252b39981f3b42368cd835c1f62536e5 P 3b4eceaa1f8246de8fd9a3309a08848b [term 8 FOLLOWER]: Refusing update from remote peer 7e80b3cd6d95403f8499e84cc013b527: Log matching property violated. Preceding OpId in replica: term: 7 index: 7. Preceding OpId from leader: term: 8 index: 8. (index mismatch)
I0917 09:19:44.034873 14397 consensus_queue.cc:984] T 252b39981f3b42368cd835c1f62536e5 P 7e80b3cd6d95403f8499e84cc013b527 [LEADER]: Connected to new peer: Peer: permanent_uuid: "3b4eceaa1f8246de8fd9a3309a08848b" member_type: VOTER last_known_addr { host: "127.13.208.65" port: 35707 }, Status: LMP_MISMATCH, Last received: 0.0, Next index: 8, Last known committed idx: 7, Time since last communication: 0.000s
I0917 09:19:44.225670 14145 ts_tablet_manager-itest.cc:324] Electing peer 1...
I0917 09:19:44.225708 14145 raft_consensus.cc:405] T 252b39981f3b42368cd835c1f62536e5 P 7e80b3cd6d95403f8499e84cc013b527 [term 8 LEADER]: Emulating election...
I0917 09:19:44.225714 14145 raft_consensus.cc:2885] T 252b39981f3b42368cd835c1f62536e5 P 7e80b3cd6d95403f8499e84cc013b527 [term 8 LEADER]: Stepping down as leader of term 8
I0917 09:19:44.225719 14145 raft_consensus.cc:705] T 252b39981f3b42368cd835c1f62536e5 P 7e80b3cd6d95403f8499e84cc013b527 [term 8 LEADER]: Becoming Follower/Learner. State: Replica: 7e80b3cd6d95403f8499e84cc013b527, State: Running, Role: LEADER
I0917 09:19:44.225800 14145 consensus_queue.cc:229] T 252b39981f3b42368cd835c1f62536e5 P 7e80b3cd6d95403f8499e84cc013b527 [NON_LEADER]: Queue going to NON_LEADER mode. State: All replicated index: 0, Majority replicated index: 8, Committed index: 8, Last appended: 8.8, Last appended by leader: 8, Current term: 8, Majority size: -1, State: 0, Mode: NON_LEADER, active raft config: opid_index: -1 OBSOLETE_local: false peers { permanent_uuid: "7e80b3cd6d95403f8499e84cc013b527" member_type: VOTER last_known_addr { host: "127.13.208.66" port: 40627 } } peers { permanent_uuid: "3b4eceaa1f8246de8fd9a3309a08848b" member_type: VOTER last_known_addr { host: "127.13.208.65" port: 35707 } }
I0917 09:19:44.225829 14145 raft_consensus.cc:2890] T 252b39981f3b42368cd835c1f62536e5 P 7e80b3cd6d95403f8499e84cc013b527 [term 8 FOLLOWER]: Advancing to term 9
I0917 09:19:44.226519 14145 raft_consensus.cc:667] T 252b39981f3b42368cd835c1f62536e5 P 7e80b3cd6d95403f8499e84cc013b527 [term 9 LEADER]: Becoming Leader. State: Replica: 7e80b3cd6d95403f8499e84cc013b527, State: Running, Role: LEADER
I0917 09:19:44.226598 14145 consensus_queue.cc:206] T 252b39981f3b42368cd835c1f62536e5 P 7e80b3cd6d95403f8499e84cc013b527 [LEADER]: Queue going to LEADER mode. State: All replicated index: 0, Majority replicated index: 8, Committed index: 8, Last appended: 8.8, Last appended by leader: 8, Current term: 9, Majority size: 2, State: 0, Mode: LEADER, active raft config: opid_index: -1 OBSOLETE_local: false peers { permanent_uuid: "7e80b3cd6d95403f8499e84cc013b527" member_type: VOTER last_known_addr { host: "127.13.208.66" port: 40627 } } peers { permanent_uuid: "3b4eceaa1f8246de8fd9a3309a08848b" member_type: VOTER last_known_addr { host: "127.13.208.65" port: 35707 } }
I0917 09:19:44.226734 14145 ts_tablet_manager-itest.cc:327] Waiting for servers to agree...
I0917 09:19:44.227219 14145 cluster_itest_util.cc:259] Not converged past 9 yet: 8.8 9.9
I0917 09:19:44.328138 14145 cluster_itest_util.cc:259] Not converged past 9 yet: 8.8 9.9
I0917 09:19:44.529278 14145 cluster_itest_util.cc:259] Not converged past 9 yet: 8.8 9.9
I0917 09:19:44.616124 14260 raft_consensus.cc:2890] T 252b39981f3b42368cd835c1f62536e5 P 3b4eceaa1f8246de8fd9a3309a08848b [term 8 FOLLOWER]: Advancing to term 9
I0917 09:19:44.616943 14260 raft_consensus.cc:1184] T 252b39981f3b42368cd835c1f62536e5 P 3b4eceaa1f8246de8fd9a3309a08848b [term 9 FOLLOWER]: Refusing update from remote peer 7e80b3cd6d95403f8499e84cc013b527: Log matching property violated. Preceding OpId in replica: term: 8 index: 8. Preceding OpId from leader: term: 9 index: 9. (index mismatch)
I0917 09:19:44.617234 14397 consensus_queue.cc:984] T 252b39981f3b42368cd835c1f62536e5 P 7e80b3cd6d95403f8499e84cc013b527 [LEADER]: Connected to new peer: Peer: permanent_uuid: "3b4eceaa1f8246de8fd9a3309a08848b" member_type: VOTER last_known_addr { host: "127.13.208.65" port: 35707 }, Status: LMP_MISMATCH, Last received: 0.0, Next index: 9, Last known committed idx: 8, Time since last communication: 0.000s
I0917 09:19:44.830258 14145 ts_tablet_manager-itest.cc:324] Electing peer 0...
I0917 09:19:44.830294 14145 raft_consensus.cc:405] T 252b39981f3b42368cd835c1f62536e5 P 3b4eceaa1f8246de8fd9a3309a08848b [term 9 FOLLOWER]: Emulating election...
I0917 09:19:44.830301 14145 raft_consensus.cc:2890] T 252b39981f3b42368cd835c1f62536e5 P 3b4eceaa1f8246de8fd9a3309a08848b [term 9 FOLLOWER]: Advancing to term 10
I0917 09:19:44.830965 14145 raft_consensus.cc:667] T 252b39981f3b42368cd835c1f62536e5 P 3b4eceaa1f8246de8fd9a3309a08848b [term 10 LEADER]: Becoming Leader. State: Replica: 3b4eceaa1f8246de8fd9a3309a08848b, State: Running, Role: LEADER
I0917 09:19:44.831068 14145 consensus_queue.cc:206] T 252b39981f3b42368cd835c1f62536e5 P 3b4eceaa1f8246de8fd9a3309a08848b [LEADER]: Queue going to LEADER mode. State: All replicated index: 0, Majority replicated index: 9, Committed index: 9, Last appended: 9.9, Last appended by leader: 9, Current term: 10, Majority size: 2, State: 0, Mode: LEADER, active raft config: opid_index: -1 OBSOLETE_local: false peers { permanent_uuid: "7e80b3cd6d95403f8499e84cc013b527" member_type: VOTER last_known_addr { host: "127.13.208.66" port: 40627 } } peers { permanent_uuid: "3b4eceaa1f8246de8fd9a3309a08848b" member_type: VOTER last_known_addr { host: "127.13.208.65" port: 35707 } }
I0917 09:19:44.831182 14145 ts_tablet_manager-itest.cc:327] Waiting for servers to agree...
I0917 09:19:44.831883 14145 cluster_itest_util.cc:259] Not converged past 10 yet: 10.10 9.9
I0917 09:19:44.932876 14145 cluster_itest_util.cc:259] Not converged past 10 yet: 10.10 9.9
I0917 09:19:45.133877 14145 cluster_itest_util.cc:259] Not converged past 10 yet: 10.10 9.9
I0917 09:19:45.211560 14260 raft_consensus.cc:1149] T 252b39981f3b42368cd835c1f62536e5 P 3b4eceaa1f8246de8fd9a3309a08848b [term 10 LEADER]: Rejecting Update request from peer 7e80b3cd6d95403f8499e84cc013b527 for earlier term 9. Current term is 10. Ops: []
I0917 09:19:45.211874 14404 consensus_queue.cc:995] T 252b39981f3b42368cd835c1f62536e5 P 7e80b3cd6d95403f8499e84cc013b527 [LEADER]: Peer responded invalid term: Peer: permanent_uuid: "3b4eceaa1f8246de8fd9a3309a08848b" member_type: VOTER last_known_addr { host: "127.13.208.65" port: 35707 }, Status: INVALID_TERM, Last received: 9.9, Next index: 10, Last known committed idx: 9, Time since last communication: 0.000s
I0917 09:19:45.211954 14404 consensus_queue.cc:1162] T 252b39981f3b42368cd835c1f62536e5 P 7e80b3cd6d95403f8499e84cc013b527 [LEADER]: Peer 3b4eceaa1f8246de8fd9a3309a08848b log is divergent from this leader: its last log entry 10.10 is not in this leader's log and it has not received anything from this leader yet. Falling back to committed index 9
I0917 09:19:45.211979 14404 raft_consensus.cc:2885] T 252b39981f3b42368cd835c1f62536e5 P 7e80b3cd6d95403f8499e84cc013b527 [term 9 LEADER]: Stepping down as leader of term 9
I0917 09:19:45.211987 14404 raft_consensus.cc:705] T 252b39981f3b42368cd835c1f62536e5 P 7e80b3cd6d95403f8499e84cc013b527 [term 9 LEADER]: Becoming Follower/Learner. State: Replica: 7e80b3cd6d95403f8499e84cc013b527, State: Running, Role: LEADER
I0917 09:19:45.212049 14404 consensus_queue.cc:229] T 252b39981f3b42368cd835c1f62536e5 P 7e80b3cd6d95403f8499e84cc013b527 [NON_LEADER]: Queue going to NON_LEADER mode. State: All replicated index: 0, Majority replicated index: 9, Committed index: 9, Last appended: 9.9, Last appended by leader: 9, Current term: 9, Majority size: -1, State: 0, Mode: NON_LEADER, active raft config: opid_index: -1 OBSOLETE_local: false peers { permanent_uuid: "7e80b3cd6d95403f8499e84cc013b527" member_type: VOTER last_known_addr { host: "127.13.208.66" port: 40627 } } peers { permanent_uuid: "3b4eceaa1f8246de8fd9a3309a08848b" member_type: VOTER last_known_addr { host: "127.13.208.65" port: 35707 } }
I0917 09:19:45.212076 14404 raft_consensus.cc:2890] T 252b39981f3b42368cd835c1f62536e5 P 7e80b3cd6d95403f8499e84cc013b527 [term 9 FOLLOWER]: Advancing to term 10
I0917 09:19:45.287537 14328 raft_consensus.cc:1184] T 252b39981f3b42368cd835c1f62536e5 P 7e80b3cd6d95403f8499e84cc013b527 [term 10 FOLLOWER]: Refusing update from remote peer 3b4eceaa1f8246de8fd9a3309a08848b: Log matching property violated. Preceding OpId in replica: term: 9 index: 9. Preceding OpId from leader: term: 10 index: 10. (index mismatch)
I0917 09:19:45.288472 14400 consensus_queue.cc:984] T 252b39981f3b42368cd835c1f62536e5 P 3b4eceaa1f8246de8fd9a3309a08848b [LEADER]: Connected to new peer: Peer: permanent_uuid: "7e80b3cd6d95403f8499e84cc013b527" member_type: VOTER last_known_addr { host: "127.13.208.66" port: 40627 }, Status: LMP_MISMATCH, Last received: 0.0, Next index: 10, Last known committed idx: 9, Time since last communication: 0.000s
I0917 09:19:45.435444 14145 tablet_server.cc:155] TabletServer shutting down...
I0917 09:19:45.439126 14145 ts_tablet_manager.cc:1159] Shutting down tablet manager...
I0917 09:19:45.439172 14145 tablet_replica.cc:273] T 252b39981f3b42368cd835c1f62536e5 P 3b4eceaa1f8246de8fd9a3309a08848b: stopping tablet replica
I0917 09:19:45.439222 14145 raft_consensus.cc:2147] T 252b39981f3b42368cd835c1f62536e5 P 3b4eceaa1f8246de8fd9a3309a08848b [term 10 LEADER]: Raft consensus shutting down.
I0917 09:19:45.439277 14145 raft_consensus.cc:2174] T 252b39981f3b42368cd835c1f62536e5 P 3b4eceaa1f8246de8fd9a3309a08848b [term 10 FOLLOWER]: Raft consensus is shut down!
I0917 09:19:45.441116 14145 tablet_server.cc:169] TabletServer shutdown complete.
I0917 09:19:45.441143 14145 tablet_server.cc:155] TabletServer shutting down...
I0917 09:19:45.441161 14145 tablet_server.cc:169] TabletServer shutdown complete.
I0917 09:19:45.441869 14145 tablet_server.cc:155] TabletServer shutting down...
I0917 09:19:45.444459 14145 ts_tablet_manager.cc:1159] Shutting down tablet manager...
I0917 09:19:45.444491 14145 tablet_replica.cc:273] T 252b39981f3b42368cd835c1f62536e5 P 7e80b3cd6d95403f8499e84cc013b527: stopping tablet replica
I0917 09:19:45.444517 14145 raft_consensus.cc:2147] T 252b39981f3b42368cd835c1f62536e5 P 7e80b3cd6d95403f8499e84cc013b527 [term 10 FOLLOWER]: Raft consensus shutting down.
I0917 09:19:45.444536 14145 raft_consensus.cc:2174] T 252b39981f3b42368cd835c1f62536e5 P 7e80b3cd6d95403f8499e84cc013b527 [term 10 FOLLOWER]: Raft consensus is shut down!
I0917 09:19:45.456202 14145 tablet_server.cc:169] TabletServer shutdown complete.
I0917 09:19:45.456238 14145 tablet_server.cc:155] TabletServer shutting down...
I0917 09:19:45.456264 14145 tablet_server.cc:169] TabletServer shutdown complete.
I0917 09:19:45.457341 14145 master.cc:247] Master@127.13.208.126:42631 shutting down...
I0917 09:19:45.459725 14145 raft_consensus.cc:2147] T 00000000000000000000000000000000 P 5bbc635a9c7e42e9af0179b15b50ec45 [term 1 LEADER]: Raft consensus shutting down.
I0917 09:19:45.459764 14145 raft_consensus.cc:2174] T 00000000000000000000000000000000 P 5bbc635a9c7e42e9af0179b15b50ec45 [term 1 FOLLOWER]: Raft consensus is shut down!
I0917 09:19:45.459822 14145 tablet_replica.cc:273] T 00000000000000000000000000000000 P 5bbc635a9c7e42e9af0179b15b50ec45: stopping tablet replica
I0917 09:19:45.471289 14145 master.cc:258] Master@127.13.208.126:42631 shutdown complete. [ OK ] TsTabletManagerITest.TestReportNewLeaderOnLeaderChange (6690 ms) [ RUN ] TsTabletManagerITest.ReportOnReplicaHealthStatus
I0917 09:19:45.474895 14145 internal_mini_cluster.cc:146] Creating distributed mini masters. Addrs: 127.13.208.126:33109
I0917 09:19:45.475809 14145 system_ntp.cc:193] NTP initialized. Skew: 500ppm Current error: 25304us
I0917 09:19:45.475860 14145 fs_manager.cc:263] Metadata directory not provided
I0917 09:19:45.475875 14145 fs_manager.cc:269] Using write-ahead log directory (fs_wal_dir) as metadata directory
I0917 09:19:45.475904 14145 server_base.cc:452] Could not load existing FS layout: Not found: could not find a healthy instance file
I0917 09:19:45.475934 14145 server_base.cc:453] Attempting to create new FS layout instead
I0917 09:19:45.476166 14145 fs_manager.cc:602] Generated new instance metadata in path /tmp/dist-test-taskLDE0O4/test-tmp/ts_tablet_manager-itest.0.TsTabletManagerITest.ReportOnReplicaHealthStatus.1568711978778636-14145/minicluster-data/master-0-root/instance: uuid: "267f2469bb8d4a8dbab505e0e116de32" format_stamp: "Formatted at 2019-09-17 09:19:45 on dist-test-slave-dist-test-slave-w6nz"
I0917 09:19:45.477210 14145 fs_manager.cc:503] Time spent creating directory manager: real 0.001s user 0.001s sys 0.000s
I0917 09:19:45.478235 14145 file_cache.cc:465] Constructed file cache lbm with capacity 419430
I0917 09:19:45.478826 14145 fs_manager.cc:419] Time spent opening block manager: real 0.000s user 0.000s sys 0.000s
I0917 09:19:45.478865 14145 fs_manager.cc:436] Opened local filesystem: /tmp/dist-test-taskLDE0O4/test-tmp/ts_tablet_manager-itest.0.TsTabletManagerITest.ReportOnReplicaHealthStatus.1568711978778636-14145/minicluster-data/master-0-root uuid: "267f2469bb8d4a8dbab505e0e116de32" format_stamp: "Formatted at 2019-09-17 09:19:45 on dist-test-slave-dist-test-slave-w6nz"
I0917 09:19:45.478884 14145 fs_report.cc:352] FS layout report -------------------- wal directory: /tmp/dist-test-taskLDE0O4/test-tmp/ts_tablet_manager-itest.0.TsTabletManagerITest.ReportOnReplicaHealthStatus.1568711978778636-14145/minicluster-data/master-0-root metadata directory: /tmp/dist-test-taskLDE0O4/test-tmp/ts_tablet_manager-itest.0.TsTabletManagerITest.ReportOnReplicaHealthStatus.1568711978778636-14145/minicluster-data/master-0-root 1 data directories: /tmp/dist-test-taskLDE0O4/test-tmp/ts_tablet_manager-itest.0.TsTabletManagerITest.ReportOnReplicaHealthStatus.1568711978778636-14145/minicluster-data/master-0-root/data Total live blocks: 0 Total live bytes: 0 Total live bytes (after alignment): 0 Total number of LBM containers: 0 (0 full) Did not check for missing blocks Did not check for orphaned blocks Total full LBM containers with extra space: 0 (0 repaired) Total full LBM container extra space in bytes: 0 (0 repaired) Total incomplete LBM containers: 0 (0 repaired) Total LBM partial records: 0 (0 repaired)
I0917 09:19:45.499578 14145 rpc_server.cc:205] RPC server started. Bound to: 127.13.208.126:33109
I0917 09:19:45.499763 14145 webserver.cc:374] Webserver started at http://127.13.208.126:46123/ using document root and password file
I0917 09:19:45.499987 14467 data_dirs.cc:939] Could only allocate 1 dirs of requested 3 for tablet 00000000000000000000000000000000. 1 dirs total, 0 dirs full, 0 dirs failed
I0917 09:19:45.500938 14467 tablet_bootstrap.cc:439] T 00000000000000000000000000000000 P 267f2469bb8d4a8dbab505e0e116de32: Bootstrap starting.
I0917 09:19:45.501194 14467 tablet_bootstrap.cc:590] T 00000000000000000000000000000000 P 267f2469bb8d4a8dbab505e0e116de32: No blocks or log segments found. Creating new log.
I0917 09:19:45.501636 14467 tablet_bootstrap.cc:439] T 00000000000000000000000000000000 P 267f2469bb8d4a8dbab505e0e116de32: No bootstrap required, opened a new log
I0917 09:19:45.501817 14467 raft_consensus.cc:340] T 00000000000000000000000000000000 P 267f2469bb8d4a8dbab505e0e116de32 [term 0 FOLLOWER]: Replica starting. Triggering 0 pending transactions. Active config: opid_index: -1 OBSOLETE_local: true peers { permanent_uuid: "267f2469bb8d4a8dbab505e0e116de32" member_type: VOTER }
I0917 09:19:45.501830 14467 raft_consensus.cc:366] T 00000000000000000000000000000000 P 267f2469bb8d4a8dbab505e0e116de32 [term 0 FOLLOWER]: Consensus starting up: Expiring failure detector timer to make a prompt election more likely
I0917 09:19:45.501837 14467 raft_consensus.cc:705] T 00000000000000000000000000000000 P 267f2469bb8d4a8dbab505e0e116de32 [term 0 FOLLOWER]: Becoming Follower/Learner. State: Replica: 267f2469bb8d4a8dbab505e0e116de32, State: Initialized, Role: FOLLOWER
I0917 09:19:45.501886 14467 consensus_queue.cc:229] T 00000000000000000000000000000000 P 267f2469bb8d4a8dbab505e0e116de32 [NON_LEADER]: Queue going to NON_LEADER mode. State: All replicated index: 0, Majority replicated index: 0, Committed index: 0, Last appended: 0.0, Last appended by leader: 0, Current term: 0, Majority size: -1, State: 0, Mode: NON_LEADER, active raft config: opid_index: -1 OBSOLETE_local: true peers { permanent_uuid: "267f2469bb8d4a8dbab505e0e116de32" member_type: VOTER }
I0917 09:19:45.501901 14467 raft_consensus.cc:380] T 00000000000000000000000000000000 P 267f2469bb8d4a8dbab505e0e116de32 [term 0 FOLLOWER]: Only one voter in the Raft config. Triggering election immediately
I0917 09:19:45.501907 14467 raft_consensus.cc:472] T 00000000000000000000000000000000 P 267f2469bb8d4a8dbab505e0e116de32 [term 0 FOLLOWER]: Starting leader election (initial election of a single-replica configuration)
I0917 09:19:45.501914 14467 raft_consensus.cc:2890] T 00000000000000000000000000000000 P 267f2469bb8d4a8dbab505e0e116de32 [term 0 FOLLOWER]: Advancing to term 1
I0917 09:19:45.539275 14467 raft_consensus.cc:494] T 00000000000000000000000000000000 P 267f2469bb8d4a8dbab505e0e116de32 [term 1 FOLLOWER]: Starting leader election with config: opid_index: -1 OBSOLETE_local: true peers { permanent_uuid: "267f2469bb8d4a8dbab505e0e116de32" member_type: VOTER }
I0917 09:19:45.539355 14467 leader_election.cc:310] T 00000000000000000000000000000000 P 267f2469bb8d4a8dbab505e0e116de32 [CANDIDATE]: Term 1 election: Election decided. Result: candidate won. Election summary: received 1 responses out of 1 voters: 1 yes votes; 0 no votes. yes voters: 267f2469bb8d4a8dbab505e0e116de32; no voters:
I0917 09:19:45.539480 14467 leader_election.cc:296] T 00000000000000000000000000000000 P 267f2469bb8d4a8dbab505e0e116de32 [CANDIDATE]: Term 1 election: Requested vote from peers
I0917 09:19:45.539583 14467 sys_catalog.cc:340] T 00000000000000000000000000000000 P 267f2469bb8d4a8dbab505e0e116de32 [sys.catalog]: SysCatalogTable state changed. Reason: Started TabletReplica. Latest consensus state: current_term: 1 committed_config { opid_index: -1 OBSOLETE_local: true peers { permanent_uuid: "267f2469bb8d4a8dbab505e0e116de32" member_type: VOTER } }
I0917 09:19:45.539602 14467 sys_catalog.cc:343] T 00000000000000000000000000000000 P 267f2469bb8d4a8dbab505e0e116de32 [sys.catalog]: This master's current role is: FOLLOWER
I0917 09:19:45.539656 14470 raft_consensus.cc:2644] T 00000000000000000000000000000000 P 267f2469bb8d4a8dbab505e0e116de32 [term 1 FOLLOWER]: Leader election won for term 1
I0917 09:19:45.539800 14470 raft_consensus.cc:667] T 00000000000000000000000000000000 P 267f2469bb8d4a8dbab505e0e116de32 [term 1 LEADER]: Becoming Leader. State: Replica: 267f2469bb8d4a8dbab505e0e116de32, State: Running, Role: LEADER
I0917 09:19:45.539913 14470 consensus_queue.cc:206] T 00000000000000000000000000000000 P 267f2469bb8d4a8dbab505e0e116de32 [LEADER]: Queue going to LEADER mode. State: All replicated index: 0, Majority replicated index: 0, Committed index: 0, Last appended: 0.0, Last appended by leader: 0, Current term: 1, Majority size: 1, State: 0, Mode: LEADER, active raft config: opid_index: -1 OBSOLETE_local: true peers { permanent_uuid: "267f2469bb8d4a8dbab505e0e116de32" member_type: VOTER }
I0917 09:19:45.540132 14467 sys_catalog.cc:428] T 00000000000000000000000000000000 P 267f2469bb8d4a8dbab505e0e116de32 [sys.catalog]: configured and running, proceeding with master startup.
I0917 09:19:45.540228 14145 internal_mini_cluster.cc:166] Waiting to initialize catalog manager on master 0
I0917 09:19:45.540285 14471 sys_catalog.cc:340] T 00000000000000000000000000000000 P 267f2469bb8d4a8dbab505e0e116de32 [sys.catalog]: SysCatalogTable state changed. Reason: New leader 267f2469bb8d4a8dbab505e0e116de32. Latest consensus state: current_term: 1 leader_uuid: "267f2469bb8d4a8dbab505e0e116de32" committed_config { opid_index: -1 OBSOLETE_local: true peers { permanent_uuid: "267f2469bb8d4a8dbab505e0e116de32" member_type: VOTER } }
I0917 09:19:45.540324 14471 sys_catalog.cc:343] T 00000000000000000000000000000000 P 267f2469bb8d4a8dbab505e0e116de32 [sys.catalog]: This master's current role is: LEADER
I0917 09:19:45.540259 14469 sys_catalog.cc:340] T 00000000000000000000000000000000 P 267f2469bb8d4a8dbab505e0e116de32 [sys.catalog]: SysCatalogTable state changed. Reason: RaftConsensus started. Latest consensus state: current_term: 1 leader_uuid: "267f2469bb8d4a8dbab505e0e116de32" committed_config { opid_index: -1 OBSOLETE_local: true peers { permanent_uuid: "267f2469bb8d4a8dbab505e0e116de32" member_type: VOTER } }
W0917 09:19:45.540544 14473 catalog_manager.cc:1144] T 00000000000000000000000000000000 P 267f2469bb8d4a8dbab505e0e116de32: acquiring CA information for follower catalog manager: Not found: root CA entry not found
W0917 09:19:45.540585 14473 catalog_manager.cc:627] Not found: root CA entry not found: failed to prepare follower catalog manager, will retry
I0917 09:19:45.540549 14469 sys_catalog.cc:343] T 00000000000000000000000000000000 P 267f2469bb8d4a8dbab505e0e116de32 [sys.catalog]: This master's current role is: LEADER
I0917 09:19:45.540688 14474 catalog_manager.cc:1086] Loading table and tablet metadata into memory...
I0917 09:19:45.540843 14474 catalog_manager.cc:1097] Initializing Kudu internal certificate authority...
I0917 09:19:45.555685 14474 catalog_manager.cc:981] Generated new certificate authority record
I0917 09:19:45.556228 14474 catalog_manager.cc:1106] Loading token signing keys...
I0917 09:19:45.563412 14474 catalog_manager.cc:4435] T 00000000000000000000000000000000 P 267f2469bb8d4a8dbab505e0e116de32: Generated new TSK 0
I0917 09:19:45.573263 14145 system_ntp.cc:193] NTP initialized. Skew: 500ppm Current error: 25304us
I0917 09:19:45.573333 14145 fs_manager.cc:263] Metadata directory not provided
I0917 09:19:45.573354 14145 fs_manager.cc:269] Using write-ahead log directory (fs_wal_dir) as metadata directory
I0917 09:19:45.573434 14145 server_base.cc:452] Could not load existing FS layout: Not found: could not find a healthy instance file
I0917 09:19:45.573467 14145 server_base.cc:453] Attempting to create new FS layout instead
I0917 09:19:45.573748 14145 fs_manager.cc:602] Generated new instance metadata in path /tmp/dist-test-taskLDE0O4/test-tmp/ts_tablet_manager-itest.0.TsTabletManagerITest.ReportOnReplicaHealthStatus.1568711978778636-14145/minicluster-data/ts-0-root/instance: uuid: "179827f0756c461f99525bf240ed8ef1" format_stamp: "Formatted at 2019-09-17 09:19:45 on dist-test-slave-dist-test-slave-w6nz"
I0917 09:19:45.575078 14145 fs_manager.cc:503] Time spent creating directory manager: real 0.001s user 0.000s sys 0.002s
I0917 09:19:45.575333 14145 file_cache.cc:465] Constructed file cache lbm with capacity 419430
I0917 09:19:45.576103 14145 fs_manager.cc:419] Time spent opening block manager: real 0.000s user 0.000s sys 0.000s
I0917 09:19:45.576155 14145 fs_manager.cc:436] Opened local filesystem: /tmp/dist-test-taskLDE0O4/test-tmp/ts_tablet_manager-itest.0.TsTabletManagerITest.ReportOnReplicaHealthStatus.1568711978778636-14145/minicluster-data/ts-0-root uuid: "179827f0756c461f99525bf240ed8ef1" format_stamp: "Formatted at 2019-09-17 09:19:45 on dist-test-slave-dist-test-slave-w6nz"
I0917 09:19:45.576179 14145 fs_report.cc:352] FS layout report -------------------- wal directory: /tmp/dist-test-taskLDE0O4/test-tmp/ts_tablet_manager-itest.0.TsTabletManagerITest.ReportOnReplicaHealthStatus.1568711978778636-14145/minicluster-data/ts-0-root metadata directory: /tmp/dist-test-taskLDE0O4/test-tmp/ts_tablet_manager-itest.0.TsTabletManagerITest.ReportOnReplicaHealthStatus.1568711978778636-14145/minicluster-data/ts-0-root 1 data directories: /tmp/dist-test-taskLDE0O4/test-tmp/ts_tablet_manager-itest.0.TsTabletManagerITest.ReportOnReplicaHealthStatus.1568711978778636-14145/minicluster-data/ts-0-root/data Total live blocks: 0 Total live bytes: 0 Total live bytes (after alignment): 0 Total number of LBM containers: 0 (0 full) Did not check for missing blocks Did not check for orphaned blocks Total full LBM containers with extra space: 0 (0 repaired) Total full LBM container extra space in bytes: 0 (0 repaired) Total incomplete LBM containers: 0 (0 repaired) Total LBM partial records: 0 (0 repaired)
I0917 09:19:45.591063 14145 ts_tablet_manager.cc:383] Loaded tablet metadata (0 total tablets, 0 live tablets)
I0917 09:19:45.591089 14145 ts_tablet_manager.cc:403] Registered 0 tablets
I0917 09:19:45.593504 14145 rpc_server.cc:205] RPC server started. Bound to: 127.13.208.65:35539
I0917 09:19:45.593696 14145 webserver.cc:374] Webserver started at http://127.13.208.65:41925/ using document root and password file
I0917 09:19:45.595198 14145 system_ntp.cc:193] NTP initialized. Skew: 500ppm Current error: 25304us
I0917 09:19:45.595268 14145 fs_manager.cc:263] Metadata directory not provided
I0917 09:19:45.595309 14145 fs_manager.cc:269] Using write-ahead log directory (fs_wal_dir) as metadata directory
I0917 09:19:45.595346 14145 server_base.cc:452] Could not load existing FS layout: Not found: could not find a healthy instance file
I0917 09:19:45.595360 14145 server_base.cc:453] Attempting to create new FS layout instead
I0917 09:19:45.595599 14145 fs_manager.cc:602] Generated new instance metadata in path /tmp/dist-test-taskLDE0O4/test-tmp/ts_tablet_manager-itest.0.TsTabletManagerITest.ReportOnReplicaHealthStatus.1568711978778636-14145/minicluster-data/ts-1-root/instance: uuid: "f44bd2d216ba4e3e931c81a53dd98300" format_stamp: "Formatted at 2019-09-17 09:19:45 on dist-test-slave-dist-test-slave-w6nz"
I0917 09:19:45.597146 14541 heartbeater.cc:322] Connected to a master server at 127.13.208.126:33109
I0917 09:19:45.597182 14541 heartbeater.cc:406] Registering TS with master...
I0917 09:19:45.597190 14145 fs_manager.cc:503] Time spent creating directory manager: real 0.001s user 0.000s sys 0.002s
I0917 09:19:45.597234 14541 heartbeater.cc:455] Master 127.13.208.126:33109 requested a full tablet report, sending...
I0917 09:19:45.597463 14145 file_cache.cc:465] Constructed file cache lbm with capacity 419430
I0917 09:19:45.597466 14433 ts_manager.cc:161] Registered new tserver with Master: 179827f0756c461f99525bf240ed8ef1 (127.13.208.65:35539)
I0917 09:19:45.598232 14433 master_service.cc:276] Signed X509 certificate for tserver {username='slave'} at 127.0.0.1:44438
I0917 09:19:45.598474 14145 fs_manager.cc:419] Time spent opening block manager: real 0.000s user 0.000s sys 0.000s
I0917 09:19:45.598520 14145 fs_manager.cc:436] Opened local filesystem: /tmp/dist-test-taskLDE0O4/test-tmp/ts_tablet_manager-itest.0.TsTabletManagerITest.ReportOnReplicaHealthStatus.1568711978778636-14145/minicluster-data/ts-1-root uuid: "f44bd2d216ba4e3e931c81a53dd98300" format_stamp: "Formatted at 2019-09-17 09:19:45 on dist-test-slave-dist-test-slave-w6nz"
I0917 09:19:45.598541 14145 fs_report.cc:352] FS layout report -------------------- wal directory: /tmp/dist-test-taskLDE0O4/test-tmp/ts_tablet_manager-itest.0.TsTabletManagerITest.ReportOnReplicaHealthStatus.1568711978778636-14145/minicluster-data/ts-1-root metadata directory: /tmp/dist-test-taskLDE0O4/test-tmp/ts_tablet_manager-itest.0.TsTabletManagerITest.ReportOnReplicaHealthStatus.1568711978778636-14145/minicluster-data/ts-1-root 1 data directories: /tmp/dist-test-taskLDE0O4/test-tmp/ts_tablet_manager-itest.0.TsTabletManagerITest.ReportOnReplicaHealthStatus.1568711978778636-14145/minicluster-data/ts-1-root/data Total live blocks: 0 Total live bytes: 0 Total live bytes (after alignment): 0 Total number of LBM containers: 0 (0 full) Did not check for missing blocks Did not check for orphaned blocks Total full LBM containers with extra space: 0 (0 repaired) Total full LBM container extra space in bytes: 0 (0 repaired) Total incomplete LBM containers: 0 (0 repaired) Total LBM partial records: 0 (0 repaired)
I0917 09:19:45.639652 14145 ts_tablet_manager.cc:383] Loaded tablet metadata (0 total tablets, 0 live tablets)
I0917 09:19:45.639677 14145 ts_tablet_manager.cc:403] Registered 0 tablets
I0917 09:19:45.641628 14145 rpc_server.cc:205] RPC server started. Bound to: 127.13.208.66:37607
I0917 09:19:45.641855 14145 webserver.cc:374] Webserver started at http://127.13.208.66:45233/ using document root and password file
I0917 09:19:45.644593 14145 system_ntp.cc:193] NTP initialized. Skew: 500ppm Current error: 25304us
I0917 09:19:45.644675 14145 fs_manager.cc:263] Metadata directory not provided
I0917 09:19:45.644738 14145 fs_manager.cc:269] Using write-ahead log directory (fs_wal_dir) as metadata directory
I0917 09:19:45.644781 14145 server_base.cc:452] Could not load existing FS layout: Not found: could not find a healthy instance file
I0917 09:19:45.644796 14145 server_base.cc:453] Attempting to create new FS layout instead
I0917 09:19:45.645349 14145 fs_manager.cc:602] Generated new instance metadata in path /tmp/dist-test-taskLDE0O4/test-tmp/ts_tablet_manager-itest.0.TsTabletManagerITest.ReportOnReplicaHealthStatus.1568711978778636-14145/minicluster-data/ts-2-root/instance: uuid: "c1365408e5a541beb0e809a7e0575482" format_stamp: "Formatted at 2019-09-17 09:19:45 on dist-test-slave-dist-test-slave-w6nz"
I0917 09:19:45.645761 14609 heartbeater.cc:322] Connected to a master server at 127.13.208.126:33109
I0917 09:19:45.645794 14609 heartbeater.cc:406] Registering TS with master...
I0917 09:19:45.645853 14609 heartbeater.cc:455] Master 127.13.208.126:33109 requested a full tablet report, sending...
I0917 09:19:45.646044 14433 ts_manager.cc:161] Registered new tserver with Master: f44bd2d216ba4e3e931c81a53dd98300 (127.13.208.66:37607)
I0917 09:19:45.646482 14433 master_service.cc:276] Signed X509 certificate for tserver {username='slave'} at 127.0.0.1:44440
I0917 09:19:45.647258 14145 fs_manager.cc:503] Time spent creating directory manager: real 0.002s user 0.000s sys 0.002s
I0917 09:19:45.647493 14145 file_cache.cc:465] Constructed file cache lbm with capacity 419430
I0917 09:19:45.648649 14145 fs_manager.cc:419] Time spent opening block manager: real 0.000s user 0.000s sys 0.000s
I0917 09:19:45.648690 14145 fs_manager.cc:436] Opened local filesystem: /tmp/dist-test-taskLDE0O4/test-tmp/ts_tablet_manager-itest.0.TsTabletManagerITest.ReportOnReplicaHealthStatus.1568711978778636-14145/minicluster-data/ts-2-root uuid: "c1365408e5a541beb0e809a7e0575482" format_stamp: "Formatted at 2019-09-17 09:19:45 on dist-test-slave-dist-test-slave-w6nz"
I0917 09:19:45.648715 14145 fs_report.cc:352] FS layout report -------------------- wal directory: /tmp/dist-test-taskLDE0O4/test-tmp/ts_tablet_manager-itest.0.TsTabletManagerITest.ReportOnReplicaHealthStatus.1568711978778636-14145/minicluster-data/ts-2-root metadata directory: /tmp/dist-test-taskLDE0O4/test-tmp/ts_tablet_manager-itest.0.TsTabletManagerITest.ReportOnReplicaHealthStatus.1568711978778636-14145/minicluster-data/ts-2-root 1 data directories: /tmp/dist-test-taskLDE0O4/test-tmp/ts_tablet_manager-itest.0.TsTabletManagerITest.ReportOnReplicaHealthStatus.1568711978778636-14145/minicluster-data/ts-2-root/data Total live blocks: 0 Total live bytes: 0 Total live bytes (after alignment): 0 Total number of LBM containers: 0 (0 full) Did not check for missing blocks Did not check for orphaned blocks Total full LBM containers with extra space: 0 (0 repaired) Total full LBM container extra space in bytes: 0 (0 repaired) Total incomplete LBM containers: 0 (0 repaired) Total LBM partial records: 0 (0 repaired)
I0917 09:19:45.666872 14145 ts_tablet_manager.cc:383] Loaded tablet metadata (0 total tablets, 0 live tablets)
I0917 09:19:45.666900 14145 ts_tablet_manager.cc:403] Registered 0 tablets
I0917 09:19:45.670048 14145 rpc_server.cc:205] RPC server started. Bound to: 127.13.208.67:39839
I0917 09:19:45.670344 14145 webserver.cc:374] Webserver started at http://127.13.208.67:34133/ using document root and password file
I0917 09:19:45.674054 14676 heartbeater.cc:322] Connected to a master server at 127.13.208.126:33109
I0917 09:19:45.674098 14676 heartbeater.cc:406] Registering TS with master...
I0917 09:19:45.674146 14676 heartbeater.cc:455] Master 127.13.208.126:33109 requested a full tablet report, sending...
I0917 09:19:45.674381 14433 ts_manager.cc:161] Registered new tserver with Master: c1365408e5a541beb0e809a7e0575482 (127.13.208.67:39839)
I0917 09:19:45.674813 14433 master_service.cc:276] Signed X509 certificate for tserver {username='slave'} at 127.0.0.1:44442
I0917 09:19:45.674918 14145 internal_mini_cluster.cc:328] 3 TS(s) registered with all masters after 0.004454214s
I0917 09:19:45.679666 14433 catalog_manager.cc:1440] Servicing CreateTable request from {username='slave'} at 127.0.0.1:44444: name: "test-table" schema { columns { name: "key" type: INT32 is_key: true is_nullable: false encoding: AUTO_ENCODING compression: DEFAULT_COMPRESSION cfile_block_size: 0 } } num_replicas: 3 split_rows_range_bounds { } partition_schema { range_schema { } }
W0917 09:19:45.679738 14433 catalog_manager.cc:1605] The number of live tablet servers is not enough to re-replicate a tablet replica of the newly created table test-table in case of a server failure: 4 tablet servers would be needed, 3 are available. Consider bringing up more tablet servers.
I0917 09:19:45.685871 14508 tablet_service.cc:1022] Processing CreateTablet for tablet 2ad18ea6110347a38a6a797cfb406a1e (table=test-table [id=5a0c8be5b6b94a80a0fce101fb195130]), partition=
I0917 09:19:45.685956 14643 tablet_service.cc:1022] Processing CreateTablet for tablet 2ad18ea6110347a38a6a797cfb406a1e (table=test-table [id=5a0c8be5b6b94a80a0fce101fb195130]), partition=
I0917 09:19:45.686014 14508 data_dirs.cc:939] Could only allocate 1 dirs of requested 3 for tablet 2ad18ea6110347a38a6a797cfb406a1e. 1 dirs total, 0 dirs full, 0 dirs failed
I0917 09:19:45.686049 14643 data_dirs.cc:939] Could only allocate 1 dirs of requested 3 for tablet 2ad18ea6110347a38a6a797cfb406a1e. 1 dirs total, 0 dirs full, 0 dirs failed
I0917 09:19:45.687320 14691 tablet_bootstrap.cc:439] T 2ad18ea6110347a38a6a797cfb406a1e P 179827f0756c461f99525bf240ed8ef1: Bootstrap starting.
I0917 09:19:45.687641 14576 tablet_service.cc:1022] Processing CreateTablet for tablet 2ad18ea6110347a38a6a797cfb406a1e (table=test-table [id=5a0c8be5b6b94a80a0fce101fb195130]), partition=
I0917 09:19:45.687722 14576 data_dirs.cc:939] Could only allocate 1 dirs of requested 3 for tablet 2ad18ea6110347a38a6a797cfb406a1e. 1 dirs total, 0 dirs full, 0 dirs failed
I0917 09:19:45.687888 14691 tablet_bootstrap.cc:590] T 2ad18ea6110347a38a6a797cfb406a1e P 179827f0756c461f99525bf240ed8ef1: No blocks or log segments found. Creating new log.
I0917 09:19:45.688446 14691 tablet_bootstrap.cc:439] T 2ad18ea6110347a38a6a797cfb406a1e P 179827f0756c461f99525bf240ed8ef1: No bootstrap required, opened a new log
I0917 09:19:45.688503 14691 ts_tablet_manager.cc:1085] T 2ad18ea6110347a38a6a797cfb406a1e P 179827f0756c461f99525bf240ed8ef1: Time spent bootstrapping tablet: real 0.001s user 0.001s sys 0.000s
I0917 09:19:45.688680 14691 raft_consensus.cc:340] T 2ad18ea6110347a38a6a797cfb406a1e P 179827f0756c461f99525bf240ed8ef1 [term 0 FOLLOWER]: Replica starting. Triggering 0 pending transactions. Active config: opid_index: -1 OBSOLETE_local: false peers { permanent_uuid: "c1365408e5a541beb0e809a7e0575482" member_type: VOTER last_known_addr { host: "127.13.208.67" port: 39839 } } peers { permanent_uuid: "f44bd2d216ba4e3e931c81a53dd98300" member_type: VOTER last_known_addr { host: "127.13.208.66" port: 37607 } } peers { permanent_uuid: "179827f0756c461f99525bf240ed8ef1" member_type: VOTER last_known_addr { host: "127.13.208.65" port: 35539 } }
I0917 09:19:45.688705 14691 raft_consensus.cc:366] T 2ad18ea6110347a38a6a797cfb406a1e P 179827f0756c461f99525bf240ed8ef1 [term 0 FOLLOWER]: Consensus starting up: Expiring failure detector timer to make a prompt election more likely
I0917 09:19:45.688715 14691 raft_consensus.cc:705] T 2ad18ea6110347a38a6a797cfb406a1e P 179827f0756c461f99525bf240ed8ef1 [term 0 FOLLOWER]: Becoming Follower/Learner. State: Replica: 179827f0756c461f99525bf240ed8ef1, State: Initialized, Role: FOLLOWER
I0917 09:19:45.688838 14693 tablet_bootstrap.cc:439] T 2ad18ea6110347a38a6a797cfb406a1e P f44bd2d216ba4e3e931c81a53dd98300: Bootstrap starting.
I0917 09:19:45.688975 14694 tablet_bootstrap.cc:439] T 2ad18ea6110347a38a6a797cfb406a1e P c1365408e5a541beb0e809a7e0575482: Bootstrap starting.
I0917 09:19:45.689175 14694 tablet_bootstrap.cc:590] T 2ad18ea6110347a38a6a797cfb406a1e P c1365408e5a541beb0e809a7e0575482: No blocks or log segments found. Creating new log.
I0917 09:19:45.689637 14693 tablet_bootstrap.cc:590] T 2ad18ea6110347a38a6a797cfb406a1e P f44bd2d216ba4e3e931c81a53dd98300: No blocks or log segments found. Creating new log.
I0917 09:19:45.689821 14691 consensus_queue.cc:229] T 2ad18ea6110347a38a6a797cfb406a1e P 179827f0756c461f99525bf240ed8ef1 [NON_LEADER]: Queue going to NON_LEADER mode. State: All replicated index: 0, Majority replicated index: 0, Committed index: 0, Last appended: 0.0, Last appended by leader: 0, Current term: 0, Majority size: -1, State: 0, Mode: NON_LEADER, active raft config: opid_index: -1 OBSOLETE_local: false peers { permanent_uuid: "c1365408e5a541beb0e809a7e0575482" member_type: VOTER last_known_addr { host: "127.13.208.67" port: 39839 } } peers { permanent_uuid: "f44bd2d216ba4e3e931c81a53dd98300" member_type: VOTER last_known_addr { host: "127.13.208.66" port: 37607 } } peers { permanent_uuid: "179827f0756c461f99525bf240ed8ef1" member_type: VOTER last_known_addr { host: "127.13.208.65" port: 35539 } }
I0917 09:19:45.689920 14691 ts_tablet_manager.cc:1113] T 2ad18ea6110347a38a6a797cfb406a1e P 179827f0756c461f99525bf240ed8ef1: Time spent starting tablet: real 0.001s user 0.001s sys 0.000s
I0917 09:19:45.689947 14541 heartbeater.cc:447] Master 127.13.208.126:33109 was elected leader, sending a full tablet report...
I0917 09:19:45.690232 14694 tablet_bootstrap.cc:439] T 2ad18ea6110347a38a6a797cfb406a1e P c1365408e5a541beb0e809a7e0575482: No bootstrap required, opened a new log
I0917 09:19:45.690289 14693 tablet_bootstrap.cc:439] T 2ad18ea6110347a38a6a797cfb406a1e P f44bd2d216ba4e3e931c81a53dd98300: No bootstrap required, opened a new log
I0917 09:19:45.690337 14693 ts_tablet_manager.cc:1085] T 2ad18ea6110347a38a6a797cfb406a1e P f44bd2d216ba4e3e931c81a53dd98300: Time spent bootstrapping tablet: real 0.002s user 0.001s sys 0.000s
I0917 09:19:45.690338 14694 ts_tablet_manager.cc:1085] T 2ad18ea6110347a38a6a797cfb406a1e P c1365408e5a541beb0e809a7e0575482: Time spent bootstrapping tablet: real 0.001s user 0.001s sys 0.000s
I0917 09:19:45.690510 14693 raft_consensus.cc:340] T 2ad18ea6110347a38a6a797cfb406a1e P f44bd2d216ba4e3e931c81a53dd98300 [term 0 FOLLOWER]: Replica starting. Triggering 0 pending transactions. Active config: opid_index: -1 OBSOLETE_local: false peers { permanent_uuid: "c1365408e5a541beb0e809a7e0575482" member_type: VOTER last_known_addr { host: "127.13.208.67" port: 39839 } } peers { permanent_uuid: "f44bd2d216ba4e3e931c81a53dd98300" member_type: VOTER last_known_addr { host: "127.13.208.66" port: 37607 } } peers { permanent_uuid: "179827f0756c461f99525bf240ed8ef1" member_type: VOTER last_known_addr { host: "127.13.208.65" port: 35539 } }
I0917 09:19:45.690524 14693 raft_consensus.cc:366] T 2ad18ea6110347a38a6a797cfb406a1e P f44bd2d216ba4e3e931c81a53dd98300 [term 0 FOLLOWER]: Consensus starting up: Expiring failure detector timer to make a prompt election more likely
I0917 09:19:45.690531 14693 raft_consensus.cc:705] T 2ad18ea6110347a38a6a797cfb406a1e P f44bd2d216ba4e3e931c81a53dd98300 [term 0 FOLLOWER]: Becoming Follower/Learner. State: Replica: f44bd2d216ba4e3e931c81a53dd98300, State: Initialized, Role: FOLLOWER
I0917 09:19:45.690569 14694 raft_consensus.cc:340] T 2ad18ea6110347a38a6a797cfb406a1e P c1365408e5a541beb0e809a7e0575482 [term 0 FOLLOWER]: Replica starting. Triggering 0 pending transactions. Active config: opid_index: -1 OBSOLETE_local: false peers { permanent_uuid: "c1365408e5a541beb0e809a7e0575482" member_type: VOTER last_known_addr { host: "127.13.208.67" port: 39839 } } peers { permanent_uuid: "f44bd2d216ba4e3e931c81a53dd98300" member_type: VOTER last_known_addr { host: "127.13.208.66" port: 37607 } } peers { permanent_uuid: "179827f0756c461f99525bf240ed8ef1" member_type: VOTER last_known_addr { host: "127.13.208.65" port: 35539 } }
I0917 09:19:45.690587 14694 raft_consensus.cc:366] T 2ad18ea6110347a38a6a797cfb406a1e P c1365408e5a541beb0e809a7e0575482 [term 0 FOLLOWER]: Consensus starting up: Expiring failure detector timer to make a prompt election more likely
I0917 09:19:45.690595 14694 raft_consensus.cc:705] T 2ad18ea6110347a38a6a797cfb406a1e P c1365408e5a541beb0e809a7e0575482 [term 0 FOLLOWER]: Becoming Follower/Learner. State: Replica: c1365408e5a541beb0e809a7e0575482, State: Initialized, Role: FOLLOWER
I0917 09:19:45.690599 14693 consensus_queue.cc:229] T 2ad18ea6110347a38a6a797cfb406a1e P f44bd2d216ba4e3e931c81a53dd98300 [NON_LEADER]: Queue going to NON_LEADER mode. State: All replicated index: 0, Majority replicated index: 0, Committed index: 0, Last appended: 0.0, Last appended by leader: 0, Current term: 0, Majority size: -1, State: 0, Mode: NON_LEADER, active raft config: opid_index: -1 OBSOLETE_local: false peers { permanent_uuid: "c1365408e5a541beb0e809a7e0575482" member_type: VOTER last_known_addr { host: "127.13.208.67" port: 39839 } } peers { permanent_uuid: "f44bd2d216ba4e3e931c81a53dd98300" member_type: VOTER last_known_addr { host: "127.13.208.66" port: 37607 } } peers { permanent_uuid: "179827f0756c461f99525bf240ed8ef1" member_type: VOTER last_known_addr { host: "127.13.208.65" port: 35539 } }
I0917 09:19:45.690670 14694 consensus_queue.cc:229] T 2ad18ea6110347a38a6a797cfb406a1e P c1365408e5a541beb0e809a7e0575482 [NON_LEADER]: Queue going to NON_LEADER mode. State: All replicated index: 0, Majority replicated index: 0, Committed index: 0, Last appended: 0.0, Last appended by leader: 0, Current term: 0, Majority size: -1, State: 0, Mode: NON_LEADER, active raft config: opid_index: -1 OBSOLETE_local: false peers { permanent_uuid: "c1365408e5a541beb0e809a7e0575482" member_type: VOTER last_known_addr { host: "127.13.208.67" port: 39839 } } peers { permanent_uuid: "f44bd2d216ba4e3e931c81a53dd98300" member_type: VOTER last_known_addr { host: "127.13.208.66" port: 37607 } } peers { permanent_uuid: "179827f0756c461f99525bf240ed8ef1" member_type: VOTER last_known_addr { host: "127.13.208.65" port: 35539 } }
I0917 09:19:45.690702 14693 ts_tablet_manager.cc:1113] T 2ad18ea6110347a38a6a797cfb406a1e P f44bd2d216ba4e3e931c81a53dd98300: Time spent starting tablet: real 0.000s user 0.000s sys 0.000s
I0917 09:19:45.690729 14609 heartbeater.cc:447] Master 127.13.208.126:33109 was elected leader, sending a full tablet report...
I0917 09:19:45.690798 14694 ts_tablet_manager.cc:1113] T 2ad18ea6110347a38a6a797cfb406a1e P c1365408e5a541beb0e809a7e0575482: Time spent starting tablet: real 0.000s user 0.000s sys 0.000s
I0917 09:19:45.690846 14676 heartbeater.cc:447] Master 127.13.208.126:33109 was elected leader, sending a full tablet report...
I0917 09:19:45.717115 14697 raft_consensus.cc:472] T 2ad18ea6110347a38a6a797cfb406a1e P 179827f0756c461f99525bf240ed8ef1 [term 0 FOLLOWER]: Starting pre-election (no leader contacted us within the election timeout)
