I0917 09:19:51.697371 15685 tablet_service.cc:1295] Received RequestConsensusVote() RPC: tablet_id: "de49f5bae5244941af0020522f04d827" candidate_uuid: "eea10e830a664ea4be74d8cffbe95552" candidate_term: 3 candidate_status { last_received { term: 2 index: 4 } } ignore_live_leader: false dest_uuid: "c2c8bec4d40141a6b1f470f6142de67a" is_pre_election: true
I0917 09:19:51.697373 15243 raft_consensus.cc:2311] T de49f5bae5244941af0020522f04d827 P f42c56d2dc6b4faba5a218e79da90951 [term 2 FOLLOWER]: Leader pre-election vote request: Denying vote to candidate eea10e830a664ea4be74d8cffbe95552 for term 3 because replica is either leader or believes a valid leader to be alive.
I0917 09:19:51.697398 15685 raft_consensus.cc:2350] T de49f5bae5244941af0020522f04d827 P c2c8bec4d40141a6b1f470f6142de67a [term 2 FOLLOWER]: Leader pre-election vote request: Granting yes vote for candidate eea10e830a664ea4be74d8cffbe95552 in term 2.
I0917 09:19:51.697566 15280 leader_election.cc:310] T de49f5bae5244941af0020522f04d827 P eea10e830a664ea4be74d8cffbe95552 [CANDIDATE]: Term 3 pre-election: Election decided. Result: candidate won. Election summary: received 2 responses out of 3 voters: 2 yes votes; 0 no votes. yes voters: c2c8bec4d40141a6b1f470f6142de67a, eea10e830a664ea4be74d8cffbe95552; no voters:
I0917 09:19:51.697724 15721 raft_consensus.cc:2644] T de49f5bae5244941af0020522f04d827 P eea10e830a664ea4be74d8cffbe95552 [term 2 FOLLOWER]: Leader pre-election won for term 3
I0917 09:19:51.697743 15721 raft_consensus.cc:472] T de49f5bae5244941af0020522f04d827 P eea10e830a664ea4be74d8cffbe95552 [term 2 FOLLOWER]: Starting leader election (detected failure of leader c2c8bec4d40141a6b1f470f6142de67a)
I0917 09:19:51.697749 15721 raft_consensus.cc:2890] T de49f5bae5244941af0020522f04d827 P eea10e830a664ea4be74d8cffbe95552 [term 2 FOLLOWER]: Advancing to term 3
I0917 09:19:51.698467 15721 raft_consensus.cc:494] T de49f5bae5244941af0020522f04d827 P eea10e830a664ea4be74d8cffbe95552 [term 3 FOLLOWER]: Starting leader election with config: opid_index: -1 OBSOLETE_local: false peers { permanent_uuid: "c2c8bec4d40141a6b1f470f6142de67a" member_type: VOTER last_known_addr { host: "127.13.208.65" port: 39971 } } peers { permanent_uuid: "f42c56d2dc6b4faba5a218e79da90951" member_type: VOTER last_known_addr { host: "127.13.208.66" port: 38793 } } peers { permanent_uuid: "eea10e830a664ea4be74d8cffbe95552" member_type: VOTER last_known_addr { host: "127.13.208.67" port: 42065 } }
I0917 09:19:51.698535 15721 leader_election.cc:296] T de49f5bae5244941af0020522f04d827 P eea10e830a664ea4be74d8cffbe95552 [CANDIDATE]: Term 3 election: Requested vote from peers c2c8bec4d40141a6b1f470f6142de67a (127.13.208.65:39971), f42c56d2dc6b4faba5a218e79da90951 (127.13.208.66:38793)
I0917 09:19:51.698727 15243 tablet_service.cc:1295] Received RequestConsensusVote() RPC: tablet_id: "de49f5bae5244941af0020522f04d827" candidate_uuid: "eea10e830a664ea4be74d8cffbe95552" candidate_term: 3 candidate_status { last_received { term: 2 index: 4 } } ignore_live_leader: false dest_uuid: "f42c56d2dc6b4faba5a218e79da90951"
I0917 09:19:51.698738 15685 tablet_service.cc:1295] Received RequestConsensusVote() RPC: tablet_id: "de49f5bae5244941af0020522f04d827" candidate_uuid: "eea10e830a664ea4be74d8cffbe95552" candidate_term: 3 candidate_status { last_received { term: 2 index: 4 } } ignore_live_leader: false dest_uuid: "c2c8bec4d40141a6b1f470f6142de67a"
I0917 09:19:51.698748 15243 raft_consensus.cc:2311] T de49f5bae5244941af0020522f04d827 P f42c56d2dc6b4faba5a218e79da90951 [term 2 FOLLOWER]: Leader election vote request: Denying vote to candidate eea10e830a664ea4be74d8cffbe95552 for term 3 because replica is either leader or believes a valid leader to be alive.
I0917 09:19:51.698762 15685 raft_consensus.cc:2890] T de49f5bae5244941af0020522f04d827 P c2c8bec4d40141a6b1f470f6142de67a [term 2 FOLLOWER]: Advancing to term 3
I0917 09:19:51.699363 15685 raft_consensus.cc:2350] T de49f5bae5244941af0020522f04d827 P c2c8bec4d40141a6b1f470f6142de67a [term 3 FOLLOWER]: Leader election vote request: Granting yes vote for candidate eea10e830a664ea4be74d8cffbe95552 in term 3.
I0917 09:19:51.699561 15280 leader_election.cc:310] T de49f5bae5244941af0020522f04d827 P eea10e830a664ea4be74d8cffbe95552 [CANDIDATE]: Term 3 election: Election decided. Result: candidate won. Election summary: received 3 responses out of 3 voters: 2 yes votes; 1 no votes. yes voters: c2c8bec4d40141a6b1f470f6142de67a, eea10e830a664ea4be74d8cffbe95552; no voters: f42c56d2dc6b4faba5a218e79da90951
I0917 09:19:51.699718 15721 raft_consensus.cc:2644] T de49f5bae5244941af0020522f04d827 P eea10e830a664ea4be74d8cffbe95552 [term 3 FOLLOWER]: Leader election won for term 3
I0917 09:19:51.699759 15721 raft_consensus.cc:667] T de49f5bae5244941af0020522f04d827 P eea10e830a664ea4be74d8cffbe95552 [term 3 LEADER]: Becoming Leader. State: Replica: eea10e830a664ea4be74d8cffbe95552, State: Running, Role: LEADER
I0917 09:19:51.699844 15721 consensus_queue.cc:206] T de49f5bae5244941af0020522f04d827 P eea10e830a664ea4be74d8cffbe95552 [LEADER]: Queue going to LEADER mode. State: All replicated index: 0, Majority replicated index: 4, Committed index: 4, Last appended: 2.4, Last appended by leader: 4, Current term: 3, Majority size: 2, State: 0, Mode: LEADER, active raft config: opid_index: -1 OBSOLETE_local: false peers { permanent_uuid: "c2c8bec4d40141a6b1f470f6142de67a" member_type: VOTER last_known_addr { host: "127.13.208.65" port: 39971 } } peers { permanent_uuid: "f42c56d2dc6b4faba5a218e79da90951" member_type: VOTER last_known_addr { host: "127.13.208.66" port: 38793 } } peers { permanent_uuid: "eea10e830a664ea4be74d8cffbe95552" member_type: VOTER last_known_addr { host: "127.13.208.67" port: 42065 } }
I0917 09:19:51.700649 15456 catalog_manager.cc:4120] T de49f5bae5244941af0020522f04d827 P eea10e830a664ea4be74d8cffbe95552 reported cstate change: term changed from 2 to 3, leader changed from c2c8bec4d40141a6b1f470f6142de67a (127.13.208.65) to eea10e830a664ea4be74d8cffbe95552 (127.13.208.67). New cstate: current_term: 3 leader_uuid: "eea10e830a664ea4be74d8cffbe95552" committed_config { opid_index: -1 OBSOLETE_local: false peers { permanent_uuid: "c2c8bec4d40141a6b1f470f6142de67a" member_type: VOTER last_known_addr { host: "127.13.208.65" port: 39971 } health_report { overall_health: UNKNOWN } } peers { permanent_uuid: "f42c56d2dc6b4faba5a218e79da90951" member_type: VOTER last_known_addr { host: "127.13.208.66" port: 38793 } health_report { overall_health: UNKNOWN } } peers { permanent_uuid: "eea10e830a664ea4be74d8cffbe95552" member_type: VOTER last_known_addr { host: "127.13.208.67" port: 42065 } health_report { overall_health: HEALTHY } } }
I0917 09:19:51.707214 15724 raft_consensus.cc:472] T de49f5bae5244941af0020522f04d827 P f42c56d2dc6b4faba5a218e79da90951 [term 2 FOLLOWER]: Starting pre-election (detected failure of leader c2c8bec4d40141a6b1f470f6142de67a)
I0917 09:19:51.707330 15724 raft_consensus.cc:494] T de49f5bae5244941af0020522f04d827 P f42c56d2dc6b4faba5a218e79da90951 [term 2 FOLLOWER]: Starting pre-election with config: opid_index: -1 OBSOLETE_local: false peers { permanent_uuid: "c2c8bec4d40141a6b1f470f6142de67a" member_type: VOTER last_known_addr { host: "127.13.208.65" port: 39971 } } peers { permanent_uuid: "f42c56d2dc6b4faba5a218e79da90951" member_type: VOTER last_known_addr { host: "127.13.208.66" port: 38793 } } peers { permanent_uuid: "eea10e830a664ea4be74d8cffbe95552" member_type: VOTER last_known_addr { host: "127.13.208.67" port: 42065 } }
I0917 09:19:51.707428 15724 leader_election.cc:296] T de49f5bae5244941af0020522f04d827 P f42c56d2dc6b4faba5a218e79da90951 [CANDIDATE]: Term 3 pre-election: Requested pre-vote from peers c2c8bec4d40141a6b1f470f6142de67a (127.13.208.65:39971), eea10e830a664ea4be74d8cffbe95552 (127.13.208.67:42065)
I0917 09:19:51.707654 15317 tablet_service.cc:1295] Received RequestConsensusVote() RPC: tablet_id: "de49f5bae5244941af0020522f04d827" candidate_uuid: "f42c56d2dc6b4faba5a218e79da90951" candidate_term: 3 candidate_status { last_received { term: 2 index: 4 } } ignore_live_leader: false dest_uuid: "eea10e830a664ea4be74d8cffbe95552" is_pre_election: true
I0917 09:19:51.707708 15317 raft_consensus.cc:2311] T de49f5bae5244941af0020522f04d827 P eea10e830a664ea4be74d8cffbe95552 [term 3 LEADER]: Leader pre-election vote request: Denying vote to candidate f42c56d2dc6b4faba5a218e79da90951 for term 3 because replica is either leader or believes a valid leader to be alive.
I0917 09:19:51.707832 15685 tablet_service.cc:1295] Received RequestConsensusVote() RPC: tablet_id: "de49f5bae5244941af0020522f04d827" candidate_uuid: "f42c56d2dc6b4faba5a218e79da90951" candidate_term: 3 candidate_status { last_received { term: 2 index: 4 } } ignore_live_leader: false dest_uuid: "c2c8bec4d40141a6b1f470f6142de67a" is_pre_election: true
I0917 09:19:51.707857 15685 raft_consensus.cc:2280] T de49f5bae5244941af0020522f04d827 P c2c8bec4d40141a6b1f470f6142de67a [term 3 FOLLOWER]: Leader pre-election vote request: Denying vote to candidate f42c56d2dc6b4faba5a218e79da90951 in current term 3: Already voted for candidate eea10e830a664ea4be74d8cffbe95552 in this term.
I0917 09:19:51.707942 15200 leader_election.cc:310] T de49f5bae5244941af0020522f04d827 P f42c56d2dc6b4faba5a218e79da90951 [CANDIDATE]: Term 3 pre-election: Election decided. Result: candidate lost. Election summary: received 3 responses out of 3 voters: 1 yes votes; 2 no votes. yes voters: f42c56d2dc6b4faba5a218e79da90951; no voters: c2c8bec4d40141a6b1f470f6142de67a, eea10e830a664ea4be74d8cffbe95552
I0917 09:19:51.707999 15724 raft_consensus.cc:2890] T de49f5bae5244941af0020522f04d827 P f42c56d2dc6b4faba5a218e79da90951 [term 2 FOLLOWER]: Advancing to term 3
I0917 09:19:51.708748 15724 raft_consensus.cc:2592] T de49f5bae5244941af0020522f04d827 P f42c56d2dc6b4faba5a218e79da90951 [term 3 FOLLOWER]: Leader pre-election lost for term 3. Reason: could not achieve majority
I0917 09:19:51.766623 15685 raft_consensus.cc:1184] T f67125c2201a4791ab5756ecc8fba82a P c2c8bec4d40141a6b1f470f6142de67a [term 3 FOLLOWER]: Refusing update from remote peer f42c56d2dc6b4faba5a218e79da90951: Log matching property violated. Preceding OpId in replica: term: 2 index: 4. Preceding OpId from leader: term: 3 index: 5. (index mismatch)
I0917 09:19:51.766882 15724 consensus_queue.cc:984] T f67125c2201a4791ab5756ecc8fba82a P f42c56d2dc6b4faba5a218e79da90951 [LEADER]: Connected to new peer: Peer: permanent_uuid: "c2c8bec4d40141a6b1f470f6142de67a" member_type: VOTER last_known_addr { host: "127.13.208.65" port: 39971 }, Status: LMP_MISMATCH, Last received: 0.0, Next index: 5, Last known committed idx: 4, Time since last communication: 0.000s
I0917 09:19:51.768088 15317 raft_consensus.cc:1184] T f67125c2201a4791ab5756ecc8fba82a P eea10e830a664ea4be74d8cffbe95552 [term 3 FOLLOWER]: Refusing update from remote peer f42c56d2dc6b4faba5a218e79da90951: Log matching property violated. Preceding OpId in replica: term: 2 index: 4. Preceding OpId from leader: term: 3 index: 5. (index mismatch)
I0917 09:19:51.768586 15724 consensus_queue.cc:984] T f67125c2201a4791ab5756ecc8fba82a P f42c56d2dc6b4faba5a218e79da90951 [LEADER]: Connected to new peer: Peer: permanent_uuid: "eea10e830a664ea4be74d8cffbe95552" member_type: VOTER last_known_addr { host: "127.13.208.67" port: 42065 }, Status: LMP_MISMATCH, Last received: 0.0, Next index: 5, Last known committed idx: 4, Time since last communication: 0.000s
I0917 09:19:51.807340 15685 raft_consensus.cc:1184] T de49f5bae5244941af0020522f04d827 P c2c8bec4d40141a6b1f470f6142de67a [term 3 FOLLOWER]: Refusing update from remote peer eea10e830a664ea4be74d8cffbe95552: Log matching property violated. Preceding OpId in replica: term: 2 index: 4. Preceding OpId from leader: term: 3 index: 5. (index mismatch)
I0917 09:19:51.807621 15411 consensus_queue.cc:984] T de49f5bae5244941af0020522f04d827 P eea10e830a664ea4be74d8cffbe95552 [LEADER]: Connected to new peer: Peer: permanent_uuid: "c2c8bec4d40141a6b1f470f6142de67a" member_type: VOTER last_known_addr { host: "127.13.208.65" port: 39971 }, Status: LMP_MISMATCH, Last received: 0.0, Next index: 5, Last known committed idx: 4, Time since last communication: 0.000s
I0917 09:19:51.809229 15243 raft_consensus.cc:1184] T de49f5bae5244941af0020522f04d827 P f42c56d2dc6b4faba5a218e79da90951 [term 3 FOLLOWER]: Refusing update from remote peer eea10e830a664ea4be74d8cffbe95552: Log matching property violated. Preceding OpId in replica: term: 2 index: 4. Preceding OpId from leader: term: 3 index: 5. (index mismatch)
I0917 09:19:51.809633 15735 consensus_queue.cc:984] T de49f5bae5244941af0020522f04d827 P eea10e830a664ea4be74d8cffbe95552 [LEADER]: Connected to new peer: Peer: permanent_uuid: "f42c56d2dc6b4faba5a218e79da90951" member_type: VOTER last_known_addr { host: "127.13.208.66" port: 38793 }, Status: LMP_MISMATCH, Last received: 0.0, Next index: 5, Last known committed idx: 4, Time since last communication: 0.000s
I0917 09:19:51.816184 14145 tablet_server.cc:155] TabletServer shutting down...
I0917 09:19:51.821102 14145 ts_tablet_manager.cc:1159] Shutting down tablet manager...
I0917 09:19:51.821135 14145 tablet_replica.cc:273] T ac74b319ad54416685f8b9d9506e1d61 P f42c56d2dc6b4faba5a218e79da90951: stopping tablet replica
I0917 09:19:51.821164 14145 raft_consensus.cc:2147] T ac74b319ad54416685f8b9d9506e1d61 P f42c56d2dc6b4faba5a218e79da90951 [term 3 FOLLOWER]: Raft consensus shutting down.
I0917 09:19:51.821182 14145 raft_consensus.cc:2174] T ac74b319ad54416685f8b9d9506e1d61 P f42c56d2dc6b4faba5a218e79da90951 [term 3 FOLLOWER]: Raft consensus is shut down!
I0917 09:19:51.821378 14145 tablet_replica.cc:273] T f67125c2201a4791ab5756ecc8fba82a P f42c56d2dc6b4faba5a218e79da90951: stopping tablet replica
I0917 09:19:51.821401 14145 raft_consensus.cc:2147] T f67125c2201a4791ab5756ecc8fba82a P f42c56d2dc6b4faba5a218e79da90951 [term 3 LEADER]: Raft consensus shutting down.
I0917 09:19:51.821432 14145 raft_consensus.cc:2174] T f67125c2201a4791ab5756ecc8fba82a P f42c56d2dc6b4faba5a218e79da90951 [term 3 FOLLOWER]: Raft consensus is shut down!
I0917 09:19:51.821662 14145 tablet_replica.cc:273] T de49f5bae5244941af0020522f04d827 P f42c56d2dc6b4faba5a218e79da90951: stopping tablet replica
I0917 09:19:51.821687 14145 raft_consensus.cc:2147] T de49f5bae5244941af0020522f04d827 P f42c56d2dc6b4faba5a218e79da90951 [term 3 FOLLOWER]: Raft consensus shutting down.
I0917 09:19:51.821696 14145 raft_consensus.cc:2174] T de49f5bae5244941af0020522f04d827 P f42c56d2dc6b4faba5a218e79da90951 [term 3 FOLLOWER]: Raft consensus is shut down!
W0917 09:19:51.831527 15279 consensus_peers.cc:458] T ac74b319ad54416685f8b9d9506e1d61 P eea10e830a664ea4be74d8cffbe95552 -> Peer f42c56d2dc6b4faba5a218e79da90951 (127.13.208.66:38793): Couldn't send request to peer f42c56d2dc6b4faba5a218e79da90951. Status: Network error: Client connection negotiation failed: client connection to 127.13.208.66:38793: connect: Connection refused (error 111). This is attempt 1: this message will repeat every 5th retry.
I0917 09:19:51.833493 14145 tablet_server.cc:169] TabletServer shutdown complete.
I0917 09:19:51.833523 14145 tablet_server.cc:155] TabletServer shutting down...
I0917 09:19:51.833542 14145 tablet_server.cc:169] TabletServer shutdown complete.
I0917 09:19:51.838233 14145 system_ntp.cc:193] NTP initialized. Skew: 500ppm Current error: 28304us
I0917 09:19:51.838304 14145 fs_manager.cc:263] Metadata directory not provided
I0917 09:19:51.838320 14145 fs_manager.cc:266] Using existing metadata directory in first data directory
I0917 09:19:51.838837 14145 fs_manager.cc:399] Time spent opening directory manager: real 0.000s user 0.000s sys 0.000s
I0917 09:19:51.839193 14145 file_cache.cc:465] Constructed file cache lbm with capacity 419430
I0917 09:19:51.841217 14145 fs_manager.cc:419] Time spent opening block manager: real 0.000s user 0.000s sys 0.000s
I0917 09:19:51.841281 14145 fs_manager.cc:436] Opened local filesystem: /tmp/dist-test-taskLDE0O4/test-tmp/ts_tablet_manager-itest.0.TsTabletManagerITest.TestTableStats.1568711978778636-14145/minicluster-data/ts-1-root uuid: "f42c56d2dc6b4faba5a218e79da90951" format_stamp: "Formatted at 2019-09-17 09:19:49 on dist-test-slave-dist-test-slave-w6nz"
I0917 09:19:51.841305 14145 fs_report.cc:352] FS layout report -------------------- wal directory: /tmp/dist-test-taskLDE0O4/test-tmp/ts_tablet_manager-itest.0.TsTabletManagerITest.TestTableStats.1568711978778636-14145/minicluster-data/ts-1-root metadata directory: /tmp/dist-test-taskLDE0O4/test-tmp/ts_tablet_manager-itest.0.TsTabletManagerITest.TestTableStats.1568711978778636-14145/minicluster-data/ts-1-root 1 data directories: /tmp/dist-test-taskLDE0O4/test-tmp/ts_tablet_manager-itest.0.TsTabletManagerITest.TestTableStats.1568711978778636-14145/minicluster-data/ts-1-root/data Total live blocks: 0 Total live bytes: 0 Total live bytes (after alignment): 0 Total number of LBM containers: 0 (0 full) Did not check for missing blocks Did not check for orphaned blocks Total full LBM containers with extra space: 0 (0 repaired) Total full LBM container extra space in bytes: 0 (0 repaired) Total incomplete LBM containers: 0 (0 repaired) Total LBM partial records: 0 (0 repaired)
I0917 09:19:51.866588 14145 ts_tablet_manager.cc:383] Loaded tablet metadata (3 total tablets, 3 live tablets)
I0917 09:19:51.867465 14145 ts_tablet_manager.cc:403] Registered 3 tablets
I0917 09:19:51.868963 15747 tablet_bootstrap.cc:439] T f67125c2201a4791ab5756ecc8fba82a P f42c56d2dc6b4faba5a218e79da90951: Bootstrap starting.
I0917 09:19:51.870424 14145 rpc_server.cc:205] RPC server started. Bound to: 127.13.208.66:38793
I0917 09:19:51.870532 15747 tablet.cc:1223] T f67125c2201a4791ab5756ecc8fba82a P f42c56d2dc6b4faba5a218e79da90951: Alter schema from ( 0:key INT32 NOT NULL, PRIMARY KEY (key) ) version 0 to ( 0:key INT32 NOT NULL, PRIMARY KEY (key) ) version 1
I0917 09:19:51.870573 15747 tablet_metadata.cc:569] Not flushing: waiting for 1 pins to be released.
I0917 09:19:51.870638 15747 tablet_bootstrap.cc:439] T f67125c2201a4791ab5756ecc8fba82a P f42c56d2dc6b4faba5a218e79da90951: Bootstrap replayed 1/1 log segments. Stats: ops{read=5 overwritten=0 applied=5 ignored=0} inserts{seen=36 ignored=0} mutations{seen=0 ignored=0} orphaned_commits=0. Pending: 0 replicates
I0917 09:19:51.870745 14145 webserver.cc:374] Webserver started at http://127.13.208.66:45521/ using document root and password file
I0917 09:19:51.870839 15747 tablet_bootstrap.cc:439] T f67125c2201a4791ab5756ecc8fba82a P f42c56d2dc6b4faba5a218e79da90951: Bootstrap complete.
I0917 09:19:51.872977 15747 ts_tablet_manager.cc:1085] T f67125c2201a4791ab5756ecc8fba82a P f42c56d2dc6b4faba5a218e79da90951: Time spent bootstrapping tablet: real 0.004s user 0.003s sys 0.000s
I0917 09:19:51.873246 15747 raft_consensus.cc:340] T f67125c2201a4791ab5756ecc8fba82a P f42c56d2dc6b4faba5a218e79da90951 [term 3 FOLLOWER]: Replica starting. Triggering 0 pending transactions. Active config: opid_index: -1 OBSOLETE_local: false peers { permanent_uuid: "f42c56d2dc6b4faba5a218e79da90951" member_type: VOTER last_known_addr { host: "127.13.208.66" port: 38793 } } peers { permanent_uuid: "c2c8bec4d40141a6b1f470f6142de67a" member_type: VOTER last_known_addr { host: "127.13.208.65" port: 39971 } } peers { permanent_uuid: "eea10e830a664ea4be74d8cffbe95552" member_type: VOTER last_known_addr { host: "127.13.208.67" port: 42065 } }
I0917 09:19:51.873270 15747 raft_consensus.cc:705] T f67125c2201a4791ab5756ecc8fba82a P f42c56d2dc6b4faba5a218e79da90951 [term 3 FOLLOWER]: Becoming Follower/Learner. State: Replica: f42c56d2dc6b4faba5a218e79da90951, State: Initialized, Role: FOLLOWER
I0917 09:19:51.873379 15747 consensus_queue.cc:229] T f67125c2201a4791ab5756ecc8fba82a P f42c56d2dc6b4faba5a218e79da90951 [NON_LEADER]: Queue going to NON_LEADER mode. State: All replicated index: 0, Majority replicated index: 0, Committed index: 5, Last appended: 3.5, Last appended by leader: 5, Current term: 0, Majority size: -1, State: 0, Mode: NON_LEADER, active raft config: opid_index: -1 OBSOLETE_local: false peers { permanent_uuid: "f42c56d2dc6b4faba5a218e79da90951" member_type: VOTER last_known_addr { host: "127.13.208.66" port: 38793 } } peers { permanent_uuid: "c2c8bec4d40141a6b1f470f6142de67a" member_type: VOTER last_known_addr { host: "127.13.208.65" port: 39971 } } peers { permanent_uuid: "eea10e830a664ea4be74d8cffbe95552" member_type: VOTER last_known_addr { host: "127.13.208.67" port: 42065 } }
I0917 09:19:51.873504 15747 ts_tablet_manager.cc:1113] T f67125c2201a4791ab5756ecc8fba82a P f42c56d2dc6b4faba5a218e79da90951: Time spent starting tablet: real 0.000s user 0.000s sys 0.000s
I0917 09:19:51.873558 15747 tablet_bootstrap.cc:439] T ac74b319ad54416685f8b9d9506e1d61 P f42c56d2dc6b4faba5a218e79da90951: Bootstrap starting.
I0917 09:19:51.876001 15747 tablet.cc:1223] T ac74b319ad54416685f8b9d9506e1d61 P f42c56d2dc6b4faba5a218e79da90951: Alter schema from ( 0:key INT32 NOT NULL, PRIMARY KEY (key) ) version 0 to ( 0:key INT32 NOT NULL, PRIMARY KEY (key) ) version 1
I0917 09:19:51.876039 15747 tablet_metadata.cc:569] Not flushing: waiting for 1 pins to be released.
I0917 09:19:51.876096 15747 tablet_bootstrap.cc:439] T ac74b319ad54416685f8b9d9506e1d61 P f42c56d2dc6b4faba5a218e79da90951: Bootstrap replayed 1/1 log segments. Stats: ops{read=5 overwritten=1 applied=4 ignored=0} inserts{seen=29 ignored=0} mutations{seen=0 ignored=0} orphaned_commits=0. Pending: 0 replicates
I0917 09:19:51.876410 15747 tablet_bootstrap.cc:439] T ac74b319ad54416685f8b9d9506e1d61 P f42c56d2dc6b4faba5a218e79da90951: Bootstrap complete.
I0917 09:19:51.876719 15805 heartbeater.cc:322] Connected to a master server at 127.13.208.126:33685
I0917 09:19:51.876763 15805 heartbeater.cc:406] Registering TS with master...
I0917 09:19:51.877241 15805 heartbeater.cc:455] Master 127.13.208.126:33685 requested a full tablet report, sending...
I0917 09:19:51.877743 15456 ts_manager.cc:161] Re-registered known tserver with Master: f42c56d2dc6b4faba5a218e79da90951 (127.13.208.66:38793)
I0917 09:19:51.878752 15803 heartbeater.cc:322] Connected to a master server at 127.13.208.124:39307
I0917 09:19:51.878769 15456 master_service.cc:276] Signed X509 certificate for tserver {username='slave'} at 127.0.0.1:43156
I0917 09:19:51.878787 15803 heartbeater.cc:406] Registering TS with master...
I0917 09:19:51.878829 15803 heartbeater.cc:455] Master 127.13.208.124:39307 requested a full tablet report, sending...
I0917 09:19:51.878952 15747 ts_tablet_manager.cc:1085] T ac74b319ad54416685f8b9d9506e1d61 P f42c56d2dc6b4faba5a218e79da90951: Time spent bootstrapping tablet: real 0.005s user 0.004s sys 0.000s
E0917 09:19:51.879150 15747 ts_tablet_manager.cc:1124] T ac74b319ad54416685f8b9d9506e1d61 P f42c56d2dc6b4faba5a218e79da90951: Tablet failed to start: Corruption: Unable to start RaftConsensus: The last op in the WAL with id 3.4 has a term (3) that is greater than the latest recorded term, which is 2
I0917 09:19:51.879180 15747 ts_tablet_manager.cc:1113] T ac74b319ad54416685f8b9d9506e1d61 P f42c56d2dc6b4faba5a218e79da90951: Time spent starting tablet: real 0.000s user 0.000s sys 0.000s
I0917 09:19:51.879284 15747 tablet_replica.cc:273] T ac74b319ad54416685f8b9d9506e1d61 P f42c56d2dc6b4faba5a218e79da90951: stopping tablet replica
I0917 09:19:51.879315 15747 raft_consensus.cc:2147] T ac74b319ad54416685f8b9d9506e1d61 P f42c56d2dc6b4faba5a218e79da90951 [term 2 FOLLOWER]: Raft consensus shutting down.
I0917 09:19:51.879343 15747 raft_consensus.cc:2174] T ac74b319ad54416685f8b9d9506e1d61 P f42c56d2dc6b4faba5a218e79da90951 [term 2 FOLLOWER]: Raft consensus is shut down!
I0917 09:19:51.879386 15523 ts_manager.cc:161] Re-registered known tserver with Master: f42c56d2dc6b4faba5a218e79da90951 (127.13.208.66:38793)
I0917 09:19:51.879658 15805 heartbeater.cc:447] Master 127.13.208.126:33685 was elected leader, sending a full tablet report...
I0917 09:19:51.879863 15804 heartbeater.cc:322] Connected to a master server at 127.13.208.125:37503
I0917 09:19:51.879922 15804 heartbeater.cc:406] Registering TS with master...
I0917 09:19:51.879987 15804 heartbeater.cc:455] Master 127.13.208.125:37503 requested a full tablet report, sending...
I0917 09:19:51.880131 15747 tablet_bootstrap.cc:439] T de49f5bae5244941af0020522f04d827 P f42c56d2dc6b4faba5a218e79da90951: Bootstrap starting.
W0917 09:19:51.880244 15456 catalog_manager.cc:4041] Tablet ac74b319ad54416685f8b9d9506e1d61 (table NewTableName [id=03b5e80e6ff342bab99657ab154c5e00]) has failed on TS f42c56d2dc6b4faba5a218e79da90951 (127.13.208.66:38793): Corruption: Unable to start RaftConsensus: The last op in the WAL with id 3.4 has a term (3) that is greater than the latest recorded term, which is 2
I0917 09:19:51.880501 15599 ts_manager.cc:161] Re-registered known tserver with Master: f42c56d2dc6b4faba5a218e79da90951 (127.13.208.66:38793)
I0917 09:19:51.881785 15747 tablet.cc:1223] T de49f5bae5244941af0020522f04d827 P f42c56d2dc6b4faba5a218e79da90951: Alter schema from ( 0:key INT32 NOT NULL, PRIMARY KEY (key) ) version 0 to ( 0:key INT32 NOT NULL, PRIMARY KEY (key) ) version 1
I0917 09:19:51.881815 15747 tablet_metadata.cc:569] Not flushing: waiting for 1 pins to be released.
I0917 09:19:51.881865 15747 tablet_bootstrap.cc:439] T de49f5bae5244941af0020522f04d827 P f42c56d2dc6b4faba5a218e79da90951: Bootstrap replayed 1/1 log segments. Stats: ops{read=5 overwritten=0 applied=5 ignored=0} inserts{seen=26 ignored=0} mutations{seen=0 ignored=0} orphaned_commits=0. Pending: 0 replicates
I0917 09:19:51.882035 15747 tablet_bootstrap.cc:439] T de49f5bae5244941af0020522f04d827 P f42c56d2dc6b4faba5a218e79da90951: Bootstrap complete.
I0917 09:19:51.882851 15747 ts_tablet_manager.cc:1085] T de49f5bae5244941af0020522f04d827 P f42c56d2dc6b4faba5a218e79da90951: Time spent bootstrapping tablet: real 0.003s user 0.002s sys 0.000s
I0917 09:19:51.882979 15747 raft_consensus.cc:340] T de49f5bae5244941af0020522f04d827 P f42c56d2dc6b4faba5a218e79da90951 [term 3 FOLLOWER]: Replica starting. Triggering 0 pending transactions. Active config: opid_index: -1 OBSOLETE_local: false peers { permanent_uuid: "c2c8bec4d40141a6b1f470f6142de67a" member_type: VOTER last_known_addr { host: "127.13.208.65" port: 39971 } } peers { permanent_uuid: "f42c56d2dc6b4faba5a218e79da90951" member_type: VOTER last_known_addr { host: "127.13.208.66" port: 38793 } } peers { permanent_uuid: "eea10e830a664ea4be74d8cffbe95552" member_type: VOTER last_known_addr { host: "127.13.208.67" port: 42065 } }
I0917 09:19:51.882998 15747 raft_consensus.cc:705] T de49f5bae5244941af0020522f04d827 P f42c56d2dc6b4faba5a218e79da90951 [term 3 FOLLOWER]: Becoming Follower/Learner. State: Replica: f42c56d2dc6b4faba5a218e79da90951, State: Initialized, Role: FOLLOWER
I0917 09:19:51.883072 15747 consensus_queue.cc:229] T de49f5bae5244941af0020522f04d827 P f42c56d2dc6b4faba5a218e79da90951 [NON_LEADER]: Queue going to NON_LEADER mode. State: All replicated index: 0, Majority replicated index: 0, Committed index: 5, Last appended: 3.5, Last appended by leader: 5, Current term: 0, Majority size: -1, State: 0, Mode: NON_LEADER, active raft config: opid_index: -1 OBSOLETE_local: false peers { permanent_uuid: "c2c8bec4d40141a6b1f470f6142de67a" member_type: VOTER last_known_addr { host: "127.13.208.65" port: 39971 } } peers { permanent_uuid: "f42c56d2dc6b4faba5a218e79da90951" member_type: VOTER last_known_addr { host: "127.13.208.66" port: 38793 } } peers { permanent_uuid: "eea10e830a664ea4be74d8cffbe95552" member_type: VOTER last_known_addr { host: "127.13.208.67" port: 42065 } }
I0917 09:19:51.883244 15747 ts_tablet_manager.cc:1113] T de49f5bae5244941af0020522f04d827 P f42c56d2dc6b4faba5a218e79da90951: Time spent starting tablet: real 0.000s user 0.001s sys 0.000s
I0917 09:19:51.938957 15279 consensus_queue.cc:544] T ac74b319ad54416685f8b9d9506e1d61 P eea10e830a664ea4be74d8cffbe95552 [LEADER]: The tablet replica hosted on peer f42c56d2dc6b4faba5a218e79da90951 has failed
I0917 09:19:51.939827 15456 catalog_manager.cc:3871] Sending ChangeConfig:REMOVE_PEER on tablet ac74b319ad54416685f8b9d9506e1d61 (attempt 1)
I0917 09:19:51.943123 15317 consensus_queue.cc:206] T ac74b319ad54416685f8b9d9506e1d61 P eea10e830a664ea4be74d8cffbe95552 [LEADER]: Queue going to LEADER mode. State: All replicated index: 0, Majority replicated index: 4, Committed index: 4, Last appended: 3.4, Last appended by leader: 2, Current term: 3, Majority size: 2, State: 0, Mode: LEADER, active raft config: opid_index: 5 OBSOLETE_local: false peers { permanent_uuid: "eea10e830a664ea4be74d8cffbe95552" member_type: VOTER last_known_addr { host: "127.13.208.67" port: 42065 } } peers { permanent_uuid: "c2c8bec4d40141a6b1f470f6142de67a" member_type: VOTER last_known_addr { host: "127.13.208.65" port: 39971 } }
I0917 09:19:51.943526 15685 raft_consensus.cc:1184] T ac74b319ad54416685f8b9d9506e1d61 P c2c8bec4d40141a6b1f470f6142de67a [term 3 FOLLOWER]: Refusing update from remote peer eea10e830a664ea4be74d8cffbe95552: Log matching property violated. Preceding OpId in replica: term: 3 index: 4. Preceding OpId from leader: term: 3 index: 5. (index mismatch)
I0917 09:19:51.943722 15721 consensus_queue.cc:984] T ac74b319ad54416685f8b9d9506e1d61 P eea10e830a664ea4be74d8cffbe95552 [LEADER]: Connected to new peer: Peer: permanent_uuid: "c2c8bec4d40141a6b1f470f6142de67a" member_type: VOTER last_known_addr { host: "127.13.208.65" port: 39971 }, Status: LMP_MISMATCH, Last received: 0.0, Next index: 5, Last known committed idx: 4, Time since last communication: 0.000s
I0917 09:19:51.944278 15721 raft_consensus.cc:2792] T ac74b319ad54416685f8b9d9506e1d61 P eea10e830a664ea4be74d8cffbe95552 [term 3 LEADER]: Committing config change with OpId 3.5: config changed from index -1 to 5, VOTER f42c56d2dc6b4faba5a218e79da90951 (127.13.208.66) evicted. New config: { opid_index: 5 OBSOLETE_local: false peers { permanent_uuid: "eea10e830a664ea4be74d8cffbe95552" member_type: VOTER last_known_addr { host: "127.13.208.67" port: 42065 } } peers { permanent_uuid: "c2c8bec4d40141a6b1f470f6142de67a" member_type: VOTER last_known_addr { host: "127.13.208.65" port: 39971 } } }
I0917 09:19:51.944394 15685 raft_consensus.cc:2792] T ac74b319ad54416685f8b9d9506e1d61 P c2c8bec4d40141a6b1f470f6142de67a [term 3 FOLLOWER]: Committing config change with OpId 3.5: config changed from index -1 to 5, VOTER f42c56d2dc6b4faba5a218e79da90951 (127.13.208.66) evicted. New config: { opid_index: 5 OBSOLETE_local: false peers { permanent_uuid: "eea10e830a664ea4be74d8cffbe95552" member_type: VOTER last_known_addr { host: "127.13.208.67" port: 42065 } } peers { permanent_uuid: "c2c8bec4d40141a6b1f470f6142de67a" member_type: VOTER last_known_addr { host: "127.13.208.65" port: 39971 } } }
I0917 09:19:51.946494 15440 catalog_manager.cc:3654] ChangeConfig:REMOVE_PEER RPC for tablet ac74b319ad54416685f8b9d9506e1d61 with cas_config_opid_index -1: ChangeConfig:REMOVE_PEER succeeded (attempt 1)
I0917 09:19:51.947013 15455 catalog_manager.cc:4120] T ac74b319ad54416685f8b9d9506e1d61 P c2c8bec4d40141a6b1f470f6142de67a reported cstate change: config changed from index -1 to 5, VOTER f42c56d2dc6b4faba5a218e79da90951 (127.13.208.66) evicted. New cstate: current_term: 3 leader_uuid: "eea10e830a664ea4be74d8cffbe95552" committed_config { opid_index: 5 OBSOLETE_local: false peers { permanent_uuid: "eea10e830a664ea4be74d8cffbe95552" member_type: VOTER last_known_addr { host: "127.13.208.67" port: 42065 } } peers { permanent_uuid: "c2c8bec4d40141a6b1f470f6142de67a" member_type: VOTER last_known_addr { host: "127.13.208.65" port: 39971 } } }
I0917 09:19:51.948097 15455 catalog_manager.cc:3512] Sending DeleteTablet(TABLET_DATA_TOMBSTONED) for tablet ac74b319ad54416685f8b9d9506e1d61 on f42c56d2dc6b4faba5a218e79da90951 (127.13.208.66:38793) (TS f42c56d2dc6b4faba5a218e79da90951 not found in new config with opid_index 5)
I0917 09:19:51.948416 15456 catalog_manager.cc:3739] Sending ChangeConfig:ADD_PEER:NON_VOTER on tablet ac74b319ad54416685f8b9d9506e1d61 (attempt 1)
I0917 09:19:51.948750 15317 consensus_queue.cc:206] T ac74b319ad54416685f8b9d9506e1d61 P eea10e830a664ea4be74d8cffbe95552 [LEADER]: Queue going to LEADER mode. State: All replicated index: 0, Majority replicated index: 5, Committed index: 5, Last appended: 3.5, Last appended by leader: 2, Current term: 3, Majority size: 2, State: 0, Mode: LEADER, active raft config: opid_index: 6 OBSOLETE_local: false peers { permanent_uuid: "eea10e830a664ea4be74d8cffbe95552" member_type: VOTER last_known_addr { host: "127.13.208.67" port: 42065 } } peers { permanent_uuid: "c2c8bec4d40141a6b1f470f6142de67a" member_type: VOTER last_known_addr { host: "127.13.208.65" port: 39971 } } peers { permanent_uuid: "f42c56d2dc6b4faba5a218e79da90951" member_type: NON_VOTER last_known_addr { host: "127.13.208.66" port: 38793 } attrs { promote: true } }
I0917 09:19:51.949136 15685 raft_consensus.cc:1184] T ac74b319ad54416685f8b9d9506e1d61 P c2c8bec4d40141a6b1f470f6142de67a [term 3 FOLLOWER]: Refusing update from remote peer eea10e830a664ea4be74d8cffbe95552: Log matching property violated. Preceding OpId in replica: term: 3 index: 5. Preceding OpId from leader: term: 3 index: 6. (index mismatch)
I0917 09:19:51.949165 15279 consensus_queue.cc:544] T ac74b319ad54416685f8b9d9506e1d61 P eea10e830a664ea4be74d8cffbe95552 [LEADER]: The tablet replica hosted on peer f42c56d2dc6b4faba5a218e79da90951 has failed
W0917 09:19:51.949204 15279 consensus_peers.cc:458] T ac74b319ad54416685f8b9d9506e1d61 P eea10e830a664ea4be74d8cffbe95552 -> Peer f42c56d2dc6b4faba5a218e79da90951 (127.13.208.66:38793): Couldn't send request to peer f42c56d2dc6b4faba5a218e79da90951. Error code: TABLET_FAILED (20). Status: Illegal state: Tablet not RUNNING: FAILED: Corruption: Unable to start RaftConsensus: The last op in the WAL with id 3.4 has a term (3) that is greater than the latest recorded term, which is 2. This is attempt 1: this message will repeat every 5th retry.
I0917 09:19:51.949317 15411 consensus_queue.cc:984] T ac74b319ad54416685f8b9d9506e1d61 P eea10e830a664ea4be74d8cffbe95552 [LEADER]: Connected to new peer: Peer: permanent_uuid: "c2c8bec4d40141a6b1f470f6142de67a" member_type: VOTER last_known_addr { host: "127.13.208.65" port: 39971 }, Status: LMP_MISMATCH, Last received: 0.0, Next index: 6, Last known committed idx: 5, Time since last communication: 0.000s
I0917 09:19:51.950341 15735 raft_consensus.cc:2792] T ac74b319ad54416685f8b9d9506e1d61 P eea10e830a664ea4be74d8cffbe95552 [term 3 LEADER]: Committing config change with OpId 3.6: config changed from index 5 to 6, NON_VOTER f42c56d2dc6b4faba5a218e79da90951 (127.13.208.66) added. New config: { opid_index: 6 OBSOLETE_local: false peers { permanent_uuid: "eea10e830a664ea4be74d8cffbe95552" member_type: VOTER last_known_addr { host: "127.13.208.67" port: 42065 } } peers { permanent_uuid: "c2c8bec4d40141a6b1f470f6142de67a" member_type: VOTER last_known_addr { host: "127.13.208.65" port: 39971 } } peers { permanent_uuid: "f42c56d2dc6b4faba5a218e79da90951" member_type: NON_VOTER last_known_addr { host: "127.13.208.66" port: 38793 } attrs { promote: true } } }
I0917 09:19:51.950450 15685 raft_consensus.cc:2792] T ac74b319ad54416685f8b9d9506e1d61 P c2c8bec4d40141a6b1f470f6142de67a [term 3 FOLLOWER]: Committing config change with OpId 3.6: config changed from index 5 to 6, NON_VOTER f42c56d2dc6b4faba5a218e79da90951 (127.13.208.66) added. New config: { opid_index: 6 OBSOLETE_local: false peers { permanent_uuid: "eea10e830a664ea4be74d8cffbe95552" member_type: VOTER last_known_addr { host: "127.13.208.67" port: 42065 } } peers { permanent_uuid: "c2c8bec4d40141a6b1f470f6142de67a" member_type: VOTER last_known_addr { host: "127.13.208.65" port: 39971 } } peers { permanent_uuid: "f42c56d2dc6b4faba5a218e79da90951" member_type: NON_VOTER last_known_addr { host: "127.13.208.66" port: 38793 } attrs { promote: true } } }
I0917 09:19:51.952543 15440 catalog_manager.cc:3654] ChangeConfig:ADD_PEER:NON_VOTER RPC for tablet ac74b319ad54416685f8b9d9506e1d61 with cas_config_opid_index 5: ChangeConfig:ADD_PEER:NON_VOTER succeeded (attempt 1)
I0917 09:19:51.953564 15456 catalog_manager.cc:4120] T ac74b319ad54416685f8b9d9506e1d61 P eea10e830a664ea4be74d8cffbe95552 reported cstate change: config changed from index 5 to 6, NON_VOTER f42c56d2dc6b4faba5a218e79da90951 (127.13.208.66) added. New cstate: current_term: 3 leader_uuid: "eea10e830a664ea4be74d8cffbe95552" committed_config { opid_index: 6 OBSOLETE_local: false peers { permanent_uuid: "eea10e830a664ea4be74d8cffbe95552" member_type: VOTER last_known_addr { host: "127.13.208.67" port: 42065 } health_report { overall_health: HEALTHY } } peers { permanent_uuid: "c2c8bec4d40141a6b1f470f6142de67a" member_type: VOTER last_known_addr { host: "127.13.208.65" port: 39971 } health_report { overall_health: HEALTHY } } peers { permanent_uuid: "f42c56d2dc6b4faba5a218e79da90951" member_type: NON_VOTER last_known_addr { host: "127.13.208.66" port: 38793 } attrs { promote: true } health_report { overall_health: FAILED_UNRECOVERABLE } } }
I0917 09:19:51.954466 15769 tablet_service.cc:1066] Processing DeleteTablet for tablet ac74b319ad54416685f8b9d9506e1d61 with delete_type TABLET_DATA_TOMBSTONED (TS f42c56d2dc6b4faba5a218e79da90951 not found in new config with opid_index 5) from {username='slave'} at 127.0.0.1:45276
I0917 09:19:51.954766 15456 catalog_manager.cc:3871] Sending ChangeConfig:REMOVE_PEER on tablet ac74b319ad54416685f8b9d9506e1d61 (attempt 1)
I0917 09:19:51.954849 15819 ts_tablet_manager.cc:1440] T ac74b319ad54416685f8b9d9506e1d61 P f42c56d2dc6b4faba5a218e79da90951: Deleting tablet data with delete state TABLET_DATA_TOMBSTONED
I0917 09:19:51.955404 15317 consensus_queue.cc:206] T ac74b319ad54416685f8b9d9506e1d61 P eea10e830a664ea4be74d8cffbe95552 [LEADER]: Queue going to LEADER mode. State: All replicated index: 0, Majority replicated index: 6, Committed index: 6, Last appended: 3.6, Last appended by leader: 2, Current term: 3, Majority size: 2, State: 0, Mode: LEADER, active raft config: opid_index: 7 OBSOLETE_local: false peers { permanent_uuid: "eea10e830a664ea4be74d8cffbe95552" member_type: VOTER last_known_addr { host: "127.13.208.67" port: 42065 } } peers { permanent_uuid: "c2c8bec4d40141a6b1f470f6142de67a" member_type: VOTER last_known_addr { host: "127.13.208.65" port: 39971 } }
I0917 09:19:51.955747 15685 raft_consensus.cc:1184] T ac74b319ad54416685f8b9d9506e1d61 P c2c8bec4d40141a6b1f470f6142de67a [term 3 FOLLOWER]: Refusing update from remote peer eea10e830a664ea4be74d8cffbe95552: Log matching property violated. Preceding OpId in replica: term: 3 index: 6. Preceding OpId from leader: term: 3 index: 7. (index mismatch)
I0917 09:19:51.955996 15721 consensus_queue.cc:984] T ac74b319ad54416685f8b9d9506e1d61 P eea10e830a664ea4be74d8cffbe95552 [LEADER]: Connected to new peer: Peer: permanent_uuid: "c2c8bec4d40141a6b1f470f6142de67a" member_type: VOTER last_known_addr { host: "127.13.208.65" port: 39971 }, Status: LMP_MISMATCH, Last received: 0.0, Next index: 7, Last known committed idx: 6, Time since last communication: 0.000s
I0917 09:19:51.956640 15735 raft_consensus.cc:2792] T ac74b319ad54416685f8b9d9506e1d61 P eea10e830a664ea4be74d8cffbe95552 [term 3 LEADER]: Committing config change with OpId 3.7: config changed from index 6 to 7, NON_VOTER f42c56d2dc6b4faba5a218e79da90951 (127.13.208.66) evicted. New config: { opid_index: 7 OBSOLETE_local: false peers { permanent_uuid: "eea10e830a664ea4be74d8cffbe95552" member_type: VOTER last_known_addr { host: "127.13.208.67" port: 42065 } } peers { permanent_uuid: "c2c8bec4d40141a6b1f470f6142de67a" member_type: VOTER last_known_addr { host: "127.13.208.65" port: 39971 } } }
I0917 09:19:51.956925 15685 raft_consensus.cc:2792] T ac74b319ad54416685f8b9d9506e1d61 P c2c8bec4d40141a6b1f470f6142de67a [term 3 FOLLOWER]: Committing config change with OpId 3.7: config changed from index 6 to 7, NON_VOTER f42c56d2dc6b4faba5a218e79da90951 (127.13.208.66) evicted. New config: { opid_index: 7 OBSOLETE_local: false peers { permanent_uuid: "eea10e830a664ea4be74d8cffbe95552" member_type: VOTER last_known_addr { host: "127.13.208.67" port: 42065 } } peers { permanent_uuid: "c2c8bec4d40141a6b1f470f6142de67a" member_type: VOTER last_known_addr { host: "127.13.208.65" port: 39971 } } }
I0917 09:19:51.957206 15819 ts_tablet_manager.cc:1453] T ac74b319ad54416685f8b9d9506e1d61 P f42c56d2dc6b4faba5a218e79da90951: tablet deleted with delete type TABLET_DATA_TOMBSTONED: last-logged OpId 3.4
I0917 09:19:51.957273 15819 log.cc:990] T ac74b319ad54416685f8b9d9506e1d61 P f42c56d2dc6b4faba5a218e79da90951: Deleting WAL directory at /tmp/dist-test-taskLDE0O4/test-tmp/ts_tablet_manager-itest.0.TsTabletManagerITest.TestTableStats.1568711978778636-14145/minicluster-data/ts-1-root/wals/ac74b319ad54416685f8b9d9506e1d61
I0917 09:19:51.957789 15437 catalog_manager.cc:3490] TS f42c56d2dc6b4faba5a218e79da90951 (127.13.208.66:38793): tablet ac74b319ad54416685f8b9d9506e1d61 (table NewTableName [id=03b5e80e6ff342bab99657ab154c5e00]) successfully deleted
I0917 09:19:51.958559 15440 catalog_manager.cc:3654] ChangeConfig:REMOVE_PEER RPC for tablet ac74b319ad54416685f8b9d9506e1d61 with cas_config_opid_index 6: ChangeConfig:REMOVE_PEER succeeded (attempt 1)
I0917 09:19:51.959345 15456 catalog_manager.cc:4120] T ac74b319ad54416685f8b9d9506e1d61 P c2c8bec4d40141a6b1f470f6142de67a reported cstate change: config changed from index 6 to 7, NON_VOTER f42c56d2dc6b4faba5a218e79da90951 (127.13.208.66) evicted. New cstate: current_term: 3 leader_uuid: "eea10e830a664ea4be74d8cffbe95552" committed_config { opid_index: 7 OBSOLETE_local: false peers { permanent_uuid: "eea10e830a664ea4be74d8cffbe95552" member_type: VOTER last_known_addr { host: "127.13.208.67" port: 42065 } } peers { permanent_uuid: "c2c8bec4d40141a6b1f470f6142de67a" member_type: VOTER last_known_addr { host: "127.13.208.65" port: 39971 } } }
I0917 09:19:51.960542 15456 catalog_manager.cc:3512] Sending DeleteTablet(TABLET_DATA_TOMBSTONED) for tablet ac74b319ad54416685f8b9d9506e1d61 on f42c56d2dc6b4faba5a218e79da90951 (127.13.208.66:38793) (TS f42c56d2dc6b4faba5a218e79da90951 not found in new config with opid_index 7)
I0917 09:19:51.960690 15455 catalog_manager.cc:3739] Sending ChangeConfig:ADD_PEER:NON_VOTER on tablet ac74b319ad54416685f8b9d9506e1d61 (attempt 1)
I0917 09:19:51.961028 15769 tablet_service.cc:1066] Processing DeleteTablet for tablet ac74b319ad54416685f8b9d9506e1d61 with delete_type TABLET_DATA_TOMBSTONED (TS f42c56d2dc6b4faba5a218e79da90951 not found in new config with opid_index 7) from {username='slave'} at 127.0.0.1:45276
I0917 09:19:51.961067 15317 consensus_queue.cc:206] T ac74b319ad54416685f8b9d9506e1d61 P eea10e830a664ea4be74d8cffbe95552 [LEADER]: Queue going to LEADER mode. State: All replicated index: 0, Majority replicated index: 7, Committed index: 7, Last appended: 3.7, Last appended by leader: 2, Current term: 3, Majority size: 2, State: 0, Mode: LEADER, active raft config: opid_index: 8 OBSOLETE_local: false peers { permanent_uuid: "eea10e830a664ea4be74d8cffbe95552" member_type: VOTER last_known_addr { host: "127.13.208.67" port: 42065 } } peers { permanent_uuid: "c2c8bec4d40141a6b1f470f6142de67a" member_type: VOTER last_known_addr { host: "127.13.208.65" port: 39971 } } peers { permanent_uuid: "f42c56d2dc6b4faba5a218e79da90951" member_type: NON_VOTER last_known_addr { host: "127.13.208.66" port: 38793 } attrs { promote: true } }
I0917 09:19:51.961169 15437 catalog_manager.cc:3490] TS f42c56d2dc6b4faba5a218e79da90951 (127.13.208.66:38793): tablet ac74b319ad54416685f8b9d9506e1d61 (table NewTableName [id=03b5e80e6ff342bab99657ab154c5e00]) successfully deleted
I0917 09:19:51.961405 15685 raft_consensus.cc:1184] T ac74b319ad54416685f8b9d9506e1d61 P c2c8bec4d40141a6b1f470f6142de67a [term 3 FOLLOWER]: Refusing update from remote peer eea10e830a664ea4be74d8cffbe95552: Log matching property violated. Preceding OpId in replica: term: 3 index: 7. Preceding OpId from leader: term: 3 index: 8. (index mismatch)
W0917 09:19:51.961462 15279 consensus_peers.cc:458] T ac74b319ad54416685f8b9d9506e1d61 P eea10e830a664ea4be74d8cffbe95552 -> Peer f42c56d2dc6b4faba5a218e79da90951 (127.13.208.66:38793): Couldn't send request to peer f42c56d2dc6b4faba5a218e79da90951. Error code: TABLET_NOT_FOUND (6). Status: Illegal state: Tablet not RUNNING: FAILED. This is attempt 1: this message will repeat every 5th retry.
I0917 09:19:51.961607 15735 consensus_queue.cc:984] T ac74b319ad54416685f8b9d9506e1d61 P eea10e830a664ea4be74d8cffbe95552 [LEADER]: Connected to new peer: Peer: permanent_uuid: "c2c8bec4d40141a6b1f470f6142de67a" member_type: VOTER last_known_addr { host: "127.13.208.65" port: 39971 }, Status: LMP_MISMATCH, Last received: 0.0, Next index: 8, Last known committed idx: 7, Time since last communication: 0.000s
I0917 09:19:51.962143 15411 raft_consensus.cc:2792] T ac74b319ad54416685f8b9d9506e1d61 P eea10e830a664ea4be74d8cffbe95552 [term 3 LEADER]: Committing config change with OpId 3.8: config changed from index 7 to 8, NON_VOTER f42c56d2dc6b4faba5a218e79da90951 (127.13.208.66) added. New config: { opid_index: 8 OBSOLETE_local: false peers { permanent_uuid: "eea10e830a664ea4be74d8cffbe95552" member_type: VOTER last_known_addr { host: "127.13.208.67" port: 42065 } } peers { permanent_uuid: "c2c8bec4d40141a6b1f470f6142de67a" member_type: VOTER last_known_addr { host: "127.13.208.65" port: 39971 } } peers { permanent_uuid: "f42c56d2dc6b4faba5a218e79da90951" member_type: NON_VOTER last_known_addr { host: "127.13.208.66" port: 38793 } attrs { promote: true } } }
I0917 09:19:51.962265 15685 raft_consensus.cc:2792] T ac74b319ad54416685f8b9d9506e1d61 P c2c8bec4d40141a6b1f470f6142de67a [term 3 FOLLOWER]: Committing config change with OpId 3.8: config changed from index 7 to 8, NON_VOTER f42c56d2dc6b4faba5a218e79da90951 (127.13.208.66) added. New config: { opid_index: 8 OBSOLETE_local: false peers { permanent_uuid: "eea10e830a664ea4be74d8cffbe95552" member_type: VOTER last_known_addr { host: "127.13.208.67" port: 42065 } } peers { permanent_uuid: "c2c8bec4d40141a6b1f470f6142de67a" member_type: VOTER last_known_addr { host: "127.13.208.65" port: 39971 } } peers { permanent_uuid: "f42c56d2dc6b4faba5a218e79da90951" member_type: NON_VOTER last_known_addr { host: "127.13.208.66" port: 38793 } attrs { promote: true } } }
I0917 09:19:51.963994 15440 catalog_manager.cc:3654] ChangeConfig:ADD_PEER:NON_VOTER RPC for tablet ac74b319ad54416685f8b9d9506e1d61 with cas_config_opid_index 7: ChangeConfig:ADD_PEER:NON_VOTER succeeded (attempt 1)
I0917 09:19:51.964570 15455 catalog_manager.cc:4120] T ac74b319ad54416685f8b9d9506e1d61 P eea10e830a664ea4be74d8cffbe95552 reported cstate change: config changed from index 7 to 8, NON_VOTER f42c56d2dc6b4faba5a218e79da90951 (127.13.208.66) added. New cstate: current_term: 3 leader_uuid: "eea10e830a664ea4be74d8cffbe95552" committed_config { opid_index: 8 OBSOLETE_local: false peers { permanent_uuid: "eea10e830a664ea4be74d8cffbe95552" member_type: VOTER last_known_addr { host: "127.13.208.67" port: 42065 } health_report { overall_health: HEALTHY } } peers { permanent_uuid: "c2c8bec4d40141a6b1f470f6142de67a" member_type: VOTER last_known_addr { host: "127.13.208.65" port: 39971 } health_report { overall_health: HEALTHY } } peers { permanent_uuid: "f42c56d2dc6b4faba5a218e79da90951" member_type: NON_VOTER last_known_addr { host: "127.13.208.66" port: 38793 } attrs { promote: true } health_report { overall_health: UNKNOWN } } }
I0917 09:19:51.968160 15714 raft_consensus.cc:472] T f67125c2201a4791ab5756ecc8fba82a P c2c8bec4d40141a6b1f470f6142de67a [term 3 FOLLOWER]: Starting pre-election (detected failure of leader f42c56d2dc6b4faba5a218e79da90951)
I0917 09:19:51.968237 15714 raft_consensus.cc:494] T f67125c2201a4791ab5756ecc8fba82a P c2c8bec4d40141a6b1f470f6142de67a [term 3 FOLLOWER]: Starting pre-election with config: opid_index: -1 OBSOLETE_local: false peers { permanent_uuid: "f42c56d2dc6b4faba5a218e79da90951" member_type: VOTER last_known_addr { host: "127.13.208.66" port: 38793 } } peers { permanent_uuid: "c2c8bec4d40141a6b1f470f6142de67a" member_type: VOTER last_known_addr { host: "127.13.208.65" port: 39971 } } peers { permanent_uuid: "eea10e830a664ea4be74d8cffbe95552" member_type: VOTER last_known_addr { host: "127.13.208.67" port: 42065 } }
I0917 09:19:51.968361 15714 leader_election.cc:296] T f67125c2201a4791ab5756ecc8fba82a P c2c8bec4d40141a6b1f470f6142de67a [CANDIDATE]: Term 4 pre-election: Requested pre-vote from peers f42c56d2dc6b4faba5a218e79da90951 (127.13.208.66:38793), eea10e830a664ea4be74d8cffbe95552 (127.13.208.67:42065)
I0917 09:19:51.969609 15735 raft_consensus.cc:472] T f67125c2201a4791ab5756ecc8fba82a P eea10e830a664ea4be74d8cffbe95552 [term 3 FOLLOWER]: Starting pre-election (detected failure of leader f42c56d2dc6b4faba5a218e79da90951)
I0917 09:19:51.969715 15735 raft_consensus.cc:494] T f67125c2201a4791ab5756ecc8fba82a P eea10e830a664ea4be74d8cffbe95552 [term 3 FOLLOWER]: Starting pre-election with config: opid_index: -1 OBSOLETE_local: false peers { permanent_uuid: "f42c56d2dc6b4faba5a218e79da90951" member_type: VOTER last_known_addr { host: "127.13.208.66" port: 38793 } } peers { permanent_uuid: "c2c8bec4d40141a6b1f470f6142de67a" member_type: VOTER last_known_addr { host: "127.13.208.65" port: 39971 } } peers { permanent_uuid: "eea10e830a664ea4be74d8cffbe95552" member_type: VOTER last_known_addr { host: "127.13.208.67" port: 42065 } }
I0917 09:19:51.969830 15735 leader_election.cc:296] T f67125c2201a4791ab5756ecc8fba82a P eea10e830a664ea4be74d8cffbe95552 [CANDIDATE]: Term 4 pre-election: Requested pre-vote from peers f42c56d2dc6b4faba5a218e79da90951 (127.13.208.66:38793), c2c8bec4d40141a6b1f470f6142de67a (127.13.208.65:39971)
