I0917 09:19:49.082855 14145 fs_manager.cc:269] Using write-ahead log directory (fs_wal_dir) as metadata directory
I0917 09:19:49.082906 14145 server_base.cc:452] Could not load existing FS layout: Not found: could not find a healthy instance file
I0917 09:19:49.082917 14145 server_base.cc:453] Attempting to create new FS layout instead
I0917 09:19:49.083130 14145 fs_manager.cc:602] Generated new instance metadata in path /tmp/dist-test-taskLDE0O4/test-tmp/ts_tablet_manager-itest.0.TsTabletManagerITest.TestTableStats.1568711978778636-14145/minicluster-data/master-2-root/instance: uuid: "e501d8ef778246b69b34d86e7395022b" format_stamp: "Formatted at 2019-09-17 09:19:49 on dist-test-slave-dist-test-slave-w6nz"
I0917 09:19:49.084308 14145 fs_manager.cc:503] Time spent creating directory manager: real 0.001s user 0.000s sys 0.001s
I0917 09:19:49.084542 14145 file_cache.cc:465] Constructed file cache lbm with capacity 419430
I0917 09:19:49.085347 14145 fs_manager.cc:419] Time spent opening block manager: real 0.000s user 0.000s sys 0.000s
I0917 09:19:49.085386 14145 fs_manager.cc:436] Opened local filesystem: /tmp/dist-test-taskLDE0O4/test-tmp/ts_tablet_manager-itest.0.TsTabletManagerITest.TestTableStats.1568711978778636-14145/minicluster-data/master-2-root uuid: "e501d8ef778246b69b34d86e7395022b" format_stamp: "Formatted at 2019-09-17 09:19:49 on dist-test-slave-dist-test-slave-w6nz"
I0917 09:19:49.085427 14145 fs_report.cc:352] FS layout report -------------------- wal directory: /tmp/dist-test-taskLDE0O4/test-tmp/ts_tablet_manager-itest.0.TsTabletManagerITest.TestTableStats.1568711978778636-14145/minicluster-data/master-2-root metadata directory: /tmp/dist-test-taskLDE0O4/test-tmp/ts_tablet_manager-itest.0.TsTabletManagerITest.TestTableStats.1568711978778636-14145/minicluster-data/master-2-root 1 data directories: /tmp/dist-test-taskLDE0O4/test-tmp/ts_tablet_manager-itest.0.TsTabletManagerITest.TestTableStats.1568711978778636-14145/minicluster-data/master-2-root/data Total live blocks: 0 Total live bytes: 0 Total live bytes (after alignment): 0 Total number of LBM containers: 0 (0 full) Did not check for missing blocks Did not check for orphaned blocks Total full LBM containers with extra space: 0 (0 repaired) Total full LBM container extra space in bytes: 0 (0 repaired) Total incomplete LBM containers: 0 (0 repaired) Total LBM partial records: 0 (0 repaired)
I0917 09:19:49.085498 15054 sys_catalog.cc:307] member_type: VOTER last_known_addr { host: "127.13.208.125" port: 37503 } has no permanent_uuid. Determining permanent_uuid...
I0917 09:19:49.088338 15054 sys_catalog.cc:307] member_type: VOTER last_known_addr { host: "127.13.208.124" port: 39307 } has no permanent_uuid. Determining permanent_uuid...
W0917 09:19:49.088632 15054 consensus_peers.cc:607] Error getting permanent uuid from config peer 127.13.208.124:39307: Network error: Client connection negotiation failed: client connection to 127.13.208.124:39307: connect: Connection refused (error 111)
I0917 09:19:49.101516 14145 rpc_server.cc:205] RPC server started. Bound to: 127.13.208.124:39307
I0917 09:19:49.101737 14145 webserver.cc:374] Webserver started at http://127.13.208.124:44755/ using document root and password file
I0917 09:19:49.101805 14145 internal_mini_cluster.cc:166] Waiting to initialize catalog manager on master 0
I0917 09:19:49.102032 15111 data_dirs.cc:939] Could only allocate 1 dirs of requested 3 for tablet 00000000000000000000000000000000. 1 dirs total, 0 dirs full, 0 dirs failed
I0917 09:19:49.102692 15111 sys_catalog.cc:307] member_type: VOTER last_known_addr { host: "127.13.208.126" port: 33685 } has no permanent_uuid. Determining permanent_uuid...
I0917 09:19:49.105717 15111 sys_catalog.cc:307] member_type: VOTER last_known_addr { host: "127.13.208.125" port: 37503 } has no permanent_uuid. Determining permanent_uuid...
I0917 09:19:49.108317 15111 sys_catalog.cc:307] member_type: VOTER last_known_addr { host: "127.13.208.124" port: 39307 } has no permanent_uuid. Determining permanent_uuid...
I0917 09:19:49.111649 15111 tablet_bootstrap.cc:439] T 00000000000000000000000000000000 P e501d8ef778246b69b34d86e7395022b: Bootstrap starting.
I0917 09:19:49.111909 15111 tablet_bootstrap.cc:590] T 00000000000000000000000000000000 P e501d8ef778246b69b34d86e7395022b: No blocks or log segments found. Creating new log.
I0917 09:19:49.112336 15111 tablet_bootstrap.cc:439] T 00000000000000000000000000000000 P e501d8ef778246b69b34d86e7395022b: No bootstrap required, opened a new log
I0917 09:19:49.112478 15111 raft_consensus.cc:340] T 00000000000000000000000000000000 P e501d8ef778246b69b34d86e7395022b [term 0 FOLLOWER]: Replica starting. Triggering 0 pending transactions. Active config: opid_index: -1 OBSOLETE_local: false peers { permanent_uuid: "abfd3dc05c4a4566bb328f04255eb266" member_type: VOTER last_known_addr { host: "127.13.208.126" port: 33685 } } peers { permanent_uuid: "82e2633778254c44a45393ac32540f27" member_type: VOTER last_known_addr { host: "127.13.208.125" port: 37503 } } peers { permanent_uuid: "e501d8ef778246b69b34d86e7395022b" member_type: VOTER last_known_addr { host: "127.13.208.124" port: 39307 } }
I0917 09:19:49.112495 15111 raft_consensus.cc:366] T 00000000000000000000000000000000 P e501d8ef778246b69b34d86e7395022b [term 0 FOLLOWER]: Consensus starting up: Expiring failure detector timer to make a prompt election more likely
I0917 09:19:49.112500 15111 raft_consensus.cc:705] T 00000000000000000000000000000000 P e501d8ef778246b69b34d86e7395022b [term 0 FOLLOWER]: Becoming Follower/Learner. State: Replica: e501d8ef778246b69b34d86e7395022b, State: Initialized, Role: FOLLOWER
I0917 09:19:49.112545 15111 consensus_queue.cc:229] T 00000000000000000000000000000000 P e501d8ef778246b69b34d86e7395022b [NON_LEADER]: Queue going to NON_LEADER mode. State: All replicated index: 0, Majority replicated index: 0, Committed index: 0, Last appended: 0.0, Last appended by leader: 0, Current term: 0, Majority size: -1, State: 0, Mode: NON_LEADER, active raft config: opid_index: -1 OBSOLETE_local: false peers { permanent_uuid: "abfd3dc05c4a4566bb328f04255eb266" member_type: VOTER last_known_addr { host: "127.13.208.126" port: 33685 } } peers { permanent_uuid: "82e2633778254c44a45393ac32540f27" member_type: VOTER last_known_addr { host: "127.13.208.125" port: 37503 } } peers { permanent_uuid: "e501d8ef778246b69b34d86e7395022b" member_type: VOTER last_known_addr { host: "127.13.208.124" port: 39307 } }
I0917 09:19:49.112686 15111 sys_catalog.cc:340] T 00000000000000000000000000000000 P e501d8ef778246b69b34d86e7395022b [sys.catalog]: SysCatalogTable state changed. Reason: Started TabletReplica. Latest consensus state: current_term: 0 committed_config { opid_index: -1 OBSOLETE_local: false peers { permanent_uuid: "abfd3dc05c4a4566bb328f04255eb266" member_type: VOTER last_known_addr { host: "127.13.208.126" port: 33685 } } peers { permanent_uuid: "82e2633778254c44a45393ac32540f27" member_type: VOTER last_known_addr { host: "127.13.208.125" port: 37503 } } peers { permanent_uuid: "e501d8ef778246b69b34d86e7395022b" member_type: VOTER last_known_addr { host: "127.13.208.124" port: 39307 } } }
I0917 09:19:49.112707 15111 sys_catalog.cc:343] T 00000000000000000000000000000000 P e501d8ef778246b69b34d86e7395022b [sys.catalog]: This master's current role is: FOLLOWER
I0917 09:19:49.112792 15115 sys_catalog.cc:340] T 00000000000000000000000000000000 P e501d8ef778246b69b34d86e7395022b [sys.catalog]: SysCatalogTable state changed. Reason: RaftConsensus started. Latest consensus state: current_term: 0 committed_config { opid_index: -1 OBSOLETE_local: false peers { permanent_uuid: "abfd3dc05c4a4566bb328f04255eb266" member_type: VOTER last_known_addr { host: "127.13.208.126" port: 33685 } } peers { permanent_uuid: "82e2633778254c44a45393ac32540f27" member_type: VOTER last_known_addr { host: "127.13.208.125" port: 37503 } } peers { permanent_uuid: "e501d8ef778246b69b34d86e7395022b" member_type: VOTER last_known_addr { host: "127.13.208.124" port: 39307 } } }
I0917 09:19:49.112808 15111 sys_catalog.cc:428] T 00000000000000000000000000000000 P e501d8ef778246b69b34d86e7395022b [sys.catalog]: configured and running, proceeding with master startup.
I0917 09:19:49.112814 15115 sys_catalog.cc:343] T 00000000000000000000000000000000 P e501d8ef778246b69b34d86e7395022b [sys.catalog]: This master's current role is: FOLLOWER
W0917 09:19:49.113049 15116 catalog_manager.cc:1144] T 00000000000000000000000000000000 P e501d8ef778246b69b34d86e7395022b: acquiring CA information for follower catalog manager: Not found: root CA entry not found
W0917 09:19:49.113063 15116 catalog_manager.cc:627] Not found: root CA entry not found: failed to prepare follower catalog manager, will retry
I0917 09:19:49.114145 14997 consensus_peers.cc:617] Retrying to get permanent uuid for remote peer: member_type: VOTER last_known_addr { host: "127.13.208.125" port: 37503 } attempt: 2
I0917 09:19:49.117017 14997 sys_catalog.cc:307] member_type: VOTER last_known_addr { host: "127.13.208.124" port: 39307 } has no permanent_uuid. Determining permanent_uuid...
I0917 09:19:49.120115 14997 tablet_bootstrap.cc:439] T 00000000000000000000000000000000 P abfd3dc05c4a4566bb328f04255eb266: Bootstrap starting.
I0917 09:19:49.120373 14997 tablet_bootstrap.cc:590] T 00000000000000000000000000000000 P abfd3dc05c4a4566bb328f04255eb266: No blocks or log segments found. Creating new log.
I0917 09:19:49.120823 14997 tablet_bootstrap.cc:439] T 00000000000000000000000000000000 P abfd3dc05c4a4566bb328f04255eb266: No bootstrap required, opened a new log
I0917 09:19:49.121052 14997 raft_consensus.cc:340] T 00000000000000000000000000000000 P abfd3dc05c4a4566bb328f04255eb266 [term 0 FOLLOWER]: Replica starting. Triggering 0 pending transactions. Active config: opid_index: -1 OBSOLETE_local: false peers { permanent_uuid: "abfd3dc05c4a4566bb328f04255eb266" member_type: VOTER last_known_addr { host: "127.13.208.126" port: 33685 } } peers { permanent_uuid: "82e2633778254c44a45393ac32540f27" member_type: VOTER last_known_addr { host: "127.13.208.125" port: 37503 } } peers { permanent_uuid: "e501d8ef778246b69b34d86e7395022b" member_type: VOTER last_known_addr { host: "127.13.208.124" port: 39307 } }
I0917 09:19:49.121068 14997 raft_consensus.cc:366] T 00000000000000000000000000000000 P abfd3dc05c4a4566bb328f04255eb266 [term 0 FOLLOWER]: Consensus starting up: Expiring failure detector timer to make a prompt election more likely
I0917 09:19:49.121076 14997 raft_consensus.cc:705] T 00000000000000000000000000000000 P abfd3dc05c4a4566bb328f04255eb266 [term 0 FOLLOWER]: Becoming Follower/Learner. State: Replica: abfd3dc05c4a4566bb328f04255eb266, State: Initialized, Role: FOLLOWER
I0917 09:19:49.121152 14997 consensus_queue.cc:229] T 00000000000000000000000000000000 P abfd3dc05c4a4566bb328f04255eb266 [NON_LEADER]: Queue going to NON_LEADER mode. State: All replicated index: 0, Majority replicated index: 0, Committed index: 0, Last appended: 0.0, Last appended by leader: 0, Current term: 0, Majority size: -1, State: 0, Mode: NON_LEADER, active raft config: opid_index: -1 OBSOLETE_local: false peers { permanent_uuid: "abfd3dc05c4a4566bb328f04255eb266" member_type: VOTER last_known_addr { host: "127.13.208.126" port: 33685 } } peers { permanent_uuid: "82e2633778254c44a45393ac32540f27" member_type: VOTER last_known_addr { host: "127.13.208.125" port: 37503 } } peers { permanent_uuid: "e501d8ef778246b69b34d86e7395022b" member_type: VOTER last_known_addr { host: "127.13.208.124" port: 39307 } }
I0917 09:19:49.121316 14997 sys_catalog.cc:340] T 00000000000000000000000000000000 P abfd3dc05c4a4566bb328f04255eb266 [sys.catalog]: SysCatalogTable state changed. Reason: Started TabletReplica. Latest consensus state: current_term: 0 committed_config { opid_index: -1 OBSOLETE_local: false peers { permanent_uuid: "abfd3dc05c4a4566bb328f04255eb266" member_type: VOTER last_known_addr { host: "127.13.208.126" port: 33685 } } peers { permanent_uuid: "82e2633778254c44a45393ac32540f27" member_type: VOTER last_known_addr { host: "127.13.208.125" port: 37503 } } peers { permanent_uuid: "e501d8ef778246b69b34d86e7395022b" member_type: VOTER last_known_addr { host: "127.13.208.124" port: 39307 } } }
I0917 09:19:49.121340 15118 sys_catalog.cc:340] T 00000000000000000000000000000000 P abfd3dc05c4a4566bb328f04255eb266 [sys.catalog]: SysCatalogTable state changed. Reason: RaftConsensus started. Latest consensus state: current_term: 0 committed_config { opid_index: -1 OBSOLETE_local: false peers { permanent_uuid: "abfd3dc05c4a4566bb328f04255eb266" member_type: VOTER last_known_addr { host: "127.13.208.126" port: 33685 } } peers { permanent_uuid: "82e2633778254c44a45393ac32540f27" member_type: VOTER last_known_addr { host: "127.13.208.125" port: 37503 } } peers { permanent_uuid: "e501d8ef778246b69b34d86e7395022b" member_type: VOTER last_known_addr { host: "127.13.208.124" port: 39307 } } }
I0917 09:19:49.121346 14997 sys_catalog.cc:343] T 00000000000000000000000000000000 P abfd3dc05c4a4566bb328f04255eb266 [sys.catalog]: This master's current role is: FOLLOWER
I0917 09:19:49.121358 15118 sys_catalog.cc:343] T 00000000000000000000000000000000 P abfd3dc05c4a4566bb328f04255eb266 [sys.catalog]: This master's current role is: FOLLOWER
I0917 09:19:49.121410 14997 sys_catalog.cc:428] T 00000000000000000000000000000000 P abfd3dc05c4a4566bb328f04255eb266 [sys.catalog]: configured and running, proceeding with master startup.
I0917 09:19:49.121495 14145 internal_mini_cluster.cc:166] Waiting to initialize catalog manager on master 1
W0917 09:19:49.121723 15119 catalog_manager.cc:1144] T 00000000000000000000000000000000 P abfd3dc05c4a4566bb328f04255eb266: acquiring CA information for follower catalog manager: Not found: root CA entry not found
W0917 09:19:49.121738 15119 catalog_manager.cc:627] Not found: root CA entry not found: failed to prepare follower catalog manager, will retry
I0917 09:19:49.145865 15054 consensus_peers.cc:617] Retrying to get permanent uuid for remote peer: member_type: VOTER last_known_addr { host: "127.13.208.124" port: 39307 } attempt: 1
I0917 09:19:49.149585 15054 tablet_bootstrap.cc:439] T 00000000000000000000000000000000 P 82e2633778254c44a45393ac32540f27: Bootstrap starting.
I0917 09:19:49.149863 15054 tablet_bootstrap.cc:590] T 00000000000000000000000000000000 P 82e2633778254c44a45393ac32540f27: No blocks or log segments found. Creating new log.
I0917 09:19:49.150329 15054 tablet_bootstrap.cc:439] T 00000000000000000000000000000000 P 82e2633778254c44a45393ac32540f27: No bootstrap required, opened a new log
I0917 09:19:49.150492 15054 raft_consensus.cc:340] T 00000000000000000000000000000000 P 82e2633778254c44a45393ac32540f27 [term 0 FOLLOWER]: Replica starting. Triggering 0 pending transactions. Active config: opid_index: -1 OBSOLETE_local: false peers { permanent_uuid: "abfd3dc05c4a4566bb328f04255eb266" member_type: VOTER last_known_addr { host: "127.13.208.126" port: 33685 } } peers { permanent_uuid: "82e2633778254c44a45393ac32540f27" member_type: VOTER last_known_addr { host: "127.13.208.125" port: 37503 } } peers { permanent_uuid: "e501d8ef778246b69b34d86e7395022b" member_type: VOTER last_known_addr { host: "127.13.208.124" port: 39307 } }
I0917 09:19:49.150508 15054 raft_consensus.cc:366] T 00000000000000000000000000000000 P 82e2633778254c44a45393ac32540f27 [term 0 FOLLOWER]: Consensus starting up: Expiring failure detector timer to make a prompt election more likely
I0917 09:19:49.150514 15054 raft_consensus.cc:705] T 00000000000000000000000000000000 P 82e2633778254c44a45393ac32540f27 [term 0 FOLLOWER]: Becoming Follower/Learner. State: Replica: 82e2633778254c44a45393ac32540f27, State: Initialized, Role: FOLLOWER
I0917 09:19:49.150571 15054 consensus_queue.cc:229] T 00000000000000000000000000000000 P 82e2633778254c44a45393ac32540f27 [NON_LEADER]: Queue going to NON_LEADER mode. State: All replicated index: 0, Majority replicated index: 0, Committed index: 0, Last appended: 0.0, Last appended by leader: 0, Current term: 0, Majority size: -1, State: 0, Mode: NON_LEADER, active raft config: opid_index: -1 OBSOLETE_local: false peers { permanent_uuid: "abfd3dc05c4a4566bb328f04255eb266" member_type: VOTER last_known_addr { host: "127.13.208.126" port: 33685 } } peers { permanent_uuid: "82e2633778254c44a45393ac32540f27" member_type: VOTER last_known_addr { host: "127.13.208.125" port: 37503 } } peers { permanent_uuid: "e501d8ef778246b69b34d86e7395022b" member_type: VOTER last_known_addr { host: "127.13.208.124" port: 39307 } }
I0917 09:19:49.150710 15054 sys_catalog.cc:340] T 00000000000000000000000000000000 P 82e2633778254c44a45393ac32540f27 [sys.catalog]: SysCatalogTable state changed. Reason: Started TabletReplica. Latest consensus state: current_term: 0 committed_config { opid_index: -1 OBSOLETE_local: false peers { permanent_uuid: "abfd3dc05c4a4566bb328f04255eb266" member_type: VOTER last_known_addr { host: "127.13.208.126" port: 33685 } } peers { permanent_uuid: "82e2633778254c44a45393ac32540f27" member_type: VOTER last_known_addr { host: "127.13.208.125" port: 37503 } } peers { permanent_uuid: "e501d8ef778246b69b34d86e7395022b" member_type: VOTER last_known_addr { host: "127.13.208.124" port: 39307 } } }
I0917 09:19:49.150732 15054 sys_catalog.cc:343] T 00000000000000000000000000000000 P 82e2633778254c44a45393ac32540f27 [sys.catalog]: This master's current role is: FOLLOWER
I0917 09:19:49.150811 15121 sys_catalog.cc:340] T 00000000000000000000000000000000 P 82e2633778254c44a45393ac32540f27 [sys.catalog]: SysCatalogTable state changed. Reason: RaftConsensus started. Latest consensus state: current_term: 0 committed_config { opid_index: -1 OBSOLETE_local: false peers { permanent_uuid: "abfd3dc05c4a4566bb328f04255eb266" member_type: VOTER last_known_addr { host: "127.13.208.126" port: 33685 } } peers { permanent_uuid: "82e2633778254c44a45393ac32540f27" member_type: VOTER last_known_addr { host: "127.13.208.125" port: 37503 } } peers { permanent_uuid: "e501d8ef778246b69b34d86e7395022b" member_type: VOTER last_known_addr { host: "127.13.208.124" port: 39307 } } }
I0917 09:19:49.150832 15121 sys_catalog.cc:343] T 00000000000000000000000000000000 P 82e2633778254c44a45393ac32540f27 [sys.catalog]: This master's current role is: FOLLOWER
I0917 09:19:49.150842 15054 sys_catalog.cc:428] T 00000000000000000000000000000000 P 82e2633778254c44a45393ac32540f27 [sys.catalog]: configured and running, proceeding with master startup.
I0917 09:19:49.150930 14145 internal_mini_cluster.cc:166] Waiting to initialize catalog manager on master 2
W0917 09:19:49.151185 15122 catalog_manager.cc:1144] T 00000000000000000000000000000000 P 82e2633778254c44a45393ac32540f27: acquiring CA information for follower catalog manager: Not found: root CA entry not found
W0917 09:19:49.151204 15122 catalog_manager.cc:627] Not found: root CA entry not found: failed to prepare follower catalog manager, will retry
I0917 09:19:49.152916 14145 system_ntp.cc:193] NTP initialized. Skew: 500ppm Current error: 27304us
I0917 09:19:49.152981 14145 fs_manager.cc:263] Metadata directory not provided
I0917 09:19:49.153010 14145 fs_manager.cc:269] Using write-ahead log directory (fs_wal_dir) as metadata directory
I0917 09:19:49.153048 14145 server_base.cc:452] Could not load existing FS layout: Not found: could not find a healthy instance file
I0917 09:19:49.153059 14145 server_base.cc:453] Attempting to create new FS layout instead
I0917 09:19:49.153293 14145 fs_manager.cc:602] Generated new instance metadata in path /tmp/dist-test-taskLDE0O4/test-tmp/ts_tablet_manager-itest.0.TsTabletManagerITest.TestTableStats.1568711978778636-14145/minicluster-data/ts-0-root/instance: uuid: "c2c8bec4d40141a6b1f470f6142de67a" format_stamp: "Formatted at 2019-09-17 09:19:49 on dist-test-slave-dist-test-slave-w6nz"
I0917 09:19:49.154816 14145 fs_manager.cc:503] Time spent creating directory manager: real 0.001s user 0.001s sys 0.000s
I0917 09:19:49.155067 14145 file_cache.cc:465] Constructed file cache lbm with capacity 419430
I0917 09:19:49.156077 14145 fs_manager.cc:419] Time spent opening block manager: real 0.000s user 0.000s sys 0.000s
I0917 09:19:49.156118 14145 fs_manager.cc:436] Opened local filesystem: /tmp/dist-test-taskLDE0O4/test-tmp/ts_tablet_manager-itest.0.TsTabletManagerITest.TestTableStats.1568711978778636-14145/minicluster-data/ts-0-root uuid: "c2c8bec4d40141a6b1f470f6142de67a" format_stamp: "Formatted at 2019-09-17 09:19:49 on dist-test-slave-dist-test-slave-w6nz"
I0917 09:19:49.156147 14145 fs_report.cc:352] FS layout report -------------------- wal directory: /tmp/dist-test-taskLDE0O4/test-tmp/ts_tablet_manager-itest.0.TsTabletManagerITest.TestTableStats.1568711978778636-14145/minicluster-data/ts-0-root metadata directory: /tmp/dist-test-taskLDE0O4/test-tmp/ts_tablet_manager-itest.0.TsTabletManagerITest.TestTableStats.1568711978778636-14145/minicluster-data/ts-0-root 1 data directories: /tmp/dist-test-taskLDE0O4/test-tmp/ts_tablet_manager-itest.0.TsTabletManagerITest.TestTableStats.1568711978778636-14145/minicluster-data/ts-0-root/data Total live blocks: 0 Total live bytes: 0 Total live bytes (after alignment): 0 Total number of LBM containers: 0 (0 full) Did not check for missing blocks Did not check for orphaned blocks Total full LBM containers with extra space: 0 (0 repaired) Total full LBM container extra space in bytes: 0 (0 repaired) Total incomplete LBM containers: 0 (0 repaired) Total LBM partial records: 0 (0 repaired)
I0917 09:19:49.175468 15118 raft_consensus.cc:472] T 00000000000000000000000000000000 P abfd3dc05c4a4566bb328f04255eb266 [term 0 FOLLOWER]: Starting pre-election (no leader contacted us within the election timeout)
I0917 09:19:49.175606 15118 raft_consensus.cc:494] T 00000000000000000000000000000000 P abfd3dc05c4a4566bb328f04255eb266 [term 0 FOLLOWER]: Starting pre-election with config: opid_index: -1 OBSOLETE_local: false peers { permanent_uuid: "abfd3dc05c4a4566bb328f04255eb266" member_type: VOTER last_known_addr { host: "127.13.208.126" port: 33685 } } peers { permanent_uuid: "82e2633778254c44a45393ac32540f27" member_type: VOTER last_known_addr { host: "127.13.208.125" port: 37503 } } peers { permanent_uuid: "e501d8ef778246b69b34d86e7395022b" member_type: VOTER last_known_addr { host: "127.13.208.124" port: 39307 } }
I0917 09:19:49.175911 15115 raft_consensus.cc:472] T 00000000000000000000000000000000 P e501d8ef778246b69b34d86e7395022b [term 0 FOLLOWER]: Starting pre-election (no leader contacted us within the election timeout)
I0917 09:19:49.175927 15118 leader_election.cc:296] T 00000000000000000000000000000000 P abfd3dc05c4a4566bb328f04255eb266 [CANDIDATE]: Term 1 pre-election: Requested pre-vote from peers 82e2633778254c44a45393ac32540f27 (127.13.208.125:37503), e501d8ef778246b69b34d86e7395022b (127.13.208.124:39307)
I0917 09:19:49.176009 15088 tablet_service.cc:1295] Received RequestConsensusVote() RPC: tablet_id: "00000000000000000000000000000000" candidate_uuid: "abfd3dc05c4a4566bb328f04255eb266" candidate_term: 1 candidate_status { last_received { term: 0 index: 0 } } ignore_live_leader: false dest_uuid: "e501d8ef778246b69b34d86e7395022b" is_pre_election: true
I0917 09:19:49.176066 15115 raft_consensus.cc:494] T 00000000000000000000000000000000 P e501d8ef778246b69b34d86e7395022b [term 0 FOLLOWER]: Starting pre-election with config: opid_index: -1 OBSOLETE_local: false peers { permanent_uuid: "abfd3dc05c4a4566bb328f04255eb266" member_type: VOTER last_known_addr { host: "127.13.208.126" port: 33685 } } peers { permanent_uuid: "82e2633778254c44a45393ac32540f27" member_type: VOTER last_known_addr { host: "127.13.208.125" port: 37503 } } peers { permanent_uuid: "e501d8ef778246b69b34d86e7395022b" member_type: VOTER last_known_addr { host: "127.13.208.124" port: 39307 } }
I0917 09:19:49.176096 15088 raft_consensus.cc:2350] T 00000000000000000000000000000000 P e501d8ef778246b69b34d86e7395022b [term 0 FOLLOWER]: Leader pre-election vote request: Granting yes vote for candidate abfd3dc05c4a4566bb328f04255eb266 in term 0.
I0917 09:19:49.176136 15115 leader_election.cc:296] T 00000000000000000000000000000000 P e501d8ef778246b69b34d86e7395022b [CANDIDATE]: Term 1 pre-election: Requested pre-vote from peers abfd3dc05c4a4566bb328f04255eb266 (127.13.208.126:33685), 82e2633778254c44a45393ac32540f27 (127.13.208.125:37503)
I0917 09:19:49.176190 15031 tablet_service.cc:1295] Received RequestConsensusVote() RPC: tablet_id: "00000000000000000000000000000000" candidate_uuid: "abfd3dc05c4a4566bb328f04255eb266" candidate_term: 1 candidate_status { last_received { term: 0 index: 0 } } ignore_live_leader: false dest_uuid: "82e2633778254c44a45393ac32540f27" is_pre_election: true
I0917 09:19:49.176215 15031 raft_consensus.cc:2350] T 00000000000000000000000000000000 P 82e2633778254c44a45393ac32540f27 [term 0 FOLLOWER]: Leader pre-election vote request: Granting yes vote for candidate abfd3dc05c4a4566bb328f04255eb266 in term 0.
I0917 09:19:49.176331 14945 leader_election.cc:310] T 00000000000000000000000000000000 P abfd3dc05c4a4566bb328f04255eb266 [CANDIDATE]: Term 1 pre-election: Election decided. Result: candidate won. Election summary: received 2 responses out of 3 voters: 2 yes votes; 0 no votes. yes voters: 82e2633778254c44a45393ac32540f27, abfd3dc05c4a4566bb328f04255eb266; no voters:
I0917 09:19:49.176380 14965 tablet_service.cc:1295] Received RequestConsensusVote() RPC: tablet_id: "00000000000000000000000000000000" candidate_uuid: "e501d8ef778246b69b34d86e7395022b" candidate_term: 1 candidate_status { last_received { term: 0 index: 0 } } ignore_live_leader: false dest_uuid: "abfd3dc05c4a4566bb328f04255eb266" is_pre_election: true
I0917 09:19:49.176401 14965 raft_consensus.cc:2350] T 00000000000000000000000000000000 P abfd3dc05c4a4566bb328f04255eb266 [term 0 FOLLOWER]: Leader pre-election vote request: Granting yes vote for candidate e501d8ef778246b69b34d86e7395022b in term 0.
I0917 09:19:49.176479 15118 raft_consensus.cc:2644] T 00000000000000000000000000000000 P abfd3dc05c4a4566bb328f04255eb266 [term 0 FOLLOWER]: Leader pre-election won for term 1
I0917 09:19:49.176501 15059 leader_election.cc:310] T 00000000000000000000000000000000 P e501d8ef778246b69b34d86e7395022b [CANDIDATE]: Term 1 pre-election: Election decided. Result: candidate won. Election summary: received 2 responses out of 3 voters: 2 yes votes; 0 no votes. yes voters: abfd3dc05c4a4566bb328f04255eb266, e501d8ef778246b69b34d86e7395022b; no voters:
I0917 09:19:49.176569 15031 tablet_service.cc:1295] Received RequestConsensusVote() RPC: tablet_id: "00000000000000000000000000000000" candidate_uuid: "e501d8ef778246b69b34d86e7395022b" candidate_term: 1 candidate_status { last_received { term: 0 index: 0 } } ignore_live_leader: false dest_uuid: "82e2633778254c44a45393ac32540f27" is_pre_election: true
I0917 09:19:49.176594 15031 raft_consensus.cc:2350] T 00000000000000000000000000000000 P 82e2633778254c44a45393ac32540f27 [term 0 FOLLOWER]: Leader pre-election vote request: Granting yes vote for candidate e501d8ef778246b69b34d86e7395022b in term 0.
I0917 09:19:49.176615 15115 raft_consensus.cc:2644] T 00000000000000000000000000000000 P e501d8ef778246b69b34d86e7395022b [term 0 FOLLOWER]: Leader pre-election won for term 1
I0917 09:19:49.176627 15115 raft_consensus.cc:472] T 00000000000000000000000000000000 P e501d8ef778246b69b34d86e7395022b [term 0 FOLLOWER]: Starting leader election (no leader contacted us within the election timeout)
I0917 09:19:49.176635 15115 raft_consensus.cc:2890] T 00000000000000000000000000000000 P e501d8ef778246b69b34d86e7395022b [term 0 FOLLOWER]: Advancing to term 1
I0917 09:19:49.176695 15118 raft_consensus.cc:472] T 00000000000000000000000000000000 P abfd3dc05c4a4566bb328f04255eb266 [term 0 FOLLOWER]: Starting leader election (no leader contacted us within the election timeout)
I0917 09:19:49.176708 15118 raft_consensus.cc:2890] T 00000000000000000000000000000000 P abfd3dc05c4a4566bb328f04255eb266 [term 0 FOLLOWER]: Advancing to term 1
I0917 09:19:49.178072 15118 raft_consensus.cc:494] T 00000000000000000000000000000000 P abfd3dc05c4a4566bb328f04255eb266 [term 1 FOLLOWER]: Starting leader election with config: opid_index: -1 OBSOLETE_local: false peers { permanent_uuid: "abfd3dc05c4a4566bb328f04255eb266" member_type: VOTER last_known_addr { host: "127.13.208.126" port: 33685 } } peers { permanent_uuid: "82e2633778254c44a45393ac32540f27" member_type: VOTER last_known_addr { host: "127.13.208.125" port: 37503 } } peers { permanent_uuid: "e501d8ef778246b69b34d86e7395022b" member_type: VOTER last_known_addr { host: "127.13.208.124" port: 39307 } }
I0917 09:19:49.178202 15115 raft_consensus.cc:494] T 00000000000000000000000000000000 P e501d8ef778246b69b34d86e7395022b [term 1 FOLLOWER]: Starting leader election with config: opid_index: -1 OBSOLETE_local: false peers { permanent_uuid: "abfd3dc05c4a4566bb328f04255eb266" member_type: VOTER last_known_addr { host: "127.13.208.126" port: 33685 } } peers { permanent_uuid: "82e2633778254c44a45393ac32540f27" member_type: VOTER last_known_addr { host: "127.13.208.125" port: 37503 } } peers { permanent_uuid: "e501d8ef778246b69b34d86e7395022b" member_type: VOTER last_known_addr { host: "127.13.208.124" port: 39307 } }
I0917 09:19:49.178294 15115 leader_election.cc:296] T 00000000000000000000000000000000 P e501d8ef778246b69b34d86e7395022b [CANDIDATE]: Term 1 election: Requested vote from peers abfd3dc05c4a4566bb328f04255eb266 (127.13.208.126:33685), 82e2633778254c44a45393ac32540f27 (127.13.208.125:37503)
I0917 09:19:49.178321 15118 leader_election.cc:296] T 00000000000000000000000000000000 P abfd3dc05c4a4566bb328f04255eb266 [CANDIDATE]: Term 1 election: Requested vote from peers 82e2633778254c44a45393ac32540f27 (127.13.208.125:37503), e501d8ef778246b69b34d86e7395022b (127.13.208.124:39307)
I0917 09:19:49.178349 15031 tablet_service.cc:1295] Received RequestConsensusVote() RPC: tablet_id: "00000000000000000000000000000000" candidate_uuid: "abfd3dc05c4a4566bb328f04255eb266" candidate_term: 1 candidate_status { last_received { term: 0 index: 0 } } ignore_live_leader: false dest_uuid: "82e2633778254c44a45393ac32540f27"
I0917 09:19:49.178370 15031 raft_consensus.cc:2890] T 00000000000000000000000000000000 P 82e2633778254c44a45393ac32540f27 [term 0 FOLLOWER]: Advancing to term 1
I0917 09:19:49.178602 15088 tablet_service.cc:1295] Received RequestConsensusVote() RPC: tablet_id: "00000000000000000000000000000000" candidate_uuid: "abfd3dc05c4a4566bb328f04255eb266" candidate_term: 1 candidate_status { last_received { term: 0 index: 0 } } ignore_live_leader: false dest_uuid: "e501d8ef778246b69b34d86e7395022b"
I0917 09:19:49.178673 14965 tablet_service.cc:1295] Received RequestConsensusVote() RPC: tablet_id: "00000000000000000000000000000000" candidate_uuid: "e501d8ef778246b69b34d86e7395022b" candidate_term: 1 candidate_status { last_received { term: 0 index: 0 } } ignore_live_leader: false dest_uuid: "abfd3dc05c4a4566bb328f04255eb266"
I0917 09:19:49.178753 14965 raft_consensus.cc:2280] T 00000000000000000000000000000000 P abfd3dc05c4a4566bb328f04255eb266 [term 1 FOLLOWER]: Leader election vote request: Denying vote to candidate e501d8ef778246b69b34d86e7395022b in current term 1: Already voted for candidate abfd3dc05c4a4566bb328f04255eb266 in this term.
I0917 09:19:49.178813 15030 tablet_service.cc:1295] Received RequestConsensusVote() RPC: tablet_id: "00000000000000000000000000000000" candidate_uuid: "e501d8ef778246b69b34d86e7395022b" candidate_term: 1 candidate_status { last_received { term: 0 index: 0 } } ignore_live_leader: false dest_uuid: "82e2633778254c44a45393ac32540f27"
I0917 09:19:49.178721 15088 raft_consensus.cc:2280] T 00000000000000000000000000000000 P e501d8ef778246b69b34d86e7395022b [term 1 FOLLOWER]: Leader election vote request: Denying vote to candidate abfd3dc05c4a4566bb328f04255eb266 in current term 1: Already voted for candidate e501d8ef778246b69b34d86e7395022b in this term.
I0917 09:19:49.179368 15031 raft_consensus.cc:2350] T 00000000000000000000000000000000 P 82e2633778254c44a45393ac32540f27 [term 1 FOLLOWER]: Leader election vote request: Granting yes vote for candidate abfd3dc05c4a4566bb328f04255eb266 in term 1.
I0917 09:19:49.179421 15030 raft_consensus.cc:2325] T 00000000000000000000000000000000 P 82e2633778254c44a45393ac32540f27 [term 1 FOLLOWER]: Leader election vote request: Denying vote to candidate e501d8ef778246b69b34d86e7395022b for term 1 because replica is already servicing an update from a current leader or another vote.
I0917 09:19:49.179543 14945 leader_election.cc:310] T 00000000000000000000000000000000 P abfd3dc05c4a4566bb328f04255eb266 [CANDIDATE]: Term 1 election: Election decided. Result: candidate won. Election summary: received 3 responses out of 3 voters: 2 yes votes; 1 no votes. yes voters: 82e2633778254c44a45393ac32540f27, abfd3dc05c4a4566bb328f04255eb266; no voters: e501d8ef778246b69b34d86e7395022b
I0917 09:19:49.179546 15058 leader_election.cc:310] T 00000000000000000000000000000000 P e501d8ef778246b69b34d86e7395022b [CANDIDATE]: Term 1 election: Election decided. Result: candidate lost. Election summary: received 3 responses out of 3 voters: 1 yes votes; 2 no votes. yes voters: e501d8ef778246b69b34d86e7395022b; no voters: 82e2633778254c44a45393ac32540f27, abfd3dc05c4a4566bb328f04255eb266
I0917 09:19:49.179620 15115 raft_consensus.cc:2592] T 00000000000000000000000000000000 P e501d8ef778246b69b34d86e7395022b [term 1 FOLLOWER]: Leader election lost for term 1. Reason: could not achieve majority
I0917 09:19:49.179625 15118 raft_consensus.cc:2644] T 00000000000000000000000000000000 P abfd3dc05c4a4566bb328f04255eb266 [term 1 FOLLOWER]: Leader election won for term 1
I0917 09:19:49.179775 15118 raft_consensus.cc:667] T 00000000000000000000000000000000 P abfd3dc05c4a4566bb328f04255eb266 [term 1 LEADER]: Becoming Leader. State: Replica: abfd3dc05c4a4566bb328f04255eb266, State: Running, Role: LEADER
I0917 09:19:49.179852 15118 consensus_queue.cc:206] T 00000000000000000000000000000000 P abfd3dc05c4a4566bb328f04255eb266 [LEADER]: Queue going to LEADER mode. State: All replicated index: 0, Majority replicated index: 0, Committed index: 0, Last appended: 0.0, Last appended by leader: 0, Current term: 1, Majority size: 2, State: 0, Mode: LEADER, active raft config: opid_index: -1 OBSOLETE_local: false peers { permanent_uuid: "abfd3dc05c4a4566bb328f04255eb266" member_type: VOTER last_known_addr { host: "127.13.208.126" port: 33685 } } peers { permanent_uuid: "82e2633778254c44a45393ac32540f27" member_type: VOTER last_known_addr { host: "127.13.208.125" port: 37503 } } peers { permanent_uuid: "e501d8ef778246b69b34d86e7395022b" member_type: VOTER last_known_addr { host: "127.13.208.124" port: 39307 } }
I0917 09:19:49.180052 15118 sys_catalog.cc:340] T 00000000000000000000000000000000 P abfd3dc05c4a4566bb328f04255eb266 [sys.catalog]: SysCatalogTable state changed. Reason: New leader abfd3dc05c4a4566bb328f04255eb266. Latest consensus state: current_term: 1 leader_uuid: "abfd3dc05c4a4566bb328f04255eb266" committed_config { opid_index: -1 OBSOLETE_local: false peers { permanent_uuid: "abfd3dc05c4a4566bb328f04255eb266" member_type: VOTER last_known_addr { host: "127.13.208.126" port: 33685 } } peers { permanent_uuid: "82e2633778254c44a45393ac32540f27" member_type: VOTER last_known_addr { host: "127.13.208.125" port: 37503 } } peers { permanent_uuid: "e501d8ef778246b69b34d86e7395022b" member_type: VOTER last_known_addr { host: "127.13.208.124" port: 39307 } } }
I0917 09:19:49.180068 15118 sys_catalog.cc:343] T 00000000000000000000000000000000 P abfd3dc05c4a4566bb328f04255eb266 [sys.catalog]: This master's current role is: LEADER
I0917 09:19:49.181207 15131 catalog_manager.cc:1086] Loading table and tablet metadata into memory...
I0917 09:19:49.181344 15131 catalog_manager.cc:1097] Initializing Kudu internal certificate authority...
I0917 09:19:49.212527 14145 ts_tablet_manager.cc:383] Loaded tablet metadata (0 total tablets, 0 live tablets)
I0917 09:19:49.212558 14145 ts_tablet_manager.cc:403] Registered 0 tablets
I0917 09:19:49.214807 14145 rpc_server.cc:205] RPC server started. Bound to: 127.13.208.65:39971
I0917 09:19:49.215068 14145 webserver.cc:374] Webserver started at http://127.13.208.65:44321/ using document root and password file
I0917 09:19:49.219272 14145 system_ntp.cc:193] NTP initialized. Skew: 500ppm Current error: 27304us
I0917 09:19:49.219471 14145 fs_manager.cc:263] Metadata directory not provided
I0917 09:19:49.219534 14145 fs_manager.cc:269] Using write-ahead log directory (fs_wal_dir) as metadata directory
I0917 09:19:49.219615 14145 server_base.cc:452] Could not load existing FS layout: Not found: could not find a healthy instance file
I0917 09:19:49.219650 14145 server_base.cc:453] Attempting to create new FS layout instead
I0917 09:19:49.219997 14145 fs_manager.cc:602] Generated new instance metadata in path /tmp/dist-test-taskLDE0O4/test-tmp/ts_tablet_manager-itest.0.TsTabletManagerITest.TestTableStats.1568711978778636-14145/minicluster-data/ts-1-root/instance: uuid: "f42c56d2dc6b4faba5a218e79da90951" format_stamp: "Formatted at 2019-09-17 09:19:49 on dist-test-slave-dist-test-slave-w6nz"
I0917 09:19:49.220685 15192 heartbeater.cc:322] Connected to a master server at 127.13.208.126:33685
I0917 09:19:49.220753 15192 heartbeater.cc:406] Registering TS with master...
I0917 09:19:49.220839 15192 heartbeater.cc:455] Master 127.13.208.126:33685 requested a full tablet report, sending...
I0917 09:19:49.221128 14963 ts_manager.cc:161] Registered new tserver with Master: c2c8bec4d40141a6b1f470f6142de67a (127.13.208.65:39971)
I0917 09:19:49.222581 15191 heartbeater.cc:322] Connected to a master server at 127.13.208.125:37503
I0917 09:19:49.222640 15191 heartbeater.cc:406] Registering TS with master...
I0917 09:19:49.222690 15191 heartbeater.cc:455] Master 127.13.208.125:37503 requested a full tablet report, sending...
I0917 09:19:49.222697 15190 heartbeater.cc:322] Connected to a master server at 127.13.208.124:39307
I0917 09:19:49.222749 15190 heartbeater.cc:406] Registering TS with master...
I0917 09:19:49.222812 15190 heartbeater.cc:455] Master 127.13.208.124:39307 requested a full tablet report, sending...
I0917 09:19:49.223019 15021 ts_manager.cc:161] Registered new tserver with Master: c2c8bec4d40141a6b1f470f6142de67a (127.13.208.65:39971)
I0917 09:19:49.223078 15078 ts_manager.cc:161] Registered new tserver with Master: c2c8bec4d40141a6b1f470f6142de67a (127.13.208.65:39971)
I0917 09:19:49.225159 14145 fs_manager.cc:503] Time spent creating directory manager: real 0.005s user 0.000s sys 0.002s
I0917 09:19:49.225493 14145 file_cache.cc:465] Constructed file cache lbm with capacity 419430
I0917 09:19:49.227025 14145 fs_manager.cc:419] Time spent opening block manager: real 0.000s user 0.000s sys 0.000s
I0917 09:19:49.227075 14145 fs_manager.cc:436] Opened local filesystem: /tmp/dist-test-taskLDE0O4/test-tmp/ts_tablet_manager-itest.0.TsTabletManagerITest.TestTableStats.1568711978778636-14145/minicluster-data/ts-1-root uuid: "f42c56d2dc6b4faba5a218e79da90951" format_stamp: "Formatted at 2019-09-17 09:19:49 on dist-test-slave-dist-test-slave-w6nz"
I0917 09:19:49.227100 14145 fs_report.cc:352] FS layout report -------------------- wal directory: /tmp/dist-test-taskLDE0O4/test-tmp/ts_tablet_manager-itest.0.TsTabletManagerITest.TestTableStats.1568711978778636-14145/minicluster-data/ts-1-root metadata directory: /tmp/dist-test-taskLDE0O4/test-tmp/ts_tablet_manager-itest.0.TsTabletManagerITest.TestTableStats.1568711978778636-14145/minicluster-data/ts-1-root 1 data directories: /tmp/dist-test-taskLDE0O4/test-tmp/ts_tablet_manager-itest.0.TsTabletManagerITest.TestTableStats.1568711978778636-14145/minicluster-data/ts-1-root/data Total live blocks: 0 Total live bytes: 0 Total live bytes (after alignment): 0 Total number of LBM containers: 0 (0 full) Did not check for missing blocks Did not check for orphaned blocks Total full LBM containers with extra space: 0 (0 repaired) Total full LBM container extra space in bytes: 0 (0 repaired) Total incomplete LBM containers: 0 (0 repaired) Total LBM partial records: 0 (0 repaired)
I0917 09:19:49.240516 15088 raft_consensus.cc:1184] T 00000000000000000000000000000000 P e501d8ef778246b69b34d86e7395022b [term 1 FOLLOWER]: Refusing update from remote peer abfd3dc05c4a4566bb328f04255eb266: Log matching property violated. Preceding OpId in replica: term: 0 index: 0. Preceding OpId from leader: term: 1 index: 2. (index mismatch)
I0917 09:19:49.240644 15030 raft_consensus.cc:1184] T 00000000000000000000000000000000 P 82e2633778254c44a45393ac32540f27 [term 1 FOLLOWER]: Refusing update from remote peer abfd3dc05c4a4566bb328f04255eb266: Log matching property violated. Preceding OpId in replica: term: 0 index: 0. Preceding OpId from leader: term: 1 index: 2. (index mismatch)
I0917 09:19:49.240731 15129 consensus_queue.cc:984] T 00000000000000000000000000000000 P abfd3dc05c4a4566bb328f04255eb266 [LEADER]: Connected to new peer: Peer: permanent_uuid: "e501d8ef778246b69b34d86e7395022b" member_type: VOTER last_known_addr { host: "127.13.208.124" port: 39307 }, Status: LMP_MISMATCH, Last received: 0.0, Next index: 1, Last known committed idx: 0, Time since last communication: 0.000s
I0917 09:19:49.240901 15129 consensus_queue.cc:984] T 00000000000000000000000000000000 P abfd3dc05c4a4566bb328f04255eb266 [LEADER]: Connected to new peer: Peer: permanent_uuid: "82e2633778254c44a45393ac32540f27" member_type: VOTER last_known_addr { host: "127.13.208.125" port: 37503 }, Status: LMP_MISMATCH, Last received: 0.0, Next index: 1, Last known committed idx: 0, Time since last communication: 0.000s
I0917 09:19:49.241295 15115 sys_catalog.cc:340] T 00000000000000000000000000000000 P e501d8ef778246b69b34d86e7395022b [sys.catalog]: SysCatalogTable state changed. Reason: New leader abfd3dc05c4a4566bb328f04255eb266. Latest consensus state: current_term: 1 leader_uuid: "abfd3dc05c4a4566bb328f04255eb266" committed_config { opid_index: -1 OBSOLETE_local: false peers { permanent_uuid: "abfd3dc05c4a4566bb328f04255eb266" member_type: VOTER last_known_addr { host: "127.13.208.126" port: 33685 } } peers { permanent_uuid: "82e2633778254c44a45393ac32540f27" member_type: VOTER last_known_addr { host: "127.13.208.125" port: 37503 } } peers { permanent_uuid: "e501d8ef778246b69b34d86e7395022b" member_type: VOTER last_known_addr { host: "127.13.208.124" port: 39307 } } }
I0917 09:19:49.241318 15115 sys_catalog.cc:343] T 00000000000000000000000000000000 P e501d8ef778246b69b34d86e7395022b [sys.catalog]: This master's current role is: FOLLOWER
I0917 09:19:49.241513 15121 sys_catalog.cc:340] T 00000000000000000000000000000000 P 82e2633778254c44a45393ac32540f27 [sys.catalog]: SysCatalogTable state changed. Reason: New leader abfd3dc05c4a4566bb328f04255eb266. Latest consensus state: current_term: 1 leader_uuid: "abfd3dc05c4a4566bb328f04255eb266" committed_config { opid_index: -1 OBSOLETE_local: false peers { permanent_uuid: "abfd3dc05c4a4566bb328f04255eb266" member_type: VOTER last_known_addr { host: "127.13.208.126" port: 33685 } } peers { permanent_uuid: "82e2633778254c44a45393ac32540f27" member_type: VOTER last_known_addr { host: "127.13.208.125" port: 37503 } } peers { permanent_uuid: "e501d8ef778246b69b34d86e7395022b" member_type: VOTER last_known_addr { host: "127.13.208.124" port: 39307 } } }
I0917 09:19:49.241536 15121 sys_catalog.cc:343] T 00000000000000000000000000000000 P 82e2633778254c44a45393ac32540f27 [sys.catalog]: This master's current role is: FOLLOWER
I0917 09:19:49.242208 15118 sys_catalog.cc:340] T 00000000000000000000000000000000 P abfd3dc05c4a4566bb328f04255eb266 [sys.catalog]: SysCatalogTable state changed. Reason: Peer health change. Latest consensus state: current_term: 1 leader_uuid: "abfd3dc05c4a4566bb328f04255eb266" committed_config { opid_index: -1 OBSOLETE_local: false peers { permanent_uuid: "abfd3dc05c4a4566bb328f04255eb266" member_type: VOTER last_known_addr { host: "127.13.208.126" port: 33685 } } peers { permanent_uuid: "82e2633778254c44a45393ac32540f27" member_type: VOTER last_known_addr { host: "127.13.208.125" port: 37503 } } peers { permanent_uuid: "e501d8ef778246b69b34d86e7395022b" member_type: VOTER last_known_addr { host: "127.13.208.124" port: 39307 } } }
I0917 09:19:49.242241 15118 sys_catalog.cc:343] T 00000000000000000000000000000000 P abfd3dc05c4a4566bb328f04255eb266 [sys.catalog]: This master's current role is: LEADER
I0917 09:19:49.242264 15115 sys_catalog.cc:340] T 00000000000000000000000000000000 P e501d8ef778246b69b34d86e7395022b [sys.catalog]: SysCatalogTable state changed. Reason: Replicated consensus-only round. Latest consensus state: current_term: 1 leader_uuid: "abfd3dc05c4a4566bb328f04255eb266" committed_config { opid_index: -1 OBSOLETE_local: false peers { permanent_uuid: "abfd3dc05c4a4566bb328f04255eb266" member_type: VOTER last_known_addr { host: "127.13.208.126" port: 33685 } } peers { permanent_uuid: "82e2633778254c44a45393ac32540f27" member_type: VOTER last_known_addr { host: "127.13.208.125" port: 37503 } } peers { permanent_uuid: "e501d8ef778246b69b34d86e7395022b" member_type: VOTER last_known_addr { host: "127.13.208.124" port: 39307 } } }
I0917 09:19:49.242278 15115 sys_catalog.cc:343] T 00000000000000000000000000000000 P e501d8ef778246b69b34d86e7395022b [sys.catalog]: This master's current role is: FOLLOWER
I0917 09:19:49.242467 15131 catalog_manager.cc:981] Generated new certificate authority record
I0917 09:19:49.242517 15118 sys_catalog.cc:340] T 00000000000000000000000000000000 P abfd3dc05c4a4566bb328f04255eb266 [sys.catalog]: SysCatalogTable state changed. Reason: Peer health change. Latest consensus state: current_term: 1 leader_uuid: "abfd3dc05c4a4566bb328f04255eb266" committed_config { opid_index: -1 OBSOLETE_local: false peers { permanent_uuid: "abfd3dc05c4a4566bb328f04255eb266" member_type: VOTER last_known_addr { host: "127.13.208.126" port: 33685 } } peers { permanent_uuid: "82e2633778254c44a45393ac32540f27" member_type: VOTER last_known_addr { host: "127.13.208.125" port: 37503 } } peers { permanent_uuid: "e501d8ef778246b69b34d86e7395022b" member_type: VOTER last_known_addr { host: "127.13.208.124" port: 39307 } } }
I0917 09:19:49.242534 15118 sys_catalog.cc:343] T 00000000000000000000000000000000 P abfd3dc05c4a4566bb328f04255eb266 [sys.catalog]: This master's current role is: LEADER
I0917 09:19:49.242765 15121 sys_catalog.cc:340] T 00000000000000000000000000000000 P 82e2633778254c44a45393ac32540f27 [sys.catalog]: SysCatalogTable state changed. Reason: Replicated consensus-only round. Latest consensus state: current_term: 1 leader_uuid: "abfd3dc05c4a4566bb328f04255eb266" committed_config { opid_index: -1 OBSOLETE_local: false peers { permanent_uuid: "abfd3dc05c4a4566bb328f04255eb266" member_type: VOTER last_known_addr { host: "127.13.208.126" port: 33685 } } peers { permanent_uuid: "82e2633778254c44a45393ac32540f27" member_type: VOTER last_known_addr { host: "127.13.208.125" port: 37503 } } peers { permanent_uuid: "e501d8ef778246b69b34d86e7395022b" member_type: VOTER last_known_addr { host: "127.13.208.124" port: 39307 } } }
I0917 09:19:49.242795 15121 sys_catalog.cc:343] T 00000000000000000000000000000000 P 82e2633778254c44a45393ac32540f27 [sys.catalog]: This master's current role is: FOLLOWER
I0917 09:19:49.243412 15131 catalog_manager.cc:1106] Loading token signing keys...
I0917 09:19:49.245069 15206 mvcc.cc:203] Tried to move safe_time back from 6425444307927605248 to 6425444307681001472. Current Snapshot: MvccSnapshot[committed={T|T < 6425444307927605248}]
I0917 09:19:49.248404 14145 ts_tablet_manager.cc:383] Loaded tablet metadata (0 total tablets, 0 live tablets)
I0917 09:19:49.248430 14145 ts_tablet_manager.cc:403] Registered 0 tablets
I0917 09:19:49.251417 14145 rpc_server.cc:205] RPC server started. Bound to: 127.13.208.66:38793
I0917 09:19:49.251708 14145 webserver.cc:374] Webserver started at http://127.13.208.66:45521/ using document root and password file
I0917 09:19:49.252189 15131 catalog_manager.cc:4435] T 00000000000000000000000000000000 P abfd3dc05c4a4566bb328f04255eb266: Generated new TSK 0
I0917 09:19:49.256069 14145 system_ntp.cc:193] NTP initialized. Skew: 500ppm Current error: 27304us
I0917 09:19:49.256134 14145 fs_manager.cc:263] Metadata directory not provided
I0917 09:19:49.256166 14145 fs_manager.cc:269] Using write-ahead log directory (fs_wal_dir) as metadata directory
I0917 09:19:49.256220 14145 server_base.cc:452] Could not load existing FS layout: Not found: could not find a healthy instance file
I0917 09:19:49.256232 14145 server_base.cc:453] Attempting to create new FS layout instead
I0917 09:19:49.256501 14145 fs_manager.cc:602] Generated new instance metadata in path /tmp/dist-test-taskLDE0O4/test-tmp/ts_tablet_manager-itest.0.TsTabletManagerITest.TestTableStats.1568711978778636-14145/minicluster-data/ts-2-root/instance: uuid: "eea10e830a664ea4be74d8cffbe95552" format_stamp: "Formatted at 2019-09-17 09:19:49 on dist-test-slave-dist-test-slave-w6nz"
I0917 09:19:49.259910 14145 fs_manager.cc:503] Time spent creating directory manager: real 0.003s user 0.000s sys 0.003s
I0917 09:19:49.261340 14145 file_cache.cc:465] Constructed file cache lbm with capacity 419430
I0917 09:19:49.262001 15269 heartbeater.cc:322] Connected to a master server at 127.13.208.124:39307
I0917 09:19:49.262044 15269 heartbeater.cc:406] Registering TS with master...
I0917 09:19:49.262106 15271 heartbeater.cc:322] Connected to a master server at 127.13.208.126:33685
I0917 09:19:49.262120 15271 heartbeater.cc:406] Registering TS with master...
I0917 09:19:49.262147 15271 heartbeater.cc:455] Master 127.13.208.126:33685 requested a full tablet report, sending...
I0917 09:19:49.262220 15269 heartbeater.cc:455] Master 127.13.208.124:39307 requested a full tablet report, sending...
