I0913 23:13:42.175925 13524 fs_report.cc:352] FS layout report -------------------- wal directory: /tmp/dist-test-taskMj6sdl/test-tmp/ts_tablet_manager-itest.0.TsTabletManagerITest.ReportOnReplicaHealthStatus.1568416417781642-13524/minicluster-data/ts-0-root metadata directory: /tmp/dist-test-taskMj6sdl/test-tmp/ts_tablet_manager-itest.0.TsTabletManagerITest.ReportOnReplicaHealthStatus.1568416417781642-13524/minicluster-data/ts-0-root 1 data directories: /tmp/dist-test-taskMj6sdl/test-tmp/ts_tablet_manager-itest.0.TsTabletManagerITest.ReportOnReplicaHealthStatus.1568416417781642-13524/minicluster-data/ts-0-root/data Total live blocks: 0 Total live bytes: 0 Total live bytes (after alignment): 0 Total number of LBM containers: 0 (0 full) Did not check for missing blocks Did not check for orphaned blocks Total full LBM containers with extra space: 0 (0 repaired) Total full LBM container extra space in bytes: 0 (0 repaired) Total incomplete LBM containers: 0 (0 repaired) Total LBM partial records: 0 (0 repaired)
I0913 23:13:42.206051 13524 ts_tablet_manager.cc:383] Loaded tablet metadata (0 total tablets, 0 live tablets)
I0913 23:13:42.206225 13524 ts_tablet_manager.cc:403] Registered 0 tablets
I0913 23:13:42.242841 13524 rpc_server.cc:205] RPC server started. Bound to: 127.13.53.1:40411
I0913 23:13:42.244572 13524 webserver.cc:374] Webserver started at http://127.13.53.1:43617/ using document root and password file
I0913 23:13:42.260799 13906 heartbeater.cc:322] Connected to a master server at 127.13.53.62:40691
I0913 23:13:42.261106 13906 heartbeater.cc:406] Registering TS with master...
I0913 23:13:42.261580 13906 heartbeater.cc:455] Master 127.13.53.62:40691 requested a full tablet report, sending...
I0913 23:13:42.263185 13799 ts_manager.cc:161] Registered new tserver with Master: 63a2a4b091a84abb8413d93b7e2c278d (127.13.53.1:40411)
I0913 23:13:42.264300 13524 system_ntp.cc:193] NTP initialized. Skew: 500ppm Current error: 16200us
I0913 23:13:42.264720 13524 fs_manager.cc:263] Metadata directory not provided
I0913 23:13:42.264890 13524 fs_manager.cc:269] Using write-ahead log directory (fs_wal_dir) as metadata directory
I0913 23:13:42.265110 13524 server_base.cc:448] Could not load existing FS layout: Not found: could not find a healthy instance file
I0913 23:13:42.265242 13524 server_base.cc:449] Attempting to create new FS layout instead
I0913 23:13:42.265413 13799 master_service.cc:277] Signed X509 certificate for tserver {username='slave'} at 127.0.0.1:39416
I0913 23:13:42.266330 13524 fs_manager.cc:602] Generated new instance metadata in path /tmp/dist-test-taskMj6sdl/test-tmp/ts_tablet_manager-itest.0.TsTabletManagerITest.ReportOnReplicaHealthStatus.1568416417781642-13524/minicluster-data/ts-1-root/instance: uuid: "e1537387c2ec4f6fb9b300f5bc0c8fc5" format_stamp: "Formatted at 2019-09-13 23:13:42 on dist-test-slave-dist-test-slave-kz3c"
I0913 23:13:42.275315 13524 fs_manager.cc:503] Time spent creating directory manager: real 0.009s user 0.006s sys 0.003s
I0913 23:13:42.276635 13524 file_cache.cc:465] Constructed file cache lbm with capacity 419430
I0913 23:13:42.283505 13524 fs_manager.cc:419] Time spent opening block manager: real 0.001s user 0.000s sys 0.000s
I0913 23:13:42.283680 13524 fs_manager.cc:436] Opened local filesystem: /tmp/dist-test-taskMj6sdl/test-tmp/ts_tablet_manager-itest.0.TsTabletManagerITest.ReportOnReplicaHealthStatus.1568416417781642-13524/minicluster-data/ts-1-root uuid: "e1537387c2ec4f6fb9b300f5bc0c8fc5" format_stamp: "Formatted at 2019-09-13 23:13:42 on dist-test-slave-dist-test-slave-kz3c"
I0913 23:13:42.283892 13524 fs_report.cc:352] FS layout report -------------------- wal directory: /tmp/dist-test-taskMj6sdl/test-tmp/ts_tablet_manager-itest.0.TsTabletManagerITest.ReportOnReplicaHealthStatus.1568416417781642-13524/minicluster-data/ts-1-root metadata directory: /tmp/dist-test-taskMj6sdl/test-tmp/ts_tablet_manager-itest.0.TsTabletManagerITest.ReportOnReplicaHealthStatus.1568416417781642-13524/minicluster-data/ts-1-root 1 data directories: /tmp/dist-test-taskMj6sdl/test-tmp/ts_tablet_manager-itest.0.TsTabletManagerITest.ReportOnReplicaHealthStatus.1568416417781642-13524/minicluster-data/ts-1-root/data Total live blocks: 0 Total live bytes: 0 Total live bytes (after alignment): 0 Total number of LBM containers: 0 (0 full) Did not check for missing blocks Did not check for orphaned blocks Total full LBM containers with extra space: 0 (0 repaired) Total full LBM container extra space in bytes: 0 (0 repaired) Total incomplete LBM containers: 0 (0 repaired) Total LBM partial records: 0 (0 repaired)
I0913 23:13:42.342620 13524 ts_tablet_manager.cc:383] Loaded tablet metadata (0 total tablets, 0 live tablets)
I0913 23:13:42.342780 13524 ts_tablet_manager.cc:403] Registered 0 tablets
I0913 23:13:42.376070 13524 rpc_server.cc:205] RPC server started. Bound to: 127.13.53.2:37221
I0913 23:13:42.377921 13524 webserver.cc:374] Webserver started at http://127.13.53.2:35467/ using document root and password file
I0913 23:13:42.391106 13974 heartbeater.cc:322] Connected to a master server at 127.13.53.62:40691
I0913 23:13:42.391386 13974 heartbeater.cc:406] Registering TS with master...
I0913 23:13:42.391796 13974 heartbeater.cc:455] Master 127.13.53.62:40691 requested a full tablet report, sending...
I0913 23:13:42.393234 13799 ts_manager.cc:161] Registered new tserver with Master: e1537387c2ec4f6fb9b300f5bc0c8fc5 (127.13.53.2:37221)
I0913 23:13:42.394563 13799 master_service.cc:277] Signed X509 certificate for tserver {username='slave'} at 127.0.0.1:39418
I0913 23:13:42.396582 13524 system_ntp.cc:193] NTP initialized. Skew: 500ppm Current error: 16200us
I0913 23:13:42.396929 13524 fs_manager.cc:263] Metadata directory not provided
I0913 23:13:42.397066 13524 fs_manager.cc:269] Using write-ahead log directory (fs_wal_dir) as metadata directory
I0913 23:13:42.397243 13524 server_base.cc:448] Could not load existing FS layout: Not found: could not find a healthy instance file
I0913 23:13:42.397347 13524 server_base.cc:449] Attempting to create new FS layout instead
I0913 23:13:42.398285 13524 fs_manager.cc:602] Generated new instance metadata in path /tmp/dist-test-taskMj6sdl/test-tmp/ts_tablet_manager-itest.0.TsTabletManagerITest.ReportOnReplicaHealthStatus.1568416417781642-13524/minicluster-data/ts-2-root/instance: uuid: "220ce5b215394d149756f248d7b323de" format_stamp: "Formatted at 2019-09-13 23:13:42 on dist-test-slave-dist-test-slave-kz3c"
I0913 23:13:42.406880 13524 fs_manager.cc:503] Time spent creating directory manager: real 0.008s user 0.007s sys 0.001s
I0913 23:13:42.408291 13524 file_cache.cc:465] Constructed file cache lbm with capacity 419430
I0913 23:13:42.415411 13524 fs_manager.cc:419] Time spent opening block manager: real 0.001s user 0.001s sys 0.000s
I0913 23:13:42.415566 13524 fs_manager.cc:436] Opened local filesystem: /tmp/dist-test-taskMj6sdl/test-tmp/ts_tablet_manager-itest.0.TsTabletManagerITest.ReportOnReplicaHealthStatus.1568416417781642-13524/minicluster-data/ts-2-root uuid: "220ce5b215394d149756f248d7b323de" format_stamp: "Formatted at 2019-09-13 23:13:42 on dist-test-slave-dist-test-slave-kz3c"
I0913 23:13:42.415788 13524 fs_report.cc:352] FS layout report -------------------- wal directory: /tmp/dist-test-taskMj6sdl/test-tmp/ts_tablet_manager-itest.0.TsTabletManagerITest.ReportOnReplicaHealthStatus.1568416417781642-13524/minicluster-data/ts-2-root metadata directory: /tmp/dist-test-taskMj6sdl/test-tmp/ts_tablet_manager-itest.0.TsTabletManagerITest.ReportOnReplicaHealthStatus.1568416417781642-13524/minicluster-data/ts-2-root 1 data directories: /tmp/dist-test-taskMj6sdl/test-tmp/ts_tablet_manager-itest.0.TsTabletManagerITest.ReportOnReplicaHealthStatus.1568416417781642-13524/minicluster-data/ts-2-root/data Total live blocks: 0 Total live bytes: 0 Total live bytes (after alignment): 0 Total number of LBM containers: 0 (0 full) Did not check for missing blocks Did not check for orphaned blocks Total full LBM containers with extra space: 0 (0 repaired) Total full LBM container extra space in bytes: 0 (0 repaired) Total incomplete LBM containers: 0 (0 repaired) Total LBM partial records: 0 (0 repaired)
I0913 23:13:42.449087 13524 ts_tablet_manager.cc:383] Loaded tablet metadata (0 total tablets, 0 live tablets)
I0913 23:13:42.449255 13524 ts_tablet_manager.cc:403] Registered 0 tablets
I0913 23:13:42.515556 13524 rpc_server.cc:205] RPC server started. Bound to: 127.13.53.3:34097
I0913 23:13:42.517833 13524 webserver.cc:374] Webserver started at http://127.13.53.3:33513/ using document root and password file
I0913 23:13:42.529976 14041 heartbeater.cc:322] Connected to a master server at 127.13.53.62:40691
I0913 23:13:42.530299 14041 heartbeater.cc:406] Registering TS with master...
I0913 23:13:42.530741 14041 heartbeater.cc:455] Master 127.13.53.62:40691 requested a full tablet report, sending...
I0913 23:13:42.531994 13799 ts_manager.cc:161] Registered new tserver with Master: 220ce5b215394d149756f248d7b323de (127.13.53.3:34097)
I0913 23:13:42.532785 13524 internal_mini_cluster.cc:328] 3 TS(s) registered with all masters after 0.012033312s
I0913 23:13:42.533407 13799 master_service.cc:277] Signed X509 certificate for tserver {username='slave'} at 127.0.0.1:39420
I0913 23:13:42.555176 13799 catalog_manager.cc:1425] Servicing CreateTable request from {username='slave'} at 127.0.0.1:39422: name: "test-table" schema { columns { name: "key" type: INT32 is_key: true is_nullable: false encoding: AUTO_ENCODING compression: DEFAULT_COMPRESSION cfile_block_size: 0 } } num_replicas: 3 split_rows_range_bounds { } partition_schema { range_schema { } }
W0913 23:13:42.555971 13799 catalog_manager.cc:1590] The number of live tablet servers is not enough to re-replicate a tablet replica of the newly created table test-table in case of a server failure: 4 tablet servers would be needed, 3 are available. Consider bringing up more tablet servers.
I0913 23:13:42.633185 14008 tablet_service.cc:1022] Processing CreateTablet for tablet e46d166a511d45f3b10efe8aabd64cf7 (table=test-table [id=5c37c10047004656acdca7478b8b45e5]), partition=
I0913 23:13:42.633868 14008 data_dirs.cc:939] Could only allocate 1 dirs of requested 3 for tablet e46d166a511d45f3b10efe8aabd64cf7. 1 dirs total, 0 dirs full, 0 dirs failed
I0913 23:13:42.634124 13941 tablet_service.cc:1022] Processing CreateTablet for tablet e46d166a511d45f3b10efe8aabd64cf7 (table=test-table [id=5c37c10047004656acdca7478b8b45e5]), partition=
I0913 23:13:42.634726 13941 data_dirs.cc:939] Could only allocate 1 dirs of requested 3 for tablet e46d166a511d45f3b10efe8aabd64cf7. 1 dirs total, 0 dirs full, 0 dirs failed
I0913 23:13:42.643544 14057 tablet_bootstrap.cc:439] T e46d166a511d45f3b10efe8aabd64cf7 P e1537387c2ec4f6fb9b300f5bc0c8fc5: Bootstrap starting.
I0913 23:13:42.642947 14056 tablet_bootstrap.cc:439] T e46d166a511d45f3b10efe8aabd64cf7 P 220ce5b215394d149756f248d7b323de: Bootstrap starting.
I0913 23:13:42.645931 13873 tablet_service.cc:1022] Processing CreateTablet for tablet e46d166a511d45f3b10efe8aabd64cf7 (table=test-table [id=5c37c10047004656acdca7478b8b45e5]), partition=
I0913 23:13:42.646706 13873 data_dirs.cc:939] Could only allocate 1 dirs of requested 3 for tablet e46d166a511d45f3b10efe8aabd64cf7. 1 dirs total, 0 dirs full, 0 dirs failed
I0913 23:13:42.647228 14057 tablet_bootstrap.cc:590] T e46d166a511d45f3b10efe8aabd64cf7 P e1537387c2ec4f6fb9b300f5bc0c8fc5: No blocks or log segments found. Creating new log.
I0913 23:13:42.647725 14056 tablet_bootstrap.cc:590] T e46d166a511d45f3b10efe8aabd64cf7 P 220ce5b215394d149756f248d7b323de: No blocks or log segments found. Creating new log.
I0913 23:13:42.663362 14057 tablet_bootstrap.cc:439] T e46d166a511d45f3b10efe8aabd64cf7 P e1537387c2ec4f6fb9b300f5bc0c8fc5: No bootstrap required, opened a new log
I0913 23:13:42.663841 14060 tablet_bootstrap.cc:439] T e46d166a511d45f3b10efe8aabd64cf7 P 63a2a4b091a84abb8413d93b7e2c278d: Bootstrap starting.
I0913 23:13:42.663938 14057 ts_tablet_manager.cc:1085] T e46d166a511d45f3b10efe8aabd64cf7 P e1537387c2ec4f6fb9b300f5bc0c8fc5: Time spent bootstrapping tablet: real 0.020s user 0.003s sys 0.012s
I0913 23:13:42.663362 14056 tablet_bootstrap.cc:439] T e46d166a511d45f3b10efe8aabd64cf7 P 220ce5b215394d149756f248d7b323de: No bootstrap required, opened a new log
I0913 23:13:42.666015 14056 ts_tablet_manager.cc:1085] T e46d166a511d45f3b10efe8aabd64cf7 P 220ce5b215394d149756f248d7b323de: Time spent bootstrapping tablet: real 0.023s user 0.003s sys 0.014s
I0913 23:13:42.666491 14057 raft_consensus.cc:340] T e46d166a511d45f3b10efe8aabd64cf7 P e1537387c2ec4f6fb9b300f5bc0c8fc5 [term 0 FOLLOWER]: Replica starting. Triggering 0 pending transactions. Active config: opid_index: -1 OBSOLETE_local: false peers { permanent_uuid: "220ce5b215394d149756f248d7b323de" member_type: VOTER last_known_addr { host: "127.13.53.3" port: 34097 } } peers { permanent_uuid: "e1537387c2ec4f6fb9b300f5bc0c8fc5" member_type: VOTER last_known_addr { host: "127.13.53.2" port: 37221 } } peers { permanent_uuid: "63a2a4b091a84abb8413d93b7e2c278d" member_type: VOTER last_known_addr { host: "127.13.53.1" port: 40411 } }
I0913 23:13:42.667110 14057 raft_consensus.cc:366] T e46d166a511d45f3b10efe8aabd64cf7 P e1537387c2ec4f6fb9b300f5bc0c8fc5 [term 0 FOLLOWER]: Consensus starting up: Expiring failure detector timer to make a prompt election more likely
I0913 23:13:42.667284 14057 raft_consensus.cc:705] T e46d166a511d45f3b10efe8aabd64cf7 P e1537387c2ec4f6fb9b300f5bc0c8fc5 [term 0 FOLLOWER]: Becoming Follower/Learner. State: Replica: e1537387c2ec4f6fb9b300f5bc0c8fc5, State: Initialized, Role: FOLLOWER
I0913 23:13:42.667737 14056 raft_consensus.cc:340] T e46d166a511d45f3b10efe8aabd64cf7 P 220ce5b215394d149756f248d7b323de [term 0 FOLLOWER]: Replica starting. Triggering 0 pending transactions. Active config: opid_index: -1 OBSOLETE_local: false peers { permanent_uuid: "220ce5b215394d149756f248d7b323de" member_type: VOTER last_known_addr { host: "127.13.53.3" port: 34097 } } peers { permanent_uuid: "e1537387c2ec4f6fb9b300f5bc0c8fc5" member_type: VOTER last_known_addr { host: "127.13.53.2" port: 37221 } } peers { permanent_uuid: "63a2a4b091a84abb8413d93b7e2c278d" member_type: VOTER last_known_addr { host: "127.13.53.1" port: 40411 } }
I0913 23:13:42.667726 14057 consensus_queue.cc:229] T e46d166a511d45f3b10efe8aabd64cf7 P e1537387c2ec4f6fb9b300f5bc0c8fc5 [NON_LEADER]: Queue going to NON_LEADER mode. State: All replicated index: 0, Majority replicated index: 0, Committed index: 0, Last appended: 0.0, Last appended by leader: 0, Current term: 0, Majority size: -1, State: 0, Mode: NON_LEADER, active raft config: opid_index: -1 OBSOLETE_local: false peers { permanent_uuid: "220ce5b215394d149756f248d7b323de" member_type: VOTER last_known_addr { host: "127.13.53.3" port: 34097 } } peers { permanent_uuid: "e1537387c2ec4f6fb9b300f5bc0c8fc5" member_type: VOTER last_known_addr { host: "127.13.53.2" port: 37221 } } peers { permanent_uuid: "63a2a4b091a84abb8413d93b7e2c278d" member_type: VOTER last_known_addr { host: "127.13.53.1" port: 40411 } }
I0913 23:13:42.668309 14056 raft_consensus.cc:366] T e46d166a511d45f3b10efe8aabd64cf7 P 220ce5b215394d149756f248d7b323de [term 0 FOLLOWER]: Consensus starting up: Expiring failure detector timer to make a prompt election more likely
I0913 23:13:42.668576 14056 raft_consensus.cc:705] T e46d166a511d45f3b10efe8aabd64cf7 P 220ce5b215394d149756f248d7b323de [term 0 FOLLOWER]: Becoming Follower/Learner. State: Replica: 220ce5b215394d149756f248d7b323de, State: Initialized, Role: FOLLOWER
I0913 23:13:42.669136 14056 consensus_queue.cc:229] T e46d166a511d45f3b10efe8aabd64cf7 P 220ce5b215394d149756f248d7b323de [NON_LEADER]: Queue going to NON_LEADER mode. State: All replicated index: 0, Majority replicated index: 0, Committed index: 0, Last appended: 0.0, Last appended by leader: 0, Current term: 0, Majority size: -1, State: 0, Mode: NON_LEADER, active raft config: opid_index: -1 OBSOLETE_local: false peers { permanent_uuid: "220ce5b215394d149756f248d7b323de" member_type: VOTER last_known_addr { host: "127.13.53.3" port: 34097 } } peers { permanent_uuid: "e1537387c2ec4f6fb9b300f5bc0c8fc5" member_type: VOTER last_known_addr { host: "127.13.53.2" port: 37221 } } peers { permanent_uuid: "63a2a4b091a84abb8413d93b7e2c278d" member_type: VOTER last_known_addr { host: "127.13.53.1" port: 40411 } }
I0913 23:13:42.670831 14060 tablet_bootstrap.cc:590] T e46d166a511d45f3b10efe8aabd64cf7 P 63a2a4b091a84abb8413d93b7e2c278d: No blocks or log segments found. Creating new log.
I0913 23:13:42.670902 13974 heartbeater.cc:447] Master 127.13.53.62:40691 was elected leader, sending a full tablet report...
I0913 23:13:42.672593 14057 ts_tablet_manager.cc:1113] T e46d166a511d45f3b10efe8aabd64cf7 P e1537387c2ec4f6fb9b300f5bc0c8fc5: Time spent starting tablet: real 0.008s user 0.004s sys 0.003s
I0913 23:13:42.673285 14041 heartbeater.cc:447] Master 127.13.53.62:40691 was elected leader, sending a full tablet report...
I0913 23:13:42.676520 14056 ts_tablet_manager.cc:1113] T e46d166a511d45f3b10efe8aabd64cf7 P 220ce5b215394d149756f248d7b323de: Time spent starting tablet: real 0.010s user 0.003s sys 0.003s
I0913 23:13:42.678838 14060 tablet_bootstrap.cc:439] T e46d166a511d45f3b10efe8aabd64cf7 P 63a2a4b091a84abb8413d93b7e2c278d: No bootstrap required, opened a new log
I0913 23:13:42.679200 14060 ts_tablet_manager.cc:1085] T e46d166a511d45f3b10efe8aabd64cf7 P 63a2a4b091a84abb8413d93b7e2c278d: Time spent bootstrapping tablet: real 0.015s user 0.008s sys 0.000s
I0913 23:13:42.680541 14060 raft_consensus.cc:340] T e46d166a511d45f3b10efe8aabd64cf7 P 63a2a4b091a84abb8413d93b7e2c278d [term 0 FOLLOWER]: Replica starting. Triggering 0 pending transactions. Active config: opid_index: -1 OBSOLETE_local: false peers { permanent_uuid: "220ce5b215394d149756f248d7b323de" member_type: VOTER last_known_addr { host: "127.13.53.3" port: 34097 } } peers { permanent_uuid: "e1537387c2ec4f6fb9b300f5bc0c8fc5" member_type: VOTER last_known_addr { host: "127.13.53.2" port: 37221 } } peers { permanent_uuid: "63a2a4b091a84abb8413d93b7e2c278d" member_type: VOTER last_known_addr { host: "127.13.53.1" port: 40411 } }
I0913 23:13:42.680994 14060 raft_consensus.cc:366] T e46d166a511d45f3b10efe8aabd64cf7 P 63a2a4b091a84abb8413d93b7e2c278d [term 0 FOLLOWER]: Consensus starting up: Expiring failure detector timer to make a prompt election more likely
I0913 23:13:42.681161 14060 raft_consensus.cc:705] T e46d166a511d45f3b10efe8aabd64cf7 P 63a2a4b091a84abb8413d93b7e2c278d [term 0 FOLLOWER]: Becoming Follower/Learner. State: Replica: 63a2a4b091a84abb8413d93b7e2c278d, State: Initialized, Role: FOLLOWER
I0913 23:13:42.681557 14060 consensus_queue.cc:229] T e46d166a511d45f3b10efe8aabd64cf7 P 63a2a4b091a84abb8413d93b7e2c278d [NON_LEADER]: Queue going to NON_LEADER mode. State: All replicated index: 0, Majority replicated index: 0, Committed index: 0, Last appended: 0.0, Last appended by leader: 0, Current term: 0, Majority size: -1, State: 0, Mode: NON_LEADER, active raft config: opid_index: -1 OBSOLETE_local: false peers { permanent_uuid: "220ce5b215394d149756f248d7b323de" member_type: VOTER last_known_addr { host: "127.13.53.3" port: 34097 } } peers { permanent_uuid: "e1537387c2ec4f6fb9b300f5bc0c8fc5" member_type: VOTER last_known_addr { host: "127.13.53.2" port: 37221 } } peers { permanent_uuid: "63a2a4b091a84abb8413d93b7e2c278d" member_type: VOTER last_known_addr { host: "127.13.53.1" port: 40411 } }
I0913 23:13:42.683177 13906 heartbeater.cc:447] Master 127.13.53.62:40691 was elected leader, sending a full tablet report...
I0913 23:13:42.683405 14060 ts_tablet_manager.cc:1113] T e46d166a511d45f3b10efe8aabd64cf7 P 63a2a4b091a84abb8413d93b7e2c278d: Time spent starting tablet: real 0.004s user 0.005s sys 0.000s
I0913 23:13:42.883939 14064 raft_consensus.cc:472] T e46d166a511d45f3b10efe8aabd64cf7 P 63a2a4b091a84abb8413d93b7e2c278d [term 0 FOLLOWER]: Starting pre-election (no leader contacted us within the election timeout)
I0913 23:13:42.884395 14064 raft_consensus.cc:494] T e46d166a511d45f3b10efe8aabd64cf7 P 63a2a4b091a84abb8413d93b7e2c278d [term 0 FOLLOWER]: Starting pre-election with config: opid_index: -1 OBSOLETE_local: false peers { permanent_uuid: "220ce5b215394d149756f248d7b323de" member_type: VOTER last_known_addr { host: "127.13.53.3" port: 34097 } } peers { permanent_uuid: "e1537387c2ec4f6fb9b300f5bc0c8fc5" member_type: VOTER last_known_addr { host: "127.13.53.2" port: 37221 } } peers { permanent_uuid: "63a2a4b091a84abb8413d93b7e2c278d" member_type: VOTER last_known_addr { host: "127.13.53.1" port: 40411 } }
I0913 23:13:42.885949 14064 leader_election.cc:296] T e46d166a511d45f3b10efe8aabd64cf7 P 63a2a4b091a84abb8413d93b7e2c278d [CANDIDATE]: Term 1 pre-election: Requested pre-vote from peers 220ce5b215394d149756f248d7b323de (127.13.53.3:34097), e1537387c2ec4f6fb9b300f5bc0c8fc5 (127.13.53.2:37221)
I0913 23:13:42.898608 14018 tablet_service.cc:1295] Received RequestConsensusVote() RPC: tablet_id: "e46d166a511d45f3b10efe8aabd64cf7" candidate_uuid: "63a2a4b091a84abb8413d93b7e2c278d" candidate_term: 1 candidate_status { last_received { term: 0 index: 0 } } ignore_live_leader: false dest_uuid: "220ce5b215394d149756f248d7b323de" is_pre_election: true
I0913 23:13:42.899400 14018 raft_consensus.cc:2350] T e46d166a511d45f3b10efe8aabd64cf7 P 220ce5b215394d149756f248d7b323de [term 0 FOLLOWER]: Leader pre-election vote request: Granting yes vote for candidate 63a2a4b091a84abb8413d93b7e2c278d in term 0.
I0913 23:13:42.899708 13951 tablet_service.cc:1295] Received RequestConsensusVote() RPC: tablet_id: "e46d166a511d45f3b10efe8aabd64cf7" candidate_uuid: "63a2a4b091a84abb8413d93b7e2c278d" candidate_term: 1 candidate_status { last_received { term: 0 index: 0 } } ignore_live_leader: false dest_uuid: "e1537387c2ec4f6fb9b300f5bc0c8fc5" is_pre_election: true
I0913 23:13:42.900205 13951 raft_consensus.cc:2350] T e46d166a511d45f3b10efe8aabd64cf7 P e1537387c2ec4f6fb9b300f5bc0c8fc5 [term 0 FOLLOWER]: Leader pre-election vote request: Granting yes vote for candidate 63a2a4b091a84abb8413d93b7e2c278d in term 0.
I0913 23:13:42.900368 13845 leader_election.cc:310] T e46d166a511d45f3b10efe8aabd64cf7 P 63a2a4b091a84abb8413d93b7e2c278d [CANDIDATE]: Term 1 pre-election: Election decided. Result: candidate won. Election summary: received 2 responses out of 3 voters: 2 yes votes; 0 no votes. yes voters: 220ce5b215394d149756f248d7b323de, 63a2a4b091a84abb8413d93b7e2c278d; no voters:
I0913 23:13:42.901124 14064 raft_consensus.cc:2644] T e46d166a511d45f3b10efe8aabd64cf7 P 63a2a4b091a84abb8413d93b7e2c278d [term 0 FOLLOWER]: Leader pre-election won for term 1
I0913 23:13:42.901324 14064 raft_consensus.cc:472] T e46d166a511d45f3b10efe8aabd64cf7 P 63a2a4b091a84abb8413d93b7e2c278d [term 0 FOLLOWER]: Starting leader election (no leader contacted us within the election timeout)
I0913 23:13:42.901530 14064 raft_consensus.cc:2890] T e46d166a511d45f3b10efe8aabd64cf7 P 63a2a4b091a84abb8413d93b7e2c278d [term 0 FOLLOWER]: Advancing to term 1
I0913 23:13:42.905185 14064 raft_consensus.cc:494] T e46d166a511d45f3b10efe8aabd64cf7 P 63a2a4b091a84abb8413d93b7e2c278d [term 1 FOLLOWER]: Starting leader election with config: opid_index: -1 OBSOLETE_local: false peers { permanent_uuid: "220ce5b215394d149756f248d7b323de" member_type: VOTER last_known_addr { host: "127.13.53.3" port: 34097 } } peers { permanent_uuid: "e1537387c2ec4f6fb9b300f5bc0c8fc5" member_type: VOTER last_known_addr { host: "127.13.53.2" port: 37221 } } peers { permanent_uuid: "63a2a4b091a84abb8413d93b7e2c278d" member_type: VOTER last_known_addr { host: "127.13.53.1" port: 40411 } }
I0913 23:13:42.906327 14064 leader_election.cc:296] T e46d166a511d45f3b10efe8aabd64cf7 P 63a2a4b091a84abb8413d93b7e2c278d [CANDIDATE]: Term 1 election: Requested vote from peers 220ce5b215394d149756f248d7b323de (127.13.53.3:34097), e1537387c2ec4f6fb9b300f5bc0c8fc5 (127.13.53.2:37221)
I0913 23:13:42.907024 14018 tablet_service.cc:1295] Received RequestConsensusVote() RPC: tablet_id: "e46d166a511d45f3b10efe8aabd64cf7" candidate_uuid: "63a2a4b091a84abb8413d93b7e2c278d" candidate_term: 1 candidate_status { last_received { term: 0 index: 0 } } ignore_live_leader: false dest_uuid: "220ce5b215394d149756f248d7b323de"
I0913 23:13:42.907093 13951 tablet_service.cc:1295] Received RequestConsensusVote() RPC: tablet_id: "e46d166a511d45f3b10efe8aabd64cf7" candidate_uuid: "63a2a4b091a84abb8413d93b7e2c278d" candidate_term: 1 candidate_status { last_received { term: 0 index: 0 } } ignore_live_leader: false dest_uuid: "e1537387c2ec4f6fb9b300f5bc0c8fc5"
I0913 23:13:42.907516 14018 raft_consensus.cc:2890] T e46d166a511d45f3b10efe8aabd64cf7 P 220ce5b215394d149756f248d7b323de [term 0 FOLLOWER]: Advancing to term 1
I0913 23:13:42.907586 13951 raft_consensus.cc:2890] T e46d166a511d45f3b10efe8aabd64cf7 P e1537387c2ec4f6fb9b300f5bc0c8fc5 [term 0 FOLLOWER]: Advancing to term 1
I0913 23:13:42.911411 13951 raft_consensus.cc:2350] T e46d166a511d45f3b10efe8aabd64cf7 P e1537387c2ec4f6fb9b300f5bc0c8fc5 [term 1 FOLLOWER]: Leader election vote request: Granting yes vote for candidate 63a2a4b091a84abb8413d93b7e2c278d in term 1.
I0913 23:13:42.911453 14018 raft_consensus.cc:2350] T e46d166a511d45f3b10efe8aabd64cf7 P 220ce5b215394d149756f248d7b323de [term 1 FOLLOWER]: Leader election vote request: Granting yes vote for candidate 63a2a4b091a84abb8413d93b7e2c278d in term 1.
I0913 23:13:42.912313 13844 leader_election.cc:310] T e46d166a511d45f3b10efe8aabd64cf7 P 63a2a4b091a84abb8413d93b7e2c278d [CANDIDATE]: Term 1 election: Election decided. Result: candidate won. Election summary: received 2 responses out of 3 voters: 2 yes votes; 0 no votes. yes voters: 63a2a4b091a84abb8413d93b7e2c278d, e1537387c2ec4f6fb9b300f5bc0c8fc5; no voters:
I0913 23:13:42.912912 14064 raft_consensus.cc:2644] T e46d166a511d45f3b10efe8aabd64cf7 P 63a2a4b091a84abb8413d93b7e2c278d [term 1 FOLLOWER]: Leader election won for term 1
I0913 23:13:42.913661 14064 raft_consensus.cc:667] T e46d166a511d45f3b10efe8aabd64cf7 P 63a2a4b091a84abb8413d93b7e2c278d [term 1 LEADER]: Becoming Leader. State: Replica: 63a2a4b091a84abb8413d93b7e2c278d, State: Running, Role: LEADER
I0913 23:13:42.914172 14064 consensus_queue.cc:206] T e46d166a511d45f3b10efe8aabd64cf7 P 63a2a4b091a84abb8413d93b7e2c278d [LEADER]: Queue going to LEADER mode. State: All replicated index: 0, Majority replicated index: 0, Committed index: 0, Last appended: 0.0, Last appended by leader: 0, Current term: 1, Majority size: 2, State: 0, Mode: LEADER, active raft config: opid_index: -1 OBSOLETE_local: false peers { permanent_uuid: "220ce5b215394d149756f248d7b323de" member_type: VOTER last_known_addr { host: "127.13.53.3" port: 34097 } } peers { permanent_uuid: "e1537387c2ec4f6fb9b300f5bc0c8fc5" member_type: VOTER last_known_addr { host: "127.13.53.2" port: 37221 } } peers { permanent_uuid: "63a2a4b091a84abb8413d93b7e2c278d" member_type: VOTER last_known_addr { host: "127.13.53.1" port: 40411 } }
I0913 23:13:42.919100 13798 catalog_manager.cc:4079] T e46d166a511d45f3b10efe8aabd64cf7 P 63a2a4b091a84abb8413d93b7e2c278d reported cstate change: term changed from 0 to 1, leader changed from to 63a2a4b091a84abb8413d93b7e2c278d (127.13.53.1). New cstate: current_term: 1 leader_uuid: "63a2a4b091a84abb8413d93b7e2c278d" committed_config { opid_index: -1 OBSOLETE_local: false peers { permanent_uuid: "220ce5b215394d149756f248d7b323de" member_type: VOTER last_known_addr { host: "127.13.53.3" port: 34097 } health_report { overall_health: UNKNOWN } } peers { permanent_uuid: "e1537387c2ec4f6fb9b300f5bc0c8fc5" member_type: VOTER last_known_addr { host: "127.13.53.2" port: 37221 } health_report { overall_health: UNKNOWN } } peers { permanent_uuid: "63a2a4b091a84abb8413d93b7e2c278d" member_type: VOTER last_known_addr { host: "127.13.53.1" port: 40411 } health_report { overall_health: HEALTHY } } }
I0913 23:13:43.353910 14064 consensus_queue.cc:984] T e46d166a511d45f3b10efe8aabd64cf7 P 63a2a4b091a84abb8413d93b7e2c278d [LEADER]: Connected to new peer: Peer: permanent_uuid: "e1537387c2ec4f6fb9b300f5bc0c8fc5" member_type: VOTER last_known_addr { host: "127.13.53.2" port: 37221 }, Status: LMP_MISMATCH, Last received: 0.0, Next index: 1, Last known committed idx: 0, Time since last communication: 0.000s
I0913 23:13:43.363046 14073 consensus_queue.cc:984] T e46d166a511d45f3b10efe8aabd64cf7 P 63a2a4b091a84abb8413d93b7e2c278d [LEADER]: Connected to new peer: Peer: permanent_uuid: "220ce5b215394d149756f248d7b323de" member_type: VOTER last_known_addr { host: "127.13.53.3" port: 34097 }, Status: LMP_MISMATCH, Last received: 0.0, Next index: 1, Last known committed idx: 0, Time since last communication: 0.000s
I0913 23:13:43.975024 13524 tablet_replica.cc:273] T e46d166a511d45f3b10efe8aabd64cf7 P 63a2a4b091a84abb8413d93b7e2c278d: stopping tablet replica
I0913 23:13:43.975404 13524 raft_consensus.cc:2147] T e46d166a511d45f3b10efe8aabd64cf7 P 63a2a4b091a84abb8413d93b7e2c278d [term 1 LEADER]: Raft consensus shutting down.
I0913 23:13:43.975941 13524 raft_consensus.cc:2174] T e46d166a511d45f3b10efe8aabd64cf7 P 63a2a4b091a84abb8413d93b7e2c278d [term 1 FOLLOWER]: Raft consensus is shut down!
I0913 23:13:45.251713 14078 raft_consensus.cc:472] T e46d166a511d45f3b10efe8aabd64cf7 P 220ce5b215394d149756f248d7b323de [term 1 FOLLOWER]: Starting pre-election (detected failure of leader 63a2a4b091a84abb8413d93b7e2c278d)
I0913 23:13:45.252101 14078 raft_consensus.cc:494] T e46d166a511d45f3b10efe8aabd64cf7 P 220ce5b215394d149756f248d7b323de [term 1 FOLLOWER]: Starting pre-election with config: opid_index: -1 OBSOLETE_local: false peers { permanent_uuid: "220ce5b215394d149756f248d7b323de" member_type: VOTER last_known_addr { host: "127.13.53.3" port: 34097 } } peers { permanent_uuid: "e1537387c2ec4f6fb9b300f5bc0c8fc5" member_type: VOTER last_known_addr { host: "127.13.53.2" port: 37221 } } peers { permanent_uuid: "63a2a4b091a84abb8413d93b7e2c278d" member_type: VOTER last_known_addr { host: "127.13.53.1" port: 40411 } }
I0913 23:13:45.253490 14078 leader_election.cc:296] T e46d166a511d45f3b10efe8aabd64cf7 P 220ce5b215394d149756f248d7b323de [CANDIDATE]: Term 2 pre-election: Requested pre-vote from peers e1537387c2ec4f6fb9b300f5bc0c8fc5 (127.13.53.2:37221), 63a2a4b091a84abb8413d93b7e2c278d (127.13.53.1:40411)
I0913 23:13:45.269640 13883 tablet_service.cc:1295] Received RequestConsensusVote() RPC: tablet_id: "e46d166a511d45f3b10efe8aabd64cf7" candidate_uuid: "220ce5b215394d149756f248d7b323de" candidate_term: 2 candidate_status { last_received { term: 1 index: 1 } } ignore_live_leader: false dest_uuid: "63a2a4b091a84abb8413d93b7e2c278d" is_pre_election: true
I0913 23:13:45.269896 13951 tablet_service.cc:1295] Received RequestConsensusVote() RPC: tablet_id: "e46d166a511d45f3b10efe8aabd64cf7" candidate_uuid: "220ce5b215394d149756f248d7b323de" candidate_term: 2 candidate_status { last_received { term: 1 index: 1 } } ignore_live_leader: false dest_uuid: "e1537387c2ec4f6fb9b300f5bc0c8fc5" is_pre_election: true
I0913 23:13:45.270570 13951 raft_consensus.cc:2311] T e46d166a511d45f3b10efe8aabd64cf7 P e1537387c2ec4f6fb9b300f5bc0c8fc5 [term 1 FOLLOWER]: Leader pre-election vote request: Denying vote to candidate 220ce5b215394d149756f248d7b323de for term 2 because replica is either leader or believes a valid leader to be alive.
W0913 23:13:45.271212 13982 leader_election.cc:348] T e46d166a511d45f3b10efe8aabd64cf7 P 220ce5b215394d149756f248d7b323de [CANDIDATE]: Term 2 pre-election: Tablet error from VoteRequest() call to peer 63a2a4b091a84abb8413d93b7e2c278d (127.13.53.1:40411): Illegal state: cannot vote while shut down
I0913 23:13:45.271647 13979 leader_election.cc:310] T e46d166a511d45f3b10efe8aabd64cf7 P 220ce5b215394d149756f248d7b323de [CANDIDATE]: Term 2 pre-election: Election decided. Result: candidate lost. Election summary: received 3 responses out of 3 voters: 1 yes votes; 2 no votes. yes voters: 220ce5b215394d149756f248d7b323de; no voters: 63a2a4b091a84abb8413d93b7e2c278d, e1537387c2ec4f6fb9b300f5bc0c8fc5
I0913 23:13:45.272212 14078 raft_consensus.cc:2592] T e46d166a511d45f3b10efe8aabd64cf7 P 220ce5b215394d149756f248d7b323de [term 1 FOLLOWER]: Leader pre-election lost for term 2. Reason: could not achieve majority
I0913 23:13:45.405818 14083 raft_consensus.cc:472] T e46d166a511d45f3b10efe8aabd64cf7 P e1537387c2ec4f6fb9b300f5bc0c8fc5 [term 1 FOLLOWER]: Starting pre-election (detected failure of leader 63a2a4b091a84abb8413d93b7e2c278d)
I0913 23:13:45.406273 14083 raft_consensus.cc:494] T e46d166a511d45f3b10efe8aabd64cf7 P e1537387c2ec4f6fb9b300f5bc0c8fc5 [term 1 FOLLOWER]: Starting pre-election with config: opid_index: -1 OBSOLETE_local: false peers { permanent_uuid: "220ce5b215394d149756f248d7b323de" member_type: VOTER last_known_addr { host: "127.13.53.3" port: 34097 } } peers { permanent_uuid: "e1537387c2ec4f6fb9b300f5bc0c8fc5" member_type: VOTER last_known_addr { host: "127.13.53.2" port: 37221 } } peers { permanent_uuid: "63a2a4b091a84abb8413d93b7e2c278d" member_type: VOTER last_known_addr { host: "127.13.53.1" port: 40411 } }
I0913 23:13:45.407582 14083 leader_election.cc:296] T e46d166a511d45f3b10efe8aabd64cf7 P e1537387c2ec4f6fb9b300f5bc0c8fc5 [CANDIDATE]: Term 2 pre-election: Requested pre-vote from peers 220ce5b215394d149756f248d7b323de (127.13.53.3:34097), 63a2a4b091a84abb8413d93b7e2c278d (127.13.53.1:40411)
I0913 23:13:45.422756 14018 tablet_service.cc:1295] Received RequestConsensusVote() RPC: tablet_id: "e46d166a511d45f3b10efe8aabd64cf7" candidate_uuid: "e1537387c2ec4f6fb9b300f5bc0c8fc5" candidate_term: 2 candidate_status { last_received { term: 1 index: 1 } } ignore_live_leader: false dest_uuid: "220ce5b215394d149756f248d7b323de" is_pre_election: true
I0913 23:13:45.423352 14018 raft_consensus.cc:2350] T e46d166a511d45f3b10efe8aabd64cf7 P 220ce5b215394d149756f248d7b323de [term 1 FOLLOWER]: Leader pre-election vote request: Granting yes vote for candidate e1537387c2ec4f6fb9b300f5bc0c8fc5 in term 1.
I0913 23:13:45.424302 13883 tablet_service.cc:1295] Received RequestConsensusVote() RPC: tablet_id: "e46d166a511d45f3b10efe8aabd64cf7" candidate_uuid: "e1537387c2ec4f6fb9b300f5bc0c8fc5" candidate_term: 2 candidate_status { last_received { term: 1 index: 1 } } ignore_live_leader: false dest_uuid: "63a2a4b091a84abb8413d93b7e2c278d" is_pre_election: true
I0913 23:13:45.424507 13913 leader_election.cc:310] T e46d166a511d45f3b10efe8aabd64cf7 P e1537387c2ec4f6fb9b300f5bc0c8fc5 [CANDIDATE]: Term 2 pre-election: Election decided. Result: candidate won. Election summary: received 2 responses out of 3 voters: 2 yes votes; 0 no votes. yes voters: 220ce5b215394d149756f248d7b323de, e1537387c2ec4f6fb9b300f5bc0c8fc5; no voters:
I0913 23:13:45.425230 14083 raft_consensus.cc:2644] T e46d166a511d45f3b10efe8aabd64cf7 P e1537387c2ec4f6fb9b300f5bc0c8fc5 [term 1 FOLLOWER]: Leader pre-election won for term 2
I0913 23:13:45.425510 14083 raft_consensus.cc:472] T e46d166a511d45f3b10efe8aabd64cf7 P e1537387c2ec4f6fb9b300f5bc0c8fc5 [term 1 FOLLOWER]: Starting leader election (detected failure of leader 63a2a4b091a84abb8413d93b7e2c278d)
W0913 23:13:45.425599 13915 leader_election.cc:348] T e46d166a511d45f3b10efe8aabd64cf7 P e1537387c2ec4f6fb9b300f5bc0c8fc5 [CANDIDATE]: Term 2 pre-election: Tablet error from VoteRequest() call to peer 63a2a4b091a84abb8413d93b7e2c278d (127.13.53.1:40411): Illegal state: cannot vote while shut down
I0913 23:13:45.425796 14083 raft_consensus.cc:2890] T e46d166a511d45f3b10efe8aabd64cf7 P e1537387c2ec4f6fb9b300f5bc0c8fc5 [term 1 FOLLOWER]: Advancing to term 2
I0913 23:13:45.429819 14083 raft_consensus.cc:494] T e46d166a511d45f3b10efe8aabd64cf7 P e1537387c2ec4f6fb9b300f5bc0c8fc5 [term 2 FOLLOWER]: Starting leader election with config: opid_index: -1 OBSOLETE_local: false peers { permanent_uuid: "220ce5b215394d149756f248d7b323de" member_type: VOTER last_known_addr { host: "127.13.53.3" port: 34097 } } peers { permanent_uuid: "e1537387c2ec4f6fb9b300f5bc0c8fc5" member_type: VOTER last_known_addr { host: "127.13.53.2" port: 37221 } } peers { permanent_uuid: "63a2a4b091a84abb8413d93b7e2c278d" member_type: VOTER last_known_addr { host: "127.13.53.1" port: 40411 } }
I0913 23:13:45.430958 14083 leader_election.cc:296] T e46d166a511d45f3b10efe8aabd64cf7 P e1537387c2ec4f6fb9b300f5bc0c8fc5 [CANDIDATE]: Term 2 election: Requested vote from peers 220ce5b215394d149756f248d7b323de (127.13.53.3:34097), 63a2a4b091a84abb8413d93b7e2c278d (127.13.53.1:40411)
I0913 23:13:45.431866 13883 tablet_service.cc:1295] Received RequestConsensusVote() RPC: tablet_id: "e46d166a511d45f3b10efe8aabd64cf7" candidate_uuid: "e1537387c2ec4f6fb9b300f5bc0c8fc5" candidate_term: 2 candidate_status { last_received { term: 1 index: 1 } } ignore_live_leader: false dest_uuid: "63a2a4b091a84abb8413d93b7e2c278d"
I0913 23:13:45.432170 14018 tablet_service.cc:1295] Received RequestConsensusVote() RPC: tablet_id: "e46d166a511d45f3b10efe8aabd64cf7" candidate_uuid: "e1537387c2ec4f6fb9b300f5bc0c8fc5" candidate_term: 2 candidate_status { last_received { term: 1 index: 1 } } ignore_live_leader: false dest_uuid: "220ce5b215394d149756f248d7b323de"
I0913 23:13:45.432600 14018 raft_consensus.cc:2890] T e46d166a511d45f3b10efe8aabd64cf7 P 220ce5b215394d149756f248d7b323de [term 1 FOLLOWER]: Advancing to term 2
W0913 23:13:45.433028 13915 leader_election.cc:348] T e46d166a511d45f3b10efe8aabd64cf7 P e1537387c2ec4f6fb9b300f5bc0c8fc5 [CANDIDATE]: Term 2 election: Tablet error from VoteRequest() call to peer 63a2a4b091a84abb8413d93b7e2c278d (127.13.53.1:40411): Illegal state: cannot vote while shut down
I0913 23:13:45.436053 14018 raft_consensus.cc:2350] T e46d166a511d45f3b10efe8aabd64cf7 P 220ce5b215394d149756f248d7b323de [term 2 FOLLOWER]: Leader election vote request: Granting yes vote for candidate e1537387c2ec4f6fb9b300f5bc0c8fc5 in term 2.
I0913 23:13:45.436818 13913 leader_election.cc:310] T e46d166a511d45f3b10efe8aabd64cf7 P e1537387c2ec4f6fb9b300f5bc0c8fc5 [CANDIDATE]: Term 2 election: Election decided. Result: candidate won. Election summary: received 3 responses out of 3 voters: 2 yes votes; 1 no votes. yes voters: 220ce5b215394d149756f248d7b323de, e1537387c2ec4f6fb9b300f5bc0c8fc5; no voters: 63a2a4b091a84abb8413d93b7e2c278d
I0913 23:13:45.437409 14083 raft_consensus.cc:2644] T e46d166a511d45f3b10efe8aabd64cf7 P e1537387c2ec4f6fb9b300f5bc0c8fc5 [term 2 FOLLOWER]: Leader election won for term 2
I0913 23:13:45.438623 14083 raft_consensus.cc:667] T e46d166a511d45f3b10efe8aabd64cf7 P e1537387c2ec4f6fb9b300f5bc0c8fc5 [term 2 LEADER]: Becoming Leader. State: Replica: e1537387c2ec4f6fb9b300f5bc0c8fc5, State: Running, Role: LEADER
I0913 23:13:45.439038 14083 consensus_queue.cc:206] T e46d166a511d45f3b10efe8aabd64cf7 P e1537387c2ec4f6fb9b300f5bc0c8fc5 [LEADER]: Queue going to LEADER mode. State: All replicated index: 0, Majority replicated index: 1, Committed index: 1, Last appended: 1.1, Last appended by leader: 1, Current term: 2, Majority size: 2, State: 0, Mode: LEADER, active raft config: opid_index: -1 OBSOLETE_local: false peers { permanent_uuid: "220ce5b215394d149756f248d7b323de" member_type: VOTER last_known_addr { host: "127.13.53.3" port: 34097 } } peers { permanent_uuid: "e1537387c2ec4f6fb9b300f5bc0c8fc5" member_type: VOTER last_known_addr { host: "127.13.53.2" port: 37221 } } peers { permanent_uuid: "63a2a4b091a84abb8413d93b7e2c278d" member_type: VOTER last_known_addr { host: "127.13.53.1" port: 40411 } }
I0913 23:13:45.827994 13915 consensus_queue.cc:544] T e46d166a511d45f3b10efe8aabd64cf7 P e1537387c2ec4f6fb9b300f5bc0c8fc5 [LEADER]: The tablet replica hosted on peer 63a2a4b091a84abb8413d93b7e2c278d has failed
W0913 23:13:45.828307 13915 consensus_peers.cc:458] T e46d166a511d45f3b10efe8aabd64cf7 P e1537387c2ec4f6fb9b300f5bc0c8fc5 -> Peer 63a2a4b091a84abb8413d93b7e2c278d (127.13.53.1:40411): Couldn't send request to peer 63a2a4b091a84abb8413d93b7e2c278d. Error code: TABLET_FAILED (20). Status: Illegal state: Tablet not RUNNING: FAILED: IO error: INJECTED ERROR: tablet failed. This is attempt 1: this message will repeat every 5th retry.
I0913 23:13:45.916527 14018 raft_consensus.cc:1184] T e46d166a511d45f3b10efe8aabd64cf7 P 220ce5b215394d149756f248d7b323de [term 2 FOLLOWER]: Refusing update from remote peer e1537387c2ec4f6fb9b300f5bc0c8fc5: Log matching property violated. Preceding OpId in replica: term: 1 index: 1. Preceding OpId from leader: term: 2 index: 2. (index mismatch)
I0913 23:13:45.917768 14087 consensus_queue.cc:984] T e46d166a511d45f3b10efe8aabd64cf7 P e1537387c2ec4f6fb9b300f5bc0c8fc5 [LEADER]: Connected to new peer: Peer: permanent_uuid: "220ce5b215394d149756f248d7b323de" member_type: VOTER last_known_addr { host: "127.13.53.3" port: 34097 }, Status: LMP_MISMATCH, Last received: 0.0, Next index: 2, Last known committed idx: 1, Time since last communication: 0.000s
I0913 23:13:46.011720 13524 tablet_server.cc:155] TabletServer shutting down...
I0913 23:13:46.035449 13524 ts_tablet_manager.cc:1159] Shutting down tablet manager...
I0913 23:13:46.051424 13524 tablet_server.cc:169] TabletServer shutdown complete.
I0913 23:13:46.051614 13524 tablet_server.cc:155] TabletServer shutting down...
I0913 23:13:46.051910 13524 tablet_server.cc:169] TabletServer shutdown complete.
I0913 23:13:46.057565 13524 tablet_server.cc:155] TabletServer shutting down...
I0913 23:13:46.071753 13524 ts_tablet_manager.cc:1159] Shutting down tablet manager...
I0913 23:13:46.072041 13524 tablet_replica.cc:273] T e46d166a511d45f3b10efe8aabd64cf7 P e1537387c2ec4f6fb9b300f5bc0c8fc5: stopping tablet replica
I0913 23:13:46.072332 13524 raft_consensus.cc:2147] T e46d166a511d45f3b10efe8aabd64cf7 P e1537387c2ec4f6fb9b300f5bc0c8fc5 [term 2 LEADER]: Raft consensus shutting down.
I0913 23:13:46.072880 13524 raft_consensus.cc:2174] T e46d166a511d45f3b10efe8aabd64cf7 P e1537387c2ec4f6fb9b300f5bc0c8fc5 [term 2 FOLLOWER]: Raft consensus is shut down!
I0913 23:13:46.081923 13524 tablet_server.cc:169] TabletServer shutdown complete.
I0913 23:13:46.082165 13524 tablet_server.cc:155] TabletServer shutting down...
I0913 23:13:46.082453 13524 tablet_server.cc:169] TabletServer shutdown complete.
I0913 23:13:46.087770 13524 tablet_server.cc:155] TabletServer shutting down...
I0913 23:13:46.100759 13524 ts_tablet_manager.cc:1159] Shutting down tablet manager...
I0913 23:13:46.101032 13524 tablet_replica.cc:273] T e46d166a511d45f3b10efe8aabd64cf7 P 220ce5b215394d149756f248d7b323de: stopping tablet replica
I0913 23:13:46.101320 13524 raft_consensus.cc:2147] T e46d166a511d45f3b10efe8aabd64cf7 P 220ce5b215394d149756f248d7b323de [term 2 FOLLOWER]: Raft consensus shutting down.
I0913 23:13:46.101562 13524 raft_consensus.cc:2174] T e46d166a511d45f3b10efe8aabd64cf7 P 220ce5b215394d149756f248d7b323de [term 2 FOLLOWER]: Raft consensus is shut down!
I0913 23:13:46.110605 13524 tablet_server.cc:169] TabletServer shutdown complete.
I0913 23:13:46.110759 13524 tablet_server.cc:155] TabletServer shutting down...
I0913 23:13:46.111006 13524 tablet_server.cc:169] TabletServer shutdown complete.
I0913 23:13:46.116518 13524 master.cc:247] Master@127.13.53.62:40691 shutting down...
I0913 23:13:46.128119 13524 raft_consensus.cc:2147] T 00000000000000000000000000000000 P afe4b86f03784fdfb3df5e1b8513a3e0 [term 1 LEADER]: Raft consensus shutting down.
I0913 23:13:46.128479 13524 raft_consensus.cc:2174] T 00000000000000000000000000000000 P afe4b86f03784fdfb3df5e1b8513a3e0 [term 1 FOLLOWER]: Raft consensus is shut down!
I0913 23:13:46.128669 13524 tablet_replica.cc:273] T 00000000000000000000000000000000 P afe4b86f03784fdfb3df5e1b8513a3e0: stopping tablet replica
I0913 23:13:46.144838 13524 master.cc:258] Master@127.13.53.62:40691 shutdown complete. [ OK ] TsTabletManagerITest.ReportOnReplicaHealthStatus (4180 ms) [ RUN ] TsTabletManagerITest.TestDeduplicateMasterAddrsForHeartbeaters
I0913 23:13:46.162578 13524 internal_mini_cluster.cc:146] Creating distributed mini masters. Addrs: 127.13.53.62:36199
I0913 23:13:46.173262 13524 system_ntp.cc:193] NTP initialized. Skew: 500ppm Current error: 18200us
I0913 23:13:46.173650 13524 fs_manager.cc:263] Metadata directory not provided
I0913 23:13:46.173787 13524 fs_manager.cc:269] Using write-ahead log directory (fs_wal_dir) as metadata directory
I0913 23:13:46.174006 13524 server_base.cc:448] Could not load existing FS layout: Not found: could not find a healthy instance file
I0913 23:13:46.174137 13524 server_base.cc:449] Attempting to create new FS layout instead
I0913 23:13:46.175061 13524 fs_manager.cc:602] Generated new instance metadata in path /tmp/dist-test-taskMj6sdl/test-tmp/ts_tablet_manager-itest.0.TsTabletManagerITest.TestDeduplicateMasterAddrsForHeartbeaters.1568416417781642-13524/minicluster-data/master-0-root/instance: uuid: "d3e419641886423098d5a67c269bee5f" format_stamp: "Formatted at 2019-09-13 23:13:46 on dist-test-slave-dist-test-slave-kz3c"
I0913 23:13:46.183053 13524 fs_manager.cc:503] Time spent creating directory manager: real 0.008s user 0.005s sys 0.003s
I0913 23:13:46.184398 13524 file_cache.cc:465] Constructed file cache lbm with capacity 419430
I0913 23:13:46.190636 13524 fs_manager.cc:419] Time spent opening block manager: real 0.001s user 0.001s sys 0.000s
I0913 23:13:46.190788 13524 fs_manager.cc:436] Opened local filesystem: /tmp/dist-test-taskMj6sdl/test-tmp/ts_tablet_manager-itest.0.TsTabletManagerITest.TestDeduplicateMasterAddrsForHeartbeaters.1568416417781642-13524/minicluster-data/master-0-root uuid: "d3e419641886423098d5a67c269bee5f" format_stamp: "Formatted at 2019-09-13 23:13:46 on dist-test-slave-dist-test-slave-kz3c"
I0913 23:13:46.191079 13524 fs_report.cc:352] FS layout report -------------------- wal directory: /tmp/dist-test-taskMj6sdl/test-tmp/ts_tablet_manager-itest.0.TsTabletManagerITest.TestDeduplicateMasterAddrsForHeartbeaters.1568416417781642-13524/minicluster-data/master-0-root metadata directory: /tmp/dist-test-taskMj6sdl/test-tmp/ts_tablet_manager-itest.0.TsTabletManagerITest.TestDeduplicateMasterAddrsForHeartbeaters.1568416417781642-13524/minicluster-data/master-0-root 1 data directories: /tmp/dist-test-taskMj6sdl/test-tmp/ts_tablet_manager-itest.0.TsTabletManagerITest.TestDeduplicateMasterAddrsForHeartbeaters.1568416417781642-13524/minicluster-data/master-0-root/data Total live blocks: 0 Total live bytes: 0 Total live bytes (after alignment): 0 Total number of LBM containers: 0 (0 full) Did not check for missing blocks Did not check for orphaned blocks Total full LBM containers with extra space: 0 (0 repaired) Total full LBM container extra space in bytes: 0 (0 repaired) Total incomplete LBM containers: 0 (0 repaired) Total LBM partial records: 0 (0 repaired)
I0913 23:13:46.267300 13524 rpc_server.cc:205] RPC server started. Bound to: 127.13.53.62:36199
I0913 23:13:46.268937 13524 webserver.cc:374] Webserver started at http://127.13.53.62:34421/ using document root and password file
I0913 23:13:46.270591 14151 data_dirs.cc:939] Could only allocate 1 dirs of requested 3 for tablet 00000000000000000000000000000000. 1 dirs total, 0 dirs full, 0 dirs failed
I0913 23:13:46.277935 14151 tablet_bootstrap.cc:439] T 00000000000000000000000000000000 P d3e419641886423098d5a67c269bee5f: Bootstrap starting.
I0913 23:13:46.280076 14151 tablet_bootstrap.cc:590] T 00000000000000000000000000000000 P d3e419641886423098d5a67c269bee5f: No blocks or log segments found. Creating new log.
I0913 23:13:46.282856 14151 tablet_bootstrap.cc:439] T 00000000000000000000000000000000 P d3e419641886423098d5a67c269bee5f: No bootstrap required, opened a new log
I0913 23:13:46.284140 14151 raft_consensus.cc:340] T 00000000000000000000000000000000 P d3e419641886423098d5a67c269bee5f [term 0 FOLLOWER]: Replica starting. Triggering 0 pending transactions. Active config: opid_index: -1 OBSOLETE_local: true peers { permanent_uuid: "d3e419641886423098d5a67c269bee5f" member_type: VOTER }
I0913 23:13:46.284467 14151 raft_consensus.cc:366] T 00000000000000000000000000000000 P d3e419641886423098d5a67c269bee5f [term 0 FOLLOWER]: Consensus starting up: Expiring failure detector timer to make a prompt election more likely
I0913 23:13:46.284612 14151 raft_consensus.cc:705] T 00000000000000000000000000000000 P d3e419641886423098d5a67c269bee5f [term 0 FOLLOWER]: Becoming Follower/Learner. State: Replica: d3e419641886423098d5a67c269bee5f, State: Initialized, Role: FOLLOWER
I0913 23:13:46.284987 14151 consensus_queue.cc:229] T 00000000000000000000000000000000 P d3e419641886423098d5a67c269bee5f [NON_LEADER]: Queue going to NON_LEADER mode. State: All replicated index: 0, Majority replicated index: 0, Committed index: 0, Last appended: 0.0, Last appended by leader: 0, Current term: 0, Majority size: -1, State: 0, Mode: NON_LEADER, active raft config: opid_index: -1 OBSOLETE_local: true peers { permanent_uuid: "d3e419641886423098d5a67c269bee5f" member_type: VOTER }
I0913 23:13:46.285353 14151 raft_consensus.cc:380] T 00000000000000000000000000000000 P d3e419641886423098d5a67c269bee5f [term 0 FOLLOWER]: Only one voter in the Raft config. Triggering election immediately
I0913 23:13:46.285502 14151 raft_consensus.cc:472] T 00000000000000000000000000000000 P d3e419641886423098d5a67c269bee5f [term 0 FOLLOWER]: Starting leader election (initial election of a single-replica configuration)
I0913 23:13:46.285681 14151 raft_consensus.cc:2890] T 00000000000000000000000000000000 P d3e419641886423098d5a67c269bee5f [term 0 FOLLOWER]: Advancing to term 1
I0913 23:13:46.288920 14151 raft_consensus.cc:494] T 00000000000000000000000000000000 P d3e419641886423098d5a67c269bee5f [term 1 FOLLOWER]: Starting leader election with config: opid_index: -1 OBSOLETE_local: true peers { permanent_uuid: "d3e419641886423098d5a67c269bee5f" member_type: VOTER }
