I0913 23:13:46.289309 14151 leader_election.cc:310] T 00000000000000000000000000000000 P d3e419641886423098d5a67c269bee5f [CANDIDATE]: Term 1 election: Election decided. Result: candidate won. Election summary: received 1 responses out of 1 voters: 1 yes votes; 0 no votes. yes voters: d3e419641886423098d5a67c269bee5f; no voters:
I0913 23:13:46.290611 14151 leader_election.cc:296] T 00000000000000000000000000000000 P d3e419641886423098d5a67c269bee5f [CANDIDATE]: Term 1 election: Requested vote from peers
I0913 23:13:46.290819 14153 raft_consensus.cc:2644] T 00000000000000000000000000000000 P d3e419641886423098d5a67c269bee5f [term 1 FOLLOWER]: Leader election won for term 1
I0913 23:13:46.292354 14153 raft_consensus.cc:667] T 00000000000000000000000000000000 P d3e419641886423098d5a67c269bee5f [term 1 LEADER]: Becoming Leader. State: Replica: d3e419641886423098d5a67c269bee5f, State: Running, Role: LEADER
I0913 23:13:46.292912 14153 consensus_queue.cc:206] T 00000000000000000000000000000000 P d3e419641886423098d5a67c269bee5f [LEADER]: Queue going to LEADER mode. State: All replicated index: 0, Majority replicated index: 0, Committed index: 0, Last appended: 0.0, Last appended by leader: 0, Current term: 1, Majority size: 1, State: 0, Mode: LEADER, active raft config: opid_index: -1 OBSOLETE_local: true peers { permanent_uuid: "d3e419641886423098d5a67c269bee5f" member_type: VOTER }
I0913 23:13:46.295181 14151 sys_catalog.cc:340] T 00000000000000000000000000000000 P d3e419641886423098d5a67c269bee5f [sys.catalog]: SysCatalogTable state changed. Reason: Started TabletReplica. Latest consensus state: current_term: 1 leader_uuid: "d3e419641886423098d5a67c269bee5f" committed_config { opid_index: -1 OBSOLETE_local: true peers { permanent_uuid: "d3e419641886423098d5a67c269bee5f" member_type: VOTER } }
I0913 23:13:46.295377 14154 sys_catalog.cc:340] T 00000000000000000000000000000000 P d3e419641886423098d5a67c269bee5f [sys.catalog]: SysCatalogTable state changed. Reason: RaftConsensus started. Latest consensus state: current_term: 1 leader_uuid: "d3e419641886423098d5a67c269bee5f" committed_config { opid_index: -1 OBSOLETE_local: true peers { permanent_uuid: "d3e419641886423098d5a67c269bee5f" member_type: VOTER } }
I0913 23:13:46.295763 14151 sys_catalog.cc:343] T 00000000000000000000000000000000 P d3e419641886423098d5a67c269bee5f [sys.catalog]: This master's current role is: LEADER
I0913 23:13:46.296039 14154 sys_catalog.cc:343] T 00000000000000000000000000000000 P d3e419641886423098d5a67c269bee5f [sys.catalog]: This master's current role is: LEADER
I0913 23:13:46.295365 14155 sys_catalog.cc:340] T 00000000000000000000000000000000 P d3e419641886423098d5a67c269bee5f [sys.catalog]: SysCatalogTable state changed. Reason: New leader d3e419641886423098d5a67c269bee5f. Latest consensus state: current_term: 1 leader_uuid: "d3e419641886423098d5a67c269bee5f" committed_config { opid_index: -1 OBSOLETE_local: true peers { permanent_uuid: "d3e419641886423098d5a67c269bee5f" member_type: VOTER } }
I0913 23:13:46.296350 14155 sys_catalog.cc:343] T 00000000000000000000000000000000 P d3e419641886423098d5a67c269bee5f [sys.catalog]: This master's current role is: LEADER
I0913 23:13:46.297858 14151 sys_catalog.cc:428] T 00000000000000000000000000000000 P d3e419641886423098d5a67c269bee5f [sys.catalog]: configured and running, proceeding with master startup.
I0913 23:13:46.297994 14158 catalog_manager.cc:1071] Loading table and tablet metadata into memory...
I0913 23:13:46.299090 13524 internal_mini_cluster.cc:166] Waiting to initialize catalog manager on master 0
I0913 23:13:46.300597 14158 catalog_manager.cc:1082] Initializing Kudu internal certificate authority...
I0913 23:13:46.355944 14158 catalog_manager.cc:966] Generated new certificate authority record
I0913 23:13:46.357447 14158 catalog_manager.cc:1091] Loading token signing keys...
I0913 23:13:46.372067 14158 catalog_manager.cc:4394] T 00000000000000000000000000000000 P d3e419641886423098d5a67c269bee5f: Generated new TSK 0
I0913 23:13:46.439810 13524 system_ntp.cc:193] NTP initialized. Skew: 500ppm Current error: 18200us
I0913 23:13:46.440183 13524 fs_manager.cc:263] Metadata directory not provided
I0913 23:13:46.440325 13524 fs_manager.cc:269] Using write-ahead log directory (fs_wal_dir) as metadata directory
I0913 23:13:46.440513 13524 server_base.cc:448] Could not load existing FS layout: Not found: could not find a healthy instance file
I0913 23:13:46.440618 13524 server_base.cc:449] Attempting to create new FS layout instead
I0913 23:13:46.441540 13524 fs_manager.cc:602] Generated new instance metadata in path /tmp/dist-test-taskMj6sdl/test-tmp/ts_tablet_manager-itest.0.TsTabletManagerITest.TestDeduplicateMasterAddrsForHeartbeaters.1568416417781642-13524/minicluster-data/ts-0-root/instance: uuid: "aec0bff686fa48748eec67f1005139ac" format_stamp: "Formatted at 2019-09-13 23:13:46 on dist-test-slave-dist-test-slave-kz3c"
I0913 23:13:46.449303 13524 fs_manager.cc:503] Time spent creating directory manager: real 0.007s user 0.005s sys 0.005s
I0913 23:13:46.450768 13524 file_cache.cc:465] Constructed file cache lbm with capacity 419430
I0913 23:13:46.457324 13524 fs_manager.cc:419] Time spent opening block manager: real 0.001s user 0.001s sys 0.000s
I0913 23:13:46.457509 13524 fs_manager.cc:436] Opened local filesystem: /tmp/dist-test-taskMj6sdl/test-tmp/ts_tablet_manager-itest.0.TsTabletManagerITest.TestDeduplicateMasterAddrsForHeartbeaters.1568416417781642-13524/minicluster-data/ts-0-root uuid: "aec0bff686fa48748eec67f1005139ac" format_stamp: "Formatted at 2019-09-13 23:13:46 on dist-test-slave-dist-test-slave-kz3c"
I0913 23:13:46.457757 13524 fs_report.cc:352] FS layout report -------------------- wal directory: /tmp/dist-test-taskMj6sdl/test-tmp/ts_tablet_manager-itest.0.TsTabletManagerITest.TestDeduplicateMasterAddrsForHeartbeaters.1568416417781642-13524/minicluster-data/ts-0-root metadata directory: /tmp/dist-test-taskMj6sdl/test-tmp/ts_tablet_manager-itest.0.TsTabletManagerITest.TestDeduplicateMasterAddrsForHeartbeaters.1568416417781642-13524/minicluster-data/ts-0-root 1 data directories: /tmp/dist-test-taskMj6sdl/test-tmp/ts_tablet_manager-itest.0.TsTabletManagerITest.TestDeduplicateMasterAddrsForHeartbeaters.1568416417781642-13524/minicluster-data/ts-0-root/data Total live blocks: 0 Total live bytes: 0 Total live bytes (after alignment): 0 Total number of LBM containers: 0 (0 full) Did not check for missing blocks Did not check for orphaned blocks Total full LBM containers with extra space: 0 (0 repaired) Total full LBM container extra space in bytes: 0 (0 repaired) Total incomplete LBM containers: 0 (0 repaired) Total LBM partial records: 0 (0 repaired)
I0913 23:13:46.476275 13524 ts_tablet_manager.cc:383] Loaded tablet metadata (0 total tablets, 0 live tablets)
I0913 23:13:46.476444 13524 ts_tablet_manager.cc:403] Registered 0 tablets
I0913 23:13:46.511394 13524 rpc_server.cc:205] RPC server started. Bound to: 127.13.53.1:34579
I0913 23:13:46.513021 13524 webserver.cc:374] Webserver started at http://127.13.53.1:38489/ using document root and password file
I0913 23:13:46.530241 14225 heartbeater.cc:322] Connected to a master server at 127.13.53.62:36199
I0913 23:13:46.530508 14225 heartbeater.cc:406] Registering TS with master...
I0913 23:13:46.530880 14225 heartbeater.cc:455] Master 127.13.53.62:36199 requested a full tablet report, sending...
I0913 23:13:46.532414 14118 ts_manager.cc:161] Registered new tserver with Master: aec0bff686fa48748eec67f1005139ac (127.13.53.1:34579)
I0913 23:13:46.532703 13524 internal_mini_cluster.cc:328] 1 TS(s) registered with all masters after 0.018243323s
I0913 23:13:46.534201 14118 master_service.cc:277] Signed X509 certificate for tserver {username='slave'} at 127.0.0.1:44712
I0913 23:13:46.550000 13524 tablet_server.cc:155] TabletServer shutting down...
I0913 23:13:46.592088 13524 ts_tablet_manager.cc:1159] Shutting down tablet manager...
I0913 23:13:46.606839 13524 tablet_server.cc:169] TabletServer shutdown complete.
I0913 23:13:46.607000 13524 tablet_server.cc:155] TabletServer shutting down...
I0913 23:13:46.607254 13524 tablet_server.cc:169] TabletServer shutdown complete.
I0913 23:13:46.622493 13524 tablet_server.cc:87] deduplicated master addresses: 127.13.53.62:36199
I0913 23:13:46.622994 13524 system_ntp.cc:193] NTP initialized. Skew: 500ppm Current error: 18200us
I0913 23:13:46.623281 13524 fs_manager.cc:263] Metadata directory not provided
I0913 23:13:46.623383 13524 fs_manager.cc:266] Using existing metadata directory in first data directory
I0913 23:13:46.625674 13524 fs_manager.cc:399] Time spent opening directory manager: real 0.002s user 0.002s sys 0.001s
I0913 23:13:46.626575 13524 file_cache.cc:465] Constructed file cache lbm with capacity 419430
I0913 23:13:46.632598 13524 fs_manager.cc:419] Time spent opening block manager: real 0.001s user 0.001s sys 0.000s
I0913 23:13:46.632748 13524 fs_manager.cc:436] Opened local filesystem: /tmp/dist-test-taskMj6sdl/test-tmp/ts_tablet_manager-itest.0.TsTabletManagerITest.TestDeduplicateMasterAddrsForHeartbeaters.1568416417781642-13524/minicluster-data/ts-0-root uuid: "aec0bff686fa48748eec67f1005139ac" format_stamp: "Formatted at 2019-09-13 23:13:46 on dist-test-slave-dist-test-slave-kz3c"
I0913 23:13:46.632961 13524 fs_report.cc:352] FS layout report -------------------- wal directory: /tmp/dist-test-taskMj6sdl/test-tmp/ts_tablet_manager-itest.0.TsTabletManagerITest.TestDeduplicateMasterAddrsForHeartbeaters.1568416417781642-13524/minicluster-data/ts-0-root metadata directory: /tmp/dist-test-taskMj6sdl/test-tmp/ts_tablet_manager-itest.0.TsTabletManagerITest.TestDeduplicateMasterAddrsForHeartbeaters.1568416417781642-13524/minicluster-data/ts-0-root 1 data directories: /tmp/dist-test-taskMj6sdl/test-tmp/ts_tablet_manager-itest.0.TsTabletManagerITest.TestDeduplicateMasterAddrsForHeartbeaters.1568416417781642-13524/minicluster-data/ts-0-root/data Total live blocks: 0 Total live bytes: 0 Total live bytes (after alignment): 0 Total number of LBM containers: 0 (0 full) Did not check for missing blocks Did not check for orphaned blocks Total full LBM containers with extra space: 0 (0 repaired) Total full LBM container extra space in bytes: 0 (0 repaired) Total incomplete LBM containers: 0 (0 repaired) Total LBM partial records: 0 (0 repaired)
I0913 23:13:46.681751 13524 ts_tablet_manager.cc:383] Loaded tablet metadata (0 total tablets, 0 live tablets)
I0913 23:13:46.681901 13524 ts_tablet_manager.cc:403] Registered 0 tablets
I0913 23:13:46.716794 13524 rpc_server.cc:205] RPC server started. Bound to: 127.13.53.1:34579
I0913 23:13:46.718477 13524 webserver.cc:374] Webserver started at http://127.13.53.1:38489/ using document root and password file
I0913 23:13:46.723474 13524 tablet_server.cc:155] TabletServer shutting down...
I0913 23:13:46.766916 14299 heartbeater.cc:322] Connected to a master server at 127.13.53.62:36199
I0913 23:13:46.767360 14299 heartbeater.cc:406] Registering TS with master...
I0913 23:13:46.767874 14299 heartbeater.cc:455] Master 127.13.53.62:36199 requested a full tablet report, sending...
I0913 23:13:46.770674 14118 ts_manager.cc:161] Re-registered known tserver with Master: aec0bff686fa48748eec67f1005139ac (127.13.53.1:34579)
I0913 23:13:46.772312 14118 master_service.cc:277] Signed X509 certificate for tserver {username='slave'} at 127.0.0.1:44716
I0913 23:13:46.774325 13524 ts_tablet_manager.cc:1159] Shutting down tablet manager...
I0913 23:13:46.788815 13524 tablet_server.cc:169] TabletServer shutdown complete.
I0913 23:13:46.788997 13524 tablet_server.cc:155] TabletServer shutting down...
I0913 23:13:46.789294 13524 tablet_server.cc:169] TabletServer shutdown complete.
I0913 23:13:46.794432 13524 master.cc:247] Master@127.13.53.62:36199 shutting down...
I0913 23:13:46.807202 13524 raft_consensus.cc:2147] T 00000000000000000000000000000000 P d3e419641886423098d5a67c269bee5f [term 1 LEADER]: Raft consensus shutting down.
I0913 23:13:46.807575 13524 raft_consensus.cc:2174] T 00000000000000000000000000000000 P d3e419641886423098d5a67c269bee5f [term 1 FOLLOWER]: Raft consensus is shut down!
I0913 23:13:46.808043 13524 tablet_replica.cc:273] T 00000000000000000000000000000000 P d3e419641886423098d5a67c269bee5f: stopping tablet replica
I0913 23:13:46.816913 13524 master.cc:258] Master@127.13.53.62:36199 shutdown complete. [ OK ] TsTabletManagerITest.TestDeduplicateMasterAddrsForHeartbeaters (669 ms) [ RUN ] TsTabletManagerITest.TestTableStats
I0913 23:13:46.832918 13524 internal_mini_cluster.cc:146] Creating distributed mini masters. Addrs: 127.13.53.62:40439,127.13.53.61:35977,127.13.53.60:42667
I0913 23:13:46.843581 13524 system_ntp.cc:193] NTP initialized. Skew: 500ppm Current error: 18200us
I0913 23:13:46.843904 13524 fs_manager.cc:263] Metadata directory not provided
I0913 23:13:46.844038 13524 fs_manager.cc:269] Using write-ahead log directory (fs_wal_dir) as metadata directory
I0913 23:13:46.844214 13524 server_base.cc:448] Could not load existing FS layout: Not found: could not find a healthy instance file
I0913 23:13:46.844318 13524 server_base.cc:449] Attempting to create new FS layout instead
I0913 23:13:46.845192 13524 fs_manager.cc:602] Generated new instance metadata in path /tmp/dist-test-taskMj6sdl/test-tmp/ts_tablet_manager-itest.0.TsTabletManagerITest.TestTableStats.1568416417781642-13524/minicluster-data/master-0-root/instance: uuid: "46574f27d20e427381df2ea44498c90b" format_stamp: "Formatted at 2019-09-13 23:13:46 on dist-test-slave-dist-test-slave-kz3c"
I0913 23:13:46.852625 13524 fs_manager.cc:503] Time spent creating directory manager: real 0.007s user 0.005s sys 0.004s
I0913 23:13:46.853931 13524 file_cache.cc:465] Constructed file cache lbm with capacity 419430
I0913 23:13:46.859956 13524 fs_manager.cc:419] Time spent opening block manager: real 0.001s user 0.001s sys 0.000s
I0913 23:13:46.860124 13524 fs_manager.cc:436] Opened local filesystem: /tmp/dist-test-taskMj6sdl/test-tmp/ts_tablet_manager-itest.0.TsTabletManagerITest.TestTableStats.1568416417781642-13524/minicluster-data/master-0-root uuid: "46574f27d20e427381df2ea44498c90b" format_stamp: "Formatted at 2019-09-13 23:13:46 on dist-test-slave-dist-test-slave-kz3c"
I0913 23:13:46.860355 13524 fs_report.cc:352] FS layout report -------------------- wal directory: /tmp/dist-test-taskMj6sdl/test-tmp/ts_tablet_manager-itest.0.TsTabletManagerITest.TestTableStats.1568416417781642-13524/minicluster-data/master-0-root metadata directory: /tmp/dist-test-taskMj6sdl/test-tmp/ts_tablet_manager-itest.0.TsTabletManagerITest.TestTableStats.1568416417781642-13524/minicluster-data/master-0-root 1 data directories: /tmp/dist-test-taskMj6sdl/test-tmp/ts_tablet_manager-itest.0.TsTabletManagerITest.TestTableStats.1568416417781642-13524/minicluster-data/master-0-root/data Total live blocks: 0 Total live bytes: 0 Total live bytes (after alignment): 0 Total number of LBM containers: 0 (0 full) Did not check for missing blocks Did not check for orphaned blocks Total full LBM containers with extra space: 0 (0 repaired) Total full LBM container extra space in bytes: 0 (0 repaired) Total incomplete LBM containers: 0 (0 repaired) Total LBM partial records: 0 (0 repaired)
I0913 23:13:46.927639 13524 rpc_server.cc:205] RPC server started. Bound to: 127.13.53.62:40439
I0913 23:13:46.929375 13524 webserver.cc:374] Webserver started at http://127.13.53.62:33569/ using document root and password file
I0913 23:13:46.931094 14360 data_dirs.cc:939] Could only allocate 1 dirs of requested 3 for tablet 00000000000000000000000000000000. 1 dirs total, 0 dirs full, 0 dirs failed
I0913 23:13:46.935307 14360 sys_catalog.cc:307] member_type: VOTER last_known_addr { host: "127.13.53.62" port: 40439 } has no permanent_uuid. Determining permanent_uuid...
I0913 23:13:46.941357 13524 system_ntp.cc:193] NTP initialized. Skew: 500ppm Current error: 18200us
I0913 23:13:46.941706 13524 fs_manager.cc:263] Metadata directory not provided
I0913 23:13:46.941848 13524 fs_manager.cc:269] Using write-ahead log directory (fs_wal_dir) as metadata directory
I0913 23:13:46.942051 13524 server_base.cc:448] Could not load existing FS layout: Not found: could not find a healthy instance file
I0913 23:13:46.942224 13524 server_base.cc:449] Attempting to create new FS layout instead
I0913 23:13:46.943362 13524 fs_manager.cc:602] Generated new instance metadata in path /tmp/dist-test-taskMj6sdl/test-tmp/ts_tablet_manager-itest.0.TsTabletManagerITest.TestTableStats.1568416417781642-13524/minicluster-data/master-1-root/instance: uuid: "b03280a8df7e48f9939e076d6d0138ca" format_stamp: "Formatted at 2019-09-13 23:13:46 on dist-test-slave-dist-test-slave-kz3c"
I0913 23:13:46.953686 13524 fs_manager.cc:503] Time spent creating directory manager: real 0.010s user 0.011s sys 0.000s
I0913 23:13:46.953711 14360 sys_catalog.cc:307] member_type: VOTER last_known_addr { host: "127.13.53.61" port: 35977 } has no permanent_uuid. Determining permanent_uuid...
I0913 23:13:46.955273 13524 file_cache.cc:465] Constructed file cache lbm with capacity 419430
W0913 23:13:46.955603 14360 consensus_peers.cc:607] Error getting permanent uuid from config peer 127.13.53.61:35977: Network error: Client connection negotiation failed: client connection to 127.13.53.61:35977: connect: Connection refused (error 111)
I0913 23:13:46.961616 13524 fs_manager.cc:419] Time spent opening block manager: real 0.001s user 0.001s sys 0.000s
I0913 23:13:46.961788 13524 fs_manager.cc:436] Opened local filesystem: /tmp/dist-test-taskMj6sdl/test-tmp/ts_tablet_manager-itest.0.TsTabletManagerITest.TestTableStats.1568416417781642-13524/minicluster-data/master-1-root uuid: "b03280a8df7e48f9939e076d6d0138ca" format_stamp: "Formatted at 2019-09-13 23:13:46 on dist-test-slave-dist-test-slave-kz3c"
I0913 23:13:46.962040 13524 fs_report.cc:352] FS layout report -------------------- wal directory: /tmp/dist-test-taskMj6sdl/test-tmp/ts_tablet_manager-itest.0.TsTabletManagerITest.TestTableStats.1568416417781642-13524/minicluster-data/master-1-root metadata directory: /tmp/dist-test-taskMj6sdl/test-tmp/ts_tablet_manager-itest.0.TsTabletManagerITest.TestTableStats.1568416417781642-13524/minicluster-data/master-1-root 1 data directories: /tmp/dist-test-taskMj6sdl/test-tmp/ts_tablet_manager-itest.0.TsTabletManagerITest.TestTableStats.1568416417781642-13524/minicluster-data/master-1-root/data Total live blocks: 0 Total live bytes: 0 Total live bytes (after alignment): 0 Total number of LBM containers: 0 (0 full) Did not check for missing blocks Did not check for orphaned blocks Total full LBM containers with extra space: 0 (0 repaired) Total full LBM container extra space in bytes: 0 (0 repaired) Total incomplete LBM containers: 0 (0 repaired) Total LBM partial records: 0 (0 repaired)
I0913 23:13:47.008666 13524 rpc_server.cc:205] RPC server started. Bound to: 127.13.53.61:35977
I0913 23:13:47.010344 13524 webserver.cc:374] Webserver started at http://127.13.53.61:44137/ using document root and password file
I0913 23:13:47.011835 14417 data_dirs.cc:939] Could only allocate 1 dirs of requested 3 for tablet 00000000000000000000000000000000. 1 dirs total, 0 dirs full, 0 dirs failed
I0913 23:13:47.012055 14360 consensus_peers.cc:617] Retrying to get permanent uuid for remote peer: member_type: VOTER last_known_addr { host: "127.13.53.61" port: 35977 } attempt: 1
I0913 23:13:47.017529 14417 sys_catalog.cc:307] member_type: VOTER last_known_addr { host: "127.13.53.62" port: 40439 } has no permanent_uuid. Determining permanent_uuid...
I0913 23:13:47.025830 14360 sys_catalog.cc:307] member_type: VOTER last_known_addr { host: "127.13.53.60" port: 42667 } has no permanent_uuid. Determining permanent_uuid...
W0913 23:13:47.027483 14360 consensus_peers.cc:607] Error getting permanent uuid from config peer 127.13.53.60:42667: Network error: Client connection negotiation failed: client connection to 127.13.53.60:42667: connect: Connection refused (error 111)
I0913 23:13:47.030169 13524 system_ntp.cc:193] NTP initialized. Skew: 500ppm Current error: 18700us
I0913 23:13:47.030509 13524 fs_manager.cc:263] Metadata directory not provided
I0913 23:13:47.030701 13524 fs_manager.cc:269] Using write-ahead log directory (fs_wal_dir) as metadata directory
I0913 23:13:47.030956 13524 server_base.cc:448] Could not load existing FS layout: Not found: could not find a healthy instance file
I0913 23:13:47.031064 13524 server_base.cc:449] Attempting to create new FS layout instead
I0913 23:13:47.031826 14417 sys_catalog.cc:307] member_type: VOTER last_known_addr { host: "127.13.53.61" port: 35977 } has no permanent_uuid. Determining permanent_uuid...
I0913 23:13:47.032033 13524 fs_manager.cc:602] Generated new instance metadata in path /tmp/dist-test-taskMj6sdl/test-tmp/ts_tablet_manager-itest.0.TsTabletManagerITest.TestTableStats.1568416417781642-13524/minicluster-data/master-2-root/instance: uuid: "fab3d6e5bcad48acbb0fe6b928638607" format_stamp: "Formatted at 2019-09-13 23:13:47 on dist-test-slave-dist-test-slave-kz3c"
I0913 23:13:47.041802 14417 sys_catalog.cc:307] member_type: VOTER last_known_addr { host: "127.13.53.60" port: 42667 } has no permanent_uuid. Determining permanent_uuid...
I0913 23:13:47.043138 13524 fs_manager.cc:503] Time spent creating directory manager: real 0.011s user 0.012s sys 0.000s
W0913 23:13:47.043422 14417 consensus_peers.cc:607] Error getting permanent uuid from config peer 127.13.53.60:42667: Network error: Client connection negotiation failed: client connection to 127.13.53.60:42667: connect: Connection refused (error 111)
I0913 23:13:47.044538 13524 file_cache.cc:465] Constructed file cache lbm with capacity 419430
I0913 23:13:47.051352 13524 fs_manager.cc:419] Time spent opening block manager: real 0.002s user 0.000s sys 0.001s
I0913 23:13:47.051534 13524 fs_manager.cc:436] Opened local filesystem: /tmp/dist-test-taskMj6sdl/test-tmp/ts_tablet_manager-itest.0.TsTabletManagerITest.TestTableStats.1568416417781642-13524/minicluster-data/master-2-root uuid: "fab3d6e5bcad48acbb0fe6b928638607" format_stamp: "Formatted at 2019-09-13 23:13:47 on dist-test-slave-dist-test-slave-kz3c"
I0913 23:13:47.051757 13524 fs_report.cc:352] FS layout report -------------------- wal directory: /tmp/dist-test-taskMj6sdl/test-tmp/ts_tablet_manager-itest.0.TsTabletManagerITest.TestTableStats.1568416417781642-13524/minicluster-data/master-2-root metadata directory: /tmp/dist-test-taskMj6sdl/test-tmp/ts_tablet_manager-itest.0.TsTabletManagerITest.TestTableStats.1568416417781642-13524/minicluster-data/master-2-root 1 data directories: /tmp/dist-test-taskMj6sdl/test-tmp/ts_tablet_manager-itest.0.TsTabletManagerITest.TestTableStats.1568416417781642-13524/minicluster-data/master-2-root/data Total live blocks: 0 Total live bytes: 0 Total live bytes (after alignment): 0 Total number of LBM containers: 0 (0 full) Did not check for missing blocks Did not check for orphaned blocks Total full LBM containers with extra space: 0 (0 repaired) Total full LBM container extra space in bytes: 0 (0 repaired) Total incomplete LBM containers: 0 (0 repaired) Total LBM partial records: 0 (0 repaired)
I0913 23:13:47.062824 14360 consensus_peers.cc:617] Retrying to get permanent uuid for remote peer: member_type: VOTER last_known_addr { host: "127.13.53.60" port: 42667 } attempt: 1
W0913 23:13:47.064723 14360 consensus_peers.cc:607] Error getting permanent uuid from config peer 127.13.53.60:42667: Network error: Client connection negotiation failed: client connection to 127.13.53.60:42667: connect: Connection refused (error 111)
I0913 23:13:47.089807 14417 consensus_peers.cc:617] Retrying to get permanent uuid for remote peer: member_type: VOTER last_known_addr { host: "127.13.53.60" port: 42667 } attempt: 1
W0913 23:13:47.091677 14417 consensus_peers.cc:607] Error getting permanent uuid from config peer 127.13.53.60:42667: Network error: Client connection negotiation failed: client connection to 127.13.53.60:42667: connect: Connection refused (error 111)
I0913 23:13:47.131078 14360 consensus_peers.cc:617] Retrying to get permanent uuid for remote peer: member_type: VOTER last_known_addr { host: "127.13.53.60" port: 42667 } attempt: 2
W0913 23:13:47.133065 14360 consensus_peers.cc:607] Error getting permanent uuid from config peer 127.13.53.60:42667: Network error: Client connection negotiation failed: client connection to 127.13.53.60:42667: connect: Connection refused (error 111)
I0913 23:13:47.144309 13524 rpc_server.cc:205] RPC server started. Bound to: 127.13.53.60:42667
I0913 23:13:47.146087 13524 webserver.cc:374] Webserver started at http://127.13.53.60:35131/ using document root and password file
I0913 23:13:47.147660 14474 data_dirs.cc:939] Could only allocate 1 dirs of requested 3 for tablet 00000000000000000000000000000000. 1 dirs total, 0 dirs full, 0 dirs failed
I0913 23:13:47.150174 13524 internal_mini_cluster.cc:166] Waiting to initialize catalog manager on master 0
I0913 23:13:47.152262 14474 sys_catalog.cc:307] member_type: VOTER last_known_addr { host: "127.13.53.62" port: 40439 } has no permanent_uuid. Determining permanent_uuid...
I0913 23:13:47.159003 14417 consensus_peers.cc:617] Retrying to get permanent uuid for remote peer: member_type: VOTER last_known_addr { host: "127.13.53.60" port: 42667 } attempt: 2
I0913 23:13:47.163516 14474 sys_catalog.cc:307] member_type: VOTER last_known_addr { host: "127.13.53.61" port: 35977 } has no permanent_uuid. Determining permanent_uuid...
I0913 23:13:47.173125 14474 sys_catalog.cc:307] member_type: VOTER last_known_addr { host: "127.13.53.60" port: 42667 } has no permanent_uuid. Determining permanent_uuid...
I0913 23:13:47.175479 14417 tablet_bootstrap.cc:439] T 00000000000000000000000000000000 P b03280a8df7e48f9939e076d6d0138ca: Bootstrap starting.
I0913 23:13:47.178203 14417 tablet_bootstrap.cc:590] T 00000000000000000000000000000000 P b03280a8df7e48f9939e076d6d0138ca: No blocks or log segments found. Creating new log.
I0913 23:13:47.181399 14417 tablet_bootstrap.cc:439] T 00000000000000000000000000000000 P b03280a8df7e48f9939e076d6d0138ca: No bootstrap required, opened a new log
I0913 23:13:47.183241 14417 raft_consensus.cc:340] T 00000000000000000000000000000000 P b03280a8df7e48f9939e076d6d0138ca [term 0 FOLLOWER]: Replica starting. Triggering 0 pending transactions. Active config: opid_index: -1 OBSOLETE_local: false peers { permanent_uuid: "46574f27d20e427381df2ea44498c90b" member_type: VOTER last_known_addr { host: "127.13.53.62" port: 40439 } } peers { permanent_uuid: "b03280a8df7e48f9939e076d6d0138ca" member_type: VOTER last_known_addr { host: "127.13.53.61" port: 35977 } } peers { permanent_uuid: "fab3d6e5bcad48acbb0fe6b928638607" member_type: VOTER last_known_addr { host: "127.13.53.60" port: 42667 } }
I0913 23:13:47.183738 14417 raft_consensus.cc:366] T 00000000000000000000000000000000 P b03280a8df7e48f9939e076d6d0138ca [term 0 FOLLOWER]: Consensus starting up: Expiring failure detector timer to make a prompt election more likely
I0913 23:13:47.183915 14417 raft_consensus.cc:705] T 00000000000000000000000000000000 P b03280a8df7e48f9939e076d6d0138ca [term 0 FOLLOWER]: Becoming Follower/Learner. State: Replica: b03280a8df7e48f9939e076d6d0138ca, State: Initialized, Role: FOLLOWER
I0913 23:13:47.184340 14417 consensus_queue.cc:229] T 00000000000000000000000000000000 P b03280a8df7e48f9939e076d6d0138ca [NON_LEADER]: Queue going to NON_LEADER mode. State: All replicated index: 0, Majority replicated index: 0, Committed index: 0, Last appended: 0.0, Last appended by leader: 0, Current term: 0, Majority size: -1, State: 0, Mode: NON_LEADER, active raft config: opid_index: -1 OBSOLETE_local: false peers { permanent_uuid: "46574f27d20e427381df2ea44498c90b" member_type: VOTER last_known_addr { host: "127.13.53.62" port: 40439 } } peers { permanent_uuid: "b03280a8df7e48f9939e076d6d0138ca" member_type: VOTER last_known_addr { host: "127.13.53.61" port: 35977 } } peers { permanent_uuid: "fab3d6e5bcad48acbb0fe6b928638607" member_type: VOTER last_known_addr { host: "127.13.53.60" port: 42667 } }
I0913 23:13:47.187235 14474 tablet_bootstrap.cc:439] T 00000000000000000000000000000000 P fab3d6e5bcad48acbb0fe6b928638607: Bootstrap starting.
I0913 23:13:47.189437 14474 tablet_bootstrap.cc:590] T 00000000000000000000000000000000 P fab3d6e5bcad48acbb0fe6b928638607: No blocks or log segments found. Creating new log.
I0913 23:13:47.191309 14417 sys_catalog.cc:340] T 00000000000000000000000000000000 P b03280a8df7e48f9939e076d6d0138ca [sys.catalog]: SysCatalogTable state changed. Reason: Started TabletReplica. Latest consensus state: current_term: 0 committed_config { opid_index: -1 OBSOLETE_local: false peers { permanent_uuid: "46574f27d20e427381df2ea44498c90b" member_type: VOTER last_known_addr { host: "127.13.53.62" port: 40439 } } peers { permanent_uuid: "b03280a8df7e48f9939e076d6d0138ca" member_type: VOTER last_known_addr { host: "127.13.53.61" port: 35977 } } peers { permanent_uuid: "fab3d6e5bcad48acbb0fe6b928638607" member_type: VOTER last_known_addr { host: "127.13.53.60" port: 42667 } } }
I0913 23:13:47.191413 14478 sys_catalog.cc:340] T 00000000000000000000000000000000 P b03280a8df7e48f9939e076d6d0138ca [sys.catalog]: SysCatalogTable state changed. Reason: RaftConsensus started. Latest consensus state: current_term: 0 committed_config { opid_index: -1 OBSOLETE_local: false peers { permanent_uuid: "46574f27d20e427381df2ea44498c90b" member_type: VOTER last_known_addr { host: "127.13.53.62" port: 40439 } } peers { permanent_uuid: "b03280a8df7e48f9939e076d6d0138ca" member_type: VOTER last_known_addr { host: "127.13.53.61" port: 35977 } } peers { permanent_uuid: "fab3d6e5bcad48acbb0fe6b928638607" member_type: VOTER last_known_addr { host: "127.13.53.60" port: 42667 } } }
I0913 23:13:47.191861 14417 sys_catalog.cc:343] T 00000000000000000000000000000000 P b03280a8df7e48f9939e076d6d0138ca [sys.catalog]: This master's current role is: FOLLOWER
I0913 23:13:47.191995 14478 sys_catalog.cc:343] T 00000000000000000000000000000000 P b03280a8df7e48f9939e076d6d0138ca [sys.catalog]: This master's current role is: FOLLOWER
I0913 23:13:47.192780 14417 sys_catalog.cc:428] T 00000000000000000000000000000000 P b03280a8df7e48f9939e076d6d0138ca [sys.catalog]: configured and running, proceeding with master startup.
I0913 23:13:47.193895 14474 tablet_bootstrap.cc:439] T 00000000000000000000000000000000 P fab3d6e5bcad48acbb0fe6b928638607: No bootstrap required, opened a new log
I0913 23:13:47.196137 14474 raft_consensus.cc:340] T 00000000000000000000000000000000 P fab3d6e5bcad48acbb0fe6b928638607 [term 0 FOLLOWER]: Replica starting. Triggering 0 pending transactions. Active config: opid_index: -1 OBSOLETE_local: false peers { permanent_uuid: "46574f27d20e427381df2ea44498c90b" member_type: VOTER last_known_addr { host: "127.13.53.62" port: 40439 } } peers { permanent_uuid: "b03280a8df7e48f9939e076d6d0138ca" member_type: VOTER last_known_addr { host: "127.13.53.61" port: 35977 } } peers { permanent_uuid: "fab3d6e5bcad48acbb0fe6b928638607" member_type: VOTER last_known_addr { host: "127.13.53.60" port: 42667 } }
I0913 23:13:47.196790 14474 raft_consensus.cc:366] T 00000000000000000000000000000000 P fab3d6e5bcad48acbb0fe6b928638607 [term 0 FOLLOWER]: Consensus starting up: Expiring failure detector timer to make a prompt election more likely
I0913 23:13:47.196997 14474 raft_consensus.cc:705] T 00000000000000000000000000000000 P fab3d6e5bcad48acbb0fe6b928638607 [term 0 FOLLOWER]: Becoming Follower/Learner. State: Replica: fab3d6e5bcad48acbb0fe6b928638607, State: Initialized, Role: FOLLOWER
W0913 23:13:47.197055 14480 catalog_manager.cc:1129] T 00000000000000000000000000000000 P b03280a8df7e48f9939e076d6d0138ca: acquiring CA information for follower catalog manager: Not found: root CA entry not found
W0913 23:13:47.197333 14480 catalog_manager.cc:612] Not found: root CA entry not found: failed to prepare follower catalog manager, will retry
I0913 23:13:47.197546 14474 consensus_queue.cc:229] T 00000000000000000000000000000000 P fab3d6e5bcad48acbb0fe6b928638607 [NON_LEADER]: Queue going to NON_LEADER mode. State: All replicated index: 0, Majority replicated index: 0, Committed index: 0, Last appended: 0.0, Last appended by leader: 0, Current term: 0, Majority size: -1, State: 0, Mode: NON_LEADER, active raft config: opid_index: -1 OBSOLETE_local: false peers { permanent_uuid: "46574f27d20e427381df2ea44498c90b" member_type: VOTER last_known_addr { host: "127.13.53.62" port: 40439 } } peers { permanent_uuid: "b03280a8df7e48f9939e076d6d0138ca" member_type: VOTER last_known_addr { host: "127.13.53.61" port: 35977 } } peers { permanent_uuid: "fab3d6e5bcad48acbb0fe6b928638607" member_type: VOTER last_known_addr { host: "127.13.53.60" port: 42667 } }
I0913 23:13:47.199057 14481 sys_catalog.cc:340] T 00000000000000000000000000000000 P fab3d6e5bcad48acbb0fe6b928638607 [sys.catalog]: SysCatalogTable state changed. Reason: RaftConsensus started. Latest consensus state: current_term: 0 committed_config { opid_index: -1 OBSOLETE_local: false peers { permanent_uuid: "46574f27d20e427381df2ea44498c90b" member_type: VOTER last_known_addr { host: "127.13.53.62" port: 40439 } } peers { permanent_uuid: "b03280a8df7e48f9939e076d6d0138ca" member_type: VOTER last_known_addr { host: "127.13.53.61" port: 35977 } } peers { permanent_uuid: "fab3d6e5bcad48acbb0fe6b928638607" member_type: VOTER last_known_addr { host: "127.13.53.60" port: 42667 } } }
I0913 23:13:47.199529 14481 sys_catalog.cc:343] T 00000000000000000000000000000000 P fab3d6e5bcad48acbb0fe6b928638607 [sys.catalog]: This master's current role is: FOLLOWER
I0913 23:13:47.199852 14474 sys_catalog.cc:340] T 00000000000000000000000000000000 P fab3d6e5bcad48acbb0fe6b928638607 [sys.catalog]: SysCatalogTable state changed. Reason: Started TabletReplica. Latest consensus state: current_term: 0 committed_config { opid_index: -1 OBSOLETE_local: false peers { permanent_uuid: "46574f27d20e427381df2ea44498c90b" member_type: VOTER last_known_addr { host: "127.13.53.62" port: 40439 } } peers { permanent_uuid: "b03280a8df7e48f9939e076d6d0138ca" member_type: VOTER last_known_addr { host: "127.13.53.61" port: 35977 } } peers { permanent_uuid: "fab3d6e5bcad48acbb0fe6b928638607" member_type: VOTER last_known_addr { host: "127.13.53.60" port: 42667 } } }
I0913 23:13:47.200270 14474 sys_catalog.cc:343] T 00000000000000000000000000000000 P fab3d6e5bcad48acbb0fe6b928638607 [sys.catalog]: This master's current role is: FOLLOWER
I0913 23:13:47.200944 14474 sys_catalog.cc:428] T 00000000000000000000000000000000 P fab3d6e5bcad48acbb0fe6b928638607 [sys.catalog]: configured and running, proceeding with master startup.
I0913 23:13:47.201783 14482 catalog_manager.cc:554] Waiting for catalog manager background task thread to start: Service unavailable: Catalog manager is not initialized. State: Starting
I0913 23:13:47.218997 14478 raft_consensus.cc:472] T 00000000000000000000000000000000 P b03280a8df7e48f9939e076d6d0138ca [term 0 FOLLOWER]: Starting pre-election (no leader contacted us within the election timeout)
I0913 23:13:47.219398 14478 raft_consensus.cc:494] T 00000000000000000000000000000000 P b03280a8df7e48f9939e076d6d0138ca [term 0 FOLLOWER]: Starting pre-election with config: opid_index: -1 OBSOLETE_local: false peers { permanent_uuid: "46574f27d20e427381df2ea44498c90b" member_type: VOTER last_known_addr { host: "127.13.53.62" port: 40439 } } peers { permanent_uuid: "b03280a8df7e48f9939e076d6d0138ca" member_type: VOTER last_known_addr { host: "127.13.53.61" port: 35977 } } peers { permanent_uuid: "fab3d6e5bcad48acbb0fe6b928638607" member_type: VOTER last_known_addr { host: "127.13.53.60" port: 42667 } }
I0913 23:13:47.220521 14478 leader_election.cc:296] T 00000000000000000000000000000000 P b03280a8df7e48f9939e076d6d0138ca [CANDIDATE]: Term 1 pre-election: Requested pre-vote from peers 46574f27d20e427381df2ea44498c90b (127.13.53.62:40439), fab3d6e5bcad48acbb0fe6b928638607 (127.13.53.60:42667)
I0913 23:13:47.221388 14451 tablet_service.cc:1295] Received RequestConsensusVote() RPC: tablet_id: "00000000000000000000000000000000" candidate_uuid: "b03280a8df7e48f9939e076d6d0138ca" candidate_term: 1 candidate_status { last_received { term: 0 index: 0 } } ignore_live_leader: false dest_uuid: "fab3d6e5bcad48acbb0fe6b928638607" is_pre_election: true
I0913 23:13:47.221963 14451 raft_consensus.cc:2350] T 00000000000000000000000000000000 P fab3d6e5bcad48acbb0fe6b928638607 [term 0 FOLLOWER]: Leader pre-election vote request: Granting yes vote for candidate b03280a8df7e48f9939e076d6d0138ca in term 0.
I0913 23:13:47.222785 14368 leader_election.cc:310] T 00000000000000000000000000000000 P b03280a8df7e48f9939e076d6d0138ca [CANDIDATE]: Term 1 pre-election: Election decided. Result: candidate won. Election summary: received 2 responses out of 3 voters: 2 yes votes; 0 no votes. yes voters: b03280a8df7e48f9939e076d6d0138ca, fab3d6e5bcad48acbb0fe6b928638607; no voters:
I0913 23:13:47.223378 14478 raft_consensus.cc:2644] T 00000000000000000000000000000000 P b03280a8df7e48f9939e076d6d0138ca [term 0 FOLLOWER]: Leader pre-election won for term 1
I0913 23:13:47.223577 14478 raft_consensus.cc:472] T 00000000000000000000000000000000 P b03280a8df7e48f9939e076d6d0138ca [term 0 FOLLOWER]: Starting leader election (no leader contacted us within the election timeout)
I0913 23:13:47.223790 14478 raft_consensus.cc:2890] T 00000000000000000000000000000000 P b03280a8df7e48f9939e076d6d0138ca [term 0 FOLLOWER]: Advancing to term 1
I0913 23:13:47.228899 14478 raft_consensus.cc:494] T 00000000000000000000000000000000 P b03280a8df7e48f9939e076d6d0138ca [term 1 FOLLOWER]: Starting leader election with config: opid_index: -1 OBSOLETE_local: false peers { permanent_uuid: "46574f27d20e427381df2ea44498c90b" member_type: VOTER last_known_addr { host: "127.13.53.62" port: 40439 } } peers { permanent_uuid: "b03280a8df7e48f9939e076d6d0138ca" member_type: VOTER last_known_addr { host: "127.13.53.61" port: 35977 } } peers { permanent_uuid: "fab3d6e5bcad48acbb0fe6b928638607" member_type: VOTER last_known_addr { host: "127.13.53.60" port: 42667 } }
I0913 23:13:47.230388 14478 leader_election.cc:296] T 00000000000000000000000000000000 P b03280a8df7e48f9939e076d6d0138ca [CANDIDATE]: Term 1 election: Requested vote from peers 46574f27d20e427381df2ea44498c90b (127.13.53.62:40439), fab3d6e5bcad48acbb0fe6b928638607 (127.13.53.60:42667)
I0913 23:13:47.231122 14451 tablet_service.cc:1295] Received RequestConsensusVote() RPC: tablet_id: "00000000000000000000000000000000" candidate_uuid: "b03280a8df7e48f9939e076d6d0138ca" candidate_term: 1 candidate_status { last_received { term: 0 index: 0 } } ignore_live_leader: false dest_uuid: "fab3d6e5bcad48acbb0fe6b928638607"
I0913 23:13:47.231528 14451 raft_consensus.cc:2890] T 00000000000000000000000000000000 P fab3d6e5bcad48acbb0fe6b928638607 [term 0 FOLLOWER]: Advancing to term 1
I0913 23:13:47.234972 14451 raft_consensus.cc:2350] T 00000000000000000000000000000000 P fab3d6e5bcad48acbb0fe6b928638607 [term 1 FOLLOWER]: Leader election vote request: Granting yes vote for candidate b03280a8df7e48f9939e076d6d0138ca in term 1.
I0913 23:13:47.235839 14368 leader_election.cc:310] T 00000000000000000000000000000000 P b03280a8df7e48f9939e076d6d0138ca [CANDIDATE]: Term 1 election: Election decided. Result: candidate won. Election summary: received 2 responses out of 3 voters: 2 yes votes; 0 no votes. yes voters: b03280a8df7e48f9939e076d6d0138ca, fab3d6e5bcad48acbb0fe6b928638607; no voters:
I0913 23:13:47.236584 14478 raft_consensus.cc:2644] T 00000000000000000000000000000000 P b03280a8df7e48f9939e076d6d0138ca [term 1 FOLLOWER]: Leader election won for term 1
I0913 23:13:47.237869 14478 raft_consensus.cc:667] T 00000000000000000000000000000000 P b03280a8df7e48f9939e076d6d0138ca [term 1 LEADER]: Becoming Leader. State: Replica: b03280a8df7e48f9939e076d6d0138ca, State: Running, Role: LEADER
I0913 23:13:47.238453 14360 consensus_peers.cc:617] Retrying to get permanent uuid for remote peer: member_type: VOTER last_known_addr { host: "127.13.53.60" port: 42667 } attempt: 3
I0913 23:13:47.238559 14478 consensus_queue.cc:206] T 00000000000000000000000000000000 P b03280a8df7e48f9939e076d6d0138ca [LEADER]: Queue going to LEADER mode. State: All replicated index: 0, Majority replicated index: 0, Committed index: 0, Last appended: 0.0, Last appended by leader: 0, Current term: 1, Majority size: 2, State: 0, Mode: LEADER, active raft config: opid_index: -1 OBSOLETE_local: false peers { permanent_uuid: "46574f27d20e427381df2ea44498c90b" member_type: VOTER last_known_addr { host: "127.13.53.62" port: 40439 } } peers { permanent_uuid: "b03280a8df7e48f9939e076d6d0138ca" member_type: VOTER last_known_addr { host: "127.13.53.61" port: 35977 } } peers { permanent_uuid: "fab3d6e5bcad48acbb0fe6b928638607" member_type: VOTER last_known_addr { host: "127.13.53.60" port: 42667 } }
I0913 23:13:47.242197 14483 sys_catalog.cc:340] T 00000000000000000000000000000000 P b03280a8df7e48f9939e076d6d0138ca [sys.catalog]: SysCatalogTable state changed. Reason: New leader b03280a8df7e48f9939e076d6d0138ca. Latest consensus state: current_term: 1 leader_uuid: "b03280a8df7e48f9939e076d6d0138ca" committed_config { opid_index: -1 OBSOLETE_local: false peers { permanent_uuid: "46574f27d20e427381df2ea44498c90b" member_type: VOTER last_known_addr { host: "127.13.53.62" port: 40439 } } peers { permanent_uuid: "b03280a8df7e48f9939e076d6d0138ca" member_type: VOTER last_known_addr { host: "127.13.53.61" port: 35977 } } peers { permanent_uuid: "fab3d6e5bcad48acbb0fe6b928638607" member_type: VOTER last_known_addr { host: "127.13.53.60" port: 42667 } } }
I0913 23:13:47.243157 14483 sys_catalog.cc:343] T 00000000000000000000000000000000 P b03280a8df7e48f9939e076d6d0138ca [sys.catalog]: This master's current role is: LEADER
I0913 23:13:47.244460 14485 catalog_manager.cc:1071] Loading table and tablet metadata into memory...
I0913 23:13:47.247718 14485 catalog_manager.cc:1082] Initializing Kudu internal certificate authority...
I0913 23:13:47.254931 14360 tablet_bootstrap.cc:439] T 00000000000000000000000000000000 P 46574f27d20e427381df2ea44498c90b: Bootstrap starting.
I0913 23:13:47.257817 14360 tablet_bootstrap.cc:590] T 00000000000000000000000000000000 P 46574f27d20e427381df2ea44498c90b: No blocks or log segments found. Creating new log.
I0913 23:13:47.263986 14360 tablet_bootstrap.cc:439] T 00000000000000000000000000000000 P 46574f27d20e427381df2ea44498c90b: No bootstrap required, opened a new log
I0913 23:13:47.265307 14360 raft_consensus.cc:340] T 00000000000000000000000000000000 P 46574f27d20e427381df2ea44498c90b [term 0 FOLLOWER]: Replica starting. Triggering 0 pending transactions. Active config: opid_index: -1 OBSOLETE_local: false peers { permanent_uuid: "46574f27d20e427381df2ea44498c90b" member_type: VOTER last_known_addr { host: "127.13.53.62" port: 40439 } } peers { permanent_uuid: "b03280a8df7e48f9939e076d6d0138ca" member_type: VOTER last_known_addr { host: "127.13.53.61" port: 35977 } } peers { permanent_uuid: "fab3d6e5bcad48acbb0fe6b928638607" member_type: VOTER last_known_addr { host: "127.13.53.60" port: 42667 } }
I0913 23:13:47.265799 14360 raft_consensus.cc:366] T 00000000000000000000000000000000 P 46574f27d20e427381df2ea44498c90b [term 0 FOLLOWER]: Consensus starting up: Expiring failure detector timer to make a prompt election more likely
I0913 23:13:47.265965 14360 raft_consensus.cc:705] T 00000000000000000000000000000000 P 46574f27d20e427381df2ea44498c90b [term 0 FOLLOWER]: Becoming Follower/Learner. State: Replica: 46574f27d20e427381df2ea44498c90b, State: Initialized, Role: FOLLOWER
I0913 23:13:47.266501 14360 consensus_queue.cc:229] T 00000000000000000000000000000000 P 46574f27d20e427381df2ea44498c90b [NON_LEADER]: Queue going to NON_LEADER mode. State: All replicated index: 0, Majority replicated index: 0, Committed index: 0, Last appended: 0.0, Last appended by leader: 0, Current term: 0, Majority size: -1, State: 0, Mode: NON_LEADER, active raft config: opid_index: -1 OBSOLETE_local: false peers { permanent_uuid: "46574f27d20e427381df2ea44498c90b" member_type: VOTER last_known_addr { host: "127.13.53.62" port: 40439 } } peers { permanent_uuid: "b03280a8df7e48f9939e076d6d0138ca" member_type: VOTER last_known_addr { host: "127.13.53.61" port: 35977 } } peers { permanent_uuid: "fab3d6e5bcad48acbb0fe6b928638607" member_type: VOTER last_known_addr { host: "127.13.53.60" port: 42667 } }
I0913 23:13:47.270645 14360 sys_catalog.cc:340] T 00000000000000000000000000000000 P 46574f27d20e427381df2ea44498c90b [sys.catalog]: SysCatalogTable state changed. Reason: Started TabletReplica. Latest consensus state: current_term: 0 committed_config { opid_index: -1 OBSOLETE_local: false peers { permanent_uuid: "46574f27d20e427381df2ea44498c90b" member_type: VOTER last_known_addr { host: "127.13.53.62" port: 40439 } } peers { permanent_uuid: "b03280a8df7e48f9939e076d6d0138ca" member_type: VOTER last_known_addr { host: "127.13.53.61" port: 35977 } } peers { permanent_uuid: "fab3d6e5bcad48acbb0fe6b928638607" member_type: VOTER last_known_addr { host: "127.13.53.60" port: 42667 } } }
I0913 23:13:47.271132 14360 sys_catalog.cc:343] T 00000000000000000000000000000000 P 46574f27d20e427381df2ea44498c90b [sys.catalog]: This master's current role is: FOLLOWER
I0913 23:13:47.270872 14487 sys_catalog.cc:340] T 00000000000000000000000000000000 P 46574f27d20e427381df2ea44498c90b [sys.catalog]: SysCatalogTable state changed. Reason: RaftConsensus started. Latest consensus state: current_term: 0 committed_config { opid_index: -1 OBSOLETE_local: false peers { permanent_uuid: "46574f27d20e427381df2ea44498c90b" member_type: VOTER last_known_addr { host: "127.13.53.62" port: 40439 } } peers { permanent_uuid: "b03280a8df7e48f9939e076d6d0138ca" member_type: VOTER last_known_addr { host: "127.13.53.61" port: 35977 } } peers { permanent_uuid: "fab3d6e5bcad48acbb0fe6b928638607" member_type: VOTER last_known_addr { host: "127.13.53.60" port: 42667 } } }
I0913 23:13:47.271598 14487 sys_catalog.cc:343] T 00000000000000000000000000000000 P 46574f27d20e427381df2ea44498c90b [sys.catalog]: This master's current role is: FOLLOWER
I0913 23:13:47.271942 14360 sys_catalog.cc:428] T 00000000000000000000000000000000 P 46574f27d20e427381df2ea44498c90b [sys.catalog]: configured and running, proceeding with master startup.
I0913 23:13:47.271996 14336 tablet_service.cc:1295] Received RequestConsensusVote() RPC: tablet_id: "00000000000000000000000000000000" candidate_uuid: "b03280a8df7e48f9939e076d6d0138ca" candidate_term: 1 candidate_status { last_received { term: 0 index: 0 } } ignore_live_leader: false dest_uuid: "46574f27d20e427381df2ea44498c90b"
I0913 23:13:47.272327 14337 tablet_service.cc:1295] Received RequestConsensusVote() RPC: tablet_id: "00000000000000000000000000000000" candidate_uuid: "b03280a8df7e48f9939e076d6d0138ca" candidate_term: 1 candidate_status { last_received { term: 0 index: 0 } } ignore_live_leader: false dest_uuid: "46574f27d20e427381df2ea44498c90b" is_pre_election: true
I0913 23:13:47.272842 14336 raft_consensus.cc:2890] T 00000000000000000000000000000000 P 46574f27d20e427381df2ea44498c90b [term 0 FOLLOWER]: Advancing to term 1
I0913 23:13:47.279111 14336 raft_consensus.cc:2350] T 00000000000000000000000000000000 P 46574f27d20e427381df2ea44498c90b [term 1 FOLLOWER]: Leader election vote request: Granting yes vote for candidate b03280a8df7e48f9939e076d6d0138ca in term 1.
I0913 23:13:47.280232 14337 raft_consensus.cc:2325] T 00000000000000000000000000000000 P 46574f27d20e427381df2ea44498c90b [term 1 FOLLOWER]: Leader pre-election vote request: Denying vote to candidate b03280a8df7e48f9939e076d6d0138ca for term 1 because replica is already servicing an update from a current leader or another vote.
I0913 23:13:47.282527 13524 internal_mini_cluster.cc:166] Waiting to initialize catalog manager on master 1
I0913 23:13:47.282728 13524 internal_mini_cluster.cc:166] Waiting to initialize catalog manager on master 2
W0913 23:13:47.284636 14488 catalog_manager.cc:1129] T 00000000000000000000000000000000 P 46574f27d20e427381df2ea44498c90b: acquiring CA information for follower catalog manager: Not found: root CA entry not found
W0913 23:13:47.284889 14488 catalog_manager.cc:612] Not found: root CA entry not found: failed to prepare follower catalog manager, will retry
I0913 23:13:47.296353 13524 system_ntp.cc:193] NTP initialized. Skew: 500ppm Current error: 18700us
I0913 23:13:47.296722 13524 fs_manager.cc:263] Metadata directory not provided
I0913 23:13:47.296895 13524 fs_manager.cc:269] Using write-ahead log directory (fs_wal_dir) as metadata directory
I0913 23:13:47.297094 13524 server_base.cc:448] Could not load existing FS layout: Not found: could not find a healthy instance file
I0913 23:13:47.297204 13524 server_base.cc:449] Attempting to create new FS layout instead
I0913 23:13:47.298189 13524 fs_manager.cc:602] Generated new instance metadata in path /tmp/dist-test-taskMj6sdl/test-tmp/ts_tablet_manager-itest.0.TsTabletManagerITest.TestTableStats.1568416417781642-13524/minicluster-data/ts-0-root/instance: uuid: "93a20b201a904b628926e173bbf23463" format_stamp: "Formatted at 2019-09-13 23:13:47 on dist-test-slave-dist-test-slave-kz3c"
I0913 23:13:47.307679 13524 fs_manager.cc:503] Time spent creating directory manager: real 0.009s user 0.008s sys 0.000s
I0913 23:13:47.309291 13524 file_cache.cc:465] Constructed file cache lbm with capacity 419430
I0913 23:13:47.310567 14337 raft_consensus.cc:1184] T 00000000000000000000000000000000 P 46574f27d20e427381df2ea44498c90b [term 1 FOLLOWER]: Refusing update from remote peer b03280a8df7e48f9939e076d6d0138ca: Log matching property violated. Preceding OpId in replica: term: 0 index: 0. Preceding OpId from leader: term: 1 index: 2. (index mismatch)
