I0913 23:13:51.477267 14917 sys_catalog.cc:340] T 00000000000000000000000000000000 P fab3d6e5bcad48acbb0fe6b928638607 [sys.catalog]: SysCatalogTable state changed. Reason: Replicated consensus-only round. Latest consensus state: current_term: 4 leader_uuid: "46574f27d20e427381df2ea44498c90b" committed_config { opid_index: -1 OBSOLETE_local: false peers { permanent_uuid: "46574f27d20e427381df2ea44498c90b" member_type: VOTER last_known_addr { host: "127.13.53.62" port: 40439 } } peers { permanent_uuid: "b03280a8df7e48f9939e076d6d0138ca" member_type: VOTER last_known_addr { host: "127.13.53.61" port: 35977 } } peers { permanent_uuid: "fab3d6e5bcad48acbb0fe6b928638607" member_type: VOTER last_known_addr { host: "127.13.53.60" port: 42667 } } }
I0913 23:13:51.477895 14917 sys_catalog.cc:343] T 00000000000000000000000000000000 P fab3d6e5bcad48acbb0fe6b928638607 [sys.catalog]: This master's current role is: FOLLOWER
I0913 23:13:51.477880 14562 heartbeater.cc:406] Registering TS with master...
I0913 23:13:51.479161 13524 master.cc:247] Master@127.13.53.62:40439 shutting down...
I0913 23:13:51.484186 14309 messenger.cc:381] Service unavailable: service kudu.master.MasterService not registered on Master
I0913 23:13:51.489404 14311 messenger.cc:381] Service unavailable: service kudu.master.MasterService not registered on Master
I0913 23:13:51.490633 14309 messenger.cc:381] Service unavailable: service kudu.master.MasterService not registered on Master
I0913 23:13:51.492072 14310 messenger.cc:381] Service unavailable: service kudu.master.MasterService not registered on Master
I0913 23:13:51.493999 14874 ts_manager.cc:161] Registered new tserver with Master: 93a20b201a904b628926e173bbf23463 (127.13.53.1:44785)
I0913 23:13:51.494467 14914 catalog_manager.cc:1127] T 00000000000000000000000000000000 P fab3d6e5bcad48acbb0fe6b928638607: acquiring CA information for follower catalog manager: success
I0913 23:13:51.498751 14914 catalog_manager.cc:1155] T 00000000000000000000000000000000 P fab3d6e5bcad48acbb0fe6b928638607: importing token verification keys for follower catalog manager: success; most recent TSK sequence number 0
I0913 23:13:51.499362 14311 messenger.cc:381] Service unavailable: service kudu.master.MasterService not registered on Master
I0913 23:13:51.500572 14873 master_service.cc:230] Got heartbeat from unknown tserver (permanent_uuid: "a66db810508f4e35bac62f5c6c9f6e9c" instance_seqno: 1568416427733869) as {username='slave'} at 127.0.0.1:48794; Asking this server to re-register.
I0913 23:13:51.502261 14704 heartbeater.cc:406] Registering TS with master...
I0913 23:13:51.507102 14872 ts_manager.cc:161] Registered new tserver with Master: a66db810508f4e35bac62f5c6c9f6e9c (127.13.53.3:37091)
I0913 23:13:51.506896 14850 sys_catalog.cc:340] T 00000000000000000000000000000000 P 46574f27d20e427381df2ea44498c90b [sys.catalog]: SysCatalogTable state changed. Reason: Peer health change. Latest consensus state: current_term: 4 leader_uuid: "46574f27d20e427381df2ea44498c90b" committed_config { opid_index: -1 OBSOLETE_local: false peers { permanent_uuid: "46574f27d20e427381df2ea44498c90b" member_type: VOTER last_known_addr { host: "127.13.53.62" port: 40439 } } peers { permanent_uuid: "b03280a8df7e48f9939e076d6d0138ca" member_type: VOTER last_known_addr { host: "127.13.53.61" port: 35977 } } peers { permanent_uuid: "fab3d6e5bcad48acbb0fe6b928638607" member_type: VOTER last_known_addr { host: "127.13.53.60" port: 42667 } } }
I0913 23:13:51.507694 14850 sys_catalog.cc:343] T 00000000000000000000000000000000 P 46574f27d20e427381df2ea44498c90b [sys.catalog]: This master's current role is: LEADER
I0913 23:13:51.507668 14874 master_service.cc:230] Got heartbeat from unknown tserver (permanent_uuid: "0cad5c4a245f4b3dbd66bb7259f45090" instance_seqno: 1568416427553058) as {username='slave'} at 127.0.0.1:48790; Asking this server to re-register.
I0913 23:13:51.510670 14310 messenger.cc:381] Service unavailable: service kudu.master.MasterService not registered on Master
I0913 23:13:51.513643 14633 heartbeater.cc:406] Registering TS with master...
I0913 23:13:51.516963 14874 ts_manager.cc:161] Registered new tserver with Master: 0cad5c4a245f4b3dbd66bb7259f45090 (127.13.53.2:41231)
I0913 23:13:51.531074 13524 raft_consensus.cc:2147] T 00000000000000000000000000000000 P 46574f27d20e427381df2ea44498c90b [term 4 LEADER]: Raft consensus shutting down.
I0913 23:13:51.531807 13524 raft_consensus.cc:2174] T 00000000000000000000000000000000 P 46574f27d20e427381df2ea44498c90b [term 4 FOLLOWER]: Raft consensus is shut down!
I0913 23:13:51.532186 13524 tablet_replica.cc:273] T 00000000000000000000000000000000 P 46574f27d20e427381df2ea44498c90b: stopping tablet replica
I0913 23:13:51.552657 13524 master.cc:258] Master@127.13.53.62:40439 shutdown complete.
I0913 23:13:51.629011 14845 raft_consensus.cc:472] T 00000000000000000000000000000000 P b03280a8df7e48f9939e076d6d0138ca [term 4 FOLLOWER]: Starting pre-election (detected failure of leader 46574f27d20e427381df2ea44498c90b)
I0913 23:13:51.629446 14845 raft_consensus.cc:494] T 00000000000000000000000000000000 P b03280a8df7e48f9939e076d6d0138ca [term 4 FOLLOWER]: Starting pre-election with config: opid_index: -1 OBSOLETE_local: false peers { permanent_uuid: "46574f27d20e427381df2ea44498c90b" member_type: VOTER last_known_addr { host: "127.13.53.62" port: 40439 } } peers { permanent_uuid: "b03280a8df7e48f9939e076d6d0138ca" member_type: VOTER last_known_addr { host: "127.13.53.61" port: 35977 } } peers { permanent_uuid: "fab3d6e5bcad48acbb0fe6b928638607" member_type: VOTER last_known_addr { host: "127.13.53.60" port: 42667 } }
I0913 23:13:51.630708 14845 leader_election.cc:296] T 00000000000000000000000000000000 P b03280a8df7e48f9939e076d6d0138ca [CANDIDATE]: Term 5 pre-election: Requested pre-vote from peers 46574f27d20e427381df2ea44498c90b (127.13.53.62:40439), fab3d6e5bcad48acbb0fe6b928638607 (127.13.53.60:42667)
W0913 23:13:51.632086 14366 leader_election.cc:341] T 00000000000000000000000000000000 P b03280a8df7e48f9939e076d6d0138ca [CANDIDATE]: Term 5 pre-election: RPC error from VoteRequest() call to peer 46574f27d20e427381df2ea44498c90b (127.13.53.62:40439): Network error: Client connection negotiation failed: client connection to 127.13.53.62:40439: connect: Connection refused (error 111)
I0913 23:13:51.640105 14884 tablet_service.cc:1295] Received RequestConsensusVote() RPC: tablet_id: "00000000000000000000000000000000" candidate_uuid: "b03280a8df7e48f9939e076d6d0138ca" candidate_term: 5 candidate_status { last_received { term: 4 index: 17 } } ignore_live_leader: false dest_uuid: "fab3d6e5bcad48acbb0fe6b928638607" is_pre_election: true
I0913 23:13:51.640658 14884 raft_consensus.cc:2311] T 00000000000000000000000000000000 P fab3d6e5bcad48acbb0fe6b928638607 [term 4 FOLLOWER]: Leader pre-election vote request: Denying vote to candidate b03280a8df7e48f9939e076d6d0138ca for term 5 because replica is either leader or believes a valid leader to be alive.
I0913 23:13:51.641403 14368 leader_election.cc:310] T 00000000000000000000000000000000 P b03280a8df7e48f9939e076d6d0138ca [CANDIDATE]: Term 5 pre-election: Election decided. Result: candidate lost. Election summary: received 3 responses out of 3 voters: 1 yes votes; 2 no votes. yes voters: b03280a8df7e48f9939e076d6d0138ca; no voters: 46574f27d20e427381df2ea44498c90b, fab3d6e5bcad48acbb0fe6b928638607
I0913 23:13:51.642053 14845 raft_consensus.cc:2592] T 00000000000000000000000000000000 P b03280a8df7e48f9939e076d6d0138ca [term 4 FOLLOWER]: Leader pre-election lost for term 5. Reason: could not achieve majority
I0913 23:13:51.707818 14917 raft_consensus.cc:472] T 00000000000000000000000000000000 P fab3d6e5bcad48acbb0fe6b928638607 [term 4 FOLLOWER]: Starting pre-election (detected failure of leader 46574f27d20e427381df2ea44498c90b)
I0913 23:13:51.708302 14917 raft_consensus.cc:494] T 00000000000000000000000000000000 P fab3d6e5bcad48acbb0fe6b928638607 [term 4 FOLLOWER]: Starting pre-election with config: opid_index: -1 OBSOLETE_local: false peers { permanent_uuid: "46574f27d20e427381df2ea44498c90b" member_type: VOTER last_known_addr { host: "127.13.53.62" port: 40439 } } peers { permanent_uuid: "b03280a8df7e48f9939e076d6d0138ca" member_type: VOTER last_known_addr { host: "127.13.53.61" port: 35977 } } peers { permanent_uuid: "fab3d6e5bcad48acbb0fe6b928638607" member_type: VOTER last_known_addr { host: "127.13.53.60" port: 42667 } }
W0913 23:13:51.709340 14575 debug-util.cc:397] Leaking SignalData structure 0x7b080013d7a0 after lost signal to thread 13527
I0913 23:13:51.709923 14917 leader_election.cc:296] T 00000000000000000000000000000000 P fab3d6e5bcad48acbb0fe6b928638607 [CANDIDATE]: Term 5 pre-election: Requested pre-vote from peers 46574f27d20e427381df2ea44498c90b (127.13.53.62:40439), b03280a8df7e48f9939e076d6d0138ca (127.13.53.61:35977)
W0913 23:13:51.713328 14575 debug-util.cc:397] Leaking SignalData structure 0x7b080011ac80 after lost signal to thread 14631
W0913 23:13:51.714500 14575 debug-util.cc:397] Leaking SignalData structure 0x7b08000e61c0 after lost signal to thread 14702
W0913 23:13:51.726922 14854 leader_election.cc:341] T 00000000000000000000000000000000 P fab3d6e5bcad48acbb0fe6b928638607 [CANDIDATE]: Term 5 pre-election: RPC error from VoteRequest() call to peer 46574f27d20e427381df2ea44498c90b (127.13.53.62:40439): Network error: Client connection negotiation failed: client connection to 127.13.53.62:40439: connect: Connection refused (error 111)
I0913 23:13:51.733577 14394 tablet_service.cc:1295] Received RequestConsensusVote() RPC: tablet_id: "00000000000000000000000000000000" candidate_uuid: "fab3d6e5bcad48acbb0fe6b928638607" candidate_term: 5 candidate_status { last_received { term: 4 index: 17 } } ignore_live_leader: false dest_uuid: "b03280a8df7e48f9939e076d6d0138ca" is_pre_election: true
I0913 23:13:51.734315 14394 raft_consensus.cc:2350] T 00000000000000000000000000000000 P b03280a8df7e48f9939e076d6d0138ca [term 4 FOLLOWER]: Leader pre-election vote request: Granting yes vote for candidate fab3d6e5bcad48acbb0fe6b928638607 in term 4.
I0913 23:13:51.735232 14855 leader_election.cc:310] T 00000000000000000000000000000000 P fab3d6e5bcad48acbb0fe6b928638607 [CANDIDATE]: Term 5 pre-election: Election decided. Result: candidate won. Election summary: received 3 responses out of 3 voters: 2 yes votes; 1 no votes. yes voters: b03280a8df7e48f9939e076d6d0138ca, fab3d6e5bcad48acbb0fe6b928638607; no voters: 46574f27d20e427381df2ea44498c90b
I0913 23:13:51.736065 14917 raft_consensus.cc:2644] T 00000000000000000000000000000000 P fab3d6e5bcad48acbb0fe6b928638607 [term 4 FOLLOWER]: Leader pre-election won for term 5
I0913 23:13:51.736366 14917 raft_consensus.cc:472] T 00000000000000000000000000000000 P fab3d6e5bcad48acbb0fe6b928638607 [term 4 FOLLOWER]: Starting leader election (detected failure of leader 46574f27d20e427381df2ea44498c90b)
I0913 23:13:51.736590 14917 raft_consensus.cc:2890] T 00000000000000000000000000000000 P fab3d6e5bcad48acbb0fe6b928638607 [term 4 FOLLOWER]: Advancing to term 5
I0913 23:13:51.740509 14917 raft_consensus.cc:494] T 00000000000000000000000000000000 P fab3d6e5bcad48acbb0fe6b928638607 [term 5 FOLLOWER]: Starting leader election with config: opid_index: -1 OBSOLETE_local: false peers { permanent_uuid: "46574f27d20e427381df2ea44498c90b" member_type: VOTER last_known_addr { host: "127.13.53.62" port: 40439 } } peers { permanent_uuid: "b03280a8df7e48f9939e076d6d0138ca" member_type: VOTER last_known_addr { host: "127.13.53.61" port: 35977 } } peers { permanent_uuid: "fab3d6e5bcad48acbb0fe6b928638607" member_type: VOTER last_known_addr { host: "127.13.53.60" port: 42667 } }
I0913 23:13:51.741683 14917 leader_election.cc:296] T 00000000000000000000000000000000 P fab3d6e5bcad48acbb0fe6b928638607 [CANDIDATE]: Term 5 election: Requested vote from peers 46574f27d20e427381df2ea44498c90b (127.13.53.62:40439), b03280a8df7e48f9939e076d6d0138ca (127.13.53.61:35977)
I0913 23:13:51.742628 14394 tablet_service.cc:1295] Received RequestConsensusVote() RPC: tablet_id: "00000000000000000000000000000000" candidate_uuid: "fab3d6e5bcad48acbb0fe6b928638607" candidate_term: 5 candidate_status { last_received { term: 4 index: 17 } } ignore_live_leader: false dest_uuid: "b03280a8df7e48f9939e076d6d0138ca"
W0913 23:13:51.742910 14854 leader_election.cc:341] T 00000000000000000000000000000000 P fab3d6e5bcad48acbb0fe6b928638607 [CANDIDATE]: Term 5 election: RPC error from VoteRequest() call to peer 46574f27d20e427381df2ea44498c90b (127.13.53.62:40439): Network error: Client connection negotiation failed: client connection to 127.13.53.62:40439: connect: Connection refused (error 111)
I0913 23:13:51.743185 14394 raft_consensus.cc:2890] T 00000000000000000000000000000000 P b03280a8df7e48f9939e076d6d0138ca [term 4 FOLLOWER]: Advancing to term 5
I0913 23:13:51.746954 14394 raft_consensus.cc:2350] T 00000000000000000000000000000000 P b03280a8df7e48f9939e076d6d0138ca [term 5 FOLLOWER]: Leader election vote request: Granting yes vote for candidate fab3d6e5bcad48acbb0fe6b928638607 in term 5.
I0913 23:13:51.747735 14855 leader_election.cc:310] T 00000000000000000000000000000000 P fab3d6e5bcad48acbb0fe6b928638607 [CANDIDATE]: Term 5 election: Election decided. Result: candidate won. Election summary: received 3 responses out of 3 voters: 2 yes votes; 1 no votes. yes voters: b03280a8df7e48f9939e076d6d0138ca, fab3d6e5bcad48acbb0fe6b928638607; no voters: 46574f27d20e427381df2ea44498c90b
I0913 23:13:51.748332 14917 raft_consensus.cc:2644] T 00000000000000000000000000000000 P fab3d6e5bcad48acbb0fe6b928638607 [term 5 FOLLOWER]: Leader election won for term 5
I0913 23:13:51.748684 14917 raft_consensus.cc:667] T 00000000000000000000000000000000 P fab3d6e5bcad48acbb0fe6b928638607 [term 5 LEADER]: Becoming Leader. State: Replica: fab3d6e5bcad48acbb0fe6b928638607, State: Running, Role: LEADER
I0913 23:13:51.749150 14917 consensus_queue.cc:206] T 00000000000000000000000000000000 P fab3d6e5bcad48acbb0fe6b928638607 [LEADER]: Queue going to LEADER mode. State: All replicated index: 0, Majority replicated index: 17, Committed index: 17, Last appended: 4.17, Last appended by leader: 17, Current term: 5, Majority size: 2, State: 0, Mode: LEADER, active raft config: opid_index: -1 OBSOLETE_local: false peers { permanent_uuid: "46574f27d20e427381df2ea44498c90b" member_type: VOTER last_known_addr { host: "127.13.53.62" port: 40439 } } peers { permanent_uuid: "b03280a8df7e48f9939e076d6d0138ca" member_type: VOTER last_known_addr { host: "127.13.53.61" port: 35977 } } peers { permanent_uuid: "fab3d6e5bcad48acbb0fe6b928638607" member_type: VOTER last_known_addr { host: "127.13.53.60" port: 42667 } }
I0913 23:13:51.750814 14913 sys_catalog.cc:340] T 00000000000000000000000000000000 P fab3d6e5bcad48acbb0fe6b928638607 [sys.catalog]: SysCatalogTable state changed. Reason: New leader fab3d6e5bcad48acbb0fe6b928638607. Latest consensus state: current_term: 5 leader_uuid: "fab3d6e5bcad48acbb0fe6b928638607" committed_config { opid_index: -1 OBSOLETE_local: false peers { permanent_uuid: "46574f27d20e427381df2ea44498c90b" member_type: VOTER last_known_addr { host: "127.13.53.62" port: 40439 } } peers { permanent_uuid: "b03280a8df7e48f9939e076d6d0138ca" member_type: VOTER last_known_addr { host: "127.13.53.61" port: 35977 } } peers { permanent_uuid: "fab3d6e5bcad48acbb0fe6b928638607" member_type: VOTER last_known_addr { host: "127.13.53.60" port: 42667 } } }
I0913 23:13:51.751363 14913 sys_catalog.cc:343] T 00000000000000000000000000000000 P fab3d6e5bcad48acbb0fe6b928638607 [sys.catalog]: This master's current role is: LEADER
I0913 23:13:51.753010 14923 catalog_manager.cc:1071] Loading table and tablet metadata into memory...
I0913 23:13:51.756752 14923 catalog_manager.cc:372] Loaded metadata for table NewTableName [id=334306099b944525a47cb78bb2cafd10]
I0913 23:13:51.760339 14923 catalog_manager.cc:426] Loaded metadata for tablet 82f65eba7703468ca650e7ca50d39549 (table NewTableName [id=334306099b944525a47cb78bb2cafd10])
I0913 23:13:51.761171 14923 catalog_manager.cc:426] Loaded metadata for tablet 8ad9594f28c64b8ba3dacd888b84312b (table NewTableName [id=334306099b944525a47cb78bb2cafd10])
I0913 23:13:51.762001 14923 catalog_manager.cc:426] Loaded metadata for tablet bf89c16ce260470a863711ddbbdb3d68 (table NewTableName [id=334306099b944525a47cb78bb2cafd10])
I0913 23:13:51.762733 14923 catalog_manager.cc:1082] Initializing Kudu internal certificate authority...
I0913 23:13:51.766599 14923 catalog_manager.cc:1091] Loading token signing keys...
I0913 23:13:51.769542 14923 catalog_manager.cc:4405] T 00000000000000000000000000000000 P fab3d6e5bcad48acbb0fe6b928638607: Loaded TSK: 0
I0913 23:13:51.782197 13524 system_ntp.cc:193] NTP initialized. Skew: 500ppm Current error: 20700us
I0913 23:13:51.782701 13524 fs_manager.cc:263] Metadata directory not provided
I0913 23:13:51.782884 13524 fs_manager.cc:266] Using existing metadata directory in first data directory
I0913 23:13:51.785960 13524 fs_manager.cc:399] Time spent opening directory manager: real 0.002s user 0.002s sys 0.001s
I0913 23:13:51.787427 13524 file_cache.cc:465] Constructed file cache lbm with capacity 419430
I0913 23:13:51.800333 13524 fs_manager.cc:419] Time spent opening block manager: real 0.002s user 0.002s sys 0.000s
I0913 23:13:51.800622 13524 fs_manager.cc:436] Opened local filesystem: /tmp/dist-test-taskMj6sdl/test-tmp/ts_tablet_manager-itest.0.TsTabletManagerITest.TestTableStats.1568416417781642-13524/minicluster-data/master-0-root uuid: "46574f27d20e427381df2ea44498c90b" format_stamp: "Formatted at 2019-09-13 23:13:46 on dist-test-slave-dist-test-slave-kz3c"
I0913 23:13:51.800943 13524 fs_report.cc:352] FS layout report -------------------- wal directory: /tmp/dist-test-taskMj6sdl/test-tmp/ts_tablet_manager-itest.0.TsTabletManagerITest.TestTableStats.1568416417781642-13524/minicluster-data/master-0-root metadata directory: /tmp/dist-test-taskMj6sdl/test-tmp/ts_tablet_manager-itest.0.TsTabletManagerITest.TestTableStats.1568416417781642-13524/minicluster-data/master-0-root 1 data directories: /tmp/dist-test-taskMj6sdl/test-tmp/ts_tablet_manager-itest.0.TsTabletManagerITest.TestTableStats.1568416417781642-13524/minicluster-data/master-0-root/data Total live blocks: 0 Total live bytes: 0 Total live bytes (after alignment): 0 Total number of LBM containers: 0 (0 full) Did not check for missing blocks Did not check for orphaned blocks Total full LBM containers with extra space: 0 (0 repaired) Total full LBM container extra space in bytes: 0 (0 repaired) Total incomplete LBM containers: 0 (0 repaired) Total LBM partial records: 0 (0 repaired)
I0913 23:13:51.849541 14394 raft_consensus.cc:1184] T 00000000000000000000000000000000 P b03280a8df7e48f9939e076d6d0138ca [term 5 FOLLOWER]: Refusing update from remote peer fab3d6e5bcad48acbb0fe6b928638607: Log matching property violated. Preceding OpId in replica: term: 4 index: 17. Preceding OpId from leader: term: 5 index: 18. (index mismatch)
I0913 23:13:51.851219 14913 consensus_queue.cc:984] T 00000000000000000000000000000000 P fab3d6e5bcad48acbb0fe6b928638607 [LEADER]: Connected to new peer: Peer: permanent_uuid: "b03280a8df7e48f9939e076d6d0138ca" member_type: VOTER last_known_addr { host: "127.13.53.61" port: 35977 }, Status: LMP_MISMATCH, Last received: 0.0, Next index: 18, Last known committed idx: 17, Time since last communication: 0.000s
I0913 23:13:51.854696 14845 sys_catalog.cc:340] T 00000000000000000000000000000000 P b03280a8df7e48f9939e076d6d0138ca [sys.catalog]: SysCatalogTable state changed. Reason: New leader fab3d6e5bcad48acbb0fe6b928638607. Latest consensus state: current_term: 5 leader_uuid: "fab3d6e5bcad48acbb0fe6b928638607" committed_config { opid_index: -1 OBSOLETE_local: false peers { permanent_uuid: "46574f27d20e427381df2ea44498c90b" member_type: VOTER last_known_addr { host: "127.13.53.62" port: 40439 } } peers { permanent_uuid: "b03280a8df7e48f9939e076d6d0138ca" member_type: VOTER last_known_addr { host: "127.13.53.61" port: 35977 } } peers { permanent_uuid: "fab3d6e5bcad48acbb0fe6b928638607" member_type: VOTER last_known_addr { host: "127.13.53.60" port: 42667 } } }
I0913 23:13:51.855509 14845 sys_catalog.cc:343] T 00000000000000000000000000000000 P b03280a8df7e48f9939e076d6d0138ca [sys.catalog]: This master's current role is: FOLLOWER
I0913 23:13:51.859572 14917 sys_catalog.cc:340] T 00000000000000000000000000000000 P fab3d6e5bcad48acbb0fe6b928638607 [sys.catalog]: SysCatalogTable state changed. Reason: Peer health change. Latest consensus state: current_term: 5 leader_uuid: "fab3d6e5bcad48acbb0fe6b928638607" committed_config { opid_index: -1 OBSOLETE_local: false peers { permanent_uuid: "46574f27d20e427381df2ea44498c90b" member_type: VOTER last_known_addr { host: "127.13.53.62" port: 40439 } } peers { permanent_uuid: "b03280a8df7e48f9939e076d6d0138ca" member_type: VOTER last_known_addr { host: "127.13.53.61" port: 35977 } } peers { permanent_uuid: "fab3d6e5bcad48acbb0fe6b928638607" member_type: VOTER last_known_addr { host: "127.13.53.60" port: 42667 } } }
I0913 23:13:51.860936 14917 sys_catalog.cc:343] T 00000000000000000000000000000000 P fab3d6e5bcad48acbb0fe6b928638607 [sys.catalog]: This master's current role is: LEADER
W0913 23:13:51.860839 14854 consensus_peers.cc:458] T 00000000000000000000000000000000 P fab3d6e5bcad48acbb0fe6b928638607 -> Peer 46574f27d20e427381df2ea44498c90b (127.13.53.62:40439): Couldn't send request to peer 46574f27d20e427381df2ea44498c90b. Status: Network error: Client connection negotiation failed: client connection to 127.13.53.62:40439: connect: Connection refused (error 111). This is attempt 1: this message will repeat every 5th retry.
I0913 23:13:51.870254 14845 sys_catalog.cc:340] T 00000000000000000000000000000000 P b03280a8df7e48f9939e076d6d0138ca [sys.catalog]: SysCatalogTable state changed. Reason: Replicated consensus-only round. Latest consensus state: current_term: 5 leader_uuid: "fab3d6e5bcad48acbb0fe6b928638607" committed_config { opid_index: -1 OBSOLETE_local: false peers { permanent_uuid: "46574f27d20e427381df2ea44498c90b" member_type: VOTER last_known_addr { host: "127.13.53.62" port: 40439 } } peers { permanent_uuid: "b03280a8df7e48f9939e076d6d0138ca" member_type: VOTER last_known_addr { host: "127.13.53.61" port: 35977 } } peers { permanent_uuid: "fab3d6e5bcad48acbb0fe6b928638607" member_type: VOTER last_known_addr { host: "127.13.53.60" port: 42667 } } }
I0913 23:13:51.871093 14845 sys_catalog.cc:343] T 00000000000000000000000000000000 P b03280a8df7e48f9939e076d6d0138ca [sys.catalog]: This master's current role is: FOLLOWER
I0913 23:13:51.916263 13524 rpc_server.cc:205] RPC server started. Bound to: 127.13.53.62:40439
I0913 23:13:51.918990 13524 webserver.cc:374] Webserver started at http://127.13.53.62:33569/ using document root and password file
I0913 23:13:51.922971 14704 heartbeater.cc:447] Master 127.13.53.60:42667 was elected leader, sending a full tablet report...
I0913 23:13:51.927860 14980 sys_catalog.cc:188] Verifying existing consensus state
I0913 23:13:51.928576 14562 heartbeater.cc:447] Master 127.13.53.60:42667 was elected leader, sending a full tablet report...
I0913 23:13:51.932307 14633 heartbeater.cc:447] Master 127.13.53.60:42667 was elected leader, sending a full tablet report...
I0913 23:13:51.942647 14980 tablet_bootstrap.cc:439] T 00000000000000000000000000000000 P 46574f27d20e427381df2ea44498c90b: Bootstrap starting.
I0913 23:13:51.945597 14707 heartbeater.cc:322] Connected to a master server at 127.13.53.62:40439
I0913 23:13:51.992347 14980 tablet_bootstrap.cc:439] T 00000000000000000000000000000000 P 46574f27d20e427381df2ea44498c90b: Bootstrap replayed 1/1 log segments. Stats: ops{read=18 overwritten=1 applied=17 ignored=0} inserts{seen=6 ignored=0} mutations{seen=13 ignored=0} orphaned_commits=0. Pending: 0 replicates
I0913 23:13:51.993333 14980 tablet_bootstrap.cc:439] T 00000000000000000000000000000000 P 46574f27d20e427381df2ea44498c90b: Bootstrap complete.
I0913 23:13:51.996886 14980 raft_consensus.cc:340] T 00000000000000000000000000000000 P 46574f27d20e427381df2ea44498c90b [term 4 FOLLOWER]: Replica starting. Triggering 0 pending transactions. Active config: opid_index: -1 OBSOLETE_local: false peers { permanent_uuid: "46574f27d20e427381df2ea44498c90b" member_type: VOTER last_known_addr { host: "127.13.53.62" port: 40439 } } peers { permanent_uuid: "b03280a8df7e48f9939e076d6d0138ca" member_type: VOTER last_known_addr { host: "127.13.53.61" port: 35977 } } peers { permanent_uuid: "fab3d6e5bcad48acbb0fe6b928638607" member_type: VOTER last_known_addr { host: "127.13.53.60" port: 42667 } }
I0913 23:13:51.997658 14980 raft_consensus.cc:705] T 00000000000000000000000000000000 P 46574f27d20e427381df2ea44498c90b [term 4 FOLLOWER]: Becoming Follower/Learner. State: Replica: 46574f27d20e427381df2ea44498c90b, State: Initialized, Role: FOLLOWER
I0913 23:13:51.998275 14980 consensus_queue.cc:229] T 00000000000000000000000000000000 P 46574f27d20e427381df2ea44498c90b [NON_LEADER]: Queue going to NON_LEADER mode. State: All replicated index: 0, Majority replicated index: 0, Committed index: 17, Last appended: 4.17, Last appended by leader: 17, Current term: 0, Majority size: -1, State: 0, Mode: NON_LEADER, active raft config: opid_index: -1 OBSOLETE_local: false peers { permanent_uuid: "46574f27d20e427381df2ea44498c90b" member_type: VOTER last_known_addr { host: "127.13.53.62" port: 40439 } } peers { permanent_uuid: "b03280a8df7e48f9939e076d6d0138ca" member_type: VOTER last_known_addr { host: "127.13.53.61" port: 35977 } } peers { permanent_uuid: "fab3d6e5bcad48acbb0fe6b928638607" member_type: VOTER last_known_addr { host: "127.13.53.60" port: 42667 } }
I0913 23:13:52.000205 14980 sys_catalog.cc:340] T 00000000000000000000000000000000 P 46574f27d20e427381df2ea44498c90b [sys.catalog]: SysCatalogTable state changed. Reason: Started TabletReplica. Latest consensus state: current_term: 4 committed_config { opid_index: -1 OBSOLETE_local: false peers { permanent_uuid: "46574f27d20e427381df2ea44498c90b" member_type: VOTER last_known_addr { host: "127.13.53.62" port: 40439 } } peers { permanent_uuid: "b03280a8df7e48f9939e076d6d0138ca" member_type: VOTER last_known_addr { host: "127.13.53.61" port: 35977 } } peers { permanent_uuid: "fab3d6e5bcad48acbb0fe6b928638607" member_type: VOTER last_known_addr { host: "127.13.53.60" port: 42667 } } }
I0913 23:13:52.000452 14983 sys_catalog.cc:340] T 00000000000000000000000000000000 P 46574f27d20e427381df2ea44498c90b [sys.catalog]: SysCatalogTable state changed. Reason: RaftConsensus started. Latest consensus state: current_term: 4 committed_config { opid_index: -1 OBSOLETE_local: false peers { permanent_uuid: "46574f27d20e427381df2ea44498c90b" member_type: VOTER last_known_addr { host: "127.13.53.62" port: 40439 } } peers { permanent_uuid: "b03280a8df7e48f9939e076d6d0138ca" member_type: VOTER last_known_addr { host: "127.13.53.61" port: 35977 } } peers { permanent_uuid: "fab3d6e5bcad48acbb0fe6b928638607" member_type: VOTER last_known_addr { host: "127.13.53.60" port: 42667 } } }
I0913 23:13:52.000969 14980 sys_catalog.cc:343] T 00000000000000000000000000000000 P 46574f27d20e427381df2ea44498c90b [sys.catalog]: This master's current role is: FOLLOWER
I0913 23:13:52.001202 14983 sys_catalog.cc:343] T 00000000000000000000000000000000 P 46574f27d20e427381df2ea44498c90b [sys.catalog]: This master's current role is: FOLLOWER
I0913 23:13:52.002218 14980 sys_catalog.cc:428] T 00000000000000000000000000000000 P 46574f27d20e427381df2ea44498c90b [sys.catalog]: configured and running, proceeding with master startup.
I0913 23:13:52.002542 14957 raft_consensus.cc:2890] T 00000000000000000000000000000000 P 46574f27d20e427381df2ea44498c90b [term 4 FOLLOWER]: Advancing to term 5
I0913 23:13:52.017705 14983 sys_catalog.cc:340] T 00000000000000000000000000000000 P 46574f27d20e427381df2ea44498c90b [sys.catalog]: SysCatalogTable state changed. Reason: New leader fab3d6e5bcad48acbb0fe6b928638607. Latest consensus state: current_term: 5 leader_uuid: "fab3d6e5bcad48acbb0fe6b928638607" committed_config { opid_index: -1 OBSOLETE_local: false peers { permanent_uuid: "46574f27d20e427381df2ea44498c90b" member_type: VOTER last_known_addr { host: "127.13.53.62" port: 40439 } } peers { permanent_uuid: "b03280a8df7e48f9939e076d6d0138ca" member_type: VOTER last_known_addr { host: "127.13.53.61" port: 35977 } } peers { permanent_uuid: "fab3d6e5bcad48acbb0fe6b928638607" member_type: VOTER last_known_addr { host: "127.13.53.60" port: 42667 } } }
I0913 23:13:52.018754 14983 sys_catalog.cc:343] T 00000000000000000000000000000000 P 46574f27d20e427381df2ea44498c90b [sys.catalog]: This master's current role is: FOLLOWER
I0913 23:13:52.019188 14983 sys_catalog.cc:340] T 00000000000000000000000000000000 P 46574f27d20e427381df2ea44498c90b [sys.catalog]: SysCatalogTable state changed. Reason: Replicated consensus-only round. Latest consensus state: current_term: 5 leader_uuid: "fab3d6e5bcad48acbb0fe6b928638607" committed_config { opid_index: -1 OBSOLETE_local: false peers { permanent_uuid: "46574f27d20e427381df2ea44498c90b" member_type: VOTER last_known_addr { host: "127.13.53.62" port: 40439 } } peers { permanent_uuid: "b03280a8df7e48f9939e076d6d0138ca" member_type: VOTER last_known_addr { host: "127.13.53.61" port: 35977 } } peers { permanent_uuid: "fab3d6e5bcad48acbb0fe6b928638607" member_type: VOTER last_known_addr { host: "127.13.53.60" port: 42667 } } }
I0913 23:13:52.019830 14983 sys_catalog.cc:343] T 00000000000000000000000000000000 P 46574f27d20e427381df2ea44498c90b [sys.catalog]: This master's current role is: FOLLOWER
I0913 23:13:52.031664 13524 master.cc:247] Master@127.13.53.60:42667 shutting down...
I0913 23:13:52.032580 14984 catalog_manager.cc:1127] T 00000000000000000000000000000000 P 46574f27d20e427381df2ea44498c90b: acquiring CA information for follower catalog manager: success
I0913 23:13:52.035085 14947 master_service.cc:230] Got heartbeat from unknown tserver (permanent_uuid: "a66db810508f4e35bac62f5c6c9f6e9c" instance_seqno: 1568416427733869) as {username='slave'} at 127.0.0.1:42246; Asking this server to re-register.
I0913 23:13:52.036774 14984 catalog_manager.cc:1155] T 00000000000000000000000000000000 P 46574f27d20e427381df2ea44498c90b: importing token verification keys for follower catalog manager: success; most recent TSK sequence number 0
I0913 23:13:52.036960 14564 heartbeater.cc:322] Connected to a master server at 127.13.53.62:40439
I0913 23:13:52.037705 14707 heartbeater.cc:406] Registering TS with master...
I0913 23:13:52.040758 14947 master_service.cc:230] Got heartbeat from unknown tserver (permanent_uuid: "93a20b201a904b628926e173bbf23463" instance_seqno: 1568416427412171) as {username='slave'} at 127.0.0.1:42250; Asking this server to re-register.
I0913 23:13:52.042021 14946 ts_manager.cc:161] Registered new tserver with Master: a66db810508f4e35bac62f5c6c9f6e9c (127.13.53.3:37091)
I0913 23:13:52.042156 14564 heartbeater.cc:406] Registering TS with master...
I0913 23:13:52.045094 14946 ts_manager.cc:161] Registered new tserver with Master: 93a20b201a904b628926e173bbf23463 (127.13.53.1:44785)
I0913 23:13:52.046738 14856 messenger.cc:381] Service unavailable: service kudu.master.MasterService not registered on Master
I0913 23:13:52.053105 14856 messenger.cc:381] Service unavailable: service kudu.master.MasterService not registered on Master
I0913 23:13:52.073472 14917 sys_catalog.cc:340] T 00000000000000000000000000000000 P fab3d6e5bcad48acbb0fe6b928638607 [sys.catalog]: SysCatalogTable state changed. Reason: Peer health change. Latest consensus state: current_term: 5 leader_uuid: "fab3d6e5bcad48acbb0fe6b928638607" committed_config { opid_index: -1 OBSOLETE_local: false peers { permanent_uuid: "46574f27d20e427381df2ea44498c90b" member_type: VOTER last_known_addr { host: "127.13.53.62" port: 40439 } } peers { permanent_uuid: "b03280a8df7e48f9939e076d6d0138ca" member_type: VOTER last_known_addr { host: "127.13.53.61" port: 35977 } } peers { permanent_uuid: "fab3d6e5bcad48acbb0fe6b928638607" member_type: VOTER last_known_addr { host: "127.13.53.60" port: 42667 } } }
I0913 23:13:52.074905 14917 sys_catalog.cc:343] T 00000000000000000000000000000000 P fab3d6e5bcad48acbb0fe6b928638607 [sys.catalog]: This master's current role is: LEADER
I0913 23:13:52.076268 14636 heartbeater.cc:322] Connected to a master server at 127.13.53.62:40439
I0913 23:13:52.078886 14946 master_service.cc:230] Got heartbeat from unknown tserver (permanent_uuid: "0cad5c4a245f4b3dbd66bb7259f45090" instance_seqno: 1568416427553058) as {username='slave'} at 127.0.0.1:42252; Asking this server to re-register.
I0913 23:13:52.081513 14636 heartbeater.cc:406] Registering TS with master...
I0913 23:13:52.086539 14946 ts_manager.cc:161] Registered new tserver with Master: 0cad5c4a245f4b3dbd66bb7259f45090 (127.13.53.2:41231)
I0913 23:13:52.091864 13524 raft_consensus.cc:2147] T 00000000000000000000000000000000 P fab3d6e5bcad48acbb0fe6b928638607 [term 5 LEADER]: Raft consensus shutting down.
I0913 23:13:52.092785 13524 raft_consensus.cc:2174] T 00000000000000000000000000000000 P fab3d6e5bcad48acbb0fe6b928638607 [term 5 FOLLOWER]: Raft consensus is shut down!
I0913 23:13:52.093494 13524 tablet_replica.cc:273] T 00000000000000000000000000000000 P fab3d6e5bcad48acbb0fe6b928638607: stopping tablet replica
I0913 23:13:52.107319 13524 master.cc:258] Master@127.13.53.60:42667 shutdown complete.
I0913 23:13:52.255976 14845 raft_consensus.cc:472] T 00000000000000000000000000000000 P b03280a8df7e48f9939e076d6d0138ca [term 5 FOLLOWER]: Starting pre-election (detected failure of leader fab3d6e5bcad48acbb0fe6b928638607)
I0913 23:13:52.256376 14845 raft_consensus.cc:494] T 00000000000000000000000000000000 P b03280a8df7e48f9939e076d6d0138ca [term 5 FOLLOWER]: Starting pre-election with config: opid_index: -1 OBSOLETE_local: false peers { permanent_uuid: "46574f27d20e427381df2ea44498c90b" member_type: VOTER last_known_addr { host: "127.13.53.62" port: 40439 } } peers { permanent_uuid: "b03280a8df7e48f9939e076d6d0138ca" member_type: VOTER last_known_addr { host: "127.13.53.61" port: 35977 } } peers { permanent_uuid: "fab3d6e5bcad48acbb0fe6b928638607" member_type: VOTER last_known_addr { host: "127.13.53.60" port: 42667 } }
I0913 23:13:52.257771 14845 leader_election.cc:296] T 00000000000000000000000000000000 P b03280a8df7e48f9939e076d6d0138ca [CANDIDATE]: Term 6 pre-election: Requested pre-vote from peers 46574f27d20e427381df2ea44498c90b (127.13.53.62:40439), fab3d6e5bcad48acbb0fe6b928638607 (127.13.53.60:42667)
W0913 23:13:52.267377 14368 leader_election.cc:341] T 00000000000000000000000000000000 P b03280a8df7e48f9939e076d6d0138ca [CANDIDATE]: Term 6 pre-election: RPC error from VoteRequest() call to peer fab3d6e5bcad48acbb0fe6b928638607 (127.13.53.60:42667): Network error: Client connection negotiation failed: client connection to 127.13.53.60:42667: connect: Connection refused (error 111)
I0913 23:13:52.276600 14957 tablet_service.cc:1295] Received RequestConsensusVote() RPC: tablet_id: "00000000000000000000000000000000" candidate_uuid: "b03280a8df7e48f9939e076d6d0138ca" candidate_term: 6 candidate_status { last_received { term: 5 index: 18 } } ignore_live_leader: false dest_uuid: "46574f27d20e427381df2ea44498c90b" is_pre_election: true
I0913 23:13:52.277485 14957 raft_consensus.cc:2350] T 00000000000000000000000000000000 P 46574f27d20e427381df2ea44498c90b [term 5 FOLLOWER]: Leader pre-election vote request: Granting yes vote for candidate b03280a8df7e48f9939e076d6d0138ca in term 5.
I0913 23:13:52.277899 14988 raft_consensus.cc:472] T 00000000000000000000000000000000 P 46574f27d20e427381df2ea44498c90b [term 5 FOLLOWER]: Starting pre-election (detected failure of leader fab3d6e5bcad48acbb0fe6b928638607)
I0913 23:13:52.278328 14988 raft_consensus.cc:494] T 00000000000000000000000000000000 P 46574f27d20e427381df2ea44498c90b [term 5 FOLLOWER]: Starting pre-election with config: opid_index: -1 OBSOLETE_local: false peers { permanent_uuid: "46574f27d20e427381df2ea44498c90b" member_type: VOTER last_known_addr { host: "127.13.53.62" port: 40439 } } peers { permanent_uuid: "b03280a8df7e48f9939e076d6d0138ca" member_type: VOTER last_known_addr { host: "127.13.53.61" port: 35977 } } peers { permanent_uuid: "fab3d6e5bcad48acbb0fe6b928638607" member_type: VOTER last_known_addr { host: "127.13.53.60" port: 42667 } }
I0913 23:13:52.278550 14366 leader_election.cc:310] T 00000000000000000000000000000000 P b03280a8df7e48f9939e076d6d0138ca [CANDIDATE]: Term 6 pre-election: Election decided. Result: candidate won. Election summary: received 3 responses out of 3 voters: 2 yes votes; 1 no votes. yes voters: 46574f27d20e427381df2ea44498c90b, b03280a8df7e48f9939e076d6d0138ca; no voters: fab3d6e5bcad48acbb0fe6b928638607
I0913 23:13:52.279409 14845 raft_consensus.cc:2644] T 00000000000000000000000000000000 P b03280a8df7e48f9939e076d6d0138ca [term 5 FOLLOWER]: Leader pre-election won for term 6
I0913 23:13:52.279702 14845 raft_consensus.cc:472] T 00000000000000000000000000000000 P b03280a8df7e48f9939e076d6d0138ca [term 5 FOLLOWER]: Starting leader election (detected failure of leader fab3d6e5bcad48acbb0fe6b928638607)
I0913 23:13:52.279700 14988 leader_election.cc:296] T 00000000000000000000000000000000 P 46574f27d20e427381df2ea44498c90b [CANDIDATE]: Term 6 pre-election: Requested pre-vote from peers b03280a8df7e48f9939e076d6d0138ca (127.13.53.61:35977), fab3d6e5bcad48acbb0fe6b928638607 (127.13.53.60:42667)
I0913 23:13:52.280117 14845 raft_consensus.cc:2890] T 00000000000000000000000000000000 P b03280a8df7e48f9939e076d6d0138ca [term 5 FOLLOWER]: Advancing to term 6
I0913 23:13:52.284143 14845 raft_consensus.cc:494] T 00000000000000000000000000000000 P b03280a8df7e48f9939e076d6d0138ca [term 6 FOLLOWER]: Starting leader election with config: opid_index: -1 OBSOLETE_local: false peers { permanent_uuid: "46574f27d20e427381df2ea44498c90b" member_type: VOTER last_known_addr { host: "127.13.53.62" port: 40439 } } peers { permanent_uuid: "b03280a8df7e48f9939e076d6d0138ca" member_type: VOTER last_known_addr { host: "127.13.53.61" port: 35977 } } peers { permanent_uuid: "fab3d6e5bcad48acbb0fe6b928638607" member_type: VOTER last_known_addr { host: "127.13.53.60" port: 42667 } }
I0913 23:13:52.285334 14845 leader_election.cc:296] T 00000000000000000000000000000000 P b03280a8df7e48f9939e076d6d0138ca [CANDIDATE]: Term 6 election: Requested vote from peers 46574f27d20e427381df2ea44498c90b (127.13.53.62:40439), fab3d6e5bcad48acbb0fe6b928638607 (127.13.53.60:42667)
W0913 23:13:52.290114 14368 leader_election.cc:341] T 00000000000000000000000000000000 P b03280a8df7e48f9939e076d6d0138ca [CANDIDATE]: Term 6 election: RPC error from VoteRequest() call to peer fab3d6e5bcad48acbb0fe6b928638607 (127.13.53.60:42667): Network error: Client connection negotiation failed: client connection to 127.13.53.60:42667: connect: Connection refused (error 111)
I0913 23:13:52.291702 14957 tablet_service.cc:1295] Received RequestConsensusVote() RPC: tablet_id: "00000000000000000000000000000000" candidate_uuid: "b03280a8df7e48f9939e076d6d0138ca" candidate_term: 6 candidate_status { last_received { term: 5 index: 18 } } ignore_live_leader: false dest_uuid: "46574f27d20e427381df2ea44498c90b"
I0913 23:13:52.292410 14957 raft_consensus.cc:2890] T 00000000000000000000000000000000 P 46574f27d20e427381df2ea44498c90b [term 5 FOLLOWER]: Advancing to term 6
I0913 23:13:52.303023 14957 raft_consensus.cc:2350] T 00000000000000000000000000000000 P 46574f27d20e427381df2ea44498c90b [term 6 FOLLOWER]: Leader election vote request: Granting yes vote for candidate b03280a8df7e48f9939e076d6d0138ca in term 6.
I0913 23:13:52.305554 14366 leader_election.cc:310] T 00000000000000000000000000000000 P b03280a8df7e48f9939e076d6d0138ca [CANDIDATE]: Term 6 election: Election decided. Result: candidate won. Election summary: received 3 responses out of 3 voters: 2 yes votes; 1 no votes. yes voters: 46574f27d20e427381df2ea44498c90b, b03280a8df7e48f9939e076d6d0138ca; no voters: fab3d6e5bcad48acbb0fe6b928638607
I0913 23:13:52.306236 14845 raft_consensus.cc:2644] T 00000000000000000000000000000000 P b03280a8df7e48f9939e076d6d0138ca [term 6 FOLLOWER]: Leader election won for term 6
W0913 23:13:52.306690 14930 leader_election.cc:341] T 00000000000000000000000000000000 P 46574f27d20e427381df2ea44498c90b [CANDIDATE]: Term 6 pre-election: RPC error from VoteRequest() call to peer fab3d6e5bcad48acbb0fe6b928638607 (127.13.53.60:42667): Network error: Client connection negotiation failed: client connection to 127.13.53.60:42667: connect: Connection refused (error 111)
I0913 23:13:52.309603 14394 tablet_service.cc:1295] Received RequestConsensusVote() RPC: tablet_id: "00000000000000000000000000000000" candidate_uuid: "46574f27d20e427381df2ea44498c90b" candidate_term: 6 candidate_status { last_received { term: 5 index: 18 } } ignore_live_leader: false dest_uuid: "b03280a8df7e48f9939e076d6d0138ca" is_pre_election: true
I0913 23:13:52.310483 14845 raft_consensus.cc:667] T 00000000000000000000000000000000 P b03280a8df7e48f9939e076d6d0138ca [term 6 LEADER]: Becoming Leader. State: Replica: b03280a8df7e48f9939e076d6d0138ca, State: Running, Role: LEADER
I0913 23:13:52.310958 14845 consensus_queue.cc:206] T 00000000000000000000000000000000 P b03280a8df7e48f9939e076d6d0138ca [LEADER]: Queue going to LEADER mode. State: All replicated index: 0, Majority replicated index: 18, Committed index: 18, Last appended: 5.18, Last appended by leader: 18, Current term: 6, Majority size: 2, State: 0, Mode: LEADER, active raft config: opid_index: -1 OBSOLETE_local: false peers { permanent_uuid: "46574f27d20e427381df2ea44498c90b" member_type: VOTER last_known_addr { host: "127.13.53.62" port: 40439 } } peers { permanent_uuid: "b03280a8df7e48f9939e076d6d0138ca" member_type: VOTER last_known_addr { host: "127.13.53.61" port: 35977 } } peers { permanent_uuid: "fab3d6e5bcad48acbb0fe6b928638607" member_type: VOTER last_known_addr { host: "127.13.53.60" port: 42667 } }
I0913 23:13:52.312659 14394 raft_consensus.cc:2311] T 00000000000000000000000000000000 P b03280a8df7e48f9939e076d6d0138ca [term 6 LEADER]: Leader pre-election vote request: Denying vote to candidate 46574f27d20e427381df2ea44498c90b for term 6 because replica is either leader or believes a valid leader to be alive.
I0913 23:13:52.314563 14929 leader_election.cc:310] T 00000000000000000000000000000000 P 46574f27d20e427381df2ea44498c90b [CANDIDATE]: Term 6 pre-election: Election decided. Result: candidate lost. Election summary: received 3 responses out of 3 voters: 1 yes votes; 2 no votes. yes voters: 46574f27d20e427381df2ea44498c90b; no voters: b03280a8df7e48f9939e076d6d0138ca, fab3d6e5bcad48acbb0fe6b928638607
I0913 23:13:52.315357 14988 raft_consensus.cc:2592] T 00000000000000000000000000000000 P 46574f27d20e427381df2ea44498c90b [term 6 FOLLOWER]: Leader pre-election lost for term 6. Reason: could not achieve majority
I0913 23:13:52.313678 14995 sys_catalog.cc:340] T 00000000000000000000000000000000 P b03280a8df7e48f9939e076d6d0138ca [sys.catalog]: SysCatalogTable state changed. Reason: New leader b03280a8df7e48f9939e076d6d0138ca. Latest consensus state: current_term: 6 leader_uuid: "b03280a8df7e48f9939e076d6d0138ca" committed_config { opid_index: -1 OBSOLETE_local: false peers { permanent_uuid: "46574f27d20e427381df2ea44498c90b" member_type: VOTER last_known_addr { host: "127.13.53.62" port: 40439 } } peers { permanent_uuid: "b03280a8df7e48f9939e076d6d0138ca" member_type: VOTER last_known_addr { host: "127.13.53.61" port: 35977 } } peers { permanent_uuid: "fab3d6e5bcad48acbb0fe6b928638607" member_type: VOTER last_known_addr { host: "127.13.53.60" port: 42667 } } }
I0913 23:13:52.322556 14995 sys_catalog.cc:343] T 00000000000000000000000000000000 P b03280a8df7e48f9939e076d6d0138ca [sys.catalog]: This master's current role is: LEADER
I0913 23:13:52.330727 14996 catalog_manager.cc:1071] Loading table and tablet metadata into memory...
I0913 23:13:52.334307 14996 catalog_manager.cc:372] Loaded metadata for table NewTableName [id=334306099b944525a47cb78bb2cafd10]
I0913 23:13:52.336761 14996 catalog_manager.cc:426] Loaded metadata for tablet 82f65eba7703468ca650e7ca50d39549 (table NewTableName [id=334306099b944525a47cb78bb2cafd10])
I0913 23:13:52.337440 14996 catalog_manager.cc:426] Loaded metadata for tablet 8ad9594f28c64b8ba3dacd888b84312b (table NewTableName [id=334306099b944525a47cb78bb2cafd10])
I0913 23:13:52.338155 14996 catalog_manager.cc:426] Loaded metadata for tablet bf89c16ce260470a863711ddbbdb3d68 (table NewTableName [id=334306099b944525a47cb78bb2cafd10])
I0913 23:13:52.338917 14996 catalog_manager.cc:1082] Initializing Kudu internal certificate authority...
I0913 23:13:52.339329 13524 system_ntp.cc:193] NTP initialized. Skew: 500ppm Current error: 21200us
I0913 23:13:52.339676 13524 fs_manager.cc:263] Metadata directory not provided
I0913 23:13:52.339829 13524 fs_manager.cc:266] Using existing metadata directory in first data directory
I0913 23:13:52.341917 14996 catalog_manager.cc:1091] Loading token signing keys...
I0913 23:13:52.344667 14996 catalog_manager.cc:4405] T 00000000000000000000000000000000 P b03280a8df7e48f9939e076d6d0138ca: Loaded TSK: 0
I0913 23:13:52.347242 13524 fs_manager.cc:399] Time spent opening directory manager: real 0.007s user 0.002s sys 0.001s
I0913 23:13:52.348799 13524 file_cache.cc:465] Constructed file cache lbm with capacity 419430
I0913 23:13:52.363423 13524 fs_manager.cc:419] Time spent opening block manager: real 0.003s user 0.000s sys 0.004s
I0913 23:13:52.363696 13524 fs_manager.cc:436] Opened local filesystem: /tmp/dist-test-taskMj6sdl/test-tmp/ts_tablet_manager-itest.0.TsTabletManagerITest.TestTableStats.1568416417781642-13524/minicluster-data/master-2-root uuid: "fab3d6e5bcad48acbb0fe6b928638607" format_stamp: "Formatted at 2019-09-13 23:13:47 on dist-test-slave-dist-test-slave-kz3c"
I0913 23:13:52.364006 13524 fs_report.cc:352] FS layout report -------------------- wal directory: /tmp/dist-test-taskMj6sdl/test-tmp/ts_tablet_manager-itest.0.TsTabletManagerITest.TestTableStats.1568416417781642-13524/minicluster-data/master-2-root metadata directory: /tmp/dist-test-taskMj6sdl/test-tmp/ts_tablet_manager-itest.0.TsTabletManagerITest.TestTableStats.1568416417781642-13524/minicluster-data/master-2-root 1 data directories: /tmp/dist-test-taskMj6sdl/test-tmp/ts_tablet_manager-itest.0.TsTabletManagerITest.TestTableStats.1568416417781642-13524/minicluster-data/master-2-root/data Total live blocks: 0 Total live bytes: 0 Total live bytes (after alignment): 0 Total number of LBM containers: 0 (0 full) Did not check for missing blocks Did not check for orphaned blocks Total full LBM containers with extra space: 0 (0 repaired) Total full LBM container extra space in bytes: 0 (0 repaired) Total incomplete LBM containers: 0 (0 repaired) Total LBM partial records: 0 (0 repaired)
W0913 23:13:52.418380 14368 consensus_peers.cc:458] T 00000000000000000000000000000000 P b03280a8df7e48f9939e076d6d0138ca -> Peer fab3d6e5bcad48acbb0fe6b928638607 (127.13.53.60:42667): Couldn't send request to peer fab3d6e5bcad48acbb0fe6b928638607. Status: Network error: Client connection negotiation failed: client connection to 127.13.53.60:42667: connect: Connection refused (error 111). This is attempt 1: this message will repeat every 5th retry.
I0913 23:13:52.429669 14957 raft_consensus.cc:1184] T 00000000000000000000000000000000 P 46574f27d20e427381df2ea44498c90b [term 6 FOLLOWER]: Refusing update from remote peer b03280a8df7e48f9939e076d6d0138ca: Log matching property violated. Preceding OpId in replica: term: 5 index: 18. Preceding OpId from leader: term: 6 index: 19. (index mismatch)
I0913 23:13:52.431788 14995 consensus_queue.cc:984] T 00000000000000000000000000000000 P b03280a8df7e48f9939e076d6d0138ca [LEADER]: Connected to new peer: Peer: permanent_uuid: "46574f27d20e427381df2ea44498c90b" member_type: VOTER last_known_addr { host: "127.13.53.62" port: 40439 }, Status: LMP_MISMATCH, Last received: 0.0, Next index: 19, Last known committed idx: 18, Time since last communication: 0.000s
I0913 23:13:52.436311 14988 sys_catalog.cc:340] T 00000000000000000000000000000000 P 46574f27d20e427381df2ea44498c90b [sys.catalog]: SysCatalogTable state changed. Reason: New leader b03280a8df7e48f9939e076d6d0138ca. Latest consensus state: current_term: 6 leader_uuid: "b03280a8df7e48f9939e076d6d0138ca" committed_config { opid_index: -1 OBSOLETE_local: false peers { permanent_uuid: "46574f27d20e427381df2ea44498c90b" member_type: VOTER last_known_addr { host: "127.13.53.62" port: 40439 } } peers { permanent_uuid: "b03280a8df7e48f9939e076d6d0138ca" member_type: VOTER last_known_addr { host: "127.13.53.61" port: 35977 } } peers { permanent_uuid: "fab3d6e5bcad48acbb0fe6b928638607" member_type: VOTER last_known_addr { host: "127.13.53.60" port: 42667 } } }
I0913 23:13:52.437134 14988 sys_catalog.cc:343] T 00000000000000000000000000000000 P 46574f27d20e427381df2ea44498c90b [sys.catalog]: This master's current role is: FOLLOWER
I0913 23:13:52.447958 14988 sys_catalog.cc:340] T 00000000000000000000000000000000 P 46574f27d20e427381df2ea44498c90b [sys.catalog]: SysCatalogTable state changed. Reason: Replicated consensus-only round. Latest consensus state: current_term: 6 leader_uuid: "b03280a8df7e48f9939e076d6d0138ca" committed_config { opid_index: -1 OBSOLETE_local: false peers { permanent_uuid: "46574f27d20e427381df2ea44498c90b" member_type: VOTER last_known_addr { host: "127.13.53.62" port: 40439 } } peers { permanent_uuid: "b03280a8df7e48f9939e076d6d0138ca" member_type: VOTER last_known_addr { host: "127.13.53.61" port: 35977 } } peers { permanent_uuid: "fab3d6e5bcad48acbb0fe6b928638607" member_type: VOTER last_known_addr { host: "127.13.53.60" port: 42667 } } }
