I0913 23:13:47.310600 14451 raft_consensus.cc:1184] T 00000000000000000000000000000000 P fab3d6e5bcad48acbb0fe6b928638607 [term 1 FOLLOWER]: Refusing update from remote peer b03280a8df7e48f9939e076d6d0138ca: Log matching property violated. Preceding OpId in replica: term: 0 index: 0. Preceding OpId from leader: term: 1 index: 2. (index mismatch)
I0913 23:13:47.311772 14478 consensus_queue.cc:984] T 00000000000000000000000000000000 P b03280a8df7e48f9939e076d6d0138ca [LEADER]: Connected to new peer: Peer: permanent_uuid: "46574f27d20e427381df2ea44498c90b" member_type: VOTER last_known_addr { host: "127.13.53.62" port: 40439 }, Status: LMP_MISMATCH, Last received: 0.0, Next index: 1, Last known committed idx: 0, Time since last communication: 0.000s
I0913 23:13:47.312273 14483 consensus_queue.cc:984] T 00000000000000000000000000000000 P b03280a8df7e48f9939e076d6d0138ca [LEADER]: Connected to new peer: Peer: permanent_uuid: "fab3d6e5bcad48acbb0fe6b928638607" member_type: VOTER last_known_addr { host: "127.13.53.60" port: 42667 }, Status: LMP_MISMATCH, Last received: 0.0, Next index: 1, Last known committed idx: 0, Time since last communication: 0.000s
I0913 23:13:47.318706 13524 fs_manager.cc:419] Time spent opening block manager: real 0.001s user 0.001s sys 0.000s
I0913 23:13:47.319047 13524 fs_manager.cc:436] Opened local filesystem: /tmp/dist-test-taskMj6sdl/test-tmp/ts_tablet_manager-itest.0.TsTabletManagerITest.TestTableStats.1568416417781642-13524/minicluster-data/ts-0-root uuid: "93a20b201a904b628926e173bbf23463" format_stamp: "Formatted at 2019-09-13 23:13:47 on dist-test-slave-dist-test-slave-kz3c"
I0913 23:13:47.319418 13524 fs_report.cc:352] FS layout report -------------------- wal directory: /tmp/dist-test-taskMj6sdl/test-tmp/ts_tablet_manager-itest.0.TsTabletManagerITest.TestTableStats.1568416417781642-13524/minicluster-data/ts-0-root metadata directory: /tmp/dist-test-taskMj6sdl/test-tmp/ts_tablet_manager-itest.0.TsTabletManagerITest.TestTableStats.1568416417781642-13524/minicluster-data/ts-0-root 1 data directories: /tmp/dist-test-taskMj6sdl/test-tmp/ts_tablet_manager-itest.0.TsTabletManagerITest.TestTableStats.1568416417781642-13524/minicluster-data/ts-0-root/data Total live blocks: 0 Total live bytes: 0 Total live bytes (after alignment): 0 Total number of LBM containers: 0 (0 full) Did not check for missing blocks Did not check for orphaned blocks Total full LBM containers with extra space: 0 (0 repaired) Total full LBM container extra space in bytes: 0 (0 repaired) Total incomplete LBM containers: 0 (0 repaired) Total LBM partial records: 0 (0 repaired)
I0913 23:13:47.322185 14481 sys_catalog.cc:340] T 00000000000000000000000000000000 P fab3d6e5bcad48acbb0fe6b928638607 [sys.catalog]: SysCatalogTable state changed. Reason: New leader b03280a8df7e48f9939e076d6d0138ca. Latest consensus state: current_term: 1 leader_uuid: "b03280a8df7e48f9939e076d6d0138ca" committed_config { opid_index: -1 OBSOLETE_local: false peers { permanent_uuid: "46574f27d20e427381df2ea44498c90b" member_type: VOTER last_known_addr { host: "127.13.53.62" port: 40439 } } peers { permanent_uuid: "b03280a8df7e48f9939e076d6d0138ca" member_type: VOTER last_known_addr { host: "127.13.53.61" port: 35977 } } peers { permanent_uuid: "fab3d6e5bcad48acbb0fe6b928638607" member_type: VOTER last_known_addr { host: "127.13.53.60" port: 42667 } } }
I0913 23:13:47.323066 14481 sys_catalog.cc:343] T 00000000000000000000000000000000 P fab3d6e5bcad48acbb0fe6b928638607 [sys.catalog]: This master's current role is: FOLLOWER
I0913 23:13:47.324681 14487 sys_catalog.cc:340] T 00000000000000000000000000000000 P 46574f27d20e427381df2ea44498c90b [sys.catalog]: SysCatalogTable state changed. Reason: New leader b03280a8df7e48f9939e076d6d0138ca. Latest consensus state: current_term: 1 leader_uuid: "b03280a8df7e48f9939e076d6d0138ca" committed_config { opid_index: -1 OBSOLETE_local: false peers { permanent_uuid: "46574f27d20e427381df2ea44498c90b" member_type: VOTER last_known_addr { host: "127.13.53.62" port: 40439 } } peers { permanent_uuid: "b03280a8df7e48f9939e076d6d0138ca" member_type: VOTER last_known_addr { host: "127.13.53.61" port: 35977 } } peers { permanent_uuid: "fab3d6e5bcad48acbb0fe6b928638607" member_type: VOTER last_known_addr { host: "127.13.53.60" port: 42667 } } }
I0913 23:13:47.325407 14487 sys_catalog.cc:343] T 00000000000000000000000000000000 P 46574f27d20e427381df2ea44498c90b [sys.catalog]: This master's current role is: FOLLOWER
I0913 23:13:47.326846 14490 mvcc.cc:203] Tried to move safe_time back from 6424233686253481984 to 6424233685975818240. Current Snapshot: MvccSnapshot[committed={T|T < 6424233686253481984}]
I0913 23:13:47.336338 14483 sys_catalog.cc:340] T 00000000000000000000000000000000 P b03280a8df7e48f9939e076d6d0138ca [sys.catalog]: SysCatalogTable state changed. Reason: Peer health change. Latest consensus state: current_term: 1 leader_uuid: "b03280a8df7e48f9939e076d6d0138ca" committed_config { opid_index: -1 OBSOLETE_local: false peers { permanent_uuid: "46574f27d20e427381df2ea44498c90b" member_type: VOTER last_known_addr { host: "127.13.53.62" port: 40439 } } peers { permanent_uuid: "b03280a8df7e48f9939e076d6d0138ca" member_type: VOTER last_known_addr { host: "127.13.53.61" port: 35977 } } peers { permanent_uuid: "fab3d6e5bcad48acbb0fe6b928638607" member_type: VOTER last_known_addr { host: "127.13.53.60" port: 42667 } } }
I0913 23:13:47.337090 14483 sys_catalog.cc:343] T 00000000000000000000000000000000 P b03280a8df7e48f9939e076d6d0138ca [sys.catalog]: This master's current role is: LEADER
I0913 23:13:47.339521 14483 sys_catalog.cc:340] T 00000000000000000000000000000000 P b03280a8df7e48f9939e076d6d0138ca [sys.catalog]: SysCatalogTable state changed. Reason: Peer health change. Latest consensus state: current_term: 1 leader_uuid: "b03280a8df7e48f9939e076d6d0138ca" committed_config { opid_index: -1 OBSOLETE_local: false peers { permanent_uuid: "46574f27d20e427381df2ea44498c90b" member_type: VOTER last_known_addr { host: "127.13.53.62" port: 40439 } } peers { permanent_uuid: "b03280a8df7e48f9939e076d6d0138ca" member_type: VOTER last_known_addr { host: "127.13.53.61" port: 35977 } } peers { permanent_uuid: "fab3d6e5bcad48acbb0fe6b928638607" member_type: VOTER last_known_addr { host: "127.13.53.60" port: 42667 } } }
I0913 23:13:47.340376 14483 sys_catalog.cc:343] T 00000000000000000000000000000000 P b03280a8df7e48f9939e076d6d0138ca [sys.catalog]: This master's current role is: LEADER
I0913 23:13:47.340694 14485 catalog_manager.cc:966] Generated new certificate authority record
I0913 23:13:47.341711 14487 sys_catalog.cc:340] T 00000000000000000000000000000000 P 46574f27d20e427381df2ea44498c90b [sys.catalog]: SysCatalogTable state changed. Reason: Replicated consensus-only round. Latest consensus state: current_term: 1 leader_uuid: "b03280a8df7e48f9939e076d6d0138ca" committed_config { opid_index: -1 OBSOLETE_local: false peers { permanent_uuid: "46574f27d20e427381df2ea44498c90b" member_type: VOTER last_known_addr { host: "127.13.53.62" port: 40439 } } peers { permanent_uuid: "b03280a8df7e48f9939e076d6d0138ca" member_type: VOTER last_known_addr { host: "127.13.53.61" port: 35977 } } peers { permanent_uuid: "fab3d6e5bcad48acbb0fe6b928638607" member_type: VOTER last_known_addr { host: "127.13.53.60" port: 42667 } } }
I0913 23:13:47.342468 14487 sys_catalog.cc:343] T 00000000000000000000000000000000 P 46574f27d20e427381df2ea44498c90b [sys.catalog]: This master's current role is: FOLLOWER
I0913 23:13:47.342990 14485 catalog_manager.cc:1091] Loading token signing keys...
I0913 23:13:47.346387 14481 sys_catalog.cc:340] T 00000000000000000000000000000000 P fab3d6e5bcad48acbb0fe6b928638607 [sys.catalog]: SysCatalogTable state changed. Reason: Replicated consensus-only round. Latest consensus state: current_term: 1 leader_uuid: "b03280a8df7e48f9939e076d6d0138ca" committed_config { opid_index: -1 OBSOLETE_local: false peers { permanent_uuid: "46574f27d20e427381df2ea44498c90b" member_type: VOTER last_known_addr { host: "127.13.53.62" port: 40439 } } peers { permanent_uuid: "b03280a8df7e48f9939e076d6d0138ca" member_type: VOTER last_known_addr { host: "127.13.53.61" port: 35977 } } peers { permanent_uuid: "fab3d6e5bcad48acbb0fe6b928638607" member_type: VOTER last_known_addr { host: "127.13.53.60" port: 42667 } } }
I0913 23:13:47.347082 14481 sys_catalog.cc:343] T 00000000000000000000000000000000 P fab3d6e5bcad48acbb0fe6b928638607 [sys.catalog]: This master's current role is: FOLLOWER
I0913 23:13:47.370553 14485 catalog_manager.cc:4394] T 00000000000000000000000000000000 P b03280a8df7e48f9939e076d6d0138ca: Generated new TSK 0
I0913 23:13:47.383915 13524 ts_tablet_manager.cc:383] Loaded tablet metadata (0 total tablets, 0 live tablets)
I0913 23:13:47.384094 13524 ts_tablet_manager.cc:403] Registered 0 tablets
I0913 23:13:47.418488 13524 rpc_server.cc:205] RPC server started. Bound to: 127.13.53.1:44785
I0913 23:13:47.420264 13524 webserver.cc:374] Webserver started at http://127.13.53.1:40543/ using document root and password file
I0913 23:13:47.444479 14563 heartbeater.cc:322] Connected to a master server at 127.13.53.61:35977
I0913 23:13:47.444803 14563 heartbeater.cc:406] Registering TS with master...
I0913 23:13:47.445257 13524 system_ntp.cc:193] NTP initialized. Skew: 500ppm Current error: 18700us
I0913 23:13:47.445752 13524 fs_manager.cc:263] Metadata directory not provided
I0913 23:13:47.445806 14563 heartbeater.cc:455] Master 127.13.53.61:35977 requested a full tablet report, sending...
I0913 23:13:47.445966 13524 fs_manager.cc:269] Using write-ahead log directory (fs_wal_dir) as metadata directory
I0913 23:13:47.446389 13524 server_base.cc:448] Could not load existing FS layout: Not found: could not find a healthy instance file
I0913 23:13:47.446553 13524 server_base.cc:449] Attempting to create new FS layout instead
I0913 23:13:47.447685 13524 fs_manager.cc:602] Generated new instance metadata in path /tmp/dist-test-taskMj6sdl/test-tmp/ts_tablet_manager-itest.0.TsTabletManagerITest.TestTableStats.1568416417781642-13524/minicluster-data/ts-1-root/instance: uuid: "0cad5c4a245f4b3dbd66bb7259f45090" format_stamp: "Formatted at 2019-09-13 23:13:47 on dist-test-slave-dist-test-slave-kz3c"
I0913 23:13:47.447933 14562 heartbeater.cc:322] Connected to a master server at 127.13.53.60:42667
I0913 23:13:47.448221 14564 heartbeater.cc:322] Connected to a master server at 127.13.53.62:40439
I0913 23:13:47.448308 14562 heartbeater.cc:406] Registering TS with master...
I0913 23:13:47.448550 14564 heartbeater.cc:406] Registering TS with master...
I0913 23:13:47.448845 14562 heartbeater.cc:455] Master 127.13.53.60:42667 requested a full tablet report, sending...
I0913 23:13:47.447875 14384 ts_manager.cc:161] Registered new tserver with Master: 93a20b201a904b628926e173bbf23463 (127.13.53.1:44785)
I0913 23:13:47.451699 14384 master_service.cc:277] Signed X509 certificate for tserver {username='slave'} at 127.0.0.1:38016
I0913 23:13:47.448930 14564 heartbeater.cc:455] Master 127.13.53.62:40439 requested a full tablet report, sending...
I0913 23:13:47.454607 14441 ts_manager.cc:161] Registered new tserver with Master: 93a20b201a904b628926e173bbf23463 (127.13.53.1:44785)
I0913 23:13:47.455240 14327 ts_manager.cc:161] Registered new tserver with Master: 93a20b201a904b628926e173bbf23463 (127.13.53.1:44785)
I0913 23:13:47.459650 13524 fs_manager.cc:503] Time spent creating directory manager: real 0.011s user 0.008s sys 0.004s
I0913 23:13:47.461022 13524 file_cache.cc:465] Constructed file cache lbm with capacity 419430
I0913 23:13:47.468533 13524 fs_manager.cc:419] Time spent opening block manager: real 0.001s user 0.001s sys 0.000s
I0913 23:13:47.468688 13524 fs_manager.cc:436] Opened local filesystem: /tmp/dist-test-taskMj6sdl/test-tmp/ts_tablet_manager-itest.0.TsTabletManagerITest.TestTableStats.1568416417781642-13524/minicluster-data/ts-1-root uuid: "0cad5c4a245f4b3dbd66bb7259f45090" format_stamp: "Formatted at 2019-09-13 23:13:47 on dist-test-slave-dist-test-slave-kz3c"
I0913 23:13:47.468883 13524 fs_report.cc:352] FS layout report -------------------- wal directory: /tmp/dist-test-taskMj6sdl/test-tmp/ts_tablet_manager-itest.0.TsTabletManagerITest.TestTableStats.1568416417781642-13524/minicluster-data/ts-1-root metadata directory: /tmp/dist-test-taskMj6sdl/test-tmp/ts_tablet_manager-itest.0.TsTabletManagerITest.TestTableStats.1568416417781642-13524/minicluster-data/ts-1-root 1 data directories: /tmp/dist-test-taskMj6sdl/test-tmp/ts_tablet_manager-itest.0.TsTabletManagerITest.TestTableStats.1568416417781642-13524/minicluster-data/ts-1-root/data Total live blocks: 0 Total live bytes: 0 Total live bytes (after alignment): 0 Total number of LBM containers: 0 (0 full) Did not check for missing blocks Did not check for orphaned blocks Total full LBM containers with extra space: 0 (0 repaired) Total full LBM container extra space in bytes: 0 (0 repaired) Total incomplete LBM containers: 0 (0 repaired) Total LBM partial records: 0 (0 repaired)
I0913 23:13:47.507637 13524 ts_tablet_manager.cc:383] Loaded tablet metadata (0 total tablets, 0 live tablets)
I0913 23:13:47.507802 13524 ts_tablet_manager.cc:403] Registered 0 tablets
I0913 23:13:47.555269 14563 heartbeater.cc:447] Master 127.13.53.61:35977 was elected leader, sending a full tablet report...
I0913 23:13:47.573073 13524 rpc_server.cc:205] RPC server started. Bound to: 127.13.53.2:41231
I0913 23:13:47.575314 13524 webserver.cc:374] Webserver started at http://127.13.53.2:33761/ using document root and password file
I0913 23:13:47.597033 14633 heartbeater.cc:322] Connected to a master server at 127.13.53.60:42667
I0913 23:13:47.597393 14633 heartbeater.cc:406] Registering TS with master...
I0913 23:13:47.598165 14634 heartbeater.cc:322] Connected to a master server at 127.13.53.61:35977
I0913 23:13:47.598495 14634 heartbeater.cc:406] Registering TS with master...
I0913 23:13:47.598985 14634 heartbeater.cc:455] Master 127.13.53.61:35977 requested a full tablet report, sending...
I0913 23:13:47.600316 14636 heartbeater.cc:322] Connected to a master server at 127.13.53.62:40439
I0913 23:13:47.600600 14636 heartbeater.cc:406] Registering TS with master...
I0913 23:13:47.600661 14384 ts_manager.cc:161] Registered new tserver with Master: 0cad5c4a245f4b3dbd66bb7259f45090 (127.13.53.2:41231)
I0913 23:13:47.601095 14636 heartbeater.cc:455] Master 127.13.53.62:40439 requested a full tablet report, sending...
I0913 23:13:47.602490 14384 master_service.cc:277] Signed X509 certificate for tserver {username='slave'} at 127.0.0.1:38022
I0913 23:13:47.603158 14327 ts_manager.cc:161] Registered new tserver with Master: 0cad5c4a245f4b3dbd66bb7259f45090 (127.13.53.2:41231)
I0913 23:13:47.598031 14633 heartbeater.cc:455] Master 127.13.53.60:42667 requested a full tablet report, sending...
I0913 23:13:47.605805 14441 ts_manager.cc:161] Registered new tserver with Master: 0cad5c4a245f4b3dbd66bb7259f45090 (127.13.53.2:41231)
I0913 23:13:47.608311 13524 system_ntp.cc:193] NTP initialized. Skew: 500ppm Current error: 18700us
I0913 23:13:47.608613 13524 fs_manager.cc:263] Metadata directory not provided
I0913 23:13:47.608733 13524 fs_manager.cc:269] Using write-ahead log directory (fs_wal_dir) as metadata directory
I0913 23:13:47.608883 13524 server_base.cc:448] Could not load existing FS layout: Not found: could not find a healthy instance file
I0913 23:13:47.608989 13524 server_base.cc:449] Attempting to create new FS layout instead
I0913 23:13:47.609774 13524 fs_manager.cc:602] Generated new instance metadata in path /tmp/dist-test-taskMj6sdl/test-tmp/ts_tablet_manager-itest.0.TsTabletManagerITest.TestTableStats.1568416417781642-13524/minicluster-data/ts-2-root/instance: uuid: "a66db810508f4e35bac62f5c6c9f6e9c" format_stamp: "Formatted at 2019-09-13 23:13:47 on dist-test-slave-dist-test-slave-kz3c"
I0913 23:13:47.619854 13524 fs_manager.cc:503] Time spent creating directory manager: real 0.010s user 0.005s sys 0.005s
I0913 23:13:47.621273 13524 file_cache.cc:465] Constructed file cache lbm with capacity 419430
I0913 23:13:47.629591 13524 fs_manager.cc:419] Time spent opening block manager: real 0.002s user 0.001s sys 0.000s
I0913 23:13:47.629778 13524 fs_manager.cc:436] Opened local filesystem: /tmp/dist-test-taskMj6sdl/test-tmp/ts_tablet_manager-itest.0.TsTabletManagerITest.TestTableStats.1568416417781642-13524/minicluster-data/ts-2-root uuid: "a66db810508f4e35bac62f5c6c9f6e9c" format_stamp: "Formatted at 2019-09-13 23:13:47 on dist-test-slave-dist-test-slave-kz3c"
I0913 23:13:47.630053 13524 fs_report.cc:352] FS layout report -------------------- wal directory: /tmp/dist-test-taskMj6sdl/test-tmp/ts_tablet_manager-itest.0.TsTabletManagerITest.TestTableStats.1568416417781642-13524/minicluster-data/ts-2-root metadata directory: /tmp/dist-test-taskMj6sdl/test-tmp/ts_tablet_manager-itest.0.TsTabletManagerITest.TestTableStats.1568416417781642-13524/minicluster-data/ts-2-root 1 data directories: /tmp/dist-test-taskMj6sdl/test-tmp/ts_tablet_manager-itest.0.TsTabletManagerITest.TestTableStats.1568416417781642-13524/minicluster-data/ts-2-root/data Total live blocks: 0 Total live bytes: 0 Total live bytes (after alignment): 0 Total number of LBM containers: 0 (0 full) Did not check for missing blocks Did not check for orphaned blocks Total full LBM containers with extra space: 0 (0 repaired) Total full LBM container extra space in bytes: 0 (0 repaired) Total incomplete LBM containers: 0 (0 repaired) Total LBM partial records: 0 (0 repaired)
I0913 23:13:47.678769 13524 ts_tablet_manager.cc:383] Loaded tablet metadata (0 total tablets, 0 live tablets)
I0913 23:13:47.678982 13524 ts_tablet_manager.cc:403] Registered 0 tablets
I0913 23:13:47.705180 14634 heartbeater.cc:447] Master 127.13.53.61:35977 was elected leader, sending a full tablet report...
I0913 23:13:47.746963 13524 rpc_server.cc:205] RPC server started. Bound to: 127.13.53.3:37091
I0913 23:13:47.749338 13524 webserver.cc:374] Webserver started at http://127.13.53.3:44775/ using document root and password file
I0913 23:13:47.779196 14704 heartbeater.cc:322] Connected to a master server at 127.13.53.60:42667
I0913 23:13:47.779198 14705 heartbeater.cc:322] Connected to a master server at 127.13.53.61:35977
I0913 23:13:47.779506 14704 heartbeater.cc:406] Registering TS with master...
I0913 23:13:47.779793 14705 heartbeater.cc:406] Registering TS with master...
I0913 23:13:47.780086 14704 heartbeater.cc:455] Master 127.13.53.60:42667 requested a full tablet report, sending...
I0913 23:13:47.780648 14705 heartbeater.cc:455] Master 127.13.53.61:35977 requested a full tablet report, sending...
I0913 23:13:47.782094 14384 ts_manager.cc:161] Registered new tserver with Master: a66db810508f4e35bac62f5c6c9f6e9c (127.13.53.3:37091)
I0913 23:13:47.782303 14441 ts_manager.cc:161] Registered new tserver with Master: a66db810508f4e35bac62f5c6c9f6e9c (127.13.53.3:37091)
I0913 23:13:47.784138 14384 master_service.cc:277] Signed X509 certificate for tserver {username='slave'} at 127.0.0.1:38028
I0913 23:13:47.784627 14707 heartbeater.cc:322] Connected to a master server at 127.13.53.62:40439
I0913 23:13:47.784953 14707 heartbeater.cc:406] Registering TS with master...
I0913 23:13:47.785408 14707 heartbeater.cc:455] Master 127.13.53.62:40439 requested a full tablet report, sending...
I0913 23:13:47.787518 14327 ts_manager.cc:161] Registered new tserver with Master: a66db810508f4e35bac62f5c6c9f6e9c (127.13.53.3:37091)
I0913 23:13:47.788082 13524 internal_mini_cluster.cc:328] 3 TS(s) registered with all masters after 0.030403609s
I0913 23:13:47.828465 14384 catalog_manager.cc:1425] Servicing CreateTable request from {username='slave'} at 127.0.0.1:38034: name: "test-table" schema { columns { name: "key" type: INT32 is_key: true is_nullable: false encoding: AUTO_ENCODING compression: DEFAULT_COMPRESSION cfile_block_size: 0 } } num_replicas: 3 split_rows_range_bounds { } partition_schema { hash_bucket_schemas { columns { name: "key" } num_buckets: 3 seed: 0 } }
W0913 23:13:47.829476 14384 catalog_manager.cc:1590] The number of live tablet servers is not enough to re-replicate a tablet replica of the newly created table test-table in case of a server failure: 4 tablet servers would be needed, 3 are available. Consider bringing up more tablet servers.
I0913 23:13:47.887073 14705 heartbeater.cc:447] Master 127.13.53.61:35977 was elected leader, sending a full tablet report...
I0913 23:13:47.948454 14529 tablet_service.cc:1022] Processing CreateTablet for tablet bf89c16ce260470a863711ddbbdb3d68 (table=test-table [id=334306099b944525a47cb78bb2cafd10]), partition=HASH (key) PARTITION 0, RANGE (key) PARTITION UNBOUNDED
I0913 23:13:47.947906 14527 tablet_service.cc:1022] Processing CreateTablet for tablet 82f65eba7703468ca650e7ca50d39549 (table=test-table [id=334306099b944525a47cb78bb2cafd10]), partition=HASH (key) PARTITION 2, RANGE (key) PARTITION UNBOUNDED
I0913 23:13:47.949542 14528 tablet_service.cc:1022] Processing CreateTablet for tablet 8ad9594f28c64b8ba3dacd888b84312b (table=test-table [id=334306099b944525a47cb78bb2cafd10]), partition=HASH (key) PARTITION 1, RANGE (key) PARTITION UNBOUNDED
I0913 23:13:47.950626 14527 data_dirs.cc:939] Could only allocate 1 dirs of requested 3 for tablet 82f65eba7703468ca650e7ca50d39549. 1 dirs total, 0 dirs full, 0 dirs failed
I0913 23:13:47.951526 14528 data_dirs.cc:939] Could only allocate 1 dirs of requested 3 for tablet 8ad9594f28c64b8ba3dacd888b84312b. 1 dirs total, 0 dirs full, 0 dirs failed
I0913 23:13:47.955725 14529 data_dirs.cc:939] Could only allocate 1 dirs of requested 3 for tablet bf89c16ce260470a863711ddbbdb3d68. 1 dirs total, 0 dirs full, 0 dirs failed
I0913 23:13:47.960220 14600 tablet_service.cc:1022] Processing CreateTablet for tablet bf89c16ce260470a863711ddbbdb3d68 (table=test-table [id=334306099b944525a47cb78bb2cafd10]), partition=HASH (key) PARTITION 0, RANGE (key) PARTITION UNBOUNDED
I0913 23:13:47.961088 14598 tablet_service.cc:1022] Processing CreateTablet for tablet 82f65eba7703468ca650e7ca50d39549 (table=test-table [id=334306099b944525a47cb78bb2cafd10]), partition=HASH (key) PARTITION 2, RANGE (key) PARTITION UNBOUNDED
I0913 23:13:47.962766 14600 data_dirs.cc:939] Could only allocate 1 dirs of requested 3 for tablet bf89c16ce260470a863711ddbbdb3d68. 1 dirs total, 0 dirs full, 0 dirs failed
I0913 23:13:47.964160 14598 data_dirs.cc:939] Could only allocate 1 dirs of requested 3 for tablet 82f65eba7703468ca650e7ca50d39549. 1 dirs total, 0 dirs full, 0 dirs failed
I0913 23:13:47.963881 14599 tablet_service.cc:1022] Processing CreateTablet for tablet 8ad9594f28c64b8ba3dacd888b84312b (table=test-table [id=334306099b944525a47cb78bb2cafd10]), partition=HASH (key) PARTITION 1, RANGE (key) PARTITION UNBOUNDED
I0913 23:13:47.965555 14599 data_dirs.cc:939] Could only allocate 1 dirs of requested 3 for tablet 8ad9594f28c64b8ba3dacd888b84312b. 1 dirs total, 0 dirs full, 0 dirs failed
I0913 23:13:47.987748 14669 tablet_service.cc:1022] Processing CreateTablet for tablet 82f65eba7703468ca650e7ca50d39549 (table=test-table [id=334306099b944525a47cb78bb2cafd10]), partition=HASH (key) PARTITION 2, RANGE (key) PARTITION UNBOUNDED
I0913 23:13:47.989832 14669 data_dirs.cc:939] Could only allocate 1 dirs of requested 3 for tablet 82f65eba7703468ca650e7ca50d39549. 1 dirs total, 0 dirs full, 0 dirs failed
I0913 23:13:47.991251 14670 tablet_service.cc:1022] Processing CreateTablet for tablet 8ad9594f28c64b8ba3dacd888b84312b (table=test-table [id=334306099b944525a47cb78bb2cafd10]), partition=HASH (key) PARTITION 1, RANGE (key) PARTITION UNBOUNDED
I0913 23:13:47.994295 14670 data_dirs.cc:939] Could only allocate 1 dirs of requested 3 for tablet 8ad9594f28c64b8ba3dacd888b84312b. 1 dirs total, 0 dirs full, 0 dirs failed
I0913 23:13:47.993674 14671 tablet_service.cc:1022] Processing CreateTablet for tablet bf89c16ce260470a863711ddbbdb3d68 (table=test-table [id=334306099b944525a47cb78bb2cafd10]), partition=HASH (key) PARTITION 0, RANGE (key) PARTITION UNBOUNDED
I0913 23:13:47.995956 14671 data_dirs.cc:939] Could only allocate 1 dirs of requested 3 for tablet bf89c16ce260470a863711ddbbdb3d68. 1 dirs total, 0 dirs full, 0 dirs failed
I0913 23:13:47.996371 14726 tablet_bootstrap.cc:439] T 8ad9594f28c64b8ba3dacd888b84312b P 93a20b201a904b628926e173bbf23463: Bootstrap starting.
I0913 23:13:48.006176 14727 tablet_bootstrap.cc:439] T 82f65eba7703468ca650e7ca50d39549 P 0cad5c4a245f4b3dbd66bb7259f45090: Bootstrap starting.
I0913 23:13:48.009739 14726 tablet_bootstrap.cc:590] T 8ad9594f28c64b8ba3dacd888b84312b P 93a20b201a904b628926e173bbf23463: No blocks or log segments found. Creating new log.
I0913 23:13:48.010767 14728 tablet_bootstrap.cc:439] T 82f65eba7703468ca650e7ca50d39549 P a66db810508f4e35bac62f5c6c9f6e9c: Bootstrap starting.
I0913 23:13:48.014292 14727 tablet_bootstrap.cc:590] T 82f65eba7703468ca650e7ca50d39549 P 0cad5c4a245f4b3dbd66bb7259f45090: No blocks or log segments found. Creating new log.
I0913 23:13:48.014686 14728 tablet_bootstrap.cc:590] T 82f65eba7703468ca650e7ca50d39549 P a66db810508f4e35bac62f5c6c9f6e9c: No blocks or log segments found. Creating new log.
I0913 23:13:48.014849 14726 tablet_bootstrap.cc:439] T 8ad9594f28c64b8ba3dacd888b84312b P 93a20b201a904b628926e173bbf23463: No bootstrap required, opened a new log
I0913 23:13:48.015311 14726 ts_tablet_manager.cc:1085] T 8ad9594f28c64b8ba3dacd888b84312b P 93a20b201a904b628926e173bbf23463: Time spent bootstrapping tablet: real 0.024s user 0.000s sys 0.009s
I0913 23:13:48.020452 14727 tablet_bootstrap.cc:439] T 82f65eba7703468ca650e7ca50d39549 P 0cad5c4a245f4b3dbd66bb7259f45090: No bootstrap required, opened a new log
I0913 23:13:48.020970 14727 ts_tablet_manager.cc:1085] T 82f65eba7703468ca650e7ca50d39549 P 0cad5c4a245f4b3dbd66bb7259f45090: Time spent bootstrapping tablet: real 0.027s user 0.004s sys 0.005s
I0913 23:13:48.021153 14726 raft_consensus.cc:340] T 8ad9594f28c64b8ba3dacd888b84312b P 93a20b201a904b628926e173bbf23463 [term 0 FOLLOWER]: Replica starting. Triggering 0 pending transactions. Active config: opid_index: -1 OBSOLETE_local: false peers { permanent_uuid: "93a20b201a904b628926e173bbf23463" member_type: VOTER last_known_addr { host: "127.13.53.1" port: 44785 } } peers { permanent_uuid: "0cad5c4a245f4b3dbd66bb7259f45090" member_type: VOTER last_known_addr { host: "127.13.53.2" port: 41231 } } peers { permanent_uuid: "a66db810508f4e35bac62f5c6c9f6e9c" member_type: VOTER last_known_addr { host: "127.13.53.3" port: 37091 } }
I0913 23:13:48.021978 14726 raft_consensus.cc:366] T 8ad9594f28c64b8ba3dacd888b84312b P 93a20b201a904b628926e173bbf23463 [term 0 FOLLOWER]: Consensus starting up: Expiring failure detector timer to make a prompt election more likely
I0913 23:13:48.022260 14726 raft_consensus.cc:705] T 8ad9594f28c64b8ba3dacd888b84312b P 93a20b201a904b628926e173bbf23463 [term 0 FOLLOWER]: Becoming Follower/Learner. State: Replica: 93a20b201a904b628926e173bbf23463, State: Initialized, Role: FOLLOWER
I0913 23:13:48.022845 14726 consensus_queue.cc:229] T 8ad9594f28c64b8ba3dacd888b84312b P 93a20b201a904b628926e173bbf23463 [NON_LEADER]: Queue going to NON_LEADER mode. State: All replicated index: 0, Majority replicated index: 0, Committed index: 0, Last appended: 0.0, Last appended by leader: 0, Current term: 0, Majority size: -1, State: 0, Mode: NON_LEADER, active raft config: opid_index: -1 OBSOLETE_local: false peers { permanent_uuid: "93a20b201a904b628926e173bbf23463" member_type: VOTER last_known_addr { host: "127.13.53.1" port: 44785 } } peers { permanent_uuid: "0cad5c4a245f4b3dbd66bb7259f45090" member_type: VOTER last_known_addr { host: "127.13.53.2" port: 41231 } } peers { permanent_uuid: "a66db810508f4e35bac62f5c6c9f6e9c" member_type: VOTER last_known_addr { host: "127.13.53.3" port: 37091 } }
I0913 23:13:48.023507 14728 tablet_bootstrap.cc:439] T 82f65eba7703468ca650e7ca50d39549 P a66db810508f4e35bac62f5c6c9f6e9c: No bootstrap required, opened a new log
I0913 23:13:48.027889 14728 ts_tablet_manager.cc:1085] T 82f65eba7703468ca650e7ca50d39549 P a66db810508f4e35bac62f5c6c9f6e9c: Time spent bootstrapping tablet: real 0.020s user 0.006s sys 0.007s
I0913 23:13:48.023859 14727 raft_consensus.cc:340] T 82f65eba7703468ca650e7ca50d39549 P 0cad5c4a245f4b3dbd66bb7259f45090 [term 0 FOLLOWER]: Replica starting. Triggering 0 pending transactions. Active config: opid_index: -1 OBSOLETE_local: false peers { permanent_uuid: "93a20b201a904b628926e173bbf23463" member_type: VOTER last_known_addr { host: "127.13.53.1" port: 44785 } } peers { permanent_uuid: "0cad5c4a245f4b3dbd66bb7259f45090" member_type: VOTER last_known_addr { host: "127.13.53.2" port: 41231 } } peers { permanent_uuid: "a66db810508f4e35bac62f5c6c9f6e9c" member_type: VOTER last_known_addr { host: "127.13.53.3" port: 37091 } }
I0913 23:13:48.028410 14727 raft_consensus.cc:366] T 82f65eba7703468ca650e7ca50d39549 P 0cad5c4a245f4b3dbd66bb7259f45090 [term 0 FOLLOWER]: Consensus starting up: Expiring failure detector timer to make a prompt election more likely
I0913 23:13:48.028694 14727 raft_consensus.cc:705] T 82f65eba7703468ca650e7ca50d39549 P 0cad5c4a245f4b3dbd66bb7259f45090 [term 0 FOLLOWER]: Becoming Follower/Learner. State: Replica: 0cad5c4a245f4b3dbd66bb7259f45090, State: Initialized, Role: FOLLOWER
I0913 23:13:48.029255 14727 consensus_queue.cc:229] T 82f65eba7703468ca650e7ca50d39549 P 0cad5c4a245f4b3dbd66bb7259f45090 [NON_LEADER]: Queue going to NON_LEADER mode. State: All replicated index: 0, Majority replicated index: 0, Committed index: 0, Last appended: 0.0, Last appended by leader: 0, Current term: 0, Majority size: -1, State: 0, Mode: NON_LEADER, active raft config: opid_index: -1 OBSOLETE_local: false peers { permanent_uuid: "93a20b201a904b628926e173bbf23463" member_type: VOTER last_known_addr { host: "127.13.53.1" port: 44785 } } peers { permanent_uuid: "0cad5c4a245f4b3dbd66bb7259f45090" member_type: VOTER last_known_addr { host: "127.13.53.2" port: 41231 } } peers { permanent_uuid: "a66db810508f4e35bac62f5c6c9f6e9c" member_type: VOTER last_known_addr { host: "127.13.53.3" port: 37091 } }
I0913 23:13:48.034312 14728 raft_consensus.cc:340] T 82f65eba7703468ca650e7ca50d39549 P a66db810508f4e35bac62f5c6c9f6e9c [term 0 FOLLOWER]: Replica starting. Triggering 0 pending transactions. Active config: opid_index: -1 OBSOLETE_local: false peers { permanent_uuid: "93a20b201a904b628926e173bbf23463" member_type: VOTER last_known_addr { host: "127.13.53.1" port: 44785 } } peers { permanent_uuid: "0cad5c4a245f4b3dbd66bb7259f45090" member_type: VOTER last_known_addr { host: "127.13.53.2" port: 41231 } } peers { permanent_uuid: "a66db810508f4e35bac62f5c6c9f6e9c" member_type: VOTER last_known_addr { host: "127.13.53.3" port: 37091 } }
I0913 23:13:48.035033 14728 raft_consensus.cc:366] T 82f65eba7703468ca650e7ca50d39549 P a66db810508f4e35bac62f5c6c9f6e9c [term 0 FOLLOWER]: Consensus starting up: Expiring failure detector timer to make a prompt election more likely
I0913 23:13:48.035239 14728 raft_consensus.cc:705] T 82f65eba7703468ca650e7ca50d39549 P a66db810508f4e35bac62f5c6c9f6e9c [term 0 FOLLOWER]: Becoming Follower/Learner. State: Replica: a66db810508f4e35bac62f5c6c9f6e9c, State: Initialized, Role: FOLLOWER
I0913 23:13:48.035722 14728 consensus_queue.cc:229] T 82f65eba7703468ca650e7ca50d39549 P a66db810508f4e35bac62f5c6c9f6e9c [NON_LEADER]: Queue going to NON_LEADER mode. State: All replicated index: 0, Majority replicated index: 0, Committed index: 0, Last appended: 0.0, Last appended by leader: 0, Current term: 0, Majority size: -1, State: 0, Mode: NON_LEADER, active raft config: opid_index: -1 OBSOLETE_local: false peers { permanent_uuid: "93a20b201a904b628926e173bbf23463" member_type: VOTER last_known_addr { host: "127.13.53.1" port: 44785 } } peers { permanent_uuid: "0cad5c4a245f4b3dbd66bb7259f45090" member_type: VOTER last_known_addr { host: "127.13.53.2" port: 41231 } } peers { permanent_uuid: "a66db810508f4e35bac62f5c6c9f6e9c" member_type: VOTER last_known_addr { host: "127.13.53.3" port: 37091 } }
I0913 23:13:48.041415 14726 ts_tablet_manager.cc:1113] T 8ad9594f28c64b8ba3dacd888b84312b P 93a20b201a904b628926e173bbf23463: Time spent starting tablet: real 0.026s user 0.004s sys 0.005s
I0913 23:13:48.041415 14727 ts_tablet_manager.cc:1113] T 82f65eba7703468ca650e7ca50d39549 P 0cad5c4a245f4b3dbd66bb7259f45090: Time spent starting tablet: real 0.020s user 0.007s sys 0.001s
I0913 23:13:48.049808 14726 tablet_bootstrap.cc:439] T bf89c16ce260470a863711ddbbdb3d68 P 93a20b201a904b628926e173bbf23463: Bootstrap starting.
I0913 23:13:48.051738 14727 tablet_bootstrap.cc:439] T 8ad9594f28c64b8ba3dacd888b84312b P 0cad5c4a245f4b3dbd66bb7259f45090: Bootstrap starting.
I0913 23:13:48.065040 14727 tablet_bootstrap.cc:590] T 8ad9594f28c64b8ba3dacd888b84312b P 0cad5c4a245f4b3dbd66bb7259f45090: No blocks or log segments found. Creating new log.
I0913 23:13:48.067634 14726 tablet_bootstrap.cc:590] T bf89c16ce260470a863711ddbbdb3d68 P 93a20b201a904b628926e173bbf23463: No blocks or log segments found. Creating new log.
I0913 23:13:48.069145 14733 raft_consensus.cc:472] T 82f65eba7703468ca650e7ca50d39549 P 0cad5c4a245f4b3dbd66bb7259f45090 [term 0 FOLLOWER]: Starting pre-election (no leader contacted us within the election timeout)
I0913 23:13:48.069595 14728 ts_tablet_manager.cc:1113] T 82f65eba7703468ca650e7ca50d39549 P a66db810508f4e35bac62f5c6c9f6e9c: Time spent starting tablet: real 0.041s user 0.005s sys 0.009s
I0913 23:13:48.070446 14728 tablet_bootstrap.cc:439] T bf89c16ce260470a863711ddbbdb3d68 P a66db810508f4e35bac62f5c6c9f6e9c: Bootstrap starting.
I0913 23:13:48.069658 14733 raft_consensus.cc:494] T 82f65eba7703468ca650e7ca50d39549 P 0cad5c4a245f4b3dbd66bb7259f45090 [term 0 FOLLOWER]: Starting pre-election with config: opid_index: -1 OBSOLETE_local: false peers { permanent_uuid: "93a20b201a904b628926e173bbf23463" member_type: VOTER last_known_addr { host: "127.13.53.1" port: 44785 } } peers { permanent_uuid: "0cad5c4a245f4b3dbd66bb7259f45090" member_type: VOTER last_known_addr { host: "127.13.53.2" port: 41231 } } peers { permanent_uuid: "a66db810508f4e35bac62f5c6c9f6e9c" member_type: VOTER last_known_addr { host: "127.13.53.3" port: 37091 } }
I0913 23:13:48.073977 14733 leader_election.cc:296] T 82f65eba7703468ca650e7ca50d39549 P 0cad5c4a245f4b3dbd66bb7259f45090 [CANDIDATE]: Term 1 pre-election: Requested pre-vote from peers 93a20b201a904b628926e173bbf23463 (127.13.53.1:44785), a66db810508f4e35bac62f5c6c9f6e9c (127.13.53.3:37091)
I0913 23:13:48.095780 14732 raft_consensus.cc:472] T 8ad9594f28c64b8ba3dacd888b84312b P 93a20b201a904b628926e173bbf23463 [term 0 FOLLOWER]: Starting pre-election (no leader contacted us within the election timeout)
I0913 23:13:48.097189 14732 raft_consensus.cc:494] T 8ad9594f28c64b8ba3dacd888b84312b P 93a20b201a904b628926e173bbf23463 [term 0 FOLLOWER]: Starting pre-election with config: opid_index: -1 OBSOLETE_local: false peers { permanent_uuid: "93a20b201a904b628926e173bbf23463" member_type: VOTER last_known_addr { host: "127.13.53.1" port: 44785 } } peers { permanent_uuid: "0cad5c4a245f4b3dbd66bb7259f45090" member_type: VOTER last_known_addr { host: "127.13.53.2" port: 41231 } } peers { permanent_uuid: "a66db810508f4e35bac62f5c6c9f6e9c" member_type: VOTER last_known_addr { host: "127.13.53.3" port: 37091 } }
I0913 23:13:48.119097 14732 leader_election.cc:296] T 8ad9594f28c64b8ba3dacd888b84312b P 93a20b201a904b628926e173bbf23463 [CANDIDATE]: Term 1 pre-election: Requested pre-vote from peers 0cad5c4a245f4b3dbd66bb7259f45090 (127.13.53.2:41231), a66db810508f4e35bac62f5c6c9f6e9c (127.13.53.3:37091)
I0913 23:13:48.123793 14539 tablet_service.cc:1295] Received RequestConsensusVote() RPC: tablet_id: "82f65eba7703468ca650e7ca50d39549" candidate_uuid: "0cad5c4a245f4b3dbd66bb7259f45090" candidate_term: 1 candidate_status { last_received { term: 0 index: 0 } } ignore_live_leader: false dest_uuid: "93a20b201a904b628926e173bbf23463" is_pre_election: true
I0913 23:13:48.124399 14734 raft_consensus.cc:472] T 82f65eba7703468ca650e7ca50d39549 P a66db810508f4e35bac62f5c6c9f6e9c [term 0 FOLLOWER]: Starting pre-election (no leader contacted us within the election timeout)
I0913 23:13:48.124905 14734 raft_consensus.cc:494] T 82f65eba7703468ca650e7ca50d39549 P a66db810508f4e35bac62f5c6c9f6e9c [term 0 FOLLOWER]: Starting pre-election with config: opid_index: -1 OBSOLETE_local: false peers { permanent_uuid: "93a20b201a904b628926e173bbf23463" member_type: VOTER last_known_addr { host: "127.13.53.1" port: 44785 } } peers { permanent_uuid: "0cad5c4a245f4b3dbd66bb7259f45090" member_type: VOTER last_known_addr { host: "127.13.53.2" port: 41231 } } peers { permanent_uuid: "a66db810508f4e35bac62f5c6c9f6e9c" member_type: VOTER last_known_addr { host: "127.13.53.3" port: 37091 } }
W0913 23:13:48.126339 14574 leader_election.cc:348] T 82f65eba7703468ca650e7ca50d39549 P 0cad5c4a245f4b3dbd66bb7259f45090 [CANDIDATE]: Term 1 pre-election: Tablet error from VoteRequest() call to peer 93a20b201a904b628926e173bbf23463 (127.13.53.1:44785): Illegal state: must be running to vote when last-logged opid is not known
I0913 23:13:48.152828 14727 tablet_bootstrap.cc:439] T 8ad9594f28c64b8ba3dacd888b84312b P 0cad5c4a245f4b3dbd66bb7259f45090: No bootstrap required, opened a new log
I0913 23:13:48.147810 14728 tablet_bootstrap.cc:590] T bf89c16ce260470a863711ddbbdb3d68 P a66db810508f4e35bac62f5c6c9f6e9c: No blocks or log segments found. Creating new log.
I0913 23:13:48.164384 14727 ts_tablet_manager.cc:1085] T 8ad9594f28c64b8ba3dacd888b84312b P 0cad5c4a245f4b3dbd66bb7259f45090: Time spent bootstrapping tablet: real 0.113s user 0.007s sys 0.024s
I0913 23:13:48.167426 14727 raft_consensus.cc:340] T 8ad9594f28c64b8ba3dacd888b84312b P 0cad5c4a245f4b3dbd66bb7259f45090 [term 0 FOLLOWER]: Replica starting. Triggering 0 pending transactions. Active config: opid_index: -1 OBSOLETE_local: false peers { permanent_uuid: "93a20b201a904b628926e173bbf23463" member_type: VOTER last_known_addr { host: "127.13.53.1" port: 44785 } } peers { permanent_uuid: "0cad5c4a245f4b3dbd66bb7259f45090" member_type: VOTER last_known_addr { host: "127.13.53.2" port: 41231 } } peers { permanent_uuid: "a66db810508f4e35bac62f5c6c9f6e9c" member_type: VOTER last_known_addr { host: "127.13.53.3" port: 37091 } }
I0913 23:13:48.168220 14727 raft_consensus.cc:366] T 8ad9594f28c64b8ba3dacd888b84312b P 0cad5c4a245f4b3dbd66bb7259f45090 [term 0 FOLLOWER]: Consensus starting up: Expiring failure detector timer to make a prompt election more likely
I0913 23:13:48.168462 14727 raft_consensus.cc:705] T 8ad9594f28c64b8ba3dacd888b84312b P 0cad5c4a245f4b3dbd66bb7259f45090 [term 0 FOLLOWER]: Becoming Follower/Learner. State: Replica: 0cad5c4a245f4b3dbd66bb7259f45090, State: Initialized, Role: FOLLOWER
I0913 23:13:48.181593 14539 tablet_service.cc:1295] Received RequestConsensusVote() RPC: tablet_id: "82f65eba7703468ca650e7ca50d39549" candidate_uuid: "a66db810508f4e35bac62f5c6c9f6e9c" candidate_term: 1 candidate_status { last_received { term: 0 index: 0 } } ignore_live_leader: false dest_uuid: "93a20b201a904b628926e173bbf23463" is_pre_election: true
I0913 23:13:48.151957 14734 leader_election.cc:296] T 82f65eba7703468ca650e7ca50d39549 P a66db810508f4e35bac62f5c6c9f6e9c [CANDIDATE]: Term 1 pre-election: Requested pre-vote from peers 93a20b201a904b628926e173bbf23463 (127.13.53.1:44785), 0cad5c4a245f4b3dbd66bb7259f45090 (127.13.53.2:41231)
I0913 23:13:48.178609 14727 consensus_queue.cc:229] T 8ad9594f28c64b8ba3dacd888b84312b P 0cad5c4a245f4b3dbd66bb7259f45090 [NON_LEADER]: Queue going to NON_LEADER mode. State: All replicated index: 0, Majority replicated index: 0, Committed index: 0, Last appended: 0.0, Last appended by leader: 0, Current term: 0, Majority size: -1, State: 0, Mode: NON_LEADER, active raft config: opid_index: -1 OBSOLETE_local: false peers { permanent_uuid: "93a20b201a904b628926e173bbf23463" member_type: VOTER last_known_addr { host: "127.13.53.1" port: 44785 } } peers { permanent_uuid: "0cad5c4a245f4b3dbd66bb7259f45090" member_type: VOTER last_known_addr { host: "127.13.53.2" port: 41231 } } peers { permanent_uuid: "a66db810508f4e35bac62f5c6c9f6e9c" member_type: VOTER last_known_addr { host: "127.13.53.3" port: 37091 } }
I0913 23:13:48.182157 14726 tablet_bootstrap.cc:439] T bf89c16ce260470a863711ddbbdb3d68 P 93a20b201a904b628926e173bbf23463: No bootstrap required, opened a new log
I0913 23:13:48.184402 14726 ts_tablet_manager.cc:1085] T bf89c16ce260470a863711ddbbdb3d68 P 93a20b201a904b628926e173bbf23463: Time spent bootstrapping tablet: real 0.135s user 0.014s sys 0.002s
I0913 23:13:48.184815 14610 tablet_service.cc:1295] Received RequestConsensusVote() RPC: tablet_id: "8ad9594f28c64b8ba3dacd888b84312b" candidate_uuid: "93a20b201a904b628926e173bbf23463" candidate_term: 1 candidate_status { last_received { term: 0 index: 0 } } ignore_live_leader: false dest_uuid: "0cad5c4a245f4b3dbd66bb7259f45090" is_pre_election: true
I0913 23:13:48.185596 14610 raft_consensus.cc:2350] T 8ad9594f28c64b8ba3dacd888b84312b P 0cad5c4a245f4b3dbd66bb7259f45090 [term 0 FOLLOWER]: Leader pre-election vote request: Granting yes vote for candidate 93a20b201a904b628926e173bbf23463 in term 0.
W0913 23:13:48.192003 14645 leader_election.cc:348] T 82f65eba7703468ca650e7ca50d39549 P a66db810508f4e35bac62f5c6c9f6e9c [CANDIDATE]: Term 1 pre-election: Tablet error from VoteRequest() call to peer 93a20b201a904b628926e173bbf23463 (127.13.53.1:44785): Illegal state: must be running to vote when last-logged opid is not known
I0913 23:13:48.195235 14497 leader_election.cc:310] T 8ad9594f28c64b8ba3dacd888b84312b P 93a20b201a904b628926e173bbf23463 [CANDIDATE]: Term 1 pre-election: Election decided. Result: candidate won. Election summary: received 2 responses out of 3 voters: 2 yes votes; 0 no votes. yes voters: 0cad5c4a245f4b3dbd66bb7259f45090, 93a20b201a904b628926e173bbf23463; no voters:
I0913 23:13:48.196600 14732 raft_consensus.cc:2644] T 8ad9594f28c64b8ba3dacd888b84312b P 93a20b201a904b628926e173bbf23463 [term 0 FOLLOWER]: Leader pre-election won for term 1
I0913 23:13:48.196943 14732 raft_consensus.cc:472] T 8ad9594f28c64b8ba3dacd888b84312b P 93a20b201a904b628926e173bbf23463 [term 0 FOLLOWER]: Starting leader election (no leader contacted us within the election timeout)
I0913 23:13:48.197213 14732 raft_consensus.cc:2890] T 8ad9594f28c64b8ba3dacd888b84312b P 93a20b201a904b628926e173bbf23463 [term 0 FOLLOWER]: Advancing to term 1
I0913 23:13:48.221583 14732 raft_consensus.cc:494] T 8ad9594f28c64b8ba3dacd888b84312b P 93a20b201a904b628926e173bbf23463 [term 1 FOLLOWER]: Starting leader election with config: opid_index: -1 OBSOLETE_local: false peers { permanent_uuid: "93a20b201a904b628926e173bbf23463" member_type: VOTER last_known_addr { host: "127.13.53.1" port: 44785 } } peers { permanent_uuid: "0cad5c4a245f4b3dbd66bb7259f45090" member_type: VOTER last_known_addr { host: "127.13.53.2" port: 41231 } } peers { permanent_uuid: "a66db810508f4e35bac62f5c6c9f6e9c" member_type: VOTER last_known_addr { host: "127.13.53.3" port: 37091 } }
I0913 23:13:48.234226 14482 catalog_manager.cc:1127] T 00000000000000000000000000000000 P fab3d6e5bcad48acbb0fe6b928638607: acquiring CA information for follower catalog manager: success
I0913 23:13:48.243957 14610 tablet_service.cc:1295] Received RequestConsensusVote() RPC: tablet_id: "8ad9594f28c64b8ba3dacd888b84312b" candidate_uuid: "93a20b201a904b628926e173bbf23463" candidate_term: 1 candidate_status { last_received { term: 0 index: 0 } } ignore_live_leader: false dest_uuid: "0cad5c4a245f4b3dbd66bb7259f45090"
I0913 23:13:48.244556 14610 raft_consensus.cc:2890] T 8ad9594f28c64b8ba3dacd888b84312b P 0cad5c4a245f4b3dbd66bb7259f45090 [term 0 FOLLOWER]: Advancing to term 1
I0913 23:13:48.245594 14726 raft_consensus.cc:340] T bf89c16ce260470a863711ddbbdb3d68 P 93a20b201a904b628926e173bbf23463 [term 0 FOLLOWER]: Replica starting. Triggering 0 pending transactions. Active config: opid_index: -1 OBSOLETE_local: false peers { permanent_uuid: "a66db810508f4e35bac62f5c6c9f6e9c" member_type: VOTER last_known_addr { host: "127.13.53.3" port: 37091 } } peers { permanent_uuid: "93a20b201a904b628926e173bbf23463" member_type: VOTER last_known_addr { host: "127.13.53.1" port: 44785 } } peers { permanent_uuid: "0cad5c4a245f4b3dbd66bb7259f45090" member_type: VOTER last_known_addr { host: "127.13.53.2" port: 41231 } }
I0913 23:13:48.246999 14732 leader_election.cc:296] T 8ad9594f28c64b8ba3dacd888b84312b P 93a20b201a904b628926e173bbf23463 [CANDIDATE]: Term 1 election: Requested vote from peers 0cad5c4a245f4b3dbd66bb7259f45090 (127.13.53.2:41231), a66db810508f4e35bac62f5c6c9f6e9c (127.13.53.3:37091)
I0913 23:13:48.247148 14726 raft_consensus.cc:366] T bf89c16ce260470a863711ddbbdb3d68 P 93a20b201a904b628926e173bbf23463 [term 0 FOLLOWER]: Consensus starting up: Expiring failure detector timer to make a prompt election more likely
I0913 23:13:48.247539 14726 raft_consensus.cc:705] T bf89c16ce260470a863711ddbbdb3d68 P 93a20b201a904b628926e173bbf23463 [term 0 FOLLOWER]: Becoming Follower/Learner. State: Replica: 93a20b201a904b628926e173bbf23463, State: Initialized, Role: FOLLOWER
I0913 23:13:48.247916 14609 tablet_service.cc:1295] Received RequestConsensusVote() RPC: tablet_id: "82f65eba7703468ca650e7ca50d39549" candidate_uuid: "a66db810508f4e35bac62f5c6c9f6e9c" candidate_term: 1 candidate_status { last_received { term: 0 index: 0 } } ignore_live_leader: false dest_uuid: "0cad5c4a245f4b3dbd66bb7259f45090" is_pre_election: true
I0913 23:13:48.248958 14609 raft_consensus.cc:2350] T 82f65eba7703468ca650e7ca50d39549 P 0cad5c4a245f4b3dbd66bb7259f45090 [term 0 FOLLOWER]: Leader pre-election vote request: Granting yes vote for candidate a66db810508f4e35bac62f5c6c9f6e9c in term 0.
I0913 23:13:48.250248 14643 leader_election.cc:310] T 82f65eba7703468ca650e7ca50d39549 P a66db810508f4e35bac62f5c6c9f6e9c [CANDIDATE]: Term 1 pre-election: Election decided. Result: candidate won. Election summary: received 3 responses out of 3 voters: 2 yes votes; 1 no votes. yes voters: 0cad5c4a245f4b3dbd66bb7259f45090, a66db810508f4e35bac62f5c6c9f6e9c; no voters: 93a20b201a904b628926e173bbf23463
I0913 23:13:48.251355 14734 raft_consensus.cc:2644] T 82f65eba7703468ca650e7ca50d39549 P a66db810508f4e35bac62f5c6c9f6e9c [term 0 FOLLOWER]: Leader pre-election won for term 1
I0913 23:13:48.251981 14734 raft_consensus.cc:472] T 82f65eba7703468ca650e7ca50d39549 P a66db810508f4e35bac62f5c6c9f6e9c [term 0 FOLLOWER]: Starting leader election (no leader contacted us within the election timeout)
I0913 23:13:48.252218 14734 raft_consensus.cc:2890] T 82f65eba7703468ca650e7ca50d39549 P a66db810508f4e35bac62f5c6c9f6e9c [term 0 FOLLOWER]: Advancing to term 1
I0913 23:13:48.252297 14727 ts_tablet_manager.cc:1113] T 8ad9594f28c64b8ba3dacd888b84312b P 0cad5c4a245f4b3dbd66bb7259f45090: Time spent starting tablet: real 0.087s user 0.005s sys 0.000s
I0913 23:13:48.253278 14726 consensus_queue.cc:229] T bf89c16ce260470a863711ddbbdb3d68 P 93a20b201a904b628926e173bbf23463 [NON_LEADER]: Queue going to NON_LEADER mode. State: All replicated index: 0, Majority replicated index: 0, Committed index: 0, Last appended: 0.0, Last appended by leader: 0, Current term: 0, Majority size: -1, State: 0, Mode: NON_LEADER, active raft config: opid_index: -1 OBSOLETE_local: false peers { permanent_uuid: "a66db810508f4e35bac62f5c6c9f6e9c" member_type: VOTER last_known_addr { host: "127.13.53.3" port: 37091 } } peers { permanent_uuid: "93a20b201a904b628926e173bbf23463" member_type: VOTER last_known_addr { host: "127.13.53.1" port: 44785 } } peers { permanent_uuid: "0cad5c4a245f4b3dbd66bb7259f45090" member_type: VOTER last_known_addr { host: "127.13.53.2" port: 41231 } }
I0913 23:13:48.256297 14681 tablet_service.cc:1295] Received RequestConsensusVote() RPC: tablet_id: "82f65eba7703468ca650e7ca50d39549" candidate_uuid: "0cad5c4a245f4b3dbd66bb7259f45090" candidate_term: 1 candidate_status { last_received { term: 0 index: 0 } } ignore_live_leader: false dest_uuid: "a66db810508f4e35bac62f5c6c9f6e9c" is_pre_election: true
I0913 23:13:48.257827 14726 ts_tablet_manager.cc:1113] T bf89c16ce260470a863711ddbbdb3d68 P 93a20b201a904b628926e173bbf23463: Time spent starting tablet: real 0.073s user 0.022s sys 0.042s
I0913 23:13:48.258400 14610 raft_consensus.cc:2350] T 8ad9594f28c64b8ba3dacd888b84312b P 0cad5c4a245f4b3dbd66bb7259f45090 [term 1 FOLLOWER]: Leader election vote request: Granting yes vote for candidate 93a20b201a904b628926e173bbf23463 in term 1.
I0913 23:13:48.258821 14726 tablet_bootstrap.cc:439] T 82f65eba7703468ca650e7ca50d39549 P 93a20b201a904b628926e173bbf23463: Bootstrap starting.
I0913 23:13:48.259552 14727 tablet_bootstrap.cc:439] T bf89c16ce260470a863711ddbbdb3d68 P 0cad5c4a245f4b3dbd66bb7259f45090: Bootstrap starting.
I0913 23:13:48.259865 14497 leader_election.cc:310] T 8ad9594f28c64b8ba3dacd888b84312b P 93a20b201a904b628926e173bbf23463 [CANDIDATE]: Term 1 election: Election decided. Result: candidate won. Election summary: received 2 responses out of 3 voters: 2 yes votes; 0 no votes. yes voters: 0cad5c4a245f4b3dbd66bb7259f45090, 93a20b201a904b628926e173bbf23463; no voters:
I0913 23:13:48.261268 14732 raft_consensus.cc:2644] T 8ad9594f28c64b8ba3dacd888b84312b P 93a20b201a904b628926e173bbf23463 [term 1 FOLLOWER]: Leader election won for term 1
I0913 23:13:48.265781 14482 catalog_manager.cc:1155] T 00000000000000000000000000000000 P fab3d6e5bcad48acbb0fe6b928638607: importing token verification keys for follower catalog manager: success; most recent TSK sequence number 0
