I0913 23:13:48.273877 14734 raft_consensus.cc:494] T 82f65eba7703468ca650e7ca50d39549 P a66db810508f4e35bac62f5c6c9f6e9c [term 1 FOLLOWER]: Starting leader election with config: opid_index: -1 OBSOLETE_local: false peers { permanent_uuid: "93a20b201a904b628926e173bbf23463" member_type: VOTER last_known_addr { host: "127.13.53.1" port: 44785 } } peers { permanent_uuid: "0cad5c4a245f4b3dbd66bb7259f45090" member_type: VOTER last_known_addr { host: "127.13.53.2" port: 41231 } } peers { permanent_uuid: "a66db810508f4e35bac62f5c6c9f6e9c" member_type: VOTER last_known_addr { host: "127.13.53.3" port: 37091 } }
I0913 23:13:48.278203 14681 raft_consensus.cc:2280] T 82f65eba7703468ca650e7ca50d39549 P a66db810508f4e35bac62f5c6c9f6e9c [term 1 FOLLOWER]: Leader pre-election vote request: Denying vote to candidate 0cad5c4a245f4b3dbd66bb7259f45090 in current term 1: Already voted for candidate a66db810508f4e35bac62f5c6c9f6e9c in this term.
I0913 23:13:48.282030 14571 leader_election.cc:310] T 82f65eba7703468ca650e7ca50d39549 P 0cad5c4a245f4b3dbd66bb7259f45090 [CANDIDATE]: Term 1 pre-election: Election decided. Result: candidate lost. Election summary: received 3 responses out of 3 voters: 1 yes votes; 2 no votes. yes voters: 0cad5c4a245f4b3dbd66bb7259f45090; no voters: 93a20b201a904b628926e173bbf23463, a66db810508f4e35bac62f5c6c9f6e9c
I0913 23:13:48.283861 14733 raft_consensus.cc:2890] T 82f65eba7703468ca650e7ca50d39549 P 0cad5c4a245f4b3dbd66bb7259f45090 [term 0 FOLLOWER]: Advancing to term 1
I0913 23:13:48.288368 14539 tablet_service.cc:1295] Received RequestConsensusVote() RPC: tablet_id: "82f65eba7703468ca650e7ca50d39549" candidate_uuid: "a66db810508f4e35bac62f5c6c9f6e9c" candidate_term: 1 candidate_status { last_received { term: 0 index: 0 } } ignore_live_leader: false dest_uuid: "93a20b201a904b628926e173bbf23463"
W0913 23:13:48.290438 14645 leader_election.cc:348] T 82f65eba7703468ca650e7ca50d39549 P a66db810508f4e35bac62f5c6c9f6e9c [CANDIDATE]: Term 1 election: Tablet error from VoteRequest() call to peer 93a20b201a904b628926e173bbf23463 (127.13.53.1:44785): Illegal state: must be running to vote when last-logged opid is not known
I0913 23:13:48.295506 14733 raft_consensus.cc:2592] T 82f65eba7703468ca650e7ca50d39549 P 0cad5c4a245f4b3dbd66bb7259f45090 [term 1 FOLLOWER]: Leader pre-election lost for term 1. Reason: could not achieve majority
I0913 23:13:48.297042 14488 catalog_manager.cc:1127] T 00000000000000000000000000000000 P 46574f27d20e427381df2ea44498c90b: acquiring CA information for follower catalog manager: success
I0913 23:13:48.298867 14680 tablet_service.cc:1295] Received RequestConsensusVote() RPC: tablet_id: "8ad9594f28c64b8ba3dacd888b84312b" candidate_uuid: "93a20b201a904b628926e173bbf23463" candidate_term: 1 candidate_status { last_received { term: 0 index: 0 } } ignore_live_leader: false dest_uuid: "a66db810508f4e35bac62f5c6c9f6e9c"
W0913 23:13:48.300710 14496 leader_election.cc:348] T 8ad9594f28c64b8ba3dacd888b84312b P 93a20b201a904b628926e173bbf23463 [CANDIDATE]: Term 1 election: Tablet error from VoteRequest() call to peer a66db810508f4e35bac62f5c6c9f6e9c (127.13.53.3:37091): Illegal state: must be running to vote when last-logged opid is not known
I0913 23:13:48.301602 14681 tablet_service.cc:1295] Received RequestConsensusVote() RPC: tablet_id: "8ad9594f28c64b8ba3dacd888b84312b" candidate_uuid: "93a20b201a904b628926e173bbf23463" candidate_term: 1 candidate_status { last_received { term: 0 index: 0 } } ignore_live_leader: false dest_uuid: "a66db810508f4e35bac62f5c6c9f6e9c" is_pre_election: true
I0913 23:13:48.301930 14488 catalog_manager.cc:1155] T 00000000000000000000000000000000 P 46574f27d20e427381df2ea44498c90b: importing token verification keys for follower catalog manager: success; most recent TSK sequence number 0
W0913 23:13:48.303303 14496 leader_election.cc:348] T 8ad9594f28c64b8ba3dacd888b84312b P 93a20b201a904b628926e173bbf23463 [CANDIDATE]: Term 1 pre-election: Tablet error from VoteRequest() call to peer a66db810508f4e35bac62f5c6c9f6e9c (127.13.53.3:37091): Illegal state: must be running to vote when last-logged opid is not known
I0913 23:13:48.308543 14726 tablet_bootstrap.cc:590] T 82f65eba7703468ca650e7ca50d39549 P 93a20b201a904b628926e173bbf23463: No blocks or log segments found. Creating new log.
I0913 23:13:48.313983 14734 leader_election.cc:296] T 82f65eba7703468ca650e7ca50d39549 P a66db810508f4e35bac62f5c6c9f6e9c [CANDIDATE]: Term 1 election: Requested vote from peers 93a20b201a904b628926e173bbf23463 (127.13.53.1:44785), 0cad5c4a245f4b3dbd66bb7259f45090 (127.13.53.2:41231)
I0913 23:13:48.316499 14728 tablet_bootstrap.cc:439] T bf89c16ce260470a863711ddbbdb3d68 P a66db810508f4e35bac62f5c6c9f6e9c: No bootstrap required, opened a new log
I0913 23:13:48.317028 14728 ts_tablet_manager.cc:1085] T bf89c16ce260470a863711ddbbdb3d68 P a66db810508f4e35bac62f5c6c9f6e9c: Time spent bootstrapping tablet: real 0.247s user 0.048s sys 0.065s
I0913 23:13:48.315039 14610 tablet_service.cc:1295] Received RequestConsensusVote() RPC: tablet_id: "82f65eba7703468ca650e7ca50d39549" candidate_uuid: "a66db810508f4e35bac62f5c6c9f6e9c" candidate_term: 1 candidate_status { last_received { term: 0 index: 0 } } ignore_live_leader: false dest_uuid: "0cad5c4a245f4b3dbd66bb7259f45090"
I0913 23:13:48.314251 14732 raft_consensus.cc:667] T 8ad9594f28c64b8ba3dacd888b84312b P 93a20b201a904b628926e173bbf23463 [term 1 LEADER]: Becoming Leader. State: Replica: 93a20b201a904b628926e173bbf23463, State: Running, Role: LEADER
I0913 23:13:48.319300 14732 consensus_queue.cc:206] T 8ad9594f28c64b8ba3dacd888b84312b P 93a20b201a904b628926e173bbf23463 [LEADER]: Queue going to LEADER mode. State: All replicated index: 0, Majority replicated index: 0, Committed index: 0, Last appended: 0.0, Last appended by leader: 0, Current term: 1, Majority size: 2, State: 0, Mode: LEADER, active raft config: opid_index: -1 OBSOLETE_local: false peers { permanent_uuid: "93a20b201a904b628926e173bbf23463" member_type: VOTER last_known_addr { host: "127.13.53.1" port: 44785 } } peers { permanent_uuid: "0cad5c4a245f4b3dbd66bb7259f45090" member_type: VOTER last_known_addr { host: "127.13.53.2" port: 41231 } } peers { permanent_uuid: "a66db810508f4e35bac62f5c6c9f6e9c" member_type: VOTER last_known_addr { host: "127.13.53.3" port: 37091 } }
I0913 23:13:48.319687 14728 raft_consensus.cc:340] T bf89c16ce260470a863711ddbbdb3d68 P a66db810508f4e35bac62f5c6c9f6e9c [term 0 FOLLOWER]: Replica starting. Triggering 0 pending transactions. Active config: opid_index: -1 OBSOLETE_local: false peers { permanent_uuid: "a66db810508f4e35bac62f5c6c9f6e9c" member_type: VOTER last_known_addr { host: "127.13.53.3" port: 37091 } } peers { permanent_uuid: "93a20b201a904b628926e173bbf23463" member_type: VOTER last_known_addr { host: "127.13.53.1" port: 44785 } } peers { permanent_uuid: "0cad5c4a245f4b3dbd66bb7259f45090" member_type: VOTER last_known_addr { host: "127.13.53.2" port: 41231 } }
I0913 23:13:48.321130 14728 raft_consensus.cc:366] T bf89c16ce260470a863711ddbbdb3d68 P a66db810508f4e35bac62f5c6c9f6e9c [term 0 FOLLOWER]: Consensus starting up: Expiring failure detector timer to make a prompt election more likely
I0913 23:13:48.321416 14728 raft_consensus.cc:705] T bf89c16ce260470a863711ddbbdb3d68 P a66db810508f4e35bac62f5c6c9f6e9c [term 0 FOLLOWER]: Becoming Follower/Learner. State: Replica: a66db810508f4e35bac62f5c6c9f6e9c, State: Initialized, Role: FOLLOWER
I0913 23:13:48.322424 14727 tablet_bootstrap.cc:590] T bf89c16ce260470a863711ddbbdb3d68 P 0cad5c4a245f4b3dbd66bb7259f45090: No blocks or log segments found. Creating new log.
I0913 23:13:48.322135 14728 consensus_queue.cc:229] T bf89c16ce260470a863711ddbbdb3d68 P a66db810508f4e35bac62f5c6c9f6e9c [NON_LEADER]: Queue going to NON_LEADER mode. State: All replicated index: 0, Majority replicated index: 0, Committed index: 0, Last appended: 0.0, Last appended by leader: 0, Current term: 0, Majority size: -1, State: 0, Mode: NON_LEADER, active raft config: opid_index: -1 OBSOLETE_local: false peers { permanent_uuid: "a66db810508f4e35bac62f5c6c9f6e9c" member_type: VOTER last_known_addr { host: "127.13.53.3" port: 37091 } } peers { permanent_uuid: "93a20b201a904b628926e173bbf23463" member_type: VOTER last_known_addr { host: "127.13.53.1" port: 44785 } } peers { permanent_uuid: "0cad5c4a245f4b3dbd66bb7259f45090" member_type: VOTER last_known_addr { host: "127.13.53.2" port: 41231 } }
I0913 23:13:48.326299 14728 ts_tablet_manager.cc:1113] T bf89c16ce260470a863711ddbbdb3d68 P a66db810508f4e35bac62f5c6c9f6e9c: Time spent starting tablet: real 0.009s user 0.005s sys 0.000s
I0913 23:13:48.325014 14610 raft_consensus.cc:2350] T 82f65eba7703468ca650e7ca50d39549 P 0cad5c4a245f4b3dbd66bb7259f45090 [term 1 FOLLOWER]: Leader election vote request: Granting yes vote for candidate a66db810508f4e35bac62f5c6c9f6e9c in term 1.
I0913 23:13:48.329825 14728 tablet_bootstrap.cc:439] T 8ad9594f28c64b8ba3dacd888b84312b P a66db810508f4e35bac62f5c6c9f6e9c: Bootstrap starting.
I0913 23:13:48.332887 14643 leader_election.cc:310] T 82f65eba7703468ca650e7ca50d39549 P a66db810508f4e35bac62f5c6c9f6e9c [CANDIDATE]: Term 1 election: Election decided. Result: candidate won. Election summary: received 3 responses out of 3 voters: 2 yes votes; 1 no votes. yes voters: 0cad5c4a245f4b3dbd66bb7259f45090, a66db810508f4e35bac62f5c6c9f6e9c; no voters: 93a20b201a904b628926e173bbf23463
I0913 23:13:48.333998 14734 raft_consensus.cc:2644] T 82f65eba7703468ca650e7ca50d39549 P a66db810508f4e35bac62f5c6c9f6e9c [term 1 FOLLOWER]: Leader election won for term 1
I0913 23:13:48.338286 14726 tablet_bootstrap.cc:439] T 82f65eba7703468ca650e7ca50d39549 P 93a20b201a904b628926e173bbf23463: No bootstrap required, opened a new log
I0913 23:13:48.338901 14734 raft_consensus.cc:667] T 82f65eba7703468ca650e7ca50d39549 P a66db810508f4e35bac62f5c6c9f6e9c [term 1 LEADER]: Becoming Leader. State: Replica: a66db810508f4e35bac62f5c6c9f6e9c, State: Running, Role: LEADER
I0913 23:13:48.339092 14726 ts_tablet_manager.cc:1085] T 82f65eba7703468ca650e7ca50d39549 P 93a20b201a904b628926e173bbf23463: Time spent bootstrapping tablet: real 0.080s user 0.007s sys 0.003s
I0913 23:13:48.339538 14734 consensus_queue.cc:206] T 82f65eba7703468ca650e7ca50d39549 P a66db810508f4e35bac62f5c6c9f6e9c [LEADER]: Queue going to LEADER mode. State: All replicated index: 0, Majority replicated index: 0, Committed index: 0, Last appended: 0.0, Last appended by leader: 0, Current term: 1, Majority size: 2, State: 0, Mode: LEADER, active raft config: opid_index: -1 OBSOLETE_local: false peers { permanent_uuid: "93a20b201a904b628926e173bbf23463" member_type: VOTER last_known_addr { host: "127.13.53.1" port: 44785 } } peers { permanent_uuid: "0cad5c4a245f4b3dbd66bb7259f45090" member_type: VOTER last_known_addr { host: "127.13.53.2" port: 41231 } } peers { permanent_uuid: "a66db810508f4e35bac62f5c6c9f6e9c" member_type: VOTER last_known_addr { host: "127.13.53.3" port: 37091 } }
I0913 23:13:48.340909 14382 catalog_manager.cc:4079] T 8ad9594f28c64b8ba3dacd888b84312b P 93a20b201a904b628926e173bbf23463 reported cstate change: term changed from 0 to 1, leader changed from to 93a20b201a904b628926e173bbf23463 (127.13.53.1). New cstate: current_term: 1 leader_uuid: "93a20b201a904b628926e173bbf23463" committed_config { opid_index: -1 OBSOLETE_local: false peers { permanent_uuid: "93a20b201a904b628926e173bbf23463" member_type: VOTER last_known_addr { host: "127.13.53.1" port: 44785 } health_report { overall_health: HEALTHY } } peers { permanent_uuid: "0cad5c4a245f4b3dbd66bb7259f45090" member_type: VOTER last_known_addr { host: "127.13.53.2" port: 41231 } health_report { overall_health: UNKNOWN } } peers { permanent_uuid: "a66db810508f4e35bac62f5c6c9f6e9c" member_type: VOTER last_known_addr { host: "127.13.53.3" port: 37091 } health_report { overall_health: UNKNOWN } } }
I0913 23:13:48.343029 14732 raft_consensus.cc:472] T bf89c16ce260470a863711ddbbdb3d68 P 93a20b201a904b628926e173bbf23463 [term 0 FOLLOWER]: Starting pre-election (no leader contacted us within the election timeout)
I0913 23:13:48.343487 14732 raft_consensus.cc:494] T bf89c16ce260470a863711ddbbdb3d68 P 93a20b201a904b628926e173bbf23463 [term 0 FOLLOWER]: Starting pre-election with config: opid_index: -1 OBSOLETE_local: false peers { permanent_uuid: "a66db810508f4e35bac62f5c6c9f6e9c" member_type: VOTER last_known_addr { host: "127.13.53.3" port: 37091 } } peers { permanent_uuid: "93a20b201a904b628926e173bbf23463" member_type: VOTER last_known_addr { host: "127.13.53.1" port: 44785 } } peers { permanent_uuid: "0cad5c4a245f4b3dbd66bb7259f45090" member_type: VOTER last_known_addr { host: "127.13.53.2" port: 41231 } }
I0913 23:13:48.345836 14726 raft_consensus.cc:340] T 82f65eba7703468ca650e7ca50d39549 P 93a20b201a904b628926e173bbf23463 [term 0 FOLLOWER]: Replica starting. Triggering 0 pending transactions. Active config: opid_index: -1 OBSOLETE_local: false peers { permanent_uuid: "93a20b201a904b628926e173bbf23463" member_type: VOTER last_known_addr { host: "127.13.53.1" port: 44785 } } peers { permanent_uuid: "0cad5c4a245f4b3dbd66bb7259f45090" member_type: VOTER last_known_addr { host: "127.13.53.2" port: 41231 } } peers { permanent_uuid: "a66db810508f4e35bac62f5c6c9f6e9c" member_type: VOTER last_known_addr { host: "127.13.53.3" port: 37091 } }
I0913 23:13:48.347327 14726 raft_consensus.cc:366] T 82f65eba7703468ca650e7ca50d39549 P 93a20b201a904b628926e173bbf23463 [term 0 FOLLOWER]: Consensus starting up: Expiring failure detector timer to make a prompt election more likely
I0913 23:13:48.347573 14726 raft_consensus.cc:705] T 82f65eba7703468ca650e7ca50d39549 P 93a20b201a904b628926e173bbf23463 [term 0 FOLLOWER]: Becoming Follower/Learner. State: Replica: 93a20b201a904b628926e173bbf23463, State: Initialized, Role: FOLLOWER
I0913 23:13:48.347995 14681 tablet_service.cc:1295] Received RequestConsensusVote() RPC: tablet_id: "bf89c16ce260470a863711ddbbdb3d68" candidate_uuid: "93a20b201a904b628926e173bbf23463" candidate_term: 1 candidate_status { last_received { term: 0 index: 0 } } ignore_live_leader: false dest_uuid: "a66db810508f4e35bac62f5c6c9f6e9c" is_pre_election: true
I0913 23:13:48.348598 14681 raft_consensus.cc:2350] T bf89c16ce260470a863711ddbbdb3d68 P a66db810508f4e35bac62f5c6c9f6e9c [term 0 FOLLOWER]: Leader pre-election vote request: Granting yes vote for candidate 93a20b201a904b628926e173bbf23463 in term 0.
I0913 23:13:48.349684 14496 leader_election.cc:310] T bf89c16ce260470a863711ddbbdb3d68 P 93a20b201a904b628926e173bbf23463 [CANDIDATE]: Term 1 pre-election: Election decided. Result: candidate won. Election summary: received 2 responses out of 3 voters: 2 yes votes; 0 no votes. yes voters: 93a20b201a904b628926e173bbf23463, a66db810508f4e35bac62f5c6c9f6e9c; no voters:
I0913 23:13:48.351373 14743 raft_consensus.cc:2644] T bf89c16ce260470a863711ddbbdb3d68 P 93a20b201a904b628926e173bbf23463 [term 0 FOLLOWER]: Leader pre-election won for term 1
I0913 23:13:48.357595 14743 raft_consensus.cc:472] T bf89c16ce260470a863711ddbbdb3d68 P 93a20b201a904b628926e173bbf23463 [term 0 FOLLOWER]: Starting leader election (no leader contacted us within the election timeout)
I0913 23:13:48.357990 14743 raft_consensus.cc:2890] T bf89c16ce260470a863711ddbbdb3d68 P 93a20b201a904b628926e173bbf23463 [term 0 FOLLOWER]: Advancing to term 1
I0913 23:13:48.348287 14726 consensus_queue.cc:229] T 82f65eba7703468ca650e7ca50d39549 P 93a20b201a904b628926e173bbf23463 [NON_LEADER]: Queue going to NON_LEADER mode. State: All replicated index: 0, Majority replicated index: 0, Committed index: 0, Last appended: 0.0, Last appended by leader: 0, Current term: 0, Majority size: -1, State: 0, Mode: NON_LEADER, active raft config: opid_index: -1 OBSOLETE_local: false peers { permanent_uuid: "93a20b201a904b628926e173bbf23463" member_type: VOTER last_known_addr { host: "127.13.53.1" port: 44785 } } peers { permanent_uuid: "0cad5c4a245f4b3dbd66bb7259f45090" member_type: VOTER last_known_addr { host: "127.13.53.2" port: 41231 } } peers { permanent_uuid: "a66db810508f4e35bac62f5c6c9f6e9c" member_type: VOTER last_known_addr { host: "127.13.53.3" port: 37091 } }
I0913 23:13:48.353782 14610 tablet_service.cc:1295] Received RequestConsensusVote() RPC: tablet_id: "bf89c16ce260470a863711ddbbdb3d68" candidate_uuid: "93a20b201a904b628926e173bbf23463" candidate_term: 1 candidate_status { last_received { term: 0 index: 0 } } ignore_live_leader: false dest_uuid: "0cad5c4a245f4b3dbd66bb7259f45090" is_pre_election: true
I0913 23:13:48.352557 14732 leader_election.cc:296] T bf89c16ce260470a863711ddbbdb3d68 P 93a20b201a904b628926e173bbf23463 [CANDIDATE]: Term 1 pre-election: Requested pre-vote from peers a66db810508f4e35bac62f5c6c9f6e9c (127.13.53.3:37091), 0cad5c4a245f4b3dbd66bb7259f45090 (127.13.53.2:41231)
I0913 23:13:48.361341 14383 catalog_manager.cc:4079] T 82f65eba7703468ca650e7ca50d39549 P a66db810508f4e35bac62f5c6c9f6e9c reported cstate change: term changed from 0 to 1, leader changed from to a66db810508f4e35bac62f5c6c9f6e9c (127.13.53.3). New cstate: current_term: 1 leader_uuid: "a66db810508f4e35bac62f5c6c9f6e9c" committed_config { opid_index: -1 OBSOLETE_local: false peers { permanent_uuid: "93a20b201a904b628926e173bbf23463" member_type: VOTER last_known_addr { host: "127.13.53.1" port: 44785 } health_report { overall_health: UNKNOWN } } peers { permanent_uuid: "0cad5c4a245f4b3dbd66bb7259f45090" member_type: VOTER last_known_addr { host: "127.13.53.2" port: 41231 } health_report { overall_health: UNKNOWN } } peers { permanent_uuid: "a66db810508f4e35bac62f5c6c9f6e9c" member_type: VOTER last_known_addr { host: "127.13.53.3" port: 37091 } health_report { overall_health: HEALTHY } } }
W0913 23:13:48.365404 14497 leader_election.cc:348] T bf89c16ce260470a863711ddbbdb3d68 P 93a20b201a904b628926e173bbf23463 [CANDIDATE]: Term 1 pre-election: Tablet error from VoteRequest() call to peer 0cad5c4a245f4b3dbd66bb7259f45090 (127.13.53.2:41231): Illegal state: must be running to vote when last-logged opid is not known
I0913 23:13:48.368160 14726 ts_tablet_manager.cc:1113] T 82f65eba7703468ca650e7ca50d39549 P 93a20b201a904b628926e173bbf23463: Time spent starting tablet: real 0.029s user 0.005s sys 0.000s
I0913 23:13:48.370816 14743 raft_consensus.cc:494] T bf89c16ce260470a863711ddbbdb3d68 P 93a20b201a904b628926e173bbf23463 [term 1 FOLLOWER]: Starting leader election with config: opid_index: -1 OBSOLETE_local: false peers { permanent_uuid: "a66db810508f4e35bac62f5c6c9f6e9c" member_type: VOTER last_known_addr { host: "127.13.53.3" port: 37091 } } peers { permanent_uuid: "93a20b201a904b628926e173bbf23463" member_type: VOTER last_known_addr { host: "127.13.53.1" port: 44785 } } peers { permanent_uuid: "0cad5c4a245f4b3dbd66bb7259f45090" member_type: VOTER last_known_addr { host: "127.13.53.2" port: 41231 } }
I0913 23:13:48.374322 14681 tablet_service.cc:1295] Received RequestConsensusVote() RPC: tablet_id: "bf89c16ce260470a863711ddbbdb3d68" candidate_uuid: "93a20b201a904b628926e173bbf23463" candidate_term: 1 candidate_status { last_received { term: 0 index: 0 } } ignore_live_leader: false dest_uuid: "a66db810508f4e35bac62f5c6c9f6e9c"
I0913 23:13:48.375022 14681 raft_consensus.cc:2890] T bf89c16ce260470a863711ddbbdb3d68 P a66db810508f4e35bac62f5c6c9f6e9c [term 0 FOLLOWER]: Advancing to term 1
I0913 23:13:48.376984 14610 tablet_service.cc:1295] Received RequestConsensusVote() RPC: tablet_id: "bf89c16ce260470a863711ddbbdb3d68" candidate_uuid: "93a20b201a904b628926e173bbf23463" candidate_term: 1 candidate_status { last_received { term: 0 index: 0 } } ignore_live_leader: false dest_uuid: "0cad5c4a245f4b3dbd66bb7259f45090"
I0913 23:13:48.378512 14743 leader_election.cc:296] T bf89c16ce260470a863711ddbbdb3d68 P 93a20b201a904b628926e173bbf23463 [CANDIDATE]: Term 1 election: Requested vote from peers a66db810508f4e35bac62f5c6c9f6e9c (127.13.53.3:37091), 0cad5c4a245f4b3dbd66bb7259f45090 (127.13.53.2:41231)
W0913 23:13:48.379079 14497 leader_election.cc:348] T bf89c16ce260470a863711ddbbdb3d68 P 93a20b201a904b628926e173bbf23463 [CANDIDATE]: Term 1 election: Tablet error from VoteRequest() call to peer 0cad5c4a245f4b3dbd66bb7259f45090 (127.13.53.2:41231): Illegal state: must be running to vote when last-logged opid is not known
I0913 23:13:48.381870 14681 raft_consensus.cc:2350] T bf89c16ce260470a863711ddbbdb3d68 P a66db810508f4e35bac62f5c6c9f6e9c [term 1 FOLLOWER]: Leader election vote request: Granting yes vote for candidate 93a20b201a904b628926e173bbf23463 in term 1.
I0913 23:13:48.383450 14496 leader_election.cc:310] T bf89c16ce260470a863711ddbbdb3d68 P 93a20b201a904b628926e173bbf23463 [CANDIDATE]: Term 1 election: Election decided. Result: candidate won. Election summary: received 3 responses out of 3 voters: 2 yes votes; 1 no votes. yes voters: 93a20b201a904b628926e173bbf23463, a66db810508f4e35bac62f5c6c9f6e9c; no voters: 0cad5c4a245f4b3dbd66bb7259f45090
I0913 23:13:48.385242 14743 raft_consensus.cc:2644] T bf89c16ce260470a863711ddbbdb3d68 P 93a20b201a904b628926e173bbf23463 [term 1 FOLLOWER]: Leader election won for term 1
I0913 23:13:48.385589 14728 tablet_bootstrap.cc:590] T 8ad9594f28c64b8ba3dacd888b84312b P a66db810508f4e35bac62f5c6c9f6e9c: No blocks or log segments found. Creating new log.
I0913 23:13:48.385730 14743 raft_consensus.cc:667] T bf89c16ce260470a863711ddbbdb3d68 P 93a20b201a904b628926e173bbf23463 [term 1 LEADER]: Becoming Leader. State: Replica: 93a20b201a904b628926e173bbf23463, State: Running, Role: LEADER
I0913 23:13:48.386724 14743 consensus_queue.cc:206] T bf89c16ce260470a863711ddbbdb3d68 P 93a20b201a904b628926e173bbf23463 [LEADER]: Queue going to LEADER mode. State: All replicated index: 0, Majority replicated index: 0, Committed index: 0, Last appended: 0.0, Last appended by leader: 0, Current term: 1, Majority size: 2, State: 0, Mode: LEADER, active raft config: opid_index: -1 OBSOLETE_local: false peers { permanent_uuid: "a66db810508f4e35bac62f5c6c9f6e9c" member_type: VOTER last_known_addr { host: "127.13.53.3" port: 37091 } } peers { permanent_uuid: "93a20b201a904b628926e173bbf23463" member_type: VOTER last_known_addr { host: "127.13.53.1" port: 44785 } } peers { permanent_uuid: "0cad5c4a245f4b3dbd66bb7259f45090" member_type: VOTER last_known_addr { host: "127.13.53.2" port: 41231 } }
I0913 23:13:48.388742 14727 tablet_bootstrap.cc:439] T bf89c16ce260470a863711ddbbdb3d68 P 0cad5c4a245f4b3dbd66bb7259f45090: No bootstrap required, opened a new log
I0913 23:13:48.389253 14727 ts_tablet_manager.cc:1085] T bf89c16ce260470a863711ddbbdb3d68 P 0cad5c4a245f4b3dbd66bb7259f45090: Time spent bootstrapping tablet: real 0.130s user 0.011s sys 0.012s
I0913 23:13:48.392145 14727 raft_consensus.cc:340] T bf89c16ce260470a863711ddbbdb3d68 P 0cad5c4a245f4b3dbd66bb7259f45090 [term 0 FOLLOWER]: Replica starting. Triggering 0 pending transactions. Active config: opid_index: -1 OBSOLETE_local: false peers { permanent_uuid: "a66db810508f4e35bac62f5c6c9f6e9c" member_type: VOTER last_known_addr { host: "127.13.53.3" port: 37091 } } peers { permanent_uuid: "93a20b201a904b628926e173bbf23463" member_type: VOTER last_known_addr { host: "127.13.53.1" port: 44785 } } peers { permanent_uuid: "0cad5c4a245f4b3dbd66bb7259f45090" member_type: VOTER last_known_addr { host: "127.13.53.2" port: 41231 } }
I0913 23:13:48.392913 14727 raft_consensus.cc:366] T bf89c16ce260470a863711ddbbdb3d68 P 0cad5c4a245f4b3dbd66bb7259f45090 [term 0 FOLLOWER]: Consensus starting up: Expiring failure detector timer to make a prompt election more likely
I0913 23:13:48.393157 14727 raft_consensus.cc:705] T bf89c16ce260470a863711ddbbdb3d68 P 0cad5c4a245f4b3dbd66bb7259f45090 [term 0 FOLLOWER]: Becoming Follower/Learner. State: Replica: 0cad5c4a245f4b3dbd66bb7259f45090, State: Initialized, Role: FOLLOWER
I0913 23:13:48.393893 14727 consensus_queue.cc:229] T bf89c16ce260470a863711ddbbdb3d68 P 0cad5c4a245f4b3dbd66bb7259f45090 [NON_LEADER]: Queue going to NON_LEADER mode. State: All replicated index: 0, Majority replicated index: 0, Committed index: 0, Last appended: 0.0, Last appended by leader: 0, Current term: 0, Majority size: -1, State: 0, Mode: NON_LEADER, active raft config: opid_index: -1 OBSOLETE_local: false peers { permanent_uuid: "a66db810508f4e35bac62f5c6c9f6e9c" member_type: VOTER last_known_addr { host: "127.13.53.3" port: 37091 } } peers { permanent_uuid: "93a20b201a904b628926e173bbf23463" member_type: VOTER last_known_addr { host: "127.13.53.1" port: 44785 } } peers { permanent_uuid: "0cad5c4a245f4b3dbd66bb7259f45090" member_type: VOTER last_known_addr { host: "127.13.53.2" port: 41231 } }
W0913 23:13:48.404768 14496 consensus_peers.cc:458] T 8ad9594f28c64b8ba3dacd888b84312b P 93a20b201a904b628926e173bbf23463 -> Peer a66db810508f4e35bac62f5c6c9f6e9c (127.13.53.3:37091): Couldn't send request to peer a66db810508f4e35bac62f5c6c9f6e9c. Error code: TABLET_NOT_RUNNING (12). Status: Illegal state: Tablet not RUNNING: BOOTSTRAPPING. This is attempt 1: this message will repeat every 5th retry.
I0913 23:13:48.417775 14732 consensus_queue.cc:984] T 8ad9594f28c64b8ba3dacd888b84312b P 93a20b201a904b628926e173bbf23463 [LEADER]: Connected to new peer: Peer: permanent_uuid: "0cad5c4a245f4b3dbd66bb7259f45090" member_type: VOTER last_known_addr { host: "127.13.53.2" port: 41231 }, Status: LMP_MISMATCH, Last received: 0.0, Next index: 1, Last known committed idx: 0, Time since last communication: 0.001s
I0913 23:13:48.423213 14727 ts_tablet_manager.cc:1113] T bf89c16ce260470a863711ddbbdb3d68 P 0cad5c4a245f4b3dbd66bb7259f45090: Time spent starting tablet: real 0.034s user 0.005s sys 0.000s
I0913 23:13:48.428645 14733 raft_consensus.cc:472] T bf89c16ce260470a863711ddbbdb3d68 P 0cad5c4a245f4b3dbd66bb7259f45090 [term 0 FOLLOWER]: Starting pre-election (no leader contacted us within the election timeout)
I0913 23:13:48.429067 14733 raft_consensus.cc:494] T bf89c16ce260470a863711ddbbdb3d68 P 0cad5c4a245f4b3dbd66bb7259f45090 [term 0 FOLLOWER]: Starting pre-election with config: opid_index: -1 OBSOLETE_local: false peers { permanent_uuid: "a66db810508f4e35bac62f5c6c9f6e9c" member_type: VOTER last_known_addr { host: "127.13.53.3" port: 37091 } } peers { permanent_uuid: "93a20b201a904b628926e173bbf23463" member_type: VOTER last_known_addr { host: "127.13.53.1" port: 44785 } } peers { permanent_uuid: "0cad5c4a245f4b3dbd66bb7259f45090" member_type: VOTER last_known_addr { host: "127.13.53.2" port: 41231 } }
I0913 23:13:48.432559 14733 leader_election.cc:296] T bf89c16ce260470a863711ddbbdb3d68 P 0cad5c4a245f4b3dbd66bb7259f45090 [CANDIDATE]: Term 1 pre-election: Requested pre-vote from peers a66db810508f4e35bac62f5c6c9f6e9c (127.13.53.3:37091), 93a20b201a904b628926e173bbf23463 (127.13.53.1:44785)
I0913 23:13:48.434911 14681 tablet_service.cc:1295] Received RequestConsensusVote() RPC: tablet_id: "bf89c16ce260470a863711ddbbdb3d68" candidate_uuid: "0cad5c4a245f4b3dbd66bb7259f45090" candidate_term: 1 candidate_status { last_received { term: 0 index: 0 } } ignore_live_leader: false dest_uuid: "a66db810508f4e35bac62f5c6c9f6e9c" is_pre_election: true
I0913 23:13:48.436908 14681 raft_consensus.cc:2280] T bf89c16ce260470a863711ddbbdb3d68 P a66db810508f4e35bac62f5c6c9f6e9c [term 1 FOLLOWER]: Leader pre-election vote request: Denying vote to candidate 0cad5c4a245f4b3dbd66bb7259f45090 in current term 1: Already voted for candidate 93a20b201a904b628926e173bbf23463 in this term.
I0913 23:13:48.434854 14539 tablet_service.cc:1295] Received RequestConsensusVote() RPC: tablet_id: "bf89c16ce260470a863711ddbbdb3d68" candidate_uuid: "0cad5c4a245f4b3dbd66bb7259f45090" candidate_term: 1 candidate_status { last_received { term: 0 index: 0 } } ignore_live_leader: false dest_uuid: "93a20b201a904b628926e173bbf23463" is_pre_election: true
I0913 23:13:48.442633 14539 raft_consensus.cc:2311] T bf89c16ce260470a863711ddbbdb3d68 P 93a20b201a904b628926e173bbf23463 [term 1 LEADER]: Leader pre-election vote request: Denying vote to candidate 0cad5c4a245f4b3dbd66bb7259f45090 for term 1 because replica is either leader or believes a valid leader to be alive.
I0913 23:13:48.447594 14571 leader_election.cc:310] T bf89c16ce260470a863711ddbbdb3d68 P 0cad5c4a245f4b3dbd66bb7259f45090 [CANDIDATE]: Term 1 pre-election: Election decided. Result: candidate lost. Election summary: received 3 responses out of 3 voters: 1 yes votes; 2 no votes. yes voters: 0cad5c4a245f4b3dbd66bb7259f45090; no voters: 93a20b201a904b628926e173bbf23463, a66db810508f4e35bac62f5c6c9f6e9c
I0913 23:13:48.448524 14733 raft_consensus.cc:2890] T bf89c16ce260470a863711ddbbdb3d68 P 0cad5c4a245f4b3dbd66bb7259f45090 [term 0 FOLLOWER]: Advancing to term 1
I0913 23:13:48.457686 14733 raft_consensus.cc:2592] T bf89c16ce260470a863711ddbbdb3d68 P 0cad5c4a245f4b3dbd66bb7259f45090 [term 1 FOLLOWER]: Leader pre-election lost for term 1. Reason: could not achieve majority
I0913 23:13:48.453122 14743 raft_consensus.cc:472] T 82f65eba7703468ca650e7ca50d39549 P 93a20b201a904b628926e173bbf23463 [term 0 FOLLOWER]: Starting pre-election (no leader contacted us within the election timeout)
I0913 23:13:48.481982 14734 consensus_queue.cc:984] T 82f65eba7703468ca650e7ca50d39549 P a66db810508f4e35bac62f5c6c9f6e9c [LEADER]: Connected to new peer: Peer: permanent_uuid: "0cad5c4a245f4b3dbd66bb7259f45090" member_type: VOTER last_known_addr { host: "127.13.53.2" port: 41231 }, Status: LMP_MISMATCH, Last received: 0.0, Next index: 1, Last known committed idx: 0, Time since last communication: 0.001s
I0913 23:13:48.478405 14743 raft_consensus.cc:494] T 82f65eba7703468ca650e7ca50d39549 P 93a20b201a904b628926e173bbf23463 [term 0 FOLLOWER]: Starting pre-election with config: opid_index: -1 OBSOLETE_local: false peers { permanent_uuid: "93a20b201a904b628926e173bbf23463" member_type: VOTER last_known_addr { host: "127.13.53.1" port: 44785 } } peers { permanent_uuid: "0cad5c4a245f4b3dbd66bb7259f45090" member_type: VOTER last_known_addr { host: "127.13.53.2" port: 41231 } } peers { permanent_uuid: "a66db810508f4e35bac62f5c6c9f6e9c" member_type: VOTER last_known_addr { host: "127.13.53.3" port: 37091 } }
I0913 23:13:48.506244 14539 raft_consensus.cc:2890] T 82f65eba7703468ca650e7ca50d39549 P 93a20b201a904b628926e173bbf23463 [term 0 FOLLOWER]: Advancing to term 1
I0913 23:13:48.516449 14728 tablet_bootstrap.cc:439] T 8ad9594f28c64b8ba3dacd888b84312b P a66db810508f4e35bac62f5c6c9f6e9c: No bootstrap required, opened a new log
I0913 23:13:48.528724 14743 leader_election.cc:296] T 82f65eba7703468ca650e7ca50d39549 P 93a20b201a904b628926e173bbf23463 [CANDIDATE]: Term 1 pre-election: Requested pre-vote from peers 0cad5c4a245f4b3dbd66bb7259f45090 (127.13.53.2:41231), a66db810508f4e35bac62f5c6c9f6e9c (127.13.53.3:37091)
I0913 23:13:48.526006 14728 ts_tablet_manager.cc:1085] T 8ad9594f28c64b8ba3dacd888b84312b P a66db810508f4e35bac62f5c6c9f6e9c: Time spent bootstrapping tablet: real 0.196s user 0.020s sys 0.014s
I0913 23:13:48.522459 14384 catalog_manager.cc:4079] T bf89c16ce260470a863711ddbbdb3d68 P 93a20b201a904b628926e173bbf23463 reported cstate change: term changed from 0 to 1, leader changed from to 93a20b201a904b628926e173bbf23463 (127.13.53.1). New cstate: current_term: 1 leader_uuid: "93a20b201a904b628926e173bbf23463" committed_config { opid_index: -1 OBSOLETE_local: false peers { permanent_uuid: "a66db810508f4e35bac62f5c6c9f6e9c" member_type: VOTER last_known_addr { host: "127.13.53.3" port: 37091 } health_report { overall_health: UNKNOWN } } peers { permanent_uuid: "93a20b201a904b628926e173bbf23463" member_type: VOTER last_known_addr { host: "127.13.53.1" port: 44785 } health_report { overall_health: HEALTHY } } peers { permanent_uuid: "0cad5c4a245f4b3dbd66bb7259f45090" member_type: VOTER last_known_addr { host: "127.13.53.2" port: 41231 } health_report { overall_health: UNKNOWN } } }
I0913 23:13:48.538672 14734 consensus_queue.cc:984] T 82f65eba7703468ca650e7ca50d39549 P a66db810508f4e35bac62f5c6c9f6e9c [LEADER]: Connected to new peer: Peer: permanent_uuid: "93a20b201a904b628926e173bbf23463" member_type: VOTER last_known_addr { host: "127.13.53.1" port: 44785 }, Status: LMP_MISMATCH, Last received: 0.0, Next index: 1, Last known committed idx: 0, Time since last communication: 0.000s
I0913 23:13:48.560665 14680 tablet_service.cc:1295] Received RequestConsensusVote() RPC: tablet_id: "82f65eba7703468ca650e7ca50d39549" candidate_uuid: "93a20b201a904b628926e173bbf23463" candidate_term: 1 candidate_status { last_received { term: 0 index: 0 } } ignore_live_leader: false dest_uuid: "a66db810508f4e35bac62f5c6c9f6e9c" is_pre_election: true
I0913 23:13:48.561396 14680 raft_consensus.cc:2311] T 82f65eba7703468ca650e7ca50d39549 P a66db810508f4e35bac62f5c6c9f6e9c [term 1 LEADER]: Leader pre-election vote request: Denying vote to candidate 93a20b201a904b628926e173bbf23463 for term 1 because replica is either leader or believes a valid leader to be alive.
I0913 23:13:48.567950 14743 consensus_queue.cc:984] T bf89c16ce260470a863711ddbbdb3d68 P 93a20b201a904b628926e173bbf23463 [LEADER]: Connected to new peer: Peer: permanent_uuid: "a66db810508f4e35bac62f5c6c9f6e9c" member_type: VOTER last_known_addr { host: "127.13.53.3" port: 37091 }, Status: LMP_MISMATCH, Last received: 0.0, Next index: 1, Last known committed idx: 0, Time since last communication: 0.000s
I0913 23:13:48.576603 14728 raft_consensus.cc:340] T 8ad9594f28c64b8ba3dacd888b84312b P a66db810508f4e35bac62f5c6c9f6e9c [term 0 FOLLOWER]: Replica starting. Triggering 0 pending transactions. Active config: opid_index: -1 OBSOLETE_local: false peers { permanent_uuid: "93a20b201a904b628926e173bbf23463" member_type: VOTER last_known_addr { host: "127.13.53.1" port: 44785 } } peers { permanent_uuid: "0cad5c4a245f4b3dbd66bb7259f45090" member_type: VOTER last_known_addr { host: "127.13.53.2" port: 41231 } } peers { permanent_uuid: "a66db810508f4e35bac62f5c6c9f6e9c" member_type: VOTER last_known_addr { host: "127.13.53.3" port: 37091 } }
I0913 23:13:48.577484 14728 raft_consensus.cc:366] T 8ad9594f28c64b8ba3dacd888b84312b P a66db810508f4e35bac62f5c6c9f6e9c [term 0 FOLLOWER]: Consensus starting up: Expiring failure detector timer to make a prompt election more likely
I0913 23:13:48.577728 14728 raft_consensus.cc:705] T 8ad9594f28c64b8ba3dacd888b84312b P a66db810508f4e35bac62f5c6c9f6e9c [term 0 FOLLOWER]: Becoming Follower/Learner. State: Replica: a66db810508f4e35bac62f5c6c9f6e9c, State: Initialized, Role: FOLLOWER
I0913 23:13:48.578444 14728 consensus_queue.cc:229] T 8ad9594f28c64b8ba3dacd888b84312b P a66db810508f4e35bac62f5c6c9f6e9c [NON_LEADER]: Queue going to NON_LEADER mode. State: All replicated index: 0, Majority replicated index: 0, Committed index: 0, Last appended: 0.0, Last appended by leader: 0, Current term: 0, Majority size: -1, State: 0, Mode: NON_LEADER, active raft config: opid_index: -1 OBSOLETE_local: false peers { permanent_uuid: "93a20b201a904b628926e173bbf23463" member_type: VOTER last_known_addr { host: "127.13.53.1" port: 44785 } } peers { permanent_uuid: "0cad5c4a245f4b3dbd66bb7259f45090" member_type: VOTER last_known_addr { host: "127.13.53.2" port: 41231 } } peers { permanent_uuid: "a66db810508f4e35bac62f5c6c9f6e9c" member_type: VOTER last_known_addr { host: "127.13.53.3" port: 37091 } }
I0913 23:13:48.580178 14728 ts_tablet_manager.cc:1113] T 8ad9594f28c64b8ba3dacd888b84312b P a66db810508f4e35bac62f5c6c9f6e9c: Time spent starting tablet: real 0.050s user 0.005s sys 0.000s
I0913 23:13:48.597069 14734 raft_consensus.cc:472] T 8ad9594f28c64b8ba3dacd888b84312b P a66db810508f4e35bac62f5c6c9f6e9c [term 0 FOLLOWER]: Starting pre-election (no leader contacted us within the election timeout)
I0913 23:13:48.633903 14733 raft_consensus.cc:472] T 8ad9594f28c64b8ba3dacd888b84312b P 0cad5c4a245f4b3dbd66bb7259f45090 [term 1 FOLLOWER]: Starting pre-election (detected failure of leader 93a20b201a904b628926e173bbf23463)
I0913 23:13:48.606171 14734 raft_consensus.cc:494] T 8ad9594f28c64b8ba3dacd888b84312b P a66db810508f4e35bac62f5c6c9f6e9c [term 0 FOLLOWER]: Starting pre-election with config: opid_index: -1 OBSOLETE_local: false peers { permanent_uuid: "93a20b201a904b628926e173bbf23463" member_type: VOTER last_known_addr { host: "127.13.53.1" port: 44785 } } peers { permanent_uuid: "0cad5c4a245f4b3dbd66bb7259f45090" member_type: VOTER last_known_addr { host: "127.13.53.2" port: 41231 } } peers { permanent_uuid: "a66db810508f4e35bac62f5c6c9f6e9c" member_type: VOTER last_known_addr { host: "127.13.53.3" port: 37091 } }
I0913 23:13:48.686290 14734 leader_election.cc:296] T 8ad9594f28c64b8ba3dacd888b84312b P a66db810508f4e35bac62f5c6c9f6e9c [CANDIDATE]: Term 1 pre-election: Requested pre-vote from peers 93a20b201a904b628926e173bbf23463 (127.13.53.1:44785), 0cad5c4a245f4b3dbd66bb7259f45090 (127.13.53.2:41231)
I0913 23:13:48.658651 14733 raft_consensus.cc:494] T 8ad9594f28c64b8ba3dacd888b84312b P 0cad5c4a245f4b3dbd66bb7259f45090 [term 1 FOLLOWER]: Starting pre-election with config: opid_index: -1 OBSOLETE_local: false peers { permanent_uuid: "93a20b201a904b628926e173bbf23463" member_type: VOTER last_known_addr { host: "127.13.53.1" port: 44785 } } peers { permanent_uuid: "0cad5c4a245f4b3dbd66bb7259f45090" member_type: VOTER last_known_addr { host: "127.13.53.2" port: 41231 } } peers { permanent_uuid: "a66db810508f4e35bac62f5c6c9f6e9c" member_type: VOTER last_known_addr { host: "127.13.53.3" port: 37091 } }
I0913 23:13:48.695456 14609 tablet_service.cc:1295] Received RequestConsensusVote() RPC: tablet_id: "8ad9594f28c64b8ba3dacd888b84312b" candidate_uuid: "a66db810508f4e35bac62f5c6c9f6e9c" candidate_term: 1 candidate_status { last_received { term: 0 index: 0 } } ignore_live_leader: false dest_uuid: "0cad5c4a245f4b3dbd66bb7259f45090" is_pre_election: true
I0913 23:13:48.721078 14681 raft_consensus.cc:2890] T 8ad9594f28c64b8ba3dacd888b84312b P a66db810508f4e35bac62f5c6c9f6e9c [term 0 FOLLOWER]: Advancing to term 1
I0913 23:13:48.721577 14733 leader_election.cc:296] T 8ad9594f28c64b8ba3dacd888b84312b P 0cad5c4a245f4b3dbd66bb7259f45090 [CANDIDATE]: Term 2 pre-election: Requested pre-vote from peers 93a20b201a904b628926e173bbf23463 (127.13.53.1:44785), a66db810508f4e35bac62f5c6c9f6e9c (127.13.53.3:37091)
I0913 23:13:48.723754 14733 raft_consensus.cc:472] T bf89c16ce260470a863711ddbbdb3d68 P 0cad5c4a245f4b3dbd66bb7259f45090 [term 1 FOLLOWER]: Starting pre-election (no leader contacted us within the election timeout)
I0913 23:13:48.726743 14733 raft_consensus.cc:494] T bf89c16ce260470a863711ddbbdb3d68 P 0cad5c4a245f4b3dbd66bb7259f45090 [term 1 FOLLOWER]: Starting pre-election with config: opid_index: -1 OBSOLETE_local: false peers { permanent_uuid: "a66db810508f4e35bac62f5c6c9f6e9c" member_type: VOTER last_known_addr { host: "127.13.53.3" port: 37091 } } peers { permanent_uuid: "93a20b201a904b628926e173bbf23463" member_type: VOTER last_known_addr { host: "127.13.53.1" port: 44785 } } peers { permanent_uuid: "0cad5c4a245f4b3dbd66bb7259f45090" member_type: VOTER last_known_addr { host: "127.13.53.2" port: 41231 } }
I0913 23:13:48.732403 14538 tablet_service.cc:1295] Received RequestConsensusVote() RPC: tablet_id: "8ad9594f28c64b8ba3dacd888b84312b" candidate_uuid: "a66db810508f4e35bac62f5c6c9f6e9c" candidate_term: 1 candidate_status { last_received { term: 0 index: 0 } } ignore_live_leader: false dest_uuid: "93a20b201a904b628926e173bbf23463" is_pre_election: true
I0913 23:13:48.733266 14538 raft_consensus.cc:2311] T 8ad9594f28c64b8ba3dacd888b84312b P 93a20b201a904b628926e173bbf23463 [term 1 LEADER]: Leader pre-election vote request: Denying vote to candidate a66db810508f4e35bac62f5c6c9f6e9c for term 1 because replica is either leader or believes a valid leader to be alive.
I0913 23:13:48.734535 14607 tablet_service.cc:1295] Received RequestConsensusVote() RPC: tablet_id: "82f65eba7703468ca650e7ca50d39549" candidate_uuid: "93a20b201a904b628926e173bbf23463" candidate_term: 1 candidate_status { last_received { term: 0 index: 0 } } ignore_live_leader: false dest_uuid: "0cad5c4a245f4b3dbd66bb7259f45090" is_pre_election: true
I0913 23:13:48.744997 14762 consensus_queue.cc:984] T bf89c16ce260470a863711ddbbdb3d68 P 93a20b201a904b628926e173bbf23463 [LEADER]: Connected to new peer: Peer: permanent_uuid: "0cad5c4a245f4b3dbd66bb7259f45090" member_type: VOTER last_known_addr { host: "127.13.53.2" port: 41231 }, Status: LMP_MISMATCH, Last received: 0.0, Next index: 1, Last known committed idx: 0, Time since last communication: 0.009s
I0913 23:13:48.757369 14679 tablet_service.cc:1295] Received RequestConsensusVote() RPC: tablet_id: "8ad9594f28c64b8ba3dacd888b84312b" candidate_uuid: "0cad5c4a245f4b3dbd66bb7259f45090" candidate_term: 2 candidate_status { last_received { term: 1 index: 1 } } ignore_live_leader: false dest_uuid: "a66db810508f4e35bac62f5c6c9f6e9c" is_pre_election: true
I0913 23:13:48.757046 14762 raft_consensus.cc:472] T 82f65eba7703468ca650e7ca50d39549 P 93a20b201a904b628926e173bbf23463 [term 1 FOLLOWER]: Starting pre-election (detected failure of leader a66db810508f4e35bac62f5c6c9f6e9c)
I0913 23:13:48.762863 14733 leader_election.cc:296] T bf89c16ce260470a863711ddbbdb3d68 P 0cad5c4a245f4b3dbd66bb7259f45090 [CANDIDATE]: Term 2 pre-election: Requested pre-vote from peers a66db810508f4e35bac62f5c6c9f6e9c (127.13.53.3:37091), 93a20b201a904b628926e173bbf23463 (127.13.53.1:44785)
I0913 23:13:48.770936 14607 raft_consensus.cc:2325] T 82f65eba7703468ca650e7ca50d39549 P 0cad5c4a245f4b3dbd66bb7259f45090 [term 1 FOLLOWER]: Leader pre-election vote request: Denying vote to candidate 93a20b201a904b628926e173bbf23463 for term 1 because replica is already servicing an update from a current leader or another vote.
I0913 23:13:48.770335 14680 tablet_service.cc:1295] Received RequestConsensusVote() RPC: tablet_id: "bf89c16ce260470a863711ddbbdb3d68" candidate_uuid: "0cad5c4a245f4b3dbd66bb7259f45090" candidate_term: 2 candidate_status { last_received { term: 0 index: 0 } } ignore_live_leader: false dest_uuid: "a66db810508f4e35bac62f5c6c9f6e9c" is_pre_election: true
I0913 23:13:48.775184 14538 tablet_service.cc:1295] Received RequestConsensusVote() RPC: tablet_id: "8ad9594f28c64b8ba3dacd888b84312b" candidate_uuid: "0cad5c4a245f4b3dbd66bb7259f45090" candidate_term: 2 candidate_status { last_received { term: 1 index: 1 } } ignore_live_leader: false dest_uuid: "93a20b201a904b628926e173bbf23463" is_pre_election: true
W0913 23:13:48.783327 14497 leader_election.cc:341] T 82f65eba7703468ca650e7ca50d39549 P 93a20b201a904b628926e173bbf23463 [CANDIDATE]: Term 1 pre-election: RPC error from VoteRequest() call to peer 0cad5c4a245f4b3dbd66bb7259f45090 (127.13.53.2:41231): Timed out: RequestConsensusVote RPC to 127.13.53.2:41231 timed out after 0.200s (SENT)
I0913 23:13:48.784462 14609 raft_consensus.cc:2325] T 8ad9594f28c64b8ba3dacd888b84312b P 0cad5c4a245f4b3dbd66bb7259f45090 [term 1 FOLLOWER]: Leader pre-election vote request: Denying vote to candidate a66db810508f4e35bac62f5c6c9f6e9c for term 1 because replica is already servicing an update from a current leader or another vote.
I0913 23:13:48.784508 14537 tablet_service.cc:1295] Received RequestConsensusVote() RPC: tablet_id: "bf89c16ce260470a863711ddbbdb3d68" candidate_uuid: "0cad5c4a245f4b3dbd66bb7259f45090" candidate_term: 2 candidate_status { last_received { term: 0 index: 0 } } ignore_live_leader: false dest_uuid: "93a20b201a904b628926e173bbf23463" is_pre_election: true
I0913 23:13:48.785459 14537 raft_consensus.cc:2311] T bf89c16ce260470a863711ddbbdb3d68 P 93a20b201a904b628926e173bbf23463 [term 1 LEADER]: Leader pre-election vote request: Denying vote to candidate 0cad5c4a245f4b3dbd66bb7259f45090 for term 2 because replica is either leader or believes a valid leader to be alive.
I0913 23:13:48.785018 14538 raft_consensus.cc:2311] T 8ad9594f28c64b8ba3dacd888b84312b P 93a20b201a904b628926e173bbf23463 [term 1 LEADER]: Leader pre-election vote request: Denying vote to candidate 0cad5c4a245f4b3dbd66bb7259f45090 for term 2 because replica is either leader or believes a valid leader to be alive.
I0913 23:13:48.786406 14680 raft_consensus.cc:2325] T bf89c16ce260470a863711ddbbdb3d68 P a66db810508f4e35bac62f5c6c9f6e9c [term 1 FOLLOWER]: Leader pre-election vote request: Denying vote to candidate 0cad5c4a245f4b3dbd66bb7259f45090 for term 2 because replica is already servicing an update from a current leader or another vote.
I0913 23:13:48.786331 14643 leader_election.cc:310] T 8ad9594f28c64b8ba3dacd888b84312b P a66db810508f4e35bac62f5c6c9f6e9c [CANDIDATE]: Term 1 pre-election: Election decided. Result: candidate lost. Election summary: received 3 responses out of 3 voters: 1 yes votes; 2 no votes. yes voters: a66db810508f4e35bac62f5c6c9f6e9c; no voters: 0cad5c4a245f4b3dbd66bb7259f45090, 93a20b201a904b628926e173bbf23463
I0913 23:13:48.790127 14497 leader_election.cc:310] T 82f65eba7703468ca650e7ca50d39549 P 93a20b201a904b628926e173bbf23463 [CANDIDATE]: Term 1 pre-election: Election decided. Result: candidate lost. Election summary: received 3 responses out of 3 voters: 1 yes votes; 2 no votes. yes voters: 93a20b201a904b628926e173bbf23463; no voters: 0cad5c4a245f4b3dbd66bb7259f45090, a66db810508f4e35bac62f5c6c9f6e9c
I0913 23:13:48.790866 14574 leader_election.cc:310] T bf89c16ce260470a863711ddbbdb3d68 P 0cad5c4a245f4b3dbd66bb7259f45090 [CANDIDATE]: Term 2 pre-election: Election decided. Result: candidate lost. Election summary: received 3 responses out of 3 voters: 1 yes votes; 2 no votes. yes voters: 0cad5c4a245f4b3dbd66bb7259f45090; no voters: 93a20b201a904b628926e173bbf23463, a66db810508f4e35bac62f5c6c9f6e9c
I0913 23:13:48.767189 14762 raft_consensus.cc:494] T 82f65eba7703468ca650e7ca50d39549 P 93a20b201a904b628926e173bbf23463 [term 1 FOLLOWER]: Starting pre-election with config: opid_index: -1 OBSOLETE_local: false peers { permanent_uuid: "93a20b201a904b628926e173bbf23463" member_type: VOTER last_known_addr { host: "127.13.53.1" port: 44785 } } peers { permanent_uuid: "0cad5c4a245f4b3dbd66bb7259f45090" member_type: VOTER last_known_addr { host: "127.13.53.2" port: 41231 } } peers { permanent_uuid: "a66db810508f4e35bac62f5c6c9f6e9c" member_type: VOTER last_known_addr { host: "127.13.53.3" port: 37091 } }
I0913 23:13:48.792701 14762 leader_election.cc:296] T 82f65eba7703468ca650e7ca50d39549 P 93a20b201a904b628926e173bbf23463 [CANDIDATE]: Term 2 pre-election: Requested pre-vote from peers 0cad5c4a245f4b3dbd66bb7259f45090 (127.13.53.2:41231), a66db810508f4e35bac62f5c6c9f6e9c (127.13.53.3:37091)
I0913 23:13:48.811378 14762 raft_consensus.cc:2592] T 82f65eba7703468ca650e7ca50d39549 P 93a20b201a904b628926e173bbf23463 [term 1 FOLLOWER]: Leader pre-election lost for term 1. Reason: could not achieve majority
I0913 23:13:48.814991 14680 tablet_service.cc:1295] Received RequestConsensusVote() RPC: tablet_id: "82f65eba7703468ca650e7ca50d39549" candidate_uuid: "93a20b201a904b628926e173bbf23463" candidate_term: 2 candidate_status { last_received { term: 1 index: 1 } } ignore_live_leader: false dest_uuid: "a66db810508f4e35bac62f5c6c9f6e9c" is_pre_election: true
I0913 23:13:48.815832 14680 raft_consensus.cc:2311] T 82f65eba7703468ca650e7ca50d39549 P a66db810508f4e35bac62f5c6c9f6e9c [term 1 LEADER]: Leader pre-election vote request: Denying vote to candidate 93a20b201a904b628926e173bbf23463 for term 2 because replica is either leader or believes a valid leader to be alive.
I0913 23:13:48.820348 14609 tablet_service.cc:1295] Received RequestConsensusVote() RPC: tablet_id: "82f65eba7703468ca650e7ca50d39549" candidate_uuid: "93a20b201a904b628926e173bbf23463" candidate_term: 2 candidate_status { last_received { term: 1 index: 1 } } ignore_live_leader: false dest_uuid: "0cad5c4a245f4b3dbd66bb7259f45090" is_pre_election: true
I0913 23:13:48.823071 14772 raft_consensus.cc:472] T 82f65eba7703468ca650e7ca50d39549 P 0cad5c4a245f4b3dbd66bb7259f45090 [term 1 FOLLOWER]: Starting pre-election (detected failure of leader a66db810508f4e35bac62f5c6c9f6e9c)
I0913 23:13:48.824169 14772 raft_consensus.cc:494] T 82f65eba7703468ca650e7ca50d39549 P 0cad5c4a245f4b3dbd66bb7259f45090 [term 1 FOLLOWER]: Starting pre-election with config: opid_index: -1 OBSOLETE_local: false peers { permanent_uuid: "93a20b201a904b628926e173bbf23463" member_type: VOTER last_known_addr { host: "127.13.53.1" port: 44785 } } peers { permanent_uuid: "0cad5c4a245f4b3dbd66bb7259f45090" member_type: VOTER last_known_addr { host: "127.13.53.2" port: 41231 } } peers { permanent_uuid: "a66db810508f4e35bac62f5c6c9f6e9c" member_type: VOTER last_known_addr { host: "127.13.53.3" port: 37091 } }
I0913 23:13:48.830135 14609 raft_consensus.cc:2325] T 82f65eba7703468ca650e7ca50d39549 P 0cad5c4a245f4b3dbd66bb7259f45090 [term 1 FOLLOWER]: Leader pre-election vote request: Denying vote to candidate 93a20b201a904b628926e173bbf23463 for term 2 because replica is already servicing an update from a current leader or another vote.
I0913 23:13:48.830041 14680 tablet_service.cc:1295] Received RequestConsensusVote() RPC: tablet_id: "82f65eba7703468ca650e7ca50d39549" candidate_uuid: "0cad5c4a245f4b3dbd66bb7259f45090" candidate_term: 2 candidate_status { last_received { term: 1 index: 1 } } ignore_live_leader: false dest_uuid: "a66db810508f4e35bac62f5c6c9f6e9c" is_pre_election: true
I0913 23:13:48.830976 14680 raft_consensus.cc:2311] T 82f65eba7703468ca650e7ca50d39549 P a66db810508f4e35bac62f5c6c9f6e9c [term 1 LEADER]: Leader pre-election vote request: Denying vote to candidate 0cad5c4a245f4b3dbd66bb7259f45090 for term 2 because replica is either leader or believes a valid leader to be alive.
I0913 23:13:48.828009 14772 leader_election.cc:296] T 82f65eba7703468ca650e7ca50d39549 P 0cad5c4a245f4b3dbd66bb7259f45090 [CANDIDATE]: Term 2 pre-election: Requested pre-vote from peers 93a20b201a904b628926e173bbf23463 (127.13.53.1:44785), a66db810508f4e35bac62f5c6c9f6e9c (127.13.53.3:37091)
