I0913 23:13:50.446331 14679 raft_consensus.cc:2885] T 82f65eba7703468ca650e7ca50d39549 P a66db810508f4e35bac62f5c6c9f6e9c [term 1 LEADER]: Stepping down as leader of term 1
I0913 23:13:50.446476 14679 raft_consensus.cc:705] T 82f65eba7703468ca650e7ca50d39549 P a66db810508f4e35bac62f5c6c9f6e9c [term 1 LEADER]: Becoming Follower/Learner. State: Replica: a66db810508f4e35bac62f5c6c9f6e9c, State: Running, Role: LEADER
I0913 23:13:50.446971 14679 consensus_queue.cc:229] T 82f65eba7703468ca650e7ca50d39549 P a66db810508f4e35bac62f5c6c9f6e9c [NON_LEADER]: Queue going to NON_LEADER mode. State: All replicated index: 0, Majority replicated index: 2, Committed index: 2, Last appended: 1.2, Last appended by leader: 2, Current term: 1, Majority size: -1, State: 0, Mode: NON_LEADER, active raft config: opid_index: -1 OBSOLETE_local: false peers { permanent_uuid: "93a20b201a904b628926e173bbf23463" member_type: VOTER last_known_addr { host: "127.13.53.1" port: 44785 } } peers { permanent_uuid: "0cad5c4a245f4b3dbd66bb7259f45090" member_type: VOTER last_known_addr { host: "127.13.53.2" port: 41231 } } peers { permanent_uuid: "a66db810508f4e35bac62f5c6c9f6e9c" member_type: VOTER last_known_addr { host: "127.13.53.3" port: 37091 } }
I0913 23:13:50.447805 14679 raft_consensus.cc:2890] T 82f65eba7703468ca650e7ca50d39549 P a66db810508f4e35bac62f5c6c9f6e9c [term 1 FOLLOWER]: Advancing to term 2
I0913 23:13:50.495901 14679 raft_consensus.cc:1184] T bf89c16ce260470a863711ddbbdb3d68 P a66db810508f4e35bac62f5c6c9f6e9c [term 3 FOLLOWER]: Refusing update from remote peer 93a20b201a904b628926e173bbf23463: Log matching property violated. Preceding OpId in replica: term: 2 index: 3. Preceding OpId from leader: term: 3 index: 4. (index mismatch)
I0913 23:13:50.497114 14821 consensus_queue.cc:984] T bf89c16ce260470a863711ddbbdb3d68 P 93a20b201a904b628926e173bbf23463 [LEADER]: Connected to new peer: Peer: permanent_uuid: "a66db810508f4e35bac62f5c6c9f6e9c" member_type: VOTER last_known_addr { host: "127.13.53.3" port: 37091 }, Status: LMP_MISMATCH, Last received: 0.0, Next index: 4, Last known committed idx: 3, Time since last communication: 0.000s
I0913 23:13:50.497807 14608 raft_consensus.cc:1184] T bf89c16ce260470a863711ddbbdb3d68 P 0cad5c4a245f4b3dbd66bb7259f45090 [term 3 FOLLOWER]: Refusing update from remote peer 93a20b201a904b628926e173bbf23463: Log matching property violated. Preceding OpId in replica: term: 2 index: 3. Preceding OpId from leader: term: 3 index: 4. (index mismatch)
I0913 23:13:50.499037 14821 consensus_queue.cc:984] T bf89c16ce260470a863711ddbbdb3d68 P 93a20b201a904b628926e173bbf23463 [LEADER]: Connected to new peer: Peer: permanent_uuid: "0cad5c4a245f4b3dbd66bb7259f45090" member_type: VOTER last_known_addr { host: "127.13.53.2" port: 41231 }, Status: LMP_MISMATCH, Last received: 0.0, Next index: 4, Last known committed idx: 3, Time since last communication: 0.000s
I0913 23:13:50.532470 14821 raft_consensus.cc:472] T 82f65eba7703468ca650e7ca50d39549 P 93a20b201a904b628926e173bbf23463 [term 1 FOLLOWER]: Starting pre-election (detected failure of leader a66db810508f4e35bac62f5c6c9f6e9c)
I0913 23:13:50.532862 14821 raft_consensus.cc:494] T 82f65eba7703468ca650e7ca50d39549 P 93a20b201a904b628926e173bbf23463 [term 1 FOLLOWER]: Starting pre-election with config: opid_index: -1 OBSOLETE_local: false peers { permanent_uuid: "93a20b201a904b628926e173bbf23463" member_type: VOTER last_known_addr { host: "127.13.53.1" port: 44785 } } peers { permanent_uuid: "0cad5c4a245f4b3dbd66bb7259f45090" member_type: VOTER last_known_addr { host: "127.13.53.2" port: 41231 } } peers { permanent_uuid: "a66db810508f4e35bac62f5c6c9f6e9c" member_type: VOTER last_known_addr { host: "127.13.53.3" port: 37091 } }
I0913 23:13:50.534154 14821 leader_election.cc:296] T 82f65eba7703468ca650e7ca50d39549 P 93a20b201a904b628926e173bbf23463 [CANDIDATE]: Term 2 pre-election: Requested pre-vote from peers 0cad5c4a245f4b3dbd66bb7259f45090 (127.13.53.2:41231), a66db810508f4e35bac62f5c6c9f6e9c (127.13.53.3:37091)
I0913 23:13:50.534819 14608 tablet_service.cc:1295] Received RequestConsensusVote() RPC: tablet_id: "82f65eba7703468ca650e7ca50d39549" candidate_uuid: "93a20b201a904b628926e173bbf23463" candidate_term: 2 candidate_status { last_received { term: 1 index: 2 } } ignore_live_leader: false dest_uuid: "0cad5c4a245f4b3dbd66bb7259f45090" is_pre_election: true
I0913 23:13:50.534991 14679 tablet_service.cc:1295] Received RequestConsensusVote() RPC: tablet_id: "82f65eba7703468ca650e7ca50d39549" candidate_uuid: "93a20b201a904b628926e173bbf23463" candidate_term: 2 candidate_status { last_received { term: 1 index: 2 } } ignore_live_leader: false dest_uuid: "a66db810508f4e35bac62f5c6c9f6e9c" is_pre_election: true
I0913 23:13:50.535584 14608 raft_consensus.cc:2311] T 82f65eba7703468ca650e7ca50d39549 P 0cad5c4a245f4b3dbd66bb7259f45090 [term 1 FOLLOWER]: Leader pre-election vote request: Denying vote to candidate 93a20b201a904b628926e173bbf23463 for term 2 because replica is either leader or believes a valid leader to be alive.
I0913 23:13:50.535562 14679 raft_consensus.cc:2350] T 82f65eba7703468ca650e7ca50d39549 P a66db810508f4e35bac62f5c6c9f6e9c [term 2 FOLLOWER]: Leader pre-election vote request: Granting yes vote for candidate 93a20b201a904b628926e173bbf23463 in term 2.
I0913 23:13:50.536420 14496 leader_election.cc:310] T 82f65eba7703468ca650e7ca50d39549 P 93a20b201a904b628926e173bbf23463 [CANDIDATE]: Term 2 pre-election: Election decided. Result: candidate won. Election summary: received 2 responses out of 3 voters: 2 yes votes; 0 no votes. yes voters: 93a20b201a904b628926e173bbf23463, a66db810508f4e35bac62f5c6c9f6e9c; no voters:
I0913 23:13:50.537129 14821 raft_consensus.cc:2644] T 82f65eba7703468ca650e7ca50d39549 P 93a20b201a904b628926e173bbf23463 [term 1 FOLLOWER]: Leader pre-election won for term 2
I0913 23:13:50.537384 14821 raft_consensus.cc:472] T 82f65eba7703468ca650e7ca50d39549 P 93a20b201a904b628926e173bbf23463 [term 1 FOLLOWER]: Starting leader election (detected failure of leader a66db810508f4e35bac62f5c6c9f6e9c)
I0913 23:13:50.537590 14821 raft_consensus.cc:2890] T 82f65eba7703468ca650e7ca50d39549 P 93a20b201a904b628926e173bbf23463 [term 1 FOLLOWER]: Advancing to term 2
I0913 23:13:50.541100 14821 raft_consensus.cc:494] T 82f65eba7703468ca650e7ca50d39549 P 93a20b201a904b628926e173bbf23463 [term 2 FOLLOWER]: Starting leader election with config: opid_index: -1 OBSOLETE_local: false peers { permanent_uuid: "93a20b201a904b628926e173bbf23463" member_type: VOTER last_known_addr { host: "127.13.53.1" port: 44785 } } peers { permanent_uuid: "0cad5c4a245f4b3dbd66bb7259f45090" member_type: VOTER last_known_addr { host: "127.13.53.2" port: 41231 } } peers { permanent_uuid: "a66db810508f4e35bac62f5c6c9f6e9c" member_type: VOTER last_known_addr { host: "127.13.53.3" port: 37091 } }
I0913 23:13:50.542198 14821 leader_election.cc:296] T 82f65eba7703468ca650e7ca50d39549 P 93a20b201a904b628926e173bbf23463 [CANDIDATE]: Term 2 election: Requested vote from peers 0cad5c4a245f4b3dbd66bb7259f45090 (127.13.53.2:41231), a66db810508f4e35bac62f5c6c9f6e9c (127.13.53.3:37091)
I0913 23:13:50.542862 14608 tablet_service.cc:1295] Received RequestConsensusVote() RPC: tablet_id: "82f65eba7703468ca650e7ca50d39549" candidate_uuid: "93a20b201a904b628926e173bbf23463" candidate_term: 2 candidate_status { last_received { term: 1 index: 2 } } ignore_live_leader: false dest_uuid: "0cad5c4a245f4b3dbd66bb7259f45090"
I0913 23:13:50.542919 14679 tablet_service.cc:1295] Received RequestConsensusVote() RPC: tablet_id: "82f65eba7703468ca650e7ca50d39549" candidate_uuid: "93a20b201a904b628926e173bbf23463" candidate_term: 2 candidate_status { last_received { term: 1 index: 2 } } ignore_live_leader: false dest_uuid: "a66db810508f4e35bac62f5c6c9f6e9c"
I0913 23:13:50.543391 14608 raft_consensus.cc:2311] T 82f65eba7703468ca650e7ca50d39549 P 0cad5c4a245f4b3dbd66bb7259f45090 [term 1 FOLLOWER]: Leader election vote request: Denying vote to candidate 93a20b201a904b628926e173bbf23463 for term 2 because replica is either leader or believes a valid leader to be alive.
I0913 23:13:50.546720 14679 raft_consensus.cc:2350] T 82f65eba7703468ca650e7ca50d39549 P a66db810508f4e35bac62f5c6c9f6e9c [term 2 FOLLOWER]: Leader election vote request: Granting yes vote for candidate 93a20b201a904b628926e173bbf23463 in term 2.
I0913 23:13:50.547513 14496 leader_election.cc:310] T 82f65eba7703468ca650e7ca50d39549 P 93a20b201a904b628926e173bbf23463 [CANDIDATE]: Term 2 election: Election decided. Result: candidate won. Election summary: received 3 responses out of 3 voters: 2 yes votes; 1 no votes. yes voters: 93a20b201a904b628926e173bbf23463, a66db810508f4e35bac62f5c6c9f6e9c; no voters: 0cad5c4a245f4b3dbd66bb7259f45090
I0913 23:13:50.548187 14821 raft_consensus.cc:2644] T 82f65eba7703468ca650e7ca50d39549 P 93a20b201a904b628926e173bbf23463 [term 2 FOLLOWER]: Leader election won for term 2
I0913 23:13:50.548480 14821 raft_consensus.cc:667] T 82f65eba7703468ca650e7ca50d39549 P 93a20b201a904b628926e173bbf23463 [term 2 LEADER]: Becoming Leader. State: Replica: 93a20b201a904b628926e173bbf23463, State: Running, Role: LEADER
I0913 23:13:50.548921 14821 consensus_queue.cc:206] T 82f65eba7703468ca650e7ca50d39549 P 93a20b201a904b628926e173bbf23463 [LEADER]: Queue going to LEADER mode. State: All replicated index: 0, Majority replicated index: 2, Committed index: 2, Last appended: 1.2, Last appended by leader: 2, Current term: 2, Majority size: 2, State: 0, Mode: LEADER, active raft config: opid_index: -1 OBSOLETE_local: false peers { permanent_uuid: "93a20b201a904b628926e173bbf23463" member_type: VOTER last_known_addr { host: "127.13.53.1" port: 44785 } } peers { permanent_uuid: "0cad5c4a245f4b3dbd66bb7259f45090" member_type: VOTER last_known_addr { host: "127.13.53.2" port: 41231 } } peers { permanent_uuid: "a66db810508f4e35bac62f5c6c9f6e9c" member_type: VOTER last_known_addr { host: "127.13.53.3" port: 37091 } }
I0913 23:13:50.554141 14441 catalog_manager.cc:4079] T 82f65eba7703468ca650e7ca50d39549 P 93a20b201a904b628926e173bbf23463 reported cstate change: term changed from 1 to 2, leader changed from a66db810508f4e35bac62f5c6c9f6e9c (127.13.53.3) to 93a20b201a904b628926e173bbf23463 (127.13.53.1). New cstate: current_term: 2 leader_uuid: "93a20b201a904b628926e173bbf23463" committed_config { opid_index: -1 OBSOLETE_local: false peers { permanent_uuid: "93a20b201a904b628926e173bbf23463" member_type: VOTER last_known_addr { host: "127.13.53.1" port: 44785 } health_report { overall_health: HEALTHY } } peers { permanent_uuid: "0cad5c4a245f4b3dbd66bb7259f45090" member_type: VOTER last_known_addr { host: "127.13.53.2" port: 41231 } health_report { overall_health: UNKNOWN } } peers { permanent_uuid: "a66db810508f4e35bac62f5c6c9f6e9c" member_type: VOTER last_known_addr { host: "127.13.53.3" port: 37091 } health_report { overall_health: UNKNOWN } } }
I0913 23:13:50.610810 14809 raft_consensus.cc:472] T 82f65eba7703468ca650e7ca50d39549 P 0cad5c4a245f4b3dbd66bb7259f45090 [term 1 FOLLOWER]: Starting pre-election (detected failure of leader a66db810508f4e35bac62f5c6c9f6e9c)
I0913 23:13:50.611266 14809 raft_consensus.cc:494] T 82f65eba7703468ca650e7ca50d39549 P 0cad5c4a245f4b3dbd66bb7259f45090 [term 1 FOLLOWER]: Starting pre-election with config: opid_index: -1 OBSOLETE_local: false peers { permanent_uuid: "93a20b201a904b628926e173bbf23463" member_type: VOTER last_known_addr { host: "127.13.53.1" port: 44785 } } peers { permanent_uuid: "0cad5c4a245f4b3dbd66bb7259f45090" member_type: VOTER last_known_addr { host: "127.13.53.2" port: 41231 } } peers { permanent_uuid: "a66db810508f4e35bac62f5c6c9f6e9c" member_type: VOTER last_known_addr { host: "127.13.53.3" port: 37091 } }
I0913 23:13:50.612675 14809 leader_election.cc:296] T 82f65eba7703468ca650e7ca50d39549 P 0cad5c4a245f4b3dbd66bb7259f45090 [CANDIDATE]: Term 2 pre-election: Requested pre-vote from peers 93a20b201a904b628926e173bbf23463 (127.13.53.1:44785), a66db810508f4e35bac62f5c6c9f6e9c (127.13.53.3:37091)
I0913 23:13:50.613348 14538 tablet_service.cc:1295] Received RequestConsensusVote() RPC: tablet_id: "82f65eba7703468ca650e7ca50d39549" candidate_uuid: "0cad5c4a245f4b3dbd66bb7259f45090" candidate_term: 2 candidate_status { last_received { term: 1 index: 2 } } ignore_live_leader: false dest_uuid: "93a20b201a904b628926e173bbf23463" is_pre_election: true
I0913 23:13:50.613431 14679 tablet_service.cc:1295] Received RequestConsensusVote() RPC: tablet_id: "82f65eba7703468ca650e7ca50d39549" candidate_uuid: "0cad5c4a245f4b3dbd66bb7259f45090" candidate_term: 2 candidate_status { last_received { term: 1 index: 2 } } ignore_live_leader: false dest_uuid: "a66db810508f4e35bac62f5c6c9f6e9c" is_pre_election: true
I0913 23:13:50.614092 14538 raft_consensus.cc:2311] T 82f65eba7703468ca650e7ca50d39549 P 93a20b201a904b628926e173bbf23463 [term 2 LEADER]: Leader pre-election vote request: Denying vote to candidate 0cad5c4a245f4b3dbd66bb7259f45090 for term 2 because replica is either leader or believes a valid leader to be alive.
I0913 23:13:50.614212 14679 raft_consensus.cc:2280] T 82f65eba7703468ca650e7ca50d39549 P a66db810508f4e35bac62f5c6c9f6e9c [term 2 FOLLOWER]: Leader pre-election vote request: Denying vote to candidate 0cad5c4a245f4b3dbd66bb7259f45090 in current term 2: Already voted for candidate 93a20b201a904b628926e173bbf23463 in this term.
I0913 23:13:50.615120 14571 leader_election.cc:310] T 82f65eba7703468ca650e7ca50d39549 P 0cad5c4a245f4b3dbd66bb7259f45090 [CANDIDATE]: Term 2 pre-election: Election decided. Result: candidate lost. Election summary: received 3 responses out of 3 voters: 1 yes votes; 2 no votes. yes voters: 0cad5c4a245f4b3dbd66bb7259f45090; no voters: 93a20b201a904b628926e173bbf23463, a66db810508f4e35bac62f5c6c9f6e9c
I0913 23:13:50.615701 14809 raft_consensus.cc:2890] T 82f65eba7703468ca650e7ca50d39549 P 0cad5c4a245f4b3dbd66bb7259f45090 [term 1 FOLLOWER]: Advancing to term 2
I0913 23:13:50.619650 14809 raft_consensus.cc:2592] T 82f65eba7703468ca650e7ca50d39549 P 0cad5c4a245f4b3dbd66bb7259f45090 [term 2 FOLLOWER]: Leader pre-election lost for term 2. Reason: could not achieve majority
I0913 23:13:50.628052 14679 raft_consensus.cc:1184] T 82f65eba7703468ca650e7ca50d39549 P a66db810508f4e35bac62f5c6c9f6e9c [term 2 FOLLOWER]: Refusing update from remote peer 93a20b201a904b628926e173bbf23463: Log matching property violated. Preceding OpId in replica: term: 1 index: 2. Preceding OpId from leader: term: 2 index: 3. (index mismatch)
I0913 23:13:50.629091 14821 consensus_queue.cc:984] T 82f65eba7703468ca650e7ca50d39549 P 93a20b201a904b628926e173bbf23463 [LEADER]: Connected to new peer: Peer: permanent_uuid: "a66db810508f4e35bac62f5c6c9f6e9c" member_type: VOTER last_known_addr { host: "127.13.53.3" port: 37091 }, Status: LMP_MISMATCH, Last received: 0.0, Next index: 3, Last known committed idx: 2, Time since last communication: 0.000s
I0913 23:13:50.636752 14608 raft_consensus.cc:1184] T 82f65eba7703468ca650e7ca50d39549 P 0cad5c4a245f4b3dbd66bb7259f45090 [term 2 FOLLOWER]: Refusing update from remote peer 93a20b201a904b628926e173bbf23463: Log matching property violated. Preceding OpId in replica: term: 1 index: 2. Preceding OpId from leader: term: 2 index: 3. (index mismatch)
I0913 23:13:50.638029 14762 consensus_queue.cc:984] T 82f65eba7703468ca650e7ca50d39549 P 93a20b201a904b628926e173bbf23463 [LEADER]: Connected to new peer: Peer: permanent_uuid: "0cad5c4a245f4b3dbd66bb7259f45090" member_type: VOTER last_known_addr { host: "127.13.53.2" port: 41231 }, Status: LMP_MISMATCH, Last received: 0.0, Next index: 3, Last known committed idx: 2, Time since last communication: 0.000s
I0913 23:13:50.747512 14439 catalog_manager.cc:2350] Servicing AlterTable request from {username='slave'} at 127.0.0.1:48758: table { table_id: "334306099b944525a47cb78bb2cafd10" table_name: "test-table" } new_table_name: "NewTableName"
I0913 23:13:50.773017 14808 raft_consensus.cc:472] T 8ad9594f28c64b8ba3dacd888b84312b P a66db810508f4e35bac62f5c6c9f6e9c [term 3 FOLLOWER]: Starting pre-election (detected failure of leader 93a20b201a904b628926e173bbf23463)
I0913 23:13:50.773494 14808 raft_consensus.cc:494] T 8ad9594f28c64b8ba3dacd888b84312b P a66db810508f4e35bac62f5c6c9f6e9c [term 3 FOLLOWER]: Starting pre-election with config: opid_index: -1 OBSOLETE_local: false peers { permanent_uuid: "93a20b201a904b628926e173bbf23463" member_type: VOTER last_known_addr { host: "127.13.53.1" port: 44785 } } peers { permanent_uuid: "0cad5c4a245f4b3dbd66bb7259f45090" member_type: VOTER last_known_addr { host: "127.13.53.2" port: 41231 } } peers { permanent_uuid: "a66db810508f4e35bac62f5c6c9f6e9c" member_type: VOTER last_known_addr { host: "127.13.53.3" port: 37091 } }
I0913 23:13:50.777447 14808 leader_election.cc:296] T 8ad9594f28c64b8ba3dacd888b84312b P a66db810508f4e35bac62f5c6c9f6e9c [CANDIDATE]: Term 4 pre-election: Requested pre-vote from peers 93a20b201a904b628926e173bbf23463 (127.13.53.1:44785), 0cad5c4a245f4b3dbd66bb7259f45090 (127.13.53.2:41231)
I0913 23:13:50.778964 14538 tablet_service.cc:1295] Received RequestConsensusVote() RPC: tablet_id: "8ad9594f28c64b8ba3dacd888b84312b" candidate_uuid: "a66db810508f4e35bac62f5c6c9f6e9c" candidate_term: 4 candidate_status { last_received { term: 3 index: 3 } } ignore_live_leader: false dest_uuid: "93a20b201a904b628926e173bbf23463" is_pre_election: true
I0913 23:13:50.779723 14538 raft_consensus.cc:2311] T 8ad9594f28c64b8ba3dacd888b84312b P 93a20b201a904b628926e173bbf23463 [term 3 LEADER]: Leader pre-election vote request: Denying vote to candidate a66db810508f4e35bac62f5c6c9f6e9c for term 4 because replica is either leader or believes a valid leader to be alive.
I0913 23:13:50.781244 14608 tablet_service.cc:1295] Received RequestConsensusVote() RPC: tablet_id: "8ad9594f28c64b8ba3dacd888b84312b" candidate_uuid: "a66db810508f4e35bac62f5c6c9f6e9c" candidate_term: 4 candidate_status { last_received { term: 3 index: 3 } } ignore_live_leader: false dest_uuid: "0cad5c4a245f4b3dbd66bb7259f45090" is_pre_election: true
I0913 23:13:50.781929 14608 raft_consensus.cc:2311] T 8ad9594f28c64b8ba3dacd888b84312b P 0cad5c4a245f4b3dbd66bb7259f45090 [term 3 FOLLOWER]: Leader pre-election vote request: Denying vote to candidate a66db810508f4e35bac62f5c6c9f6e9c for term 4 because replica is either leader or believes a valid leader to be alive.
I0913 23:13:50.783329 14645 leader_election.cc:310] T 8ad9594f28c64b8ba3dacd888b84312b P a66db810508f4e35bac62f5c6c9f6e9c [CANDIDATE]: Term 4 pre-election: Election decided. Result: candidate lost. Election summary: received 3 responses out of 3 voters: 1 yes votes; 2 no votes. yes voters: a66db810508f4e35bac62f5c6c9f6e9c; no voters: 0cad5c4a245f4b3dbd66bb7259f45090, 93a20b201a904b628926e173bbf23463
I0913 23:13:50.786223 14808 raft_consensus.cc:2592] T 8ad9594f28c64b8ba3dacd888b84312b P a66db810508f4e35bac62f5c6c9f6e9c [term 3 FOLLOWER]: Leader pre-election lost for term 4. Reason: could not achieve majority
I0913 23:13:50.801779 14440 catalog_manager.cc:4174] TS 0cad5c4a245f4b3dbd66bb7259f45090 (127.13.53.2:41231) does not have the latest schema for tablet 82f65eba7703468ca650e7ca50d39549 (table NewTableName [id=334306099b944525a47cb78bb2cafd10]). Expected version 1 got 0
I0913 23:13:50.814965 13524 master.cc:247] Master@127.13.53.60:42667 shutting down...
I0913 23:13:50.815443 14439 catalog_manager.cc:4174] TS 93a20b201a904b628926e173bbf23463 (127.13.53.1:44785) does not have the latest schema for tablet 82f65eba7703468ca650e7ca50d39549 (table NewTableName [id=334306099b944525a47cb78bb2cafd10]). Expected version 1 got 0
I0913 23:13:50.899827 14839 tablet.cc:1222] T 82f65eba7703468ca650e7ca50d39549 P 93a20b201a904b628926e173bbf23463: Alter schema from ( 10:key INT32 NOT NULL, PRIMARY KEY (key) ) version 0 to ( 10:key INT32 NOT NULL, PRIMARY KEY (key) ) version 1
I0913 23:13:50.900233 14838 tablet.cc:1222] T bf89c16ce260470a863711ddbbdb3d68 P 0cad5c4a245f4b3dbd66bb7259f45090: Alter schema from ( 10:key INT32 NOT NULL, PRIMARY KEY (key) ) version 0 to ( 10:key INT32 NOT NULL, PRIMARY KEY (key) ) version 1
I0913 23:13:50.905215 14424 messenger.cc:381] Service unavailable: service kudu.master.MasterService not registered on Master
I0913 23:13:50.905798 14423 messenger.cc:381] Service unavailable: service kudu.master.MasterService not registered on Master
I0913 23:13:50.914295 14833 tablet.cc:1222] T 8ad9594f28c64b8ba3dacd888b84312b P 93a20b201a904b628926e173bbf23463: Alter schema from ( 10:key INT32 NOT NULL, PRIMARY KEY (key) ) version 0 to ( 10:key INT32 NOT NULL, PRIMARY KEY (key) ) version 1
I0913 23:13:50.895159 14835 tablet.cc:1222] T bf89c16ce260470a863711ddbbdb3d68 P a66db810508f4e35bac62f5c6c9f6e9c: Alter schema from ( 10:key INT32 NOT NULL, PRIMARY KEY (key) ) version 0 to ( 10:key INT32 NOT NULL, PRIMARY KEY (key) ) version 1
I0913 23:13:50.901084 14836 tablet.cc:1222] T 82f65eba7703468ca650e7ca50d39549 P a66db810508f4e35bac62f5c6c9f6e9c: Alter schema from ( 10:key INT32 NOT NULL, PRIMARY KEY (key) ) version 0 to ( 10:key INT32 NOT NULL, PRIMARY KEY (key) ) version 1
I0913 23:13:50.901293 14834 tablet.cc:1222] T bf89c16ce260470a863711ddbbdb3d68 P 93a20b201a904b628926e173bbf23463: Alter schema from ( 10:key INT32 NOT NULL, PRIMARY KEY (key) ) version 0 to ( 10:key INT32 NOT NULL, PRIMARY KEY (key) ) version 1
I0913 23:13:50.930822 14424 messenger.cc:381] Service unavailable: service kudu.master.MasterService not registered on Master
I0913 23:13:50.936889 14423 messenger.cc:381] Service unavailable: service kudu.master.MasterService not registered on Master
I0913 23:13:50.937041 14838 tablet.cc:1222] T 8ad9594f28c64b8ba3dacd888b84312b P 0cad5c4a245f4b3dbd66bb7259f45090: Alter schema from ( 10:key INT32 NOT NULL, PRIMARY KEY (key) ) version 0 to ( 10:key INT32 NOT NULL, PRIMARY KEY (key) ) version 1
I0913 23:13:50.941287 14424 messenger.cc:381] Service unavailable: service kudu.master.MasterService not registered on Master
I0913 23:13:50.932152 14837 tablet.cc:1222] T 82f65eba7703468ca650e7ca50d39549 P 0cad5c4a245f4b3dbd66bb7259f45090: Alter schema from ( 10:key INT32 NOT NULL, PRIMARY KEY (key) ) version 0 to ( 10:key INT32 NOT NULL, PRIMARY KEY (key) ) version 1
I0913 23:13:50.941685 14840 tablet.cc:1222] T 8ad9594f28c64b8ba3dacd888b84312b P a66db810508f4e35bac62f5c6c9f6e9c: Alter schema from ( 10:key INT32 NOT NULL, PRIMARY KEY (key) ) version 0 to ( 10:key INT32 NOT NULL, PRIMARY KEY (key) ) version 1
I0913 23:13:50.953835 14424 messenger.cc:381] Service unavailable: service kudu.master.MasterService not registered on Master
I0913 23:13:50.957356 14424 messenger.cc:381] Service unavailable: service kudu.master.MasterService not registered on Master
I0913 23:13:50.960068 14839 tablet.cc:1217] T 82f65eba7703468ca650e7ca50d39549 P 93a20b201a904b628926e173bbf23463: Skipping requested alter to schema version 1, tablet already version 1
I0913 23:13:50.965909 14423 messenger.cc:381] Service unavailable: service kudu.master.MasterService not registered on Master
I0913 23:13:50.970608 14836 tablet.cc:1217] T 82f65eba7703468ca650e7ca50d39549 P a66db810508f4e35bac62f5c6c9f6e9c: Skipping requested alter to schema version 1, tablet already version 1
I0913 23:13:50.976481 14424 messenger.cc:381] Service unavailable: service kudu.master.MasterService not registered on Master
I0913 23:13:50.980561 14833 tablet.cc:1217] T 82f65eba7703468ca650e7ca50d39549 P 93a20b201a904b628926e173bbf23463: Skipping requested alter to schema version 1, tablet already version 1
I0913 23:13:50.982435 14835 tablet.cc:1217] T 82f65eba7703468ca650e7ca50d39549 P a66db810508f4e35bac62f5c6c9f6e9c: Skipping requested alter to schema version 1, tablet already version 1
I0913 23:13:50.989795 14423 messenger.cc:381] Service unavailable: service kudu.master.MasterService not registered on Master
I0913 23:13:50.990413 14424 messenger.cc:381] Service unavailable: service kudu.master.MasterService not registered on Master
I0913 23:13:50.999392 14424 messenger.cc:381] Service unavailable: service kudu.master.MasterService not registered on Master
I0913 23:13:51.005175 14837 tablet.cc:1217] T 82f65eba7703468ca650e7ca50d39549 P 0cad5c4a245f4b3dbd66bb7259f45090: Skipping requested alter to schema version 1, tablet already version 1
I0913 23:13:51.006793 14837 tablet.cc:1217] T 82f65eba7703468ca650e7ca50d39549 P 0cad5c4a245f4b3dbd66bb7259f45090: Skipping requested alter to schema version 1, tablet already version 1
I0913 23:13:51.012171 13524 raft_consensus.cc:2147] T 00000000000000000000000000000000 P fab3d6e5bcad48acbb0fe6b928638607 [term 3 LEADER]: Raft consensus shutting down.
I0913 23:13:51.013046 13524 raft_consensus.cc:2174] T 00000000000000000000000000000000 P fab3d6e5bcad48acbb0fe6b928638607 [term 3 FOLLOWER]: Raft consensus is shut down!
I0913 23:13:51.013442 13524 tablet_replica.cc:273] T 00000000000000000000000000000000 P fab3d6e5bcad48acbb0fe6b928638607: stopping tablet replica
I0913 23:13:51.036862 13524 master.cc:258] Master@127.13.53.60:42667 shutdown complete.
I0913 23:13:51.126730 14844 raft_consensus.cc:472] T 00000000000000000000000000000000 P 46574f27d20e427381df2ea44498c90b [term 3 FOLLOWER]: Starting pre-election (detected failure of leader fab3d6e5bcad48acbb0fe6b928638607)
I0913 23:13:51.127162 14844 raft_consensus.cc:494] T 00000000000000000000000000000000 P 46574f27d20e427381df2ea44498c90b [term 3 FOLLOWER]: Starting pre-election with config: opid_index: -1 OBSOLETE_local: false peers { permanent_uuid: "46574f27d20e427381df2ea44498c90b" member_type: VOTER last_known_addr { host: "127.13.53.62" port: 40439 } } peers { permanent_uuid: "b03280a8df7e48f9939e076d6d0138ca" member_type: VOTER last_known_addr { host: "127.13.53.61" port: 35977 } } peers { permanent_uuid: "fab3d6e5bcad48acbb0fe6b928638607" member_type: VOTER last_known_addr { host: "127.13.53.60" port: 42667 } }
I0913 23:13:51.128918 14844 leader_election.cc:296] T 00000000000000000000000000000000 P 46574f27d20e427381df2ea44498c90b [CANDIDATE]: Term 4 pre-election: Requested pre-vote from peers b03280a8df7e48f9939e076d6d0138ca (127.13.53.61:35977), fab3d6e5bcad48acbb0fe6b928638607 (127.13.53.60:42667)
I0913 23:13:51.128882 14845 raft_consensus.cc:472] T 00000000000000000000000000000000 P b03280a8df7e48f9939e076d6d0138ca [term 3 FOLLOWER]: Starting pre-election (detected failure of leader fab3d6e5bcad48acbb0fe6b928638607)
I0913 23:13:51.129566 14845 raft_consensus.cc:494] T 00000000000000000000000000000000 P b03280a8df7e48f9939e076d6d0138ca [term 3 FOLLOWER]: Starting pre-election with config: opid_index: -1 OBSOLETE_local: false peers { permanent_uuid: "46574f27d20e427381df2ea44498c90b" member_type: VOTER last_known_addr { host: "127.13.53.62" port: 40439 } } peers { permanent_uuid: "b03280a8df7e48f9939e076d6d0138ca" member_type: VOTER last_known_addr { host: "127.13.53.61" port: 35977 } } peers { permanent_uuid: "fab3d6e5bcad48acbb0fe6b928638607" member_type: VOTER last_known_addr { host: "127.13.53.60" port: 42667 } }
I0913 23:13:51.129755 14394 tablet_service.cc:1295] Received RequestConsensusVote() RPC: tablet_id: "00000000000000000000000000000000" candidate_uuid: "46574f27d20e427381df2ea44498c90b" candidate_term: 4 candidate_status { last_received { term: 3 index: 15 } } ignore_live_leader: false dest_uuid: "b03280a8df7e48f9939e076d6d0138ca" is_pre_election: true
I0913 23:13:51.130671 14394 raft_consensus.cc:2350] T 00000000000000000000000000000000 P b03280a8df7e48f9939e076d6d0138ca [term 3 FOLLOWER]: Leader pre-election vote request: Granting yes vote for candidate 46574f27d20e427381df2ea44498c90b in term 3.
I0913 23:13:51.131945 14310 leader_election.cc:310] T 00000000000000000000000000000000 P 46574f27d20e427381df2ea44498c90b [CANDIDATE]: Term 4 pre-election: Election decided. Result: candidate won. Election summary: received 2 responses out of 3 voters: 2 yes votes; 0 no votes. yes voters: 46574f27d20e427381df2ea44498c90b, b03280a8df7e48f9939e076d6d0138ca; no voters:
W0913 23:13:51.132656 14311 leader_election.cc:341] T 00000000000000000000000000000000 P 46574f27d20e427381df2ea44498c90b [CANDIDATE]: Term 4 pre-election: RPC error from VoteRequest() call to peer fab3d6e5bcad48acbb0fe6b928638607 (127.13.53.60:42667): Network error: Client connection negotiation failed: client connection to 127.13.53.60:42667: connect: Connection refused (error 111)
I0913 23:13:51.132853 14844 raft_consensus.cc:2644] T 00000000000000000000000000000000 P 46574f27d20e427381df2ea44498c90b [term 3 FOLLOWER]: Leader pre-election won for term 4
I0913 23:13:51.133164 14844 raft_consensus.cc:472] T 00000000000000000000000000000000 P 46574f27d20e427381df2ea44498c90b [term 3 FOLLOWER]: Starting leader election (detected failure of leader fab3d6e5bcad48acbb0fe6b928638607)
I0913 23:13:51.133419 14844 raft_consensus.cc:2890] T 00000000000000000000000000000000 P 46574f27d20e427381df2ea44498c90b [term 3 FOLLOWER]: Advancing to term 4
I0913 23:13:51.137533 14844 raft_consensus.cc:494] T 00000000000000000000000000000000 P 46574f27d20e427381df2ea44498c90b [term 4 FOLLOWER]: Starting leader election with config: opid_index: -1 OBSOLETE_local: false peers { permanent_uuid: "46574f27d20e427381df2ea44498c90b" member_type: VOTER last_known_addr { host: "127.13.53.62" port: 40439 } } peers { permanent_uuid: "b03280a8df7e48f9939e076d6d0138ca" member_type: VOTER last_known_addr { host: "127.13.53.61" port: 35977 } } peers { permanent_uuid: "fab3d6e5bcad48acbb0fe6b928638607" member_type: VOTER last_known_addr { host: "127.13.53.60" port: 42667 } }
I0913 23:13:51.138984 14844 leader_election.cc:296] T 00000000000000000000000000000000 P 46574f27d20e427381df2ea44498c90b [CANDIDATE]: Term 4 election: Requested vote from peers b03280a8df7e48f9939e076d6d0138ca (127.13.53.61:35977), fab3d6e5bcad48acbb0fe6b928638607 (127.13.53.60:42667)
I0913 23:13:51.139997 14394 tablet_service.cc:1295] Received RequestConsensusVote() RPC: tablet_id: "00000000000000000000000000000000" candidate_uuid: "46574f27d20e427381df2ea44498c90b" candidate_term: 4 candidate_status { last_received { term: 3 index: 15 } } ignore_live_leader: false dest_uuid: "b03280a8df7e48f9939e076d6d0138ca"
I0913 23:13:51.140298 14845 leader_election.cc:296] T 00000000000000000000000000000000 P b03280a8df7e48f9939e076d6d0138ca [CANDIDATE]: Term 4 pre-election: Requested pre-vote from peers 46574f27d20e427381df2ea44498c90b (127.13.53.62:40439), fab3d6e5bcad48acbb0fe6b928638607 (127.13.53.60:42667)
I0913 23:13:51.140596 14394 raft_consensus.cc:2890] T 00000000000000000000000000000000 P b03280a8df7e48f9939e076d6d0138ca [term 3 FOLLOWER]: Advancing to term 4
W0913 23:13:51.141005 14311 leader_election.cc:341] T 00000000000000000000000000000000 P 46574f27d20e427381df2ea44498c90b [CANDIDATE]: Term 4 election: RPC error from VoteRequest() call to peer fab3d6e5bcad48acbb0fe6b928638607 (127.13.53.60:42667): Network error: Client connection negotiation failed: client connection to 127.13.53.60:42667: connect: Connection refused (error 111)
I0913 23:13:51.140942 14337 tablet_service.cc:1295] Received RequestConsensusVote() RPC: tablet_id: "00000000000000000000000000000000" candidate_uuid: "b03280a8df7e48f9939e076d6d0138ca" candidate_term: 4 candidate_status { last_received { term: 3 index: 15 } } ignore_live_leader: false dest_uuid: "46574f27d20e427381df2ea44498c90b" is_pre_election: true
I0913 23:13:51.141832 14337 raft_consensus.cc:2280] T 00000000000000000000000000000000 P 46574f27d20e427381df2ea44498c90b [term 4 FOLLOWER]: Leader pre-election vote request: Denying vote to candidate b03280a8df7e48f9939e076d6d0138ca in current term 4: Already voted for candidate 46574f27d20e427381df2ea44498c90b in this term.
W0913 23:13:51.143901 14368 leader_election.cc:341] T 00000000000000000000000000000000 P b03280a8df7e48f9939e076d6d0138ca [CANDIDATE]: Term 4 pre-election: RPC error from VoteRequest() call to peer fab3d6e5bcad48acbb0fe6b928638607 (127.13.53.60:42667): Network error: Client connection negotiation failed: client connection to 127.13.53.60:42667: connect: Connection refused (error 111)
I0913 23:13:51.144188 14368 leader_election.cc:310] T 00000000000000000000000000000000 P b03280a8df7e48f9939e076d6d0138ca [CANDIDATE]: Term 4 pre-election: Election decided. Result: candidate lost. Election summary: received 3 responses out of 3 voters: 1 yes votes; 2 no votes. yes voters: b03280a8df7e48f9939e076d6d0138ca; no voters: 46574f27d20e427381df2ea44498c90b, fab3d6e5bcad48acbb0fe6b928638607
I0913 23:13:51.145810 14394 raft_consensus.cc:2350] T 00000000000000000000000000000000 P b03280a8df7e48f9939e076d6d0138ca [term 4 FOLLOWER]: Leader election vote request: Granting yes vote for candidate 46574f27d20e427381df2ea44498c90b in term 4.
I0913 23:13:51.146350 14845 raft_consensus.cc:2592] T 00000000000000000000000000000000 P b03280a8df7e48f9939e076d6d0138ca [term 4 FOLLOWER]: Leader pre-election lost for term 4. Reason: could not achieve majority
I0913 23:13:51.146966 14310 leader_election.cc:310] T 00000000000000000000000000000000 P 46574f27d20e427381df2ea44498c90b [CANDIDATE]: Term 4 election: Election decided. Result: candidate won. Election summary: received 3 responses out of 3 voters: 2 yes votes; 1 no votes. yes voters: 46574f27d20e427381df2ea44498c90b, b03280a8df7e48f9939e076d6d0138ca; no voters: fab3d6e5bcad48acbb0fe6b928638607
I0913 23:13:51.147665 14844 raft_consensus.cc:2644] T 00000000000000000000000000000000 P 46574f27d20e427381df2ea44498c90b [term 4 FOLLOWER]: Leader election won for term 4
I0913 23:13:51.148699 14844 raft_consensus.cc:667] T 00000000000000000000000000000000 P 46574f27d20e427381df2ea44498c90b [term 4 LEADER]: Becoming Leader. State: Replica: 46574f27d20e427381df2ea44498c90b, State: Running, Role: LEADER
I0913 23:13:51.149142 14844 consensus_queue.cc:206] T 00000000000000000000000000000000 P 46574f27d20e427381df2ea44498c90b [LEADER]: Queue going to LEADER mode. State: All replicated index: 0, Majority replicated index: 15, Committed index: 15, Last appended: 3.15, Last appended by leader: 15, Current term: 4, Majority size: 2, State: 0, Mode: LEADER, active raft config: opid_index: -1 OBSOLETE_local: false peers { permanent_uuid: "46574f27d20e427381df2ea44498c90b" member_type: VOTER last_known_addr { host: "127.13.53.62" port: 40439 } } peers { permanent_uuid: "b03280a8df7e48f9939e076d6d0138ca" member_type: VOTER last_known_addr { host: "127.13.53.61" port: 35977 } } peers { permanent_uuid: "fab3d6e5bcad48acbb0fe6b928638607" member_type: VOTER last_known_addr { host: "127.13.53.60" port: 42667 } }
I0913 23:13:51.151240 14848 sys_catalog.cc:340] T 00000000000000000000000000000000 P 46574f27d20e427381df2ea44498c90b [sys.catalog]: SysCatalogTable state changed. Reason: New leader 46574f27d20e427381df2ea44498c90b. Latest consensus state: current_term: 4 leader_uuid: "46574f27d20e427381df2ea44498c90b" committed_config { opid_index: -1 OBSOLETE_local: false peers { permanent_uuid: "46574f27d20e427381df2ea44498c90b" member_type: VOTER last_known_addr { host: "127.13.53.62" port: 40439 } } peers { permanent_uuid: "b03280a8df7e48f9939e076d6d0138ca" member_type: VOTER last_known_addr { host: "127.13.53.61" port: 35977 } } peers { permanent_uuid: "fab3d6e5bcad48acbb0fe6b928638607" member_type: VOTER last_known_addr { host: "127.13.53.60" port: 42667 } } }
I0913 23:13:51.151793 14848 sys_catalog.cc:343] T 00000000000000000000000000000000 P 46574f27d20e427381df2ea44498c90b [sys.catalog]: This master's current role is: LEADER
I0913 23:13:51.153393 14849 catalog_manager.cc:1071] Loading table and tablet metadata into memory...
I0913 23:13:51.156599 14849 catalog_manager.cc:372] Loaded metadata for table NewTableName [id=334306099b944525a47cb78bb2cafd10]
I0913 23:13:51.159421 14849 catalog_manager.cc:426] Loaded metadata for tablet 82f65eba7703468ca650e7ca50d39549 (table NewTableName [id=334306099b944525a47cb78bb2cafd10])
I0913 23:13:51.160037 14849 catalog_manager.cc:426] Loaded metadata for tablet 8ad9594f28c64b8ba3dacd888b84312b (table NewTableName [id=334306099b944525a47cb78bb2cafd10])
I0913 23:13:51.160558 14849 catalog_manager.cc:426] Loaded metadata for tablet bf89c16ce260470a863711ddbbdb3d68 (table NewTableName [id=334306099b944525a47cb78bb2cafd10])
I0913 23:13:51.161170 14849 catalog_manager.cc:1082] Initializing Kudu internal certificate authority...
I0913 23:13:51.163920 14849 catalog_manager.cc:1091] Loading token signing keys...
I0913 23:13:51.165892 14849 catalog_manager.cc:4405] T 00000000000000000000000000000000 P 46574f27d20e427381df2ea44498c90b: Loaded TSK: 0
W0913 23:13:51.232545 14311 consensus_peers.cc:458] T 00000000000000000000000000000000 P 46574f27d20e427381df2ea44498c90b -> Peer fab3d6e5bcad48acbb0fe6b928638607 (127.13.53.60:42667): Couldn't send request to peer fab3d6e5bcad48acbb0fe6b928638607. Status: Network error: Client connection negotiation failed: client connection to 127.13.53.60:42667: connect: Connection refused (error 111). This is attempt 1: this message will repeat every 5th retry.
I0913 23:13:51.242198 14394 raft_consensus.cc:1184] T 00000000000000000000000000000000 P b03280a8df7e48f9939e076d6d0138ca [term 4 FOLLOWER]: Refusing update from remote peer 46574f27d20e427381df2ea44498c90b: Log matching property violated. Preceding OpId in replica: term: 3 index: 15. Preceding OpId from leader: term: 4 index: 16. (index mismatch)
I0913 23:13:51.243295 14848 consensus_queue.cc:984] T 00000000000000000000000000000000 P 46574f27d20e427381df2ea44498c90b [LEADER]: Connected to new peer: Peer: permanent_uuid: "b03280a8df7e48f9939e076d6d0138ca" member_type: VOTER last_known_addr { host: "127.13.53.61" port: 35977 }, Status: LMP_MISMATCH, Last received: 0.0, Next index: 16, Last known committed idx: 15, Time since last communication: 0.000s
I0913 23:13:51.245672 14845 sys_catalog.cc:340] T 00000000000000000000000000000000 P b03280a8df7e48f9939e076d6d0138ca [sys.catalog]: SysCatalogTable state changed. Reason: New leader 46574f27d20e427381df2ea44498c90b. Latest consensus state: current_term: 4 leader_uuid: "46574f27d20e427381df2ea44498c90b" committed_config { opid_index: -1 OBSOLETE_local: false peers { permanent_uuid: "46574f27d20e427381df2ea44498c90b" member_type: VOTER last_known_addr { host: "127.13.53.62" port: 40439 } } peers { permanent_uuid: "b03280a8df7e48f9939e076d6d0138ca" member_type: VOTER last_known_addr { host: "127.13.53.61" port: 35977 } } peers { permanent_uuid: "fab3d6e5bcad48acbb0fe6b928638607" member_type: VOTER last_known_addr { host: "127.13.53.60" port: 42667 } } }
I0913 23:13:51.246316 14845 sys_catalog.cc:343] T 00000000000000000000000000000000 P b03280a8df7e48f9939e076d6d0138ca [sys.catalog]: This master's current role is: FOLLOWER
I0913 23:13:51.249141 14844 sys_catalog.cc:340] T 00000000000000000000000000000000 P 46574f27d20e427381df2ea44498c90b [sys.catalog]: SysCatalogTable state changed. Reason: Peer health change. Latest consensus state: current_term: 4 leader_uuid: "46574f27d20e427381df2ea44498c90b" committed_config { opid_index: -1 OBSOLETE_local: false peers { permanent_uuid: "46574f27d20e427381df2ea44498c90b" member_type: VOTER last_known_addr { host: "127.13.53.62" port: 40439 } } peers { permanent_uuid: "b03280a8df7e48f9939e076d6d0138ca" member_type: VOTER last_known_addr { host: "127.13.53.61" port: 35977 } } peers { permanent_uuid: "fab3d6e5bcad48acbb0fe6b928638607" member_type: VOTER last_known_addr { host: "127.13.53.60" port: 42667 } } }
I0913 23:13:51.249801 14844 sys_catalog.cc:343] T 00000000000000000000000000000000 P 46574f27d20e427381df2ea44498c90b [sys.catalog]: This master's current role is: LEADER
I0913 23:13:51.249869 14845 sys_catalog.cc:340] T 00000000000000000000000000000000 P b03280a8df7e48f9939e076d6d0138ca [sys.catalog]: SysCatalogTable state changed. Reason: Replicated consensus-only round. Latest consensus state: current_term: 4 leader_uuid: "46574f27d20e427381df2ea44498c90b" committed_config { opid_index: -1 OBSOLETE_local: false peers { permanent_uuid: "46574f27d20e427381df2ea44498c90b" member_type: VOTER last_known_addr { host: "127.13.53.62" port: 40439 } } peers { permanent_uuid: "b03280a8df7e48f9939e076d6d0138ca" member_type: VOTER last_known_addr { host: "127.13.53.61" port: 35977 } } peers { permanent_uuid: "fab3d6e5bcad48acbb0fe6b928638607" member_type: VOTER last_known_addr { host: "127.13.53.60" port: 42667 } } }
I0913 23:13:51.250639 14845 sys_catalog.cc:343] T 00000000000000000000000000000000 P b03280a8df7e48f9939e076d6d0138ca [sys.catalog]: This master's current role is: FOLLOWER
I0913 23:13:51.263051 13524 system_ntp.cc:193] NTP initialized. Skew: 500ppm Current error: 20700us
I0913 23:13:51.263471 13524 fs_manager.cc:263] Metadata directory not provided
I0913 23:13:51.263648 13524 fs_manager.cc:266] Using existing metadata directory in first data directory
I0913 23:13:51.266867 13524 fs_manager.cc:399] Time spent opening directory manager: real 0.003s user 0.003s sys 0.001s
I0913 23:13:51.268349 13524 file_cache.cc:465] Constructed file cache lbm with capacity 419430
I0913 23:13:51.277420 13524 fs_manager.cc:419] Time spent opening block manager: real 0.001s user 0.001s sys 0.000s
I0913 23:13:51.277627 13524 fs_manager.cc:436] Opened local filesystem: /tmp/dist-test-taskMj6sdl/test-tmp/ts_tablet_manager-itest.0.TsTabletManagerITest.TestTableStats.1568416417781642-13524/minicluster-data/master-2-root uuid: "fab3d6e5bcad48acbb0fe6b928638607" format_stamp: "Formatted at 2019-09-13 23:13:47 on dist-test-slave-dist-test-slave-kz3c"
I0913 23:13:51.277927 13524 fs_report.cc:352] FS layout report -------------------- wal directory: /tmp/dist-test-taskMj6sdl/test-tmp/ts_tablet_manager-itest.0.TsTabletManagerITest.TestTableStats.1568416417781642-13524/minicluster-data/master-2-root metadata directory: /tmp/dist-test-taskMj6sdl/test-tmp/ts_tablet_manager-itest.0.TsTabletManagerITest.TestTableStats.1568416417781642-13524/minicluster-data/master-2-root 1 data directories: /tmp/dist-test-taskMj6sdl/test-tmp/ts_tablet_manager-itest.0.TsTabletManagerITest.TestTableStats.1568416417781642-13524/minicluster-data/master-2-root/data Total live blocks: 0 Total live bytes: 0 Total live bytes (after alignment): 0 Total number of LBM containers: 0 (0 full) Did not check for missing blocks Did not check for orphaned blocks Total full LBM containers with extra space: 0 (0 repaired) Total full LBM container extra space in bytes: 0 (0 repaired) Total incomplete LBM containers: 0 (0 repaired) Total LBM partial records: 0 (0 repaired)
I0913 23:13:51.309057 14707 heartbeater.cc:447] Master 127.13.53.62:40439 was elected leader, sending a full tablet report...
I0913 23:13:51.310256 14636 heartbeater.cc:447] Master 127.13.53.62:40439 was elected leader, sending a full tablet report...
I0913 23:13:51.320996 14564 heartbeater.cc:447] Master 127.13.53.62:40439 was elected leader, sending a full tablet report...
I0913 23:13:51.328723 14326 catalog_manager.cc:4539] T 00000000000000000000000000000000 P 46574f27d20e427381df2ea44498c90b: NewTableName [id=334306099b944525a47cb78bb2cafd10] alter complete (version 1)
I0913 23:13:51.368432 13524 rpc_server.cc:205] RPC server started. Bound to: 127.13.53.60:42667
I0913 23:13:51.370532 13524 webserver.cc:374] Webserver started at http://127.13.53.60:35131/ using document root and password file
I0913 23:13:51.376636 14907 sys_catalog.cc:188] Verifying existing consensus state
I0913 23:13:51.381386 14907 tablet_bootstrap.cc:439] T 00000000000000000000000000000000 P fab3d6e5bcad48acbb0fe6b928638607: Bootstrap starting.
I0913 23:13:51.441017 14907 tablet_bootstrap.cc:439] T 00000000000000000000000000000000 P fab3d6e5bcad48acbb0fe6b928638607: Bootstrap replayed 1/1 log segments. Stats: ops{read=15 overwritten=0 applied=15 ignored=0} inserts{seen=6 ignored=0} mutations{seen=12 ignored=0} orphaned_commits=0. Pending: 0 replicates
I0913 23:13:51.442186 14907 tablet_bootstrap.cc:439] T 00000000000000000000000000000000 P fab3d6e5bcad48acbb0fe6b928638607: Bootstrap complete.
I0913 23:13:51.446436 14907 raft_consensus.cc:340] T 00000000000000000000000000000000 P fab3d6e5bcad48acbb0fe6b928638607 [term 3 FOLLOWER]: Replica starting. Triggering 0 pending transactions. Active config: opid_index: -1 OBSOLETE_local: false peers { permanent_uuid: "46574f27d20e427381df2ea44498c90b" member_type: VOTER last_known_addr { host: "127.13.53.62" port: 40439 } } peers { permanent_uuid: "b03280a8df7e48f9939e076d6d0138ca" member_type: VOTER last_known_addr { host: "127.13.53.61" port: 35977 } } peers { permanent_uuid: "fab3d6e5bcad48acbb0fe6b928638607" member_type: VOTER last_known_addr { host: "127.13.53.60" port: 42667 } }
I0913 23:13:51.448156 14633 heartbeater.cc:322] Connected to a master server at 127.13.53.60:42667
I0913 23:13:51.449285 14907 raft_consensus.cc:705] T 00000000000000000000000000000000 P fab3d6e5bcad48acbb0fe6b928638607 [term 3 FOLLOWER]: Becoming Follower/Learner. State: Replica: fab3d6e5bcad48acbb0fe6b928638607, State: Initialized, Role: FOLLOWER
I0913 23:13:51.450022 14907 consensus_queue.cc:229] T 00000000000000000000000000000000 P fab3d6e5bcad48acbb0fe6b928638607 [NON_LEADER]: Queue going to NON_LEADER mode. State: All replicated index: 0, Majority replicated index: 0, Committed index: 15, Last appended: 3.15, Last appended by leader: 15, Current term: 0, Majority size: -1, State: 0, Mode: NON_LEADER, active raft config: opid_index: -1 OBSOLETE_local: false peers { permanent_uuid: "46574f27d20e427381df2ea44498c90b" member_type: VOTER last_known_addr { host: "127.13.53.62" port: 40439 } } peers { permanent_uuid: "b03280a8df7e48f9939e076d6d0138ca" member_type: VOTER last_known_addr { host: "127.13.53.61" port: 35977 } } peers { permanent_uuid: "fab3d6e5bcad48acbb0fe6b928638607" member_type: VOTER last_known_addr { host: "127.13.53.60" port: 42667 } }
I0913 23:13:51.452962 14704 heartbeater.cc:322] Connected to a master server at 127.13.53.60:42667
I0913 23:13:51.456970 14907 sys_catalog.cc:340] T 00000000000000000000000000000000 P fab3d6e5bcad48acbb0fe6b928638607 [sys.catalog]: SysCatalogTable state changed. Reason: Started TabletReplica. Latest consensus state: current_term: 3 committed_config { opid_index: -1 OBSOLETE_local: false peers { permanent_uuid: "46574f27d20e427381df2ea44498c90b" member_type: VOTER last_known_addr { host: "127.13.53.62" port: 40439 } } peers { permanent_uuid: "b03280a8df7e48f9939e076d6d0138ca" member_type: VOTER last_known_addr { host: "127.13.53.61" port: 35977 } } peers { permanent_uuid: "fab3d6e5bcad48acbb0fe6b928638607" member_type: VOTER last_known_addr { host: "127.13.53.60" port: 42667 } } }
I0913 23:13:51.457993 14907 sys_catalog.cc:343] T 00000000000000000000000000000000 P fab3d6e5bcad48acbb0fe6b928638607 [sys.catalog]: This master's current role is: FOLLOWER
I0913 23:13:51.457152 14913 sys_catalog.cc:340] T 00000000000000000000000000000000 P fab3d6e5bcad48acbb0fe6b928638607 [sys.catalog]: SysCatalogTable state changed. Reason: RaftConsensus started. Latest consensus state: current_term: 3 committed_config { opid_index: -1 OBSOLETE_local: false peers { permanent_uuid: "46574f27d20e427381df2ea44498c90b" member_type: VOTER last_known_addr { host: "127.13.53.62" port: 40439 } } peers { permanent_uuid: "b03280a8df7e48f9939e076d6d0138ca" member_type: VOTER last_known_addr { host: "127.13.53.61" port: 35977 } } peers { permanent_uuid: "fab3d6e5bcad48acbb0fe6b928638607" member_type: VOTER last_known_addr { host: "127.13.53.60" port: 42667 } } }
I0913 23:13:51.458932 14913 sys_catalog.cc:343] T 00000000000000000000000000000000 P fab3d6e5bcad48acbb0fe6b928638607 [sys.catalog]: This master's current role is: FOLLOWER
I0913 23:13:51.458987 14907 sys_catalog.cc:428] T 00000000000000000000000000000000 P fab3d6e5bcad48acbb0fe6b928638607 [sys.catalog]: configured and running, proceeding with master startup.
I0913 23:13:51.459327 14884 raft_consensus.cc:2890] T 00000000000000000000000000000000 P fab3d6e5bcad48acbb0fe6b928638607 [term 3 FOLLOWER]: Advancing to term 4
I0913 23:13:51.464965 14562 heartbeater.cc:322] Connected to a master server at 127.13.53.60:42667
I0913 23:13:51.476009 14874 master_service.cc:230] Got heartbeat from unknown tserver (permanent_uuid: "93a20b201a904b628926e173bbf23463" instance_seqno: 1568416427412171) as {username='slave'} at 127.0.0.1:48796; Asking this server to re-register.
I0913 23:13:51.476032 14913 sys_catalog.cc:340] T 00000000000000000000000000000000 P fab3d6e5bcad48acbb0fe6b928638607 [sys.catalog]: SysCatalogTable state changed. Reason: New leader 46574f27d20e427381df2ea44498c90b. Latest consensus state: current_term: 4 leader_uuid: "46574f27d20e427381df2ea44498c90b" committed_config { opid_index: -1 OBSOLETE_local: false peers { permanent_uuid: "46574f27d20e427381df2ea44498c90b" member_type: VOTER last_known_addr { host: "127.13.53.62" port: 40439 } } peers { permanent_uuid: "b03280a8df7e48f9939e076d6d0138ca" member_type: VOTER last_known_addr { host: "127.13.53.61" port: 35977 } } peers { permanent_uuid: "fab3d6e5bcad48acbb0fe6b928638607" member_type: VOTER last_known_addr { host: "127.13.53.60" port: 42667 } } }
I0913 23:13:51.476776 14913 sys_catalog.cc:343] T 00000000000000000000000000000000 P fab3d6e5bcad48acbb0fe6b928638607 [sys.catalog]: This master's current role is: FOLLOWER
