[==========] Running 6 tests from 2 test cases. [----------] Global test environment set-up. [----------] 4 tests from TsTabletManagerITest [ RUN ] TsTabletManagerITest.TestReportNewLeaderOnLeaderChange WARNING: Logging before InitGoogleLogging() is written to STDERR
W0913 23:13:38.754995 13524 thread.cc:599] rpc reactor (reactor) Time spent creating pthread: real 0.851s user 0.002s sys 0.000s
W0913 23:13:38.755559 13524 thread.cc:566] rpc reactor (reactor) Time spent starting thread: real 0.851s user 0.003s sys 0.000s
I0913 23:13:38.758499 13524 internal_mini_cluster.cc:146] Creating distributed mini masters. Addrs: 127.13.53.62:46449
I0913 23:13:38.786720 13524 system_ntp.cc:193] NTP initialized. Skew: 500ppm Current error: 14200us
I0913 23:13:38.787544 13524 fs_manager.cc:263] Metadata directory not provided
I0913 23:13:38.787770 13524 fs_manager.cc:269] Using write-ahead log directory (fs_wal_dir) as metadata directory
I0913 23:13:38.788213 13524 server_base.cc:448] Could not load existing FS layout: Not found: could not find a healthy instance file
I0913 23:13:38.788439 13524 server_base.cc:449] Attempting to create new FS layout instead
I0913 23:13:38.798344 13524 fs_manager.cc:602] Generated new instance metadata in path /tmp/dist-test-taskMj6sdl/test-tmp/ts_tablet_manager-itest.0.TsTabletManagerITest.TestReportNewLeaderOnLeaderChange.1568416417781642-13524/minicluster-data/master-0-root/instance: uuid: "054e615467164e24aae07e8737be67e6" format_stamp: "Formatted at 2019-09-13 23:13:38 on dist-test-slave-dist-test-slave-kz3c"
I0913 23:13:38.815141 13524 fs_manager.cc:503] Time spent creating directory manager: real 0.016s user 0.015s sys 0.001s
I0913 23:13:38.816437 13524 env_posix.cc:1676] Not raising this process' open files per process limit of 1048576; it is already as high as it can go
I0913 23:13:38.817039 13524 file_cache.cc:465] Constructed file cache lbm with capacity 419430
I0913 23:13:38.825703 13524 fs_manager.cc:419] Time spent opening block manager: real 0.003s user 0.002s sys 0.001s
I0913 23:13:38.825867 13524 fs_manager.cc:436] Opened local filesystem: /tmp/dist-test-taskMj6sdl/test-tmp/ts_tablet_manager-itest.0.TsTabletManagerITest.TestReportNewLeaderOnLeaderChange.1568416417781642-13524/minicluster-data/master-0-root uuid: "054e615467164e24aae07e8737be67e6" format_stamp: "Formatted at 2019-09-13 23:13:38 on dist-test-slave-dist-test-slave-kz3c"
I0913 23:13:38.826251 13524 fs_report.cc:352] FS layout report -------------------- wal directory: /tmp/dist-test-taskMj6sdl/test-tmp/ts_tablet_manager-itest.0.TsTabletManagerITest.TestReportNewLeaderOnLeaderChange.1568416417781642-13524/minicluster-data/master-0-root metadata directory: /tmp/dist-test-taskMj6sdl/test-tmp/ts_tablet_manager-itest.0.TsTabletManagerITest.TestReportNewLeaderOnLeaderChange.1568416417781642-13524/minicluster-data/master-0-root 1 data directories: /tmp/dist-test-taskMj6sdl/test-tmp/ts_tablet_manager-itest.0.TsTabletManagerITest.TestReportNewLeaderOnLeaderChange.1568416417781642-13524/minicluster-data/master-0-root/data Total live blocks: 0 Total live bytes: 0 Total live bytes (after alignment): 0 Total number of LBM containers: 0 (0 full) Did not check for missing blocks Did not check for orphaned blocks Total full LBM containers with extra space: 0 (0 repaired) Total full LBM container extra space in bytes: 0 (0 repaired) Total incomplete LBM containers: 0 (0 repaired) Total LBM partial records: 0 (0 repaired)
I0913 23:13:38.851104 13524 env_posix.cc:1676] Not raising this process' running threads per effective uid limit of 18446744073709551615; it is already as high as it can go
I0913 23:13:38.913244 13524 rpc_server.cc:205] RPC server started. Bound to: 127.13.53.62:46449
I0913 23:13:38.916662 13524 webserver.cc:374] Webserver started at http://127.13.53.62:46757/ using document root and password file
I0913 23:13:38.920357 13589 data_dirs.cc:939] Could only allocate 1 dirs of requested 3 for tablet 00000000000000000000000000000000. 1 dirs total, 0 dirs full, 0 dirs failed
I0913 23:13:38.938194 13589 tablet_bootstrap.cc:439] T 00000000000000000000000000000000 P 054e615467164e24aae07e8737be67e6: Bootstrap starting.
I0913 23:13:38.941283 13589 tablet_bootstrap.cc:590] T 00000000000000000000000000000000 P 054e615467164e24aae07e8737be67e6: No blocks or log segments found. Creating new log.
I0913 23:13:38.942776 13589 log.cc:525] T 00000000000000000000000000000000 P 054e615467164e24aae07e8737be67e6: Log is configured to *not* fsync() on all Append() calls
I0913 23:13:38.945996 13589 tablet_bootstrap.cc:439] T 00000000000000000000000000000000 P 054e615467164e24aae07e8737be67e6: No bootstrap required, opened a new log
I0913 23:13:38.961889 13589 raft_consensus.cc:340] T 00000000000000000000000000000000 P 054e615467164e24aae07e8737be67e6 [term 0 FOLLOWER]: Replica starting. Triggering 0 pending transactions. Active config: opid_index: -1 OBSOLETE_local: true peers { permanent_uuid: "054e615467164e24aae07e8737be67e6" member_type: VOTER }
I0913 23:13:38.962357 13589 raft_consensus.cc:366] T 00000000000000000000000000000000 P 054e615467164e24aae07e8737be67e6 [term 0 FOLLOWER]: Consensus starting up: Expiring failure detector timer to make a prompt election more likely
I0913 23:13:38.962524 13589 raft_consensus.cc:705] T 00000000000000000000000000000000 P 054e615467164e24aae07e8737be67e6 [term 0 FOLLOWER]: Becoming Follower/Learner. State: Replica: 054e615467164e24aae07e8737be67e6, State: Initialized, Role: FOLLOWER
I0913 23:13:38.963110 13589 consensus_queue.cc:229] T 00000000000000000000000000000000 P 054e615467164e24aae07e8737be67e6 [NON_LEADER]: Queue going to NON_LEADER mode. State: All replicated index: 0, Majority replicated index: 0, Committed index: 0, Last appended: 0.0, Last appended by leader: 0, Current term: 0, Majority size: -1, State: 0, Mode: NON_LEADER, active raft config: opid_index: -1 OBSOLETE_local: true peers { permanent_uuid: "054e615467164e24aae07e8737be67e6" member_type: VOTER }
I0913 23:13:38.963516 13589 raft_consensus.cc:380] T 00000000000000000000000000000000 P 054e615467164e24aae07e8737be67e6 [term 0 FOLLOWER]: Only one voter in the Raft config. Triggering election immediately
I0913 23:13:38.963691 13589 raft_consensus.cc:472] T 00000000000000000000000000000000 P 054e615467164e24aae07e8737be67e6 [term 0 FOLLOWER]: Starting leader election (initial election of a single-replica configuration)
I0913 23:13:38.963910 13589 raft_consensus.cc:2890] T 00000000000000000000000000000000 P 054e615467164e24aae07e8737be67e6 [term 0 FOLLOWER]: Advancing to term 1
I0913 23:13:38.967113 13589 raft_consensus.cc:494] T 00000000000000000000000000000000 P 054e615467164e24aae07e8737be67e6 [term 1 FOLLOWER]: Starting leader election with config: opid_index: -1 OBSOLETE_local: true peers { permanent_uuid: "054e615467164e24aae07e8737be67e6" member_type: VOTER }
I0913 23:13:38.967694 13589 leader_election.cc:310] T 00000000000000000000000000000000 P 054e615467164e24aae07e8737be67e6 [CANDIDATE]: Term 1 election: Election decided. Result: candidate won. Election summary: received 1 responses out of 1 voters: 1 yes votes; 0 no votes. yes voters: 054e615467164e24aae07e8737be67e6; no voters:
I0913 23:13:38.969543 13591 raft_consensus.cc:2644] T 00000000000000000000000000000000 P 054e615467164e24aae07e8737be67e6 [term 1 FOLLOWER]: Leader election won for term 1
I0913 23:13:38.970786 13589 leader_election.cc:296] T 00000000000000000000000000000000 P 054e615467164e24aae07e8737be67e6 [CANDIDATE]: Term 1 election: Requested vote from peers
I0913 23:13:39.070022 13591 raft_consensus.cc:667] T 00000000000000000000000000000000 P 054e615467164e24aae07e8737be67e6 [term 1 LEADER]: Becoming Leader. State: Replica: 054e615467164e24aae07e8737be67e6, State: Running, Role: LEADER
I0913 23:13:39.070684 13591 consensus_queue.cc:206] T 00000000000000000000000000000000 P 054e615467164e24aae07e8737be67e6 [LEADER]: Queue going to LEADER mode. State: All replicated index: 0, Majority replicated index: 0, Committed index: 0, Last appended: 0.0, Last appended by leader: 0, Current term: 1, Majority size: 1, State: 0, Mode: LEADER, active raft config: opid_index: -1 OBSOLETE_local: true peers { permanent_uuid: "054e615467164e24aae07e8737be67e6" member_type: VOTER }
I0913 23:13:39.075088 13593 sys_catalog.cc:340] T 00000000000000000000000000000000 P 054e615467164e24aae07e8737be67e6 [sys.catalog]: SysCatalogTable state changed. Reason: RaftConsensus started. Latest consensus state: current_term: 1 leader_uuid: "054e615467164e24aae07e8737be67e6" committed_config { opid_index: -1 OBSOLETE_local: true peers { permanent_uuid: "054e615467164e24aae07e8737be67e6" member_type: VOTER } }
I0913 23:13:39.075732 13593 sys_catalog.cc:343] T 00000000000000000000000000000000 P 054e615467164e24aae07e8737be67e6 [sys.catalog]: This master's current role is: LEADER
I0913 23:13:39.075832 13592 sys_catalog.cc:340] T 00000000000000000000000000000000 P 054e615467164e24aae07e8737be67e6 [sys.catalog]: SysCatalogTable state changed. Reason: New leader 054e615467164e24aae07e8737be67e6. Latest consensus state: current_term: 1 leader_uuid: "054e615467164e24aae07e8737be67e6" committed_config { opid_index: -1 OBSOLETE_local: true peers { permanent_uuid: "054e615467164e24aae07e8737be67e6" member_type: VOTER } }
I0913 23:13:39.076236 13589 sys_catalog.cc:340] T 00000000000000000000000000000000 P 054e615467164e24aae07e8737be67e6 [sys.catalog]: SysCatalogTable state changed. Reason: Started TabletReplica. Latest consensus state: current_term: 1 leader_uuid: "054e615467164e24aae07e8737be67e6" committed_config { opid_index: -1 OBSOLETE_local: true peers { permanent_uuid: "054e615467164e24aae07e8737be67e6" member_type: VOTER } }
I0913 23:13:39.076529 13592 sys_catalog.cc:343] T 00000000000000000000000000000000 P 054e615467164e24aae07e8737be67e6 [sys.catalog]: This master's current role is: LEADER
I0913 23:13:39.076719 13589 sys_catalog.cc:343] T 00000000000000000000000000000000 P 054e615467164e24aae07e8737be67e6 [sys.catalog]: This master's current role is: LEADER
I0913 23:13:39.080605 13589 sys_catalog.cc:428] T 00000000000000000000000000000000 P 054e615467164e24aae07e8737be67e6 [sys.catalog]: configured and running, proceeding with master startup.
I0913 23:13:39.082242 13595 catalog_manager.cc:1071] Loading table and tablet metadata into memory...
I0913 23:13:39.082640 13524 internal_mini_cluster.cc:166] Waiting to initialize catalog manager on master 0
I0913 23:13:39.087730 13595 catalog_manager.cc:1082] Initializing Kudu internal certificate authority...
I0913 23:13:39.144721 13595 catalog_manager.cc:966] Generated new certificate authority record
I0913 23:13:39.146430 13595 catalog_manager.cc:1091] Loading token signing keys...
I0913 23:13:39.157696 13595 catalog_manager.cc:4394] T 00000000000000000000000000000000 P 054e615467164e24aae07e8737be67e6: Generated new TSK 0
I0913 23:13:39.235643 13524 system_ntp.cc:193] NTP initialized. Skew: 500ppm Current error: 14700us
I0913 23:13:39.236119 13524 fs_manager.cc:263] Metadata directory not provided
I0913 23:13:39.236320 13524 fs_manager.cc:269] Using write-ahead log directory (fs_wal_dir) as metadata directory
I0913 23:13:39.236591 13524 server_base.cc:448] Could not load existing FS layout: Not found: could not find a healthy instance file
I0913 23:13:39.236739 13524 server_base.cc:449] Attempting to create new FS layout instead
I0913 23:13:39.237995 13524 fs_manager.cc:602] Generated new instance metadata in path /tmp/dist-test-taskMj6sdl/test-tmp/ts_tablet_manager-itest.0.TsTabletManagerITest.TestReportNewLeaderOnLeaderChange.1568416417781642-13524/minicluster-data/ts-0-root/instance: uuid: "5377d9dbe0a94202a7ba43eecf52397f" format_stamp: "Formatted at 2019-09-13 23:13:39 on dist-test-slave-dist-test-slave-kz3c"
I0913 23:13:39.255771 13524 fs_manager.cc:503] Time spent creating directory manager: real 0.017s user 0.012s sys 0.004s
I0913 23:13:39.257882 13524 file_cache.cc:465] Constructed file cache lbm with capacity 419430
I0913 23:13:39.271735 13524 fs_manager.cc:419] Time spent opening block manager: real 0.004s user 0.004s sys 0.000s
I0913 23:13:39.271961 13524 fs_manager.cc:436] Opened local filesystem: /tmp/dist-test-taskMj6sdl/test-tmp/ts_tablet_manager-itest.0.TsTabletManagerITest.TestReportNewLeaderOnLeaderChange.1568416417781642-13524/minicluster-data/ts-0-root uuid: "5377d9dbe0a94202a7ba43eecf52397f" format_stamp: "Formatted at 2019-09-13 23:13:39 on dist-test-slave-dist-test-slave-kz3c"
I0913 23:13:39.272385 13524 fs_report.cc:352] FS layout report -------------------- wal directory: /tmp/dist-test-taskMj6sdl/test-tmp/ts_tablet_manager-itest.0.TsTabletManagerITest.TestReportNewLeaderOnLeaderChange.1568416417781642-13524/minicluster-data/ts-0-root metadata directory: /tmp/dist-test-taskMj6sdl/test-tmp/ts_tablet_manager-itest.0.TsTabletManagerITest.TestReportNewLeaderOnLeaderChange.1568416417781642-13524/minicluster-data/ts-0-root 1 data directories: /tmp/dist-test-taskMj6sdl/test-tmp/ts_tablet_manager-itest.0.TsTabletManagerITest.TestReportNewLeaderOnLeaderChange.1568416417781642-13524/minicluster-data/ts-0-root/data Total live blocks: 0 Total live bytes: 0 Total live bytes (after alignment): 0 Total number of LBM containers: 0 (0 full) Did not check for missing blocks Did not check for orphaned blocks Total full LBM containers with extra space: 0 (0 repaired) Total full LBM container extra space in bytes: 0 (0 repaired) Total incomplete LBM containers: 0 (0 repaired) Total LBM partial records: 0 (0 repaired)
I0913 23:13:39.349825 13524 ts_tablet_manager.cc:383] Loaded tablet metadata (0 total tablets, 0 live tablets)
I0913 23:13:39.350028 13524 ts_tablet_manager.cc:403] Registered 0 tablets
I0913 23:13:39.490234 13524 rpc_server.cc:205] RPC server started. Bound to: 127.13.53.1:41723
I0913 23:13:39.492671 13524 webserver.cc:374] Webserver started at http://127.13.53.1:35821/ using document root and password file
I0913 23:13:39.516067 13664 heartbeater.cc:322] Connected to a master server at 127.13.53.62:46449
I0913 23:13:39.516443 13664 heartbeater.cc:406] Registering TS with master...
I0913 23:13:39.517026 13664 heartbeater.cc:455] Master 127.13.53.62:46449 requested a full tablet report, sending...
I0913 23:13:39.518196 13524 system_ntp.cc:193] NTP initialized. Skew: 500ppm Current error: 14700us
I0913 23:13:39.518631 13524 fs_manager.cc:263] Metadata directory not provided
I0913 23:13:39.518817 13524 fs_manager.cc:269] Using write-ahead log directory (fs_wal_dir) as metadata directory
I0913 23:13:39.519058 13524 server_base.cc:448] Could not load existing FS layout: Not found: could not find a healthy instance file
I0913 23:13:39.519210 13524 server_base.cc:449] Attempting to create new FS layout instead
I0913 23:13:39.519457 13556 ts_manager.cc:161] Registered new tserver with Master: 5377d9dbe0a94202a7ba43eecf52397f (127.13.53.1:41723)
I0913 23:13:39.520401 13524 fs_manager.cc:602] Generated new instance metadata in path /tmp/dist-test-taskMj6sdl/test-tmp/ts_tablet_manager-itest.0.TsTabletManagerITest.TestReportNewLeaderOnLeaderChange.1568416417781642-13524/minicluster-data/ts-1-root/instance: uuid: "d215c4eb31bd4e1c84973b81be2c2705" format_stamp: "Formatted at 2019-09-13 23:13:39 on dist-test-slave-dist-test-slave-kz3c"
I0913 23:13:39.521486 13556 master_service.cc:277] Signed X509 certificate for tserver {username='slave'} at 127.0.0.1:44760
I0913 23:13:39.534555 13524 fs_manager.cc:503] Time spent creating directory manager: real 0.014s user 0.011s sys 0.004s
I0913 23:13:39.536917 13524 file_cache.cc:465] Constructed file cache lbm with capacity 419430
I0913 23:13:39.549109 13524 fs_manager.cc:419] Time spent opening block manager: real 0.002s user 0.001s sys 0.000s
I0913 23:13:39.549329 13524 fs_manager.cc:436] Opened local filesystem: /tmp/dist-test-taskMj6sdl/test-tmp/ts_tablet_manager-itest.0.TsTabletManagerITest.TestReportNewLeaderOnLeaderChange.1568416417781642-13524/minicluster-data/ts-1-root uuid: "d215c4eb31bd4e1c84973b81be2c2705" format_stamp: "Formatted at 2019-09-13 23:13:39 on dist-test-slave-dist-test-slave-kz3c"
I0913 23:13:39.549630 13524 fs_report.cc:352] FS layout report -------------------- wal directory: /tmp/dist-test-taskMj6sdl/test-tmp/ts_tablet_manager-itest.0.TsTabletManagerITest.TestReportNewLeaderOnLeaderChange.1568416417781642-13524/minicluster-data/ts-1-root metadata directory: /tmp/dist-test-taskMj6sdl/test-tmp/ts_tablet_manager-itest.0.TsTabletManagerITest.TestReportNewLeaderOnLeaderChange.1568416417781642-13524/minicluster-data/ts-1-root 1 data directories: /tmp/dist-test-taskMj6sdl/test-tmp/ts_tablet_manager-itest.0.TsTabletManagerITest.TestReportNewLeaderOnLeaderChange.1568416417781642-13524/minicluster-data/ts-1-root/data Total live blocks: 0 Total live bytes: 0 Total live bytes (after alignment): 0 Total number of LBM containers: 0 (0 full) Did not check for missing blocks Did not check for orphaned blocks Total full LBM containers with extra space: 0 (0 repaired) Total full LBM container extra space in bytes: 0 (0 repaired) Total incomplete LBM containers: 0 (0 repaired) Total LBM partial records: 0 (0 repaired)
I0913 23:13:39.582633 13524 ts_tablet_manager.cc:383] Loaded tablet metadata (0 total tablets, 0 live tablets)
I0913 23:13:39.582852 13524 ts_tablet_manager.cc:403] Registered 0 tablets
I0913 23:13:39.663326 13524 rpc_server.cc:205] RPC server started. Bound to: 127.13.53.2:43915
I0913 23:13:39.665628 13524 webserver.cc:374] Webserver started at http://127.13.53.2:44577/ using document root and password file
I0913 23:13:39.681360 13732 heartbeater.cc:322] Connected to a master server at 127.13.53.62:46449
I0913 23:13:39.681658 13732 heartbeater.cc:406] Registering TS with master...
I0913 23:13:39.682169 13732 heartbeater.cc:455] Master 127.13.53.62:46449 requested a full tablet report, sending...
I0913 23:13:39.683692 13556 ts_manager.cc:161] Registered new tserver with Master: d215c4eb31bd4e1c84973b81be2c2705 (127.13.53.2:43915)
I0913 23:13:39.683846 13524 internal_mini_cluster.cc:328] 2 TS(s) registered with all masters after 0.012361938s
I0913 23:13:39.685484 13556 master_service.cc:277] Signed X509 certificate for tserver {username='slave'} at 127.0.0.1:44762
I0913 23:13:39.719858 13556 catalog_manager.cc:1425] Servicing CreateTable request from {username='slave'} at 127.0.0.1:44764: name: "test-table" schema { columns { name: "key" type: INT32 is_key: true is_nullable: false encoding: AUTO_ENCODING compression: DEFAULT_COMPRESSION cfile_block_size: 0 } } num_replicas: 2 split_rows_range_bounds { } partition_schema { range_schema { columns { name: "key" } } }
W0913 23:13:39.738253 13556 catalog_manager.cc:1590] The number of live tablet servers is not enough to re-replicate a tablet replica of the newly created table test-table in case of a server failure: 3 tablet servers would be needed, 2 are available. Consider bringing up more tablet servers.
I0913 23:13:39.794706 13699 tablet_service.cc:1022] Processing CreateTablet for tablet 1cf446921adc45968995f85692029a33 (table=test-table [id=f82647784dd54b2e8cf65fbce2f24f2e]), partition=RANGE (key) PARTITION UNBOUNDED
I0913 23:13:39.795943 13699 data_dirs.cc:939] Could only allocate 1 dirs of requested 3 for tablet 1cf446921adc45968995f85692029a33. 1 dirs total, 0 dirs full, 0 dirs failed
I0913 23:13:39.804098 13631 tablet_service.cc:1022] Processing CreateTablet for tablet 1cf446921adc45968995f85692029a33 (table=test-table [id=f82647784dd54b2e8cf65fbce2f24f2e]), partition=RANGE (key) PARTITION UNBOUNDED
I0913 23:13:39.805011 13631 data_dirs.cc:939] Could only allocate 1 dirs of requested 3 for tablet 1cf446921adc45968995f85692029a33. 1 dirs total, 0 dirs full, 0 dirs failed
I0913 23:13:39.807983 13748 tablet_bootstrap.cc:439] T 1cf446921adc45968995f85692029a33 P d215c4eb31bd4e1c84973b81be2c2705: Bootstrap starting.
I0913 23:13:39.811782 13748 tablet_bootstrap.cc:590] T 1cf446921adc45968995f85692029a33 P d215c4eb31bd4e1c84973b81be2c2705: No blocks or log segments found. Creating new log.
I0913 23:13:39.816839 13748 tablet_bootstrap.cc:439] T 1cf446921adc45968995f85692029a33 P d215c4eb31bd4e1c84973b81be2c2705: No bootstrap required, opened a new log
I0913 23:13:39.817385 13748 ts_tablet_manager.cc:1085] T 1cf446921adc45968995f85692029a33 P d215c4eb31bd4e1c84973b81be2c2705: Time spent bootstrapping tablet: real 0.010s user 0.003s sys 0.005s
I0913 23:13:39.819710 13748 raft_consensus.cc:340] T 1cf446921adc45968995f85692029a33 P d215c4eb31bd4e1c84973b81be2c2705 [term 0 FOLLOWER]: Replica starting. Triggering 0 pending transactions. Active config: opid_index: -1 OBSOLETE_local: false peers { permanent_uuid: "5377d9dbe0a94202a7ba43eecf52397f" member_type: VOTER last_known_addr { host: "127.13.53.1" port: 41723 } } peers { permanent_uuid: "d215c4eb31bd4e1c84973b81be2c2705" member_type: VOTER last_known_addr { host: "127.13.53.2" port: 43915 } }
I0913 23:13:39.820588 13750 tablet_bootstrap.cc:439] T 1cf446921adc45968995f85692029a33 P 5377d9dbe0a94202a7ba43eecf52397f: Bootstrap starting.
I0913 23:13:39.820585 13748 raft_consensus.cc:705] T 1cf446921adc45968995f85692029a33 P d215c4eb31bd4e1c84973b81be2c2705 [term 0 FOLLOWER]: Becoming Follower/Learner. State: Replica: d215c4eb31bd4e1c84973b81be2c2705, State: Initialized, Role: FOLLOWER
I0913 23:13:39.821223 13748 consensus_queue.cc:229] T 1cf446921adc45968995f85692029a33 P d215c4eb31bd4e1c84973b81be2c2705 [NON_LEADER]: Queue going to NON_LEADER mode. State: All replicated index: 0, Majority replicated index: 0, Committed index: 0, Last appended: 0.0, Last appended by leader: 0, Current term: 0, Majority size: -1, State: 0, Mode: NON_LEADER, active raft config: opid_index: -1 OBSOLETE_local: false peers { permanent_uuid: "5377d9dbe0a94202a7ba43eecf52397f" member_type: VOTER last_known_addr { host: "127.13.53.1" port: 41723 } } peers { permanent_uuid: "d215c4eb31bd4e1c84973b81be2c2705" member_type: VOTER last_known_addr { host: "127.13.53.2" port: 43915 } }
I0913 23:13:39.824487 13732 heartbeater.cc:447] Master 127.13.53.62:46449 was elected leader, sending a full tablet report...
I0913 23:13:39.825084 13750 tablet_bootstrap.cc:590] T 1cf446921adc45968995f85692029a33 P 5377d9dbe0a94202a7ba43eecf52397f: No blocks or log segments found. Creating new log.
I0913 23:13:39.826244 13748 ts_tablet_manager.cc:1113] T 1cf446921adc45968995f85692029a33 P d215c4eb31bd4e1c84973b81be2c2705: Time spent starting tablet: real 0.009s user 0.007s sys 0.000s
I0913 23:13:39.838572 13750 tablet_bootstrap.cc:439] T 1cf446921adc45968995f85692029a33 P 5377d9dbe0a94202a7ba43eecf52397f: No bootstrap required, opened a new log
I0913 23:13:39.838973 13750 ts_tablet_manager.cc:1085] T 1cf446921adc45968995f85692029a33 P 5377d9dbe0a94202a7ba43eecf52397f: Time spent bootstrapping tablet: real 0.019s user 0.004s sys 0.005s
I0913 23:13:39.840440 13750 raft_consensus.cc:340] T 1cf446921adc45968995f85692029a33 P 5377d9dbe0a94202a7ba43eecf52397f [term 0 FOLLOWER]: Replica starting. Triggering 0 pending transactions. Active config: opid_index: -1 OBSOLETE_local: false peers { permanent_uuid: "5377d9dbe0a94202a7ba43eecf52397f" member_type: VOTER last_known_addr { host: "127.13.53.1" port: 41723 } } peers { permanent_uuid: "d215c4eb31bd4e1c84973b81be2c2705" member_type: VOTER last_known_addr { host: "127.13.53.2" port: 43915 } }
I0913 23:13:39.841013 13750 raft_consensus.cc:705] T 1cf446921adc45968995f85692029a33 P 5377d9dbe0a94202a7ba43eecf52397f [term 0 FOLLOWER]: Becoming Follower/Learner. State: Replica: 5377d9dbe0a94202a7ba43eecf52397f, State: Initialized, Role: FOLLOWER
I0913 23:13:39.841346 13750 consensus_queue.cc:229] T 1cf446921adc45968995f85692029a33 P 5377d9dbe0a94202a7ba43eecf52397f [NON_LEADER]: Queue going to NON_LEADER mode. State: All replicated index: 0, Majority replicated index: 0, Committed index: 0, Last appended: 0.0, Last appended by leader: 0, Current term: 0, Majority size: -1, State: 0, Mode: NON_LEADER, active raft config: opid_index: -1 OBSOLETE_local: false peers { permanent_uuid: "5377d9dbe0a94202a7ba43eecf52397f" member_type: VOTER last_known_addr { host: "127.13.53.1" port: 41723 } } peers { permanent_uuid: "d215c4eb31bd4e1c84973b81be2c2705" member_type: VOTER last_known_addr { host: "127.13.53.2" port: 43915 } }
I0913 23:13:39.843621 13664 heartbeater.cc:447] Master 127.13.53.62:46449 was elected leader, sending a full tablet report...
I0913 23:13:39.843850 13750 ts_tablet_manager.cc:1113] T 1cf446921adc45968995f85692029a33 P 5377d9dbe0a94202a7ba43eecf52397f: Time spent starting tablet: real 0.005s user 0.005s sys 0.000s
I0913 23:13:39.866966 13524 ts_tablet_manager-itest.cc:324] Electing peer 0...
I0913 23:13:39.867175 13524 raft_consensus.cc:405] T 1cf446921adc45968995f85692029a33 P 5377d9dbe0a94202a7ba43eecf52397f [term 0 FOLLOWER]: Emulating election...
I0913 23:13:39.867381 13524 raft_consensus.cc:2890] T 1cf446921adc45968995f85692029a33 P 5377d9dbe0a94202a7ba43eecf52397f [term 0 FOLLOWER]: Advancing to term 1
I0913 23:13:39.871057 13524 raft_consensus.cc:667] T 1cf446921adc45968995f85692029a33 P 5377d9dbe0a94202a7ba43eecf52397f [term 1 LEADER]: Becoming Leader. State: Replica: 5377d9dbe0a94202a7ba43eecf52397f, State: Running, Role: LEADER
W0913 23:13:39.871507 13664 heartbeater.cc:571] Failed to heartbeat to 127.13.53.62:46449 (0 consecutive failures): IO error: failing all heartbeats for tests
I0913 23:13:39.871557 13524 consensus_queue.cc:206] T 1cf446921adc45968995f85692029a33 P 5377d9dbe0a94202a7ba43eecf52397f [LEADER]: Queue going to LEADER mode. State: All replicated index: 0, Majority replicated index: 0, Committed index: 0, Last appended: 0.0, Last appended by leader: 0, Current term: 1, Majority size: 2, State: 0, Mode: LEADER, active raft config: opid_index: -1 OBSOLETE_local: false peers { permanent_uuid: "5377d9dbe0a94202a7ba43eecf52397f" member_type: VOTER last_known_addr { host: "127.13.53.1" port: 41723 } } peers { permanent_uuid: "d215c4eb31bd4e1c84973b81be2c2705" member_type: VOTER last_known_addr { host: "127.13.53.2" port: 43915 } }
I0913 23:13:39.875128 13524 ts_tablet_manager-itest.cc:327] Waiting for servers to agree...
I0913 23:13:39.896453 13524 cluster_itest_util.cc:259] Not converged past 1 yet: 1.1 0.0
W0913 23:13:39.922448 13733 tablet.cc:1762] T 1cf446921adc45968995f85692029a33 P d215c4eb31bd4e1c84973b81be2c2705: Can't schedule compaction. Clean time has not been advanced past its initial value.
I0913 23:13:40.000432 13524 cluster_itest_util.cc:259] Not converged past 1 yet: 1.1 0.0
I0913 23:13:40.204047 13524 cluster_itest_util.cc:259] Not converged past 1 yet: 1.1 0.0
I0913 23:13:40.430233 13709 raft_consensus.cc:2890] T 1cf446921adc45968995f85692029a33 P d215c4eb31bd4e1c84973b81be2c2705 [term 0 FOLLOWER]: Advancing to term 1
I0913 23:13:40.434948 13756 consensus_queue.cc:984] T 1cf446921adc45968995f85692029a33 P 5377d9dbe0a94202a7ba43eecf52397f [LEADER]: Connected to new peer: Peer: permanent_uuid: "d215c4eb31bd4e1c84973b81be2c2705" member_type: VOTER last_known_addr { host: "127.13.53.2" port: 43915 }, Status: LMP_MISMATCH, Last received: 0.0, Next index: 1, Last known committed idx: 0, Time since last communication: 0.000s
I0913 23:13:40.508771 13524 ts_tablet_manager-itest.cc:324] Electing peer 1...
I0913 23:13:40.508941 13524 raft_consensus.cc:405] T 1cf446921adc45968995f85692029a33 P d215c4eb31bd4e1c84973b81be2c2705 [term 1 FOLLOWER]: Emulating election...
I0913 23:13:40.509121 13524 raft_consensus.cc:2890] T 1cf446921adc45968995f85692029a33 P d215c4eb31bd4e1c84973b81be2c2705 [term 1 FOLLOWER]: Advancing to term 2
I0913 23:13:40.512538 13524 raft_consensus.cc:667] T 1cf446921adc45968995f85692029a33 P d215c4eb31bd4e1c84973b81be2c2705 [term 2 LEADER]: Becoming Leader. State: Replica: d215c4eb31bd4e1c84973b81be2c2705, State: Running, Role: LEADER
I0913 23:13:40.512953 13524 consensus_queue.cc:206] T 1cf446921adc45968995f85692029a33 P d215c4eb31bd4e1c84973b81be2c2705 [LEADER]: Queue going to LEADER mode. State: All replicated index: 0, Majority replicated index: 1, Committed index: 1, Last appended: 1.1, Last appended by leader: 1, Current term: 2, Majority size: 2, State: 0, Mode: LEADER, active raft config: opid_index: -1 OBSOLETE_local: false peers { permanent_uuid: "5377d9dbe0a94202a7ba43eecf52397f" member_type: VOTER last_known_addr { host: "127.13.53.1" port: 41723 } } peers { permanent_uuid: "d215c4eb31bd4e1c84973b81be2c2705" member_type: VOTER last_known_addr { host: "127.13.53.2" port: 43915 } }
I0913 23:13:40.514281 13524 ts_tablet_manager-itest.cc:327] Waiting for servers to agree...
I0913 23:13:40.517056 13524 cluster_itest_util.cc:259] Not converged past 2 yet: 1.1 2.2
I0913 23:13:40.620498 13524 cluster_itest_util.cc:259] Not converged past 2 yet: 1.1 2.2
I0913 23:13:40.823879 13524 cluster_itest_util.cc:259] Not converged past 2 yet: 1.1 2.2
I0913 23:13:40.848071 13709 raft_consensus.cc:1149] T 1cf446921adc45968995f85692029a33 P d215c4eb31bd4e1c84973b81be2c2705 [term 2 LEADER]: Rejecting Update request from peer 5377d9dbe0a94202a7ba43eecf52397f for earlier term 1. Current term is 2. Ops: []
I0913 23:13:40.849157 13764 consensus_queue.cc:995] T 1cf446921adc45968995f85692029a33 P 5377d9dbe0a94202a7ba43eecf52397f [LEADER]: Peer responded invalid term: Peer: permanent_uuid: "d215c4eb31bd4e1c84973b81be2c2705" member_type: VOTER last_known_addr { host: "127.13.53.2" port: 43915 }, Status: INVALID_TERM, Last received: 1.1, Next index: 2, Last known committed idx: 1, Time since last communication: 0.000s
I0913 23:13:40.849683 13764 consensus_queue.cc:1162] T 1cf446921adc45968995f85692029a33 P 5377d9dbe0a94202a7ba43eecf52397f [LEADER]: Peer d215c4eb31bd4e1c84973b81be2c2705 log is divergent from this leader: its last log entry 2.2 is not in this leader's log and it has not received anything from this leader yet. Falling back to committed index 1
I0913 23:13:40.849992 13761 raft_consensus.cc:2885] T 1cf446921adc45968995f85692029a33 P 5377d9dbe0a94202a7ba43eecf52397f [term 1 LEADER]: Stepping down as leader of term 1
I0913 23:13:40.850247 13761 raft_consensus.cc:705] T 1cf446921adc45968995f85692029a33 P 5377d9dbe0a94202a7ba43eecf52397f [term 1 LEADER]: Becoming Follower/Learner. State: Replica: 5377d9dbe0a94202a7ba43eecf52397f, State: Running, Role: LEADER
I0913 23:13:40.850554 13761 consensus_queue.cc:229] T 1cf446921adc45968995f85692029a33 P 5377d9dbe0a94202a7ba43eecf52397f [NON_LEADER]: Queue going to NON_LEADER mode. State: All replicated index: 0, Majority replicated index: 1, Committed index: 1, Last appended: 1.1, Last appended by leader: 1, Current term: 1, Majority size: -1, State: 0, Mode: NON_LEADER, active raft config: opid_index: -1 OBSOLETE_local: false peers { permanent_uuid: "5377d9dbe0a94202a7ba43eecf52397f" member_type: VOTER last_known_addr { host: "127.13.53.1" port: 41723 } } peers { permanent_uuid: "d215c4eb31bd4e1c84973b81be2c2705" member_type: VOTER last_known_addr { host: "127.13.53.2" port: 43915 } }
I0913 23:13:40.851289 13761 raft_consensus.cc:2890] T 1cf446921adc45968995f85692029a33 P 5377d9dbe0a94202a7ba43eecf52397f [term 1 FOLLOWER]: Advancing to term 2
I0913 23:13:40.976162 13641 raft_consensus.cc:1184] T 1cf446921adc45968995f85692029a33 P 5377d9dbe0a94202a7ba43eecf52397f [term 2 FOLLOWER]: Refusing update from remote peer d215c4eb31bd4e1c84973b81be2c2705: Log matching property violated. Preceding OpId in replica: term: 1 index: 1. Preceding OpId from leader: term: 2 index: 2. (index mismatch)
I0913 23:13:40.977279 13759 consensus_queue.cc:984] T 1cf446921adc45968995f85692029a33 P d215c4eb31bd4e1c84973b81be2c2705 [LEADER]: Connected to new peer: Peer: permanent_uuid: "5377d9dbe0a94202a7ba43eecf52397f" member_type: VOTER last_known_addr { host: "127.13.53.1" port: 41723 }, Status: LMP_MISMATCH, Last received: 0.0, Next index: 2, Last known committed idx: 1, Time since last communication: 0.000s
I0913 23:13:41.128537 13524 ts_tablet_manager-itest.cc:324] Electing peer 1...
I0913 23:13:41.128767 13524 raft_consensus.cc:405] T 1cf446921adc45968995f85692029a33 P d215c4eb31bd4e1c84973b81be2c2705 [term 2 LEADER]: Emulating election...
I0913 23:13:41.128935 13524 raft_consensus.cc:2885] T 1cf446921adc45968995f85692029a33 P d215c4eb31bd4e1c84973b81be2c2705 [term 2 LEADER]: Stepping down as leader of term 2
I0913 23:13:41.129053 13524 raft_consensus.cc:705] T 1cf446921adc45968995f85692029a33 P d215c4eb31bd4e1c84973b81be2c2705 [term 2 LEADER]: Becoming Follower/Learner. State: Replica: d215c4eb31bd4e1c84973b81be2c2705, State: Running, Role: LEADER
I0913 23:13:41.129325 13524 consensus_queue.cc:229] T 1cf446921adc45968995f85692029a33 P d215c4eb31bd4e1c84973b81be2c2705 [NON_LEADER]: Queue going to NON_LEADER mode. State: All replicated index: 0, Majority replicated index: 2, Committed index: 2, Last appended: 2.2, Last appended by leader: 2, Current term: 2, Majority size: -1, State: 0, Mode: NON_LEADER, active raft config: opid_index: -1 OBSOLETE_local: false peers { permanent_uuid: "5377d9dbe0a94202a7ba43eecf52397f" member_type: VOTER last_known_addr { host: "127.13.53.1" port: 41723 } } peers { permanent_uuid: "d215c4eb31bd4e1c84973b81be2c2705" member_type: VOTER last_known_addr { host: "127.13.53.2" port: 43915 } }
I0913 23:13:41.129865 13524 raft_consensus.cc:2890] T 1cf446921adc45968995f85692029a33 P d215c4eb31bd4e1c84973b81be2c2705 [term 2 FOLLOWER]: Advancing to term 3
I0913 23:13:41.133249 13524 raft_consensus.cc:667] T 1cf446921adc45968995f85692029a33 P d215c4eb31bd4e1c84973b81be2c2705 [term 3 LEADER]: Becoming Leader. State: Replica: d215c4eb31bd4e1c84973b81be2c2705, State: Running, Role: LEADER
I0913 23:13:41.133632 13524 consensus_queue.cc:206] T 1cf446921adc45968995f85692029a33 P d215c4eb31bd4e1c84973b81be2c2705 [LEADER]: Queue going to LEADER mode. State: All replicated index: 0, Majority replicated index: 2, Committed index: 2, Last appended: 2.2, Last appended by leader: 2, Current term: 3, Majority size: 2, State: 0, Mode: LEADER, active raft config: opid_index: -1 OBSOLETE_local: false peers { permanent_uuid: "5377d9dbe0a94202a7ba43eecf52397f" member_type: VOTER last_known_addr { host: "127.13.53.1" port: 41723 } } peers { permanent_uuid: "d215c4eb31bd4e1c84973b81be2c2705" member_type: VOTER last_known_addr { host: "127.13.53.2" port: 43915 } }
I0913 23:13:41.135020 13524 ts_tablet_manager-itest.cc:327] Waiting for servers to agree...
I0913 23:13:41.138226 13524 cluster_itest_util.cc:259] Not converged past 3 yet: 2.2 3.3
I0913 23:13:41.241641 13524 cluster_itest_util.cc:259] Not converged past 3 yet: 2.2 3.3
I0913 23:13:41.445075 13524 cluster_itest_util.cc:259] Not converged past 3 yet: 2.2 3.3
I0913 23:13:41.572232 13641 raft_consensus.cc:2890] T 1cf446921adc45968995f85692029a33 P 5377d9dbe0a94202a7ba43eecf52397f [term 2 FOLLOWER]: Advancing to term 3
I0913 23:13:41.576256 13641 raft_consensus.cc:1184] T 1cf446921adc45968995f85692029a33 P 5377d9dbe0a94202a7ba43eecf52397f [term 3 FOLLOWER]: Refusing update from remote peer d215c4eb31bd4e1c84973b81be2c2705: Log matching property violated. Preceding OpId in replica: term: 2 index: 2. Preceding OpId from leader: term: 3 index: 3. (index mismatch)
I0913 23:13:41.577294 13759 consensus_queue.cc:984] T 1cf446921adc45968995f85692029a33 P d215c4eb31bd4e1c84973b81be2c2705 [LEADER]: Connected to new peer: Peer: permanent_uuid: "5377d9dbe0a94202a7ba43eecf52397f" member_type: VOTER last_known_addr { host: "127.13.53.1" port: 41723 }, Status: LMP_MISMATCH, Last received: 0.0, Next index: 3, Last known committed idx: 2, Time since last communication: 0.000s
I0913 23:13:41.750516 13524 tablet_server.cc:155] TabletServer shutting down...
I0913 23:13:41.769585 13524 ts_tablet_manager.cc:1159] Shutting down tablet manager...
I0913 23:13:41.769865 13524 tablet_replica.cc:273] T 1cf446921adc45968995f85692029a33 P 5377d9dbe0a94202a7ba43eecf52397f: stopping tablet replica
I0913 23:13:41.770262 13524 raft_consensus.cc:2147] T 1cf446921adc45968995f85692029a33 P 5377d9dbe0a94202a7ba43eecf52397f [term 3 FOLLOWER]: Raft consensus shutting down.
I0913 23:13:41.770552 13524 raft_consensus.cc:2174] T 1cf446921adc45968995f85692029a33 P 5377d9dbe0a94202a7ba43eecf52397f [term 3 FOLLOWER]: Raft consensus is shut down!
I0913 23:13:41.847349 13524 tablet_server.cc:169] TabletServer shutdown complete.
I0913 23:13:41.847520 13524 tablet_server.cc:155] TabletServer shutting down...
I0913 23:13:41.847841 13524 tablet_server.cc:169] TabletServer shutdown complete.
I0913 23:13:41.853674 13524 tablet_server.cc:155] TabletServer shutting down...
I0913 23:13:41.867766 13524 ts_tablet_manager.cc:1159] Shutting down tablet manager...
I0913 23:13:41.868026 13524 tablet_replica.cc:273] T 1cf446921adc45968995f85692029a33 P d215c4eb31bd4e1c84973b81be2c2705: stopping tablet replica
I0913 23:13:41.868301 13524 raft_consensus.cc:2147] T 1cf446921adc45968995f85692029a33 P d215c4eb31bd4e1c84973b81be2c2705 [term 3 LEADER]: Raft consensus shutting down.
I0913 23:13:41.868717 13524 raft_consensus.cc:2174] T 1cf446921adc45968995f85692029a33 P d215c4eb31bd4e1c84973b81be2c2705 [term 3 FOLLOWER]: Raft consensus is shut down!
I0913 23:13:41.886304 13524 tablet_server.cc:169] TabletServer shutdown complete.
I0913 23:13:41.886461 13524 tablet_server.cc:155] TabletServer shutting down...
I0913 23:13:41.886742 13524 tablet_server.cc:169] TabletServer shutdown complete.
I0913 23:13:41.891917 13524 master.cc:247] Master@127.13.53.62:46449 shutting down...
I0913 23:13:41.947819 13524 raft_consensus.cc:2147] T 00000000000000000000000000000000 P 054e615467164e24aae07e8737be67e6 [term 1 LEADER]: Raft consensus shutting down.
I0913 23:13:41.948174 13524 raft_consensus.cc:2174] T 00000000000000000000000000000000 P 054e615467164e24aae07e8737be67e6 [term 1 FOLLOWER]: Raft consensus is shut down!
I0913 23:13:41.948405 13524 tablet_replica.cc:273] T 00000000000000000000000000000000 P 054e615467164e24aae07e8737be67e6: stopping tablet replica
I0913 23:13:41.964323 13524 master.cc:258] Master@127.13.53.62:46449 shutdown complete. [ OK ] TsTabletManagerITest.TestReportNewLeaderOnLeaderChange (4116 ms) [ RUN ] TsTabletManagerITest.ReportOnReplicaHealthStatus
I0913 23:13:41.982758 13524 internal_mini_cluster.cc:146] Creating distributed mini masters. Addrs: 127.13.53.62:40691
I0913 23:13:41.993520 13524 system_ntp.cc:193] NTP initialized. Skew: 500ppm Current error: 15700us
I0913 23:13:41.993903 13524 fs_manager.cc:263] Metadata directory not provided
I0913 23:13:41.994040 13524 fs_manager.cc:269] Using write-ahead log directory (fs_wal_dir) as metadata directory
I0913 23:13:41.994410 13524 server_base.cc:448] Could not load existing FS layout: Not found: could not find a healthy instance file
I0913 23:13:41.994515 13524 server_base.cc:449] Attempting to create new FS layout instead
I0913 23:13:41.995426 13524 fs_manager.cc:602] Generated new instance metadata in path /tmp/dist-test-taskMj6sdl/test-tmp/ts_tablet_manager-itest.0.TsTabletManagerITest.ReportOnReplicaHealthStatus.1568416417781642-13524/minicluster-data/master-0-root/instance: uuid: "afe4b86f03784fdfb3df5e1b8513a3e0" format_stamp: "Formatted at 2019-09-13 23:13:41 on dist-test-slave-dist-test-slave-kz3c"
I0913 23:13:42.003197 13524 fs_manager.cc:503] Time spent creating directory manager: real 0.007s user 0.005s sys 0.003s
I0913 23:13:42.004601 13524 file_cache.cc:465] Constructed file cache lbm with capacity 419430
I0913 23:13:42.010991 13524 fs_manager.cc:419] Time spent opening block manager: real 0.001s user 0.001s sys 0.000s
I0913 23:13:42.011162 13524 fs_manager.cc:436] Opened local filesystem: /tmp/dist-test-taskMj6sdl/test-tmp/ts_tablet_manager-itest.0.TsTabletManagerITest.ReportOnReplicaHealthStatus.1568416417781642-13524/minicluster-data/master-0-root uuid: "afe4b86f03784fdfb3df5e1b8513a3e0" format_stamp: "Formatted at 2019-09-13 23:13:41 on dist-test-slave-dist-test-slave-kz3c"
I0913 23:13:42.011420 13524 fs_report.cc:352] FS layout report -------------------- wal directory: /tmp/dist-test-taskMj6sdl/test-tmp/ts_tablet_manager-itest.0.TsTabletManagerITest.ReportOnReplicaHealthStatus.1568416417781642-13524/minicluster-data/master-0-root metadata directory: /tmp/dist-test-taskMj6sdl/test-tmp/ts_tablet_manager-itest.0.TsTabletManagerITest.ReportOnReplicaHealthStatus.1568416417781642-13524/minicluster-data/master-0-root 1 data directories: /tmp/dist-test-taskMj6sdl/test-tmp/ts_tablet_manager-itest.0.TsTabletManagerITest.ReportOnReplicaHealthStatus.1568416417781642-13524/minicluster-data/master-0-root/data Total live blocks: 0 Total live bytes: 0 Total live bytes (after alignment): 0 Total number of LBM containers: 0 (0 full) Did not check for missing blocks Did not check for orphaned blocks Total full LBM containers with extra space: 0 (0 repaired) Total full LBM container extra space in bytes: 0 (0 repaired) Total incomplete LBM containers: 0 (0 repaired) Total LBM partial records: 0 (0 repaired)
I0913 23:13:42.081794 13524 rpc_server.cc:205] RPC server started. Bound to: 127.13.53.62:40691
I0913 23:13:42.083839 13524 webserver.cc:374] Webserver started at http://127.13.53.62:39633/ using document root and password file
I0913 23:13:42.085690 13832 data_dirs.cc:939] Could only allocate 1 dirs of requested 3 for tablet 00000000000000000000000000000000. 1 dirs total, 0 dirs full, 0 dirs failed
I0913 23:13:42.092429 13832 tablet_bootstrap.cc:439] T 00000000000000000000000000000000 P afe4b86f03784fdfb3df5e1b8513a3e0: Bootstrap starting.
I0913 23:13:42.094449 13832 tablet_bootstrap.cc:590] T 00000000000000000000000000000000 P afe4b86f03784fdfb3df5e1b8513a3e0: No blocks or log segments found. Creating new log.
I0913 23:13:42.097190 13832 tablet_bootstrap.cc:439] T 00000000000000000000000000000000 P afe4b86f03784fdfb3df5e1b8513a3e0: No bootstrap required, opened a new log
I0913 23:13:42.098467 13832 raft_consensus.cc:340] T 00000000000000000000000000000000 P afe4b86f03784fdfb3df5e1b8513a3e0 [term 0 FOLLOWER]: Replica starting. Triggering 0 pending transactions. Active config: opid_index: -1 OBSOLETE_local: true peers { permanent_uuid: "afe4b86f03784fdfb3df5e1b8513a3e0" member_type: VOTER }
I0913 23:13:42.098778 13832 raft_consensus.cc:366] T 00000000000000000000000000000000 P afe4b86f03784fdfb3df5e1b8513a3e0 [term 0 FOLLOWER]: Consensus starting up: Expiring failure detector timer to make a prompt election more likely
I0913 23:13:42.098902 13832 raft_consensus.cc:705] T 00000000000000000000000000000000 P afe4b86f03784fdfb3df5e1b8513a3e0 [term 0 FOLLOWER]: Becoming Follower/Learner. State: Replica: afe4b86f03784fdfb3df5e1b8513a3e0, State: Initialized, Role: FOLLOWER
I0913 23:13:42.099267 13832 consensus_queue.cc:229] T 00000000000000000000000000000000 P afe4b86f03784fdfb3df5e1b8513a3e0 [NON_LEADER]: Queue going to NON_LEADER mode. State: All replicated index: 0, Majority replicated index: 0, Committed index: 0, Last appended: 0.0, Last appended by leader: 0, Current term: 0, Majority size: -1, State: 0, Mode: NON_LEADER, active raft config: opid_index: -1 OBSOLETE_local: true peers { permanent_uuid: "afe4b86f03784fdfb3df5e1b8513a3e0" member_type: VOTER }
I0913 23:13:42.099650 13832 raft_consensus.cc:380] T 00000000000000000000000000000000 P afe4b86f03784fdfb3df5e1b8513a3e0 [term 0 FOLLOWER]: Only one voter in the Raft config. Triggering election immediately
I0913 23:13:42.099789 13832 raft_consensus.cc:472] T 00000000000000000000000000000000 P afe4b86f03784fdfb3df5e1b8513a3e0 [term 0 FOLLOWER]: Starting leader election (initial election of a single-replica configuration)
I0913 23:13:42.099957 13832 raft_consensus.cc:2890] T 00000000000000000000000000000000 P afe4b86f03784fdfb3df5e1b8513a3e0 [term 0 FOLLOWER]: Advancing to term 1
I0913 23:13:42.103152 13832 raft_consensus.cc:494] T 00000000000000000000000000000000 P afe4b86f03784fdfb3df5e1b8513a3e0 [term 1 FOLLOWER]: Starting leader election with config: opid_index: -1 OBSOLETE_local: true peers { permanent_uuid: "afe4b86f03784fdfb3df5e1b8513a3e0" member_type: VOTER }
I0913 23:13:42.103547 13832 leader_election.cc:310] T 00000000000000000000000000000000 P afe4b86f03784fdfb3df5e1b8513a3e0 [CANDIDATE]: Term 1 election: Election decided. Result: candidate won. Election summary: received 1 responses out of 1 voters: 1 yes votes; 0 no votes. yes voters: afe4b86f03784fdfb3df5e1b8513a3e0; no voters:
I0913 23:13:42.104809 13832 leader_election.cc:296] T 00000000000000000000000000000000 P afe4b86f03784fdfb3df5e1b8513a3e0 [CANDIDATE]: Term 1 election: Requested vote from peers
I0913 23:13:42.105046 13834 raft_consensus.cc:2644] T 00000000000000000000000000000000 P afe4b86f03784fdfb3df5e1b8513a3e0 [term 1 FOLLOWER]: Leader election won for term 1
I0913 23:13:42.106549 13834 raft_consensus.cc:667] T 00000000000000000000000000000000 P afe4b86f03784fdfb3df5e1b8513a3e0 [term 1 LEADER]: Becoming Leader. State: Replica: afe4b86f03784fdfb3df5e1b8513a3e0, State: Running, Role: LEADER
I0913 23:13:42.107020 13834 consensus_queue.cc:206] T 00000000000000000000000000000000 P afe4b86f03784fdfb3df5e1b8513a3e0 [LEADER]: Queue going to LEADER mode. State: All replicated index: 0, Majority replicated index: 0, Committed index: 0, Last appended: 0.0, Last appended by leader: 0, Current term: 1, Majority size: 1, State: 0, Mode: LEADER, active raft config: opid_index: -1 OBSOLETE_local: true peers { permanent_uuid: "afe4b86f03784fdfb3df5e1b8513a3e0" member_type: VOTER }
I0913 23:13:42.109221 13832 sys_catalog.cc:340] T 00000000000000000000000000000000 P afe4b86f03784fdfb3df5e1b8513a3e0 [sys.catalog]: SysCatalogTable state changed. Reason: Started TabletReplica. Latest consensus state: current_term: 1 leader_uuid: "afe4b86f03784fdfb3df5e1b8513a3e0" committed_config { opid_index: -1 OBSOLETE_local: true peers { permanent_uuid: "afe4b86f03784fdfb3df5e1b8513a3e0" member_type: VOTER } }
I0913 23:13:42.109400 13835 sys_catalog.cc:340] T 00000000000000000000000000000000 P afe4b86f03784fdfb3df5e1b8513a3e0 [sys.catalog]: SysCatalogTable state changed. Reason: RaftConsensus started. Latest consensus state: current_term: 1 leader_uuid: "afe4b86f03784fdfb3df5e1b8513a3e0" committed_config { opid_index: -1 OBSOLETE_local: true peers { permanent_uuid: "afe4b86f03784fdfb3df5e1b8513a3e0" member_type: VOTER } }
I0913 23:13:42.109429 13836 sys_catalog.cc:340] T 00000000000000000000000000000000 P afe4b86f03784fdfb3df5e1b8513a3e0 [sys.catalog]: SysCatalogTable state changed. Reason: New leader afe4b86f03784fdfb3df5e1b8513a3e0. Latest consensus state: current_term: 1 leader_uuid: "afe4b86f03784fdfb3df5e1b8513a3e0" committed_config { opid_index: -1 OBSOLETE_local: true peers { permanent_uuid: "afe4b86f03784fdfb3df5e1b8513a3e0" member_type: VOTER } }
I0913 23:13:42.109871 13832 sys_catalog.cc:343] T 00000000000000000000000000000000 P afe4b86f03784fdfb3df5e1b8513a3e0 [sys.catalog]: This master's current role is: LEADER
I0913 23:13:42.110003 13835 sys_catalog.cc:343] T 00000000000000000000000000000000 P afe4b86f03784fdfb3df5e1b8513a3e0 [sys.catalog]: This master's current role is: LEADER
I0913 23:13:42.110170 13836 sys_catalog.cc:343] T 00000000000000000000000000000000 P afe4b86f03784fdfb3df5e1b8513a3e0 [sys.catalog]: This master's current role is: LEADER
I0913 23:13:42.111778 13832 sys_catalog.cc:428] T 00000000000000000000000000000000 P afe4b86f03784fdfb3df5e1b8513a3e0 [sys.catalog]: configured and running, proceeding with master startup.
I0913 23:13:42.111977 13838 catalog_manager.cc:1071] Loading table and tablet metadata into memory...
I0913 23:13:42.114542 13524 internal_mini_cluster.cc:166] Waiting to initialize catalog manager on master 0
I0913 23:13:42.114953 13838 catalog_manager.cc:1082] Initializing Kudu internal certificate authority...
I0913 23:13:42.129184 13838 catalog_manager.cc:966] Generated new certificate authority record
I0913 23:13:42.130633 13838 catalog_manager.cc:1091] Loading token signing keys...
I0913 23:13:42.144937 13838 catalog_manager.cc:4394] T 00000000000000000000000000000000 P afe4b86f03784fdfb3df5e1b8513a3e0: Generated new TSK 0
I0913 23:13:42.158455 13524 system_ntp.cc:193] NTP initialized. Skew: 500ppm Current error: 16200us
I0913 23:13:42.158848 13524 fs_manager.cc:263] Metadata directory not provided
I0913 23:13:42.158987 13524 fs_manager.cc:269] Using write-ahead log directory (fs_wal_dir) as metadata directory
I0913 23:13:42.159185 13524 server_base.cc:448] Could not load existing FS layout: Not found: could not find a healthy instance file
I0913 23:13:42.159288 13524 server_base.cc:449] Attempting to create new FS layout instead
I0913 23:13:42.160219 13524 fs_manager.cc:602] Generated new instance metadata in path /tmp/dist-test-taskMj6sdl/test-tmp/ts_tablet_manager-itest.0.TsTabletManagerITest.ReportOnReplicaHealthStatus.1568416417781642-13524/minicluster-data/ts-0-root/instance: uuid: "63a2a4b091a84abb8413d93b7e2c278d" format_stamp: "Formatted at 2019-09-13 23:13:42 on dist-test-slave-dist-test-slave-kz3c"
I0913 23:13:42.168035 13524 fs_manager.cc:503] Time spent creating directory manager: real 0.007s user 0.008s sys 0.001s
I0913 23:13:42.169307 13524 file_cache.cc:465] Constructed file cache lbm with capacity 419430
I0913 23:13:42.175519 13524 fs_manager.cc:419] Time spent opening block manager: real 0.001s user 0.000s sys 0.000s
I0913 23:13:42.175676 13524 fs_manager.cc:436] Opened local filesystem: /tmp/dist-test-taskMj6sdl/test-tmp/ts_tablet_manager-itest.0.TsTabletManagerITest.ReportOnReplicaHealthStatus.1568416417781642-13524/minicluster-data/ts-0-root uuid: "63a2a4b091a84abb8413d93b7e2c278d" format_stamp: "Formatted at 2019-09-13 23:13:42 on dist-test-slave-dist-test-slave-kz3c"
