I0913 23:13:49.741657 14608 raft_consensus.cc:2311] T bf89c16ce260470a863711ddbbdb3d68 P 0cad5c4a245f4b3dbd66bb7259f45090 [term 1 FOLLOWER]: Leader election vote request: Denying vote to candidate a66db810508f4e35bac62f5c6c9f6e9c for term 2 because replica is either leader or believes a valid leader to be alive.
I0913 23:13:49.742231 14633 heartbeater.cc:447] Master 127.13.53.60:42667 was elected leader, sending a full tablet report...
I0913 23:13:49.744292 14768 leader_election.cc:296] T bf89c16ce260470a863711ddbbdb3d68 P a66db810508f4e35bac62f5c6c9f6e9c [CANDIDATE]: Term 2 election: Requested vote from peers 93a20b201a904b628926e173bbf23463 (127.13.53.1:44785), 0cad5c4a245f4b3dbd66bb7259f45090 (127.13.53.2:41231)
I0913 23:13:49.746510 14539 raft_consensus.cc:2350] T bf89c16ce260470a863711ddbbdb3d68 P 93a20b201a904b628926e173bbf23463 [term 2 FOLLOWER]: Leader election vote request: Granting yes vote for candidate a66db810508f4e35bac62f5c6c9f6e9c in term 2.
I0913 23:13:49.747431 14645 leader_election.cc:310] T bf89c16ce260470a863711ddbbdb3d68 P a66db810508f4e35bac62f5c6c9f6e9c [CANDIDATE]: Term 2 election: Election decided. Result: candidate won. Election summary: received 3 responses out of 3 voters: 2 yes votes; 1 no votes. yes voters: 93a20b201a904b628926e173bbf23463, a66db810508f4e35bac62f5c6c9f6e9c; no voters: 0cad5c4a245f4b3dbd66bb7259f45090
I0913 23:13:49.748452 14768 raft_consensus.cc:2644] T bf89c16ce260470a863711ddbbdb3d68 P a66db810508f4e35bac62f5c6c9f6e9c [term 2 FOLLOWER]: Leader election won for term 2
I0913 23:13:49.749574 14768 raft_consensus.cc:667] T bf89c16ce260470a863711ddbbdb3d68 P a66db810508f4e35bac62f5c6c9f6e9c [term 2 LEADER]: Becoming Leader. State: Replica: a66db810508f4e35bac62f5c6c9f6e9c, State: Running, Role: LEADER
I0913 23:13:49.750147 14768 consensus_queue.cc:206] T bf89c16ce260470a863711ddbbdb3d68 P a66db810508f4e35bac62f5c6c9f6e9c [LEADER]: Queue going to LEADER mode. State: All replicated index: 0, Majority replicated index: 2, Committed index: 2, Last appended: 1.2, Last appended by leader: 2, Current term: 2, Majority size: 2, State: 0, Mode: LEADER, active raft config: opid_index: -1 OBSOLETE_local: false peers { permanent_uuid: "a66db810508f4e35bac62f5c6c9f6e9c" member_type: VOTER last_known_addr { host: "127.13.53.3" port: 37091 } } peers { permanent_uuid: "93a20b201a904b628926e173bbf23463" member_type: VOTER last_known_addr { host: "127.13.53.1" port: 44785 } } peers { permanent_uuid: "0cad5c4a245f4b3dbd66bb7259f45090" member_type: VOTER last_known_addr { host: "127.13.53.2" port: 41231 } }
I0913 23:13:49.755431 14439 catalog_manager.cc:4079] T bf89c16ce260470a863711ddbbdb3d68 P a66db810508f4e35bac62f5c6c9f6e9c reported cstate change: term changed from 1 to 2, leader changed from 93a20b201a904b628926e173bbf23463 (127.13.53.1) to a66db810508f4e35bac62f5c6c9f6e9c (127.13.53.3). New cstate: current_term: 2 leader_uuid: "a66db810508f4e35bac62f5c6c9f6e9c" committed_config { opid_index: -1 OBSOLETE_local: false peers { permanent_uuid: "a66db810508f4e35bac62f5c6c9f6e9c" member_type: VOTER last_known_addr { host: "127.13.53.3" port: 37091 } health_report { overall_health: HEALTHY } } peers { permanent_uuid: "93a20b201a904b628926e173bbf23463" member_type: VOTER last_known_addr { host: "127.13.53.1" port: 44785 } health_report { overall_health: UNKNOWN } } peers { permanent_uuid: "0cad5c4a245f4b3dbd66bb7259f45090" member_type: VOTER last_known_addr { host: "127.13.53.2" port: 41231 } health_report { overall_health: UNKNOWN } } }
I0913 23:13:49.765890 14809 raft_consensus.cc:472] T bf89c16ce260470a863711ddbbdb3d68 P 0cad5c4a245f4b3dbd66bb7259f45090 [term 1 FOLLOWER]: Starting pre-election (detected failure of leader 93a20b201a904b628926e173bbf23463)
I0913 23:13:49.766644 14809 raft_consensus.cc:494] T bf89c16ce260470a863711ddbbdb3d68 P 0cad5c4a245f4b3dbd66bb7259f45090 [term 1 FOLLOWER]: Starting pre-election with config: opid_index: -1 OBSOLETE_local: false peers { permanent_uuid: "a66db810508f4e35bac62f5c6c9f6e9c" member_type: VOTER last_known_addr { host: "127.13.53.3" port: 37091 } } peers { permanent_uuid: "93a20b201a904b628926e173bbf23463" member_type: VOTER last_known_addr { host: "127.13.53.1" port: 44785 } } peers { permanent_uuid: "0cad5c4a245f4b3dbd66bb7259f45090" member_type: VOTER last_known_addr { host: "127.13.53.2" port: 41231 } }
I0913 23:13:49.770130 14679 tablet_service.cc:1295] Received RequestConsensusVote() RPC: tablet_id: "bf89c16ce260470a863711ddbbdb3d68" candidate_uuid: "0cad5c4a245f4b3dbd66bb7259f45090" candidate_term: 2 candidate_status { last_received { term: 1 index: 2 } } ignore_live_leader: false dest_uuid: "a66db810508f4e35bac62f5c6c9f6e9c" is_pre_election: true
I0913 23:13:49.770844 14679 raft_consensus.cc:2311] T bf89c16ce260470a863711ddbbdb3d68 P a66db810508f4e35bac62f5c6c9f6e9c [term 2 LEADER]: Leader pre-election vote request: Denying vote to candidate 0cad5c4a245f4b3dbd66bb7259f45090 for term 2 because replica is either leader or believes a valid leader to be alive.
I0913 23:13:49.771083 14539 tablet_service.cc:1295] Received RequestConsensusVote() RPC: tablet_id: "bf89c16ce260470a863711ddbbdb3d68" candidate_uuid: "0cad5c4a245f4b3dbd66bb7259f45090" candidate_term: 2 candidate_status { last_received { term: 1 index: 2 } } ignore_live_leader: false dest_uuid: "93a20b201a904b628926e173bbf23463" is_pre_election: true
I0913 23:13:49.771781 14539 raft_consensus.cc:2280] T bf89c16ce260470a863711ddbbdb3d68 P 93a20b201a904b628926e173bbf23463 [term 2 FOLLOWER]: Leader pre-election vote request: Denying vote to candidate 0cad5c4a245f4b3dbd66bb7259f45090 in current term 2: Already voted for candidate a66db810508f4e35bac62f5c6c9f6e9c in this term.
I0913 23:13:49.772753 14574 leader_election.cc:310] T bf89c16ce260470a863711ddbbdb3d68 P 0cad5c4a245f4b3dbd66bb7259f45090 [CANDIDATE]: Term 2 pre-election: Election decided. Result: candidate lost. Election summary: received 3 responses out of 3 voters: 1 yes votes; 2 no votes. yes voters: 0cad5c4a245f4b3dbd66bb7259f45090; no voters: 93a20b201a904b628926e173bbf23463, a66db810508f4e35bac62f5c6c9f6e9c
I0913 23:13:49.773773 14809 leader_election.cc:296] T bf89c16ce260470a863711ddbbdb3d68 P 0cad5c4a245f4b3dbd66bb7259f45090 [CANDIDATE]: Term 2 pre-election: Requested pre-vote from peers a66db810508f4e35bac62f5c6c9f6e9c (127.13.53.3:37091), 93a20b201a904b628926e173bbf23463 (127.13.53.1:44785)
I0913 23:13:49.780095 14809 raft_consensus.cc:2890] T bf89c16ce260470a863711ddbbdb3d68 P 0cad5c4a245f4b3dbd66bb7259f45090 [term 1 FOLLOWER]: Advancing to term 2
I0913 23:13:49.790948 14809 raft_consensus.cc:2592] T bf89c16ce260470a863711ddbbdb3d68 P 0cad5c4a245f4b3dbd66bb7259f45090 [term 2 FOLLOWER]: Leader pre-election lost for term 2. Reason: could not achieve majority
I0913 23:13:49.795472 14539 tablet_service.cc:1440] Received LeaderStepDown RPC: tablet_id: "8ad9594f28c64b8ba3dacd888b84312b" dest_uuid: "93a20b201a904b628926e173bbf23463" from {username='slave'} at 127.0.0.1:60436
I0913 23:13:49.796027 14539 raft_consensus.cc:569] T 8ad9594f28c64b8ba3dacd888b84312b P 93a20b201a904b628926e173bbf23463 [term 1 LEADER]: Received request to step down
I0913 23:13:49.796248 14539 raft_consensus.cc:2885] T 8ad9594f28c64b8ba3dacd888b84312b P 93a20b201a904b628926e173bbf23463 [term 1 LEADER]: Stepping down as leader of term 1
I0913 23:13:49.796417 14539 raft_consensus.cc:705] T 8ad9594f28c64b8ba3dacd888b84312b P 93a20b201a904b628926e173bbf23463 [term 1 LEADER]: Becoming Follower/Learner. State: Replica: 93a20b201a904b628926e173bbf23463, State: Running, Role: LEADER
I0913 23:13:49.796854 14539 consensus_queue.cc:229] T 8ad9594f28c64b8ba3dacd888b84312b P 93a20b201a904b628926e173bbf23463 [NON_LEADER]: Queue going to NON_LEADER mode. State: All replicated index: 0, Majority replicated index: 2, Committed index: 2, Last appended: 1.2, Last appended by leader: 2, Current term: 1, Majority size: -1, State: 0, Mode: NON_LEADER, active raft config: opid_index: -1 OBSOLETE_local: false peers { permanent_uuid: "93a20b201a904b628926e173bbf23463" member_type: VOTER last_known_addr { host: "127.13.53.1" port: 44785 } } peers { permanent_uuid: "0cad5c4a245f4b3dbd66bb7259f45090" member_type: VOTER last_known_addr { host: "127.13.53.2" port: 41231 } } peers { permanent_uuid: "a66db810508f4e35bac62f5c6c9f6e9c" member_type: VOTER last_known_addr { host: "127.13.53.3" port: 37091 } }
I0913 23:13:49.797654 14539 raft_consensus.cc:2890] T 8ad9594f28c64b8ba3dacd888b84312b P 93a20b201a904b628926e173bbf23463 [term 1 FOLLOWER]: Advancing to term 2
I0913 23:13:49.850136 14608 raft_consensus.cc:1184] T bf89c16ce260470a863711ddbbdb3d68 P 0cad5c4a245f4b3dbd66bb7259f45090 [term 2 FOLLOWER]: Refusing update from remote peer a66db810508f4e35bac62f5c6c9f6e9c: Log matching property violated. Preceding OpId in replica: term: 1 index: 2. Preceding OpId from leader: term: 2 index: 3. (index mismatch)
I0913 23:13:49.851148 14768 consensus_queue.cc:984] T bf89c16ce260470a863711ddbbdb3d68 P a66db810508f4e35bac62f5c6c9f6e9c [LEADER]: Connected to new peer: Peer: permanent_uuid: "0cad5c4a245f4b3dbd66bb7259f45090" member_type: VOTER last_known_addr { host: "127.13.53.2" port: 41231 }, Status: LMP_MISMATCH, Last received: 0.0, Next index: 3, Last known committed idx: 2, Time since last communication: 0.000s
I0913 23:13:49.856140 14539 raft_consensus.cc:1184] T bf89c16ce260470a863711ddbbdb3d68 P 93a20b201a904b628926e173bbf23463 [term 2 FOLLOWER]: Refusing update from remote peer a66db810508f4e35bac62f5c6c9f6e9c: Log matching property violated. Preceding OpId in replica: term: 1 index: 2. Preceding OpId from leader: term: 2 index: 3. (index mismatch)
I0913 23:13:49.857285 14768 consensus_queue.cc:984] T bf89c16ce260470a863711ddbbdb3d68 P a66db810508f4e35bac62f5c6c9f6e9c [LEADER]: Connected to new peer: Peer: permanent_uuid: "93a20b201a904b628926e173bbf23463" member_type: VOTER last_known_addr { host: "127.13.53.1" port: 44785 }, Status: LMP_MISMATCH, Last received: 0.0, Next index: 3, Last known committed idx: 2, Time since last communication: 0.000s
I0913 23:13:49.884825 14480 catalog_manager.cc:1155] T 00000000000000000000000000000000 P b03280a8df7e48f9939e076d6d0138ca: importing token verification keys for follower catalog manager: success; most recent TSK sequence number 0
I0913 23:13:49.958525 14808 raft_consensus.cc:472] T 8ad9594f28c64b8ba3dacd888b84312b P a66db810508f4e35bac62f5c6c9f6e9c [term 1 FOLLOWER]: Starting pre-election (detected failure of leader 93a20b201a904b628926e173bbf23463)
I0913 23:13:49.959065 14809 raft_consensus.cc:472] T 8ad9594f28c64b8ba3dacd888b84312b P 0cad5c4a245f4b3dbd66bb7259f45090 [term 1 FOLLOWER]: Starting pre-election (detected failure of leader 93a20b201a904b628926e173bbf23463)
I0913 23:13:49.959055 14808 raft_consensus.cc:494] T 8ad9594f28c64b8ba3dacd888b84312b P a66db810508f4e35bac62f5c6c9f6e9c [term 1 FOLLOWER]: Starting pre-election with config: opid_index: -1 OBSOLETE_local: false peers { permanent_uuid: "93a20b201a904b628926e173bbf23463" member_type: VOTER last_known_addr { host: "127.13.53.1" port: 44785 } } peers { permanent_uuid: "0cad5c4a245f4b3dbd66bb7259f45090" member_type: VOTER last_known_addr { host: "127.13.53.2" port: 41231 } } peers { permanent_uuid: "a66db810508f4e35bac62f5c6c9f6e9c" member_type: VOTER last_known_addr { host: "127.13.53.3" port: 37091 } }
I0913 23:13:49.959619 14809 raft_consensus.cc:494] T 8ad9594f28c64b8ba3dacd888b84312b P 0cad5c4a245f4b3dbd66bb7259f45090 [term 1 FOLLOWER]: Starting pre-election with config: opid_index: -1 OBSOLETE_local: false peers { permanent_uuid: "93a20b201a904b628926e173bbf23463" member_type: VOTER last_known_addr { host: "127.13.53.1" port: 44785 } } peers { permanent_uuid: "0cad5c4a245f4b3dbd66bb7259f45090" member_type: VOTER last_known_addr { host: "127.13.53.2" port: 41231 } } peers { permanent_uuid: "a66db810508f4e35bac62f5c6c9f6e9c" member_type: VOTER last_known_addr { host: "127.13.53.3" port: 37091 } }
I0913 23:13:49.961036 14808 leader_election.cc:296] T 8ad9594f28c64b8ba3dacd888b84312b P a66db810508f4e35bac62f5c6c9f6e9c [CANDIDATE]: Term 2 pre-election: Requested pre-vote from peers 93a20b201a904b628926e173bbf23463 (127.13.53.1:44785), 0cad5c4a245f4b3dbd66bb7259f45090 (127.13.53.2:41231)
I0913 23:13:49.961906 14679 tablet_service.cc:1295] Received RequestConsensusVote() RPC: tablet_id: "8ad9594f28c64b8ba3dacd888b84312b" candidate_uuid: "0cad5c4a245f4b3dbd66bb7259f45090" candidate_term: 2 candidate_status { last_received { term: 1 index: 2 } } ignore_live_leader: false dest_uuid: "a66db810508f4e35bac62f5c6c9f6e9c" is_pre_election: true
I0913 23:13:49.962524 14679 raft_consensus.cc:2350] T 8ad9594f28c64b8ba3dacd888b84312b P a66db810508f4e35bac62f5c6c9f6e9c [term 1 FOLLOWER]: Leader pre-election vote request: Granting yes vote for candidate 0cad5c4a245f4b3dbd66bb7259f45090 in term 1.
I0913 23:13:49.962487 14538 tablet_service.cc:1295] Received RequestConsensusVote() RPC: tablet_id: "8ad9594f28c64b8ba3dacd888b84312b" candidate_uuid: "a66db810508f4e35bac62f5c6c9f6e9c" candidate_term: 2 candidate_status { last_received { term: 1 index: 2 } } ignore_live_leader: false dest_uuid: "93a20b201a904b628926e173bbf23463" is_pre_election: true
I0913 23:13:49.962889 14809 leader_election.cc:296] T 8ad9594f28c64b8ba3dacd888b84312b P 0cad5c4a245f4b3dbd66bb7259f45090 [CANDIDATE]: Term 2 pre-election: Requested pre-vote from peers 93a20b201a904b628926e173bbf23463 (127.13.53.1:44785), a66db810508f4e35bac62f5c6c9f6e9c (127.13.53.3:37091)
I0913 23:13:49.963289 14538 raft_consensus.cc:2350] T 8ad9594f28c64b8ba3dacd888b84312b P 93a20b201a904b628926e173bbf23463 [term 2 FOLLOWER]: Leader pre-election vote request: Granting yes vote for candidate a66db810508f4e35bac62f5c6c9f6e9c in term 2.
I0913 23:13:49.963594 14571 leader_election.cc:310] T 8ad9594f28c64b8ba3dacd888b84312b P 0cad5c4a245f4b3dbd66bb7259f45090 [CANDIDATE]: Term 2 pre-election: Election decided. Result: candidate won. Election summary: received 2 responses out of 3 voters: 2 yes votes; 0 no votes. yes voters: 0cad5c4a245f4b3dbd66bb7259f45090, a66db810508f4e35bac62f5c6c9f6e9c; no voters:
I0913 23:13:49.963788 14608 tablet_service.cc:1295] Received RequestConsensusVote() RPC: tablet_id: "8ad9594f28c64b8ba3dacd888b84312b" candidate_uuid: "a66db810508f4e35bac62f5c6c9f6e9c" candidate_term: 2 candidate_status { last_received { term: 1 index: 2 } } ignore_live_leader: false dest_uuid: "0cad5c4a245f4b3dbd66bb7259f45090" is_pre_election: true
I0913 23:13:49.963891 14539 tablet_service.cc:1295] Received RequestConsensusVote() RPC: tablet_id: "8ad9594f28c64b8ba3dacd888b84312b" candidate_uuid: "0cad5c4a245f4b3dbd66bb7259f45090" candidate_term: 2 candidate_status { last_received { term: 1 index: 2 } } ignore_live_leader: false dest_uuid: "93a20b201a904b628926e173bbf23463" is_pre_election: true
I0913 23:13:49.964375 14608 raft_consensus.cc:2350] T 8ad9594f28c64b8ba3dacd888b84312b P 0cad5c4a245f4b3dbd66bb7259f45090 [term 1 FOLLOWER]: Leader pre-election vote request: Granting yes vote for candidate a66db810508f4e35bac62f5c6c9f6e9c in term 1.
I0913 23:13:49.964493 14539 raft_consensus.cc:2350] T 8ad9594f28c64b8ba3dacd888b84312b P 93a20b201a904b628926e173bbf23463 [term 2 FOLLOWER]: Leader pre-election vote request: Granting yes vote for candidate 0cad5c4a245f4b3dbd66bb7259f45090 in term 2.
I0913 23:13:49.964392 14645 leader_election.cc:310] T 8ad9594f28c64b8ba3dacd888b84312b P a66db810508f4e35bac62f5c6c9f6e9c [CANDIDATE]: Term 2 pre-election: Election decided. Result: candidate won. Election summary: received 2 responses out of 3 voters: 2 yes votes; 0 no votes. yes voters: 93a20b201a904b628926e173bbf23463, a66db810508f4e35bac62f5c6c9f6e9c; no voters:
I0913 23:13:49.965214 14809 raft_consensus.cc:2644] T 8ad9594f28c64b8ba3dacd888b84312b P 0cad5c4a245f4b3dbd66bb7259f45090 [term 1 FOLLOWER]: Leader pre-election won for term 2
I0913 23:13:49.965500 14808 raft_consensus.cc:2644] T 8ad9594f28c64b8ba3dacd888b84312b P a66db810508f4e35bac62f5c6c9f6e9c [term 1 FOLLOWER]: Leader pre-election won for term 2
I0913 23:13:49.965493 14809 raft_consensus.cc:472] T 8ad9594f28c64b8ba3dacd888b84312b P 0cad5c4a245f4b3dbd66bb7259f45090 [term 1 FOLLOWER]: Starting leader election (detected failure of leader 93a20b201a904b628926e173bbf23463)
I0913 23:13:49.965925 14808 raft_consensus.cc:472] T 8ad9594f28c64b8ba3dacd888b84312b P a66db810508f4e35bac62f5c6c9f6e9c [term 1 FOLLOWER]: Starting leader election (detected failure of leader 93a20b201a904b628926e173bbf23463)
I0913 23:13:49.966092 14809 raft_consensus.cc:2890] T 8ad9594f28c64b8ba3dacd888b84312b P 0cad5c4a245f4b3dbd66bb7259f45090 [term 1 FOLLOWER]: Advancing to term 2
I0913 23:13:49.966293 14808 raft_consensus.cc:2890] T 8ad9594f28c64b8ba3dacd888b84312b P a66db810508f4e35bac62f5c6c9f6e9c [term 1 FOLLOWER]: Advancing to term 2
I0913 23:13:49.970971 14808 raft_consensus.cc:494] T 8ad9594f28c64b8ba3dacd888b84312b P a66db810508f4e35bac62f5c6c9f6e9c [term 2 FOLLOWER]: Starting leader election with config: opid_index: -1 OBSOLETE_local: false peers { permanent_uuid: "93a20b201a904b628926e173bbf23463" member_type: VOTER last_known_addr { host: "127.13.53.1" port: 44785 } } peers { permanent_uuid: "0cad5c4a245f4b3dbd66bb7259f45090" member_type: VOTER last_known_addr { host: "127.13.53.2" port: 41231 } } peers { permanent_uuid: "a66db810508f4e35bac62f5c6c9f6e9c" member_type: VOTER last_known_addr { host: "127.13.53.3" port: 37091 } }
I0913 23:13:49.970968 14809 raft_consensus.cc:494] T 8ad9594f28c64b8ba3dacd888b84312b P 0cad5c4a245f4b3dbd66bb7259f45090 [term 2 FOLLOWER]: Starting leader election with config: opid_index: -1 OBSOLETE_local: false peers { permanent_uuid: "93a20b201a904b628926e173bbf23463" member_type: VOTER last_known_addr { host: "127.13.53.1" port: 44785 } } peers { permanent_uuid: "0cad5c4a245f4b3dbd66bb7259f45090" member_type: VOTER last_known_addr { host: "127.13.53.2" port: 41231 } } peers { permanent_uuid: "a66db810508f4e35bac62f5c6c9f6e9c" member_type: VOTER last_known_addr { host: "127.13.53.3" port: 37091 } }
I0913 23:13:49.972555 14809 leader_election.cc:296] T 8ad9594f28c64b8ba3dacd888b84312b P 0cad5c4a245f4b3dbd66bb7259f45090 [CANDIDATE]: Term 2 election: Requested vote from peers 93a20b201a904b628926e173bbf23463 (127.13.53.1:44785), a66db810508f4e35bac62f5c6c9f6e9c (127.13.53.3:37091)
I0913 23:13:49.973129 14539 tablet_service.cc:1295] Received RequestConsensusVote() RPC: tablet_id: "8ad9594f28c64b8ba3dacd888b84312b" candidate_uuid: "a66db810508f4e35bac62f5c6c9f6e9c" candidate_term: 2 candidate_status { last_received { term: 1 index: 2 } } ignore_live_leader: false dest_uuid: "93a20b201a904b628926e173bbf23463"
I0913 23:13:49.973325 14679 tablet_service.cc:1295] Received RequestConsensusVote() RPC: tablet_id: "8ad9594f28c64b8ba3dacd888b84312b" candidate_uuid: "0cad5c4a245f4b3dbd66bb7259f45090" candidate_term: 2 candidate_status { last_received { term: 1 index: 2 } } ignore_live_leader: false dest_uuid: "a66db810508f4e35bac62f5c6c9f6e9c"
I0913 23:13:49.974099 14679 raft_consensus.cc:2280] T 8ad9594f28c64b8ba3dacd888b84312b P a66db810508f4e35bac62f5c6c9f6e9c [term 2 FOLLOWER]: Leader election vote request: Denying vote to candidate 0cad5c4a245f4b3dbd66bb7259f45090 in current term 2: Already voted for candidate a66db810508f4e35bac62f5c6c9f6e9c in this term.
I0913 23:13:49.975782 14538 tablet_service.cc:1295] Received RequestConsensusVote() RPC: tablet_id: "8ad9594f28c64b8ba3dacd888b84312b" candidate_uuid: "0cad5c4a245f4b3dbd66bb7259f45090" candidate_term: 2 candidate_status { last_received { term: 1 index: 2 } } ignore_live_leader: false dest_uuid: "93a20b201a904b628926e173bbf23463"
I0913 23:13:49.977424 14808 leader_election.cc:296] T 8ad9594f28c64b8ba3dacd888b84312b P a66db810508f4e35bac62f5c6c9f6e9c [CANDIDATE]: Term 2 election: Requested vote from peers 93a20b201a904b628926e173bbf23463 (127.13.53.1:44785), 0cad5c4a245f4b3dbd66bb7259f45090 (127.13.53.2:41231)
I0913 23:13:49.977334 14608 tablet_service.cc:1295] Received RequestConsensusVote() RPC: tablet_id: "8ad9594f28c64b8ba3dacd888b84312b" candidate_uuid: "a66db810508f4e35bac62f5c6c9f6e9c" candidate_term: 2 candidate_status { last_received { term: 1 index: 2 } } ignore_live_leader: false dest_uuid: "0cad5c4a245f4b3dbd66bb7259f45090"
I0913 23:13:49.978118 14608 raft_consensus.cc:2280] T 8ad9594f28c64b8ba3dacd888b84312b P 0cad5c4a245f4b3dbd66bb7259f45090 [term 2 FOLLOWER]: Leader election vote request: Denying vote to candidate a66db810508f4e35bac62f5c6c9f6e9c in current term 2: Already voted for candidate 0cad5c4a245f4b3dbd66bb7259f45090 in this term.
I0913 23:13:49.982694 14539 raft_consensus.cc:2350] T 8ad9594f28c64b8ba3dacd888b84312b P 93a20b201a904b628926e173bbf23463 [term 2 FOLLOWER]: Leader election vote request: Granting yes vote for candidate a66db810508f4e35bac62f5c6c9f6e9c in term 2.
I0913 23:13:49.983223 14538 raft_consensus.cc:2325] T 8ad9594f28c64b8ba3dacd888b84312b P 93a20b201a904b628926e173bbf23463 [term 2 FOLLOWER]: Leader election vote request: Denying vote to candidate 0cad5c4a245f4b3dbd66bb7259f45090 for term 2 because replica is already servicing an update from a current leader or another vote.
I0913 23:13:49.983613 14645 leader_election.cc:310] T 8ad9594f28c64b8ba3dacd888b84312b P a66db810508f4e35bac62f5c6c9f6e9c [CANDIDATE]: Term 2 election: Election decided. Result: candidate won. Election summary: received 3 responses out of 3 voters: 2 yes votes; 1 no votes. yes voters: 93a20b201a904b628926e173bbf23463, a66db810508f4e35bac62f5c6c9f6e9c; no voters: 0cad5c4a245f4b3dbd66bb7259f45090
I0913 23:13:49.984279 14808 raft_consensus.cc:2644] T 8ad9594f28c64b8ba3dacd888b84312b P a66db810508f4e35bac62f5c6c9f6e9c [term 2 FOLLOWER]: Leader election won for term 2
I0913 23:13:49.984442 14574 leader_election.cc:310] T 8ad9594f28c64b8ba3dacd888b84312b P 0cad5c4a245f4b3dbd66bb7259f45090 [CANDIDATE]: Term 2 election: Election decided. Result: candidate lost. Election summary: received 3 responses out of 3 voters: 1 yes votes; 2 no votes. yes voters: 0cad5c4a245f4b3dbd66bb7259f45090; no voters: 93a20b201a904b628926e173bbf23463, a66db810508f4e35bac62f5c6c9f6e9c
I0913 23:13:49.984717 14808 raft_consensus.cc:667] T 8ad9594f28c64b8ba3dacd888b84312b P a66db810508f4e35bac62f5c6c9f6e9c [term 2 LEADER]: Becoming Leader. State: Replica: a66db810508f4e35bac62f5c6c9f6e9c, State: Running, Role: LEADER
I0913 23:13:49.985493 14809 raft_consensus.cc:2592] T 8ad9594f28c64b8ba3dacd888b84312b P 0cad5c4a245f4b3dbd66bb7259f45090 [term 2 FOLLOWER]: Leader election lost for term 2. Reason: could not achieve majority
I0913 23:13:49.985255 14808 consensus_queue.cc:206] T 8ad9594f28c64b8ba3dacd888b84312b P a66db810508f4e35bac62f5c6c9f6e9c [LEADER]: Queue going to LEADER mode. State: All replicated index: 0, Majority replicated index: 2, Committed index: 2, Last appended: 1.2, Last appended by leader: 2, Current term: 2, Majority size: 2, State: 0, Mode: LEADER, active raft config: opid_index: -1 OBSOLETE_local: false peers { permanent_uuid: "93a20b201a904b628926e173bbf23463" member_type: VOTER last_known_addr { host: "127.13.53.1" port: 44785 } } peers { permanent_uuid: "0cad5c4a245f4b3dbd66bb7259f45090" member_type: VOTER last_known_addr { host: "127.13.53.2" port: 41231 } } peers { permanent_uuid: "a66db810508f4e35bac62f5c6c9f6e9c" member_type: VOTER last_known_addr { host: "127.13.53.3" port: 37091 } }
I0913 23:13:49.989892 14439 catalog_manager.cc:4079] T 8ad9594f28c64b8ba3dacd888b84312b P a66db810508f4e35bac62f5c6c9f6e9c reported cstate change: term changed from 1 to 2, leader changed from 93a20b201a904b628926e173bbf23463 (127.13.53.1) to a66db810508f4e35bac62f5c6c9f6e9c (127.13.53.3). New cstate: current_term: 2 leader_uuid: "a66db810508f4e35bac62f5c6c9f6e9c" committed_config { opid_index: -1 OBSOLETE_local: false peers { permanent_uuid: "93a20b201a904b628926e173bbf23463" member_type: VOTER last_known_addr { host: "127.13.53.1" port: 44785 } health_report { overall_health: UNKNOWN } } peers { permanent_uuid: "0cad5c4a245f4b3dbd66bb7259f45090" member_type: VOTER last_known_addr { host: "127.13.53.2" port: 41231 } health_report { overall_health: UNKNOWN } } peers { permanent_uuid: "a66db810508f4e35bac62f5c6c9f6e9c" member_type: VOTER last_known_addr { host: "127.13.53.3" port: 37091 } health_report { overall_health: HEALTHY } } }
I0913 23:13:50.023419 14679 tablet_service.cc:1440] Received LeaderStepDown RPC: tablet_id: "8ad9594f28c64b8ba3dacd888b84312b" dest_uuid: "a66db810508f4e35bac62f5c6c9f6e9c" from {username='slave'} at 127.0.0.1:59276
I0913 23:13:50.023901 14679 raft_consensus.cc:569] T 8ad9594f28c64b8ba3dacd888b84312b P a66db810508f4e35bac62f5c6c9f6e9c [term 2 LEADER]: Received request to step down
I0913 23:13:50.024101 14679 raft_consensus.cc:2885] T 8ad9594f28c64b8ba3dacd888b84312b P a66db810508f4e35bac62f5c6c9f6e9c [term 2 LEADER]: Stepping down as leader of term 2
I0913 23:13:50.024271 14679 raft_consensus.cc:705] T 8ad9594f28c64b8ba3dacd888b84312b P a66db810508f4e35bac62f5c6c9f6e9c [term 2 LEADER]: Becoming Follower/Learner. State: Replica: a66db810508f4e35bac62f5c6c9f6e9c, State: Running, Role: LEADER
I0913 23:13:50.024724 14679 consensus_queue.cc:229] T 8ad9594f28c64b8ba3dacd888b84312b P a66db810508f4e35bac62f5c6c9f6e9c [NON_LEADER]: Queue going to NON_LEADER mode. State: All replicated index: 0, Majority replicated index: 2, Committed index: 2, Last appended: 2.3, Last appended by leader: 3, Current term: 2, Majority size: -1, State: 0, Mode: NON_LEADER, active raft config: opid_index: -1 OBSOLETE_local: false peers { permanent_uuid: "93a20b201a904b628926e173bbf23463" member_type: VOTER last_known_addr { host: "127.13.53.1" port: 44785 } } peers { permanent_uuid: "0cad5c4a245f4b3dbd66bb7259f45090" member_type: VOTER last_known_addr { host: "127.13.53.2" port: 41231 } } peers { permanent_uuid: "a66db810508f4e35bac62f5c6c9f6e9c" member_type: VOTER last_known_addr { host: "127.13.53.3" port: 37091 } }
I0913 23:13:50.025424 14679 raft_consensus.cc:2890] T 8ad9594f28c64b8ba3dacd888b84312b P a66db810508f4e35bac62f5c6c9f6e9c [term 2 FOLLOWER]: Advancing to term 3
I0913 23:13:50.214269 14762 raft_consensus.cc:472] T 8ad9594f28c64b8ba3dacd888b84312b P 93a20b201a904b628926e173bbf23463 [term 2 FOLLOWER]: Starting pre-election (no leader contacted us within the election timeout)
I0913 23:13:50.214746 14762 raft_consensus.cc:494] T 8ad9594f28c64b8ba3dacd888b84312b P 93a20b201a904b628926e173bbf23463 [term 2 FOLLOWER]: Starting pre-election with config: opid_index: -1 OBSOLETE_local: false peers { permanent_uuid: "93a20b201a904b628926e173bbf23463" member_type: VOTER last_known_addr { host: "127.13.53.1" port: 44785 } } peers { permanent_uuid: "0cad5c4a245f4b3dbd66bb7259f45090" member_type: VOTER last_known_addr { host: "127.13.53.2" port: 41231 } } peers { permanent_uuid: "a66db810508f4e35bac62f5c6c9f6e9c" member_type: VOTER last_known_addr { host: "127.13.53.3" port: 37091 } }
I0913 23:13:50.216140 14762 leader_election.cc:296] T 8ad9594f28c64b8ba3dacd888b84312b P 93a20b201a904b628926e173bbf23463 [CANDIDATE]: Term 3 pre-election: Requested pre-vote from peers 0cad5c4a245f4b3dbd66bb7259f45090 (127.13.53.2:41231), a66db810508f4e35bac62f5c6c9f6e9c (127.13.53.3:37091)
I0913 23:13:50.216753 14608 tablet_service.cc:1295] Received RequestConsensusVote() RPC: tablet_id: "8ad9594f28c64b8ba3dacd888b84312b" candidate_uuid: "93a20b201a904b628926e173bbf23463" candidate_term: 3 candidate_status { last_received { term: 1 index: 2 } } ignore_live_leader: false dest_uuid: "0cad5c4a245f4b3dbd66bb7259f45090" is_pre_election: true
I0913 23:13:50.217010 14679 tablet_service.cc:1295] Received RequestConsensusVote() RPC: tablet_id: "8ad9594f28c64b8ba3dacd888b84312b" candidate_uuid: "93a20b201a904b628926e173bbf23463" candidate_term: 3 candidate_status { last_received { term: 1 index: 2 } } ignore_live_leader: false dest_uuid: "a66db810508f4e35bac62f5c6c9f6e9c" is_pre_election: true
I0913 23:13:50.217372 14608 raft_consensus.cc:2350] T 8ad9594f28c64b8ba3dacd888b84312b P 0cad5c4a245f4b3dbd66bb7259f45090 [term 2 FOLLOWER]: Leader pre-election vote request: Granting yes vote for candidate 93a20b201a904b628926e173bbf23463 in term 2.
I0913 23:13:50.217787 14679 raft_consensus.cc:2297] T 8ad9594f28c64b8ba3dacd888b84312b P a66db810508f4e35bac62f5c6c9f6e9c [term 3 FOLLOWER]: Leader pre-election vote request: Denying vote to candidate 93a20b201a904b628926e173bbf23463 for term 3 because replica has last-logged OpId of term: 2 index: 3, which is greater than that of the candidate, which has last-logged OpId of term: 1 index: 2.
I0913 23:13:50.218286 14497 leader_election.cc:310] T 8ad9594f28c64b8ba3dacd888b84312b P 93a20b201a904b628926e173bbf23463 [CANDIDATE]: Term 3 pre-election: Election decided. Result: candidate won. Election summary: received 2 responses out of 3 voters: 2 yes votes; 0 no votes. yes voters: 0cad5c4a245f4b3dbd66bb7259f45090, 93a20b201a904b628926e173bbf23463; no voters:
I0913 23:13:50.219099 14762 raft_consensus.cc:2644] T 8ad9594f28c64b8ba3dacd888b84312b P 93a20b201a904b628926e173bbf23463 [term 2 FOLLOWER]: Leader pre-election won for term 3
I0913 23:13:50.219370 14762 raft_consensus.cc:472] T 8ad9594f28c64b8ba3dacd888b84312b P 93a20b201a904b628926e173bbf23463 [term 2 FOLLOWER]: Starting leader election (no leader contacted us within the election timeout)
I0913 23:13:50.221230 14762 raft_consensus.cc:2890] T 8ad9594f28c64b8ba3dacd888b84312b P 93a20b201a904b628926e173bbf23463 [term 2 FOLLOWER]: Advancing to term 3
I0913 23:13:50.225587 14762 raft_consensus.cc:494] T 8ad9594f28c64b8ba3dacd888b84312b P 93a20b201a904b628926e173bbf23463 [term 3 FOLLOWER]: Starting leader election with config: opid_index: -1 OBSOLETE_local: false peers { permanent_uuid: "93a20b201a904b628926e173bbf23463" member_type: VOTER last_known_addr { host: "127.13.53.1" port: 44785 } } peers { permanent_uuid: "0cad5c4a245f4b3dbd66bb7259f45090" member_type: VOTER last_known_addr { host: "127.13.53.2" port: 41231 } } peers { permanent_uuid: "a66db810508f4e35bac62f5c6c9f6e9c" member_type: VOTER last_known_addr { host: "127.13.53.3" port: 37091 } }
I0913 23:13:50.226753 14762 leader_election.cc:296] T 8ad9594f28c64b8ba3dacd888b84312b P 93a20b201a904b628926e173bbf23463 [CANDIDATE]: Term 3 election: Requested vote from peers 0cad5c4a245f4b3dbd66bb7259f45090 (127.13.53.2:41231), a66db810508f4e35bac62f5c6c9f6e9c (127.13.53.3:37091)
I0913 23:13:50.228215 14608 tablet_service.cc:1295] Received RequestConsensusVote() RPC: tablet_id: "8ad9594f28c64b8ba3dacd888b84312b" candidate_uuid: "93a20b201a904b628926e173bbf23463" candidate_term: 3 candidate_status { last_received { term: 1 index: 2 } } ignore_live_leader: false dest_uuid: "0cad5c4a245f4b3dbd66bb7259f45090"
I0913 23:13:50.228875 14608 raft_consensus.cc:2890] T 8ad9594f28c64b8ba3dacd888b84312b P 0cad5c4a245f4b3dbd66bb7259f45090 [term 2 FOLLOWER]: Advancing to term 3
I0913 23:13:50.229041 14679 tablet_service.cc:1295] Received RequestConsensusVote() RPC: tablet_id: "8ad9594f28c64b8ba3dacd888b84312b" candidate_uuid: "93a20b201a904b628926e173bbf23463" candidate_term: 3 candidate_status { last_received { term: 1 index: 2 } } ignore_live_leader: false dest_uuid: "a66db810508f4e35bac62f5c6c9f6e9c"
I0913 23:13:50.229810 14679 raft_consensus.cc:2297] T 8ad9594f28c64b8ba3dacd888b84312b P a66db810508f4e35bac62f5c6c9f6e9c [term 3 FOLLOWER]: Leader election vote request: Denying vote to candidate 93a20b201a904b628926e173bbf23463 for term 3 because replica has last-logged OpId of term: 2 index: 3, which is greater than that of the candidate, which has last-logged OpId of term: 1 index: 2.
I0913 23:13:50.230885 14679 tablet_service.cc:1440] Received LeaderStepDown RPC: tablet_id: "bf89c16ce260470a863711ddbbdb3d68" dest_uuid: "a66db810508f4e35bac62f5c6c9f6e9c" from {username='slave'} at 127.0.0.1:59276
I0913 23:13:50.231281 14679 raft_consensus.cc:569] T bf89c16ce260470a863711ddbbdb3d68 P a66db810508f4e35bac62f5c6c9f6e9c [term 2 LEADER]: Received request to step down
I0913 23:13:50.231504 14679 raft_consensus.cc:2885] T bf89c16ce260470a863711ddbbdb3d68 P a66db810508f4e35bac62f5c6c9f6e9c [term 2 LEADER]: Stepping down as leader of term 2
I0913 23:13:50.231700 14679 raft_consensus.cc:705] T bf89c16ce260470a863711ddbbdb3d68 P a66db810508f4e35bac62f5c6c9f6e9c [term 2 LEADER]: Becoming Follower/Learner. State: Replica: a66db810508f4e35bac62f5c6c9f6e9c, State: Running, Role: LEADER
I0913 23:13:50.232216 14679 consensus_queue.cc:229] T bf89c16ce260470a863711ddbbdb3d68 P a66db810508f4e35bac62f5c6c9f6e9c [NON_LEADER]: Queue going to NON_LEADER mode. State: All replicated index: 0, Majority replicated index: 3, Committed index: 3, Last appended: 2.3, Last appended by leader: 3, Current term: 2, Majority size: -1, State: 0, Mode: NON_LEADER, active raft config: opid_index: -1 OBSOLETE_local: false peers { permanent_uuid: "a66db810508f4e35bac62f5c6c9f6e9c" member_type: VOTER last_known_addr { host: "127.13.53.3" port: 37091 } } peers { permanent_uuid: "93a20b201a904b628926e173bbf23463" member_type: VOTER last_known_addr { host: "127.13.53.1" port: 44785 } } peers { permanent_uuid: "0cad5c4a245f4b3dbd66bb7259f45090" member_type: VOTER last_known_addr { host: "127.13.53.2" port: 41231 } }
I0913 23:13:50.233271 14679 raft_consensus.cc:2890] T bf89c16ce260470a863711ddbbdb3d68 P a66db810508f4e35bac62f5c6c9f6e9c [term 2 FOLLOWER]: Advancing to term 3
I0913 23:13:50.239029 14608 raft_consensus.cc:2350] T 8ad9594f28c64b8ba3dacd888b84312b P 0cad5c4a245f4b3dbd66bb7259f45090 [term 3 FOLLOWER]: Leader election vote request: Granting yes vote for candidate 93a20b201a904b628926e173bbf23463 in term 3.
I0913 23:13:50.240358 14497 leader_election.cc:310] T 8ad9594f28c64b8ba3dacd888b84312b P 93a20b201a904b628926e173bbf23463 [CANDIDATE]: Term 3 election: Election decided. Result: candidate won. Election summary: received 3 responses out of 3 voters: 2 yes votes; 1 no votes. yes voters: 0cad5c4a245f4b3dbd66bb7259f45090, 93a20b201a904b628926e173bbf23463; no voters: a66db810508f4e35bac62f5c6c9f6e9c
I0913 23:13:50.241379 14762 raft_consensus.cc:2644] T 8ad9594f28c64b8ba3dacd888b84312b P 93a20b201a904b628926e173bbf23463 [term 3 FOLLOWER]: Leader election won for term 3
I0913 23:13:50.241993 14762 raft_consensus.cc:667] T 8ad9594f28c64b8ba3dacd888b84312b P 93a20b201a904b628926e173bbf23463 [term 3 LEADER]: Becoming Leader. State: Replica: 93a20b201a904b628926e173bbf23463, State: Running, Role: LEADER
I0913 23:13:50.242492 14762 consensus_queue.cc:206] T 8ad9594f28c64b8ba3dacd888b84312b P 93a20b201a904b628926e173bbf23463 [LEADER]: Queue going to LEADER mode. State: All replicated index: 0, Majority replicated index: 2, Committed index: 2, Last appended: 1.2, Last appended by leader: 2, Current term: 3, Majority size: 2, State: 0, Mode: LEADER, active raft config: opid_index: -1 OBSOLETE_local: false peers { permanent_uuid: "93a20b201a904b628926e173bbf23463" member_type: VOTER last_known_addr { host: "127.13.53.1" port: 44785 } } peers { permanent_uuid: "0cad5c4a245f4b3dbd66bb7259f45090" member_type: VOTER last_known_addr { host: "127.13.53.2" port: 41231 } } peers { permanent_uuid: "a66db810508f4e35bac62f5c6c9f6e9c" member_type: VOTER last_known_addr { host: "127.13.53.3" port: 37091 } }
I0913 23:13:50.247400 14439 catalog_manager.cc:4079] T 8ad9594f28c64b8ba3dacd888b84312b P 93a20b201a904b628926e173bbf23463 reported cstate change: term changed from 2 to 3, leader changed from a66db810508f4e35bac62f5c6c9f6e9c (127.13.53.3) to 93a20b201a904b628926e173bbf23463 (127.13.53.1). New cstate: current_term: 3 leader_uuid: "93a20b201a904b628926e173bbf23463" committed_config { opid_index: -1 OBSOLETE_local: false peers { permanent_uuid: "93a20b201a904b628926e173bbf23463" member_type: VOTER last_known_addr { host: "127.13.53.1" port: 44785 } health_report { overall_health: HEALTHY } } peers { permanent_uuid: "0cad5c4a245f4b3dbd66bb7259f45090" member_type: VOTER last_known_addr { host: "127.13.53.2" port: 41231 } health_report { overall_health: UNKNOWN } } peers { permanent_uuid: "a66db810508f4e35bac62f5c6c9f6e9c" member_type: VOTER last_known_addr { host: "127.13.53.3" port: 37091 } health_report { overall_health: UNKNOWN } } }
I0913 23:13:50.339326 14608 raft_consensus.cc:1184] T 8ad9594f28c64b8ba3dacd888b84312b P 0cad5c4a245f4b3dbd66bb7259f45090 [term 3 FOLLOWER]: Refusing update from remote peer 93a20b201a904b628926e173bbf23463: Log matching property violated. Preceding OpId in replica: term: 1 index: 2. Preceding OpId from leader: term: 3 index: 3. (index mismatch)
I0913 23:13:50.340301 14762 consensus_queue.cc:984] T 8ad9594f28c64b8ba3dacd888b84312b P 93a20b201a904b628926e173bbf23463 [LEADER]: Connected to new peer: Peer: permanent_uuid: "0cad5c4a245f4b3dbd66bb7259f45090" member_type: VOTER last_known_addr { host: "127.13.53.2" port: 41231 }, Status: LMP_MISMATCH, Last received: 0.0, Next index: 3, Last known committed idx: 2, Time since last communication: 0.000s
I0913 23:13:50.345691 14679 raft_consensus.cc:1184] T 8ad9594f28c64b8ba3dacd888b84312b P a66db810508f4e35bac62f5c6c9f6e9c [term 3 FOLLOWER]: Refusing update from remote peer 93a20b201a904b628926e173bbf23463: Log matching property violated. Preceding OpId in replica: term: 2 index: 3. Preceding OpId from leader: term: 3 index: 3. (term mismatch)
I0913 23:13:50.346040 14679 pending_rounds.cc:78] T 8ad9594f28c64b8ba3dacd888b84312b P a66db810508f4e35bac62f5c6c9f6e9c: Aborting all transactions after (but not including) 2
I0913 23:13:50.346303 14679 pending_rounds.cc:99] T 8ad9594f28c64b8ba3dacd888b84312b P a66db810508f4e35bac62f5c6c9f6e9c: Aborting uncommitted NO_OP operation due to leader change: 2.3
I0913 23:13:50.346549 14679 raft_consensus.cc:2727] T 8ad9594f28c64b8ba3dacd888b84312b P a66db810508f4e35bac62f5c6c9f6e9c [term 3 FOLLOWER]: NO_OP replication failed: Aborted: Transaction aborted by new leader
I0913 23:13:50.347689 14762 consensus_queue.cc:984] T 8ad9594f28c64b8ba3dacd888b84312b P 93a20b201a904b628926e173bbf23463 [LEADER]: Connected to new peer: Peer: permanent_uuid: "a66db810508f4e35bac62f5c6c9f6e9c" member_type: VOTER last_known_addr { host: "127.13.53.3" port: 37091 }, Status: LMP_MISMATCH, Last received: 0.0, Next index: 3, Last known committed idx: 2, Time since last communication: 0.000s
I0913 23:13:50.388778 14821 raft_consensus.cc:472] T bf89c16ce260470a863711ddbbdb3d68 P 93a20b201a904b628926e173bbf23463 [term 2 FOLLOWER]: Starting pre-election (detected failure of leader a66db810508f4e35bac62f5c6c9f6e9c)
I0913 23:13:50.389186 14821 raft_consensus.cc:494] T bf89c16ce260470a863711ddbbdb3d68 P 93a20b201a904b628926e173bbf23463 [term 2 FOLLOWER]: Starting pre-election with config: opid_index: -1 OBSOLETE_local: false peers { permanent_uuid: "a66db810508f4e35bac62f5c6c9f6e9c" member_type: VOTER last_known_addr { host: "127.13.53.3" port: 37091 } } peers { permanent_uuid: "93a20b201a904b628926e173bbf23463" member_type: VOTER last_known_addr { host: "127.13.53.1" port: 44785 } } peers { permanent_uuid: "0cad5c4a245f4b3dbd66bb7259f45090" member_type: VOTER last_known_addr { host: "127.13.53.2" port: 41231 } }
I0913 23:13:50.391018 14821 leader_election.cc:296] T bf89c16ce260470a863711ddbbdb3d68 P 93a20b201a904b628926e173bbf23463 [CANDIDATE]: Term 3 pre-election: Requested pre-vote from peers a66db810508f4e35bac62f5c6c9f6e9c (127.13.53.3:37091), 0cad5c4a245f4b3dbd66bb7259f45090 (127.13.53.2:41231)
I0913 23:13:50.391382 14679 tablet_service.cc:1295] Received RequestConsensusVote() RPC: tablet_id: "bf89c16ce260470a863711ddbbdb3d68" candidate_uuid: "93a20b201a904b628926e173bbf23463" candidate_term: 3 candidate_status { last_received { term: 2 index: 3 } } ignore_live_leader: false dest_uuid: "a66db810508f4e35bac62f5c6c9f6e9c" is_pre_election: true
I0913 23:13:50.391898 14679 raft_consensus.cc:2350] T bf89c16ce260470a863711ddbbdb3d68 P a66db810508f4e35bac62f5c6c9f6e9c [term 3 FOLLOWER]: Leader pre-election vote request: Granting yes vote for candidate 93a20b201a904b628926e173bbf23463 in term 3.
I0913 23:13:50.391836 14608 tablet_service.cc:1295] Received RequestConsensusVote() RPC: tablet_id: "bf89c16ce260470a863711ddbbdb3d68" candidate_uuid: "93a20b201a904b628926e173bbf23463" candidate_term: 3 candidate_status { last_received { term: 2 index: 3 } } ignore_live_leader: false dest_uuid: "0cad5c4a245f4b3dbd66bb7259f45090" is_pre_election: true
I0913 23:13:50.392453 14608 raft_consensus.cc:2311] T bf89c16ce260470a863711ddbbdb3d68 P 0cad5c4a245f4b3dbd66bb7259f45090 [term 2 FOLLOWER]: Leader pre-election vote request: Denying vote to candidate 93a20b201a904b628926e173bbf23463 for term 3 because replica is either leader or believes a valid leader to be alive.
I0913 23:13:50.392957 14496 leader_election.cc:310] T bf89c16ce260470a863711ddbbdb3d68 P 93a20b201a904b628926e173bbf23463 [CANDIDATE]: Term 3 pre-election: Election decided. Result: candidate won. Election summary: received 2 responses out of 3 voters: 2 yes votes; 0 no votes. yes voters: 93a20b201a904b628926e173bbf23463, a66db810508f4e35bac62f5c6c9f6e9c; no voters:
I0913 23:13:50.393743 14821 raft_consensus.cc:2644] T bf89c16ce260470a863711ddbbdb3d68 P 93a20b201a904b628926e173bbf23463 [term 2 FOLLOWER]: Leader pre-election won for term 3
I0913 23:13:50.393970 14821 raft_consensus.cc:472] T bf89c16ce260470a863711ddbbdb3d68 P 93a20b201a904b628926e173bbf23463 [term 2 FOLLOWER]: Starting leader election (detected failure of leader a66db810508f4e35bac62f5c6c9f6e9c)
I0913 23:13:50.394209 14821 raft_consensus.cc:2890] T bf89c16ce260470a863711ddbbdb3d68 P 93a20b201a904b628926e173bbf23463 [term 2 FOLLOWER]: Advancing to term 3
I0913 23:13:50.398166 14821 raft_consensus.cc:494] T bf89c16ce260470a863711ddbbdb3d68 P 93a20b201a904b628926e173bbf23463 [term 3 FOLLOWER]: Starting leader election with config: opid_index: -1 OBSOLETE_local: false peers { permanent_uuid: "a66db810508f4e35bac62f5c6c9f6e9c" member_type: VOTER last_known_addr { host: "127.13.53.3" port: 37091 } } peers { permanent_uuid: "93a20b201a904b628926e173bbf23463" member_type: VOTER last_known_addr { host: "127.13.53.1" port: 44785 } } peers { permanent_uuid: "0cad5c4a245f4b3dbd66bb7259f45090" member_type: VOTER last_known_addr { host: "127.13.53.2" port: 41231 } }
I0913 23:13:50.399396 14821 leader_election.cc:296] T bf89c16ce260470a863711ddbbdb3d68 P 93a20b201a904b628926e173bbf23463 [CANDIDATE]: Term 3 election: Requested vote from peers a66db810508f4e35bac62f5c6c9f6e9c (127.13.53.3:37091), 0cad5c4a245f4b3dbd66bb7259f45090 (127.13.53.2:41231)
I0913 23:13:50.400204 14608 tablet_service.cc:1295] Received RequestConsensusVote() RPC: tablet_id: "bf89c16ce260470a863711ddbbdb3d68" candidate_uuid: "93a20b201a904b628926e173bbf23463" candidate_term: 3 candidate_status { last_received { term: 2 index: 3 } } ignore_live_leader: false dest_uuid: "0cad5c4a245f4b3dbd66bb7259f45090"
I0913 23:13:50.400202 14679 tablet_service.cc:1295] Received RequestConsensusVote() RPC: tablet_id: "bf89c16ce260470a863711ddbbdb3d68" candidate_uuid: "93a20b201a904b628926e173bbf23463" candidate_term: 3 candidate_status { last_received { term: 2 index: 3 } } ignore_live_leader: false dest_uuid: "a66db810508f4e35bac62f5c6c9f6e9c"
I0913 23:13:50.400974 14608 raft_consensus.cc:2311] T bf89c16ce260470a863711ddbbdb3d68 P 0cad5c4a245f4b3dbd66bb7259f45090 [term 2 FOLLOWER]: Leader election vote request: Denying vote to candidate 93a20b201a904b628926e173bbf23463 for term 3 because replica is either leader or believes a valid leader to be alive.
I0913 23:13:50.404731 14679 raft_consensus.cc:2350] T bf89c16ce260470a863711ddbbdb3d68 P a66db810508f4e35bac62f5c6c9f6e9c [term 3 FOLLOWER]: Leader election vote request: Granting yes vote for candidate 93a20b201a904b628926e173bbf23463 in term 3.
I0913 23:13:50.405741 14496 leader_election.cc:310] T bf89c16ce260470a863711ddbbdb3d68 P 93a20b201a904b628926e173bbf23463 [CANDIDATE]: Term 3 election: Election decided. Result: candidate won. Election summary: received 3 responses out of 3 voters: 2 yes votes; 1 no votes. yes voters: 93a20b201a904b628926e173bbf23463, a66db810508f4e35bac62f5c6c9f6e9c; no voters: 0cad5c4a245f4b3dbd66bb7259f45090
I0913 23:13:50.406510 14821 raft_consensus.cc:2644] T bf89c16ce260470a863711ddbbdb3d68 P 93a20b201a904b628926e173bbf23463 [term 3 FOLLOWER]: Leader election won for term 3
I0913 23:13:50.406853 14821 raft_consensus.cc:667] T bf89c16ce260470a863711ddbbdb3d68 P 93a20b201a904b628926e173bbf23463 [term 3 LEADER]: Becoming Leader. State: Replica: 93a20b201a904b628926e173bbf23463, State: Running, Role: LEADER
I0913 23:13:50.407407 14821 consensus_queue.cc:206] T bf89c16ce260470a863711ddbbdb3d68 P 93a20b201a904b628926e173bbf23463 [LEADER]: Queue going to LEADER mode. State: All replicated index: 0, Majority replicated index: 3, Committed index: 3, Last appended: 2.3, Last appended by leader: 3, Current term: 3, Majority size: 2, State: 0, Mode: LEADER, active raft config: opid_index: -1 OBSOLETE_local: false peers { permanent_uuid: "a66db810508f4e35bac62f5c6c9f6e9c" member_type: VOTER last_known_addr { host: "127.13.53.3" port: 37091 } } peers { permanent_uuid: "93a20b201a904b628926e173bbf23463" member_type: VOTER last_known_addr { host: "127.13.53.1" port: 44785 } } peers { permanent_uuid: "0cad5c4a245f4b3dbd66bb7259f45090" member_type: VOTER last_known_addr { host: "127.13.53.2" port: 41231 } }
I0913 23:13:50.412864 14441 catalog_manager.cc:4079] T bf89c16ce260470a863711ddbbdb3d68 P 93a20b201a904b628926e173bbf23463 reported cstate change: term changed from 2 to 3, leader changed from a66db810508f4e35bac62f5c6c9f6e9c (127.13.53.3) to 93a20b201a904b628926e173bbf23463 (127.13.53.1). New cstate: current_term: 3 leader_uuid: "93a20b201a904b628926e173bbf23463" committed_config { opid_index: -1 OBSOLETE_local: false peers { permanent_uuid: "a66db810508f4e35bac62f5c6c9f6e9c" member_type: VOTER last_known_addr { host: "127.13.53.3" port: 37091 } health_report { overall_health: UNKNOWN } } peers { permanent_uuid: "93a20b201a904b628926e173bbf23463" member_type: VOTER last_known_addr { host: "127.13.53.1" port: 44785 } health_report { overall_health: HEALTHY } } peers { permanent_uuid: "0cad5c4a245f4b3dbd66bb7259f45090" member_type: VOTER last_known_addr { host: "127.13.53.2" port: 41231 } health_report { overall_health: UNKNOWN } } }
I0913 23:13:50.423377 14809 raft_consensus.cc:472] T bf89c16ce260470a863711ddbbdb3d68 P 0cad5c4a245f4b3dbd66bb7259f45090 [term 2 FOLLOWER]: Starting pre-election (detected failure of leader a66db810508f4e35bac62f5c6c9f6e9c)
I0913 23:13:50.423856 14809 raft_consensus.cc:494] T bf89c16ce260470a863711ddbbdb3d68 P 0cad5c4a245f4b3dbd66bb7259f45090 [term 2 FOLLOWER]: Starting pre-election with config: opid_index: -1 OBSOLETE_local: false peers { permanent_uuid: "a66db810508f4e35bac62f5c6c9f6e9c" member_type: VOTER last_known_addr { host: "127.13.53.3" port: 37091 } } peers { permanent_uuid: "93a20b201a904b628926e173bbf23463" member_type: VOTER last_known_addr { host: "127.13.53.1" port: 44785 } } peers { permanent_uuid: "0cad5c4a245f4b3dbd66bb7259f45090" member_type: VOTER last_known_addr { host: "127.13.53.2" port: 41231 } }
I0913 23:13:50.425316 14809 leader_election.cc:296] T bf89c16ce260470a863711ddbbdb3d68 P 0cad5c4a245f4b3dbd66bb7259f45090 [CANDIDATE]: Term 3 pre-election: Requested pre-vote from peers a66db810508f4e35bac62f5c6c9f6e9c (127.13.53.3:37091), 93a20b201a904b628926e173bbf23463 (127.13.53.1:44785)
I0913 23:13:50.425952 14679 tablet_service.cc:1295] Received RequestConsensusVote() RPC: tablet_id: "bf89c16ce260470a863711ddbbdb3d68" candidate_uuid: "0cad5c4a245f4b3dbd66bb7259f45090" candidate_term: 3 candidate_status { last_received { term: 2 index: 3 } } ignore_live_leader: false dest_uuid: "a66db810508f4e35bac62f5c6c9f6e9c" is_pre_election: true
I0913 23:13:50.426226 14538 tablet_service.cc:1295] Received RequestConsensusVote() RPC: tablet_id: "bf89c16ce260470a863711ddbbdb3d68" candidate_uuid: "0cad5c4a245f4b3dbd66bb7259f45090" candidate_term: 3 candidate_status { last_received { term: 2 index: 3 } } ignore_live_leader: false dest_uuid: "93a20b201a904b628926e173bbf23463" is_pre_election: true
I0913 23:13:50.426869 14538 raft_consensus.cc:2311] T bf89c16ce260470a863711ddbbdb3d68 P 93a20b201a904b628926e173bbf23463 [term 3 LEADER]: Leader pre-election vote request: Denying vote to candidate 0cad5c4a245f4b3dbd66bb7259f45090 for term 3 because replica is either leader or believes a valid leader to be alive.
I0913 23:13:50.426910 14679 raft_consensus.cc:2280] T bf89c16ce260470a863711ddbbdb3d68 P a66db810508f4e35bac62f5c6c9f6e9c [term 3 FOLLOWER]: Leader pre-election vote request: Denying vote to candidate 0cad5c4a245f4b3dbd66bb7259f45090 in current term 3: Already voted for candidate 93a20b201a904b628926e173bbf23463 in this term.
I0913 23:13:50.427887 14574 leader_election.cc:310] T bf89c16ce260470a863711ddbbdb3d68 P 0cad5c4a245f4b3dbd66bb7259f45090 [CANDIDATE]: Term 3 pre-election: Election decided. Result: candidate lost. Election summary: received 3 responses out of 3 voters: 1 yes votes; 2 no votes. yes voters: 0cad5c4a245f4b3dbd66bb7259f45090; no voters: 93a20b201a904b628926e173bbf23463, a66db810508f4e35bac62f5c6c9f6e9c
I0913 23:13:50.428442 14809 raft_consensus.cc:2890] T bf89c16ce260470a863711ddbbdb3d68 P 0cad5c4a245f4b3dbd66bb7259f45090 [term 2 FOLLOWER]: Advancing to term 3
I0913 23:13:50.432045 14809 raft_consensus.cc:2592] T bf89c16ce260470a863711ddbbdb3d68 P 0cad5c4a245f4b3dbd66bb7259f45090 [term 3 FOLLOWER]: Leader pre-election lost for term 3. Reason: could not achieve majority
I0913 23:13:50.445574 14679 tablet_service.cc:1440] Received LeaderStepDown RPC: tablet_id: "82f65eba7703468ca650e7ca50d39549" dest_uuid: "a66db810508f4e35bac62f5c6c9f6e9c" from {username='slave'} at 127.0.0.1:59276
I0913 23:13:50.446050 14679 raft_consensus.cc:569] T 82f65eba7703468ca650e7ca50d39549 P a66db810508f4e35bac62f5c6c9f6e9c [term 1 LEADER]: Received request to step down
