I0913 23:13:52.448752 14988 sys_catalog.cc:343] T 00000000000000000000000000000000 P 46574f27d20e427381df2ea44498c90b [sys.catalog]: This master's current role is: FOLLOWER
I0913 23:13:52.458427 14563 heartbeater.cc:447] Master 127.13.53.61:35977 was elected leader, sending a full tablet report...
I0913 23:13:52.460762 15016 sys_catalog.cc:340] T 00000000000000000000000000000000 P b03280a8df7e48f9939e076d6d0138ca [sys.catalog]: SysCatalogTable state changed. Reason: Peer health change. Latest consensus state: current_term: 6 leader_uuid: "b03280a8df7e48f9939e076d6d0138ca" committed_config { opid_index: -1 OBSOLETE_local: false peers { permanent_uuid: "46574f27d20e427381df2ea44498c90b" member_type: VOTER last_known_addr { host: "127.13.53.62" port: 40439 } } peers { permanent_uuid: "b03280a8df7e48f9939e076d6d0138ca" member_type: VOTER last_known_addr { host: "127.13.53.61" port: 35977 } } peers { permanent_uuid: "fab3d6e5bcad48acbb0fe6b928638607" member_type: VOTER last_known_addr { host: "127.13.53.60" port: 42667 } } }
I0913 23:13:52.461591 15016 sys_catalog.cc:343] T 00000000000000000000000000000000 P b03280a8df7e48f9939e076d6d0138ca [sys.catalog]: This master's current role is: LEADER
I0913 23:13:52.473652 14705 heartbeater.cc:447] Master 127.13.53.61:35977 was elected leader, sending a full tablet report...
I0913 23:13:52.500905 13524 rpc_server.cc:205] RPC server started. Bound to: 127.13.53.60:42667
I0913 23:13:52.503271 13524 webserver.cc:374] Webserver started at http://127.13.53.60:35131/ using document root and password file
I0913 23:13:52.509096 15053 sys_catalog.cc:188] Verifying existing consensus state
I0913 23:13:52.513932 15053 tablet_bootstrap.cc:439] T 00000000000000000000000000000000 P fab3d6e5bcad48acbb0fe6b928638607: Bootstrap starting.
I0913 23:13:52.550581 14704 heartbeater.cc:322] Connected to a master server at 127.13.53.60:42667
I0913 23:13:52.553381 15053 tablet_bootstrap.cc:439] T 00000000000000000000000000000000 P fab3d6e5bcad48acbb0fe6b928638607: Bootstrap replayed 1/1 log segments. Stats: ops{read=18 overwritten=0 applied=18 ignored=0} inserts{seen=6 ignored=0} mutations{seen=13 ignored=0} orphaned_commits=0. Pending: 0 replicates
I0913 23:13:52.554427 15053 tablet_bootstrap.cc:439] T 00000000000000000000000000000000 P fab3d6e5bcad48acbb0fe6b928638607: Bootstrap complete.
I0913 23:13:52.556797 15053 raft_consensus.cc:340] T 00000000000000000000000000000000 P fab3d6e5bcad48acbb0fe6b928638607 [term 5 FOLLOWER]: Replica starting. Triggering 0 pending transactions. Active config: opid_index: -1 OBSOLETE_local: false peers { permanent_uuid: "46574f27d20e427381df2ea44498c90b" member_type: VOTER last_known_addr { host: "127.13.53.62" port: 40439 } } peers { permanent_uuid: "b03280a8df7e48f9939e076d6d0138ca" member_type: VOTER last_known_addr { host: "127.13.53.61" port: 35977 } } peers { permanent_uuid: "fab3d6e5bcad48acbb0fe6b928638607" member_type: VOTER last_known_addr { host: "127.13.53.60" port: 42667 } }
I0913 23:13:52.557565 15053 raft_consensus.cc:705] T 00000000000000000000000000000000 P fab3d6e5bcad48acbb0fe6b928638607 [term 5 FOLLOWER]: Becoming Follower/Learner. State: Replica: fab3d6e5bcad48acbb0fe6b928638607, State: Initialized, Role: FOLLOWER
I0913 23:13:52.558218 15053 consensus_queue.cc:229] T 00000000000000000000000000000000 P fab3d6e5bcad48acbb0fe6b928638607 [NON_LEADER]: Queue going to NON_LEADER mode. State: All replicated index: 0, Majority replicated index: 0, Committed index: 18, Last appended: 5.18, Last appended by leader: 18, Current term: 0, Majority size: -1, State: 0, Mode: NON_LEADER, active raft config: opid_index: -1 OBSOLETE_local: false peers { permanent_uuid: "46574f27d20e427381df2ea44498c90b" member_type: VOTER last_known_addr { host: "127.13.53.62" port: 40439 } } peers { permanent_uuid: "b03280a8df7e48f9939e076d6d0138ca" member_type: VOTER last_known_addr { host: "127.13.53.61" port: 35977 } } peers { permanent_uuid: "fab3d6e5bcad48acbb0fe6b928638607" member_type: VOTER last_known_addr { host: "127.13.53.60" port: 42667 } }
I0913 23:13:52.560622 14634 heartbeater.cc:447] Master 127.13.53.61:35977 was elected leader, sending a full tablet report...
I0913 23:13:52.567581 15053 sys_catalog.cc:340] T 00000000000000000000000000000000 P fab3d6e5bcad48acbb0fe6b928638607 [sys.catalog]: SysCatalogTable state changed. Reason: Started TabletReplica. Latest consensus state: current_term: 5 committed_config { opid_index: -1 OBSOLETE_local: false peers { permanent_uuid: "46574f27d20e427381df2ea44498c90b" member_type: VOTER last_known_addr { host: "127.13.53.62" port: 40439 } } peers { permanent_uuid: "b03280a8df7e48f9939e076d6d0138ca" member_type: VOTER last_known_addr { host: "127.13.53.61" port: 35977 } } peers { permanent_uuid: "fab3d6e5bcad48acbb0fe6b928638607" member_type: VOTER last_known_addr { host: "127.13.53.60" port: 42667 } } }
I0913 23:13:52.568403 15053 sys_catalog.cc:343] T 00000000000000000000000000000000 P fab3d6e5bcad48acbb0fe6b928638607 [sys.catalog]: This master's current role is: FOLLOWER
I0913 23:13:52.570910 15053 sys_catalog.cc:428] T 00000000000000000000000000000000 P fab3d6e5bcad48acbb0fe6b928638607 [sys.catalog]: configured and running, proceeding with master startup.
I0913 23:13:52.571017 15030 raft_consensus.cc:2890] T 00000000000000000000000000000000 P fab3d6e5bcad48acbb0fe6b928638607 [term 5 FOLLOWER]: Advancing to term 6
I0913 23:13:52.573266 14633 heartbeater.cc:322] Connected to a master server at 127.13.53.60:42667
I0913 23:13:52.570869 15056 sys_catalog.cc:340] T 00000000000000000000000000000000 P fab3d6e5bcad48acbb0fe6b928638607 [sys.catalog]: SysCatalogTable state changed. Reason: RaftConsensus started. Latest consensus state: current_term: 5 committed_config { opid_index: -1 OBSOLETE_local: false peers { permanent_uuid: "46574f27d20e427381df2ea44498c90b" member_type: VOTER last_known_addr { host: "127.13.53.62" port: 40439 } } peers { permanent_uuid: "b03280a8df7e48f9939e076d6d0138ca" member_type: VOTER last_known_addr { host: "127.13.53.61" port: 35977 } } peers { permanent_uuid: "fab3d6e5bcad48acbb0fe6b928638607" member_type: VOTER last_known_addr { host: "127.13.53.60" port: 42667 } } }
I0913 23:13:52.576084 15056 sys_catalog.cc:343] T 00000000000000000000000000000000 P fab3d6e5bcad48acbb0fe6b928638607 [sys.catalog]: This master's current role is: FOLLOWER
I0913 23:13:52.584244 14562 heartbeater.cc:322] Connected to a master server at 127.13.53.60:42667
I0913 23:13:52.586803 15056 sys_catalog.cc:340] T 00000000000000000000000000000000 P fab3d6e5bcad48acbb0fe6b928638607 [sys.catalog]: SysCatalogTable state changed. Reason: New leader b03280a8df7e48f9939e076d6d0138ca. Latest consensus state: current_term: 6 leader_uuid: "b03280a8df7e48f9939e076d6d0138ca" committed_config { opid_index: -1 OBSOLETE_local: false peers { permanent_uuid: "46574f27d20e427381df2ea44498c90b" member_type: VOTER last_known_addr { host: "127.13.53.62" port: 40439 } } peers { permanent_uuid: "b03280a8df7e48f9939e076d6d0138ca" member_type: VOTER last_known_addr { host: "127.13.53.61" port: 35977 } } peers { permanent_uuid: "fab3d6e5bcad48acbb0fe6b928638607" member_type: VOTER last_known_addr { host: "127.13.53.60" port: 42667 } } }
I0913 23:13:52.587525 15056 sys_catalog.cc:343] T 00000000000000000000000000000000 P fab3d6e5bcad48acbb0fe6b928638607 [sys.catalog]: This master's current role is: FOLLOWER
I0913 23:13:52.588558 15020 master_service.cc:230] Got heartbeat from unknown tserver (permanent_uuid: "93a20b201a904b628926e173bbf23463" instance_seqno: 1568416427412171) as {username='slave'} at 127.0.0.1:48882; Asking this server to re-register.
I0913 23:13:52.590039 14562 heartbeater.cc:406] Registering TS with master...
I0913 23:13:52.590267 15061 sys_catalog.cc:340] T 00000000000000000000000000000000 P fab3d6e5bcad48acbb0fe6b928638607 [sys.catalog]: SysCatalogTable state changed. Reason: Replicated consensus-only round. Latest consensus state: current_term: 6 leader_uuid: "b03280a8df7e48f9939e076d6d0138ca" committed_config { opid_index: -1 OBSOLETE_local: false peers { permanent_uuid: "46574f27d20e427381df2ea44498c90b" member_type: VOTER last_known_addr { host: "127.13.53.62" port: 40439 } } peers { permanent_uuid: "b03280a8df7e48f9939e076d6d0138ca" member_type: VOTER last_known_addr { host: "127.13.53.61" port: 35977 } } peers { permanent_uuid: "fab3d6e5bcad48acbb0fe6b928638607" member_type: VOTER last_known_addr { host: "127.13.53.60" port: 42667 } } }
I0913 23:13:52.590896 15061 sys_catalog.cc:343] T 00000000000000000000000000000000 P fab3d6e5bcad48acbb0fe6b928638607 [sys.catalog]: This master's current role is: FOLLOWER
I0913 23:13:52.593019 15059 catalog_manager.cc:1127] T 00000000000000000000000000000000 P fab3d6e5bcad48acbb0fe6b928638607: acquiring CA information for follower catalog manager: success
I0913 23:13:52.593179 15020 ts_manager.cc:161] Registered new tserver with Master: 93a20b201a904b628926e173bbf23463 (127.13.53.1:44785)
I0913 23:13:52.596815 15059 catalog_manager.cc:1155] T 00000000000000000000000000000000 P fab3d6e5bcad48acbb0fe6b928638607: importing token verification keys for follower catalog manager: success; most recent TSK sequence number 0
I0913 23:13:52.609740 15020 master_service.cc:230] Got heartbeat from unknown tserver (permanent_uuid: "0cad5c4a245f4b3dbd66bb7259f45090" instance_seqno: 1568416427553058) as {username='slave'} at 127.0.0.1:48880; Asking this server to re-register.
I0913 23:13:52.611331 14633 heartbeater.cc:406] Registering TS with master...
I0913 23:13:52.616123 15019 ts_manager.cc:161] Registered new tserver with Master: 0cad5c4a245f4b3dbd66bb7259f45090 (127.13.53.2:41231)
I0913 23:13:52.618461 14845 sys_catalog.cc:340] T 00000000000000000000000000000000 P b03280a8df7e48f9939e076d6d0138ca [sys.catalog]: SysCatalogTable state changed. Reason: Peer health change. Latest consensus state: current_term: 6 leader_uuid: "b03280a8df7e48f9939e076d6d0138ca" committed_config { opid_index: -1 OBSOLETE_local: false peers { permanent_uuid: "46574f27d20e427381df2ea44498c90b" member_type: VOTER last_known_addr { host: "127.13.53.62" port: 40439 } } peers { permanent_uuid: "b03280a8df7e48f9939e076d6d0138ca" member_type: VOTER last_known_addr { host: "127.13.53.61" port: 35977 } } peers { permanent_uuid: "fab3d6e5bcad48acbb0fe6b928638607" member_type: VOTER last_known_addr { host: "127.13.53.60" port: 42667 } } }
I0913 23:13:52.619227 14845 sys_catalog.cc:343] T 00000000000000000000000000000000 P b03280a8df7e48f9939e076d6d0138ca [sys.catalog]: This master's current role is: LEADER
I0913 23:13:52.624914 15020 master_service.cc:230] Got heartbeat from unknown tserver (permanent_uuid: "a66db810508f4e35bac62f5c6c9f6e9c" instance_seqno: 1568416427733869) as {username='slave'} at 127.0.0.1:48878; Asking this server to re-register.
I0913 23:13:52.626179 14704 heartbeater.cc:406] Registering TS with master...
I0913 23:13:52.628525 15020 ts_manager.cc:161] Registered new tserver with Master: a66db810508f4e35bac62f5c6c9f6e9c (127.13.53.3:37091)
W0913 23:13:59.779052 14931 debug-util.cc:397] Leaking SignalData structure 0x7b08001f2a00 after lost signal to thread 13527
W0913 23:13:59.779927 14931 debug-util.cc:397] Leaking SignalData structure 0x7b08000d8140 after lost signal to thread 14415
W0913 23:13:59.780647 14931 debug-util.cc:397] Leaking SignalData structure 0x7b08000d8980 after lost signal to thread 14560
W0913 23:13:59.781352 14931 debug-util.cc:397] Leaking SignalData structure 0x7b08001f4a40 after lost signal to thread 14631
W0913 23:13:59.782110 14931 debug-util.cc:397] Leaking SignalData structure 0x7b0800225580 after lost signal to thread 14702
W0913 23:13:59.782799 14931 debug-util.cc:397] Leaking SignalData structure 0x7b08000bed00 after lost signal to thread 14978
W0913 23:13:59.783418 14931 debug-util.cc:397] Leaking SignalData structure 0x7b08001ec880 after lost signal to thread 15051 /home/jenkins-slave/workspace/kudu-master/3/src/kudu/integration-tests/ts_tablet_manager-itest.cc:642: Failure Expected: live_row_count Which is: 327 To be equal to: table_info->GetMetrics()->live_row_count->value() Which is: 654 /home/jenkins-slave/workspace/kudu-master/3/src/kudu/util/test_util.cc:326: Failure Failed Timed out waiting for assertion to pass. /home/jenkins-slave/workspace/kudu-master/3/src/kudu/integration-tests/ts_tablet_manager-itest.cc:627: Failure Expected: check_function(table_infos[0].get(), live_row_count) doesn't generate new fatal failures in the current thread. Actual: it does. /home/jenkins-slave/workspace/kudu-master/3/src/kudu/integration-tests/ts_tablet_manager-itest.cc:644: Failure Expected: GetLeaderMasterAndRun(live_row_count, [&] ( TableInfo* table_info, int64_t live_row_count) { do { AssertEventually([&] () { switch (0) case 0: default: if (const ::testing::AssertionResult gtest_ar = (::testing::internal:: EqHelper<(sizeof(::testing::internal::IsNullLiteralHelper(live_row_count)) == 1)>::Compare("live_row_count", "table_info->GetMetrics()->live_row_count->value()", live_row_count, table_info->GetMetrics()->live_row_count->value()))) ; else return ::testing::internal::AssertHelper(::testing::TestPartResult::kFatalFailure, "/home/jenkins-slave/workspace/kudu-master/3/src/kudu/integration-tests/ts_tablet_manager-itest.cc", 642, gtest_ar.failure_message()) = ::testing::Message(); }); if (testing::Test::HasFatalFailure()) { return; }; } while (0); }) doesn't generate new fatal failures in the current thread. Actual: it does. /home/jenkins-slave/workspace/kudu-master/3/src/kudu/integration-tests/ts_tablet_manager-itest.cc:742: Failure Expected: CheckStats(kRowsCount) doesn't generate new fatal failures in the current thread. Actual: it does.
I0913 23:14:22.723248 13524 tablet_server.cc:155] TabletServer shutting down...
I0913 23:14:22.759454 13524 ts_tablet_manager.cc:1159] Shutting down tablet manager...
I0913 23:14:22.759810 13524 tablet_replica.cc:273] T 82f65eba7703468ca650e7ca50d39549 P 93a20b201a904b628926e173bbf23463: stopping tablet replica
I0913 23:14:22.760180 13524 raft_consensus.cc:2147] T 82f65eba7703468ca650e7ca50d39549 P 93a20b201a904b628926e173bbf23463 [term 2 LEADER]: Raft consensus shutting down.
I0913 23:14:22.760841 13524 raft_consensus.cc:2174] T 82f65eba7703468ca650e7ca50d39549 P 93a20b201a904b628926e173bbf23463 [term 2 FOLLOWER]: Raft consensus is shut down!
I0913 23:14:22.763161 13524 tablet_replica.cc:273] T bf89c16ce260470a863711ddbbdb3d68 P 93a20b201a904b628926e173bbf23463: stopping tablet replica
I0913 23:14:22.763480 13524 raft_consensus.cc:2147] T bf89c16ce260470a863711ddbbdb3d68 P 93a20b201a904b628926e173bbf23463 [term 3 LEADER]: Raft consensus shutting down.
I0913 23:14:22.764199 13524 raft_consensus.cc:2174] T bf89c16ce260470a863711ddbbdb3d68 P 93a20b201a904b628926e173bbf23463 [term 3 FOLLOWER]: Raft consensus is shut down!
I0913 23:14:22.766422 13524 tablet_replica.cc:273] T 8ad9594f28c64b8ba3dacd888b84312b P 93a20b201a904b628926e173bbf23463: stopping tablet replica
I0913 23:14:22.766711 13524 raft_consensus.cc:2147] T 8ad9594f28c64b8ba3dacd888b84312b P 93a20b201a904b628926e173bbf23463 [term 3 LEADER]: Raft consensus shutting down.
I0913 23:14:22.767272 13524 raft_consensus.cc:2174] T 8ad9594f28c64b8ba3dacd888b84312b P 93a20b201a904b628926e173bbf23463 [term 3 FOLLOWER]: Raft consensus is shut down!
I0913 23:14:22.788918 13524 tablet_server.cc:169] TabletServer shutdown complete.
I0913 23:14:22.789129 13524 tablet_server.cc:155] TabletServer shutting down...
I0913 23:14:22.789412 13524 tablet_server.cc:169] TabletServer shutdown complete.
I0913 23:14:22.800873 13524 tablet_server.cc:155] TabletServer shutting down...
I0913 23:14:22.831351 13524 ts_tablet_manager.cc:1159] Shutting down tablet manager...
I0913 23:14:22.831697 13524 tablet_replica.cc:273] T 8ad9594f28c64b8ba3dacd888b84312b P 0cad5c4a245f4b3dbd66bb7259f45090: stopping tablet replica
I0913 23:14:22.832036 13524 raft_consensus.cc:2147] T 8ad9594f28c64b8ba3dacd888b84312b P 0cad5c4a245f4b3dbd66bb7259f45090 [term 3 FOLLOWER]: Raft consensus shutting down.
I0913 23:14:22.832286 13524 raft_consensus.cc:2174] T 8ad9594f28c64b8ba3dacd888b84312b P 0cad5c4a245f4b3dbd66bb7259f45090 [term 3 FOLLOWER]: Raft consensus is shut down!
I0913 23:14:22.834314 13524 tablet_replica.cc:273] T bf89c16ce260470a863711ddbbdb3d68 P 0cad5c4a245f4b3dbd66bb7259f45090: stopping tablet replica
I0913 23:14:22.834632 13524 raft_consensus.cc:2147] T bf89c16ce260470a863711ddbbdb3d68 P 0cad5c4a245f4b3dbd66bb7259f45090 [term 3 FOLLOWER]: Raft consensus shutting down.
I0913 23:14:22.834868 13524 raft_consensus.cc:2174] T bf89c16ce260470a863711ddbbdb3d68 P 0cad5c4a245f4b3dbd66bb7259f45090 [term 3 FOLLOWER]: Raft consensus is shut down!
I0913 23:14:22.836737 13524 tablet_replica.cc:273] T 82f65eba7703468ca650e7ca50d39549 P 0cad5c4a245f4b3dbd66bb7259f45090: stopping tablet replica
I0913 23:14:22.837059 13524 raft_consensus.cc:2147] T 82f65eba7703468ca650e7ca50d39549 P 0cad5c4a245f4b3dbd66bb7259f45090 [term 2 FOLLOWER]: Raft consensus shutting down.
I0913 23:14:22.837301 13524 raft_consensus.cc:2174] T 82f65eba7703468ca650e7ca50d39549 P 0cad5c4a245f4b3dbd66bb7259f45090 [term 2 FOLLOWER]: Raft consensus is shut down!
I0913 23:14:22.877110 13524 tablet_server.cc:169] TabletServer shutdown complete.
I0913 23:14:22.877322 13524 tablet_server.cc:155] TabletServer shutting down...
I0913 23:14:22.877671 13524 tablet_server.cc:169] TabletServer shutdown complete.
I0913 23:14:22.879707 15096 raft_consensus.cc:472] T 8ad9594f28c64b8ba3dacd888b84312b P a66db810508f4e35bac62f5c6c9f6e9c [term 3 FOLLOWER]: Starting pre-election (detected failure of leader 93a20b201a904b628926e173bbf23463)
I0913 23:14:22.880308 15096 raft_consensus.cc:494] T 8ad9594f28c64b8ba3dacd888b84312b P a66db810508f4e35bac62f5c6c9f6e9c [term 3 FOLLOWER]: Starting pre-election with config: opid_index: -1 OBSOLETE_local: false peers { permanent_uuid: "93a20b201a904b628926e173bbf23463" member_type: VOTER last_known_addr { host: "127.13.53.1" port: 44785 } } peers { permanent_uuid: "0cad5c4a245f4b3dbd66bb7259f45090" member_type: VOTER last_known_addr { host: "127.13.53.2" port: 41231 } } peers { permanent_uuid: "a66db810508f4e35bac62f5c6c9f6e9c" member_type: VOTER last_known_addr { host: "127.13.53.3" port: 37091 } }
I0913 23:14:22.882601 15096 leader_election.cc:296] T 8ad9594f28c64b8ba3dacd888b84312b P a66db810508f4e35bac62f5c6c9f6e9c [CANDIDATE]: Term 4 pre-election: Requested pre-vote from peers 93a20b201a904b628926e173bbf23463 (127.13.53.1:44785), 0cad5c4a245f4b3dbd66bb7259f45090 (127.13.53.2:41231)
W0913 23:14:22.885529 14645 leader_election.cc:341] T 8ad9594f28c64b8ba3dacd888b84312b P a66db810508f4e35bac62f5c6c9f6e9c [CANDIDATE]: Term 4 pre-election: RPC error from VoteRequest() call to peer 93a20b201a904b628926e173bbf23463 (127.13.53.1:44785): Network error: Client connection negotiation failed: client connection to 127.13.53.1:44785: connect: Connection refused (error 111)
W0913 23:14:22.887392 14643 leader_election.cc:341] T 8ad9594f28c64b8ba3dacd888b84312b P a66db810508f4e35bac62f5c6c9f6e9c [CANDIDATE]: Term 4 pre-election: RPC error from VoteRequest() call to peer 0cad5c4a245f4b3dbd66bb7259f45090 (127.13.53.2:41231): Network error: Client connection negotiation failed: client connection to 127.13.53.2:41231: connect: Connection refused (error 111)
I0913 23:14:22.887706 14643 leader_election.cc:310] T 8ad9594f28c64b8ba3dacd888b84312b P a66db810508f4e35bac62f5c6c9f6e9c [CANDIDATE]: Term 4 pre-election: Election decided. Result: candidate lost. Election summary: received 3 responses out of 3 voters: 1 yes votes; 2 no votes. yes voters: a66db810508f4e35bac62f5c6c9f6e9c; no voters: 0cad5c4a245f4b3dbd66bb7259f45090, 93a20b201a904b628926e173bbf23463
I0913 23:14:22.888437 15096 raft_consensus.cc:2592] T 8ad9594f28c64b8ba3dacd888b84312b P a66db810508f4e35bac62f5c6c9f6e9c [term 3 FOLLOWER]: Leader pre-election lost for term 4. Reason: could not achieve majority
I0913 23:14:22.891309 13524 tablet_server.cc:155] TabletServer shutting down...
I0913 23:14:22.926328 13524 ts_tablet_manager.cc:1159] Shutting down tablet manager...
I0913 23:14:22.926635 13524 tablet_replica.cc:273] T 8ad9594f28c64b8ba3dacd888b84312b P a66db810508f4e35bac62f5c6c9f6e9c: stopping tablet replica
I0913 23:14:22.927117 13524 raft_consensus.cc:2147] T 8ad9594f28c64b8ba3dacd888b84312b P a66db810508f4e35bac62f5c6c9f6e9c [term 3 FOLLOWER]: Raft consensus shutting down.
I0913 23:14:22.927459 13524 raft_consensus.cc:2174] T 8ad9594f28c64b8ba3dacd888b84312b P a66db810508f4e35bac62f5c6c9f6e9c [term 3 FOLLOWER]: Raft consensus is shut down!
I0913 23:14:22.929374 15096 raft_consensus.cc:472] T 82f65eba7703468ca650e7ca50d39549 P a66db810508f4e35bac62f5c6c9f6e9c [term 2 FOLLOWER]: Starting pre-election (detected failure of leader 93a20b201a904b628926e173bbf23463)
I0913 23:14:22.929791 13524 tablet_replica.cc:273] T bf89c16ce260470a863711ddbbdb3d68 P a66db810508f4e35bac62f5c6c9f6e9c: stopping tablet replica
I0913 23:14:22.929747 15096 raft_consensus.cc:494] T 82f65eba7703468ca650e7ca50d39549 P a66db810508f4e35bac62f5c6c9f6e9c [term 2 FOLLOWER]: Starting pre-election with config: opid_index: -1 OBSOLETE_local: false peers { permanent_uuid: "93a20b201a904b628926e173bbf23463" member_type: VOTER last_known_addr { host: "127.13.53.1" port: 44785 } } peers { permanent_uuid: "0cad5c4a245f4b3dbd66bb7259f45090" member_type: VOTER last_known_addr { host: "127.13.53.2" port: 41231 } } peers { permanent_uuid: "a66db810508f4e35bac62f5c6c9f6e9c" member_type: VOTER last_known_addr { host: "127.13.53.3" port: 37091 } }
I0913 23:14:22.930238 13524 raft_consensus.cc:2147] T bf89c16ce260470a863711ddbbdb3d68 P a66db810508f4e35bac62f5c6c9f6e9c [term 3 FOLLOWER]: Raft consensus shutting down.
I0913 23:14:22.930618 13524 raft_consensus.cc:2174] T bf89c16ce260470a863711ddbbdb3d68 P a66db810508f4e35bac62f5c6c9f6e9c [term 3 FOLLOWER]: Raft consensus is shut down!
I0913 23:14:22.931201 15096 leader_election.cc:296] T 82f65eba7703468ca650e7ca50d39549 P a66db810508f4e35bac62f5c6c9f6e9c [CANDIDATE]: Term 3 pre-election: Requested pre-vote from peers 93a20b201a904b628926e173bbf23463 (127.13.53.1:44785), 0cad5c4a245f4b3dbd66bb7259f45090 (127.13.53.2:41231)
W0913 23:14:22.932364 14645 leader_election.cc:341] T 82f65eba7703468ca650e7ca50d39549 P a66db810508f4e35bac62f5c6c9f6e9c [CANDIDATE]: Term 3 pre-election: RPC error from VoteRequest() call to peer 93a20b201a904b628926e173bbf23463 (127.13.53.1:44785): Network error: Client connection negotiation failed: client connection to 127.13.53.1:44785: connect: Connection refused (error 111)
W0913 23:14:22.932765 14643 leader_election.cc:341] T 82f65eba7703468ca650e7ca50d39549 P a66db810508f4e35bac62f5c6c9f6e9c [CANDIDATE]: Term 3 pre-election: RPC error from VoteRequest() call to peer 0cad5c4a245f4b3dbd66bb7259f45090 (127.13.53.2:41231): Network error: Client connection negotiation failed: client connection to 127.13.53.2:41231: connect: Connection refused (error 111)
I0913 23:14:22.933075 14643 leader_election.cc:310] T 82f65eba7703468ca650e7ca50d39549 P a66db810508f4e35bac62f5c6c9f6e9c [CANDIDATE]: Term 3 pre-election: Election decided. Result: candidate lost. Election summary: received 3 responses out of 3 voters: 1 yes votes; 2 no votes. yes voters: a66db810508f4e35bac62f5c6c9f6e9c; no voters: 0cad5c4a245f4b3dbd66bb7259f45090, 93a20b201a904b628926e173bbf23463
I0913 23:14:22.933457 13524 tablet_replica.cc:273] T 82f65eba7703468ca650e7ca50d39549 P a66db810508f4e35bac62f5c6c9f6e9c: stopping tablet replica
I0913 23:14:22.933609 15096 raft_consensus.cc:2592] T 82f65eba7703468ca650e7ca50d39549 P a66db810508f4e35bac62f5c6c9f6e9c [term 2 FOLLOWER]: Leader pre-election lost for term 3. Reason: could not achieve majority
I0913 23:14:22.933959 13524 raft_consensus.cc:2147] T 82f65eba7703468ca650e7ca50d39549 P a66db810508f4e35bac62f5c6c9f6e9c [term 2 FOLLOWER]: Raft consensus shutting down.
I0913 23:14:22.934340 13524 raft_consensus.cc:2174] T 82f65eba7703468ca650e7ca50d39549 P a66db810508f4e35bac62f5c6c9f6e9c [term 2 FOLLOWER]: Raft consensus is shut down!
I0913 23:14:22.956066 13524 tablet_server.cc:169] TabletServer shutdown complete.
I0913 23:14:22.956251 13524 tablet_server.cc:155] TabletServer shutting down...
I0913 23:14:22.956559 13524 tablet_server.cc:169] TabletServer shutdown complete.
I0913 23:14:22.968951 13524 master.cc:247] Master@127.13.53.62:40439 shutting down...
I0913 23:14:22.992161 13524 raft_consensus.cc:2147] T 00000000000000000000000000000000 P 46574f27d20e427381df2ea44498c90b [term 6 FOLLOWER]: Raft consensus shutting down.
I0913 23:14:22.992527 13524 raft_consensus.cc:2174] T 00000000000000000000000000000000 P 46574f27d20e427381df2ea44498c90b [term 6 FOLLOWER]: Raft consensus is shut down!
I0913 23:14:22.992760 13524 tablet_replica.cc:273] T 00000000000000000000000000000000 P 46574f27d20e427381df2ea44498c90b: stopping tablet replica
I0913 23:14:23.022583 13524 master.cc:258] Master@127.13.53.62:40439 shutdown complete.
I0913 23:14:23.031311 13524 master.cc:247] Master@127.13.53.61:35977 shutting down...
I0913 23:14:23.053100 13524 raft_consensus.cc:2147] T 00000000000000000000000000000000 P b03280a8df7e48f9939e076d6d0138ca [term 6 LEADER]: Raft consensus shutting down.
I0913 23:14:23.053864 13524 raft_consensus.cc:2174] T 00000000000000000000000000000000 P b03280a8df7e48f9939e076d6d0138ca [term 6 FOLLOWER]: Raft consensus is shut down!
I0913 23:14:23.054172 13524 tablet_replica.cc:273] T 00000000000000000000000000000000 P b03280a8df7e48f9939e076d6d0138ca: stopping tablet replica
I0913 23:14:23.071416 13524 master.cc:258] Master@127.13.53.61:35977 shutdown complete.
I0913 23:14:23.081518 13524 master.cc:247] Master@127.13.53.60:42667 shutting down...
I0913 23:14:23.103221 13524 raft_consensus.cc:2147] T 00000000000000000000000000000000 P fab3d6e5bcad48acbb0fe6b928638607 [term 6 FOLLOWER]: Raft consensus shutting down.
I0913 23:14:23.103585 13524 raft_consensus.cc:2174] T 00000000000000000000000000000000 P fab3d6e5bcad48acbb0fe6b928638607 [term 6 FOLLOWER]: Raft consensus is shut down!
I0913 23:14:23.103798 13524 tablet_replica.cc:273] T 00000000000000000000000000000000 P fab3d6e5bcad48acbb0fe6b928638607: stopping tablet replica
I0913 23:14:23.120494 13524 master.cc:258] Master@127.13.53.60:42667 shutdown complete.
I0913 23:14:23.133746 13524 test_util.cc:135] -----------------------------------------------
I0913 23:14:23.133925 13524 test_util.cc:136] Had fatal failures, leaving test files at /tmp/dist-test-taskMj6sdl/test-tmp/ts_tablet_manager-itest.0.TsTabletManagerITest.TestTableStats.1568416417781642-13524 [ FAILED ] TsTabletManagerITest.TestTableStats (36307 ms) [----------] 4 tests from TsTabletManagerITest (45274 ms total) [----------] 2 tests from FailedTabletsAreReplacedITest [ RUN ] FailedTabletsAreReplacedITest.OneReplica/0
I0913 23:14:23.140087 13524 internal_mini_cluster.cc:146] Creating distributed mini masters. Addrs: 127.13.53.62:44755
I0913 23:14:23.151324 13524 system_ntp.cc:193] NTP initialized. Skew: 500ppm Current error: 36700us
I0913 23:14:23.151743 13524 fs_manager.cc:263] Metadata directory not provided
I0913 23:14:23.151870 13524 fs_manager.cc:269] Using write-ahead log directory (fs_wal_dir) as metadata directory
I0913 23:14:23.152097 13524 server_base.cc:448] Could not load existing FS layout: Not found: could not find a healthy instance file
I0913 23:14:23.152201 13524 server_base.cc:449] Attempting to create new FS layout instead
I0913 23:14:23.153254 13524 fs_manager.cc:602] Generated new instance metadata in path /tmp/dist-test-taskMj6sdl/test-tmp/ts_tablet_manager-itest.0.FailedTabletsAreReplacedITest.OneReplica_0.1568416417781642-13524/minicluster-data/master-0-root/instance: uuid: "d700d56f713b46b48b7b5d90e96765db" format_stamp: "Formatted at 2019-09-13 23:14:23 on dist-test-slave-dist-test-slave-kz3c"
I0913 23:14:23.161239 13524 fs_manager.cc:503] Time spent creating directory manager: real 0.008s user 0.007s sys 0.003s
I0913 23:14:23.162746 13524 file_cache.cc:465] Constructed file cache lbm with capacity 419430
I0913 23:14:23.168841 13524 fs_manager.cc:419] Time spent opening block manager: real 0.001s user 0.001s sys 0.000s
I0913 23:14:23.169003 13524 fs_manager.cc:436] Opened local filesystem: /tmp/dist-test-taskMj6sdl/test-tmp/ts_tablet_manager-itest.0.FailedTabletsAreReplacedITest.OneReplica_0.1568416417781642-13524/minicluster-data/master-0-root uuid: "d700d56f713b46b48b7b5d90e96765db" format_stamp: "Formatted at 2019-09-13 23:14:23 on dist-test-slave-dist-test-slave-kz3c"
I0913 23:14:23.169246 13524 fs_report.cc:352] FS layout report -------------------- wal directory: /tmp/dist-test-taskMj6sdl/test-tmp/ts_tablet_manager-itest.0.FailedTabletsAreReplacedITest.OneReplica_0.1568416417781642-13524/minicluster-data/master-0-root metadata directory: /tmp/dist-test-taskMj6sdl/test-tmp/ts_tablet_manager-itest.0.FailedTabletsAreReplacedITest.OneReplica_0.1568416417781642-13524/minicluster-data/master-0-root 1 data directories: /tmp/dist-test-taskMj6sdl/test-tmp/ts_tablet_manager-itest.0.FailedTabletsAreReplacedITest.OneReplica_0.1568416417781642-13524/minicluster-data/master-0-root/data Total live blocks: 0 Total live bytes: 0 Total live bytes (after alignment): 0 Total number of LBM containers: 0 (0 full) Did not check for missing blocks Did not check for orphaned blocks Total full LBM containers with extra space: 0 (0 repaired) Total full LBM container extra space in bytes: 0 (0 repaired) Total incomplete LBM containers: 0 (0 repaired) Total LBM partial records: 0 (0 repaired)
I0913 23:14:23.231979 13524 rpc_server.cc:205] RPC server started. Bound to: 127.13.53.62:44755
I0913 23:14:23.233850 13524 webserver.cc:374] Webserver started at http://127.13.53.62:46325/ using document root and password file
I0913 23:14:23.236057 15157 data_dirs.cc:939] Could only allocate 1 dirs of requested 3 for tablet 00000000000000000000000000000000. 1 dirs total, 0 dirs full, 0 dirs failed
I0913 23:14:23.244681 15157 tablet_bootstrap.cc:439] T 00000000000000000000000000000000 P d700d56f713b46b48b7b5d90e96765db: Bootstrap starting.
I0913 23:14:23.247402 15157 tablet_bootstrap.cc:590] T 00000000000000000000000000000000 P d700d56f713b46b48b7b5d90e96765db: No blocks or log segments found. Creating new log.
I0913 23:14:23.250754 15157 tablet_bootstrap.cc:439] T 00000000000000000000000000000000 P d700d56f713b46b48b7b5d90e96765db: No bootstrap required, opened a new log
I0913 23:14:23.252243 15157 raft_consensus.cc:340] T 00000000000000000000000000000000 P d700d56f713b46b48b7b5d90e96765db [term 0 FOLLOWER]: Replica starting. Triggering 0 pending transactions. Active config: opid_index: -1 OBSOLETE_local: true peers { permanent_uuid: "d700d56f713b46b48b7b5d90e96765db" member_type: VOTER }
I0913 23:14:23.252709 15157 raft_consensus.cc:366] T 00000000000000000000000000000000 P d700d56f713b46b48b7b5d90e96765db [term 0 FOLLOWER]: Consensus starting up: Expiring failure detector timer to make a prompt election more likely
I0913 23:14:23.252876 15157 raft_consensus.cc:705] T 00000000000000000000000000000000 P d700d56f713b46b48b7b5d90e96765db [term 0 FOLLOWER]: Becoming Follower/Learner. State: Replica: d700d56f713b46b48b7b5d90e96765db, State: Initialized, Role: FOLLOWER
I0913 23:14:23.253307 15157 consensus_queue.cc:229] T 00000000000000000000000000000000 P d700d56f713b46b48b7b5d90e96765db [NON_LEADER]: Queue going to NON_LEADER mode. State: All replicated index: 0, Majority replicated index: 0, Committed index: 0, Last appended: 0.0, Last appended by leader: 0, Current term: 0, Majority size: -1, State: 0, Mode: NON_LEADER, active raft config: opid_index: -1 OBSOLETE_local: true peers { permanent_uuid: "d700d56f713b46b48b7b5d90e96765db" member_type: VOTER }
I0913 23:14:23.253705 15157 raft_consensus.cc:380] T 00000000000000000000000000000000 P d700d56f713b46b48b7b5d90e96765db [term 0 FOLLOWER]: Only one voter in the Raft config. Triggering election immediately
I0913 23:14:23.253841 15157 raft_consensus.cc:472] T 00000000000000000000000000000000 P d700d56f713b46b48b7b5d90e96765db [term 0 FOLLOWER]: Starting leader election (initial election of a single-replica configuration)
I0913 23:14:23.254020 15157 raft_consensus.cc:2890] T 00000000000000000000000000000000 P d700d56f713b46b48b7b5d90e96765db [term 0 FOLLOWER]: Advancing to term 1
I0913 23:14:23.257757 15157 raft_consensus.cc:494] T 00000000000000000000000000000000 P d700d56f713b46b48b7b5d90e96765db [term 1 FOLLOWER]: Starting leader election with config: opid_index: -1 OBSOLETE_local: true peers { permanent_uuid: "d700d56f713b46b48b7b5d90e96765db" member_type: VOTER }
I0913 23:14:23.258252 15157 leader_election.cc:310] T 00000000000000000000000000000000 P d700d56f713b46b48b7b5d90e96765db [CANDIDATE]: Term 1 election: Election decided. Result: candidate won. Election summary: received 1 responses out of 1 voters: 1 yes votes; 0 no votes. yes voters: d700d56f713b46b48b7b5d90e96765db; no voters:
I0913 23:14:23.259436 15157 leader_election.cc:296] T 00000000000000000000000000000000 P d700d56f713b46b48b7b5d90e96765db [CANDIDATE]: Term 1 election: Requested vote from peers
I0913 23:14:23.259814 15159 raft_consensus.cc:2644] T 00000000000000000000000000000000 P d700d56f713b46b48b7b5d90e96765db [term 1 FOLLOWER]: Leader election won for term 1
I0913 23:14:23.261173 15159 raft_consensus.cc:667] T 00000000000000000000000000000000 P d700d56f713b46b48b7b5d90e96765db [term 1 LEADER]: Becoming Leader. State: Replica: d700d56f713b46b48b7b5d90e96765db, State: Running, Role: LEADER
I0913 23:14:23.261569 15159 consensus_queue.cc:206] T 00000000000000000000000000000000 P d700d56f713b46b48b7b5d90e96765db [LEADER]: Queue going to LEADER mode. State: All replicated index: 0, Majority replicated index: 0, Committed index: 0, Last appended: 0.0, Last appended by leader: 0, Current term: 1, Majority size: 1, State: 0, Mode: LEADER, active raft config: opid_index: -1 OBSOLETE_local: true peers { permanent_uuid: "d700d56f713b46b48b7b5d90e96765db" member_type: VOTER }
I0913 23:14:23.264583 15159 sys_catalog.cc:340] T 00000000000000000000000000000000 P d700d56f713b46b48b7b5d90e96765db [sys.catalog]: SysCatalogTable state changed. Reason: New leader d700d56f713b46b48b7b5d90e96765db. Latest consensus state: current_term: 1 leader_uuid: "d700d56f713b46b48b7b5d90e96765db" committed_config { opid_index: -1 OBSOLETE_local: true peers { permanent_uuid: "d700d56f713b46b48b7b5d90e96765db" member_type: VOTER } }
I0913 23:14:23.264952 15159 sys_catalog.cc:343] T 00000000000000000000000000000000 P d700d56f713b46b48b7b5d90e96765db [sys.catalog]: This master's current role is: LEADER
I0913 23:14:23.265709 15161 sys_catalog.cc:340] T 00000000000000000000000000000000 P d700d56f713b46b48b7b5d90e96765db [sys.catalog]: SysCatalogTable state changed. Reason: RaftConsensus started. Latest consensus state: current_term: 1 leader_uuid: "d700d56f713b46b48b7b5d90e96765db" committed_config { opid_index: -1 OBSOLETE_local: true peers { permanent_uuid: "d700d56f713b46b48b7b5d90e96765db" member_type: VOTER } }
I0913 23:14:23.266480 15161 sys_catalog.cc:343] T 00000000000000000000000000000000 P d700d56f713b46b48b7b5d90e96765db [sys.catalog]: This master's current role is: LEADER
I0913 23:14:23.269064 15157 sys_catalog.cc:340] T 00000000000000000000000000000000 P d700d56f713b46b48b7b5d90e96765db [sys.catalog]: SysCatalogTable state changed. Reason: Started TabletReplica. Latest consensus state: current_term: 1 leader_uuid: "d700d56f713b46b48b7b5d90e96765db" committed_config { opid_index: -1 OBSOLETE_local: true peers { permanent_uuid: "d700d56f713b46b48b7b5d90e96765db" member_type: VOTER } }
I0913 23:14:23.269402 15157 sys_catalog.cc:343] T 00000000000000000000000000000000 P d700d56f713b46b48b7b5d90e96765db [sys.catalog]: This master's current role is: LEADER
I0913 23:14:23.270305 15157 sys_catalog.cc:428] T 00000000000000000000000000000000 P d700d56f713b46b48b7b5d90e96765db [sys.catalog]: configured and running, proceeding with master startup.
I0913 23:14:23.271083 15164 catalog_manager.cc:1071] Loading table and tablet metadata into memory...
I0913 23:14:23.271533 15166 catalog_manager.cc:554] Waiting for catalog manager background task thread to start: Service unavailable: Catalog manager is not initialized. State: Starting
I0913 23:14:23.273658 15164 catalog_manager.cc:1082] Initializing Kudu internal certificate authority...
I0913 23:14:23.278296 13524 internal_mini_cluster.cc:166] Waiting to initialize catalog manager on master 0
I0913 23:14:23.301630 15164 catalog_manager.cc:966] Generated new certificate authority record
I0913 23:14:23.303261 15164 catalog_manager.cc:1091] Loading token signing keys...
I0913 23:14:23.314684 15164 catalog_manager.cc:4394] T 00000000000000000000000000000000 P d700d56f713b46b48b7b5d90e96765db: Generated new TSK 0
I0913 23:14:23.355304 13524 system_ntp.cc:193] NTP initialized. Skew: 500ppm Current error: 36700us
I0913 23:14:23.355687 13524 fs_manager.cc:263] Metadata directory not provided
I0913 23:14:23.355834 13524 fs_manager.cc:269] Using write-ahead log directory (fs_wal_dir) as metadata directory
I0913 23:14:23.356045 13524 server_base.cc:448] Could not load existing FS layout: Not found: could not find a healthy instance file
I0913 23:14:23.356149 13524 server_base.cc:449] Attempting to create new FS layout instead
I0913 23:14:23.357125 13524 fs_manager.cc:602] Generated new instance metadata in path /tmp/dist-test-taskMj6sdl/test-tmp/ts_tablet_manager-itest.0.FailedTabletsAreReplacedITest.OneReplica_0.1568416417781642-13524/minicluster-data/ts-0-root/instance: uuid: "63ebaa75f74e4547af25dfa41053b1f6" format_stamp: "Formatted at 2019-09-13 23:14:23 on dist-test-slave-dist-test-slave-kz3c"
I0913 23:14:23.365373 13524 fs_manager.cc:503] Time spent creating directory manager: real 0.008s user 0.010s sys 0.001s
I0913 23:14:23.366910 13524 file_cache.cc:465] Constructed file cache lbm with capacity 419430
I0913 23:14:23.373093 13524 fs_manager.cc:419] Time spent opening block manager: real 0.001s user 0.001s sys 0.000s
I0913 23:14:23.373257 13524 fs_manager.cc:436] Opened local filesystem: /tmp/dist-test-taskMj6sdl/test-tmp/ts_tablet_manager-itest.0.FailedTabletsAreReplacedITest.OneReplica_0.1568416417781642-13524/minicluster-data/ts-0-root uuid: "63ebaa75f74e4547af25dfa41053b1f6" format_stamp: "Formatted at 2019-09-13 23:14:23 on dist-test-slave-dist-test-slave-kz3c"
I0913 23:14:23.373498 13524 fs_report.cc:352] FS layout report -------------------- wal directory: /tmp/dist-test-taskMj6sdl/test-tmp/ts_tablet_manager-itest.0.FailedTabletsAreReplacedITest.OneReplica_0.1568416417781642-13524/minicluster-data/ts-0-root metadata directory: /tmp/dist-test-taskMj6sdl/test-tmp/ts_tablet_manager-itest.0.FailedTabletsAreReplacedITest.OneReplica_0.1568416417781642-13524/minicluster-data/ts-0-root 1 data directories: /tmp/dist-test-taskMj6sdl/test-tmp/ts_tablet_manager-itest.0.FailedTabletsAreReplacedITest.OneReplica_0.1568416417781642-13524/minicluster-data/ts-0-root/data Total live blocks: 0 Total live bytes: 0 Total live bytes (after alignment): 0 Total number of LBM containers: 0 (0 full) Did not check for missing blocks Did not check for orphaned blocks Total full LBM containers with extra space: 0 (0 repaired) Total full LBM container extra space in bytes: 0 (0 repaired) Total incomplete LBM containers: 0 (0 repaired) Total LBM partial records: 0 (0 repaired)
I0913 23:14:23.439126 13524 ts_tablet_manager.cc:383] Loaded tablet metadata (0 total tablets, 0 live tablets)
I0913 23:14:23.439285 13524 ts_tablet_manager.cc:403] Registered 0 tablets
I0913 23:14:23.477705 13524 rpc_server.cc:205] RPC server started. Bound to: 127.13.53.1:40379
I0913 23:14:23.479542 13524 webserver.cc:374] Webserver started at http://127.13.53.1:41411/ using document root and password file
I0913 23:14:23.494783 13524 system_ntp.cc:193] NTP initialized. Skew: 500ppm Current error: 36700us
I0913 23:14:23.495136 13524 fs_manager.cc:263] Metadata directory not provided
I0913 23:14:23.495278 13524 fs_manager.cc:269] Using write-ahead log directory (fs_wal_dir) as metadata directory
I0913 23:14:23.495455 13524 server_base.cc:448] Could not load existing FS layout: Not found: could not find a healthy instance file
I0913 23:14:23.495560 13524 server_base.cc:449] Attempting to create new FS layout instead
I0913 23:14:23.496541 13524 fs_manager.cc:602] Generated new instance metadata in path /tmp/dist-test-taskMj6sdl/test-tmp/ts_tablet_manager-itest.0.FailedTabletsAreReplacedITest.OneReplica_0.1568416417781642-13524/minicluster-data/ts-1-root/instance: uuid: "65475b138e8547789c377ceee9656e60" format_stamp: "Formatted at 2019-09-13 23:14:23 on dist-test-slave-dist-test-slave-kz3c"
I0913 23:14:23.499037 15232 heartbeater.cc:322] Connected to a master server at 127.13.53.62:44755
I0913 23:14:23.499277 15232 heartbeater.cc:406] Registering TS with master...
I0913 23:14:23.499672 15232 heartbeater.cc:455] Master 127.13.53.62:44755 requested a full tablet report, sending...
I0913 23:14:23.501188 15124 ts_manager.cc:161] Registered new tserver with Master: 63ebaa75f74e4547af25dfa41053b1f6 (127.13.53.1:40379)
I0913 23:14:23.503000 15124 master_service.cc:277] Signed X509 certificate for tserver {username='slave'} at 127.0.0.1:59382
I0913 23:14:23.506192 13524 fs_manager.cc:503] Time spent creating directory manager: real 0.009s user 0.011s sys 0.001s
I0913 23:14:23.507647 13524 file_cache.cc:465] Constructed file cache lbm with capacity 419430
I0913 23:14:23.514958 13524 fs_manager.cc:419] Time spent opening block manager: real 0.002s user 0.001s sys 0.000s
I0913 23:14:23.515164 13524 fs_manager.cc:436] Opened local filesystem: /tmp/dist-test-taskMj6sdl/test-tmp/ts_tablet_manager-itest.0.FailedTabletsAreReplacedITest.OneReplica_0.1568416417781642-13524/minicluster-data/ts-1-root uuid: "65475b138e8547789c377ceee9656e60" format_stamp: "Formatted at 2019-09-13 23:14:23 on dist-test-slave-dist-test-slave-kz3c"
I0913 23:14:23.515395 13524 fs_report.cc:352] FS layout report -------------------- wal directory: /tmp/dist-test-taskMj6sdl/test-tmp/ts_tablet_manager-itest.0.FailedTabletsAreReplacedITest.OneReplica_0.1568416417781642-13524/minicluster-data/ts-1-root metadata directory: /tmp/dist-test-taskMj6sdl/test-tmp/ts_tablet_manager-itest.0.FailedTabletsAreReplacedITest.OneReplica_0.1568416417781642-13524/minicluster-data/ts-1-root 1 data directories: /tmp/dist-test-taskMj6sdl/test-tmp/ts_tablet_manager-itest.0.FailedTabletsAreReplacedITest.OneReplica_0.1568416417781642-13524/minicluster-data/ts-1-root/data Total live blocks: 0 Total live bytes: 0 Total live bytes (after alignment): 0 Total number of LBM containers: 0 (0 full) Did not check for missing blocks Did not check for orphaned blocks Total full LBM containers with extra space: 0 (0 repaired) Total full LBM container extra space in bytes: 0 (0 repaired) Total incomplete LBM containers: 0 (0 repaired) Total LBM partial records: 0 (0 repaired)
I0913 23:14:23.540030 13524 ts_tablet_manager.cc:383] Loaded tablet metadata (0 total tablets, 0 live tablets)
I0913 23:14:23.540221 13524 ts_tablet_manager.cc:403] Registered 0 tablets
I0913 23:14:23.581182 13524 rpc_server.cc:205] RPC server started. Bound to: 127.13.53.2:32899
I0913 23:14:23.583010 13524 webserver.cc:374] Webserver started at http://127.13.53.2:41741/ using document root and password file
I0913 23:14:23.596699 15300 heartbeater.cc:322] Connected to a master server at 127.13.53.62:44755
I0913 23:14:23.597056 15300 heartbeater.cc:406] Registering TS with master...
I0913 23:14:23.597676 15300 heartbeater.cc:455] Master 127.13.53.62:44755 requested a full tablet report, sending...
I0913 23:14:23.599298 15124 ts_manager.cc:161] Registered new tserver with Master: 65475b138e8547789c377ceee9656e60 (127.13.53.2:32899)
I0913 23:14:23.600596 15124 master_service.cc:277] Signed X509 certificate for tserver {username='slave'} at 127.0.0.1:59384
I0913 23:14:23.602239 13524 system_ntp.cc:193] NTP initialized. Skew: 500ppm Current error: 36700us
I0913 23:14:23.602645 13524 fs_manager.cc:263] Metadata directory not provided
I0913 23:14:23.602818 13524 fs_manager.cc:269] Using write-ahead log directory (fs_wal_dir) as metadata directory
I0913 23:14:23.603046 13524 server_base.cc:448] Could not load existing FS layout: Not found: could not find a healthy instance file
I0913 23:14:23.603185 13524 server_base.cc:449] Attempting to create new FS layout instead
I0913 23:14:23.604338 13524 fs_manager.cc:602] Generated new instance metadata in path /tmp/dist-test-taskMj6sdl/test-tmp/ts_tablet_manager-itest.0.FailedTabletsAreReplacedITest.OneReplica_0.1568416417781642-13524/minicluster-data/ts-2-root/instance: uuid: "afe09d31e65f437faa6e61008d02c307" format_stamp: "Formatted at 2019-09-13 23:14:23 on dist-test-slave-dist-test-slave-kz3c"
I0913 23:14:23.614697 13524 fs_manager.cc:503] Time spent creating directory manager: real 0.010s user 0.012s sys 0.000s
I0913 23:14:23.616269 13524 file_cache.cc:465] Constructed file cache lbm with capacity 419430
I0913 23:14:23.623627 13524 fs_manager.cc:419] Time spent opening block manager: real 0.001s user 0.001s sys 0.000s
I0913 23:14:23.623826 13524 fs_manager.cc:436] Opened local filesystem: /tmp/dist-test-taskMj6sdl/test-tmp/ts_tablet_manager-itest.0.FailedTabletsAreReplacedITest.OneReplica_0.1568416417781642-13524/minicluster-data/ts-2-root uuid: "afe09d31e65f437faa6e61008d02c307" format_stamp: "Formatted at 2019-09-13 23:14:23 on dist-test-slave-dist-test-slave-kz3c"
I0913 23:14:23.624078 13524 fs_report.cc:352] FS layout report -------------------- wal directory: /tmp/dist-test-taskMj6sdl/test-tmp/ts_tablet_manager-itest.0.FailedTabletsAreReplacedITest.OneReplica_0.1568416417781642-13524/minicluster-data/ts-2-root metadata directory: /tmp/dist-test-taskMj6sdl/test-tmp/ts_tablet_manager-itest.0.FailedTabletsAreReplacedITest.OneReplica_0.1568416417781642-13524/minicluster-data/ts-2-root 1 data directories: /tmp/dist-test-taskMj6sdl/test-tmp/ts_tablet_manager-itest.0.FailedTabletsAreReplacedITest.OneReplica_0.1568416417781642-13524/minicluster-data/ts-2-root/data Total live blocks: 0 Total live bytes: 0 Total live bytes (after alignment): 0 Total number of LBM containers: 0 (0 full) Did not check for missing blocks Did not check for orphaned blocks Total full LBM containers with extra space: 0 (0 repaired) Total full LBM container extra space in bytes: 0 (0 repaired) Total incomplete LBM containers: 0 (0 repaired) Total LBM partial records: 0 (0 repaired)
I0913 23:14:23.665544 13524 ts_tablet_manager.cc:383] Loaded tablet metadata (0 total tablets, 0 live tablets)
I0913 23:14:23.665736 13524 ts_tablet_manager.cc:403] Registered 0 tablets
I0913 23:14:23.707801 13524 rpc_server.cc:205] RPC server started. Bound to: 127.13.53.3:44889
I0913 23:14:23.709581 13524 webserver.cc:374] Webserver started at http://127.13.53.3:37127/ using document root and password file
I0913 23:14:23.723840 15367 heartbeater.cc:322] Connected to a master server at 127.13.53.62:44755
I0913 23:14:23.724195 15367 heartbeater.cc:406] Registering TS with master...
I0913 23:14:23.724648 15367 heartbeater.cc:455] Master 127.13.53.62:44755 requested a full tablet report, sending...
I0913 23:14:23.726337 15124 ts_manager.cc:161] Registered new tserver with Master: afe09d31e65f437faa6e61008d02c307 (127.13.53.3:44889)
I0913 23:14:23.727113 13524 internal_mini_cluster.cc:328] 3 TS(s) registered with all masters after 0.015475963s
I0913 23:14:23.729281 15124 master_service.cc:277] Signed X509 certificate for tserver {username='slave'} at 127.0.0.1:59386
I0913 23:14:23.746533 13524 test_util.cc:212] Using random seed: 1781429706
I0913 23:14:23.767357 15124 catalog_manager.cc:1425] Servicing CreateTable request from {username='slave'} at 127.0.0.1:59390: name: "test-workload" schema { columns { name: "key" type: INT32 is_key: true is_nullable: false encoding: AUTO_ENCODING compression: DEFAULT_COMPRESSION cfile_block_size: 0 } columns { name: "int_val" type: INT32 is_key: false is_nullable: false encoding: AUTO_ENCODING compression: DEFAULT_COMPRESSION cfile_block_size: 0 } columns { name: "string_val" type: STRING is_key: false is_nullable: true encoding: AUTO_ENCODING compression: DEFAULT_COMPRESSION cfile_block_size: 0 } } num_replicas: 3 split_rows_range_bounds { } partition_schema { range_schema { columns { name: "key" } } }
I0913 23:14:23.801873 15267 tablet_service.cc:1022] Processing CreateTablet for tablet f9b2cffa071640fbb75fb8b0430cb6f7 (table=test-workload [id=93f0414fe23945a1b6acf86c397866f3]), partition=RANGE (key) PARTITION UNBOUNDED
I0913 23:14:23.809100 15267 data_dirs.cc:939] Could only allocate 1 dirs of requested 3 for tablet f9b2cffa071640fbb75fb8b0430cb6f7. 1 dirs total, 0 dirs full, 0 dirs failed
I0913 23:14:23.822258 15386 tablet_bootstrap.cc:439] T f9b2cffa071640fbb75fb8b0430cb6f7 P 65475b138e8547789c377ceee9656e60: Bootstrap starting.
I0913 23:14:23.825481 15199 tablet_service.cc:1022] Processing CreateTablet for tablet f9b2cffa071640fbb75fb8b0430cb6f7 (table=test-workload [id=93f0414fe23945a1b6acf86c397866f3]), partition=RANGE (key) PARTITION UNBOUNDED
I0913 23:14:23.825686 15334 tablet_service.cc:1022] Processing CreateTablet for tablet f9b2cffa071640fbb75fb8b0430cb6f7 (table=test-workload [id=93f0414fe23945a1b6acf86c397866f3]), partition=RANGE (key) PARTITION UNBOUNDED
I0913 23:14:23.825772 15386 tablet_bootstrap.cc:590] T f9b2cffa071640fbb75fb8b0430cb6f7 P 65475b138e8547789c377ceee9656e60: No blocks or log segments found. Creating new log.
I0913 23:14:23.826674 15199 data_dirs.cc:939] Could only allocate 1 dirs of requested 3 for tablet f9b2cffa071640fbb75fb8b0430cb6f7. 1 dirs total, 0 dirs full, 0 dirs failed
I0913 23:14:23.826684 15334 data_dirs.cc:939] Could only allocate 1 dirs of requested 3 for tablet f9b2cffa071640fbb75fb8b0430cb6f7. 1 dirs total, 0 dirs full, 0 dirs failed
