I0913 23:13:48.833235 14539 tablet_service.cc:1295] Received RequestConsensusVote() RPC: tablet_id: "82f65eba7703468ca650e7ca50d39549" candidate_uuid: "0cad5c4a245f4b3dbd66bb7259f45090" candidate_term: 2 candidate_status { last_received { term: 1 index: 1 } } ignore_live_leader: false dest_uuid: "93a20b201a904b628926e173bbf23463" is_pre_election: true
I0913 23:13:48.833644 14497 leader_election.cc:310] T 82f65eba7703468ca650e7ca50d39549 P 93a20b201a904b628926e173bbf23463 [CANDIDATE]: Term 2 pre-election: Election decided. Result: candidate lost. Election summary: received 3 responses out of 3 voters: 1 yes votes; 2 no votes. yes voters: 93a20b201a904b628926e173bbf23463; no voters: 0cad5c4a245f4b3dbd66bb7259f45090, a66db810508f4e35bac62f5c6c9f6e9c
I0913 23:13:48.834048 14539 raft_consensus.cc:2311] T 82f65eba7703468ca650e7ca50d39549 P 93a20b201a904b628926e173bbf23463 [term 1 FOLLOWER]: Leader pre-election vote request: Denying vote to candidate 0cad5c4a245f4b3dbd66bb7259f45090 for term 2 because replica is either leader or believes a valid leader to be alive.
I0913 23:13:48.837100 14762 raft_consensus.cc:2592] T 82f65eba7703468ca650e7ca50d39549 P 93a20b201a904b628926e173bbf23463 [term 1 FOLLOWER]: Leader pre-election lost for term 2. Reason: could not achieve majority
I0913 23:13:48.837790 14574 leader_election.cc:310] T 82f65eba7703468ca650e7ca50d39549 P 0cad5c4a245f4b3dbd66bb7259f45090 [CANDIDATE]: Term 2 pre-election: Election decided. Result: candidate lost. Election summary: received 3 responses out of 3 voters: 1 yes votes; 2 no votes. yes voters: 0cad5c4a245f4b3dbd66bb7259f45090; no voters: 93a20b201a904b628926e173bbf23463, a66db810508f4e35bac62f5c6c9f6e9c
I0913 23:13:48.838930 14772 raft_consensus.cc:2592] T 82f65eba7703468ca650e7ca50d39549 P 0cad5c4a245f4b3dbd66bb7259f45090 [term 1 FOLLOWER]: Leader pre-election lost for term 2. Reason: could not achieve majority
I0913 23:13:48.845201 14769 raft_consensus.cc:472] T 00000000000000000000000000000000 P fab3d6e5bcad48acbb0fe6b928638607 [term 1 FOLLOWER]: Starting pre-election (detected failure of leader b03280a8df7e48f9939e076d6d0138ca)
I0913 23:13:48.845822 14769 raft_consensus.cc:494] T 00000000000000000000000000000000 P fab3d6e5bcad48acbb0fe6b928638607 [term 1 FOLLOWER]: Starting pre-election with config: opid_index: -1 OBSOLETE_local: false peers { permanent_uuid: "46574f27d20e427381df2ea44498c90b" member_type: VOTER last_known_addr { host: "127.13.53.62" port: 40439 } } peers { permanent_uuid: "b03280a8df7e48f9939e076d6d0138ca" member_type: VOTER last_known_addr { host: "127.13.53.61" port: 35977 } } peers { permanent_uuid: "fab3d6e5bcad48acbb0fe6b928638607" member_type: VOTER last_known_addr { host: "127.13.53.60" port: 42667 } }
I0913 23:13:48.847398 14733 raft_consensus.cc:2592] T bf89c16ce260470a863711ddbbdb3d68 P 0cad5c4a245f4b3dbd66bb7259f45090 [term 1 FOLLOWER]: Leader pre-election lost for term 2. Reason: could not achieve majority
I0913 23:13:48.848278 14768 raft_consensus.cc:2592] T 8ad9594f28c64b8ba3dacd888b84312b P a66db810508f4e35bac62f5c6c9f6e9c [term 1 FOLLOWER]: Leader pre-election lost for term 1. Reason: could not achieve majority
I0913 23:13:48.853456 14679 raft_consensus.cc:2325] T 8ad9594f28c64b8ba3dacd888b84312b P a66db810508f4e35bac62f5c6c9f6e9c [term 1 FOLLOWER]: Leader pre-election vote request: Denying vote to candidate 0cad5c4a245f4b3dbd66bb7259f45090 for term 2 because replica is already servicing an update from a current leader or another vote.
I0913 23:13:48.856822 14571 leader_election.cc:310] T 8ad9594f28c64b8ba3dacd888b84312b P 0cad5c4a245f4b3dbd66bb7259f45090 [CANDIDATE]: Term 2 pre-election: Election decided. Result: candidate lost. Election summary: received 3 responses out of 3 voters: 1 yes votes; 2 no votes. yes voters: 0cad5c4a245f4b3dbd66bb7259f45090; no voters: 93a20b201a904b628926e173bbf23463, a66db810508f4e35bac62f5c6c9f6e9c
I0913 23:13:48.858764 14733 raft_consensus.cc:2592] T 8ad9594f28c64b8ba3dacd888b84312b P 0cad5c4a245f4b3dbd66bb7259f45090 [term 1 FOLLOWER]: Leader pre-election lost for term 2. Reason: could not achieve majority
I0913 23:13:48.877077 14769 leader_election.cc:296] T 00000000000000000000000000000000 P fab3d6e5bcad48acbb0fe6b928638607 [CANDIDATE]: Term 2 pre-election: Requested pre-vote from peers 46574f27d20e427381df2ea44498c90b (127.13.53.62:40439), b03280a8df7e48f9939e076d6d0138ca (127.13.53.61:35977)
I0913 23:13:48.877076 14337 tablet_service.cc:1295] Received RequestConsensusVote() RPC: tablet_id: "00000000000000000000000000000000" candidate_uuid: "fab3d6e5bcad48acbb0fe6b928638607" candidate_term: 2 candidate_status { last_received { term: 1 index: 8 } } ignore_live_leader: false dest_uuid: "46574f27d20e427381df2ea44498c90b" is_pre_election: true
I0913 23:13:48.878000 14337 raft_consensus.cc:2311] T 00000000000000000000000000000000 P 46574f27d20e427381df2ea44498c90b [term 1 FOLLOWER]: Leader pre-election vote request: Denying vote to candidate fab3d6e5bcad48acbb0fe6b928638607 for term 2 because replica is either leader or believes a valid leader to be alive.
I0913 23:13:48.877996 14394 tablet_service.cc:1295] Received RequestConsensusVote() RPC: tablet_id: "00000000000000000000000000000000" candidate_uuid: "fab3d6e5bcad48acbb0fe6b928638607" candidate_term: 2 candidate_status { last_received { term: 1 index: 8 } } ignore_live_leader: false dest_uuid: "b03280a8df7e48f9939e076d6d0138ca" is_pre_election: true
I0913 23:13:48.879040 14394 raft_consensus.cc:2311] T 00000000000000000000000000000000 P b03280a8df7e48f9939e076d6d0138ca [term 1 LEADER]: Leader pre-election vote request: Denying vote to candidate fab3d6e5bcad48acbb0fe6b928638607 for term 2 because replica is either leader or believes a valid leader to be alive.
I0913 23:13:48.883358 14424 leader_election.cc:310] T 00000000000000000000000000000000 P fab3d6e5bcad48acbb0fe6b928638607 [CANDIDATE]: Term 2 pre-election: Election decided. Result: candidate lost. Election summary: received 3 responses out of 3 voters: 1 yes votes; 2 no votes. yes voters: fab3d6e5bcad48acbb0fe6b928638607; no voters: 46574f27d20e427381df2ea44498c90b, b03280a8df7e48f9939e076d6d0138ca
I0913 23:13:48.884048 14769 raft_consensus.cc:2592] T 00000000000000000000000000000000 P fab3d6e5bcad48acbb0fe6b928638607 [term 1 FOLLOWER]: Leader pre-election lost for term 2. Reason: could not achieve majority
I0913 23:13:49.217483 14769 raft_consensus.cc:472] T 00000000000000000000000000000000 P fab3d6e5bcad48acbb0fe6b928638607 [term 1 FOLLOWER]: Starting pre-election (detected failure of leader b03280a8df7e48f9939e076d6d0138ca)
I0913 23:13:49.217960 14769 raft_consensus.cc:494] T 00000000000000000000000000000000 P fab3d6e5bcad48acbb0fe6b928638607 [term 1 FOLLOWER]: Starting pre-election with config: opid_index: -1 OBSOLETE_local: false peers { permanent_uuid: "46574f27d20e427381df2ea44498c90b" member_type: VOTER last_known_addr { host: "127.13.53.62" port: 40439 } } peers { permanent_uuid: "b03280a8df7e48f9939e076d6d0138ca" member_type: VOTER last_known_addr { host: "127.13.53.61" port: 35977 } } peers { permanent_uuid: "fab3d6e5bcad48acbb0fe6b928638607" member_type: VOTER last_known_addr { host: "127.13.53.60" port: 42667 } }
I0913 23:13:49.228330 14769 leader_election.cc:296] T 00000000000000000000000000000000 P fab3d6e5bcad48acbb0fe6b928638607 [CANDIDATE]: Term 2 pre-election: Requested pre-vote from peers 46574f27d20e427381df2ea44498c90b (127.13.53.62:40439), b03280a8df7e48f9939e076d6d0138ca (127.13.53.61:35977)
I0913 23:13:49.230389 14394 tablet_service.cc:1295] Received RequestConsensusVote() RPC: tablet_id: "00000000000000000000000000000000" candidate_uuid: "fab3d6e5bcad48acbb0fe6b928638607" candidate_term: 2 candidate_status { last_received { term: 1 index: 8 } } ignore_live_leader: false dest_uuid: "b03280a8df7e48f9939e076d6d0138ca" is_pre_election: true
I0913 23:13:49.231233 14394 raft_consensus.cc:2311] T 00000000000000000000000000000000 P b03280a8df7e48f9939e076d6d0138ca [term 1 LEADER]: Leader pre-election vote request: Denying vote to candidate fab3d6e5bcad48acbb0fe6b928638607 for term 2 because replica is either leader or believes a valid leader to be alive.
I0913 23:13:49.232652 14337 tablet_service.cc:1295] Received RequestConsensusVote() RPC: tablet_id: "00000000000000000000000000000000" candidate_uuid: "fab3d6e5bcad48acbb0fe6b928638607" candidate_term: 2 candidate_status { last_received { term: 1 index: 8 } } ignore_live_leader: false dest_uuid: "46574f27d20e427381df2ea44498c90b" is_pre_election: true
I0913 23:13:49.234596 14337 raft_consensus.cc:2350] T 00000000000000000000000000000000 P 46574f27d20e427381df2ea44498c90b [term 1 FOLLOWER]: Leader pre-election vote request: Granting yes vote for candidate fab3d6e5bcad48acbb0fe6b928638607 in term 1.
I0913 23:13:49.236948 14423 leader_election.cc:310] T 00000000000000000000000000000000 P fab3d6e5bcad48acbb0fe6b928638607 [CANDIDATE]: Term 2 pre-election: Election decided. Result: candidate won. Election summary: received 3 responses out of 3 voters: 2 yes votes; 1 no votes. yes voters: 46574f27d20e427381df2ea44498c90b, fab3d6e5bcad48acbb0fe6b928638607; no voters: b03280a8df7e48f9939e076d6d0138ca
I0913 23:13:49.240249 14769 raft_consensus.cc:2644] T 00000000000000000000000000000000 P fab3d6e5bcad48acbb0fe6b928638607 [term 1 FOLLOWER]: Leader pre-election won for term 2
I0913 23:13:49.240558 14769 raft_consensus.cc:472] T 00000000000000000000000000000000 P fab3d6e5bcad48acbb0fe6b928638607 [term 1 FOLLOWER]: Starting leader election (detected failure of leader b03280a8df7e48f9939e076d6d0138ca)
I0913 23:13:49.240833 14769 raft_consensus.cc:2890] T 00000000000000000000000000000000 P fab3d6e5bcad48acbb0fe6b928638607 [term 1 FOLLOWER]: Advancing to term 2
I0913 23:13:49.248397 14769 raft_consensus.cc:494] T 00000000000000000000000000000000 P fab3d6e5bcad48acbb0fe6b928638607 [term 2 FOLLOWER]: Starting leader election with config: opid_index: -1 OBSOLETE_local: false peers { permanent_uuid: "46574f27d20e427381df2ea44498c90b" member_type: VOTER last_known_addr { host: "127.13.53.62" port: 40439 } } peers { permanent_uuid: "b03280a8df7e48f9939e076d6d0138ca" member_type: VOTER last_known_addr { host: "127.13.53.61" port: 35977 } } peers { permanent_uuid: "fab3d6e5bcad48acbb0fe6b928638607" member_type: VOTER last_known_addr { host: "127.13.53.60" port: 42667 } }
I0913 23:13:49.252900 14337 tablet_service.cc:1295] Received RequestConsensusVote() RPC: tablet_id: "00000000000000000000000000000000" candidate_uuid: "fab3d6e5bcad48acbb0fe6b928638607" candidate_term: 2 candidate_status { last_received { term: 1 index: 8 } } ignore_live_leader: false dest_uuid: "46574f27d20e427381df2ea44498c90b"
I0913 23:13:49.253747 14337 raft_consensus.cc:2311] T 00000000000000000000000000000000 P 46574f27d20e427381df2ea44498c90b [term 1 FOLLOWER]: Leader election vote request: Denying vote to candidate fab3d6e5bcad48acbb0fe6b928638607 for term 2 because replica is either leader or believes a valid leader to be alive.
I0913 23:13:49.269632 14769 leader_election.cc:296] T 00000000000000000000000000000000 P fab3d6e5bcad48acbb0fe6b928638607 [CANDIDATE]: Term 2 election: Requested vote from peers 46574f27d20e427381df2ea44498c90b (127.13.53.62:40439), b03280a8df7e48f9939e076d6d0138ca (127.13.53.61:35977)
I0913 23:13:49.273721 14394 tablet_service.cc:1295] Received RequestConsensusVote() RPC: tablet_id: "00000000000000000000000000000000" candidate_uuid: "fab3d6e5bcad48acbb0fe6b928638607" candidate_term: 2 candidate_status { last_received { term: 1 index: 8 } } ignore_live_leader: false dest_uuid: "b03280a8df7e48f9939e076d6d0138ca"
I0913 23:13:49.279321 14394 raft_consensus.cc:2311] T 00000000000000000000000000000000 P b03280a8df7e48f9939e076d6d0138ca [term 1 LEADER]: Leader election vote request: Denying vote to candidate fab3d6e5bcad48acbb0fe6b928638607 for term 2 because replica is either leader or believes a valid leader to be alive.
I0913 23:13:49.280237 14424 leader_election.cc:310] T 00000000000000000000000000000000 P fab3d6e5bcad48acbb0fe6b928638607 [CANDIDATE]: Term 2 election: Election decided. Result: candidate lost. Election summary: received 3 responses out of 3 voters: 1 yes votes; 2 no votes. yes voters: fab3d6e5bcad48acbb0fe6b928638607; no voters: 46574f27d20e427381df2ea44498c90b, b03280a8df7e48f9939e076d6d0138ca
I0913 23:13:49.281949 14769 raft_consensus.cc:2592] T 00000000000000000000000000000000 P fab3d6e5bcad48acbb0fe6b928638607 [term 2 FOLLOWER]: Leader election lost for term 2. Reason: could not achieve majority
I0913 23:13:49.324386 14451 raft_consensus.cc:1149] T 00000000000000000000000000000000 P fab3d6e5bcad48acbb0fe6b928638607 [term 2 FOLLOWER]: Rejecting Update request from peer b03280a8df7e48f9939e076d6d0138ca for earlier term 1. Current term is 2. Ops: []
I0913 23:13:49.326227 14786 consensus_queue.cc:995] T 00000000000000000000000000000000 P b03280a8df7e48f9939e076d6d0138ca [LEADER]: Peer responded invalid term: Peer: permanent_uuid: "fab3d6e5bcad48acbb0fe6b928638607" member_type: VOTER last_known_addr { host: "127.13.53.60" port: 42667 }, Status: INVALID_TERM, Last received: 1.8, Next index: 9, Last known committed idx: 8, Time since last communication: 0.000s
I0913 23:13:49.327464 14786 raft_consensus.cc:2885] T 00000000000000000000000000000000 P b03280a8df7e48f9939e076d6d0138ca [term 1 LEADER]: Stepping down as leader of term 1
I0913 23:13:49.327831 14786 raft_consensus.cc:705] T 00000000000000000000000000000000 P b03280a8df7e48f9939e076d6d0138ca [term 1 LEADER]: Becoming Follower/Learner. State: Replica: b03280a8df7e48f9939e076d6d0138ca, State: Running, Role: LEADER
I0913 23:13:49.328478 14786 consensus_queue.cc:229] T 00000000000000000000000000000000 P b03280a8df7e48f9939e076d6d0138ca [NON_LEADER]: Queue going to NON_LEADER mode. State: All replicated index: 0, Majority replicated index: 8, Committed index: 8, Last appended: 1.8, Last appended by leader: 8, Current term: 1, Majority size: -1, State: 0, Mode: NON_LEADER, active raft config: opid_index: -1 OBSOLETE_local: false peers { permanent_uuid: "46574f27d20e427381df2ea44498c90b" member_type: VOTER last_known_addr { host: "127.13.53.62" port: 40439 } } peers { permanent_uuid: "b03280a8df7e48f9939e076d6d0138ca" member_type: VOTER last_known_addr { host: "127.13.53.61" port: 35977 } } peers { permanent_uuid: "fab3d6e5bcad48acbb0fe6b928638607" member_type: VOTER last_known_addr { host: "127.13.53.60" port: 42667 } }
I0913 23:13:49.329581 14786 raft_consensus.cc:2890] T 00000000000000000000000000000000 P b03280a8df7e48f9939e076d6d0138ca [term 1 FOLLOWER]: Advancing to term 2
I0913 23:13:49.482646 14794 raft_consensus.cc:472] T 00000000000000000000000000000000 P 46574f27d20e427381df2ea44498c90b [term 1 FOLLOWER]: Starting pre-election (detected failure of leader b03280a8df7e48f9939e076d6d0138ca)
I0913 23:13:49.483050 14794 raft_consensus.cc:494] T 00000000000000000000000000000000 P 46574f27d20e427381df2ea44498c90b [term 1 FOLLOWER]: Starting pre-election with config: opid_index: -1 OBSOLETE_local: false peers { permanent_uuid: "46574f27d20e427381df2ea44498c90b" member_type: VOTER last_known_addr { host: "127.13.53.62" port: 40439 } } peers { permanent_uuid: "b03280a8df7e48f9939e076d6d0138ca" member_type: VOTER last_known_addr { host: "127.13.53.61" port: 35977 } } peers { permanent_uuid: "fab3d6e5bcad48acbb0fe6b928638607" member_type: VOTER last_known_addr { host: "127.13.53.60" port: 42667 } }
I0913 23:13:49.484388 14794 leader_election.cc:296] T 00000000000000000000000000000000 P 46574f27d20e427381df2ea44498c90b [CANDIDATE]: Term 2 pre-election: Requested pre-vote from peers b03280a8df7e48f9939e076d6d0138ca (127.13.53.61:35977), fab3d6e5bcad48acbb0fe6b928638607 (127.13.53.60:42667)
I0913 23:13:49.485211 14394 tablet_service.cc:1295] Received RequestConsensusVote() RPC: tablet_id: "00000000000000000000000000000000" candidate_uuid: "46574f27d20e427381df2ea44498c90b" candidate_term: 2 candidate_status { last_received { term: 1 index: 8 } } ignore_live_leader: false dest_uuid: "b03280a8df7e48f9939e076d6d0138ca" is_pre_election: true
I0913 23:13:49.485334 14451 tablet_service.cc:1295] Received RequestConsensusVote() RPC: tablet_id: "00000000000000000000000000000000" candidate_uuid: "46574f27d20e427381df2ea44498c90b" candidate_term: 2 candidate_status { last_received { term: 1 index: 8 } } ignore_live_leader: false dest_uuid: "fab3d6e5bcad48acbb0fe6b928638607" is_pre_election: true
I0913 23:13:49.485868 14394 raft_consensus.cc:2350] T 00000000000000000000000000000000 P b03280a8df7e48f9939e076d6d0138ca [term 2 FOLLOWER]: Leader pre-election vote request: Granting yes vote for candidate 46574f27d20e427381df2ea44498c90b in term 2.
I0913 23:13:49.486099 14451 raft_consensus.cc:2280] T 00000000000000000000000000000000 P fab3d6e5bcad48acbb0fe6b928638607 [term 2 FOLLOWER]: Leader pre-election vote request: Denying vote to candidate 46574f27d20e427381df2ea44498c90b in current term 2: Already voted for candidate fab3d6e5bcad48acbb0fe6b928638607 in this term.
I0913 23:13:49.486838 14310 leader_election.cc:310] T 00000000000000000000000000000000 P 46574f27d20e427381df2ea44498c90b [CANDIDATE]: Term 2 pre-election: Election decided. Result: candidate won. Election summary: received 2 responses out of 3 voters: 2 yes votes; 0 no votes. yes voters: 46574f27d20e427381df2ea44498c90b, b03280a8df7e48f9939e076d6d0138ca; no voters:
I0913 23:13:49.487550 14794 raft_consensus.cc:2644] T 00000000000000000000000000000000 P 46574f27d20e427381df2ea44498c90b [term 1 FOLLOWER]: Leader pre-election won for term 2
I0913 23:13:49.487836 14794 raft_consensus.cc:472] T 00000000000000000000000000000000 P 46574f27d20e427381df2ea44498c90b [term 1 FOLLOWER]: Starting leader election (detected failure of leader b03280a8df7e48f9939e076d6d0138ca)
I0913 23:13:49.488095 14794 raft_consensus.cc:2890] T 00000000000000000000000000000000 P 46574f27d20e427381df2ea44498c90b [term 1 FOLLOWER]: Advancing to term 2
I0913 23:13:49.493499 14794 raft_consensus.cc:494] T 00000000000000000000000000000000 P 46574f27d20e427381df2ea44498c90b [term 2 FOLLOWER]: Starting leader election with config: opid_index: -1 OBSOLETE_local: false peers { permanent_uuid: "46574f27d20e427381df2ea44498c90b" member_type: VOTER last_known_addr { host: "127.13.53.62" port: 40439 } } peers { permanent_uuid: "b03280a8df7e48f9939e076d6d0138ca" member_type: VOTER last_known_addr { host: "127.13.53.61" port: 35977 } } peers { permanent_uuid: "fab3d6e5bcad48acbb0fe6b928638607" member_type: VOTER last_known_addr { host: "127.13.53.60" port: 42667 } }
I0913 23:13:49.495606 14794 leader_election.cc:296] T 00000000000000000000000000000000 P 46574f27d20e427381df2ea44498c90b [CANDIDATE]: Term 2 election: Requested vote from peers b03280a8df7e48f9939e076d6d0138ca (127.13.53.61:35977), fab3d6e5bcad48acbb0fe6b928638607 (127.13.53.60:42667)
I0913 23:13:49.495853 14394 tablet_service.cc:1295] Received RequestConsensusVote() RPC: tablet_id: "00000000000000000000000000000000" candidate_uuid: "46574f27d20e427381df2ea44498c90b" candidate_term: 2 candidate_status { last_received { term: 1 index: 8 } } ignore_live_leader: false dest_uuid: "b03280a8df7e48f9939e076d6d0138ca"
I0913 23:13:49.496762 14451 tablet_service.cc:1295] Received RequestConsensusVote() RPC: tablet_id: "00000000000000000000000000000000" candidate_uuid: "46574f27d20e427381df2ea44498c90b" candidate_term: 2 candidate_status { last_received { term: 1 index: 8 } } ignore_live_leader: false dest_uuid: "fab3d6e5bcad48acbb0fe6b928638607"
I0913 23:13:49.497468 14451 raft_consensus.cc:2280] T 00000000000000000000000000000000 P fab3d6e5bcad48acbb0fe6b928638607 [term 2 FOLLOWER]: Leader election vote request: Denying vote to candidate 46574f27d20e427381df2ea44498c90b in current term 2: Already voted for candidate fab3d6e5bcad48acbb0fe6b928638607 in this term.
I0913 23:13:49.500764 14394 raft_consensus.cc:2350] T 00000000000000000000000000000000 P b03280a8df7e48f9939e076d6d0138ca [term 2 FOLLOWER]: Leader election vote request: Granting yes vote for candidate 46574f27d20e427381df2ea44498c90b in term 2.
I0913 23:13:49.501703 14310 leader_election.cc:310] T 00000000000000000000000000000000 P 46574f27d20e427381df2ea44498c90b [CANDIDATE]: Term 2 election: Election decided. Result: candidate won. Election summary: received 3 responses out of 3 voters: 2 yes votes; 1 no votes. yes voters: 46574f27d20e427381df2ea44498c90b, b03280a8df7e48f9939e076d6d0138ca; no voters: fab3d6e5bcad48acbb0fe6b928638607
I0913 23:13:49.502442 14794 raft_consensus.cc:2644] T 00000000000000000000000000000000 P 46574f27d20e427381df2ea44498c90b [term 2 FOLLOWER]: Leader election won for term 2
I0913 23:13:49.510782 14794 raft_consensus.cc:667] T 00000000000000000000000000000000 P 46574f27d20e427381df2ea44498c90b [term 2 LEADER]: Becoming Leader. State: Replica: 46574f27d20e427381df2ea44498c90b, State: Running, Role: LEADER
I0913 23:13:49.511513 14794 consensus_queue.cc:206] T 00000000000000000000000000000000 P 46574f27d20e427381df2ea44498c90b [LEADER]: Queue going to LEADER mode. State: All replicated index: 0, Majority replicated index: 8, Committed index: 8, Last appended: 1.8, Last appended by leader: 8, Current term: 2, Majority size: 2, State: 0, Mode: LEADER, active raft config: opid_index: -1 OBSOLETE_local: false peers { permanent_uuid: "46574f27d20e427381df2ea44498c90b" member_type: VOTER last_known_addr { host: "127.13.53.62" port: 40439 } } peers { permanent_uuid: "b03280a8df7e48f9939e076d6d0138ca" member_type: VOTER last_known_addr { host: "127.13.53.61" port: 35977 } } peers { permanent_uuid: "fab3d6e5bcad48acbb0fe6b928638607" member_type: VOTER last_known_addr { host: "127.13.53.60" port: 42667 } }
I0913 23:13:49.513723 14795 sys_catalog.cc:340] T 00000000000000000000000000000000 P 46574f27d20e427381df2ea44498c90b [sys.catalog]: SysCatalogTable state changed. Reason: New leader 46574f27d20e427381df2ea44498c90b. Latest consensus state: current_term: 2 leader_uuid: "46574f27d20e427381df2ea44498c90b" committed_config { opid_index: -1 OBSOLETE_local: false peers { permanent_uuid: "46574f27d20e427381df2ea44498c90b" member_type: VOTER last_known_addr { host: "127.13.53.62" port: 40439 } } peers { permanent_uuid: "b03280a8df7e48f9939e076d6d0138ca" member_type: VOTER last_known_addr { host: "127.13.53.61" port: 35977 } } peers { permanent_uuid: "fab3d6e5bcad48acbb0fe6b928638607" member_type: VOTER last_known_addr { host: "127.13.53.60" port: 42667 } } }
I0913 23:13:49.514369 14795 sys_catalog.cc:343] T 00000000000000000000000000000000 P 46574f27d20e427381df2ea44498c90b [sys.catalog]: This master's current role is: LEADER
I0913 23:13:49.515609 14796 catalog_manager.cc:1071] Loading table and tablet metadata into memory...
I0913 23:13:49.518471 14796 catalog_manager.cc:372] Loaded metadata for table test-table [id=334306099b944525a47cb78bb2cafd10]
I0913 23:13:49.521150 14796 catalog_manager.cc:426] Loaded metadata for tablet 82f65eba7703468ca650e7ca50d39549 (table test-table [id=334306099b944525a47cb78bb2cafd10])
I0913 23:13:49.522006 14796 catalog_manager.cc:426] Loaded metadata for tablet 8ad9594f28c64b8ba3dacd888b84312b (table test-table [id=334306099b944525a47cb78bb2cafd10])
I0913 23:13:49.522822 14796 catalog_manager.cc:426] Loaded metadata for tablet bf89c16ce260470a863711ddbbdb3d68 (table test-table [id=334306099b944525a47cb78bb2cafd10])
I0913 23:13:49.523319 14796 catalog_manager.cc:1082] Initializing Kudu internal certificate authority...
I0913 23:13:49.526104 14796 catalog_manager.cc:1091] Loading token signing keys...
I0913 23:13:49.528713 14796 catalog_manager.cc:4405] T 00000000000000000000000000000000 P 46574f27d20e427381df2ea44498c90b: Loaded TSK: 0
I0913 23:13:49.559767 14769 raft_consensus.cc:472] T 00000000000000000000000000000000 P fab3d6e5bcad48acbb0fe6b928638607 [term 2 FOLLOWER]: Starting pre-election (no leader contacted us within the election timeout)
I0913 23:13:49.560227 14769 raft_consensus.cc:494] T 00000000000000000000000000000000 P fab3d6e5bcad48acbb0fe6b928638607 [term 2 FOLLOWER]: Starting pre-election with config: opid_index: -1 OBSOLETE_local: false peers { permanent_uuid: "46574f27d20e427381df2ea44498c90b" member_type: VOTER last_known_addr { host: "127.13.53.62" port: 40439 } } peers { permanent_uuid: "b03280a8df7e48f9939e076d6d0138ca" member_type: VOTER last_known_addr { host: "127.13.53.61" port: 35977 } } peers { permanent_uuid: "fab3d6e5bcad48acbb0fe6b928638607" member_type: VOTER last_known_addr { host: "127.13.53.60" port: 42667 } }
I0913 23:13:49.563153 14769 leader_election.cc:296] T 00000000000000000000000000000000 P fab3d6e5bcad48acbb0fe6b928638607 [CANDIDATE]: Term 3 pre-election: Requested pre-vote from peers 46574f27d20e427381df2ea44498c90b (127.13.53.62:40439), b03280a8df7e48f9939e076d6d0138ca (127.13.53.61:35977)
I0913 23:13:49.564575 14337 tablet_service.cc:1295] Received RequestConsensusVote() RPC: tablet_id: "00000000000000000000000000000000" candidate_uuid: "fab3d6e5bcad48acbb0fe6b928638607" candidate_term: 3 candidate_status { last_received { term: 1 index: 8 } } ignore_live_leader: false dest_uuid: "46574f27d20e427381df2ea44498c90b" is_pre_election: true
I0913 23:13:49.565315 14337 raft_consensus.cc:2311] T 00000000000000000000000000000000 P 46574f27d20e427381df2ea44498c90b [term 2 LEADER]: Leader pre-election vote request: Denying vote to candidate fab3d6e5bcad48acbb0fe6b928638607 for term 3 because replica is either leader or believes a valid leader to be alive.
I0913 23:13:49.565088 14394 tablet_service.cc:1295] Received RequestConsensusVote() RPC: tablet_id: "00000000000000000000000000000000" candidate_uuid: "fab3d6e5bcad48acbb0fe6b928638607" candidate_term: 3 candidate_status { last_received { term: 1 index: 8 } } ignore_live_leader: false dest_uuid: "b03280a8df7e48f9939e076d6d0138ca" is_pre_election: true
I0913 23:13:49.565716 14394 raft_consensus.cc:2350] T 00000000000000000000000000000000 P b03280a8df7e48f9939e076d6d0138ca [term 2 FOLLOWER]: Leader pre-election vote request: Granting yes vote for candidate fab3d6e5bcad48acbb0fe6b928638607 in term 2.
I0913 23:13:49.566721 14424 leader_election.cc:310] T 00000000000000000000000000000000 P fab3d6e5bcad48acbb0fe6b928638607 [CANDIDATE]: Term 3 pre-election: Election decided. Result: candidate won. Election summary: received 3 responses out of 3 voters: 2 yes votes; 1 no votes. yes voters: b03280a8df7e48f9939e076d6d0138ca, fab3d6e5bcad48acbb0fe6b928638607; no voters: 46574f27d20e427381df2ea44498c90b
I0913 23:13:49.567404 14769 raft_consensus.cc:2644] T 00000000000000000000000000000000 P fab3d6e5bcad48acbb0fe6b928638607 [term 2 FOLLOWER]: Leader pre-election won for term 3
I0913 23:13:49.567147 14539 tablet_service.cc:1440] Received LeaderStepDown RPC: tablet_id: "bf89c16ce260470a863711ddbbdb3d68" dest_uuid: "93a20b201a904b628926e173bbf23463" from {username='slave'} at 127.0.0.1:60436
I0913 23:13:49.567651 14769 raft_consensus.cc:472] T 00000000000000000000000000000000 P fab3d6e5bcad48acbb0fe6b928638607 [term 2 FOLLOWER]: Starting leader election (no leader contacted us within the election timeout)
I0913 23:13:49.567862 14539 raft_consensus.cc:569] T bf89c16ce260470a863711ddbbdb3d68 P 93a20b201a904b628926e173bbf23463 [term 1 LEADER]: Received request to step down
I0913 23:13:49.567924 14769 raft_consensus.cc:2890] T 00000000000000000000000000000000 P fab3d6e5bcad48acbb0fe6b928638607 [term 2 FOLLOWER]: Advancing to term 3
I0913 23:13:49.568138 14539 raft_consensus.cc:2885] T bf89c16ce260470a863711ddbbdb3d68 P 93a20b201a904b628926e173bbf23463 [term 1 LEADER]: Stepping down as leader of term 1
I0913 23:13:49.568372 14539 raft_consensus.cc:705] T bf89c16ce260470a863711ddbbdb3d68 P 93a20b201a904b628926e173bbf23463 [term 1 LEADER]: Becoming Follower/Learner. State: Replica: 93a20b201a904b628926e173bbf23463, State: Running, Role: LEADER
I0913 23:13:49.568866 14539 consensus_queue.cc:229] T bf89c16ce260470a863711ddbbdb3d68 P 93a20b201a904b628926e173bbf23463 [NON_LEADER]: Queue going to NON_LEADER mode. State: All replicated index: 0, Majority replicated index: 2, Committed index: 2, Last appended: 1.2, Last appended by leader: 2, Current term: 1, Majority size: -1, State: 0, Mode: NON_LEADER, active raft config: opid_index: -1 OBSOLETE_local: false peers { permanent_uuid: "a66db810508f4e35bac62f5c6c9f6e9c" member_type: VOTER last_known_addr { host: "127.13.53.3" port: 37091 } } peers { permanent_uuid: "93a20b201a904b628926e173bbf23463" member_type: VOTER last_known_addr { host: "127.13.53.1" port: 44785 } } peers { permanent_uuid: "0cad5c4a245f4b3dbd66bb7259f45090" member_type: VOTER last_known_addr { host: "127.13.53.2" port: 41231 } }
I0913 23:13:49.569701 14539 raft_consensus.cc:2890] T bf89c16ce260470a863711ddbbdb3d68 P 93a20b201a904b628926e173bbf23463 [term 1 FOLLOWER]: Advancing to term 2
I0913 23:13:49.572069 14769 raft_consensus.cc:494] T 00000000000000000000000000000000 P fab3d6e5bcad48acbb0fe6b928638607 [term 3 FOLLOWER]: Starting leader election with config: opid_index: -1 OBSOLETE_local: false peers { permanent_uuid: "46574f27d20e427381df2ea44498c90b" member_type: VOTER last_known_addr { host: "127.13.53.62" port: 40439 } } peers { permanent_uuid: "b03280a8df7e48f9939e076d6d0138ca" member_type: VOTER last_known_addr { host: "127.13.53.61" port: 35977 } } peers { permanent_uuid: "fab3d6e5bcad48acbb0fe6b928638607" member_type: VOTER last_known_addr { host: "127.13.53.60" port: 42667 } }
I0913 23:13:49.573910 14769 leader_election.cc:296] T 00000000000000000000000000000000 P fab3d6e5bcad48acbb0fe6b928638607 [CANDIDATE]: Term 3 election: Requested vote from peers 46574f27d20e427381df2ea44498c90b (127.13.53.62:40439), b03280a8df7e48f9939e076d6d0138ca (127.13.53.61:35977)
I0913 23:13:49.573982 14337 tablet_service.cc:1295] Received RequestConsensusVote() RPC: tablet_id: "00000000000000000000000000000000" candidate_uuid: "fab3d6e5bcad48acbb0fe6b928638607" candidate_term: 3 candidate_status { last_received { term: 1 index: 8 } } ignore_live_leader: false dest_uuid: "46574f27d20e427381df2ea44498c90b"
I0913 23:13:49.574038 14394 tablet_service.cc:1295] Received RequestConsensusVote() RPC: tablet_id: "00000000000000000000000000000000" candidate_uuid: "fab3d6e5bcad48acbb0fe6b928638607" candidate_term: 3 candidate_status { last_received { term: 1 index: 8 } } ignore_live_leader: false dest_uuid: "b03280a8df7e48f9939e076d6d0138ca"
I0913 23:13:49.574563 14337 raft_consensus.cc:2311] T 00000000000000000000000000000000 P 46574f27d20e427381df2ea44498c90b [term 2 LEADER]: Leader election vote request: Denying vote to candidate fab3d6e5bcad48acbb0fe6b928638607 for term 3 because replica is either leader or believes a valid leader to be alive.
I0913 23:13:49.574599 14394 raft_consensus.cc:2890] T 00000000000000000000000000000000 P b03280a8df7e48f9939e076d6d0138ca [term 2 FOLLOWER]: Advancing to term 3
I0913 23:13:49.577913 14394 raft_consensus.cc:2350] T 00000000000000000000000000000000 P b03280a8df7e48f9939e076d6d0138ca [term 3 FOLLOWER]: Leader election vote request: Granting yes vote for candidate fab3d6e5bcad48acbb0fe6b928638607 in term 3.
I0913 23:13:49.578740 14424 leader_election.cc:310] T 00000000000000000000000000000000 P fab3d6e5bcad48acbb0fe6b928638607 [CANDIDATE]: Term 3 election: Election decided. Result: candidate won. Election summary: received 3 responses out of 3 voters: 2 yes votes; 1 no votes. yes voters: b03280a8df7e48f9939e076d6d0138ca, fab3d6e5bcad48acbb0fe6b928638607; no voters: 46574f27d20e427381df2ea44498c90b
I0913 23:13:49.579360 14769 raft_consensus.cc:2644] T 00000000000000000000000000000000 P fab3d6e5bcad48acbb0fe6b928638607 [term 3 FOLLOWER]: Leader election won for term 3
I0913 23:13:49.580410 14769 raft_consensus.cc:667] T 00000000000000000000000000000000 P fab3d6e5bcad48acbb0fe6b928638607 [term 3 LEADER]: Becoming Leader. State: Replica: fab3d6e5bcad48acbb0fe6b928638607, State: Running, Role: LEADER
I0913 23:13:49.580830 14769 consensus_queue.cc:206] T 00000000000000000000000000000000 P fab3d6e5bcad48acbb0fe6b928638607 [LEADER]: Queue going to LEADER mode. State: All replicated index: 0, Majority replicated index: 8, Committed index: 8, Last appended: 1.8, Last appended by leader: 8, Current term: 3, Majority size: 2, State: 0, Mode: LEADER, active raft config: opid_index: -1 OBSOLETE_local: false peers { permanent_uuid: "46574f27d20e427381df2ea44498c90b" member_type: VOTER last_known_addr { host: "127.13.53.62" port: 40439 } } peers { permanent_uuid: "b03280a8df7e48f9939e076d6d0138ca" member_type: VOTER last_known_addr { host: "127.13.53.61" port: 35977 } } peers { permanent_uuid: "fab3d6e5bcad48acbb0fe6b928638607" member_type: VOTER last_known_addr { host: "127.13.53.60" port: 42667 } }
I0913 23:13:49.582610 14800 sys_catalog.cc:340] T 00000000000000000000000000000000 P fab3d6e5bcad48acbb0fe6b928638607 [sys.catalog]: SysCatalogTable state changed. Reason: New leader fab3d6e5bcad48acbb0fe6b928638607. Latest consensus state: current_term: 3 leader_uuid: "fab3d6e5bcad48acbb0fe6b928638607" committed_config { opid_index: -1 OBSOLETE_local: false peers { permanent_uuid: "46574f27d20e427381df2ea44498c90b" member_type: VOTER last_known_addr { host: "127.13.53.62" port: 40439 } } peers { permanent_uuid: "b03280a8df7e48f9939e076d6d0138ca" member_type: VOTER last_known_addr { host: "127.13.53.61" port: 35977 } } peers { permanent_uuid: "fab3d6e5bcad48acbb0fe6b928638607" member_type: VOTER last_known_addr { host: "127.13.53.60" port: 42667 } } }
I0913 23:13:49.583135 14800 sys_catalog.cc:343] T 00000000000000000000000000000000 P fab3d6e5bcad48acbb0fe6b928638607 [sys.catalog]: This master's current role is: LEADER
I0913 23:13:49.584697 14801 catalog_manager.cc:1071] Loading table and tablet metadata into memory...
I0913 23:13:49.587283 14801 catalog_manager.cc:372] Loaded metadata for table test-table [id=334306099b944525a47cb78bb2cafd10]
I0913 23:13:49.589622 14801 catalog_manager.cc:426] Loaded metadata for tablet 82f65eba7703468ca650e7ca50d39549 (table test-table [id=334306099b944525a47cb78bb2cafd10])
I0913 23:13:49.590252 14801 catalog_manager.cc:426] Loaded metadata for tablet 8ad9594f28c64b8ba3dacd888b84312b (table test-table [id=334306099b944525a47cb78bb2cafd10])
I0913 23:13:49.590807 14801 catalog_manager.cc:426] Loaded metadata for tablet bf89c16ce260470a863711ddbbdb3d68 (table test-table [id=334306099b944525a47cb78bb2cafd10])
I0913 23:13:49.591342 14801 catalog_manager.cc:1082] Initializing Kudu internal certificate authority...
I0913 23:13:49.592550 14451 raft_consensus.cc:1149] T 00000000000000000000000000000000 P fab3d6e5bcad48acbb0fe6b928638607 [term 3 LEADER]: Rejecting Update request from peer 46574f27d20e427381df2ea44498c90b for earlier term 2. Current term is 3. Ops: []
I0913 23:13:49.593834 14795 consensus_queue.cc:995] T 00000000000000000000000000000000 P 46574f27d20e427381df2ea44498c90b [LEADER]: Peer responded invalid term: Peer: permanent_uuid: "fab3d6e5bcad48acbb0fe6b928638607" member_type: VOTER last_known_addr { host: "127.13.53.60" port: 42667 }, Status: INVALID_TERM, Last received: 0.0, Next index: 9, Last known committed idx: 8, Time since last communication: 0.000s
I0913 23:13:49.594451 14795 consensus_queue.cc:1162] T 00000000000000000000000000000000 P 46574f27d20e427381df2ea44498c90b [LEADER]: Peer fab3d6e5bcad48acbb0fe6b928638607 log is divergent from this leader: its last log entry 3.9 is not in this leader's log and it has not received anything from this leader yet. Falling back to committed index 8
I0913 23:13:49.594525 14801 catalog_manager.cc:1091] Loading token signing keys...
I0913 23:13:49.594919 14794 raft_consensus.cc:2885] T 00000000000000000000000000000000 P 46574f27d20e427381df2ea44498c90b [term 2 LEADER]: Stepping down as leader of term 2
I0913 23:13:49.595147 14794 raft_consensus.cc:705] T 00000000000000000000000000000000 P 46574f27d20e427381df2ea44498c90b [term 2 LEADER]: Becoming Follower/Learner. State: Replica: 46574f27d20e427381df2ea44498c90b, State: Running, Role: LEADER
I0913 23:13:49.595635 14794 consensus_queue.cc:229] T 00000000000000000000000000000000 P 46574f27d20e427381df2ea44498c90b [NON_LEADER]: Queue going to NON_LEADER mode. State: All replicated index: 0, Majority replicated index: 8, Committed index: 8, Last appended: 2.9, Last appended by leader: 9, Current term: 2, Majority size: -1, State: 0, Mode: NON_LEADER, active raft config: opid_index: -1 OBSOLETE_local: false peers { permanent_uuid: "46574f27d20e427381df2ea44498c90b" member_type: VOTER last_known_addr { host: "127.13.53.62" port: 40439 } } peers { permanent_uuid: "b03280a8df7e48f9939e076d6d0138ca" member_type: VOTER last_known_addr { host: "127.13.53.61" port: 35977 } } peers { permanent_uuid: "fab3d6e5bcad48acbb0fe6b928638607" member_type: VOTER last_known_addr { host: "127.13.53.60" port: 42667 } }
I0913 23:13:49.596614 14794 raft_consensus.cc:2890] T 00000000000000000000000000000000 P 46574f27d20e427381df2ea44498c90b [term 2 FOLLOWER]: Advancing to term 3
I0913 23:13:49.596909 14801 catalog_manager.cc:4405] T 00000000000000000000000000000000 P fab3d6e5bcad48acbb0fe6b928638607: Loaded TSK: 0
I0913 23:13:49.636487 14636 heartbeater.cc:447] Master 127.13.53.62:40439 was elected leader, sending a full tablet report...
I0913 23:13:49.667798 14337 raft_consensus.cc:1184] T 00000000000000000000000000000000 P 46574f27d20e427381df2ea44498c90b [term 3 FOLLOWER]: Refusing update from remote peer fab3d6e5bcad48acbb0fe6b928638607: Log matching property violated. Preceding OpId in replica: term: 2 index: 9. Preceding OpId from leader: term: 3 index: 9. (term mismatch)
I0913 23:13:49.668063 14337 pending_rounds.cc:78] T 00000000000000000000000000000000 P 46574f27d20e427381df2ea44498c90b: Aborting all transactions after (but not including) 8
I0913 23:13:49.668215 14337 pending_rounds.cc:99] T 00000000000000000000000000000000 P 46574f27d20e427381df2ea44498c90b: Aborting uncommitted NO_OP operation due to leader change: 2.9
I0913 23:13:49.668429 14337 raft_consensus.cc:2727] T 00000000000000000000000000000000 P 46574f27d20e427381df2ea44498c90b [term 3 FOLLOWER]: NO_OP replication failed: Aborted: Transaction aborted by new leader
I0913 23:13:49.669600 14800 consensus_queue.cc:984] T 00000000000000000000000000000000 P fab3d6e5bcad48acbb0fe6b928638607 [LEADER]: Connected to new peer: Peer: permanent_uuid: "46574f27d20e427381df2ea44498c90b" member_type: VOTER last_known_addr { host: "127.13.53.62" port: 40439 }, Status: LMP_MISMATCH, Last received: 0.0, Next index: 9, Last known committed idx: 8, Time since last communication: 0.000s
I0913 23:13:49.671731 14394 raft_consensus.cc:1184] T 00000000000000000000000000000000 P b03280a8df7e48f9939e076d6d0138ca [term 3 FOLLOWER]: Refusing update from remote peer fab3d6e5bcad48acbb0fe6b928638607: Log matching property violated. Preceding OpId in replica: term: 1 index: 8. Preceding OpId from leader: term: 3 index: 9. (index mismatch)
I0913 23:13:49.672724 14800 consensus_queue.cc:984] T 00000000000000000000000000000000 P fab3d6e5bcad48acbb0fe6b928638607 [LEADER]: Connected to new peer: Peer: permanent_uuid: "b03280a8df7e48f9939e076d6d0138ca" member_type: VOTER last_known_addr { host: "127.13.53.61" port: 35977 }, Status: LMP_MISMATCH, Last received: 0.0, Next index: 9, Last known committed idx: 8, Time since last communication: 0.000s
I0913 23:13:49.672791 14794 sys_catalog.cc:340] T 00000000000000000000000000000000 P 46574f27d20e427381df2ea44498c90b [sys.catalog]: SysCatalogTable state changed. Reason: New leader fab3d6e5bcad48acbb0fe6b928638607. Latest consensus state: current_term: 3 leader_uuid: "fab3d6e5bcad48acbb0fe6b928638607" committed_config { opid_index: -1 OBSOLETE_local: false peers { permanent_uuid: "46574f27d20e427381df2ea44498c90b" member_type: VOTER last_known_addr { host: "127.13.53.62" port: 40439 } } peers { permanent_uuid: "b03280a8df7e48f9939e076d6d0138ca" member_type: VOTER last_known_addr { host: "127.13.53.61" port: 35977 } } peers { permanent_uuid: "fab3d6e5bcad48acbb0fe6b928638607" member_type: VOTER last_known_addr { host: "127.13.53.60" port: 42667 } } }
I0913 23:13:49.673477 14794 sys_catalog.cc:343] T 00000000000000000000000000000000 P 46574f27d20e427381df2ea44498c90b [sys.catalog]: This master's current role is: FOLLOWER
I0913 23:13:49.676514 14786 sys_catalog.cc:340] T 00000000000000000000000000000000 P b03280a8df7e48f9939e076d6d0138ca [sys.catalog]: SysCatalogTable state changed. Reason: New leader fab3d6e5bcad48acbb0fe6b928638607. Latest consensus state: current_term: 3 leader_uuid: "fab3d6e5bcad48acbb0fe6b928638607" committed_config { opid_index: -1 OBSOLETE_local: false peers { permanent_uuid: "46574f27d20e427381df2ea44498c90b" member_type: VOTER last_known_addr { host: "127.13.53.62" port: 40439 } } peers { permanent_uuid: "b03280a8df7e48f9939e076d6d0138ca" member_type: VOTER last_known_addr { host: "127.13.53.61" port: 35977 } } peers { permanent_uuid: "fab3d6e5bcad48acbb0fe6b928638607" member_type: VOTER last_known_addr { host: "127.13.53.60" port: 42667 } } }
I0913 23:13:49.677834 14786 sys_catalog.cc:343] T 00000000000000000000000000000000 P b03280a8df7e48f9939e076d6d0138ca [sys.catalog]: This master's current role is: FOLLOWER
I0913 23:13:49.679524 14800 sys_catalog.cc:340] T 00000000000000000000000000000000 P fab3d6e5bcad48acbb0fe6b928638607 [sys.catalog]: SysCatalogTable state changed. Reason: Peer health change. Latest consensus state: current_term: 3 leader_uuid: "fab3d6e5bcad48acbb0fe6b928638607" committed_config { opid_index: -1 OBSOLETE_local: false peers { permanent_uuid: "46574f27d20e427381df2ea44498c90b" member_type: VOTER last_known_addr { host: "127.13.53.62" port: 40439 } } peers { permanent_uuid: "b03280a8df7e48f9939e076d6d0138ca" member_type: VOTER last_known_addr { host: "127.13.53.61" port: 35977 } } peers { permanent_uuid: "fab3d6e5bcad48acbb0fe6b928638607" member_type: VOTER last_known_addr { host: "127.13.53.60" port: 42667 } } }
I0913 23:13:49.680310 14800 sys_catalog.cc:343] T 00000000000000000000000000000000 P fab3d6e5bcad48acbb0fe6b928638607 [sys.catalog]: This master's current role is: LEADER
I0913 23:13:49.680652 14794 sys_catalog.cc:340] T 00000000000000000000000000000000 P 46574f27d20e427381df2ea44498c90b [sys.catalog]: SysCatalogTable state changed. Reason: Replicated consensus-only round. Latest consensus state: current_term: 3 leader_uuid: "fab3d6e5bcad48acbb0fe6b928638607" committed_config { opid_index: -1 OBSOLETE_local: false peers { permanent_uuid: "46574f27d20e427381df2ea44498c90b" member_type: VOTER last_known_addr { host: "127.13.53.62" port: 40439 } } peers { permanent_uuid: "b03280a8df7e48f9939e076d6d0138ca" member_type: VOTER last_known_addr { host: "127.13.53.61" port: 35977 } } peers { permanent_uuid: "fab3d6e5bcad48acbb0fe6b928638607" member_type: VOTER last_known_addr { host: "127.13.53.60" port: 42667 } } }
I0913 23:13:49.684319 14794 sys_catalog.cc:343] T 00000000000000000000000000000000 P 46574f27d20e427381df2ea44498c90b [sys.catalog]: This master's current role is: FOLLOWER
I0913 23:13:49.685847 14806 sys_catalog.cc:340] T 00000000000000000000000000000000 P fab3d6e5bcad48acbb0fe6b928638607 [sys.catalog]: SysCatalogTable state changed. Reason: Peer health change. Latest consensus state: current_term: 3 leader_uuid: "fab3d6e5bcad48acbb0fe6b928638607" committed_config { opid_index: -1 OBSOLETE_local: false peers { permanent_uuid: "46574f27d20e427381df2ea44498c90b" member_type: VOTER last_known_addr { host: "127.13.53.62" port: 40439 } } peers { permanent_uuid: "b03280a8df7e48f9939e076d6d0138ca" member_type: VOTER last_known_addr { host: "127.13.53.61" port: 35977 } } peers { permanent_uuid: "fab3d6e5bcad48acbb0fe6b928638607" member_type: VOTER last_known_addr { host: "127.13.53.60" port: 42667 } } }
I0913 23:13:49.686844 14806 sys_catalog.cc:343] T 00000000000000000000000000000000 P fab3d6e5bcad48acbb0fe6b928638607 [sys.catalog]: This master's current role is: LEADER
I0913 23:13:49.688910 14786 sys_catalog.cc:340] T 00000000000000000000000000000000 P b03280a8df7e48f9939e076d6d0138ca [sys.catalog]: SysCatalogTable state changed. Reason: Replicated consensus-only round. Latest consensus state: current_term: 3 leader_uuid: "fab3d6e5bcad48acbb0fe6b928638607" committed_config { opid_index: -1 OBSOLETE_local: false peers { permanent_uuid: "46574f27d20e427381df2ea44498c90b" member_type: VOTER last_known_addr { host: "127.13.53.62" port: 40439 } } peers { permanent_uuid: "b03280a8df7e48f9939e076d6d0138ca" member_type: VOTER last_known_addr { host: "127.13.53.61" port: 35977 } } peers { permanent_uuid: "fab3d6e5bcad48acbb0fe6b928638607" member_type: VOTER last_known_addr { host: "127.13.53.60" port: 42667 } } }
I0913 23:13:49.689700 14786 sys_catalog.cc:343] T 00000000000000000000000000000000 P b03280a8df7e48f9939e076d6d0138ca [sys.catalog]: This master's current role is: FOLLOWER
I0913 23:13:49.728154 14768 raft_consensus.cc:472] T bf89c16ce260470a863711ddbbdb3d68 P a66db810508f4e35bac62f5c6c9f6e9c [term 1 FOLLOWER]: Starting pre-election (detected failure of leader 93a20b201a904b628926e173bbf23463)
I0913 23:13:49.728710 14768 raft_consensus.cc:494] T bf89c16ce260470a863711ddbbdb3d68 P a66db810508f4e35bac62f5c6c9f6e9c [term 1 FOLLOWER]: Starting pre-election with config: opid_index: -1 OBSOLETE_local: false peers { permanent_uuid: "a66db810508f4e35bac62f5c6c9f6e9c" member_type: VOTER last_known_addr { host: "127.13.53.3" port: 37091 } } peers { permanent_uuid: "93a20b201a904b628926e173bbf23463" member_type: VOTER last_known_addr { host: "127.13.53.1" port: 44785 } } peers { permanent_uuid: "0cad5c4a245f4b3dbd66bb7259f45090" member_type: VOTER last_known_addr { host: "127.13.53.2" port: 41231 } }
I0913 23:13:49.729990 14768 leader_election.cc:296] T bf89c16ce260470a863711ddbbdb3d68 P a66db810508f4e35bac62f5c6c9f6e9c [CANDIDATE]: Term 2 pre-election: Requested pre-vote from peers 93a20b201a904b628926e173bbf23463 (127.13.53.1:44785), 0cad5c4a245f4b3dbd66bb7259f45090 (127.13.53.2:41231)
I0913 23:13:49.730667 14539 tablet_service.cc:1295] Received RequestConsensusVote() RPC: tablet_id: "bf89c16ce260470a863711ddbbdb3d68" candidate_uuid: "a66db810508f4e35bac62f5c6c9f6e9c" candidate_term: 2 candidate_status { last_received { term: 1 index: 2 } } ignore_live_leader: false dest_uuid: "93a20b201a904b628926e173bbf23463" is_pre_election: true
I0913 23:13:49.730917 14608 tablet_service.cc:1295] Received RequestConsensusVote() RPC: tablet_id: "bf89c16ce260470a863711ddbbdb3d68" candidate_uuid: "a66db810508f4e35bac62f5c6c9f6e9c" candidate_term: 2 candidate_status { last_received { term: 1 index: 2 } } ignore_live_leader: false dest_uuid: "0cad5c4a245f4b3dbd66bb7259f45090" is_pre_election: true
I0913 23:13:49.731345 14539 raft_consensus.cc:2350] T bf89c16ce260470a863711ddbbdb3d68 P 93a20b201a904b628926e173bbf23463 [term 2 FOLLOWER]: Leader pre-election vote request: Granting yes vote for candidate a66db810508f4e35bac62f5c6c9f6e9c in term 2.
I0913 23:13:49.731571 14608 raft_consensus.cc:2311] T bf89c16ce260470a863711ddbbdb3d68 P 0cad5c4a245f4b3dbd66bb7259f45090 [term 1 FOLLOWER]: Leader pre-election vote request: Denying vote to candidate a66db810508f4e35bac62f5c6c9f6e9c for term 2 because replica is either leader or believes a valid leader to be alive.
I0913 23:13:49.732453 14645 leader_election.cc:310] T bf89c16ce260470a863711ddbbdb3d68 P a66db810508f4e35bac62f5c6c9f6e9c [CANDIDATE]: Term 2 pre-election: Election decided. Result: candidate won. Election summary: received 2 responses out of 3 voters: 2 yes votes; 0 no votes. yes voters: 93a20b201a904b628926e173bbf23463, a66db810508f4e35bac62f5c6c9f6e9c; no voters:
I0913 23:13:49.733144 14768 raft_consensus.cc:2644] T bf89c16ce260470a863711ddbbdb3d68 P a66db810508f4e35bac62f5c6c9f6e9c [term 1 FOLLOWER]: Leader pre-election won for term 2
I0913 23:13:49.733420 14768 raft_consensus.cc:472] T bf89c16ce260470a863711ddbbdb3d68 P a66db810508f4e35bac62f5c6c9f6e9c [term 1 FOLLOWER]: Starting leader election (detected failure of leader 93a20b201a904b628926e173bbf23463)
I0913 23:13:49.733736 14768 raft_consensus.cc:2890] T bf89c16ce260470a863711ddbbdb3d68 P a66db810508f4e35bac62f5c6c9f6e9c [term 1 FOLLOWER]: Advancing to term 2
I0913 23:13:49.734268 14704 heartbeater.cc:447] Master 127.13.53.60:42667 was elected leader, sending a full tablet report...
I0913 23:13:49.738647 14768 raft_consensus.cc:494] T bf89c16ce260470a863711ddbbdb3d68 P a66db810508f4e35bac62f5c6c9f6e9c [term 2 FOLLOWER]: Starting leader election with config: opid_index: -1 OBSOLETE_local: false peers { permanent_uuid: "a66db810508f4e35bac62f5c6c9f6e9c" member_type: VOTER last_known_addr { host: "127.13.53.3" port: 37091 } } peers { permanent_uuid: "93a20b201a904b628926e173bbf23463" member_type: VOTER last_known_addr { host: "127.13.53.1" port: 44785 } } peers { permanent_uuid: "0cad5c4a245f4b3dbd66bb7259f45090" member_type: VOTER last_known_addr { host: "127.13.53.2" port: 41231 } }
I0913 23:13:49.739296 14562 heartbeater.cc:447] Master 127.13.53.60:42667 was elected leader, sending a full tablet report...
I0913 23:13:49.740805 14539 tablet_service.cc:1295] Received RequestConsensusVote() RPC: tablet_id: "bf89c16ce260470a863711ddbbdb3d68" candidate_uuid: "a66db810508f4e35bac62f5c6c9f6e9c" candidate_term: 2 candidate_status { last_received { term: 1 index: 2 } } ignore_live_leader: false dest_uuid: "93a20b201a904b628926e173bbf23463"
I0913 23:13:49.740960 14608 tablet_service.cc:1295] Received RequestConsensusVote() RPC: tablet_id: "bf89c16ce260470a863711ddbbdb3d68" candidate_uuid: "a66db810508f4e35bac62f5c6c9f6e9c" candidate_term: 2 candidate_status { last_received { term: 1 index: 2 } } ignore_live_leader: false dest_uuid: "0cad5c4a245f4b3dbd66bb7259f45090"
