I0720 00:42:35.732611 1743 consensus_queue.cc:229] T 1aa1fb28c3d546e88c2d549fe18c1b76 P 0eeb775c53b34d00ab90623d4b54577f [NON_LEADER]: Queue going to NON_LEADER mode. State: All replicated index: 0, Majority replicated index: 0, Committed index: 0, Last appended: 0.0, Last appended by leader: 0, Current term: 0, Majority size: -1, State: 0, Mode: NON_LEADER, active raft config: opid_index: -1 OBSOLETE_local: false peers { permanent_uuid: "da17ba98538b41b091e9cbf779bc5afa" member_type: VOTER last_known_addr { host: "127.0.58.131" port: 39787 } } peers { permanent_uuid: "f554abf9579c42029052fc648fb4bd8c" member_type: VOTER last_known_addr { host: "127.0.58.130" port: 45963 } } peers { permanent_uuid: "0eeb775c53b34d00ab90623d4b54577f" member_type: VOTER last_known_addr { host: "127.0.58.132" port: 39821 } }
I0720 00:42:35.733424 1743 ts_tablet_manager.cc:1087] T 1aa1fb28c3d546e88c2d549fe18c1b76 P 0eeb775c53b34d00ab90623d4b54577f: Time spent starting tablet: real 0.002s user 0.001s sys 0.001s
I0720 00:42:35.732920 1742 ts_tablet_manager.cc:1087] T c362ba31e9ec40999c7c048ce93e99ff P 0eeb775c53b34d00ab90623d4b54577f: Time spent starting tablet: real 0.034s user 0.003s sys 0.003s
I0720 00:42:35.734566 1462 heartbeater.cc:446] Master 127.0.58.190:33793 was elected leader, sending a full tablet report...
I0720 00:42:35.735088 1749 tablet_bootstrap.cc:439] T 1aa1fb28c3d546e88c2d549fe18c1b76 P da17ba98538b41b091e9cbf779bc5afa: No bootstrap required, opened a new log
I0720 00:42:35.735224 1749 ts_tablet_manager.cc:1059] T 1aa1fb28c3d546e88c2d549fe18c1b76 P da17ba98538b41b091e9cbf779bc5afa: Time spent bootstrapping tablet: real 0.056s user 0.004s sys 0.000s
I0720 00:42:35.736591 1741 ts_tablet_manager.cc:1087] T 8b450357aeba4ea4b2b282750617b863 P 0eeb775c53b34d00ab90623d4b54577f: Time spent starting tablet: real 0.038s user 0.012s sys 0.000s
I0720 00:42:35.737313 1757 tablet_bootstrap.cc:439] T 7a6d7c8f8b6340fab210da8b3907aa6e P 21544559ee284906bc8977db1465db7b: No bootstrap required, opened a new log
I0720 00:42:35.737709 1757 ts_tablet_manager.cc:1059] T 7a6d7c8f8b6340fab210da8b3907aa6e P 21544559ee284906bc8977db1465db7b: Time spent bootstrapping tablet: real 0.019s user 0.002s sys 0.000s
I0720 00:42:35.738790 1758 tablet_bootstrap.cc:439] T c362ba31e9ec40999c7c048ce93e99ff P 21544559ee284906bc8977db1465db7b: No bootstrap required, opened a new log
I0720 00:42:35.738946 1758 ts_tablet_manager.cc:1059] T c362ba31e9ec40999c7c048ce93e99ff P 21544559ee284906bc8977db1465db7b: Time spent bootstrapping tablet: real 0.041s user 0.003s sys 0.000s
I0720 00:42:35.739759 1745 tablet_bootstrap.cc:439] T 5aa1a45e61fa4786a8f6e49ac00c36fd P da17ba98538b41b091e9cbf779bc5afa: No bootstrap required, opened a new log
I0720 00:42:35.739905 1745 ts_tablet_manager.cc:1059] T 5aa1a45e61fa4786a8f6e49ac00c36fd P da17ba98538b41b091e9cbf779bc5afa: Time spent bootstrapping tablet: real 0.053s user 0.004s sys 0.000s
I0720 00:42:35.740423 1746 tablet_bootstrap.cc:439] T 7a6d7c8f8b6340fab210da8b3907aa6e P f554abf9579c42029052fc648fb4bd8c: No bootstrap required, opened a new log
I0720 00:42:35.740550 1746 ts_tablet_manager.cc:1059] T 7a6d7c8f8b6340fab210da8b3907aa6e P f554abf9579c42029052fc648fb4bd8c: Time spent bootstrapping tablet: real 0.017s user 0.003s sys 0.001s
I0720 00:42:35.740829 1751 ts_tablet_manager.cc:1087] T c362ba31e9ec40999c7c048ce93e99ff P f554abf9579c42029052fc648fb4bd8c: Time spent starting tablet: real 0.013s user 0.003s sys 0.000s
I0720 00:42:35.741156 1750 tablet_bootstrap.cc:439] T 8b450357aeba4ea4b2b282750617b863 P 21544559ee284906bc8977db1465db7b: No bootstrap required, opened a new log
I0720 00:42:35.741281 1750 ts_tablet_manager.cc:1059] T 8b450357aeba4ea4b2b282750617b863 P 21544559ee284906bc8977db1465db7b: Time spent bootstrapping tablet: real 0.041s user 0.004s sys 0.000s
I0720 00:42:35.742156 1756 ts_tablet_manager.cc:1087] T 5aa1a45e61fa4786a8f6e49ac00c36fd P f554abf9579c42029052fc648fb4bd8c: Time spent starting tablet: real 0.038s user 0.006s sys 0.010s
I0720 00:42:35.741837 1746 raft_consensus.cc:340] T 7a6d7c8f8b6340fab210da8b3907aa6e P f554abf9579c42029052fc648fb4bd8c [term 0 FOLLOWER]: Replica starting. Triggering 0 pending transactions. Active config: opid_index: -1 OBSOLETE_local: false peers { permanent_uuid: "da17ba98538b41b091e9cbf779bc5afa" member_type: VOTER last_known_addr { host: "127.0.58.131" port: 39787 } } peers { permanent_uuid: "f554abf9579c42029052fc648fb4bd8c" member_type: VOTER last_known_addr { host: "127.0.58.130" port: 45963 } } peers { permanent_uuid: "21544559ee284906bc8977db1465db7b" member_type: VOTER last_known_addr { host: "127.0.58.129" port: 33685 } }
I0720 00:42:35.742358 1746 raft_consensus.cc:366] T 7a6d7c8f8b6340fab210da8b3907aa6e P f554abf9579c42029052fc648fb4bd8c [term 0 FOLLOWER]: Consensus starting up: Expiring failure detector timer to make a prompt election more likely
I0720 00:42:35.742404 1748 tablet_bootstrap.cc:439] T 1aa1fb28c3d546e88c2d549fe18c1b76 P f554abf9579c42029052fc648fb4bd8c: No bootstrap required, opened a new log
I0720 00:42:35.742580 1748 ts_tablet_manager.cc:1059] T 1aa1fb28c3d546e88c2d549fe18c1b76 P f554abf9579c42029052fc648fb4bd8c: Time spent bootstrapping tablet: real 0.060s user 0.002s sys 0.002s
I0720 00:42:35.742760 1747 tablet_bootstrap.cc:439] T 5aa1a45e61fa4786a8f6e49ac00c36fd P 21544559ee284906bc8977db1465db7b: No bootstrap required, opened a new log
I0720 00:42:35.742866 1747 ts_tablet_manager.cc:1059] T 5aa1a45e61fa4786a8f6e49ac00c36fd P 21544559ee284906bc8977db1465db7b: Time spent bootstrapping tablet: real 0.027s user 0.002s sys 0.000s
I0720 00:42:35.743305 1748 raft_consensus.cc:340] T 1aa1fb28c3d546e88c2d549fe18c1b76 P f554abf9579c42029052fc648fb4bd8c [term 0 FOLLOWER]: Replica starting. Triggering 0 pending transactions. Active config: opid_index: -1 OBSOLETE_local: false peers { permanent_uuid: "da17ba98538b41b091e9cbf779bc5afa" member_type: VOTER last_known_addr { host: "127.0.58.131" port: 39787 } } peers { permanent_uuid: "f554abf9579c42029052fc648fb4bd8c" member_type: VOTER last_known_addr { host: "127.0.58.130" port: 45963 } } peers { permanent_uuid: "0eeb775c53b34d00ab90623d4b54577f" member_type: VOTER last_known_addr { host: "127.0.58.132" port: 39821 } }
I0720 00:42:35.743528 1748 raft_consensus.cc:366] T 1aa1fb28c3d546e88c2d549fe18c1b76 P f554abf9579c42029052fc648fb4bd8c [term 0 FOLLOWER]: Consensus starting up: Expiring failure detector timer to make a prompt election more likely
I0720 00:42:35.743592 1748 raft_consensus.cc:705] T 1aa1fb28c3d546e88c2d549fe18c1b76 P f554abf9579c42029052fc648fb4bd8c [term 0 FOLLOWER]: Becoming Follower/Learner. State: Replica: f554abf9579c42029052fc648fb4bd8c, State: Initialized, Role: FOLLOWER
I0720 00:42:35.743753 1748 consensus_queue.cc:229] T 1aa1fb28c3d546e88c2d549fe18c1b76 P f554abf9579c42029052fc648fb4bd8c [NON_LEADER]: Queue going to NON_LEADER mode. State: All replicated index: 0, Majority replicated index: 0, Committed index: 0, Last appended: 0.0, Last appended by leader: 0, Current term: 0, Majority size: -1, State: 0, Mode: NON_LEADER, active raft config: opid_index: -1 OBSOLETE_local: false peers { permanent_uuid: "da17ba98538b41b091e9cbf779bc5afa" member_type: VOTER last_known_addr { host: "127.0.58.131" port: 39787 } } peers { permanent_uuid: "f554abf9579c42029052fc648fb4bd8c" member_type: VOTER last_known_addr { host: "127.0.58.130" port: 45963 } } peers { permanent_uuid: "0eeb775c53b34d00ab90623d4b54577f" member_type: VOTER last_known_addr { host: "127.0.58.132" port: 39821 } }
I0720 00:42:35.744554 1748 ts_tablet_manager.cc:1087] T 1aa1fb28c3d546e88c2d549fe18c1b76 P f554abf9579c42029052fc648fb4bd8c: Time spent starting tablet: real 0.002s user 0.001s sys 0.001s
I0720 00:42:35.742429 1746 raft_consensus.cc:705] T 7a6d7c8f8b6340fab210da8b3907aa6e P f554abf9579c42029052fc648fb4bd8c [term 0 FOLLOWER]: Becoming Follower/Learner. State: Replica: f554abf9579c42029052fc648fb4bd8c, State: Initialized, Role: FOLLOWER
I0720 00:42:35.744827 1746 consensus_queue.cc:229] T 7a6d7c8f8b6340fab210da8b3907aa6e P f554abf9579c42029052fc648fb4bd8c [NON_LEADER]: Queue going to NON_LEADER mode. State: All replicated index: 0, Majority replicated index: 0, Committed index: 0, Last appended: 0.0, Last appended by leader: 0, Current term: 0, Majority size: -1, State: 0, Mode: NON_LEADER, active raft config: opid_index: -1 OBSOLETE_local: false peers { permanent_uuid: "da17ba98538b41b091e9cbf779bc5afa" member_type: VOTER last_known_addr { host: "127.0.58.131" port: 39787 } } peers { permanent_uuid: "f554abf9579c42029052fc648fb4bd8c" member_type: VOTER last_known_addr { host: "127.0.58.130" port: 45963 } } peers { permanent_uuid: "21544559ee284906bc8977db1465db7b" member_type: VOTER last_known_addr { host: "127.0.58.129" port: 33685 } }
I0720 00:42:35.745214 1746 ts_tablet_manager.cc:1087] T 7a6d7c8f8b6340fab210da8b3907aa6e P f554abf9579c42029052fc648fb4bd8c: Time spent starting tablet: real 0.005s user 0.000s sys 0.001s
I0720 00:42:35.746482 1757 raft_consensus.cc:340] T 7a6d7c8f8b6340fab210da8b3907aa6e P 21544559ee284906bc8977db1465db7b [term 0 FOLLOWER]: Replica starting. Triggering 0 pending transactions. Active config: opid_index: -1 OBSOLETE_local: false peers { permanent_uuid: "da17ba98538b41b091e9cbf779bc5afa" member_type: VOTER last_known_addr { host: "127.0.58.131" port: 39787 } } peers { permanent_uuid: "f554abf9579c42029052fc648fb4bd8c" member_type: VOTER last_known_addr { host: "127.0.58.130" port: 45963 } } peers { permanent_uuid: "21544559ee284906bc8977db1465db7b" member_type: VOTER last_known_addr { host: "127.0.58.129" port: 33685 } }
I0720 00:42:35.746968 1757 raft_consensus.cc:366] T 7a6d7c8f8b6340fab210da8b3907aa6e P 21544559ee284906bc8977db1465db7b [term 0 FOLLOWER]: Consensus starting up: Expiring failure detector timer to make a prompt election more likely
I0720 00:42:35.747057 1757 raft_consensus.cc:705] T 7a6d7c8f8b6340fab210da8b3907aa6e P 21544559ee284906bc8977db1465db7b [term 0 FOLLOWER]: Becoming Follower/Learner. State: Replica: 21544559ee284906bc8977db1465db7b, State: Initialized, Role: FOLLOWER
I0720 00:42:35.747229 1750 raft_consensus.cc:340] T 8b450357aeba4ea4b2b282750617b863 P 21544559ee284906bc8977db1465db7b [term 0 FOLLOWER]: Replica starting. Triggering 0 pending transactions. Active config: opid_index: -1 OBSOLETE_local: false peers { permanent_uuid: "da17ba98538b41b091e9cbf779bc5afa" member_type: VOTER last_known_addr { host: "127.0.58.131" port: 39787 } } peers { permanent_uuid: "0eeb775c53b34d00ab90623d4b54577f" member_type: VOTER last_known_addr { host: "127.0.58.132" port: 39821 } } peers { permanent_uuid: "21544559ee284906bc8977db1465db7b" member_type: VOTER last_known_addr { host: "127.0.58.129" port: 33685 } }
I0720 00:42:35.747454 1750 raft_consensus.cc:366] T 8b450357aeba4ea4b2b282750617b863 P 21544559ee284906bc8977db1465db7b [term 0 FOLLOWER]: Consensus starting up: Expiring failure detector timer to make a prompt election more likely
I0720 00:42:35.747514 1750 raft_consensus.cc:705] T 8b450357aeba4ea4b2b282750617b863 P 21544559ee284906bc8977db1465db7b [term 0 FOLLOWER]: Becoming Follower/Learner. State: Replica: 21544559ee284906bc8977db1465db7b, State: Initialized, Role: FOLLOWER
I0720 00:42:35.747555 1757 consensus_queue.cc:229] T 7a6d7c8f8b6340fab210da8b3907aa6e P 21544559ee284906bc8977db1465db7b [NON_LEADER]: Queue going to NON_LEADER mode. State: All replicated index: 0, Majority replicated index: 0, Committed index: 0, Last appended: 0.0, Last appended by leader: 0, Current term: 0, Majority size: -1, State: 0, Mode: NON_LEADER, active raft config: opid_index: -1 OBSOLETE_local: false peers { permanent_uuid: "da17ba98538b41b091e9cbf779bc5afa" member_type: VOTER last_known_addr { host: "127.0.58.131" port: 39787 } } peers { permanent_uuid: "f554abf9579c42029052fc648fb4bd8c" member_type: VOTER last_known_addr { host: "127.0.58.130" port: 45963 } } peers { permanent_uuid: "21544559ee284906bc8977db1465db7b" member_type: VOTER last_known_addr { host: "127.0.58.129" port: 33685 } }
I0720 00:42:35.747673 1750 consensus_queue.cc:229] T 8b450357aeba4ea4b2b282750617b863 P 21544559ee284906bc8977db1465db7b [NON_LEADER]: Queue going to NON_LEADER mode. State: All replicated index: 0, Majority replicated index: 0, Committed index: 0, Last appended: 0.0, Last appended by leader: 0, Current term: 0, Majority size: -1, State: 0, Mode: NON_LEADER, active raft config: opid_index: -1 OBSOLETE_local: false peers { permanent_uuid: "da17ba98538b41b091e9cbf779bc5afa" member_type: VOTER last_known_addr { host: "127.0.58.131" port: 39787 } } peers { permanent_uuid: "0eeb775c53b34d00ab90623d4b54577f" member_type: VOTER last_known_addr { host: "127.0.58.132" port: 39821 } } peers { permanent_uuid: "21544559ee284906bc8977db1465db7b" member_type: VOTER last_known_addr { host: "127.0.58.129" port: 33685 } }
I0720 00:42:35.748062 1747 raft_consensus.cc:340] T 5aa1a45e61fa4786a8f6e49ac00c36fd P 21544559ee284906bc8977db1465db7b [term 0 FOLLOWER]: Replica starting. Triggering 0 pending transactions. Active config: opid_index: -1 OBSOLETE_local: false peers { permanent_uuid: "21544559ee284906bc8977db1465db7b" member_type: VOTER last_known_addr { host: "127.0.58.129" port: 33685 } } peers { permanent_uuid: "f554abf9579c42029052fc648fb4bd8c" member_type: VOTER last_known_addr { host: "127.0.58.130" port: 45963 } } peers { permanent_uuid: "da17ba98538b41b091e9cbf779bc5afa" member_type: VOTER last_known_addr { host: "127.0.58.131" port: 39787 } }
I0720 00:42:35.748275 1747 raft_consensus.cc:366] T 5aa1a45e61fa4786a8f6e49ac00c36fd P 21544559ee284906bc8977db1465db7b [term 0 FOLLOWER]: Consensus starting up: Expiring failure detector timer to make a prompt election more likely
I0720 00:42:35.748139 1758 raft_consensus.cc:340] T c362ba31e9ec40999c7c048ce93e99ff P 21544559ee284906bc8977db1465db7b [term 0 FOLLOWER]: Replica starting. Triggering 0 pending transactions. Active config: opid_index: -1 OBSOLETE_local: false peers { permanent_uuid: "21544559ee284906bc8977db1465db7b" member_type: VOTER last_known_addr { host: "127.0.58.129" port: 33685 } } peers { permanent_uuid: "f554abf9579c42029052fc648fb4bd8c" member_type: VOTER last_known_addr { host: "127.0.58.130" port: 45963 } } peers { permanent_uuid: "0eeb775c53b34d00ab90623d4b54577f" member_type: VOTER last_known_addr { host: "127.0.58.132" port: 39821 } }
I0720 00:42:35.748387 1758 raft_consensus.cc:366] T c362ba31e9ec40999c7c048ce93e99ff P 21544559ee284906bc8977db1465db7b [term 0 FOLLOWER]: Consensus starting up: Expiring failure detector timer to make a prompt election more likely
I0720 00:42:35.748435 1758 raft_consensus.cc:705] T c362ba31e9ec40999c7c048ce93e99ff P 21544559ee284906bc8977db1465db7b [term 0 FOLLOWER]: Becoming Follower/Learner. State: Replica: 21544559ee284906bc8977db1465db7b, State: Initialized, Role: FOLLOWER
I0720 00:42:35.749087 1335 heartbeater.cc:446] Master 127.0.58.190:33793 was elected leader, sending a full tablet report...
I0720 00:42:35.749764 1747 raft_consensus.cc:705] T 5aa1a45e61fa4786a8f6e49ac00c36fd P 21544559ee284906bc8977db1465db7b [term 0 FOLLOWER]: Becoming Follower/Learner. State: Replica: 21544559ee284906bc8977db1465db7b, State: Initialized, Role: FOLLOWER
I0720 00:42:35.750011 1757 ts_tablet_manager.cc:1087] T 7a6d7c8f8b6340fab210da8b3907aa6e P 21544559ee284906bc8977db1465db7b: Time spent starting tablet: real 0.012s user 0.011s sys 0.000s
I0720 00:42:35.750217 1750 ts_tablet_manager.cc:1087] T 8b450357aeba4ea4b2b282750617b863 P 21544559ee284906bc8977db1465db7b: Time spent starting tablet: real 0.009s user 0.004s sys 0.000s
I0720 00:42:35.750188 1758 consensus_queue.cc:229] T c362ba31e9ec40999c7c048ce93e99ff P 21544559ee284906bc8977db1465db7b [NON_LEADER]: Queue going to NON_LEADER mode. State: All replicated index: 0, Majority replicated index: 0, Committed index: 0, Last appended: 0.0, Last appended by leader: 0, Current term: 0, Majority size: -1, State: 0, Mode: NON_LEADER, active raft config: opid_index: -1 OBSOLETE_local: false peers { permanent_uuid: "21544559ee284906bc8977db1465db7b" member_type: VOTER last_known_addr { host: "127.0.58.129" port: 33685 } } peers { permanent_uuid: "f554abf9579c42029052fc648fb4bd8c" member_type: VOTER last_known_addr { host: "127.0.58.130" port: 45963 } } peers { permanent_uuid: "0eeb775c53b34d00ab90623d4b54577f" member_type: VOTER last_known_addr { host: "127.0.58.132" port: 39821 } }
I0720 00:42:35.750355 1747 consensus_queue.cc:229] T 5aa1a45e61fa4786a8f6e49ac00c36fd P 21544559ee284906bc8977db1465db7b [NON_LEADER]: Queue going to NON_LEADER mode. State: All replicated index: 0, Majority replicated index: 0, Committed index: 0, Last appended: 0.0, Last appended by leader: 0, Current term: 0, Majority size: -1, State: 0, Mode: NON_LEADER, active raft config: opid_index: -1 OBSOLETE_local: false peers { permanent_uuid: "21544559ee284906bc8977db1465db7b" member_type: VOTER last_known_addr { host: "127.0.58.129" port: 33685 } } peers { permanent_uuid: "f554abf9579c42029052fc648fb4bd8c" member_type: VOTER last_known_addr { host: "127.0.58.130" port: 45963 } } peers { permanent_uuid: "da17ba98538b41b091e9cbf779bc5afa" member_type: VOTER last_known_addr { host: "127.0.58.131" port: 39787 } }
I0720 00:42:35.750862 1747 ts_tablet_manager.cc:1087] T 5aa1a45e61fa4786a8f6e49ac00c36fd P 21544559ee284906bc8977db1465db7b: Time spent starting tablet: real 0.008s user 0.002s sys 0.000s
I0720 00:42:35.751699 1758 ts_tablet_manager.cc:1087] T c362ba31e9ec40999c7c048ce93e99ff P 21544559ee284906bc8977db1465db7b: Time spent starting tablet: real 0.013s user 0.002s sys 0.000s
I0720 00:42:35.752243 1772 raft_consensus.cc:472] T 1aa1fb28c3d546e88c2d549fe18c1b76 P f554abf9579c42029052fc648fb4bd8c [term 0 FOLLOWER]: Starting pre-election (no leader contacted us within the election timeout)
I0720 00:42:35.752409 1772 raft_consensus.cc:494] T 1aa1fb28c3d546e88c2d549fe18c1b76 P f554abf9579c42029052fc648fb4bd8c [term 0 FOLLOWER]: Starting pre-election with config: opid_index: -1 OBSOLETE_local: false peers { permanent_uuid: "da17ba98538b41b091e9cbf779bc5afa" member_type: VOTER last_known_addr { host: "127.0.58.131" port: 39787 } } peers { permanent_uuid: "f554abf9579c42029052fc648fb4bd8c" member_type: VOTER last_known_addr { host: "127.0.58.130" port: 45963 } } peers { permanent_uuid: "0eeb775c53b34d00ab90623d4b54577f" member_type: VOTER last_known_addr { host: "127.0.58.132" port: 39821 } }
I0720 00:42:35.754498 1772 leader_election.cc:296] T 1aa1fb28c3d546e88c2d549fe18c1b76 P f554abf9579c42029052fc648fb4bd8c [CANDIDATE]: Term 1 pre-election: Requested pre-vote from peers da17ba98538b41b091e9cbf779bc5afa (127.0.58.131:39787), 0eeb775c53b34d00ab90623d4b54577f (127.0.58.132:39821)
I0720 00:42:35.761893 1545 tablet_service.cc:1295] Received RequestConsensusVote() RPC: tablet_id: "1aa1fb28c3d546e88c2d549fe18c1b76" candidate_uuid: "f554abf9579c42029052fc648fb4bd8c" candidate_term: 1 candidate_status { last_received { term: 0 index: 0 } } ignore_live_leader: false dest_uuid: "da17ba98538b41b091e9cbf779bc5afa" is_pre_election: true
W0720 00:42:35.762933 1352 leader_election.cc:348] T 1aa1fb28c3d546e88c2d549fe18c1b76 P f554abf9579c42029052fc648fb4bd8c [CANDIDATE]: Term 1 pre-election: Tablet error from VoteRequest() call to peer da17ba98538b41b091e9cbf779bc5afa (127.0.58.131:39787): Illegal state: must be running to vote when last-logged opid is not known
I0720 00:42:35.764081 1671 tablet_service.cc:1295] Received RequestConsensusVote() RPC: tablet_id: "1aa1fb28c3d546e88c2d549fe18c1b76" candidate_uuid: "f554abf9579c42029052fc648fb4bd8c" candidate_term: 1 candidate_status { last_received { term: 0 index: 0 } } ignore_live_leader: false dest_uuid: "0eeb775c53b34d00ab90623d4b54577f" is_pre_election: true
I0720 00:42:35.764466 1671 raft_consensus.cc:2350] T 1aa1fb28c3d546e88c2d549fe18c1b76 P 0eeb775c53b34d00ab90623d4b54577f [term 0 FOLLOWER]: Leader pre-election vote request: Granting yes vote for candidate f554abf9579c42029052fc648fb4bd8c in term 0.
I0720 00:42:35.764914 1353 leader_election.cc:310] T 1aa1fb28c3d546e88c2d549fe18c1b76 P f554abf9579c42029052fc648fb4bd8c [CANDIDATE]: Term 1 pre-election: Election decided. Result: candidate won. Election summary: received 3 responses out of 3 voters: 2 yes votes; 1 no votes. yes voters: 0eeb775c53b34d00ab90623d4b54577f, f554abf9579c42029052fc648fb4bd8c; no voters: da17ba98538b41b091e9cbf779bc5afa
I0720 00:42:35.764768 1744 raft_consensus.cc:340] T 8b450357aeba4ea4b2b282750617b863 P da17ba98538b41b091e9cbf779bc5afa [term 0 FOLLOWER]: Replica starting. Triggering 0 pending transactions. Active config: opid_index: -1 OBSOLETE_local: false peers { permanent_uuid: "da17ba98538b41b091e9cbf779bc5afa" member_type: VOTER last_known_addr { host: "127.0.58.131" port: 39787 } } peers { permanent_uuid: "0eeb775c53b34d00ab90623d4b54577f" member_type: VOTER last_known_addr { host: "127.0.58.132" port: 39821 } } peers { permanent_uuid: "21544559ee284906bc8977db1465db7b" member_type: VOTER last_known_addr { host: "127.0.58.129" port: 33685 } }
I0720 00:42:35.765187 1744 raft_consensus.cc:366] T 8b450357aeba4ea4b2b282750617b863 P da17ba98538b41b091e9cbf779bc5afa [term 0 FOLLOWER]: Consensus starting up: Expiring failure detector timer to make a prompt election more likely
I0720 00:42:35.765264 1744 raft_consensus.cc:705] T 8b450357aeba4ea4b2b282750617b863 P da17ba98538b41b091e9cbf779bc5afa [term 0 FOLLOWER]: Becoming Follower/Learner. State: Replica: da17ba98538b41b091e9cbf779bc5afa, State: Initialized, Role: FOLLOWER
I0720 00:42:35.765357 1772 raft_consensus.cc:2644] T 1aa1fb28c3d546e88c2d549fe18c1b76 P f554abf9579c42029052fc648fb4bd8c [term 0 FOLLOWER]: Leader pre-election won for term 1
I0720 00:42:35.765453 1772 raft_consensus.cc:472] T 1aa1fb28c3d546e88c2d549fe18c1b76 P f554abf9579c42029052fc648fb4bd8c [term 0 FOLLOWER]: Starting leader election (no leader contacted us within the election timeout)
I0720 00:42:35.765511 1772 raft_consensus.cc:2890] T 1aa1fb28c3d546e88c2d549fe18c1b76 P f554abf9579c42029052fc648fb4bd8c [term 0 FOLLOWER]: Advancing to term 1
I0720 00:42:35.765712 1744 consensus_queue.cc:229] T 8b450357aeba4ea4b2b282750617b863 P da17ba98538b41b091e9cbf779bc5afa [NON_LEADER]: Queue going to NON_LEADER mode. State: All replicated index: 0, Majority replicated index: 0, Committed index: 0, Last appended: 0.0, Last appended by leader: 0, Current term: 0, Majority size: -1, State: 0, Mode: NON_LEADER, active raft config: opid_index: -1 OBSOLETE_local: false peers { permanent_uuid: "da17ba98538b41b091e9cbf779bc5afa" member_type: VOTER last_known_addr { host: "127.0.58.131" port: 39787 } } peers { permanent_uuid: "0eeb775c53b34d00ab90623d4b54577f" member_type: VOTER last_known_addr { host: "127.0.58.132" port: 39821 } } peers { permanent_uuid: "21544559ee284906bc8977db1465db7b" member_type: VOTER last_known_addr { host: "127.0.58.129" port: 33685 } }
I0720 00:42:35.766247 1749 raft_consensus.cc:340] T 1aa1fb28c3d546e88c2d549fe18c1b76 P da17ba98538b41b091e9cbf779bc5afa [term 0 FOLLOWER]: Replica starting. Triggering 0 pending transactions. Active config: opid_index: -1 OBSOLETE_local: false peers { permanent_uuid: "da17ba98538b41b091e9cbf779bc5afa" member_type: VOTER last_known_addr { host: "127.0.58.131" port: 39787 } } peers { permanent_uuid: "f554abf9579c42029052fc648fb4bd8c" member_type: VOTER last_known_addr { host: "127.0.58.130" port: 45963 } } peers { permanent_uuid: "0eeb775c53b34d00ab90623d4b54577f" member_type: VOTER last_known_addr { host: "127.0.58.132" port: 39821 } }
I0720 00:42:35.766425 1749 raft_consensus.cc:366] T 1aa1fb28c3d546e88c2d549fe18c1b76 P da17ba98538b41b091e9cbf779bc5afa [term 0 FOLLOWER]: Consensus starting up: Expiring failure detector timer to make a prompt election more likely
I0720 00:42:35.766471 1749 raft_consensus.cc:705] T 1aa1fb28c3d546e88c2d549fe18c1b76 P da17ba98538b41b091e9cbf779bc5afa [term 0 FOLLOWER]: Becoming Follower/Learner. State: Replica: da17ba98538b41b091e9cbf779bc5afa, State: Initialized, Role: FOLLOWER
I0720 00:42:35.766688 1745 raft_consensus.cc:340] T 5aa1a45e61fa4786a8f6e49ac00c36fd P da17ba98538b41b091e9cbf779bc5afa [term 0 FOLLOWER]: Replica starting. Triggering 0 pending transactions. Active config: opid_index: -1 OBSOLETE_local: false peers { permanent_uuid: "21544559ee284906bc8977db1465db7b" member_type: VOTER last_known_addr { host: "127.0.58.129" port: 33685 } } peers { permanent_uuid: "f554abf9579c42029052fc648fb4bd8c" member_type: VOTER last_known_addr { host: "127.0.58.130" port: 45963 } } peers { permanent_uuid: "da17ba98538b41b091e9cbf779bc5afa" member_type: VOTER last_known_addr { host: "127.0.58.131" port: 39787 } }
I0720 00:42:35.766867 1745 raft_consensus.cc:366] T 5aa1a45e61fa4786a8f6e49ac00c36fd P da17ba98538b41b091e9cbf779bc5afa [term 0 FOLLOWER]: Consensus starting up: Expiring failure detector timer to make a prompt election more likely
I0720 00:42:35.766904 1745 raft_consensus.cc:705] T 5aa1a45e61fa4786a8f6e49ac00c36fd P da17ba98538b41b091e9cbf779bc5afa [term 0 FOLLOWER]: Becoming Follower/Learner. State: Replica: da17ba98538b41b091e9cbf779bc5afa, State: Initialized, Role: FOLLOWER
I0720 00:42:35.767058 1745 consensus_queue.cc:229] T 5aa1a45e61fa4786a8f6e49ac00c36fd P da17ba98538b41b091e9cbf779bc5afa [NON_LEADER]: Queue going to NON_LEADER mode. State: All replicated index: 0, Majority replicated index: 0, Committed index: 0, Last appended: 0.0, Last appended by leader: 0, Current term: 0, Majority size: -1, State: 0, Mode: NON_LEADER, active raft config: opid_index: -1 OBSOLETE_local: false peers { permanent_uuid: "21544559ee284906bc8977db1465db7b" member_type: VOTER last_known_addr { host: "127.0.58.129" port: 33685 } } peers { permanent_uuid: "f554abf9579c42029052fc648fb4bd8c" member_type: VOTER last_known_addr { host: "127.0.58.130" port: 45963 } } peers { permanent_uuid: "da17ba98538b41b091e9cbf779bc5afa" member_type: VOTER last_known_addr { host: "127.0.58.131" port: 39787 } }
I0720 00:42:35.767441 1752 raft_consensus.cc:340] T 7a6d7c8f8b6340fab210da8b3907aa6e P da17ba98538b41b091e9cbf779bc5afa [term 0 FOLLOWER]: Replica starting. Triggering 0 pending transactions. Active config: opid_index: -1 OBSOLETE_local: false peers { permanent_uuid: "da17ba98538b41b091e9cbf779bc5afa" member_type: VOTER last_known_addr { host: "127.0.58.131" port: 39787 } } peers { permanent_uuid: "f554abf9579c42029052fc648fb4bd8c" member_type: VOTER last_known_addr { host: "127.0.58.130" port: 45963 } } peers { permanent_uuid: "21544559ee284906bc8977db1465db7b" member_type: VOTER last_known_addr { host: "127.0.58.129" port: 33685 } }
I0720 00:42:35.767488 1772 raft_consensus.cc:494] T 1aa1fb28c3d546e88c2d549fe18c1b76 P f554abf9579c42029052fc648fb4bd8c [term 1 FOLLOWER]: Starting leader election with config: opid_index: -1 OBSOLETE_local: false peers { permanent_uuid: "da17ba98538b41b091e9cbf779bc5afa" member_type: VOTER last_known_addr { host: "127.0.58.131" port: 39787 } } peers { permanent_uuid: "f554abf9579c42029052fc648fb4bd8c" member_type: VOTER last_known_addr { host: "127.0.58.130" port: 45963 } } peers { permanent_uuid: "0eeb775c53b34d00ab90623d4b54577f" member_type: VOTER last_known_addr { host: "127.0.58.132" port: 39821 } }
I0720 00:42:35.767609 1752 raft_consensus.cc:366] T 7a6d7c8f8b6340fab210da8b3907aa6e P da17ba98538b41b091e9cbf779bc5afa [term 0 FOLLOWER]: Consensus starting up: Expiring failure detector timer to make a prompt election more likely
I0720 00:42:35.767652 1752 raft_consensus.cc:705] T 7a6d7c8f8b6340fab210da8b3907aa6e P da17ba98538b41b091e9cbf779bc5afa [term 0 FOLLOWER]: Becoming Follower/Learner. State: Replica: da17ba98538b41b091e9cbf779bc5afa, State: Initialized, Role: FOLLOWER
I0720 00:42:35.767833 1752 consensus_queue.cc:229] T 7a6d7c8f8b6340fab210da8b3907aa6e P da17ba98538b41b091e9cbf779bc5afa [NON_LEADER]: Queue going to NON_LEADER mode. State: All replicated index: 0, Majority replicated index: 0, Committed index: 0, Last appended: 0.0, Last appended by leader: 0, Current term: 0, Majority size: -1, State: 0, Mode: NON_LEADER, active raft config: opid_index: -1 OBSOLETE_local: false peers { permanent_uuid: "da17ba98538b41b091e9cbf779bc5afa" member_type: VOTER last_known_addr { host: "127.0.58.131" port: 39787 } } peers { permanent_uuid: "f554abf9579c42029052fc648fb4bd8c" member_type: VOTER last_known_addr { host: "127.0.58.130" port: 45963 } } peers { permanent_uuid: "21544559ee284906bc8977db1465db7b" member_type: VOTER last_known_addr { host: "127.0.58.129" port: 33685 } }
I0720 00:42:35.768173 1749 consensus_queue.cc:229] T 1aa1fb28c3d546e88c2d549fe18c1b76 P da17ba98538b41b091e9cbf779bc5afa [NON_LEADER]: Queue going to NON_LEADER mode. State: All replicated index: 0, Majority replicated index: 0, Committed index: 0, Last appended: 0.0, Last appended by leader: 0, Current term: 0, Majority size: -1, State: 0, Mode: NON_LEADER, active raft config: opid_index: -1 OBSOLETE_local: false peers { permanent_uuid: "da17ba98538b41b091e9cbf779bc5afa" member_type: VOTER last_known_addr { host: "127.0.58.131" port: 39787 } } peers { permanent_uuid: "f554abf9579c42029052fc648fb4bd8c" member_type: VOTER last_known_addr { host: "127.0.58.130" port: 45963 } } peers { permanent_uuid: "0eeb775c53b34d00ab90623d4b54577f" member_type: VOTER last_known_addr { host: "127.0.58.132" port: 39821 } }
I0720 00:42:35.768462 1671 tablet_service.cc:1295] Received RequestConsensusVote() RPC: tablet_id: "1aa1fb28c3d546e88c2d549fe18c1b76" candidate_uuid: "f554abf9579c42029052fc648fb4bd8c" candidate_term: 1 candidate_status { last_received { term: 0 index: 0 } } ignore_live_leader: false dest_uuid: "0eeb775c53b34d00ab90623d4b54577f"
I0720 00:42:35.768512 1545 tablet_service.cc:1295] Received RequestConsensusVote() RPC: tablet_id: "1aa1fb28c3d546e88c2d549fe18c1b76" candidate_uuid: "f554abf9579c42029052fc648fb4bd8c" candidate_term: 1 candidate_status { last_received { term: 0 index: 0 } } ignore_live_leader: false dest_uuid: "da17ba98538b41b091e9cbf779bc5afa"
I0720 00:42:35.768646 1671 raft_consensus.cc:2890] T 1aa1fb28c3d546e88c2d549fe18c1b76 P 0eeb775c53b34d00ab90623d4b54577f [term 0 FOLLOWER]: Advancing to term 1
I0720 00:42:35.768682 1545 raft_consensus.cc:2890] T 1aa1fb28c3d546e88c2d549fe18c1b76 P da17ba98538b41b091e9cbf779bc5afa [term 0 FOLLOWER]: Advancing to term 1
I0720 00:42:35.771062 1772 leader_election.cc:296] T 1aa1fb28c3d546e88c2d549fe18c1b76 P f554abf9579c42029052fc648fb4bd8c [CANDIDATE]: Term 1 election: Requested vote from peers da17ba98538b41b091e9cbf779bc5afa (127.0.58.131:39787), 0eeb775c53b34d00ab90623d4b54577f (127.0.58.132:39821)
I0720 00:42:35.771756 1588 heartbeater.cc:446] Master 127.0.58.190:33793 was elected leader, sending a full tablet report...
I0720 00:42:35.772505 1749 ts_tablet_manager.cc:1087] T 1aa1fb28c3d546e88c2d549fe18c1b76 P da17ba98538b41b091e9cbf779bc5afa: Time spent starting tablet: real 0.037s user 0.006s sys 0.002s
I0720 00:42:35.772943 1752 ts_tablet_manager.cc:1087] T 7a6d7c8f8b6340fab210da8b3907aa6e P da17ba98538b41b091e9cbf779bc5afa: Time spent starting tablet: real 0.047s user 0.000s sys 0.008s
I0720 00:42:35.773031 1745 ts_tablet_manager.cc:1087] T 5aa1a45e61fa4786a8f6e49ac00c36fd P da17ba98538b41b091e9cbf779bc5afa: Time spent starting tablet: real 0.033s user 0.007s sys 0.000s
I0720 00:42:35.773063 1744 ts_tablet_manager.cc:1087] T 8b450357aeba4ea4b2b282750617b863 P da17ba98538b41b091e9cbf779bc5afa: Time spent starting tablet: real 0.044s user 0.005s sys 0.005s
W0720 00:42:35.777529 1589 tablet.cc:1799] T 1aa1fb28c3d546e88c2d549fe18c1b76 P da17ba98538b41b091e9cbf779bc5afa: Can't schedule compaction. Clean time has not been advanced past its initial value.
W0720 00:42:35.781002 1463 tablet.cc:1799] T 1aa1fb28c3d546e88c2d549fe18c1b76 P f554abf9579c42029052fc648fb4bd8c: Can't schedule compaction. Clean time has not been advanced past its initial value.
W0720 00:42:35.794951 1715 tablet.cc:1799] T 1aa1fb28c3d546e88c2d549fe18c1b76 P 0eeb775c53b34d00ab90623d4b54577f: Can't schedule compaction. Clean time has not been advanced past its initial value.
I0720 00:42:35.806211 1782 raft_consensus.cc:472] T 8b450357aeba4ea4b2b282750617b863 P da17ba98538b41b091e9cbf779bc5afa [term 0 FOLLOWER]: Starting pre-election (no leader contacted us within the election timeout)
I0720 00:42:35.806392 1782 raft_consensus.cc:494] T 8b450357aeba4ea4b2b282750617b863 P da17ba98538b41b091e9cbf779bc5afa [term 0 FOLLOWER]: Starting pre-election with config: opid_index: -1 OBSOLETE_local: false peers { permanent_uuid: "da17ba98538b41b091e9cbf779bc5afa" member_type: VOTER last_known_addr { host: "127.0.58.131" port: 39787 } } peers { permanent_uuid: "0eeb775c53b34d00ab90623d4b54577f" member_type: VOTER last_known_addr { host: "127.0.58.132" port: 39821 } } peers { permanent_uuid: "21544559ee284906bc8977db1465db7b" member_type: VOTER last_known_addr { host: "127.0.58.129" port: 33685 } }
I0720 00:42:35.807740 1782 leader_election.cc:296] T 8b450357aeba4ea4b2b282750617b863 P da17ba98538b41b091e9cbf779bc5afa [CANDIDATE]: Term 1 pre-election: Requested pre-vote from peers 0eeb775c53b34d00ab90623d4b54577f (127.0.58.132:39821), 21544559ee284906bc8977db1465db7b (127.0.58.129:33685)
I0720 00:42:35.822029 1670 tablet_service.cc:1295] Received RequestConsensusVote() RPC: tablet_id: "8b450357aeba4ea4b2b282750617b863" candidate_uuid: "da17ba98538b41b091e9cbf779bc5afa" candidate_term: 1 candidate_status { last_received { term: 0 index: 0 } } ignore_live_leader: false dest_uuid: "0eeb775c53b34d00ab90623d4b54577f" is_pre_election: true
I0720 00:42:35.822057 1292 tablet_service.cc:1295] Received RequestConsensusVote() RPC: tablet_id: "8b450357aeba4ea4b2b282750617b863" candidate_uuid: "da17ba98538b41b091e9cbf779bc5afa" candidate_term: 1 candidate_status { last_received { term: 0 index: 0 } } ignore_live_leader: false dest_uuid: "21544559ee284906bc8977db1465db7b" is_pre_election: true
I0720 00:42:35.822331 1670 raft_consensus.cc:2350] T 8b450357aeba4ea4b2b282750617b863 P 0eeb775c53b34d00ab90623d4b54577f [term 0 FOLLOWER]: Leader pre-election vote request: Granting yes vote for candidate da17ba98538b41b091e9cbf779bc5afa in term 0.
I0720 00:42:35.822454 1292 raft_consensus.cc:2350] T 8b450357aeba4ea4b2b282750617b863 P 21544559ee284906bc8977db1465db7b [term 0 FOLLOWER]: Leader pre-election vote request: Granting yes vote for candidate da17ba98538b41b091e9cbf779bc5afa in term 0.
I0720 00:42:35.822772 1479 leader_election.cc:310] T 8b450357aeba4ea4b2b282750617b863 P da17ba98538b41b091e9cbf779bc5afa [CANDIDATE]: Term 1 pre-election: Election decided. Result: candidate won. Election summary: received 2 responses out of 3 voters: 2 yes votes; 0 no votes. yes voters: 0eeb775c53b34d00ab90623d4b54577f, da17ba98538b41b091e9cbf779bc5afa; no voters:
I0720 00:42:35.823220 1782 raft_consensus.cc:2644] T 8b450357aeba4ea4b2b282750617b863 P da17ba98538b41b091e9cbf779bc5afa [term 0 FOLLOWER]: Leader pre-election won for term 1
I0720 00:42:35.823298 1782 raft_consensus.cc:472] T 8b450357aeba4ea4b2b282750617b863 P da17ba98538b41b091e9cbf779bc5afa [term 0 FOLLOWER]: Starting leader election (no leader contacted us within the election timeout)
I0720 00:42:35.823356 1782 raft_consensus.cc:2890] T 8b450357aeba4ea4b2b282750617b863 P da17ba98538b41b091e9cbf779bc5afa [term 0 FOLLOWER]: Advancing to term 1
I0720 00:42:35.828773 1771 raft_consensus.cc:472] T c362ba31e9ec40999c7c048ce93e99ff P 0eeb775c53b34d00ab90623d4b54577f [term 0 FOLLOWER]: Starting pre-election (no leader contacted us within the election timeout)
I0720 00:42:35.828958 1771 raft_consensus.cc:494] T c362ba31e9ec40999c7c048ce93e99ff P 0eeb775c53b34d00ab90623d4b54577f [term 0 FOLLOWER]: Starting pre-election with config: opid_index: -1 OBSOLETE_local: false peers { permanent_uuid: "21544559ee284906bc8977db1465db7b" member_type: VOTER last_known_addr { host: "127.0.58.129" port: 33685 } } peers { permanent_uuid: "f554abf9579c42029052fc648fb4bd8c" member_type: VOTER last_known_addr { host: "127.0.58.130" port: 45963 } } peers { permanent_uuid: "0eeb775c53b34d00ab90623d4b54577f" member_type: VOTER last_known_addr { host: "127.0.58.132" port: 39821 } }
I0720 00:42:35.830265 1771 leader_election.cc:296] T c362ba31e9ec40999c7c048ce93e99ff P 0eeb775c53b34d00ab90623d4b54577f [CANDIDATE]: Term 1 pre-election: Requested pre-vote from peers 21544559ee284906bc8977db1465db7b (127.0.58.129:33685), f554abf9579c42029052fc648fb4bd8c (127.0.58.130:45963)
I0720 00:42:35.834532 1671 raft_consensus.cc:2350] T 1aa1fb28c3d546e88c2d549fe18c1b76 P 0eeb775c53b34d00ab90623d4b54577f [term 1 FOLLOWER]: Leader election vote request: Granting yes vote for candidate f554abf9579c42029052fc648fb4bd8c in term 1.
I0720 00:42:35.834537 1545 raft_consensus.cc:2350] T 1aa1fb28c3d546e88c2d549fe18c1b76 P da17ba98538b41b091e9cbf779bc5afa [term 1 FOLLOWER]: Leader election vote request: Granting yes vote for candidate f554abf9579c42029052fc648fb4bd8c in term 1.
I0720 00:42:35.835011 1353 leader_election.cc:310] T 1aa1fb28c3d546e88c2d549fe18c1b76 P f554abf9579c42029052fc648fb4bd8c [CANDIDATE]: Term 1 election: Election decided. Result: candidate won. Election summary: received 2 responses out of 3 voters: 2 yes votes; 0 no votes. yes voters: 0eeb775c53b34d00ab90623d4b54577f, f554abf9579c42029052fc648fb4bd8c; no voters:
I0720 00:42:35.835397 1772 raft_consensus.cc:2644] T 1aa1fb28c3d546e88c2d549fe18c1b76 P f554abf9579c42029052fc648fb4bd8c [term 1 FOLLOWER]: Leader election won for term 1
I0720 00:42:35.835520 1772 raft_consensus.cc:667] T 1aa1fb28c3d546e88c2d549fe18c1b76 P f554abf9579c42029052fc648fb4bd8c [term 1 LEADER]: Becoming Leader. State: Replica: f554abf9579c42029052fc648fb4bd8c, State: Running, Role: LEADER
I0720 00:42:35.835978 1772 consensus_queue.cc:206] T 1aa1fb28c3d546e88c2d549fe18c1b76 P f554abf9579c42029052fc648fb4bd8c [LEADER]: Queue going to LEADER mode. State: All replicated index: 0, Majority replicated index: 0, Committed index: 0, Last appended: 0.0, Last appended by leader: 0, Current term: 1, Majority size: 2, State: 0, Mode: LEADER, active raft config: opid_index: -1 OBSOLETE_local: false peers { permanent_uuid: "da17ba98538b41b091e9cbf779bc5afa" member_type: VOTER last_known_addr { host: "127.0.58.131" port: 39787 } } peers { permanent_uuid: "f554abf9579c42029052fc648fb4bd8c" member_type: VOTER last_known_addr { host: "127.0.58.130" port: 45963 } } peers { permanent_uuid: "0eeb775c53b34d00ab90623d4b54577f" member_type: VOTER last_known_addr { host: "127.0.58.132" port: 39821 } }
I0720 00:42:35.838726 1419 tablet_service.cc:1295] Received RequestConsensusVote() RPC: tablet_id: "c362ba31e9ec40999c7c048ce93e99ff" candidate_uuid: "0eeb775c53b34d00ab90623d4b54577f" candidate_term: 1 candidate_status { last_received { term: 0 index: 0 } } ignore_live_leader: false dest_uuid: "f554abf9579c42029052fc648fb4bd8c" is_pre_election: true
I0720 00:42:35.839210 1419 raft_consensus.cc:2350] T c362ba31e9ec40999c7c048ce93e99ff P f554abf9579c42029052fc648fb4bd8c [term 0 FOLLOWER]: Leader pre-election vote request: Granting yes vote for candidate 0eeb775c53b34d00ab90623d4b54577f in term 0.
I0720 00:42:35.839721 1603 leader_election.cc:310] T c362ba31e9ec40999c7c048ce93e99ff P 0eeb775c53b34d00ab90623d4b54577f [CANDIDATE]: Term 1 pre-election: Election decided. Result: candidate won. Election summary: received 2 responses out of 3 voters: 2 yes votes; 0 no votes. yes voters: 0eeb775c53b34d00ab90623d4b54577f, f554abf9579c42029052fc648fb4bd8c; no voters:
I0720 00:42:35.840154 1771 raft_consensus.cc:2644] T c362ba31e9ec40999c7c048ce93e99ff P 0eeb775c53b34d00ab90623d4b54577f [term 0 FOLLOWER]: Leader pre-election won for term 1
I0720 00:42:35.840239 1771 raft_consensus.cc:472] T c362ba31e9ec40999c7c048ce93e99ff P 0eeb775c53b34d00ab90623d4b54577f [term 0 FOLLOWER]: Starting leader election (no leader contacted us within the election timeout)
I0720 00:42:35.840294 1771 raft_consensus.cc:2890] T c362ba31e9ec40999c7c048ce93e99ff P 0eeb775c53b34d00ab90623d4b54577f [term 0 FOLLOWER]: Advancing to term 1
I0720 00:42:35.844415 1168 catalog_manager.cc:4067] T 1aa1fb28c3d546e88c2d549fe18c1b76 P f554abf9579c42029052fc648fb4bd8c reported cstate change: term changed from 0 to 1, leader changed from to f554abf9579c42029052fc648fb4bd8c (127.0.58.130). New cstate: current_term: 1 leader_uuid: "f554abf9579c42029052fc648fb4bd8c" committed_config { opid_index: -1 OBSOLETE_local: false peers { permanent_uuid: "da17ba98538b41b091e9cbf779bc5afa" member_type: VOTER last_known_addr { host: "127.0.58.131" port: 39787 } health_report { overall_health: UNKNOWN } } peers { permanent_uuid: "f554abf9579c42029052fc648fb4bd8c" member_type: VOTER last_known_addr { host: "127.0.58.130" port: 45963 } health_report { overall_health: HEALTHY } } peers { permanent_uuid: "0eeb775c53b34d00ab90623d4b54577f" member_type: VOTER last_known_addr { host: "127.0.58.132" port: 39821 } health_report { overall_health: UNKNOWN } } }
I0720 00:42:35.846351 1292 tablet_service.cc:1295] Received RequestConsensusVote() RPC: tablet_id: "c362ba31e9ec40999c7c048ce93e99ff" candidate_uuid: "0eeb775c53b34d00ab90623d4b54577f" candidate_term: 1 candidate_status { last_received { term: 0 index: 0 } } ignore_live_leader: false dest_uuid: "21544559ee284906bc8977db1465db7b" is_pre_election: true
I0720 00:42:35.846524 1292 raft_consensus.cc:2350] T c362ba31e9ec40999c7c048ce93e99ff P 21544559ee284906bc8977db1465db7b [term 0 FOLLOWER]: Leader pre-election vote request: Granting yes vote for candidate 0eeb775c53b34d00ab90623d4b54577f in term 0.
I0720 00:42:35.870427 1771 raft_consensus.cc:494] T c362ba31e9ec40999c7c048ce93e99ff P 0eeb775c53b34d00ab90623d4b54577f [term 1 FOLLOWER]: Starting leader election with config: opid_index: -1 OBSOLETE_local: false peers { permanent_uuid: "21544559ee284906bc8977db1465db7b" member_type: VOTER last_known_addr { host: "127.0.58.129" port: 33685 } } peers { permanent_uuid: "f554abf9579c42029052fc648fb4bd8c" member_type: VOTER last_known_addr { host: "127.0.58.130" port: 45963 } } peers { permanent_uuid: "0eeb775c53b34d00ab90623d4b54577f" member_type: VOTER last_known_addr { host: "127.0.58.132" port: 39821 } }
I0720 00:42:35.870427 1782 raft_consensus.cc:494] T 8b450357aeba4ea4b2b282750617b863 P da17ba98538b41b091e9cbf779bc5afa [term 1 FOLLOWER]: Starting leader election with config: opid_index: -1 OBSOLETE_local: false peers { permanent_uuid: "da17ba98538b41b091e9cbf779bc5afa" member_type: VOTER last_known_addr { host: "127.0.58.131" port: 39787 } } peers { permanent_uuid: "0eeb775c53b34d00ab90623d4b54577f" member_type: VOTER last_known_addr { host: "127.0.58.132" port: 39821 } } peers { permanent_uuid: "21544559ee284906bc8977db1465db7b" member_type: VOTER last_known_addr { host: "127.0.58.129" port: 33685 } }
I0720 00:42:35.871234 1771 leader_election.cc:296] T c362ba31e9ec40999c7c048ce93e99ff P 0eeb775c53b34d00ab90623d4b54577f [CANDIDATE]: Term 1 election: Requested vote from peers 21544559ee284906bc8977db1465db7b (127.0.58.129:33685), f554abf9579c42029052fc648fb4bd8c (127.0.58.130:45963)
I0720 00:42:35.872153 1292 tablet_service.cc:1295] Received RequestConsensusVote() RPC: tablet_id: "c362ba31e9ec40999c7c048ce93e99ff" candidate_uuid: "0eeb775c53b34d00ab90623d4b54577f" candidate_term: 1 candidate_status { last_received { term: 0 index: 0 } } ignore_live_leader: false dest_uuid: "21544559ee284906bc8977db1465db7b"
I0720 00:42:35.872256 1419 tablet_service.cc:1295] Received RequestConsensusVote() RPC: tablet_id: "c362ba31e9ec40999c7c048ce93e99ff" candidate_uuid: "0eeb775c53b34d00ab90623d4b54577f" candidate_term: 1 candidate_status { last_received { term: 0 index: 0 } } ignore_live_leader: false dest_uuid: "f554abf9579c42029052fc648fb4bd8c"
I0720 00:42:35.872356 1292 raft_consensus.cc:2890] T c362ba31e9ec40999c7c048ce93e99ff P 21544559ee284906bc8977db1465db7b [term 0 FOLLOWER]: Advancing to term 1
I0720 00:42:35.872433 1419 raft_consensus.cc:2890] T c362ba31e9ec40999c7c048ce93e99ff P f554abf9579c42029052fc648fb4bd8c [term 0 FOLLOWER]: Advancing to term 1
I0720 00:42:35.872452 1671 tablet_service.cc:1295] Received RequestConsensusVote() RPC: tablet_id: "8b450357aeba4ea4b2b282750617b863" candidate_uuid: "da17ba98538b41b091e9cbf779bc5afa" candidate_term: 1 candidate_status { last_received { term: 0 index: 0 } } ignore_live_leader: false dest_uuid: "0eeb775c53b34d00ab90623d4b54577f"
I0720 00:42:35.872607 1671 raft_consensus.cc:2890] T 8b450357aeba4ea4b2b282750617b863 P 0eeb775c53b34d00ab90623d4b54577f [term 0 FOLLOWER]: Advancing to term 1
I0720 00:42:35.874832 1291 tablet_service.cc:1295] Received RequestConsensusVote() RPC: tablet_id: "8b450357aeba4ea4b2b282750617b863" candidate_uuid: "da17ba98538b41b091e9cbf779bc5afa" candidate_term: 1 candidate_status { last_received { term: 0 index: 0 } } ignore_live_leader: false dest_uuid: "21544559ee284906bc8977db1465db7b"
I0720 00:42:35.875043 1291 raft_consensus.cc:2890] T 8b450357aeba4ea4b2b282750617b863 P 21544559ee284906bc8977db1465db7b [term 0 FOLLOWER]: Advancing to term 1
I0720 00:42:35.875416 1782 leader_election.cc:296] T 8b450357aeba4ea4b2b282750617b863 P da17ba98538b41b091e9cbf779bc5afa [CANDIDATE]: Term 1 election: Requested vote from peers 0eeb775c53b34d00ab90623d4b54577f (127.0.58.132:39821), 21544559ee284906bc8977db1465db7b (127.0.58.129:33685)
I0720 00:42:35.942050 1782 raft_consensus.cc:472] T 5aa1a45e61fa4786a8f6e49ac00c36fd P da17ba98538b41b091e9cbf779bc5afa [term 0 FOLLOWER]: Starting pre-election (no leader contacted us within the election timeout)
I0720 00:42:35.942260 1782 raft_consensus.cc:494] T 5aa1a45e61fa4786a8f6e49ac00c36fd P da17ba98538b41b091e9cbf779bc5afa [term 0 FOLLOWER]: Starting pre-election with config: opid_index: -1 OBSOLETE_local: false peers { permanent_uuid: "21544559ee284906bc8977db1465db7b" member_type: VOTER last_known_addr { host: "127.0.58.129" port: 33685 } } peers { permanent_uuid: "f554abf9579c42029052fc648fb4bd8c" member_type: VOTER last_known_addr { host: "127.0.58.130" port: 45963 } } peers { permanent_uuid: "da17ba98538b41b091e9cbf779bc5afa" member_type: VOTER last_known_addr { host: "127.0.58.131" port: 39787 } }
I0720 00:42:35.943657 1782 leader_election.cc:296] T 5aa1a45e61fa4786a8f6e49ac00c36fd P da17ba98538b41b091e9cbf779bc5afa [CANDIDATE]: Term 1 pre-election: Requested pre-vote from peers 21544559ee284906bc8977db1465db7b (127.0.58.129:33685), f554abf9579c42029052fc648fb4bd8c (127.0.58.130:45963)
I0720 00:42:35.943924 1290 tablet_service.cc:1295] Received RequestConsensusVote() RPC: tablet_id: "5aa1a45e61fa4786a8f6e49ac00c36fd" candidate_uuid: "da17ba98538b41b091e9cbf779bc5afa" candidate_term: 1 candidate_status { last_received { term: 0 index: 0 } } ignore_live_leader: false dest_uuid: "21544559ee284906bc8977db1465db7b" is_pre_election: true
I0720 00:42:35.944154 1290 raft_consensus.cc:2350] T 5aa1a45e61fa4786a8f6e49ac00c36fd P 21544559ee284906bc8977db1465db7b [term 0 FOLLOWER]: Leader pre-election vote request: Granting yes vote for candidate da17ba98538b41b091e9cbf779bc5afa in term 0.
I0720 00:42:35.944576 1478 leader_election.cc:310] T 5aa1a45e61fa4786a8f6e49ac00c36fd P da17ba98538b41b091e9cbf779bc5afa [CANDIDATE]: Term 1 pre-election: Election decided. Result: candidate won. Election summary: received 2 responses out of 3 voters: 2 yes votes; 0 no votes. yes voters: 21544559ee284906bc8977db1465db7b, da17ba98538b41b091e9cbf779bc5afa; no voters:
I0720 00:42:35.944869 1782 raft_consensus.cc:2644] T 5aa1a45e61fa4786a8f6e49ac00c36fd P da17ba98538b41b091e9cbf779bc5afa [term 0 FOLLOWER]: Leader pre-election won for term 1
I0720 00:42:35.944943 1782 raft_consensus.cc:472] T 5aa1a45e61fa4786a8f6e49ac00c36fd P da17ba98538b41b091e9cbf779bc5afa [term 0 FOLLOWER]: Starting leader election (no leader contacted us within the election timeout)
I0720 00:42:35.945006 1782 raft_consensus.cc:2890] T 5aa1a45e61fa4786a8f6e49ac00c36fd P da17ba98538b41b091e9cbf779bc5afa [term 0 FOLLOWER]: Advancing to term 1
I0720 00:42:35.949292 1418 tablet_service.cc:1295] Received RequestConsensusVote() RPC: tablet_id: "5aa1a45e61fa4786a8f6e49ac00c36fd" candidate_uuid: "da17ba98538b41b091e9cbf779bc5afa" candidate_term: 1 candidate_status { last_received { term: 0 index: 0 } } ignore_live_leader: false dest_uuid: "f554abf9579c42029052fc648fb4bd8c" is_pre_election: true
I0720 00:42:35.949517 1418 raft_consensus.cc:2350] T 5aa1a45e61fa4786a8f6e49ac00c36fd P f554abf9579c42029052fc648fb4bd8c [term 0 FOLLOWER]: Leader pre-election vote request: Granting yes vote for candidate da17ba98538b41b091e9cbf779bc5afa in term 0.
I0720 00:42:35.957947 1772 raft_consensus.cc:472] T 7a6d7c8f8b6340fab210da8b3907aa6e P f554abf9579c42029052fc648fb4bd8c [term 0 FOLLOWER]: Starting pre-election (no leader contacted us within the election timeout)
I0720 00:42:35.958106 1772 raft_consensus.cc:494] T 7a6d7c8f8b6340fab210da8b3907aa6e P f554abf9579c42029052fc648fb4bd8c [term 0 FOLLOWER]: Starting pre-election with config: opid_index: -1 OBSOLETE_local: false peers { permanent_uuid: "da17ba98538b41b091e9cbf779bc5afa" member_type: VOTER last_known_addr { host: "127.0.58.131" port: 39787 } } peers { permanent_uuid: "f554abf9579c42029052fc648fb4bd8c" member_type: VOTER last_known_addr { host: "127.0.58.130" port: 45963 } } peers { permanent_uuid: "21544559ee284906bc8977db1465db7b" member_type: VOTER last_known_addr { host: "127.0.58.129" port: 33685 } }
I0720 00:42:35.958729 1772 leader_election.cc:296] T 7a6d7c8f8b6340fab210da8b3907aa6e P f554abf9579c42029052fc648fb4bd8c [CANDIDATE]: Term 1 pre-election: Requested pre-vote from peers da17ba98538b41b091e9cbf779bc5afa (127.0.58.131:39787), 21544559ee284906bc8977db1465db7b (127.0.58.129:33685)
I0720 00:42:35.959043 1419 raft_consensus.cc:2350] T c362ba31e9ec40999c7c048ce93e99ff P f554abf9579c42029052fc648fb4bd8c [term 1 FOLLOWER]: Leader election vote request: Granting yes vote for candidate 0eeb775c53b34d00ab90623d4b54577f in term 1.
