I0720 00:43:52.395174 3922 raft_consensus.cc:366] T 707b2290dfb44e3caa26d19101fd8b3e P 16c6738598e748b383992ddac5e2c2ca [term 0 FOLLOWER]: Consensus starting up: Expiring failure detector timer to make a prompt election more likely
I0720 00:43:52.395217 3923 raft_consensus.cc:705] T c137ad158a18463694d366278635f9b4 P 16c6738598e748b383992ddac5e2c2ca [term 0 FOLLOWER]: Becoming Follower/Learner. State: Replica: 16c6738598e748b383992ddac5e2c2ca, State: Initialized, Role: FOLLOWER
I0720 00:43:52.395260 3922 raft_consensus.cc:705] T 707b2290dfb44e3caa26d19101fd8b3e P 16c6738598e748b383992ddac5e2c2ca [term 0 FOLLOWER]: Becoming Follower/Learner. State: Replica: 16c6738598e748b383992ddac5e2c2ca, State: Initialized, Role: FOLLOWER
I0720 00:43:52.394919 3918 raft_consensus.cc:705] T 983da8448c254fb690777c7dbccbf7fa P 16c6738598e748b383992ddac5e2c2ca [term 0 FOLLOWER]: Becoming Follower/Learner. State: Replica: 16c6738598e748b383992ddac5e2c2ca, State: Initialized, Role: FOLLOWER
I0720 00:43:52.395893 3923 consensus_queue.cc:229] T c137ad158a18463694d366278635f9b4 P 16c6738598e748b383992ddac5e2c2ca [NON_LEADER]: Queue going to NON_LEADER mode. State: All replicated index: 0, Majority replicated index: 0, Committed index: 0, Last appended: 0.0, Last appended by leader: 0, Current term: 0, Majority size: -1, State: 0, Mode: NON_LEADER, active raft config: opid_index: -1 OBSOLETE_local: false peers { permanent_uuid: "aa238bcb02fb407ebb4fdca6d3865dd4" member_type: VOTER last_known_addr { host: "127.0.58.130" port: 46827 } } peers { permanent_uuid: "68ef7d6143504eeba96ee091e0d753d3" member_type: VOTER last_known_addr { host: "127.0.58.131" port: 43161 } } peers { permanent_uuid: "16c6738598e748b383992ddac5e2c2ca" member_type: VOTER last_known_addr { host: "127.0.58.129" port: 39177 } }
I0720 00:43:52.396193 3922 consensus_queue.cc:229] T 707b2290dfb44e3caa26d19101fd8b3e P 16c6738598e748b383992ddac5e2c2ca [NON_LEADER]: Queue going to NON_LEADER mode. State: All replicated index: 0, Majority replicated index: 0, Committed index: 0, Last appended: 0.0, Last appended by leader: 0, Current term: 0, Majority size: -1, State: 0, Mode: NON_LEADER, active raft config: opid_index: -1 OBSOLETE_local: false peers { permanent_uuid: "16c6738598e748b383992ddac5e2c2ca" member_type: VOTER last_known_addr { host: "127.0.58.129" port: 39177 } } peers { permanent_uuid: "aa238bcb02fb407ebb4fdca6d3865dd4" member_type: VOTER last_known_addr { host: "127.0.58.130" port: 46827 } } peers { permanent_uuid: "68ef7d6143504eeba96ee091e0d753d3" member_type: VOTER last_known_addr { host: "127.0.58.131" port: 43161 } }
I0720 00:43:52.394021 3920 raft_consensus.cc:340] T 7548db0376b04d4b8ca358bcddb84fd5 P 16c6738598e748b383992ddac5e2c2ca [term 0 FOLLOWER]: Replica starting. Triggering 0 pending transactions. Active config: opid_index: -1 OBSOLETE_local: false peers { permanent_uuid: "68ef7d6143504eeba96ee091e0d753d3" member_type: VOTER last_known_addr { host: "127.0.58.131" port: 43161 } } peers { permanent_uuid: "5af276af9d674086b48b969af0dff3fc" member_type: VOTER last_known_addr { host: "127.0.58.132" port: 34605 } } peers { permanent_uuid: "16c6738598e748b383992ddac5e2c2ca" member_type: VOTER last_known_addr { host: "127.0.58.129" port: 39177 } }
I0720 00:43:52.396502 3920 raft_consensus.cc:366] T 7548db0376b04d4b8ca358bcddb84fd5 P 16c6738598e748b383992ddac5e2c2ca [term 0 FOLLOWER]: Consensus starting up: Expiring failure detector timer to make a prompt election more likely
I0720 00:43:52.396595 3920 raft_consensus.cc:705] T 7548db0376b04d4b8ca358bcddb84fd5 P 16c6738598e748b383992ddac5e2c2ca [term 0 FOLLOWER]: Becoming Follower/Learner. State: Replica: 16c6738598e748b383992ddac5e2c2ca, State: Initialized, Role: FOLLOWER
I0720 00:43:52.395897 3918 consensus_queue.cc:229] T 983da8448c254fb690777c7dbccbf7fa P 16c6738598e748b383992ddac5e2c2ca [NON_LEADER]: Queue going to NON_LEADER mode. State: All replicated index: 0, Majority replicated index: 0, Committed index: 0, Last appended: 0.0, Last appended by leader: 0, Current term: 0, Majority size: -1, State: 0, Mode: NON_LEADER, active raft config: opid_index: -1 OBSOLETE_local: false peers { permanent_uuid: "16c6738598e748b383992ddac5e2c2ca" member_type: VOTER last_known_addr { host: "127.0.58.129" port: 39177 } } peers { permanent_uuid: "5af276af9d674086b48b969af0dff3fc" member_type: VOTER last_known_addr { host: "127.0.58.132" port: 34605 } } peers { permanent_uuid: "aa238bcb02fb407ebb4fdca6d3865dd4" member_type: VOTER last_known_addr { host: "127.0.58.130" port: 46827 } }
I0720 00:43:52.398574 3509 heartbeater.cc:446] Master 127.0.58.190:34297 was elected leader, sending a full tablet report...
I0720 00:43:52.398613 3921 raft_consensus.cc:340] T c137ad158a18463694d366278635f9b4 P aa238bcb02fb407ebb4fdca6d3865dd4 [term 0 FOLLOWER]: Replica starting. Triggering 0 pending transactions. Active config: opid_index: -1 OBSOLETE_local: false peers { permanent_uuid: "aa238bcb02fb407ebb4fdca6d3865dd4" member_type: VOTER last_known_addr { host: "127.0.58.130" port: 46827 } } peers { permanent_uuid: "68ef7d6143504eeba96ee091e0d753d3" member_type: VOTER last_known_addr { host: "127.0.58.131" port: 43161 } } peers { permanent_uuid: "16c6738598e748b383992ddac5e2c2ca" member_type: VOTER last_known_addr { host: "127.0.58.129" port: 39177 } }
I0720 00:43:52.399132 3921 raft_consensus.cc:366] T c137ad158a18463694d366278635f9b4 P aa238bcb02fb407ebb4fdca6d3865dd4 [term 0 FOLLOWER]: Consensus starting up: Expiring failure detector timer to make a prompt election more likely
I0720 00:43:52.399178 3923 ts_tablet_manager.cc:1087] T c137ad158a18463694d366278635f9b4 P 16c6738598e748b383992ddac5e2c2ca: Time spent starting tablet: real 0.021s user 0.006s sys 0.000s
I0720 00:43:52.399507 3921 raft_consensus.cc:705] T c137ad158a18463694d366278635f9b4 P aa238bcb02fb407ebb4fdca6d3865dd4 [term 0 FOLLOWER]: Becoming Follower/Learner. State: Replica: aa238bcb02fb407ebb4fdca6d3865dd4, State: Initialized, Role: FOLLOWER
I0720 00:43:52.398972 3920 consensus_queue.cc:229] T 7548db0376b04d4b8ca358bcddb84fd5 P 16c6738598e748b383992ddac5e2c2ca [NON_LEADER]: Queue going to NON_LEADER mode. State: All replicated index: 0, Majority replicated index: 0, Committed index: 0, Last appended: 0.0, Last appended by leader: 0, Current term: 0, Majority size: -1, State: 0, Mode: NON_LEADER, active raft config: opid_index: -1 OBSOLETE_local: false peers { permanent_uuid: "68ef7d6143504eeba96ee091e0d753d3" member_type: VOTER last_known_addr { host: "127.0.58.131" port: 43161 } } peers { permanent_uuid: "5af276af9d674086b48b969af0dff3fc" member_type: VOTER last_known_addr { host: "127.0.58.132" port: 34605 } } peers { permanent_uuid: "16c6738598e748b383992ddac5e2c2ca" member_type: VOTER last_known_addr { host: "127.0.58.129" port: 39177 } }
I0720 00:43:52.399271 3916 raft_consensus.cc:340] T 6042d34aeef84544bb6535ed8ca52ac3 P aa238bcb02fb407ebb4fdca6d3865dd4 [term 0 FOLLOWER]: Replica starting. Triggering 0 pending transactions. Active config: opid_index: -1 OBSOLETE_local: false peers { permanent_uuid: "5af276af9d674086b48b969af0dff3fc" member_type: VOTER last_known_addr { host: "127.0.58.132" port: 34605 } } peers { permanent_uuid: "aa238bcb02fb407ebb4fdca6d3865dd4" member_type: VOTER last_known_addr { host: "127.0.58.130" port: 46827 } } peers { permanent_uuid: "68ef7d6143504eeba96ee091e0d753d3" member_type: VOTER last_known_addr { host: "127.0.58.131" port: 43161 } }
I0720 00:43:52.400020 3916 raft_consensus.cc:366] T 6042d34aeef84544bb6535ed8ca52ac3 P aa238bcb02fb407ebb4fdca6d3865dd4 [term 0 FOLLOWER]: Consensus starting up: Expiring failure detector timer to make a prompt election more likely
I0720 00:43:52.400116 3916 raft_consensus.cc:705] T 6042d34aeef84544bb6535ed8ca52ac3 P aa238bcb02fb407ebb4fdca6d3865dd4 [term 0 FOLLOWER]: Becoming Follower/Learner. State: Replica: aa238bcb02fb407ebb4fdca6d3865dd4, State: Initialized, Role: FOLLOWER
I0720 00:43:52.400549 3916 consensus_queue.cc:229] T 6042d34aeef84544bb6535ed8ca52ac3 P aa238bcb02fb407ebb4fdca6d3865dd4 [NON_LEADER]: Queue going to NON_LEADER mode. State: All replicated index: 0, Majority replicated index: 0, Committed index: 0, Last appended: 0.0, Last appended by leader: 0, Current term: 0, Majority size: -1, State: 0, Mode: NON_LEADER, active raft config: opid_index: -1 OBSOLETE_local: false peers { permanent_uuid: "5af276af9d674086b48b969af0dff3fc" member_type: VOTER last_known_addr { host: "127.0.58.132" port: 34605 } } peers { permanent_uuid: "aa238bcb02fb407ebb4fdca6d3865dd4" member_type: VOTER last_known_addr { host: "127.0.58.130" port: 46827 } } peers { permanent_uuid: "68ef7d6143504eeba96ee091e0d753d3" member_type: VOTER last_known_addr { host: "127.0.58.131" port: 43161 } }
I0720 00:43:52.401458 3924 raft_consensus.cc:340] T 983da8448c254fb690777c7dbccbf7fa P aa238bcb02fb407ebb4fdca6d3865dd4 [term 0 FOLLOWER]: Replica starting. Triggering 0 pending transactions. Active config: opid_index: -1 OBSOLETE_local: false peers { permanent_uuid: "16c6738598e748b383992ddac5e2c2ca" member_type: VOTER last_known_addr { host: "127.0.58.129" port: 39177 } } peers { permanent_uuid: "5af276af9d674086b48b969af0dff3fc" member_type: VOTER last_known_addr { host: "127.0.58.132" port: 34605 } } peers { permanent_uuid: "aa238bcb02fb407ebb4fdca6d3865dd4" member_type: VOTER last_known_addr { host: "127.0.58.130" port: 46827 } }
I0720 00:43:52.401732 3924 raft_consensus.cc:366] T 983da8448c254fb690777c7dbccbf7fa P aa238bcb02fb407ebb4fdca6d3865dd4 [term 0 FOLLOWER]: Consensus starting up: Expiring failure detector timer to make a prompt election more likely
I0720 00:43:52.401820 3924 raft_consensus.cc:705] T 983da8448c254fb690777c7dbccbf7fa P aa238bcb02fb407ebb4fdca6d3865dd4 [term 0 FOLLOWER]: Becoming Follower/Learner. State: Replica: aa238bcb02fb407ebb4fdca6d3865dd4, State: Initialized, Role: FOLLOWER
I0720 00:43:52.402050 3924 consensus_queue.cc:229] T 983da8448c254fb690777c7dbccbf7fa P aa238bcb02fb407ebb4fdca6d3865dd4 [NON_LEADER]: Queue going to NON_LEADER mode. State: All replicated index: 0, Majority replicated index: 0, Committed index: 0, Last appended: 0.0, Last appended by leader: 0, Current term: 0, Majority size: -1, State: 0, Mode: NON_LEADER, active raft config: opid_index: -1 OBSOLETE_local: false peers { permanent_uuid: "16c6738598e748b383992ddac5e2c2ca" member_type: VOTER last_known_addr { host: "127.0.58.129" port: 39177 } } peers { permanent_uuid: "5af276af9d674086b48b969af0dff3fc" member_type: VOTER last_known_addr { host: "127.0.58.132" port: 34605 } } peers { permanent_uuid: "aa238bcb02fb407ebb4fdca6d3865dd4" member_type: VOTER last_known_addr { host: "127.0.58.130" port: 46827 } }
I0720 00:43:52.400912 3921 consensus_queue.cc:229] T c137ad158a18463694d366278635f9b4 P aa238bcb02fb407ebb4fdca6d3865dd4 [NON_LEADER]: Queue going to NON_LEADER mode. State: All replicated index: 0, Majority replicated index: 0, Committed index: 0, Last appended: 0.0, Last appended by leader: 0, Current term: 0, Majority size: -1, State: 0, Mode: NON_LEADER, active raft config: opid_index: -1 OBSOLETE_local: false peers { permanent_uuid: "aa238bcb02fb407ebb4fdca6d3865dd4" member_type: VOTER last_known_addr { host: "127.0.58.130" port: 46827 } } peers { permanent_uuid: "68ef7d6143504eeba96ee091e0d753d3" member_type: VOTER last_known_addr { host: "127.0.58.131" port: 43161 } } peers { permanent_uuid: "16c6738598e748b383992ddac5e2c2ca" member_type: VOTER last_known_addr { host: "127.0.58.129" port: 39177 } }
I0720 00:43:52.403396 3636 heartbeater.cc:446] Master 127.0.58.190:34297 was elected leader, sending a full tablet report...
I0720 00:43:52.404004 3920 ts_tablet_manager.cc:1087] T 7548db0376b04d4b8ca358bcddb84fd5 P 16c6738598e748b383992ddac5e2c2ca: Time spent starting tablet: real 0.025s user 0.009s sys 0.000s
W0720 00:43:52.404553 3510 tablet.cc:1799] T 7548db0376b04d4b8ca358bcddb84fd5 P 16c6738598e748b383992ddac5e2c2ca: Can't schedule compaction. Clean time has not been advanced past its initial value.
I0720 00:43:52.405166 3918 ts_tablet_manager.cc:1087] T 983da8448c254fb690777c7dbccbf7fa P 16c6738598e748b383992ddac5e2c2ca: Time spent starting tablet: real 0.017s user 0.004s sys 0.000s
I0720 00:43:52.405385 3922 ts_tablet_manager.cc:1087] T 707b2290dfb44e3caa26d19101fd8b3e P 16c6738598e748b383992ddac5e2c2ca: Time spent starting tablet: real 0.023s user 0.009s sys 0.000s
I0720 00:43:52.407310 3915 raft_consensus.cc:340] T 707b2290dfb44e3caa26d19101fd8b3e P aa238bcb02fb407ebb4fdca6d3865dd4 [term 0 FOLLOWER]: Replica starting. Triggering 0 pending transactions. Active config: opid_index: -1 OBSOLETE_local: false peers { permanent_uuid: "16c6738598e748b383992ddac5e2c2ca" member_type: VOTER last_known_addr { host: "127.0.58.129" port: 39177 } } peers { permanent_uuid: "aa238bcb02fb407ebb4fdca6d3865dd4" member_type: VOTER last_known_addr { host: "127.0.58.130" port: 46827 } } peers { permanent_uuid: "68ef7d6143504eeba96ee091e0d753d3" member_type: VOTER last_known_addr { host: "127.0.58.131" port: 43161 } }
I0720 00:43:52.407649 3921 ts_tablet_manager.cc:1087] T c137ad158a18463694d366278635f9b4 P aa238bcb02fb407ebb4fdca6d3865dd4: Time spent starting tablet: real 0.029s user 0.002s sys 0.006s
I0720 00:43:52.408113 3915 raft_consensus.cc:366] T 707b2290dfb44e3caa26d19101fd8b3e P aa238bcb02fb407ebb4fdca6d3865dd4 [term 0 FOLLOWER]: Consensus starting up: Expiring failure detector timer to make a prompt election more likely
I0720 00:43:52.408277 3915 raft_consensus.cc:705] T 707b2290dfb44e3caa26d19101fd8b3e P aa238bcb02fb407ebb4fdca6d3865dd4 [term 0 FOLLOWER]: Becoming Follower/Learner. State: Replica: aa238bcb02fb407ebb4fdca6d3865dd4, State: Initialized, Role: FOLLOWER
I0720 00:43:52.408442 3916 ts_tablet_manager.cc:1087] T 6042d34aeef84544bb6535ed8ca52ac3 P aa238bcb02fb407ebb4fdca6d3865dd4: Time spent starting tablet: real 0.029s user 0.000s sys 0.008s
I0720 00:43:52.408557 3915 consensus_queue.cc:229] T 707b2290dfb44e3caa26d19101fd8b3e P aa238bcb02fb407ebb4fdca6d3865dd4 [NON_LEADER]: Queue going to NON_LEADER mode. State: All replicated index: 0, Majority replicated index: 0, Committed index: 0, Last appended: 0.0, Last appended by leader: 0, Current term: 0, Majority size: -1, State: 0, Mode: NON_LEADER, active raft config: opid_index: -1 OBSOLETE_local: false peers { permanent_uuid: "16c6738598e748b383992ddac5e2c2ca" member_type: VOTER last_known_addr { host: "127.0.58.129" port: 39177 } } peers { permanent_uuid: "aa238bcb02fb407ebb4fdca6d3865dd4" member_type: VOTER last_known_addr { host: "127.0.58.130" port: 46827 } } peers { permanent_uuid: "68ef7d6143504eeba96ee091e0d753d3" member_type: VOTER last_known_addr { host: "127.0.58.131" port: 43161 } }
I0720 00:43:52.408529 3924 ts_tablet_manager.cc:1087] T 983da8448c254fb690777c7dbccbf7fa P aa238bcb02fb407ebb4fdca6d3865dd4: Time spent starting tablet: real 0.021s user 0.001s sys 0.004s
I0720 00:43:52.409081 3915 ts_tablet_manager.cc:1087] T 707b2290dfb44e3caa26d19101fd8b3e P aa238bcb02fb407ebb4fdca6d3865dd4: Time spent starting tablet: real 0.033s user 0.004s sys 0.005s
I0720 00:43:52.413007 3932 raft_consensus.cc:340] T 7548db0376b04d4b8ca358bcddb84fd5 P 68ef7d6143504eeba96ee091e0d753d3 [term 0 FOLLOWER]: Replica starting. Triggering 0 pending transactions. Active config: opid_index: -1 OBSOLETE_local: false peers { permanent_uuid: "68ef7d6143504eeba96ee091e0d753d3" member_type: VOTER last_known_addr { host: "127.0.58.131" port: 43161 } } peers { permanent_uuid: "5af276af9d674086b48b969af0dff3fc" member_type: VOTER last_known_addr { host: "127.0.58.132" port: 34605 } } peers { permanent_uuid: "16c6738598e748b383992ddac5e2c2ca" member_type: VOTER last_known_addr { host: "127.0.58.129" port: 39177 } }
I0720 00:43:52.413369 3932 raft_consensus.cc:366] T 7548db0376b04d4b8ca358bcddb84fd5 P 68ef7d6143504eeba96ee091e0d753d3 [term 0 FOLLOWER]: Consensus starting up: Expiring failure detector timer to make a prompt election more likely
I0720 00:43:52.413424 3932 raft_consensus.cc:705] T 7548db0376b04d4b8ca358bcddb84fd5 P 68ef7d6143504eeba96ee091e0d753d3 [term 0 FOLLOWER]: Becoming Follower/Learner. State: Replica: 68ef7d6143504eeba96ee091e0d753d3, State: Initialized, Role: FOLLOWER
I0720 00:43:52.413848 3932 consensus_queue.cc:229] T 7548db0376b04d4b8ca358bcddb84fd5 P 68ef7d6143504eeba96ee091e0d753d3 [NON_LEADER]: Queue going to NON_LEADER mode. State: All replicated index: 0, Majority replicated index: 0, Committed index: 0, Last appended: 0.0, Last appended by leader: 0, Current term: 0, Majority size: -1, State: 0, Mode: NON_LEADER, active raft config: opid_index: -1 OBSOLETE_local: false peers { permanent_uuid: "68ef7d6143504eeba96ee091e0d753d3" member_type: VOTER last_known_addr { host: "127.0.58.131" port: 43161 } } peers { permanent_uuid: "5af276af9d674086b48b969af0dff3fc" member_type: VOTER last_known_addr { host: "127.0.58.132" port: 34605 } } peers { permanent_uuid: "16c6738598e748b383992ddac5e2c2ca" member_type: VOTER last_known_addr { host: "127.0.58.129" port: 39177 } }
I0720 00:43:52.414237 3936 raft_consensus.cc:340] T 707b2290dfb44e3caa26d19101fd8b3e P 68ef7d6143504eeba96ee091e0d753d3 [term 0 FOLLOWER]: Replica starting. Triggering 0 pending transactions. Active config: opid_index: -1 OBSOLETE_local: false peers { permanent_uuid: "16c6738598e748b383992ddac5e2c2ca" member_type: VOTER last_known_addr { host: "127.0.58.129" port: 39177 } } peers { permanent_uuid: "aa238bcb02fb407ebb4fdca6d3865dd4" member_type: VOTER last_known_addr { host: "127.0.58.130" port: 46827 } } peers { permanent_uuid: "68ef7d6143504eeba96ee091e0d753d3" member_type: VOTER last_known_addr { host: "127.0.58.131" port: 43161 } }
I0720 00:43:52.414384 3936 raft_consensus.cc:366] T 707b2290dfb44e3caa26d19101fd8b3e P 68ef7d6143504eeba96ee091e0d753d3 [term 0 FOLLOWER]: Consensus starting up: Expiring failure detector timer to make a prompt election more likely
I0720 00:43:52.414425 3936 raft_consensus.cc:705] T 707b2290dfb44e3caa26d19101fd8b3e P 68ef7d6143504eeba96ee091e0d753d3 [term 0 FOLLOWER]: Becoming Follower/Learner. State: Replica: 68ef7d6143504eeba96ee091e0d753d3, State: Initialized, Role: FOLLOWER
I0720 00:43:52.414568 3936 consensus_queue.cc:229] T 707b2290dfb44e3caa26d19101fd8b3e P 68ef7d6143504eeba96ee091e0d753d3 [NON_LEADER]: Queue going to NON_LEADER mode. State: All replicated index: 0, Majority replicated index: 0, Committed index: 0, Last appended: 0.0, Last appended by leader: 0, Current term: 0, Majority size: -1, State: 0, Mode: NON_LEADER, active raft config: opid_index: -1 OBSOLETE_local: false peers { permanent_uuid: "16c6738598e748b383992ddac5e2c2ca" member_type: VOTER last_known_addr { host: "127.0.58.129" port: 39177 } } peers { permanent_uuid: "aa238bcb02fb407ebb4fdca6d3865dd4" member_type: VOTER last_known_addr { host: "127.0.58.130" port: 46827 } } peers { permanent_uuid: "68ef7d6143504eeba96ee091e0d753d3" member_type: VOTER last_known_addr { host: "127.0.58.131" port: 43161 } }
I0720 00:43:52.414945 3933 raft_consensus.cc:340] T 6042d34aeef84544bb6535ed8ca52ac3 P 68ef7d6143504eeba96ee091e0d753d3 [term 0 FOLLOWER]: Replica starting. Triggering 0 pending transactions. Active config: opid_index: -1 OBSOLETE_local: false peers { permanent_uuid: "5af276af9d674086b48b969af0dff3fc" member_type: VOTER last_known_addr { host: "127.0.58.132" port: 34605 } } peers { permanent_uuid: "aa238bcb02fb407ebb4fdca6d3865dd4" member_type: VOTER last_known_addr { host: "127.0.58.130" port: 46827 } } peers { permanent_uuid: "68ef7d6143504eeba96ee091e0d753d3" member_type: VOTER last_known_addr { host: "127.0.58.131" port: 43161 } }
I0720 00:43:52.415088 3933 raft_consensus.cc:366] T 6042d34aeef84544bb6535ed8ca52ac3 P 68ef7d6143504eeba96ee091e0d753d3 [term 0 FOLLOWER]: Consensus starting up: Expiring failure detector timer to make a prompt election more likely
I0720 00:43:52.415127 3933 raft_consensus.cc:705] T 6042d34aeef84544bb6535ed8ca52ac3 P 68ef7d6143504eeba96ee091e0d753d3 [term 0 FOLLOWER]: Becoming Follower/Learner. State: Replica: 68ef7d6143504eeba96ee091e0d753d3, State: Initialized, Role: FOLLOWER
I0720 00:43:52.415249 3933 consensus_queue.cc:229] T 6042d34aeef84544bb6535ed8ca52ac3 P 68ef7d6143504eeba96ee091e0d753d3 [NON_LEADER]: Queue going to NON_LEADER mode. State: All replicated index: 0, Majority replicated index: 0, Committed index: 0, Last appended: 0.0, Last appended by leader: 0, Current term: 0, Majority size: -1, State: 0, Mode: NON_LEADER, active raft config: opid_index: -1 OBSOLETE_local: false peers { permanent_uuid: "5af276af9d674086b48b969af0dff3fc" member_type: VOTER last_known_addr { host: "127.0.58.132" port: 34605 } } peers { permanent_uuid: "aa238bcb02fb407ebb4fdca6d3865dd4" member_type: VOTER last_known_addr { host: "127.0.58.130" port: 46827 } } peers { permanent_uuid: "68ef7d6143504eeba96ee091e0d753d3" member_type: VOTER last_known_addr { host: "127.0.58.131" port: 43161 } }
I0720 00:43:52.415570 3931 raft_consensus.cc:340] T c137ad158a18463694d366278635f9b4 P 68ef7d6143504eeba96ee091e0d753d3 [term 0 FOLLOWER]: Replica starting. Triggering 0 pending transactions. Active config: opid_index: -1 OBSOLETE_local: false peers { permanent_uuid: "aa238bcb02fb407ebb4fdca6d3865dd4" member_type: VOTER last_known_addr { host: "127.0.58.130" port: 46827 } } peers { permanent_uuid: "68ef7d6143504eeba96ee091e0d753d3" member_type: VOTER last_known_addr { host: "127.0.58.131" port: 43161 } } peers { permanent_uuid: "16c6738598e748b383992ddac5e2c2ca" member_type: VOTER last_known_addr { host: "127.0.58.129" port: 39177 } }
I0720 00:43:52.415702 3931 raft_consensus.cc:366] T c137ad158a18463694d366278635f9b4 P 68ef7d6143504eeba96ee091e0d753d3 [term 0 FOLLOWER]: Consensus starting up: Expiring failure detector timer to make a prompt election more likely
I0720 00:43:52.415740 3931 raft_consensus.cc:705] T c137ad158a18463694d366278635f9b4 P 68ef7d6143504eeba96ee091e0d753d3 [term 0 FOLLOWER]: Becoming Follower/Learner. State: Replica: 68ef7d6143504eeba96ee091e0d753d3, State: Initialized, Role: FOLLOWER
I0720 00:43:52.415864 3931 consensus_queue.cc:229] T c137ad158a18463694d366278635f9b4 P 68ef7d6143504eeba96ee091e0d753d3 [NON_LEADER]: Queue going to NON_LEADER mode. State: All replicated index: 0, Majority replicated index: 0, Committed index: 0, Last appended: 0.0, Last appended by leader: 0, Current term: 0, Majority size: -1, State: 0, Mode: NON_LEADER, active raft config: opid_index: -1 OBSOLETE_local: false peers { permanent_uuid: "aa238bcb02fb407ebb4fdca6d3865dd4" member_type: VOTER last_known_addr { host: "127.0.58.130" port: 46827 } } peers { permanent_uuid: "68ef7d6143504eeba96ee091e0d753d3" member_type: VOTER last_known_addr { host: "127.0.58.131" port: 43161 } } peers { permanent_uuid: "16c6738598e748b383992ddac5e2c2ca" member_type: VOTER last_known_addr { host: "127.0.58.129" port: 39177 } }
I0720 00:43:52.416538 3762 heartbeater.cc:446] Master 127.0.58.190:34297 was elected leader, sending a full tablet report...
I0720 00:43:52.417217 3933 ts_tablet_manager.cc:1087] T 6042d34aeef84544bb6535ed8ca52ac3 P 68ef7d6143504eeba96ee091e0d753d3: Time spent starting tablet: real 0.029s user 0.000s sys 0.005s
I0720 00:43:52.417390 3931 ts_tablet_manager.cc:1087] T c137ad158a18463694d366278635f9b4 P 68ef7d6143504eeba96ee091e0d753d3: Time spent starting tablet: real 0.024s user 0.000s sys 0.005s
I0720 00:43:52.417762 3932 ts_tablet_manager.cc:1087] T 7548db0376b04d4b8ca358bcddb84fd5 P 68ef7d6143504eeba96ee091e0d753d3: Time spent starting tablet: real 0.037s user 0.003s sys 0.005s
I0720 00:43:52.418025 3936 ts_tablet_manager.cc:1087] T 707b2290dfb44e3caa26d19101fd8b3e P 68ef7d6143504eeba96ee091e0d753d3: Time spent starting tablet: real 0.036s user 0.005s sys 0.001s
W0720 00:43:52.427817 3637 tablet.cc:1799] T 6042d34aeef84544bb6535ed8ca52ac3 P aa238bcb02fb407ebb4fdca6d3865dd4: Can't schedule compaction. Clean time has not been advanced past its initial value.
W0720 00:43:52.444607 3763 tablet.cc:1799] T 6042d34aeef84544bb6535ed8ca52ac3 P 68ef7d6143504eeba96ee091e0d753d3: Can't schedule compaction. Clean time has not been advanced past its initial value.
I0720 00:43:52.444726 3951 raft_consensus.cc:472] T 983da8448c254fb690777c7dbccbf7fa P aa238bcb02fb407ebb4fdca6d3865dd4 [term 0 FOLLOWER]: Starting pre-election (no leader contacted us within the election timeout)
I0720 00:43:52.444928 3951 raft_consensus.cc:494] T 983da8448c254fb690777c7dbccbf7fa P aa238bcb02fb407ebb4fdca6d3865dd4 [term 0 FOLLOWER]: Starting pre-election with config: opid_index: -1 OBSOLETE_local: false peers { permanent_uuid: "16c6738598e748b383992ddac5e2c2ca" member_type: VOTER last_known_addr { host: "127.0.58.129" port: 39177 } } peers { permanent_uuid: "5af276af9d674086b48b969af0dff3fc" member_type: VOTER last_known_addr { host: "127.0.58.132" port: 34605 } } peers { permanent_uuid: "aa238bcb02fb407ebb4fdca6d3865dd4" member_type: VOTER last_known_addr { host: "127.0.58.130" port: 46827 } }
I0720 00:43:52.446360 3951 leader_election.cc:296] T 983da8448c254fb690777c7dbccbf7fa P aa238bcb02fb407ebb4fdca6d3865dd4 [CANDIDATE]: Term 1 pre-election: Requested pre-vote from peers 16c6738598e748b383992ddac5e2c2ca (127.0.58.129:39177), 5af276af9d674086b48b969af0dff3fc (127.0.58.132:34605)
W0720 00:43:52.450639 3889 tablet.cc:1799] T 6042d34aeef84544bb6535ed8ca52ac3 P 5af276af9d674086b48b969af0dff3fc: Can't schedule compaction. Clean time has not been advanced past its initial value.
I0720 00:43:52.453274 3845 tablet_service.cc:1295] Received RequestConsensusVote() RPC: tablet_id: "983da8448c254fb690777c7dbccbf7fa" candidate_uuid: "aa238bcb02fb407ebb4fdca6d3865dd4" candidate_term: 1 candidate_status { last_received { term: 0 index: 0 } } ignore_live_leader: false dest_uuid: "5af276af9d674086b48b969af0dff3fc" is_pre_election: true
I0720 00:43:52.453281 3466 tablet_service.cc:1295] Received RequestConsensusVote() RPC: tablet_id: "983da8448c254fb690777c7dbccbf7fa" candidate_uuid: "aa238bcb02fb407ebb4fdca6d3865dd4" candidate_term: 1 candidate_status { last_received { term: 0 index: 0 } } ignore_live_leader: false dest_uuid: "16c6738598e748b383992ddac5e2c2ca" is_pre_election: true
I0720 00:43:52.453595 3845 raft_consensus.cc:2350] T 983da8448c254fb690777c7dbccbf7fa P 5af276af9d674086b48b969af0dff3fc [term 0 FOLLOWER]: Leader pre-election vote request: Granting yes vote for candidate aa238bcb02fb407ebb4fdca6d3865dd4 in term 0.
I0720 00:43:52.453595 3466 raft_consensus.cc:2350] T 983da8448c254fb690777c7dbccbf7fa P 16c6738598e748b383992ddac5e2c2ca [term 0 FOLLOWER]: Leader pre-election vote request: Granting yes vote for candidate aa238bcb02fb407ebb4fdca6d3865dd4 in term 0.
I0720 00:43:52.454160 3525 leader_election.cc:310] T 983da8448c254fb690777c7dbccbf7fa P aa238bcb02fb407ebb4fdca6d3865dd4 [CANDIDATE]: Term 1 pre-election: Election decided. Result: candidate won. Election summary: received 2 responses out of 3 voters: 2 yes votes; 0 no votes. yes voters: 5af276af9d674086b48b969af0dff3fc, aa238bcb02fb407ebb4fdca6d3865dd4; no voters:
I0720 00:43:52.454562 3951 raft_consensus.cc:2644] T 983da8448c254fb690777c7dbccbf7fa P aa238bcb02fb407ebb4fdca6d3865dd4 [term 0 FOLLOWER]: Leader pre-election won for term 1
I0720 00:43:52.454660 3951 raft_consensus.cc:472] T 983da8448c254fb690777c7dbccbf7fa P aa238bcb02fb407ebb4fdca6d3865dd4 [term 0 FOLLOWER]: Starting leader election (no leader contacted us within the election timeout)
I0720 00:43:52.454717 3951 raft_consensus.cc:2890] T 983da8448c254fb690777c7dbccbf7fa P aa238bcb02fb407ebb4fdca6d3865dd4 [term 0 FOLLOWER]: Advancing to term 1
I0720 00:43:52.456363 3951 raft_consensus.cc:494] T 983da8448c254fb690777c7dbccbf7fa P aa238bcb02fb407ebb4fdca6d3865dd4 [term 1 FOLLOWER]: Starting leader election with config: opid_index: -1 OBSOLETE_local: false peers { permanent_uuid: "16c6738598e748b383992ddac5e2c2ca" member_type: VOTER last_known_addr { host: "127.0.58.129" port: 39177 } } peers { permanent_uuid: "5af276af9d674086b48b969af0dff3fc" member_type: VOTER last_known_addr { host: "127.0.58.132" port: 34605 } } peers { permanent_uuid: "aa238bcb02fb407ebb4fdca6d3865dd4" member_type: VOTER last_known_addr { host: "127.0.58.130" port: 46827 } }
I0720 00:43:52.456866 3951 leader_election.cc:296] T 983da8448c254fb690777c7dbccbf7fa P aa238bcb02fb407ebb4fdca6d3865dd4 [CANDIDATE]: Term 1 election: Requested vote from peers 16c6738598e748b383992ddac5e2c2ca (127.0.58.129:39177), 5af276af9d674086b48b969af0dff3fc (127.0.58.132:34605)
I0720 00:43:52.457346 3466 tablet_service.cc:1295] Received RequestConsensusVote() RPC: tablet_id: "983da8448c254fb690777c7dbccbf7fa" candidate_uuid: "aa238bcb02fb407ebb4fdca6d3865dd4" candidate_term: 1 candidate_status { last_received { term: 0 index: 0 } } ignore_live_leader: false dest_uuid: "16c6738598e748b383992ddac5e2c2ca"
I0720 00:43:52.457348 3845 tablet_service.cc:1295] Received RequestConsensusVote() RPC: tablet_id: "983da8448c254fb690777c7dbccbf7fa" candidate_uuid: "aa238bcb02fb407ebb4fdca6d3865dd4" candidate_term: 1 candidate_status { last_received { term: 0 index: 0 } } ignore_live_leader: false dest_uuid: "5af276af9d674086b48b969af0dff3fc"
I0720 00:43:52.457473 3466 raft_consensus.cc:2890] T 983da8448c254fb690777c7dbccbf7fa P 16c6738598e748b383992ddac5e2c2ca [term 0 FOLLOWER]: Advancing to term 1
I0720 00:43:52.457479 3845 raft_consensus.cc:2890] T 983da8448c254fb690777c7dbccbf7fa P 5af276af9d674086b48b969af0dff3fc [term 0 FOLLOWER]: Advancing to term 1
I0720 00:43:52.459131 3845 raft_consensus.cc:2350] T 983da8448c254fb690777c7dbccbf7fa P 5af276af9d674086b48b969af0dff3fc [term 1 FOLLOWER]: Leader election vote request: Granting yes vote for candidate aa238bcb02fb407ebb4fdca6d3865dd4 in term 1.
I0720 00:43:52.459164 3466 raft_consensus.cc:2350] T 983da8448c254fb690777c7dbccbf7fa P 16c6738598e748b383992ddac5e2c2ca [term 1 FOLLOWER]: Leader election vote request: Granting yes vote for candidate aa238bcb02fb407ebb4fdca6d3865dd4 in term 1.
I0720 00:43:52.459460 3525 leader_election.cc:310] T 983da8448c254fb690777c7dbccbf7fa P aa238bcb02fb407ebb4fdca6d3865dd4 [CANDIDATE]: Term 1 election: Election decided. Result: candidate won. Election summary: received 2 responses out of 3 voters: 2 yes votes; 0 no votes. yes voters: 5af276af9d674086b48b969af0dff3fc, aa238bcb02fb407ebb4fdca6d3865dd4; no voters:
I0720 00:43:52.459725 3951 raft_consensus.cc:2644] T 983da8448c254fb690777c7dbccbf7fa P aa238bcb02fb407ebb4fdca6d3865dd4 [term 1 FOLLOWER]: Leader election won for term 1
I0720 00:43:52.459862 3951 raft_consensus.cc:667] T 983da8448c254fb690777c7dbccbf7fa P aa238bcb02fb407ebb4fdca6d3865dd4 [term 1 LEADER]: Becoming Leader. State: Replica: aa238bcb02fb407ebb4fdca6d3865dd4, State: Running, Role: LEADER
I0720 00:43:52.460220 3953 raft_consensus.cc:472] T 6042d34aeef84544bb6535ed8ca52ac3 P aa238bcb02fb407ebb4fdca6d3865dd4 [term 0 FOLLOWER]: Starting pre-election (no leader contacted us within the election timeout)
I0720 00:43:52.460449 3953 raft_consensus.cc:494] T 6042d34aeef84544bb6535ed8ca52ac3 P aa238bcb02fb407ebb4fdca6d3865dd4 [term 0 FOLLOWER]: Starting pre-election with config: opid_index: -1 OBSOLETE_local: false peers { permanent_uuid: "5af276af9d674086b48b969af0dff3fc" member_type: VOTER last_known_addr { host: "127.0.58.132" port: 34605 } } peers { permanent_uuid: "aa238bcb02fb407ebb4fdca6d3865dd4" member_type: VOTER last_known_addr { host: "127.0.58.130" port: 46827 } } peers { permanent_uuid: "68ef7d6143504eeba96ee091e0d753d3" member_type: VOTER last_known_addr { host: "127.0.58.131" port: 43161 } }
I0720 00:43:52.460427 3951 consensus_queue.cc:206] T 983da8448c254fb690777c7dbccbf7fa P aa238bcb02fb407ebb4fdca6d3865dd4 [LEADER]: Queue going to LEADER mode. State: All replicated index: 0, Majority replicated index: 0, Committed index: 0, Last appended: 0.0, Last appended by leader: 0, Current term: 1, Majority size: 2, State: 0, Mode: LEADER, active raft config: opid_index: -1 OBSOLETE_local: false peers { permanent_uuid: "16c6738598e748b383992ddac5e2c2ca" member_type: VOTER last_known_addr { host: "127.0.58.129" port: 39177 } } peers { permanent_uuid: "5af276af9d674086b48b969af0dff3fc" member_type: VOTER last_known_addr { host: "127.0.58.132" port: 34605 } } peers { permanent_uuid: "aa238bcb02fb407ebb4fdca6d3865dd4" member_type: VOTER last_known_addr { host: "127.0.58.130" port: 46827 } }
I0720 00:43:52.461755 3953 leader_election.cc:296] T 6042d34aeef84544bb6535ed8ca52ac3 P aa238bcb02fb407ebb4fdca6d3865dd4 [CANDIDATE]: Term 1 pre-election: Requested pre-vote from peers 5af276af9d674086b48b969af0dff3fc (127.0.58.132:34605), 68ef7d6143504eeba96ee091e0d753d3 (127.0.58.131:43161)
I0720 00:43:52.461984 3845 tablet_service.cc:1295] Received RequestConsensusVote() RPC: tablet_id: "6042d34aeef84544bb6535ed8ca52ac3" candidate_uuid: "aa238bcb02fb407ebb4fdca6d3865dd4" candidate_term: 1 candidate_status { last_received { term: 0 index: 0 } } ignore_live_leader: false dest_uuid: "5af276af9d674086b48b969af0dff3fc" is_pre_election: true
I0720 00:43:52.462180 3845 raft_consensus.cc:2350] T 6042d34aeef84544bb6535ed8ca52ac3 P 5af276af9d674086b48b969af0dff3fc [term 0 FOLLOWER]: Leader pre-election vote request: Granting yes vote for candidate aa238bcb02fb407ebb4fdca6d3865dd4 in term 0.
I0720 00:43:52.462620 3525 leader_election.cc:310] T 6042d34aeef84544bb6535ed8ca52ac3 P aa238bcb02fb407ebb4fdca6d3865dd4 [CANDIDATE]: Term 1 pre-election: Election decided. Result: candidate won. Election summary: received 2 responses out of 3 voters: 2 yes votes; 0 no votes. yes voters: 5af276af9d674086b48b969af0dff3fc, aa238bcb02fb407ebb4fdca6d3865dd4; no voters:
I0720 00:43:52.462962 3951 raft_consensus.cc:2644] T 6042d34aeef84544bb6535ed8ca52ac3 P aa238bcb02fb407ebb4fdca6d3865dd4 [term 0 FOLLOWER]: Leader pre-election won for term 1
I0720 00:43:52.463110 3951 raft_consensus.cc:472] T 6042d34aeef84544bb6535ed8ca52ac3 P aa238bcb02fb407ebb4fdca6d3865dd4 [term 0 FOLLOWER]: Starting leader election (no leader contacted us within the election timeout)
I0720 00:43:52.463214 3951 raft_consensus.cc:2890] T 6042d34aeef84544bb6535ed8ca52ac3 P aa238bcb02fb407ebb4fdca6d3865dd4 [term 0 FOLLOWER]: Advancing to term 1
I0720 00:43:52.465342 3951 raft_consensus.cc:494] T 6042d34aeef84544bb6535ed8ca52ac3 P aa238bcb02fb407ebb4fdca6d3865dd4 [term 1 FOLLOWER]: Starting leader election with config: opid_index: -1 OBSOLETE_local: false peers { permanent_uuid: "5af276af9d674086b48b969af0dff3fc" member_type: VOTER last_known_addr { host: "127.0.58.132" port: 34605 } } peers { permanent_uuid: "aa238bcb02fb407ebb4fdca6d3865dd4" member_type: VOTER last_known_addr { host: "127.0.58.130" port: 46827 } } peers { permanent_uuid: "68ef7d6143504eeba96ee091e0d753d3" member_type: VOTER last_known_addr { host: "127.0.58.131" port: 43161 } }
I0720 00:43:52.464916 3342 catalog_manager.cc:4067] T 983da8448c254fb690777c7dbccbf7fa P aa238bcb02fb407ebb4fdca6d3865dd4 reported cstate change: term changed from 0 to 1, leader changed from to aa238bcb02fb407ebb4fdca6d3865dd4 (127.0.58.130). New cstate: current_term: 1 leader_uuid: "aa238bcb02fb407ebb4fdca6d3865dd4" committed_config { opid_index: -1 OBSOLETE_local: false peers { permanent_uuid: "16c6738598e748b383992ddac5e2c2ca" member_type: VOTER last_known_addr { host: "127.0.58.129" port: 39177 } health_report { overall_health: UNKNOWN } } peers { permanent_uuid: "5af276af9d674086b48b969af0dff3fc" member_type: VOTER last_known_addr { host: "127.0.58.132" port: 34605 } health_report { overall_health: UNKNOWN } } peers { permanent_uuid: "aa238bcb02fb407ebb4fdca6d3865dd4" member_type: VOTER last_known_addr { host: "127.0.58.130" port: 46827 } health_report { overall_health: HEALTHY } } }
I0720 00:43:52.466225 3845 tablet_service.cc:1295] Received RequestConsensusVote() RPC: tablet_id: "6042d34aeef84544bb6535ed8ca52ac3" candidate_uuid: "aa238bcb02fb407ebb4fdca6d3865dd4" candidate_term: 1 candidate_status { last_received { term: 0 index: 0 } } ignore_live_leader: false dest_uuid: "5af276af9d674086b48b969af0dff3fc"
I0720 00:43:52.466400 3845 raft_consensus.cc:2890] T 6042d34aeef84544bb6535ed8ca52ac3 P 5af276af9d674086b48b969af0dff3fc [term 0 FOLLOWER]: Advancing to term 1
I0720 00:43:52.467236 3719 tablet_service.cc:1295] Received RequestConsensusVote() RPC: tablet_id: "6042d34aeef84544bb6535ed8ca52ac3" candidate_uuid: "aa238bcb02fb407ebb4fdca6d3865dd4" candidate_term: 1 candidate_status { last_received { term: 0 index: 0 } } ignore_live_leader: false dest_uuid: "68ef7d6143504eeba96ee091e0d753d3" is_pre_election: true
I0720 00:43:52.467520 3719 raft_consensus.cc:2350] T 6042d34aeef84544bb6535ed8ca52ac3 P 68ef7d6143504eeba96ee091e0d753d3 [term 0 FOLLOWER]: Leader pre-election vote request: Granting yes vote for candidate aa238bcb02fb407ebb4fdca6d3865dd4 in term 0.
I0720 00:43:52.468286 3950 raft_consensus.cc:472] T 7548db0376b04d4b8ca358bcddb84fd5 P 16c6738598e748b383992ddac5e2c2ca [term 0 FOLLOWER]: Starting pre-election (no leader contacted us within the election timeout)
I0720 00:43:52.468443 3845 raft_consensus.cc:2350] T 6042d34aeef84544bb6535ed8ca52ac3 P 5af276af9d674086b48b969af0dff3fc [term 1 FOLLOWER]: Leader election vote request: Granting yes vote for candidate aa238bcb02fb407ebb4fdca6d3865dd4 in term 1.
I0720 00:43:52.468509 3950 raft_consensus.cc:494] T 7548db0376b04d4b8ca358bcddb84fd5 P 16c6738598e748b383992ddac5e2c2ca [term 0 FOLLOWER]: Starting pre-election with config: opid_index: -1 OBSOLETE_local: false peers { permanent_uuid: "68ef7d6143504eeba96ee091e0d753d3" member_type: VOTER last_known_addr { host: "127.0.58.131" port: 43161 } } peers { permanent_uuid: "5af276af9d674086b48b969af0dff3fc" member_type: VOTER last_known_addr { host: "127.0.58.132" port: 34605 } } peers { permanent_uuid: "16c6738598e748b383992ddac5e2c2ca" member_type: VOTER last_known_addr { host: "127.0.58.129" port: 39177 } }
I0720 00:43:52.468780 3525 leader_election.cc:310] T 6042d34aeef84544bb6535ed8ca52ac3 P aa238bcb02fb407ebb4fdca6d3865dd4 [CANDIDATE]: Term 1 election: Election decided. Result: candidate won. Election summary: received 2 responses out of 3 voters: 2 yes votes; 0 no votes. yes voters: 5af276af9d674086b48b969af0dff3fc, aa238bcb02fb407ebb4fdca6d3865dd4; no voters:
I0720 00:43:52.469095 3953 raft_consensus.cc:2644] T 6042d34aeef84544bb6535ed8ca52ac3 P aa238bcb02fb407ebb4fdca6d3865dd4 [term 1 FOLLOWER]: Leader election won for term 1
I0720 00:43:52.469143 3719 tablet_service.cc:1295] Received RequestConsensusVote() RPC: tablet_id: "6042d34aeef84544bb6535ed8ca52ac3" candidate_uuid: "aa238bcb02fb407ebb4fdca6d3865dd4" candidate_term: 1 candidate_status { last_received { term: 0 index: 0 } } ignore_live_leader: false dest_uuid: "68ef7d6143504eeba96ee091e0d753d3"
I0720 00:43:52.469255 3953 raft_consensus.cc:667] T 6042d34aeef84544bb6535ed8ca52ac3 P aa238bcb02fb407ebb4fdca6d3865dd4 [term 1 LEADER]: Becoming Leader. State: Replica: aa238bcb02fb407ebb4fdca6d3865dd4, State: Running, Role: LEADER
I0720 00:43:52.469288 3719 raft_consensus.cc:2890] T 6042d34aeef84544bb6535ed8ca52ac3 P 68ef7d6143504eeba96ee091e0d753d3 [term 0 FOLLOWER]: Advancing to term 1
I0720 00:43:52.469429 3953 consensus_queue.cc:206] T 6042d34aeef84544bb6535ed8ca52ac3 P aa238bcb02fb407ebb4fdca6d3865dd4 [LEADER]: Queue going to LEADER mode. State: All replicated index: 0, Majority replicated index: 0, Committed index: 0, Last appended: 0.0, Last appended by leader: 0, Current term: 1, Majority size: 2, State: 0, Mode: LEADER, active raft config: opid_index: -1 OBSOLETE_local: false peers { permanent_uuid: "5af276af9d674086b48b969af0dff3fc" member_type: VOTER last_known_addr { host: "127.0.58.132" port: 34605 } } peers { permanent_uuid: "aa238bcb02fb407ebb4fdca6d3865dd4" member_type: VOTER last_known_addr { host: "127.0.58.130" port: 46827 } } peers { permanent_uuid: "68ef7d6143504eeba96ee091e0d753d3" member_type: VOTER last_known_addr { host: "127.0.58.131" port: 43161 } }
I0720 00:43:52.471626 3719 raft_consensus.cc:2350] T 6042d34aeef84544bb6535ed8ca52ac3 P 68ef7d6143504eeba96ee091e0d753d3 [term 1 FOLLOWER]: Leader election vote request: Granting yes vote for candidate aa238bcb02fb407ebb4fdca6d3865dd4 in term 1.
I0720 00:43:52.471854 3951 leader_election.cc:296] T 6042d34aeef84544bb6535ed8ca52ac3 P aa238bcb02fb407ebb4fdca6d3865dd4 [CANDIDATE]: Term 1 election: Requested vote from peers 5af276af9d674086b48b969af0dff3fc (127.0.58.132:34605), 68ef7d6143504eeba96ee091e0d753d3 (127.0.58.131:43161)
I0720 00:43:52.472982 3341 catalog_manager.cc:4067] T 6042d34aeef84544bb6535ed8ca52ac3 P aa238bcb02fb407ebb4fdca6d3865dd4 reported cstate change: term changed from 0 to 1, leader changed from to aa238bcb02fb407ebb4fdca6d3865dd4 (127.0.58.130). New cstate: current_term: 1 leader_uuid: "aa238bcb02fb407ebb4fdca6d3865dd4" committed_config { opid_index: -1 OBSOLETE_local: false peers { permanent_uuid: "5af276af9d674086b48b969af0dff3fc" member_type: VOTER last_known_addr { host: "127.0.58.132" port: 34605 } health_report { overall_health: UNKNOWN } } peers { permanent_uuid: "aa238bcb02fb407ebb4fdca6d3865dd4" member_type: VOTER last_known_addr { host: "127.0.58.130" port: 46827 } health_report { overall_health: HEALTHY } } peers { permanent_uuid: "68ef7d6143504eeba96ee091e0d753d3" member_type: VOTER last_known_addr { host: "127.0.58.131" port: 43161 } health_report { overall_health: UNKNOWN } } }
I0720 00:43:52.483497 3950 leader_election.cc:296] T 7548db0376b04d4b8ca358bcddb84fd5 P 16c6738598e748b383992ddac5e2c2ca [CANDIDATE]: Term 1 pre-election: Requested pre-vote from peers 68ef7d6143504eeba96ee091e0d753d3 (127.0.58.131:43161), 5af276af9d674086b48b969af0dff3fc (127.0.58.132:34605)
I0720 00:43:52.494558 3845 tablet_service.cc:1295] Received RequestConsensusVote() RPC: tablet_id: "7548db0376b04d4b8ca358bcddb84fd5" candidate_uuid: "16c6738598e748b383992ddac5e2c2ca" candidate_term: 1 candidate_status { last_received { term: 0 index: 0 } } ignore_live_leader: false dest_uuid: "5af276af9d674086b48b969af0dff3fc" is_pre_election: true
I0720 00:43:52.494570 3719 tablet_service.cc:1295] Received RequestConsensusVote() RPC: tablet_id: "7548db0376b04d4b8ca358bcddb84fd5" candidate_uuid: "16c6738598e748b383992ddac5e2c2ca" candidate_term: 1 candidate_status { last_received { term: 0 index: 0 } } ignore_live_leader: false dest_uuid: "68ef7d6143504eeba96ee091e0d753d3" is_pre_election: true
I0720 00:43:52.494760 3845 raft_consensus.cc:2350] T 7548db0376b04d4b8ca358bcddb84fd5 P 5af276af9d674086b48b969af0dff3fc [term 0 FOLLOWER]: Leader pre-election vote request: Granting yes vote for candidate 16c6738598e748b383992ddac5e2c2ca in term 0.
I0720 00:43:52.494777 3719 raft_consensus.cc:2350] T 7548db0376b04d4b8ca358bcddb84fd5 P 68ef7d6143504eeba96ee091e0d753d3 [term 0 FOLLOWER]: Leader pre-election vote request: Granting yes vote for candidate 16c6738598e748b383992ddac5e2c2ca in term 0.
I0720 00:43:52.495185 3398 leader_election.cc:310] T 7548db0376b04d4b8ca358bcddb84fd5 P 16c6738598e748b383992ddac5e2c2ca [CANDIDATE]: Term 1 pre-election: Election decided. Result: candidate won. Election summary: received 3 responses out of 3 voters: 3 yes votes; 0 no votes. yes voters: 16c6738598e748b383992ddac5e2c2ca, 5af276af9d674086b48b969af0dff3fc, 68ef7d6143504eeba96ee091e0d753d3; no voters:
I0720 00:43:52.495666 3950 raft_consensus.cc:2644] T 7548db0376b04d4b8ca358bcddb84fd5 P 16c6738598e748b383992ddac5e2c2ca [term 0 FOLLOWER]: Leader pre-election won for term 1
I0720 00:43:52.495741 3950 raft_consensus.cc:472] T 7548db0376b04d4b8ca358bcddb84fd5 P 16c6738598e748b383992ddac5e2c2ca [term 0 FOLLOWER]: Starting leader election (no leader contacted us within the election timeout)
I0720 00:43:52.495833 3950 raft_consensus.cc:2890] T 7548db0376b04d4b8ca358bcddb84fd5 P 16c6738598e748b383992ddac5e2c2ca [term 0 FOLLOWER]: Advancing to term 1
I0720 00:43:52.497742 3950 raft_consensus.cc:494] T 7548db0376b04d4b8ca358bcddb84fd5 P 16c6738598e748b383992ddac5e2c2ca [term 1 FOLLOWER]: Starting leader election with config: opid_index: -1 OBSOLETE_local: false peers { permanent_uuid: "68ef7d6143504eeba96ee091e0d753d3" member_type: VOTER last_known_addr { host: "127.0.58.131" port: 43161 } } peers { permanent_uuid: "5af276af9d674086b48b969af0dff3fc" member_type: VOTER last_known_addr { host: "127.0.58.132" port: 34605 } } peers { permanent_uuid: "16c6738598e748b383992ddac5e2c2ca" member_type: VOTER last_known_addr { host: "127.0.58.129" port: 39177 } }
I0720 00:43:52.498293 3950 leader_election.cc:296] T 7548db0376b04d4b8ca358bcddb84fd5 P 16c6738598e748b383992ddac5e2c2ca [CANDIDATE]: Term 1 election: Requested vote from peers 68ef7d6143504eeba96ee091e0d753d3 (127.0.58.131:43161), 5af276af9d674086b48b969af0dff3fc (127.0.58.132:34605)
I0720 00:43:52.498790 3845 tablet_service.cc:1295] Received RequestConsensusVote() RPC: tablet_id: "7548db0376b04d4b8ca358bcddb84fd5" candidate_uuid: "16c6738598e748b383992ddac5e2c2ca" candidate_term: 1 candidate_status { last_received { term: 0 index: 0 } } ignore_live_leader: false dest_uuid: "5af276af9d674086b48b969af0dff3fc"
I0720 00:43:52.498776 3719 tablet_service.cc:1295] Received RequestConsensusVote() RPC: tablet_id: "7548db0376b04d4b8ca358bcddb84fd5" candidate_uuid: "16c6738598e748b383992ddac5e2c2ca" candidate_term: 1 candidate_status { last_received { term: 0 index: 0 } } ignore_live_leader: false dest_uuid: "68ef7d6143504eeba96ee091e0d753d3"
I0720 00:43:52.498967 3845 raft_consensus.cc:2890] T 7548db0376b04d4b8ca358bcddb84fd5 P 5af276af9d674086b48b969af0dff3fc [term 0 FOLLOWER]: Advancing to term 1
I0720 00:43:52.498994 3719 raft_consensus.cc:2890] T 7548db0376b04d4b8ca358bcddb84fd5 P 68ef7d6143504eeba96ee091e0d753d3 [term 0 FOLLOWER]: Advancing to term 1
I0720 00:43:52.501070 3719 raft_consensus.cc:2350] T 7548db0376b04d4b8ca358bcddb84fd5 P 68ef7d6143504eeba96ee091e0d753d3 [term 1 FOLLOWER]: Leader election vote request: Granting yes vote for candidate 16c6738598e748b383992ddac5e2c2ca in term 1.
I0720 00:43:52.501083 3845 raft_consensus.cc:2350] T 7548db0376b04d4b8ca358bcddb84fd5 P 5af276af9d674086b48b969af0dff3fc [term 1 FOLLOWER]: Leader election vote request: Granting yes vote for candidate 16c6738598e748b383992ddac5e2c2ca in term 1.
I0720 00:43:52.501487 3399 leader_election.cc:310] T 7548db0376b04d4b8ca358bcddb84fd5 P 16c6738598e748b383992ddac5e2c2ca [CANDIDATE]: Term 1 election: Election decided. Result: candidate won. Election summary: received 2 responses out of 3 voters: 2 yes votes; 0 no votes. yes voters: 16c6738598e748b383992ddac5e2c2ca, 68ef7d6143504eeba96ee091e0d753d3; no voters:
I0720 00:43:52.501765 3950 raft_consensus.cc:2644] T 7548db0376b04d4b8ca358bcddb84fd5 P 16c6738598e748b383992ddac5e2c2ca [term 1 FOLLOWER]: Leader election won for term 1
I0720 00:43:52.501910 3950 raft_consensus.cc:667] T 7548db0376b04d4b8ca358bcddb84fd5 P 16c6738598e748b383992ddac5e2c2ca [term 1 LEADER]: Becoming Leader. State: Replica: 16c6738598e748b383992ddac5e2c2ca, State: Running, Role: LEADER
I0720 00:43:52.502374 3950 consensus_queue.cc:206] T 7548db0376b04d4b8ca358bcddb84fd5 P 16c6738598e748b383992ddac5e2c2ca [LEADER]: Queue going to LEADER mode. State: All replicated index: 0, Majority replicated index: 0, Committed index: 0, Last appended: 0.0, Last appended by leader: 0, Current term: 1, Majority size: 2, State: 0, Mode: LEADER, active raft config: opid_index: -1 OBSOLETE_local: false peers { permanent_uuid: "68ef7d6143504eeba96ee091e0d753d3" member_type: VOTER last_known_addr { host: "127.0.58.131" port: 43161 } } peers { permanent_uuid: "5af276af9d674086b48b969af0dff3fc" member_type: VOTER last_known_addr { host: "127.0.58.132" port: 34605 } } peers { permanent_uuid: "16c6738598e748b383992ddac5e2c2ca" member_type: VOTER last_known_addr { host: "127.0.58.129" port: 39177 } }
I0720 00:43:52.506064 3341 catalog_manager.cc:4067] T 7548db0376b04d4b8ca358bcddb84fd5 P 16c6738598e748b383992ddac5e2c2ca reported cstate change: term changed from 0 to 1, leader changed from to 16c6738598e748b383992ddac5e2c2ca (127.0.58.129). New cstate: current_term: 1 leader_uuid: "16c6738598e748b383992ddac5e2c2ca" committed_config { opid_index: -1 OBSOLETE_local: false peers { permanent_uuid: "68ef7d6143504eeba96ee091e0d753d3" member_type: VOTER last_known_addr { host: "127.0.58.131" port: 43161 } health_report { overall_health: UNKNOWN } } peers { permanent_uuid: "5af276af9d674086b48b969af0dff3fc" member_type: VOTER last_known_addr { host: "127.0.58.132" port: 34605 } health_report { overall_health: UNKNOWN } } peers { permanent_uuid: "16c6738598e748b383992ddac5e2c2ca" member_type: VOTER last_known_addr { host: "127.0.58.129" port: 39177 } health_report { overall_health: HEALTHY } } }
I0720 00:43:52.513783 3955 raft_consensus.cc:472] T c137ad158a18463694d366278635f9b4 P 68ef7d6143504eeba96ee091e0d753d3 [term 0 FOLLOWER]: Starting pre-election (no leader contacted us within the election timeout)
I0720 00:43:52.513931 3955 raft_consensus.cc:494] T c137ad158a18463694d366278635f9b4 P 68ef7d6143504eeba96ee091e0d753d3 [term 0 FOLLOWER]: Starting pre-election with config: opid_index: -1 OBSOLETE_local: false peers { permanent_uuid: "aa238bcb02fb407ebb4fdca6d3865dd4" member_type: VOTER last_known_addr { host: "127.0.58.130" port: 46827 } } peers { permanent_uuid: "68ef7d6143504eeba96ee091e0d753d3" member_type: VOTER last_known_addr { host: "127.0.58.131" port: 43161 } } peers { permanent_uuid: "16c6738598e748b383992ddac5e2c2ca" member_type: VOTER last_known_addr { host: "127.0.58.129" port: 39177 } }
I0720 00:43:52.515136 3955 leader_election.cc:296] T c137ad158a18463694d366278635f9b4 P 68ef7d6143504eeba96ee091e0d753d3 [CANDIDATE]: Term 1 pre-election: Requested pre-vote from peers aa238bcb02fb407ebb4fdca6d3865dd4 (127.0.58.130:46827), 16c6738598e748b383992ddac5e2c2ca (127.0.58.129:39177)
