I0720 00:43:58.172911 4805 consensus_queue.cc:229] T 0a7ad36f80f44067ba0087a2768e26ac P fc86e9a330584f00b998288875c0586f [NON_LEADER]: Queue going to NON_LEADER mode. State: All replicated index: 0, Majority replicated index: 0, Committed index: 0, Last appended: 0.0, Last appended by leader: 0, Current term: 0, Majority size: -1, State: 0, Mode: NON_LEADER, active raft config: opid_index: -1 OBSOLETE_local: false peers { permanent_uuid: "506b8430b3284890b468e7ef55b6ca79" member_type: VOTER last_known_addr { host: "127.0.58.129" port: 36375 } } peers { permanent_uuid: "a29a463e4c2e4f61a400dde426c625e8" member_type: VOTER last_known_addr { host: "127.0.58.130" port: 43527 } } peers { permanent_uuid: "fc86e9a330584f00b998288875c0586f" member_type: VOTER last_known_addr { host: "127.0.58.131" port: 42343 } }
I0720 00:43:58.174178 4813 tablet_bootstrap.cc:590] T 5758df4920ce4bbab0424048f13fea41 P 506b8430b3284890b468e7ef55b6ca79: No blocks or log segments found. Creating new log.
I0720 00:43:58.174878 4805 ts_tablet_manager.cc:1087] T 0a7ad36f80f44067ba0087a2768e26ac P fc86e9a330584f00b998288875c0586f: Time spent starting tablet: real 0.003s user 0.001s sys 0.000s
I0720 00:43:58.175158 4805 tablet_bootstrap.cc:439] T 73ac7512c8584fe3ad887ffef570df8d P fc86e9a330584f00b998288875c0586f: Bootstrap starting.
I0720 00:43:58.174731 4814 tablet_bootstrap.cc:439] T 7869d31b2ece4c38b8cf73ba177d2787 P 506b8430b3284890b468e7ef55b6ca79: No bootstrap required, opened a new log
I0720 00:43:58.175410 4814 ts_tablet_manager.cc:1059] T 7869d31b2ece4c38b8cf73ba177d2787 P 506b8430b3284890b468e7ef55b6ca79: Time spent bootstrapping tablet: real 0.010s user 0.002s sys 0.000s
I0720 00:43:58.175493 4809 raft_consensus.cc:705] T 7869d31b2ece4c38b8cf73ba177d2787 P a29a463e4c2e4f61a400dde426c625e8 [term 0 FOLLOWER]: Becoming Follower/Learner. State: Replica: a29a463e4c2e4f61a400dde426c625e8, State: Initialized, Role: FOLLOWER
I0720 00:43:58.175740 4809 consensus_queue.cc:229] T 7869d31b2ece4c38b8cf73ba177d2787 P a29a463e4c2e4f61a400dde426c625e8 [NON_LEADER]: Queue going to NON_LEADER mode. State: All replicated index: 0, Majority replicated index: 0, Committed index: 0, Last appended: 0.0, Last appended by leader: 0, Current term: 0, Majority size: -1, State: 0, Mode: NON_LEADER, active raft config: opid_index: -1 OBSOLETE_local: false peers { permanent_uuid: "506b8430b3284890b468e7ef55b6ca79" member_type: VOTER last_known_addr { host: "127.0.58.129" port: 36375 } } peers { permanent_uuid: "a29a463e4c2e4f61a400dde426c625e8" member_type: VOTER last_known_addr { host: "127.0.58.130" port: 43527 } } peers { permanent_uuid: "fc86e9a330584f00b998288875c0586f" member_type: VOTER last_known_addr { host: "127.0.58.131" port: 42343 } }
I0720 00:43:58.175853 4814 raft_consensus.cc:340] T 7869d31b2ece4c38b8cf73ba177d2787 P 506b8430b3284890b468e7ef55b6ca79 [term 0 FOLLOWER]: Replica starting. Triggering 0 pending transactions. Active config: opid_index: -1 OBSOLETE_local: false peers { permanent_uuid: "506b8430b3284890b468e7ef55b6ca79" member_type: VOTER last_known_addr { host: "127.0.58.129" port: 36375 } } peers { permanent_uuid: "a29a463e4c2e4f61a400dde426c625e8" member_type: VOTER last_known_addr { host: "127.0.58.130" port: 43527 } } peers { permanent_uuid: "fc86e9a330584f00b998288875c0586f" member_type: VOTER last_known_addr { host: "127.0.58.131" port: 42343 } }
I0720 00:43:58.176076 4814 raft_consensus.cc:366] T 7869d31b2ece4c38b8cf73ba177d2787 P 506b8430b3284890b468e7ef55b6ca79 [term 0 FOLLOWER]: Consensus starting up: Expiring failure detector timer to make a prompt election more likely
I0720 00:43:58.176128 4814 raft_consensus.cc:705] T 7869d31b2ece4c38b8cf73ba177d2787 P 506b8430b3284890b468e7ef55b6ca79 [term 0 FOLLOWER]: Becoming Follower/Learner. State: Replica: 506b8430b3284890b468e7ef55b6ca79, State: Initialized, Role: FOLLOWER
I0720 00:43:58.176285 4805 tablet_bootstrap.cc:590] T 73ac7512c8584fe3ad887ffef570df8d P fc86e9a330584f00b998288875c0586f: No blocks or log segments found. Creating new log.
I0720 00:43:58.176299 4814 consensus_queue.cc:229] T 7869d31b2ece4c38b8cf73ba177d2787 P 506b8430b3284890b468e7ef55b6ca79 [NON_LEADER]: Queue going to NON_LEADER mode. State: All replicated index: 0, Majority replicated index: 0, Committed index: 0, Last appended: 0.0, Last appended by leader: 0, Current term: 0, Majority size: -1, State: 0, Mode: NON_LEADER, active raft config: opid_index: -1 OBSOLETE_local: false peers { permanent_uuid: "506b8430b3284890b468e7ef55b6ca79" member_type: VOTER last_known_addr { host: "127.0.58.129" port: 36375 } } peers { permanent_uuid: "a29a463e4c2e4f61a400dde426c625e8" member_type: VOTER last_known_addr { host: "127.0.58.130" port: 43527 } } peers { permanent_uuid: "fc86e9a330584f00b998288875c0586f" member_type: VOTER last_known_addr { host: "127.0.58.131" port: 42343 } }
I0720 00:43:58.176709 4655 heartbeater.cc:446] Master 127.0.58.190:42541 was elected leader, sending a full tablet report...
I0720 00:43:58.175213 4804 ts_tablet_manager.cc:1087] T c4890cfc794b469d8765701546219a19 P fc86e9a330584f00b998288875c0586f: Time spent starting tablet: real 0.001s user 0.000s sys 0.000s
I0720 00:43:58.177502 4803 tablet_bootstrap.cc:439] T 19920b309dd84a01b2cc74ddbbd10854 P fc86e9a330584f00b998288875c0586f: No bootstrap required, opened a new log
I0720 00:43:58.177585 4803 ts_tablet_manager.cc:1059] T 19920b309dd84a01b2cc74ddbbd10854 P fc86e9a330584f00b998288875c0586f: Time spent bootstrapping tablet: real 0.008s user 0.002s sys 0.000s
I0720 00:43:58.177662 4810 ts_tablet_manager.cc:1087] T 5758df4920ce4bbab0424048f13fea41 P a29a463e4c2e4f61a400dde426c625e8: Time spent starting tablet: real 0.029s user 0.003s sys 0.003s
I0720 00:43:58.178014 4810 tablet_bootstrap.cc:439] T 73ea05088cb24563bcf684d6199dd946 P a29a463e4c2e4f61a400dde426c625e8: Bootstrap starting.
I0720 00:43:58.178025 4803 raft_consensus.cc:340] T 19920b309dd84a01b2cc74ddbbd10854 P fc86e9a330584f00b998288875c0586f [term 0 FOLLOWER]: Replica starting. Triggering 0 pending transactions. Active config: opid_index: -1 OBSOLETE_local: false peers { permanent_uuid: "a29a463e4c2e4f61a400dde426c625e8" member_type: VOTER last_known_addr { host: "127.0.58.130" port: 43527 } } peers { permanent_uuid: "506b8430b3284890b468e7ef55b6ca79" member_type: VOTER last_known_addr { host: "127.0.58.129" port: 36375 } } peers { permanent_uuid: "fc86e9a330584f00b998288875c0586f" member_type: VOTER last_known_addr { host: "127.0.58.131" port: 42343 } }
I0720 00:43:58.178179 4812 tablet_bootstrap.cc:439] T 9ef65edd881743f691ebb903dad80c36 P 506b8430b3284890b468e7ef55b6ca79: No bootstrap required, opened a new log
I0720 00:43:58.178278 4812 ts_tablet_manager.cc:1059] T 9ef65edd881743f691ebb903dad80c36 P 506b8430b3284890b468e7ef55b6ca79: Time spent bootstrapping tablet: real 0.008s user 0.002s sys 0.000s
I0720 00:43:58.178278 4803 raft_consensus.cc:366] T 19920b309dd84a01b2cc74ddbbd10854 P fc86e9a330584f00b998288875c0586f [term 0 FOLLOWER]: Consensus starting up: Expiring failure detector timer to make a prompt election more likely
I0720 00:43:58.178324 4803 raft_consensus.cc:705] T 19920b309dd84a01b2cc74ddbbd10854 P fc86e9a330584f00b998288875c0586f [term 0 FOLLOWER]: Becoming Follower/Learner. State: Replica: fc86e9a330584f00b998288875c0586f, State: Initialized, Role: FOLLOWER
I0720 00:43:58.178333 4809 ts_tablet_manager.cc:1087] T 7869d31b2ece4c38b8cf73ba177d2787 P a29a463e4c2e4f61a400dde426c625e8: Time spent starting tablet: real 0.035s user 0.007s sys 0.000s
I0720 00:43:58.178516 4809 tablet_bootstrap.cc:439] T ca6a2a19cbbe4648a8a76de1e43c405b P a29a463e4c2e4f61a400dde426c625e8: Bootstrap starting.
I0720 00:43:58.178534 4803 consensus_queue.cc:229] T 19920b309dd84a01b2cc74ddbbd10854 P fc86e9a330584f00b998288875c0586f [NON_LEADER]: Queue going to NON_LEADER mode. State: All replicated index: 0, Majority replicated index: 0, Committed index: 0, Last appended: 0.0, Last appended by leader: 0, Current term: 0, Majority size: -1, State: 0, Mode: NON_LEADER, active raft config: opid_index: -1 OBSOLETE_local: false peers { permanent_uuid: "a29a463e4c2e4f61a400dde426c625e8" member_type: VOTER last_known_addr { host: "127.0.58.130" port: 43527 } } peers { permanent_uuid: "506b8430b3284890b468e7ef55b6ca79" member_type: VOTER last_known_addr { host: "127.0.58.129" port: 36375 } } peers { permanent_uuid: "fc86e9a330584f00b998288875c0586f" member_type: VOTER last_known_addr { host: "127.0.58.131" port: 42343 } }
I0720 00:43:58.178907 4812 raft_consensus.cc:340] T 9ef65edd881743f691ebb903dad80c36 P 506b8430b3284890b468e7ef55b6ca79 [term 0 FOLLOWER]: Replica starting. Triggering 0 pending transactions. Active config: opid_index: -1 OBSOLETE_local: false peers { permanent_uuid: "506b8430b3284890b468e7ef55b6ca79" member_type: VOTER last_known_addr { host: "127.0.58.129" port: 36375 } } peers { permanent_uuid: "a29a463e4c2e4f61a400dde426c625e8" member_type: VOTER last_known_addr { host: "127.0.58.130" port: 43527 } } peers { permanent_uuid: "fc86e9a330584f00b998288875c0586f" member_type: VOTER last_known_addr { host: "127.0.58.131" port: 42343 } }
I0720 00:43:58.179170 4812 raft_consensus.cc:366] T 9ef65edd881743f691ebb903dad80c36 P 506b8430b3284890b468e7ef55b6ca79 [term 0 FOLLOWER]: Consensus starting up: Expiring failure detector timer to make a prompt election more likely
I0720 00:43:58.179253 4812 raft_consensus.cc:705] T 9ef65edd881743f691ebb903dad80c36 P 506b8430b3284890b468e7ef55b6ca79 [term 0 FOLLOWER]: Becoming Follower/Learner. State: Replica: 506b8430b3284890b468e7ef55b6ca79, State: Initialized, Role: FOLLOWER
I0720 00:43:58.179543 4814 ts_tablet_manager.cc:1087] T 7869d31b2ece4c38b8cf73ba177d2787 P 506b8430b3284890b468e7ef55b6ca79: Time spent starting tablet: real 0.004s user 0.001s sys 0.000s
I0720 00:43:58.179539 4812 consensus_queue.cc:229] T 9ef65edd881743f691ebb903dad80c36 P 506b8430b3284890b468e7ef55b6ca79 [NON_LEADER]: Queue going to NON_LEADER mode. State: All replicated index: 0, Majority replicated index: 0, Committed index: 0, Last appended: 0.0, Last appended by leader: 0, Current term: 0, Majority size: -1, State: 0, Mode: NON_LEADER, active raft config: opid_index: -1 OBSOLETE_local: false peers { permanent_uuid: "506b8430b3284890b468e7ef55b6ca79" member_type: VOTER last_known_addr { host: "127.0.58.129" port: 36375 } } peers { permanent_uuid: "a29a463e4c2e4f61a400dde426c625e8" member_type: VOTER last_known_addr { host: "127.0.58.130" port: 43527 } } peers { permanent_uuid: "fc86e9a330584f00b998288875c0586f" member_type: VOTER last_known_addr { host: "127.0.58.131" port: 42343 } }
I0720 00:43:58.179793 4814 tablet_bootstrap.cc:439] T 19920b309dd84a01b2cc74ddbbd10854 P 506b8430b3284890b468e7ef55b6ca79: Bootstrap starting.
I0720 00:43:58.179920 4803 ts_tablet_manager.cc:1087] T 19920b309dd84a01b2cc74ddbbd10854 P fc86e9a330584f00b998288875c0586f: Time spent starting tablet: real 0.002s user 0.001s sys 0.000s
I0720 00:43:58.180217 4812 ts_tablet_manager.cc:1087] T 9ef65edd881743f691ebb903dad80c36 P 506b8430b3284890b468e7ef55b6ca79: Time spent starting tablet: real 0.002s user 0.001s sys 0.000s
I0720 00:43:58.180554 4805 tablet_bootstrap.cc:439] T 73ac7512c8584fe3ad887ffef570df8d P fc86e9a330584f00b998288875c0586f: No bootstrap required, opened a new log
I0720 00:43:58.180428 4811 ts_tablet_manager.cc:1087] T 73ac7512c8584fe3ad887ffef570df8d P a29a463e4c2e4f61a400dde426c625e8: Time spent starting tablet: real 0.034s user 0.004s sys 0.004s
I0720 00:43:58.180698 4805 ts_tablet_manager.cc:1059] T 73ac7512c8584fe3ad887ffef570df8d P fc86e9a330584f00b998288875c0586f: Time spent bootstrapping tablet: real 0.006s user 0.002s sys 0.000s
I0720 00:43:58.180938 4811 tablet_bootstrap.cc:439] T 19920b309dd84a01b2cc74ddbbd10854 P a29a463e4c2e4f61a400dde426c625e8: Bootstrap starting.
I0720 00:43:58.181044 4812 tablet_bootstrap.cc:439] T 27285c1e3c36466f9bce8450be7500d4 P 506b8430b3284890b468e7ef55b6ca79: Bootstrap starting.
I0720 00:43:58.181165 4805 raft_consensus.cc:340] T 73ac7512c8584fe3ad887ffef570df8d P fc86e9a330584f00b998288875c0586f [term 0 FOLLOWER]: Replica starting. Triggering 0 pending transactions. Active config: opid_index: -1 OBSOLETE_local: false peers { permanent_uuid: "506b8430b3284890b468e7ef55b6ca79" member_type: VOTER last_known_addr { host: "127.0.58.129" port: 36375 } } peers { permanent_uuid: "a29a463e4c2e4f61a400dde426c625e8" member_type: VOTER last_known_addr { host: "127.0.58.130" port: 43527 } } peers { permanent_uuid: "fc86e9a330584f00b998288875c0586f" member_type: VOTER last_known_addr { host: "127.0.58.131" port: 42343 } }
I0720 00:43:58.181356 4805 raft_consensus.cc:366] T 73ac7512c8584fe3ad887ffef570df8d P fc86e9a330584f00b998288875c0586f [term 0 FOLLOWER]: Consensus starting up: Expiring failure detector timer to make a prompt election more likely
I0720 00:43:58.181438 4805 raft_consensus.cc:705] T 73ac7512c8584fe3ad887ffef570df8d P fc86e9a330584f00b998288875c0586f [term 0 FOLLOWER]: Becoming Follower/Learner. State: Replica: fc86e9a330584f00b998288875c0586f, State: Initialized, Role: FOLLOWER
I0720 00:43:58.181623 4805 consensus_queue.cc:229] T 73ac7512c8584fe3ad887ffef570df8d P fc86e9a330584f00b998288875c0586f [NON_LEADER]: Queue going to NON_LEADER mode. State: All replicated index: 0, Majority replicated index: 0, Committed index: 0, Last appended: 0.0, Last appended by leader: 0, Current term: 0, Majority size: -1, State: 0, Mode: NON_LEADER, active raft config: opid_index: -1 OBSOLETE_local: false peers { permanent_uuid: "506b8430b3284890b468e7ef55b6ca79" member_type: VOTER last_known_addr { host: "127.0.58.129" port: 36375 } } peers { permanent_uuid: "a29a463e4c2e4f61a400dde426c625e8" member_type: VOTER last_known_addr { host: "127.0.58.130" port: 43527 } } peers { permanent_uuid: "fc86e9a330584f00b998288875c0586f" member_type: VOTER last_known_addr { host: "127.0.58.131" port: 42343 } }
I0720 00:43:58.181964 4812 tablet_bootstrap.cc:590] T 27285c1e3c36466f9bce8450be7500d4 P 506b8430b3284890b468e7ef55b6ca79: No blocks or log segments found. Creating new log.
I0720 00:43:58.182036 4805 ts_tablet_manager.cc:1087] T 73ac7512c8584fe3ad887ffef570df8d P fc86e9a330584f00b998288875c0586f: Time spent starting tablet: real 0.001s user 0.001s sys 0.000s
I0720 00:43:58.180879 4814 tablet_bootstrap.cc:590] T 19920b309dd84a01b2cc74ddbbd10854 P 506b8430b3284890b468e7ef55b6ca79: No blocks or log segments found. Creating new log.
I0720 00:43:58.184608 4813 tablet_bootstrap.cc:439] T 5758df4920ce4bbab0424048f13fea41 P 506b8430b3284890b468e7ef55b6ca79: No bootstrap required, opened a new log
I0720 00:43:58.184783 4813 ts_tablet_manager.cc:1059] T 5758df4920ce4bbab0424048f13fea41 P 506b8430b3284890b468e7ef55b6ca79: Time spent bootstrapping tablet: real 0.012s user 0.000s sys 0.002s
I0720 00:43:58.185438 4813 raft_consensus.cc:340] T 5758df4920ce4bbab0424048f13fea41 P 506b8430b3284890b468e7ef55b6ca79 [term 0 FOLLOWER]: Replica starting. Triggering 0 pending transactions. Active config: opid_index: -1 OBSOLETE_local: false peers { permanent_uuid: "a29a463e4c2e4f61a400dde426c625e8" member_type: VOTER last_known_addr { host: "127.0.58.130" port: 43527 } } peers { permanent_uuid: "506b8430b3284890b468e7ef55b6ca79" member_type: VOTER last_known_addr { host: "127.0.58.129" port: 36375 } } peers { permanent_uuid: "fc86e9a330584f00b998288875c0586f" member_type: VOTER last_known_addr { host: "127.0.58.131" port: 42343 } }
I0720 00:43:58.185673 4813 raft_consensus.cc:366] T 5758df4920ce4bbab0424048f13fea41 P 506b8430b3284890b468e7ef55b6ca79 [term 0 FOLLOWER]: Consensus starting up: Expiring failure detector timer to make a prompt election more likely
I0720 00:43:58.185739 4813 raft_consensus.cc:705] T 5758df4920ce4bbab0424048f13fea41 P 506b8430b3284890b468e7ef55b6ca79 [term 0 FOLLOWER]: Becoming Follower/Learner. State: Replica: 506b8430b3284890b468e7ef55b6ca79, State: Initialized, Role: FOLLOWER
I0720 00:43:58.185851 4811 tablet_bootstrap.cc:590] T 19920b309dd84a01b2cc74ddbbd10854 P a29a463e4c2e4f61a400dde426c625e8: No blocks or log segments found. Creating new log.
I0720 00:43:58.186921 4810 tablet_bootstrap.cc:590] T 73ea05088cb24563bcf684d6199dd946 P a29a463e4c2e4f61a400dde426c625e8: No blocks or log segments found. Creating new log.
I0720 00:43:58.187014 4809 tablet_bootstrap.cc:590] T ca6a2a19cbbe4648a8a76de1e43c405b P a29a463e4c2e4f61a400dde426c625e8: No blocks or log segments found. Creating new log.
I0720 00:43:58.185962 4813 consensus_queue.cc:229] T 5758df4920ce4bbab0424048f13fea41 P 506b8430b3284890b468e7ef55b6ca79 [NON_LEADER]: Queue going to NON_LEADER mode. State: All replicated index: 0, Majority replicated index: 0, Committed index: 0, Last appended: 0.0, Last appended by leader: 0, Current term: 0, Majority size: -1, State: 0, Mode: NON_LEADER, active raft config: opid_index: -1 OBSOLETE_local: false peers { permanent_uuid: "a29a463e4c2e4f61a400dde426c625e8" member_type: VOTER last_known_addr { host: "127.0.58.130" port: 43527 } } peers { permanent_uuid: "506b8430b3284890b468e7ef55b6ca79" member_type: VOTER last_known_addr { host: "127.0.58.129" port: 36375 } } peers { permanent_uuid: "fc86e9a330584f00b998288875c0586f" member_type: VOTER last_known_addr { host: "127.0.58.131" port: 42343 } }
I0720 00:43:58.188848 4811 tablet_bootstrap.cc:439] T 19920b309dd84a01b2cc74ddbbd10854 P a29a463e4c2e4f61a400dde426c625e8: No bootstrap required, opened a new log
I0720 00:43:58.189020 4811 ts_tablet_manager.cc:1059] T 19920b309dd84a01b2cc74ddbbd10854 P a29a463e4c2e4f61a400dde426c625e8: Time spent bootstrapping tablet: real 0.008s user 0.003s sys 0.000s
I0720 00:43:58.189198 4813 ts_tablet_manager.cc:1087] T 5758df4920ce4bbab0424048f13fea41 P 506b8430b3284890b468e7ef55b6ca79: Time spent starting tablet: real 0.004s user 0.000s sys 0.001s
I0720 00:43:58.189597 4811 raft_consensus.cc:340] T 19920b309dd84a01b2cc74ddbbd10854 P a29a463e4c2e4f61a400dde426c625e8 [term 0 FOLLOWER]: Replica starting. Triggering 0 pending transactions. Active config: opid_index: -1 OBSOLETE_local: false peers { permanent_uuid: "a29a463e4c2e4f61a400dde426c625e8" member_type: VOTER last_known_addr { host: "127.0.58.130" port: 43527 } } peers { permanent_uuid: "506b8430b3284890b468e7ef55b6ca79" member_type: VOTER last_known_addr { host: "127.0.58.129" port: 36375 } } peers { permanent_uuid: "fc86e9a330584f00b998288875c0586f" member_type: VOTER last_known_addr { host: "127.0.58.131" port: 42343 } }
I0720 00:43:58.189855 4811 raft_consensus.cc:366] T 19920b309dd84a01b2cc74ddbbd10854 P a29a463e4c2e4f61a400dde426c625e8 [term 0 FOLLOWER]: Consensus starting up: Expiring failure detector timer to make a prompt election more likely
I0720 00:43:58.189916 4811 raft_consensus.cc:705] T 19920b309dd84a01b2cc74ddbbd10854 P a29a463e4c2e4f61a400dde426c625e8 [term 0 FOLLOWER]: Becoming Follower/Learner. State: Replica: a29a463e4c2e4f61a400dde426c625e8, State: Initialized, Role: FOLLOWER
I0720 00:43:58.190192 4811 consensus_queue.cc:229] T 19920b309dd84a01b2cc74ddbbd10854 P a29a463e4c2e4f61a400dde426c625e8 [NON_LEADER]: Queue going to NON_LEADER mode. State: All replicated index: 0, Majority replicated index: 0, Committed index: 0, Last appended: 0.0, Last appended by leader: 0, Current term: 0, Majority size: -1, State: 0, Mode: NON_LEADER, active raft config: opid_index: -1 OBSOLETE_local: false peers { permanent_uuid: "a29a463e4c2e4f61a400dde426c625e8" member_type: VOTER last_known_addr { host: "127.0.58.130" port: 43527 } } peers { permanent_uuid: "506b8430b3284890b468e7ef55b6ca79" member_type: VOTER last_known_addr { host: "127.0.58.129" port: 36375 } } peers { permanent_uuid: "fc86e9a330584f00b998288875c0586f" member_type: VOTER last_known_addr { host: "127.0.58.131" port: 42343 } }
I0720 00:43:58.192363 4814 tablet_bootstrap.cc:439] T 19920b309dd84a01b2cc74ddbbd10854 P 506b8430b3284890b468e7ef55b6ca79: No bootstrap required, opened a new log
I0720 00:43:58.192519 4814 ts_tablet_manager.cc:1059] T 19920b309dd84a01b2cc74ddbbd10854 P 506b8430b3284890b468e7ef55b6ca79: Time spent bootstrapping tablet: real 0.013s user 0.006s sys 0.004s
I0720 00:43:58.193101 4814 raft_consensus.cc:340] T 19920b309dd84a01b2cc74ddbbd10854 P 506b8430b3284890b468e7ef55b6ca79 [term 0 FOLLOWER]: Replica starting. Triggering 0 pending transactions. Active config: opid_index: -1 OBSOLETE_local: false peers { permanent_uuid: "a29a463e4c2e4f61a400dde426c625e8" member_type: VOTER last_known_addr { host: "127.0.58.130" port: 43527 } } peers { permanent_uuid: "506b8430b3284890b468e7ef55b6ca79" member_type: VOTER last_known_addr { host: "127.0.58.129" port: 36375 } } peers { permanent_uuid: "fc86e9a330584f00b998288875c0586f" member_type: VOTER last_known_addr { host: "127.0.58.131" port: 42343 } }
I0720 00:43:58.193375 4814 raft_consensus.cc:366] T 19920b309dd84a01b2cc74ddbbd10854 P 506b8430b3284890b468e7ef55b6ca79 [term 0 FOLLOWER]: Consensus starting up: Expiring failure detector timer to make a prompt election more likely
I0720 00:43:58.193415 4811 ts_tablet_manager.cc:1087] T 19920b309dd84a01b2cc74ddbbd10854 P a29a463e4c2e4f61a400dde426c625e8: Time spent starting tablet: real 0.004s user 0.001s sys 0.000s
I0720 00:43:58.193462 4814 raft_consensus.cc:705] T 19920b309dd84a01b2cc74ddbbd10854 P 506b8430b3284890b468e7ef55b6ca79 [term 0 FOLLOWER]: Becoming Follower/Learner. State: Replica: 506b8430b3284890b468e7ef55b6ca79, State: Initialized, Role: FOLLOWER
I0720 00:43:58.193670 4811 tablet_bootstrap.cc:439] T 0a7ad36f80f44067ba0087a2768e26ac P a29a463e4c2e4f61a400dde426c625e8: Bootstrap starting.
I0720 00:43:58.193670 4814 consensus_queue.cc:229] T 19920b309dd84a01b2cc74ddbbd10854 P 506b8430b3284890b468e7ef55b6ca79 [NON_LEADER]: Queue going to NON_LEADER mode. State: All replicated index: 0, Majority replicated index: 0, Committed index: 0, Last appended: 0.0, Last appended by leader: 0, Current term: 0, Majority size: -1, State: 0, Mode: NON_LEADER, active raft config: opid_index: -1 OBSOLETE_local: false peers { permanent_uuid: "a29a463e4c2e4f61a400dde426c625e8" member_type: VOTER last_known_addr { host: "127.0.58.130" port: 43527 } } peers { permanent_uuid: "506b8430b3284890b468e7ef55b6ca79" member_type: VOTER last_known_addr { host: "127.0.58.129" port: 36375 } } peers { permanent_uuid: "fc86e9a330584f00b998288875c0586f" member_type: VOTER last_known_addr { host: "127.0.58.131" port: 42343 } }
I0720 00:43:58.194583 4814 ts_tablet_manager.cc:1087] T 19920b309dd84a01b2cc74ddbbd10854 P 506b8430b3284890b468e7ef55b6ca79: Time spent starting tablet: real 0.002s user 0.001s sys 0.000s
I0720 00:43:58.194895 4812 tablet_bootstrap.cc:439] T 27285c1e3c36466f9bce8450be7500d4 P 506b8430b3284890b468e7ef55b6ca79: No bootstrap required, opened a new log
I0720 00:43:58.195448 4812 ts_tablet_manager.cc:1059] T 27285c1e3c36466f9bce8450be7500d4 P 506b8430b3284890b468e7ef55b6ca79: Time spent bootstrapping tablet: real 0.014s user 0.004s sys 0.000s
I0720 00:43:58.195909 4809 tablet_bootstrap.cc:439] T ca6a2a19cbbe4648a8a76de1e43c405b P a29a463e4c2e4f61a400dde426c625e8: No bootstrap required, opened a new log
I0720 00:43:58.196072 4809 ts_tablet_manager.cc:1059] T ca6a2a19cbbe4648a8a76de1e43c405b P a29a463e4c2e4f61a400dde426c625e8: Time spent bootstrapping tablet: real 0.018s user 0.003s sys 0.000s
I0720 00:43:58.196727 4809 raft_consensus.cc:340] T ca6a2a19cbbe4648a8a76de1e43c405b P a29a463e4c2e4f61a400dde426c625e8 [term 0 FOLLOWER]: Replica starting. Triggering 0 pending transactions. Active config: opid_index: -1 OBSOLETE_local: false peers { permanent_uuid: "506b8430b3284890b468e7ef55b6ca79" member_type: VOTER last_known_addr { host: "127.0.58.129" port: 36375 } } peers { permanent_uuid: "a29a463e4c2e4f61a400dde426c625e8" member_type: VOTER last_known_addr { host: "127.0.58.130" port: 43527 } } peers { permanent_uuid: "fc86e9a330584f00b998288875c0586f" member_type: VOTER last_known_addr { host: "127.0.58.131" port: 42343 } }
I0720 00:43:58.196907 4809 raft_consensus.cc:366] T ca6a2a19cbbe4648a8a76de1e43c405b P a29a463e4c2e4f61a400dde426c625e8 [term 0 FOLLOWER]: Consensus starting up: Expiring failure detector timer to make a prompt election more likely
I0720 00:43:58.196841 4812 raft_consensus.cc:340] T 27285c1e3c36466f9bce8450be7500d4 P 506b8430b3284890b468e7ef55b6ca79 [term 0 FOLLOWER]: Replica starting. Triggering 0 pending transactions. Active config: opid_index: -1 OBSOLETE_local: false peers { permanent_uuid: "506b8430b3284890b468e7ef55b6ca79" member_type: VOTER last_known_addr { host: "127.0.58.129" port: 36375 } } peers { permanent_uuid: "a29a463e4c2e4f61a400dde426c625e8" member_type: VOTER last_known_addr { host: "127.0.58.130" port: 43527 } } peers { permanent_uuid: "fc86e9a330584f00b998288875c0586f" member_type: VOTER last_known_addr { host: "127.0.58.131" port: 42343 } }
I0720 00:43:58.196965 4809 raft_consensus.cc:705] T ca6a2a19cbbe4648a8a76de1e43c405b P a29a463e4c2e4f61a400dde426c625e8 [term 0 FOLLOWER]: Becoming Follower/Learner. State: Replica: a29a463e4c2e4f61a400dde426c625e8, State: Initialized, Role: FOLLOWER
I0720 00:43:58.197180 4812 raft_consensus.cc:366] T 27285c1e3c36466f9bce8450be7500d4 P 506b8430b3284890b468e7ef55b6ca79 [term 0 FOLLOWER]: Consensus starting up: Expiring failure detector timer to make a prompt election more likely
I0720 00:43:58.197176 4809 consensus_queue.cc:229] T ca6a2a19cbbe4648a8a76de1e43c405b P a29a463e4c2e4f61a400dde426c625e8 [NON_LEADER]: Queue going to NON_LEADER mode. State: All replicated index: 0, Majority replicated index: 0, Committed index: 0, Last appended: 0.0, Last appended by leader: 0, Current term: 0, Majority size: -1, State: 0, Mode: NON_LEADER, active raft config: opid_index: -1 OBSOLETE_local: false peers { permanent_uuid: "506b8430b3284890b468e7ef55b6ca79" member_type: VOTER last_known_addr { host: "127.0.58.129" port: 36375 } } peers { permanent_uuid: "a29a463e4c2e4f61a400dde426c625e8" member_type: VOTER last_known_addr { host: "127.0.58.130" port: 43527 } } peers { permanent_uuid: "fc86e9a330584f00b998288875c0586f" member_type: VOTER last_known_addr { host: "127.0.58.131" port: 42343 } }
I0720 00:43:58.197268 4812 raft_consensus.cc:705] T 27285c1e3c36466f9bce8450be7500d4 P 506b8430b3284890b468e7ef55b6ca79 [term 0 FOLLOWER]: Becoming Follower/Learner. State: Replica: 506b8430b3284890b468e7ef55b6ca79, State: Initialized, Role: FOLLOWER
I0720 00:43:58.197264 4811 tablet_bootstrap.cc:590] T 0a7ad36f80f44067ba0087a2768e26ac P a29a463e4c2e4f61a400dde426c625e8: No blocks or log segments found. Creating new log.
I0720 00:43:58.197461 4812 consensus_queue.cc:229] T 27285c1e3c36466f9bce8450be7500d4 P 506b8430b3284890b468e7ef55b6ca79 [NON_LEADER]: Queue going to NON_LEADER mode. State: All replicated index: 0, Majority replicated index: 0, Committed index: 0, Last appended: 0.0, Last appended by leader: 0, Current term: 0, Majority size: -1, State: 0, Mode: NON_LEADER, active raft config: opid_index: -1 OBSOLETE_local: false peers { permanent_uuid: "506b8430b3284890b468e7ef55b6ca79" member_type: VOTER last_known_addr { host: "127.0.58.129" port: 36375 } } peers { permanent_uuid: "a29a463e4c2e4f61a400dde426c625e8" member_type: VOTER last_known_addr { host: "127.0.58.130" port: 43527 } } peers { permanent_uuid: "fc86e9a330584f00b998288875c0586f" member_type: VOTER last_known_addr { host: "127.0.58.131" port: 42343 } }
I0720 00:43:58.198441 4812 ts_tablet_manager.cc:1087] T 27285c1e3c36466f9bce8450be7500d4 P 506b8430b3284890b468e7ef55b6ca79: Time spent starting tablet: real 0.002s user 0.001s sys 0.000s
I0720 00:43:58.198781 4809 ts_tablet_manager.cc:1087] T ca6a2a19cbbe4648a8a76de1e43c405b P a29a463e4c2e4f61a400dde426c625e8: Time spent starting tablet: real 0.003s user 0.001s sys 0.000s
I0720 00:43:58.199036 4809 tablet_bootstrap.cc:439] T 9ef65edd881743f691ebb903dad80c36 P a29a463e4c2e4f61a400dde426c625e8: Bootstrap starting.
I0720 00:43:58.199101 4810 tablet_bootstrap.cc:439] T 73ea05088cb24563bcf684d6199dd946 P a29a463e4c2e4f61a400dde426c625e8: No bootstrap required, opened a new log
I0720 00:43:58.199254 4810 ts_tablet_manager.cc:1059] T 73ea05088cb24563bcf684d6199dd946 P a29a463e4c2e4f61a400dde426c625e8: Time spent bootstrapping tablet: real 0.021s user 0.003s sys 0.000s
I0720 00:43:58.199997 4810 raft_consensus.cc:340] T 73ea05088cb24563bcf684d6199dd946 P a29a463e4c2e4f61a400dde426c625e8 [term 0 FOLLOWER]: Replica starting. Triggering 0 pending transactions. Active config: opid_index: -1 OBSOLETE_local: false peers { permanent_uuid: "506b8430b3284890b468e7ef55b6ca79" member_type: VOTER last_known_addr { host: "127.0.58.129" port: 36375 } } peers { permanent_uuid: "a29a463e4c2e4f61a400dde426c625e8" member_type: VOTER last_known_addr { host: "127.0.58.130" port: 43527 } } peers { permanent_uuid: "fc86e9a330584f00b998288875c0586f" member_type: VOTER last_known_addr { host: "127.0.58.131" port: 42343 } }
I0720 00:43:58.200152 4810 raft_consensus.cc:366] T 73ea05088cb24563bcf684d6199dd946 P a29a463e4c2e4f61a400dde426c625e8 [term 0 FOLLOWER]: Consensus starting up: Expiring failure detector timer to make a prompt election more likely
I0720 00:43:58.200232 4809 tablet_bootstrap.cc:590] T 9ef65edd881743f691ebb903dad80c36 P a29a463e4c2e4f61a400dde426c625e8: No blocks or log segments found. Creating new log.
I0720 00:43:58.200237 4810 raft_consensus.cc:705] T 73ea05088cb24563bcf684d6199dd946 P a29a463e4c2e4f61a400dde426c625e8 [term 0 FOLLOWER]: Becoming Follower/Learner. State: Replica: a29a463e4c2e4f61a400dde426c625e8, State: Initialized, Role: FOLLOWER
I0720 00:43:58.200610 4810 consensus_queue.cc:229] T 73ea05088cb24563bcf684d6199dd946 P a29a463e4c2e4f61a400dde426c625e8 [NON_LEADER]: Queue going to NON_LEADER mode. State: All replicated index: 0, Majority replicated index: 0, Committed index: 0, Last appended: 0.0, Last appended by leader: 0, Current term: 0, Majority size: -1, State: 0, Mode: NON_LEADER, active raft config: opid_index: -1 OBSOLETE_local: false peers { permanent_uuid: "506b8430b3284890b468e7ef55b6ca79" member_type: VOTER last_known_addr { host: "127.0.58.129" port: 36375 } } peers { permanent_uuid: "a29a463e4c2e4f61a400dde426c625e8" member_type: VOTER last_known_addr { host: "127.0.58.130" port: 43527 } } peers { permanent_uuid: "fc86e9a330584f00b998288875c0586f" member_type: VOTER last_known_addr { host: "127.0.58.131" port: 42343 } }
I0720 00:43:58.201539 4810 ts_tablet_manager.cc:1087] T 73ea05088cb24563bcf684d6199dd946 P a29a463e4c2e4f61a400dde426c625e8: Time spent starting tablet: real 0.002s user 0.001s sys 0.000s
I0720 00:43:58.201669 4811 tablet_bootstrap.cc:439] T 0a7ad36f80f44067ba0087a2768e26ac P a29a463e4c2e4f61a400dde426c625e8: No bootstrap required, opened a new log
I0720 00:43:58.201869 4810 tablet_bootstrap.cc:439] T 27285c1e3c36466f9bce8450be7500d4 P a29a463e4c2e4f61a400dde426c625e8: Bootstrap starting.
I0720 00:43:58.201925 4811 ts_tablet_manager.cc:1059] T 0a7ad36f80f44067ba0087a2768e26ac P a29a463e4c2e4f61a400dde426c625e8: Time spent bootstrapping tablet: real 0.008s user 0.003s sys 0.000s
I0720 00:43:58.202675 4811 raft_consensus.cc:340] T 0a7ad36f80f44067ba0087a2768e26ac P a29a463e4c2e4f61a400dde426c625e8 [term 0 FOLLOWER]: Replica starting. Triggering 0 pending transactions. Active config: opid_index: -1 OBSOLETE_local: false peers { permanent_uuid: "506b8430b3284890b468e7ef55b6ca79" member_type: VOTER last_known_addr { host: "127.0.58.129" port: 36375 } } peers { permanent_uuid: "a29a463e4c2e4f61a400dde426c625e8" member_type: VOTER last_known_addr { host: "127.0.58.130" port: 43527 } } peers { permanent_uuid: "fc86e9a330584f00b998288875c0586f" member_type: VOTER last_known_addr { host: "127.0.58.131" port: 42343 } }
I0720 00:43:58.202939 4811 raft_consensus.cc:366] T 0a7ad36f80f44067ba0087a2768e26ac P a29a463e4c2e4f61a400dde426c625e8 [term 0 FOLLOWER]: Consensus starting up: Expiring failure detector timer to make a prompt election more likely
I0720 00:43:58.203058 4811 raft_consensus.cc:705] T 0a7ad36f80f44067ba0087a2768e26ac P a29a463e4c2e4f61a400dde426c625e8 [term 0 FOLLOWER]: Becoming Follower/Learner. State: Replica: a29a463e4c2e4f61a400dde426c625e8, State: Initialized, Role: FOLLOWER
I0720 00:43:58.203328 4811 consensus_queue.cc:229] T 0a7ad36f80f44067ba0087a2768e26ac P a29a463e4c2e4f61a400dde426c625e8 [NON_LEADER]: Queue going to NON_LEADER mode. State: All replicated index: 0, Majority replicated index: 0, Committed index: 0, Last appended: 0.0, Last appended by leader: 0, Current term: 0, Majority size: -1, State: 0, Mode: NON_LEADER, active raft config: opid_index: -1 OBSOLETE_local: false peers { permanent_uuid: "506b8430b3284890b468e7ef55b6ca79" member_type: VOTER last_known_addr { host: "127.0.58.129" port: 36375 } } peers { permanent_uuid: "a29a463e4c2e4f61a400dde426c625e8" member_type: VOTER last_known_addr { host: "127.0.58.130" port: 43527 } } peers { permanent_uuid: "fc86e9a330584f00b998288875c0586f" member_type: VOTER last_known_addr { host: "127.0.58.131" port: 42343 } }
I0720 00:43:58.203598 4810 tablet_bootstrap.cc:590] T 27285c1e3c36466f9bce8450be7500d4 P a29a463e4c2e4f61a400dde426c625e8: No blocks or log segments found. Creating new log.
I0720 00:43:58.203866 4809 tablet_bootstrap.cc:439] T 9ef65edd881743f691ebb903dad80c36 P a29a463e4c2e4f61a400dde426c625e8: No bootstrap required, opened a new log
I0720 00:43:58.204021 4809 ts_tablet_manager.cc:1059] T 9ef65edd881743f691ebb903dad80c36 P a29a463e4c2e4f61a400dde426c625e8: Time spent bootstrapping tablet: real 0.005s user 0.000s sys 0.004s
I0720 00:43:58.204175 4811 ts_tablet_manager.cc:1087] T 0a7ad36f80f44067ba0087a2768e26ac P a29a463e4c2e4f61a400dde426c625e8: Time spent starting tablet: real 0.002s user 0.001s sys 0.000s
I0720 00:43:58.204447 4811 tablet_bootstrap.cc:439] T c4890cfc794b469d8765701546219a19 P a29a463e4c2e4f61a400dde426c625e8: Bootstrap starting.
I0720 00:43:58.204581 4809 raft_consensus.cc:340] T 9ef65edd881743f691ebb903dad80c36 P a29a463e4c2e4f61a400dde426c625e8 [term 0 FOLLOWER]: Replica starting. Triggering 0 pending transactions. Active config: opid_index: -1 OBSOLETE_local: false peers { permanent_uuid: "506b8430b3284890b468e7ef55b6ca79" member_type: VOTER last_known_addr { host: "127.0.58.129" port: 36375 } } peers { permanent_uuid: "a29a463e4c2e4f61a400dde426c625e8" member_type: VOTER last_known_addr { host: "127.0.58.130" port: 43527 } } peers { permanent_uuid: "fc86e9a330584f00b998288875c0586f" member_type: VOTER last_known_addr { host: "127.0.58.131" port: 42343 } }
W0720 00:43:58.204717 4780 tablet.cc:1799] T 0a7ad36f80f44067ba0087a2768e26ac P fc86e9a330584f00b998288875c0586f: Can't schedule compaction. Clean time has not been advanced past its initial value.
I0720 00:43:58.204828 4809 raft_consensus.cc:366] T 9ef65edd881743f691ebb903dad80c36 P a29a463e4c2e4f61a400dde426c625e8 [term 0 FOLLOWER]: Consensus starting up: Expiring failure detector timer to make a prompt election more likely
I0720 00:43:58.204874 4809 raft_consensus.cc:705] T 9ef65edd881743f691ebb903dad80c36 P a29a463e4c2e4f61a400dde426c625e8 [term 0 FOLLOWER]: Becoming Follower/Learner. State: Replica: a29a463e4c2e4f61a400dde426c625e8, State: Initialized, Role: FOLLOWER
I0720 00:43:58.205032 4809 consensus_queue.cc:229] T 9ef65edd881743f691ebb903dad80c36 P a29a463e4c2e4f61a400dde426c625e8 [NON_LEADER]: Queue going to NON_LEADER mode. State: All replicated index: 0, Majority replicated index: 0, Committed index: 0, Last appended: 0.0, Last appended by leader: 0, Current term: 0, Majority size: -1, State: 0, Mode: NON_LEADER, active raft config: opid_index: -1 OBSOLETE_local: false peers { permanent_uuid: "506b8430b3284890b468e7ef55b6ca79" member_type: VOTER last_known_addr { host: "127.0.58.129" port: 36375 } } peers { permanent_uuid: "a29a463e4c2e4f61a400dde426c625e8" member_type: VOTER last_known_addr { host: "127.0.58.130" port: 43527 } } peers { permanent_uuid: "fc86e9a330584f00b998288875c0586f" member_type: VOTER last_known_addr { host: "127.0.58.131" port: 42343 } }
I0720 00:43:58.205415 4809 ts_tablet_manager.cc:1087] T 9ef65edd881743f691ebb903dad80c36 P a29a463e4c2e4f61a400dde426c625e8: Time spent starting tablet: real 0.001s user 0.001s sys 0.000s
I0720 00:43:58.205670 4811 tablet_bootstrap.cc:590] T c4890cfc794b469d8765701546219a19 P a29a463e4c2e4f61a400dde426c625e8: No blocks or log segments found. Creating new log.
I0720 00:43:58.207031 4810 tablet_bootstrap.cc:439] T 27285c1e3c36466f9bce8450be7500d4 P a29a463e4c2e4f61a400dde426c625e8: No bootstrap required, opened a new log
I0720 00:43:58.207167 4810 ts_tablet_manager.cc:1059] T 27285c1e3c36466f9bce8450be7500d4 P a29a463e4c2e4f61a400dde426c625e8: Time spent bootstrapping tablet: real 0.005s user 0.002s sys 0.001s
I0720 00:43:58.207396 4811 tablet_bootstrap.cc:439] T c4890cfc794b469d8765701546219a19 P a29a463e4c2e4f61a400dde426c625e8: No bootstrap required, opened a new log
I0720 00:43:58.207535 4811 ts_tablet_manager.cc:1059] T c4890cfc794b469d8765701546219a19 P a29a463e4c2e4f61a400dde426c625e8: Time spent bootstrapping tablet: real 0.003s user 0.000s sys 0.002s
I0720 00:43:58.207614 4810 raft_consensus.cc:340] T 27285c1e3c36466f9bce8450be7500d4 P a29a463e4c2e4f61a400dde426c625e8 [term 0 FOLLOWER]: Replica starting. Triggering 0 pending transactions. Active config: opid_index: -1 OBSOLETE_local: false peers { permanent_uuid: "506b8430b3284890b468e7ef55b6ca79" member_type: VOTER last_known_addr { host: "127.0.58.129" port: 36375 } } peers { permanent_uuid: "a29a463e4c2e4f61a400dde426c625e8" member_type: VOTER last_known_addr { host: "127.0.58.130" port: 43527 } } peers { permanent_uuid: "fc86e9a330584f00b998288875c0586f" member_type: VOTER last_known_addr { host: "127.0.58.131" port: 42343 } }
I0720 00:43:58.207824 4810 raft_consensus.cc:366] T 27285c1e3c36466f9bce8450be7500d4 P a29a463e4c2e4f61a400dde426c625e8 [term 0 FOLLOWER]: Consensus starting up: Expiring failure detector timer to make a prompt election more likely
I0720 00:43:58.207866 4810 raft_consensus.cc:705] T 27285c1e3c36466f9bce8450be7500d4 P a29a463e4c2e4f61a400dde426c625e8 [term 0 FOLLOWER]: Becoming Follower/Learner. State: Replica: a29a463e4c2e4f61a400dde426c625e8, State: Initialized, Role: FOLLOWER
I0720 00:43:58.208006 4810 consensus_queue.cc:229] T 27285c1e3c36466f9bce8450be7500d4 P a29a463e4c2e4f61a400dde426c625e8 [NON_LEADER]: Queue going to NON_LEADER mode. State: All replicated index: 0, Majority replicated index: 0, Committed index: 0, Last appended: 0.0, Last appended by leader: 0, Current term: 0, Majority size: -1, State: 0, Mode: NON_LEADER, active raft config: opid_index: -1 OBSOLETE_local: false peers { permanent_uuid: "506b8430b3284890b468e7ef55b6ca79" member_type: VOTER last_known_addr { host: "127.0.58.129" port: 36375 } } peers { permanent_uuid: "a29a463e4c2e4f61a400dde426c625e8" member_type: VOTER last_known_addr { host: "127.0.58.130" port: 43527 } } peers { permanent_uuid: "fc86e9a330584f00b998288875c0586f" member_type: VOTER last_known_addr { host: "127.0.58.131" port: 42343 } }
I0720 00:43:58.208215 4811 raft_consensus.cc:340] T c4890cfc794b469d8765701546219a19 P a29a463e4c2e4f61a400dde426c625e8 [term 0 FOLLOWER]: Replica starting. Triggering 0 pending transactions. Active config: opid_index: -1 OBSOLETE_local: false peers { permanent_uuid: "a29a463e4c2e4f61a400dde426c625e8" member_type: VOTER last_known_addr { host: "127.0.58.130" port: 43527 } } peers { permanent_uuid: "506b8430b3284890b468e7ef55b6ca79" member_type: VOTER last_known_addr { host: "127.0.58.129" port: 36375 } } peers { permanent_uuid: "fc86e9a330584f00b998288875c0586f" member_type: VOTER last_known_addr { host: "127.0.58.131" port: 42343 } }
I0720 00:43:58.208364 4810 ts_tablet_manager.cc:1087] T 27285c1e3c36466f9bce8450be7500d4 P a29a463e4c2e4f61a400dde426c625e8: Time spent starting tablet: real 0.001s user 0.000s sys 0.001s
I0720 00:43:58.208405 4811 raft_consensus.cc:366] T c4890cfc794b469d8765701546219a19 P a29a463e4c2e4f61a400dde426c625e8 [term 0 FOLLOWER]: Consensus starting up: Expiring failure detector timer to make a prompt election more likely
I0720 00:43:58.208456 4811 raft_consensus.cc:705] T c4890cfc794b469d8765701546219a19 P a29a463e4c2e4f61a400dde426c625e8 [term 0 FOLLOWER]: Becoming Follower/Learner. State: Replica: a29a463e4c2e4f61a400dde426c625e8, State: Initialized, Role: FOLLOWER
I0720 00:43:58.208592 4811 consensus_queue.cc:229] T c4890cfc794b469d8765701546219a19 P a29a463e4c2e4f61a400dde426c625e8 [NON_LEADER]: Queue going to NON_LEADER mode. State: All replicated index: 0, Majority replicated index: 0, Committed index: 0, Last appended: 0.0, Last appended by leader: 0, Current term: 0, Majority size: -1, State: 0, Mode: NON_LEADER, active raft config: opid_index: -1 OBSOLETE_local: false peers { permanent_uuid: "a29a463e4c2e4f61a400dde426c625e8" member_type: VOTER last_known_addr { host: "127.0.58.130" port: 43527 } } peers { permanent_uuid: "506b8430b3284890b468e7ef55b6ca79" member_type: VOTER last_known_addr { host: "127.0.58.129" port: 36375 } } peers { permanent_uuid: "fc86e9a330584f00b998288875c0586f" member_type: VOTER last_known_addr { host: "127.0.58.131" port: 42343 } }
I0720 00:43:58.208932 4811 ts_tablet_manager.cc:1087] T c4890cfc794b469d8765701546219a19 P a29a463e4c2e4f61a400dde426c625e8: Time spent starting tablet: real 0.001s user 0.001s sys 0.001s
I0720 00:43:58.210044 4837 raft_consensus.cc:472] T ca6a2a19cbbe4648a8a76de1e43c405b P a29a463e4c2e4f61a400dde426c625e8 [term 0 FOLLOWER]: Starting pre-election (no leader contacted us within the election timeout)
I0720 00:43:58.210260 4837 raft_consensus.cc:494] T ca6a2a19cbbe4648a8a76de1e43c405b P a29a463e4c2e4f61a400dde426c625e8 [term 0 FOLLOWER]: Starting pre-election with config: opid_index: -1 OBSOLETE_local: false peers { permanent_uuid: "506b8430b3284890b468e7ef55b6ca79" member_type: VOTER last_known_addr { host: "127.0.58.129" port: 36375 } } peers { permanent_uuid: "a29a463e4c2e4f61a400dde426c625e8" member_type: VOTER last_known_addr { host: "127.0.58.130" port: 43527 } } peers { permanent_uuid: "fc86e9a330584f00b998288875c0586f" member_type: VOTER last_known_addr { host: "127.0.58.131" port: 42343 } }
I0720 00:43:58.211477 4837 leader_election.cc:296] T ca6a2a19cbbe4648a8a76de1e43c405b P a29a463e4c2e4f61a400dde426c625e8 [CANDIDATE]: Term 1 pre-election: Requested pre-vote from peers 506b8430b3284890b468e7ef55b6ca79 (127.0.58.129:36375), fc86e9a330584f00b998288875c0586f (127.0.58.131:42343)
I0720 00:43:58.221773 4815 raft_consensus.cc:472] T 73ac7512c8584fe3ad887ffef570df8d P fc86e9a330584f00b998288875c0586f [term 0 FOLLOWER]: Starting pre-election (no leader contacted us within the election timeout)
I0720 00:43:58.221993 4815 raft_consensus.cc:494] T 73ac7512c8584fe3ad887ffef570df8d P fc86e9a330584f00b998288875c0586f [term 0 FOLLOWER]: Starting pre-election with config: opid_index: -1 OBSOLETE_local: false peers { permanent_uuid: "506b8430b3284890b468e7ef55b6ca79" member_type: VOTER last_known_addr { host: "127.0.58.129" port: 36375 } } peers { permanent_uuid: "a29a463e4c2e4f61a400dde426c625e8" member_type: VOTER last_known_addr { host: "127.0.58.130" port: 43527 } } peers { permanent_uuid: "fc86e9a330584f00b998288875c0586f" member_type: VOTER last_known_addr { host: "127.0.58.131" port: 42343 } }
I0720 00:43:58.223271 4815 leader_election.cc:296] T 73ac7512c8584fe3ad887ffef570df8d P fc86e9a330584f00b998288875c0586f [CANDIDATE]: Term 1 pre-election: Requested pre-vote from peers 506b8430b3284890b468e7ef55b6ca79 (127.0.58.129:36375), a29a463e4c2e4f61a400dde426c625e8 (127.0.58.130:43527)
I0720 00:43:58.231766 4815 raft_consensus.cc:472] T 5758df4920ce4bbab0424048f13fea41 P fc86e9a330584f00b998288875c0586f [term 0 FOLLOWER]: Starting pre-election (no leader contacted us within the election timeout)
I0720 00:43:58.231950 4815 raft_consensus.cc:494] T 5758df4920ce4bbab0424048f13fea41 P fc86e9a330584f00b998288875c0586f [term 0 FOLLOWER]: Starting pre-election with config: opid_index: -1 OBSOLETE_local: false peers { permanent_uuid: "a29a463e4c2e4f61a400dde426c625e8" member_type: VOTER last_known_addr { host: "127.0.58.130" port: 43527 } } peers { permanent_uuid: "506b8430b3284890b468e7ef55b6ca79" member_type: VOTER last_known_addr { host: "127.0.58.129" port: 36375 } } peers { permanent_uuid: "fc86e9a330584f00b998288875c0586f" member_type: VOTER last_known_addr { host: "127.0.58.131" port: 42343 } }
I0720 00:43:58.232337 4837 raft_consensus.cc:472] T 27285c1e3c36466f9bce8450be7500d4 P a29a463e4c2e4f61a400dde426c625e8 [term 0 FOLLOWER]: Starting pre-election (no leader contacted us within the election timeout)
I0720 00:43:58.232376 4815 leader_election.cc:296] T 5758df4920ce4bbab0424048f13fea41 P fc86e9a330584f00b998288875c0586f [CANDIDATE]: Term 1 pre-election: Requested pre-vote from peers a29a463e4c2e4f61a400dde426c625e8 (127.0.58.130:43527), 506b8430b3284890b468e7ef55b6ca79 (127.0.58.129:36375)
I0720 00:43:58.232440 4837 raft_consensus.cc:494] T 27285c1e3c36466f9bce8450be7500d4 P a29a463e4c2e4f61a400dde426c625e8 [term 0 FOLLOWER]: Starting pre-election with config: opid_index: -1 OBSOLETE_local: false peers { permanent_uuid: "506b8430b3284890b468e7ef55b6ca79" member_type: VOTER last_known_addr { host: "127.0.58.129" port: 36375 } } peers { permanent_uuid: "a29a463e4c2e4f61a400dde426c625e8" member_type: VOTER last_known_addr { host: "127.0.58.130" port: 43527 } } peers { permanent_uuid: "fc86e9a330584f00b998288875c0586f" member_type: VOTER last_known_addr { host: "127.0.58.131" port: 42343 } }
I0720 00:43:58.232682 4815 raft_consensus.cc:472] T 19920b309dd84a01b2cc74ddbbd10854 P fc86e9a330584f00b998288875c0586f [term 0 FOLLOWER]: Starting pre-election (no leader contacted us within the election timeout)
I0720 00:43:58.232774 4815 raft_consensus.cc:494] T 19920b309dd84a01b2cc74ddbbd10854 P fc86e9a330584f00b998288875c0586f [term 0 FOLLOWER]: Starting pre-election with config: opid_index: -1 OBSOLETE_local: false peers { permanent_uuid: "a29a463e4c2e4f61a400dde426c625e8" member_type: VOTER last_known_addr { host: "127.0.58.130" port: 43527 } } peers { permanent_uuid: "506b8430b3284890b468e7ef55b6ca79" member_type: VOTER last_known_addr { host: "127.0.58.129" port: 36375 } } peers { permanent_uuid: "fc86e9a330584f00b998288875c0586f" member_type: VOTER last_known_addr { host: "127.0.58.131" port: 42343 } }
I0720 00:43:58.232875 4837 leader_election.cc:296] T 27285c1e3c36466f9bce8450be7500d4 P a29a463e4c2e4f61a400dde426c625e8 [CANDIDATE]: Term 1 pre-election: Requested pre-vote from peers 506b8430b3284890b468e7ef55b6ca79 (127.0.58.129:36375), fc86e9a330584f00b998288875c0586f (127.0.58.131:42343)
I0720 00:43:58.233392 4815 leader_election.cc:296] T 19920b309dd84a01b2cc74ddbbd10854 P fc86e9a330584f00b998288875c0586f [CANDIDATE]: Term 1 pre-election: Requested pre-vote from peers a29a463e4c2e4f61a400dde426c625e8 (127.0.58.130:43527), 506b8430b3284890b468e7ef55b6ca79 (127.0.58.129:36375)
I0720 00:43:58.233817 4487 tablet_service.cc:1295] Received RequestConsensusVote() RPC: tablet_id: "ca6a2a19cbbe4648a8a76de1e43c405b" candidate_uuid: "a29a463e4c2e4f61a400dde426c625e8" candidate_term: 1 candidate_status { last_received { term: 0 index: 0 } } ignore_live_leader: false dest_uuid: "506b8430b3284890b468e7ef55b6ca79" is_pre_election: true
I0720 00:43:58.234347 4487 raft_consensus.cc:2350] T ca6a2a19cbbe4648a8a76de1e43c405b P 506b8430b3284890b468e7ef55b6ca79 [term 0 FOLLOWER]: Leader pre-election vote request: Granting yes vote for candidate a29a463e4c2e4f61a400dde426c625e8 in term 0.
I0720 00:43:58.235064 4487 tablet_service.cc:1295] Received RequestConsensusVote() RPC: tablet_id: "27285c1e3c36466f9bce8450be7500d4" candidate_uuid: "a29a463e4c2e4f61a400dde426c625e8" candidate_term: 1 candidate_status { last_received { term: 0 index: 0 } } ignore_live_leader: false dest_uuid: "506b8430b3284890b468e7ef55b6ca79" is_pre_election: true
I0720 00:43:58.235205 4487 raft_consensus.cc:2350] T 27285c1e3c36466f9bce8450be7500d4 P 506b8430b3284890b468e7ef55b6ca79 [term 0 FOLLOWER]: Leader pre-election vote request: Granting yes vote for candidate a29a463e4c2e4f61a400dde426c625e8 in term 0.
I0720 00:43:58.235718 4544 leader_election.cc:310] T ca6a2a19cbbe4648a8a76de1e43c405b P a29a463e4c2e4f61a400dde426c625e8 [CANDIDATE]: Term 1 pre-election: Election decided. Result: candidate won. Election summary: received 2 responses out of 3 voters: 2 yes votes; 0 no votes. yes voters: 506b8430b3284890b468e7ef55b6ca79, a29a463e4c2e4f61a400dde426c625e8; no voters:
I0720 00:43:58.236178 4837 raft_consensus.cc:2644] T ca6a2a19cbbe4648a8a76de1e43c405b P a29a463e4c2e4f61a400dde426c625e8 [term 0 FOLLOWER]: Leader pre-election won for term 1
I0720 00:43:58.236284 4837 raft_consensus.cc:472] T ca6a2a19cbbe4648a8a76de1e43c405b P a29a463e4c2e4f61a400dde426c625e8 [term 0 FOLLOWER]: Starting leader election (no leader contacted us within the election timeout)
I0720 00:43:58.236384 4837 raft_consensus.cc:2890] T ca6a2a19cbbe4648a8a76de1e43c405b P a29a463e4c2e4f61a400dde426c625e8 [term 0 FOLLOWER]: Advancing to term 1
I0720 00:43:58.236788 4487 tablet_service.cc:1295] Received RequestConsensusVote() RPC: tablet_id: "73ac7512c8584fe3ad887ffef570df8d" candidate_uuid: "fc86e9a330584f00b998288875c0586f" candidate_term: 1 candidate_status { last_received { term: 0 index: 0 } } ignore_live_leader: false dest_uuid: "506b8430b3284890b468e7ef55b6ca79" is_pre_election: true
I0720 00:43:58.236953 4487 raft_consensus.cc:2350] T 73ac7512c8584fe3ad887ffef570df8d P 506b8430b3284890b468e7ef55b6ca79 [term 0 FOLLOWER]: Leader pre-election vote request: Granting yes vote for candidate fc86e9a330584f00b998288875c0586f in term 0.
I0720 00:43:58.237421 4826 raft_consensus.cc:472] T 5758df4920ce4bbab0424048f13fea41 P 506b8430b3284890b468e7ef55b6ca79 [term 0 FOLLOWER]: Starting pre-election (no leader contacted us within the election timeout)
