I0720 00:44:06.631572 5824 raft_consensus.cc:340] T 736b3f88dd4a41fbb23ef072e4e28905 P be9af1eb9bb14a7e8ef0cf71154d5e6e [term 0 FOLLOWER]: Replica starting. Triggering 0 pending transactions. Active config: opid_index: -1 OBSOLETE_local: false peers { permanent_uuid: "be9af1eb9bb14a7e8ef0cf71154d5e6e" member_type: VOTER last_known_addr { host: "127.0.58.129" port: 34347 } } peers { permanent_uuid: "445c7e479f0246a5b26400b1cd4d8d27" member_type: VOTER last_known_addr { host: "127.0.58.130" port: 39833 } } peers { permanent_uuid: "aedbe741f4014e40ae382c213ab0d151" member_type: VOTER last_known_addr { host: "127.0.58.131" port: 46091 } }
I0720 00:44:06.631716 5817 raft_consensus.cc:340] T f50d69e061a145869a005de2b35d1acc P aedbe741f4014e40ae382c213ab0d151 [term 0 FOLLOWER]: Replica starting. Triggering 0 pending transactions. Active config: opid_index: -1 OBSOLETE_local: false peers { permanent_uuid: "be9af1eb9bb14a7e8ef0cf71154d5e6e" member_type: VOTER last_known_addr { host: "127.0.58.129" port: 34347 } } peers { permanent_uuid: "445c7e479f0246a5b26400b1cd4d8d27" member_type: VOTER last_known_addr { host: "127.0.58.130" port: 39833 } } peers { permanent_uuid: "aedbe741f4014e40ae382c213ab0d151" member_type: VOTER last_known_addr { host: "127.0.58.131" port: 46091 } }
I0720 00:44:06.631959 5817 raft_consensus.cc:366] T f50d69e061a145869a005de2b35d1acc P aedbe741f4014e40ae382c213ab0d151 [term 0 FOLLOWER]: Consensus starting up: Expiring failure detector timer to make a prompt election more likely
I0720 00:44:06.632031 5817 raft_consensus.cc:705] T f50d69e061a145869a005de2b35d1acc P aedbe741f4014e40ae382c213ab0d151 [term 0 FOLLOWER]: Becoming Follower/Learner. State: Replica: aedbe741f4014e40ae382c213ab0d151, State: Initialized, Role: FOLLOWER
I0720 00:44:06.632313 5824 raft_consensus.cc:366] T 736b3f88dd4a41fbb23ef072e4e28905 P be9af1eb9bb14a7e8ef0cf71154d5e6e [term 0 FOLLOWER]: Consensus starting up: Expiring failure detector timer to make a prompt election more likely
I0720 00:44:06.632206 5817 consensus_queue.cc:229] T f50d69e061a145869a005de2b35d1acc P aedbe741f4014e40ae382c213ab0d151 [NON_LEADER]: Queue going to NON_LEADER mode. State: All replicated index: 0, Majority replicated index: 0, Committed index: 0, Last appended: 0.0, Last appended by leader: 0, Current term: 0, Majority size: -1, State: 0, Mode: NON_LEADER, active raft config: opid_index: -1 OBSOLETE_local: false peers { permanent_uuid: "be9af1eb9bb14a7e8ef0cf71154d5e6e" member_type: VOTER last_known_addr { host: "127.0.58.129" port: 34347 } } peers { permanent_uuid: "445c7e479f0246a5b26400b1cd4d8d27" member_type: VOTER last_known_addr { host: "127.0.58.130" port: 39833 } } peers { permanent_uuid: "aedbe741f4014e40ae382c213ab0d151" member_type: VOTER last_known_addr { host: "127.0.58.131" port: 46091 } }
I0720 00:44:06.632411 5824 raft_consensus.cc:705] T 736b3f88dd4a41fbb23ef072e4e28905 P be9af1eb9bb14a7e8ef0cf71154d5e6e [term 0 FOLLOWER]: Becoming Follower/Learner. State: Replica: be9af1eb9bb14a7e8ef0cf71154d5e6e, State: Initialized, Role: FOLLOWER
I0720 00:44:06.632565 5825 tablet_bootstrap.cc:439] T c1e0c42e42524c22af51c8e4a457d743 P be9af1eb9bb14a7e8ef0cf71154d5e6e: No bootstrap required, opened a new log
I0720 00:44:06.630971 5826 raft_consensus.cc:366] T 43e3ab995f34471c92e887c28c2e2e0f P be9af1eb9bb14a7e8ef0cf71154d5e6e [term 0 FOLLOWER]: Consensus starting up: Expiring failure detector timer to make a prompt election more likely
I0720 00:44:06.632704 5826 raft_consensus.cc:705] T 43e3ab995f34471c92e887c28c2e2e0f P be9af1eb9bb14a7e8ef0cf71154d5e6e [term 0 FOLLOWER]: Becoming Follower/Learner. State: Replica: be9af1eb9bb14a7e8ef0cf71154d5e6e, State: Initialized, Role: FOLLOWER
I0720 00:44:06.632704 5824 consensus_queue.cc:229] T 736b3f88dd4a41fbb23ef072e4e28905 P be9af1eb9bb14a7e8ef0cf71154d5e6e [NON_LEADER]: Queue going to NON_LEADER mode. State: All replicated index: 0, Majority replicated index: 0, Committed index: 0, Last appended: 0.0, Last appended by leader: 0, Current term: 0, Majority size: -1, State: 0, Mode: NON_LEADER, active raft config: opid_index: -1 OBSOLETE_local: false peers { permanent_uuid: "be9af1eb9bb14a7e8ef0cf71154d5e6e" member_type: VOTER last_known_addr { host: "127.0.58.129" port: 34347 } } peers { permanent_uuid: "445c7e479f0246a5b26400b1cd4d8d27" member_type: VOTER last_known_addr { host: "127.0.58.130" port: 39833 } } peers { permanent_uuid: "aedbe741f4014e40ae382c213ab0d151" member_type: VOTER last_known_addr { host: "127.0.58.131" port: 46091 } }
I0720 00:44:06.632871 5826 consensus_queue.cc:229] T 43e3ab995f34471c92e887c28c2e2e0f P be9af1eb9bb14a7e8ef0cf71154d5e6e [NON_LEADER]: Queue going to NON_LEADER mode. State: All replicated index: 0, Majority replicated index: 0, Committed index: 0, Last appended: 0.0, Last appended by leader: 0, Current term: 0, Majority size: -1, State: 0, Mode: NON_LEADER, active raft config: opid_index: -1 OBSOLETE_local: false peers { permanent_uuid: "445c7e479f0246a5b26400b1cd4d8d27" member_type: VOTER last_known_addr { host: "127.0.58.130" port: 39833 } } peers { permanent_uuid: "be9af1eb9bb14a7e8ef0cf71154d5e6e" member_type: VOTER last_known_addr { host: "127.0.58.129" port: 34347 } } peers { permanent_uuid: "aedbe741f4014e40ae382c213ab0d151" member_type: VOTER last_known_addr { host: "127.0.58.131" port: 46091 } }
I0720 00:44:06.633111 5817 ts_tablet_manager.cc:1087] T f50d69e061a145869a005de2b35d1acc P aedbe741f4014e40ae382c213ab0d151: Time spent starting tablet: real 0.002s user 0.001s sys 0.000s
I0720 00:44:06.633255 5825 ts_tablet_manager.cc:1059] T c1e0c42e42524c22af51c8e4a457d743 P be9af1eb9bb14a7e8ef0cf71154d5e6e: Time spent bootstrapping tablet: real 0.004s user 0.002s sys 0.001s
I0720 00:44:06.633296 5823 raft_consensus.cc:705] T 736b3f88dd4a41fbb23ef072e4e28905 P 445c7e479f0246a5b26400b1cd4d8d27 [term 0 FOLLOWER]: Becoming Follower/Learner. State: Replica: 445c7e479f0246a5b26400b1cd4d8d27, State: Initialized, Role: FOLLOWER
I0720 00:44:06.633774 5819 consensus_queue.cc:229] T 6c0c6e70945746faa55c4964f07a5a86 P aedbe741f4014e40ae382c213ab0d151 [NON_LEADER]: Queue going to NON_LEADER mode. State: All replicated index: 0, Majority replicated index: 0, Committed index: 0, Last appended: 0.0, Last appended by leader: 0, Current term: 0, Majority size: -1, State: 0, Mode: NON_LEADER, active raft config: opid_index: -1 OBSOLETE_local: false peers { permanent_uuid: "445c7e479f0246a5b26400b1cd4d8d27" member_type: VOTER last_known_addr { host: "127.0.58.130" port: 39833 } } peers { permanent_uuid: "be9af1eb9bb14a7e8ef0cf71154d5e6e" member_type: VOTER last_known_addr { host: "127.0.58.129" port: 34347 } } peers { permanent_uuid: "aedbe741f4014e40ae382c213ab0d151" member_type: VOTER last_known_addr { host: "127.0.58.131" port: 46091 } }
I0720 00:44:06.633455 5826 ts_tablet_manager.cc:1087] T 43e3ab995f34471c92e887c28c2e2e0f P be9af1eb9bb14a7e8ef0cf71154d5e6e: Time spent starting tablet: real 0.003s user 0.001s sys 0.000s
I0720 00:44:06.634210 5823 consensus_queue.cc:229] T 736b3f88dd4a41fbb23ef072e4e28905 P 445c7e479f0246a5b26400b1cd4d8d27 [NON_LEADER]: Queue going to NON_LEADER mode. State: All replicated index: 0, Majority replicated index: 0, Committed index: 0, Last appended: 0.0, Last appended by leader: 0, Current term: 0, Majority size: -1, State: 0, Mode: NON_LEADER, active raft config: opid_index: -1 OBSOLETE_local: false peers { permanent_uuid: "be9af1eb9bb14a7e8ef0cf71154d5e6e" member_type: VOTER last_known_addr { host: "127.0.58.129" port: 34347 } } peers { permanent_uuid: "445c7e479f0246a5b26400b1cd4d8d27" member_type: VOTER last_known_addr { host: "127.0.58.130" port: 39833 } } peers { permanent_uuid: "aedbe741f4014e40ae382c213ab0d151" member_type: VOTER last_known_addr { host: "127.0.58.131" port: 46091 } }
I0720 00:44:06.634367 5826 tablet_bootstrap.cc:439] T 6c0c6e70945746faa55c4964f07a5a86 P be9af1eb9bb14a7e8ef0cf71154d5e6e: Bootstrap starting.
I0720 00:44:06.633483 5822 consensus_queue.cc:229] T c1e0c42e42524c22af51c8e4a457d743 P 445c7e479f0246a5b26400b1cd4d8d27 [NON_LEADER]: Queue going to NON_LEADER mode. State: All replicated index: 0, Majority replicated index: 0, Committed index: 0, Last appended: 0.0, Last appended by leader: 0, Current term: 0, Majority size: -1, State: 0, Mode: NON_LEADER, active raft config: opid_index: -1 OBSOLETE_local: false peers { permanent_uuid: "445c7e479f0246a5b26400b1cd4d8d27" member_type: VOTER last_known_addr { host: "127.0.58.130" port: 39833 } } peers { permanent_uuid: "be9af1eb9bb14a7e8ef0cf71154d5e6e" member_type: VOTER last_known_addr { host: "127.0.58.129" port: 34347 } } peers { permanent_uuid: "aedbe741f4014e40ae382c213ab0d151" member_type: VOTER last_known_addr { host: "127.0.58.131" port: 46091 } }
I0720 00:44:06.634946 5819 ts_tablet_manager.cc:1087] T 6c0c6e70945746faa55c4964f07a5a86 P aedbe741f4014e40ae382c213ab0d151: Time spent starting tablet: real 0.008s user 0.001s sys 0.000s
I0720 00:44:06.635681 5826 tablet_bootstrap.cc:590] T 6c0c6e70945746faa55c4964f07a5a86 P be9af1eb9bb14a7e8ef0cf71154d5e6e: No blocks or log segments found. Creating new log.
I0720 00:44:06.636677 5824 ts_tablet_manager.cc:1087] T 736b3f88dd4a41fbb23ef072e4e28905 P be9af1eb9bb14a7e8ef0cf71154d5e6e: Time spent starting tablet: real 0.006s user 0.000s sys 0.001s
I0720 00:44:06.636940 5824 tablet_bootstrap.cc:439] T dff7af31a11e4cf78f6efbbfa12762d3 P be9af1eb9bb14a7e8ef0cf71154d5e6e: Bootstrap starting.
I0720 00:44:06.637529 5822 ts_tablet_manager.cc:1087] T c1e0c42e42524c22af51c8e4a457d743 P 445c7e479f0246a5b26400b1cd4d8d27: Time spent starting tablet: real 0.010s user 0.001s sys 0.000s
I0720 00:44:06.634016 5825 raft_consensus.cc:340] T c1e0c42e42524c22af51c8e4a457d743 P be9af1eb9bb14a7e8ef0cf71154d5e6e [term 0 FOLLOWER]: Replica starting. Triggering 0 pending transactions. Active config: opid_index: -1 OBSOLETE_local: false peers { permanent_uuid: "445c7e479f0246a5b26400b1cd4d8d27" member_type: VOTER last_known_addr { host: "127.0.58.130" port: 39833 } } peers { permanent_uuid: "be9af1eb9bb14a7e8ef0cf71154d5e6e" member_type: VOTER last_known_addr { host: "127.0.58.129" port: 34347 } } peers { permanent_uuid: "aedbe741f4014e40ae382c213ab0d151" member_type: VOTER last_known_addr { host: "127.0.58.131" port: 46091 } }
I0720 00:44:06.638005 5825 raft_consensus.cc:366] T c1e0c42e42524c22af51c8e4a457d743 P be9af1eb9bb14a7e8ef0cf71154d5e6e [term 0 FOLLOWER]: Consensus starting up: Expiring failure detector timer to make a prompt election more likely
I0720 00:44:06.637820 5823 ts_tablet_manager.cc:1087] T 736b3f88dd4a41fbb23ef072e4e28905 P 445c7e479f0246a5b26400b1cd4d8d27: Time spent starting tablet: real 0.010s user 0.001s sys 0.000s
I0720 00:44:06.638211 5824 tablet_bootstrap.cc:590] T dff7af31a11e4cf78f6efbbfa12762d3 P be9af1eb9bb14a7e8ef0cf71154d5e6e: No blocks or log segments found. Creating new log.
I0720 00:44:06.638216 5825 raft_consensus.cc:705] T c1e0c42e42524c22af51c8e4a457d743 P be9af1eb9bb14a7e8ef0cf71154d5e6e [term 0 FOLLOWER]: Becoming Follower/Learner. State: Replica: be9af1eb9bb14a7e8ef0cf71154d5e6e, State: Initialized, Role: FOLLOWER
I0720 00:44:06.639220 5825 consensus_queue.cc:229] T c1e0c42e42524c22af51c8e4a457d743 P be9af1eb9bb14a7e8ef0cf71154d5e6e [NON_LEADER]: Queue going to NON_LEADER mode. State: All replicated index: 0, Majority replicated index: 0, Committed index: 0, Last appended: 0.0, Last appended by leader: 0, Current term: 0, Majority size: -1, State: 0, Mode: NON_LEADER, active raft config: opid_index: -1 OBSOLETE_local: false peers { permanent_uuid: "445c7e479f0246a5b26400b1cd4d8d27" member_type: VOTER last_known_addr { host: "127.0.58.130" port: 39833 } } peers { permanent_uuid: "be9af1eb9bb14a7e8ef0cf71154d5e6e" member_type: VOTER last_known_addr { host: "127.0.58.129" port: 34347 } } peers { permanent_uuid: "aedbe741f4014e40ae382c213ab0d151" member_type: VOTER last_known_addr { host: "127.0.58.131" port: 46091 } }
I0720 00:44:06.640254 5826 tablet_bootstrap.cc:439] T 6c0c6e70945746faa55c4964f07a5a86 P be9af1eb9bb14a7e8ef0cf71154d5e6e: No bootstrap required, opened a new log
I0720 00:44:06.640367 5826 ts_tablet_manager.cc:1059] T 6c0c6e70945746faa55c4964f07a5a86 P be9af1eb9bb14a7e8ef0cf71154d5e6e: Time spent bootstrapping tablet: real 0.006s user 0.003s sys 0.000s
I0720 00:44:06.640405 5825 ts_tablet_manager.cc:1087] T c1e0c42e42524c22af51c8e4a457d743 P be9af1eb9bb14a7e8ef0cf71154d5e6e: Time spent starting tablet: real 0.007s user 0.001s sys 0.000s
I0720 00:44:06.640774 5825 tablet_bootstrap.cc:439] T f50d69e061a145869a005de2b35d1acc P be9af1eb9bb14a7e8ef0cf71154d5e6e: Bootstrap starting.
I0720 00:44:06.641295 5826 raft_consensus.cc:340] T 6c0c6e70945746faa55c4964f07a5a86 P be9af1eb9bb14a7e8ef0cf71154d5e6e [term 0 FOLLOWER]: Replica starting. Triggering 0 pending transactions. Active config: opid_index: -1 OBSOLETE_local: false peers { permanent_uuid: "445c7e479f0246a5b26400b1cd4d8d27" member_type: VOTER last_known_addr { host: "127.0.58.130" port: 39833 } } peers { permanent_uuid: "be9af1eb9bb14a7e8ef0cf71154d5e6e" member_type: VOTER last_known_addr { host: "127.0.58.129" port: 34347 } } peers { permanent_uuid: "aedbe741f4014e40ae382c213ab0d151" member_type: VOTER last_known_addr { host: "127.0.58.131" port: 46091 } }
I0720 00:44:06.641564 5826 raft_consensus.cc:366] T 6c0c6e70945746faa55c4964f07a5a86 P be9af1eb9bb14a7e8ef0cf71154d5e6e [term 0 FOLLOWER]: Consensus starting up: Expiring failure detector timer to make a prompt election more likely
I0720 00:44:06.641625 5824 tablet_bootstrap.cc:439] T dff7af31a11e4cf78f6efbbfa12762d3 P be9af1eb9bb14a7e8ef0cf71154d5e6e: No bootstrap required, opened a new log
I0720 00:44:06.641682 5826 raft_consensus.cc:705] T 6c0c6e70945746faa55c4964f07a5a86 P be9af1eb9bb14a7e8ef0cf71154d5e6e [term 0 FOLLOWER]: Becoming Follower/Learner. State: Replica: be9af1eb9bb14a7e8ef0cf71154d5e6e, State: Initialized, Role: FOLLOWER
I0720 00:44:06.641794 5824 ts_tablet_manager.cc:1059] T dff7af31a11e4cf78f6efbbfa12762d3 P be9af1eb9bb14a7e8ef0cf71154d5e6e: Time spent bootstrapping tablet: real 0.005s user 0.000s sys 0.003s
I0720 00:44:06.641922 5826 consensus_queue.cc:229] T 6c0c6e70945746faa55c4964f07a5a86 P be9af1eb9bb14a7e8ef0cf71154d5e6e [NON_LEADER]: Queue going to NON_LEADER mode. State: All replicated index: 0, Majority replicated index: 0, Committed index: 0, Last appended: 0.0, Last appended by leader: 0, Current term: 0, Majority size: -1, State: 0, Mode: NON_LEADER, active raft config: opid_index: -1 OBSOLETE_local: false peers { permanent_uuid: "445c7e479f0246a5b26400b1cd4d8d27" member_type: VOTER last_known_addr { host: "127.0.58.130" port: 39833 } } peers { permanent_uuid: "be9af1eb9bb14a7e8ef0cf71154d5e6e" member_type: VOTER last_known_addr { host: "127.0.58.129" port: 34347 } } peers { permanent_uuid: "aedbe741f4014e40ae382c213ab0d151" member_type: VOTER last_known_addr { host: "127.0.58.131" port: 46091 } }
I0720 00:44:06.642261 5825 tablet_bootstrap.cc:590] T f50d69e061a145869a005de2b35d1acc P be9af1eb9bb14a7e8ef0cf71154d5e6e: No blocks or log segments found. Creating new log.
I0720 00:44:06.642580 5826 ts_tablet_manager.cc:1087] T 6c0c6e70945746faa55c4964f07a5a86 P be9af1eb9bb14a7e8ef0cf71154d5e6e: Time spent starting tablet: real 0.002s user 0.001s sys 0.000s
I0720 00:44:06.642575 5824 raft_consensus.cc:340] T dff7af31a11e4cf78f6efbbfa12762d3 P be9af1eb9bb14a7e8ef0cf71154d5e6e [term 0 FOLLOWER]: Replica starting. Triggering 0 pending transactions. Active config: opid_index: -1 OBSOLETE_local: false peers { permanent_uuid: "445c7e479f0246a5b26400b1cd4d8d27" member_type: VOTER last_known_addr { host: "127.0.58.130" port: 39833 } } peers { permanent_uuid: "be9af1eb9bb14a7e8ef0cf71154d5e6e" member_type: VOTER last_known_addr { host: "127.0.58.129" port: 34347 } } peers { permanent_uuid: "aedbe741f4014e40ae382c213ab0d151" member_type: VOTER last_known_addr { host: "127.0.58.131" port: 46091 } }
I0720 00:44:06.642781 5824 raft_consensus.cc:366] T dff7af31a11e4cf78f6efbbfa12762d3 P be9af1eb9bb14a7e8ef0cf71154d5e6e [term 0 FOLLOWER]: Consensus starting up: Expiring failure detector timer to make a prompt election more likely
I0720 00:44:06.642876 5824 raft_consensus.cc:705] T dff7af31a11e4cf78f6efbbfa12762d3 P be9af1eb9bb14a7e8ef0cf71154d5e6e [term 0 FOLLOWER]: Becoming Follower/Learner. State: Replica: be9af1eb9bb14a7e8ef0cf71154d5e6e, State: Initialized, Role: FOLLOWER
I0720 00:44:06.643111 5824 consensus_queue.cc:229] T dff7af31a11e4cf78f6efbbfa12762d3 P be9af1eb9bb14a7e8ef0cf71154d5e6e [NON_LEADER]: Queue going to NON_LEADER mode. State: All replicated index: 0, Majority replicated index: 0, Committed index: 0, Last appended: 0.0, Last appended by leader: 0, Current term: 0, Majority size: -1, State: 0, Mode: NON_LEADER, active raft config: opid_index: -1 OBSOLETE_local: false peers { permanent_uuid: "445c7e479f0246a5b26400b1cd4d8d27" member_type: VOTER last_known_addr { host: "127.0.58.130" port: 39833 } } peers { permanent_uuid: "be9af1eb9bb14a7e8ef0cf71154d5e6e" member_type: VOTER last_known_addr { host: "127.0.58.129" port: 34347 } } peers { permanent_uuid: "aedbe741f4014e40ae382c213ab0d151" member_type: VOTER last_known_addr { host: "127.0.58.131" port: 46091 } }
I0720 00:44:06.643733 5824 ts_tablet_manager.cc:1087] T dff7af31a11e4cf78f6efbbfa12762d3 P be9af1eb9bb14a7e8ef0cf71154d5e6e: Time spent starting tablet: real 0.002s user 0.001s sys 0.000s
I0720 00:44:06.643836 5825 tablet_bootstrap.cc:439] T f50d69e061a145869a005de2b35d1acc P be9af1eb9bb14a7e8ef0cf71154d5e6e: No bootstrap required, opened a new log
I0720 00:44:06.643937 5825 ts_tablet_manager.cc:1059] T f50d69e061a145869a005de2b35d1acc P be9af1eb9bb14a7e8ef0cf71154d5e6e: Time spent bootstrapping tablet: real 0.003s user 0.003s sys 0.000s
I0720 00:44:06.644465 5825 raft_consensus.cc:340] T f50d69e061a145869a005de2b35d1acc P be9af1eb9bb14a7e8ef0cf71154d5e6e [term 0 FOLLOWER]: Replica starting. Triggering 0 pending transactions. Active config: opid_index: -1 OBSOLETE_local: false peers { permanent_uuid: "be9af1eb9bb14a7e8ef0cf71154d5e6e" member_type: VOTER last_known_addr { host: "127.0.58.129" port: 34347 } } peers { permanent_uuid: "445c7e479f0246a5b26400b1cd4d8d27" member_type: VOTER last_known_addr { host: "127.0.58.130" port: 39833 } } peers { permanent_uuid: "aedbe741f4014e40ae382c213ab0d151" member_type: VOTER last_known_addr { host: "127.0.58.131" port: 46091 } }
I0720 00:44:06.644595 5825 raft_consensus.cc:366] T f50d69e061a145869a005de2b35d1acc P be9af1eb9bb14a7e8ef0cf71154d5e6e [term 0 FOLLOWER]: Consensus starting up: Expiring failure detector timer to make a prompt election more likely
I0720 00:44:06.644641 5825 raft_consensus.cc:705] T f50d69e061a145869a005de2b35d1acc P be9af1eb9bb14a7e8ef0cf71154d5e6e [term 0 FOLLOWER]: Becoming Follower/Learner. State: Replica: be9af1eb9bb14a7e8ef0cf71154d5e6e, State: Initialized, Role: FOLLOWER
I0720 00:44:06.644774 5825 consensus_queue.cc:229] T f50d69e061a145869a005de2b35d1acc P be9af1eb9bb14a7e8ef0cf71154d5e6e [NON_LEADER]: Queue going to NON_LEADER mode. State: All replicated index: 0, Majority replicated index: 0, Committed index: 0, Last appended: 0.0, Last appended by leader: 0, Current term: 0, Majority size: -1, State: 0, Mode: NON_LEADER, active raft config: opid_index: -1 OBSOLETE_local: false peers { permanent_uuid: "be9af1eb9bb14a7e8ef0cf71154d5e6e" member_type: VOTER last_known_addr { host: "127.0.58.129" port: 34347 } } peers { permanent_uuid: "445c7e479f0246a5b26400b1cd4d8d27" member_type: VOTER last_known_addr { host: "127.0.58.130" port: 39833 } } peers { permanent_uuid: "aedbe741f4014e40ae382c213ab0d151" member_type: VOTER last_known_addr { host: "127.0.58.131" port: 46091 } }
I0720 00:44:06.645102 5825 ts_tablet_manager.cc:1087] T f50d69e061a145869a005de2b35d1acc P be9af1eb9bb14a7e8ef0cf71154d5e6e: Time spent starting tablet: real 0.001s user 0.000s sys 0.000s
I0720 00:44:06.655920 5837 raft_consensus.cc:472] T f0f53e18f4ec4eec823ef551f843b54e P aedbe741f4014e40ae382c213ab0d151 [term 0 FOLLOWER]: Starting pre-election (no leader contacted us within the election timeout)
I0720 00:44:06.656137 5837 raft_consensus.cc:494] T f0f53e18f4ec4eec823ef551f843b54e P aedbe741f4014e40ae382c213ab0d151 [term 0 FOLLOWER]: Starting pre-election with config: opid_index: -1 OBSOLETE_local: false peers { permanent_uuid: "445c7e479f0246a5b26400b1cd4d8d27" member_type: VOTER last_known_addr { host: "127.0.58.130" port: 39833 } } peers { permanent_uuid: "be9af1eb9bb14a7e8ef0cf71154d5e6e" member_type: VOTER last_known_addr { host: "127.0.58.129" port: 34347 } } peers { permanent_uuid: "aedbe741f4014e40ae382c213ab0d151" member_type: VOTER last_known_addr { host: "127.0.58.131" port: 46091 } }
I0720 00:44:06.657531 5837 leader_election.cc:296] T f0f53e18f4ec4eec823ef551f843b54e P aedbe741f4014e40ae382c213ab0d151 [CANDIDATE]: Term 1 pre-election: Requested pre-vote from peers 445c7e479f0246a5b26400b1cd4d8d27 (127.0.58.130:39833), be9af1eb9bb14a7e8ef0cf71154d5e6e (127.0.58.129:34347)
I0720 00:44:06.663815 5501 tablet_service.cc:1295] Received RequestConsensusVote() RPC: tablet_id: "f0f53e18f4ec4eec823ef551f843b54e" candidate_uuid: "aedbe741f4014e40ae382c213ab0d151" candidate_term: 1 candidate_status { last_received { term: 0 index: 0 } } ignore_live_leader: false dest_uuid: "be9af1eb9bb14a7e8ef0cf71154d5e6e" is_pre_election: true
I0720 00:44:06.664177 5501 raft_consensus.cc:2350] T f0f53e18f4ec4eec823ef551f843b54e P be9af1eb9bb14a7e8ef0cf71154d5e6e [term 0 FOLLOWER]: Leader pre-election vote request: Granting yes vote for candidate aedbe741f4014e40ae382c213ab0d151 in term 0.
I0720 00:44:06.664645 5626 tablet_service.cc:1295] Received RequestConsensusVote() RPC: tablet_id: "f0f53e18f4ec4eec823ef551f843b54e" candidate_uuid: "aedbe741f4014e40ae382c213ab0d151" candidate_term: 1 candidate_status { last_received { term: 0 index: 0 } } ignore_live_leader: false dest_uuid: "445c7e479f0246a5b26400b1cd4d8d27" is_pre_election: true
I0720 00:44:06.664748 5682 leader_election.cc:310] T f0f53e18f4ec4eec823ef551f843b54e P aedbe741f4014e40ae382c213ab0d151 [CANDIDATE]: Term 1 pre-election: Election decided. Result: candidate won. Election summary: received 2 responses out of 3 voters: 2 yes votes; 0 no votes. yes voters: aedbe741f4014e40ae382c213ab0d151, be9af1eb9bb14a7e8ef0cf71154d5e6e; no voters:
I0720 00:44:06.664939 5626 raft_consensus.cc:2350] T f0f53e18f4ec4eec823ef551f843b54e P 445c7e479f0246a5b26400b1cd4d8d27 [term 0 FOLLOWER]: Leader pre-election vote request: Granting yes vote for candidate aedbe741f4014e40ae382c213ab0d151 in term 0.
I0720 00:44:06.665158 5837 raft_consensus.cc:2644] T f0f53e18f4ec4eec823ef551f843b54e P aedbe741f4014e40ae382c213ab0d151 [term 0 FOLLOWER]: Leader pre-election won for term 1
I0720 00:44:06.665261 5837 raft_consensus.cc:472] T f0f53e18f4ec4eec823ef551f843b54e P aedbe741f4014e40ae382c213ab0d151 [term 0 FOLLOWER]: Starting leader election (no leader contacted us within the election timeout)
I0720 00:44:06.665340 5837 raft_consensus.cc:2890] T f0f53e18f4ec4eec823ef551f843b54e P aedbe741f4014e40ae382c213ab0d151 [term 0 FOLLOWER]: Advancing to term 1
I0720 00:44:06.667366 5837 raft_consensus.cc:494] T f0f53e18f4ec4eec823ef551f843b54e P aedbe741f4014e40ae382c213ab0d151 [term 1 FOLLOWER]: Starting leader election with config: opid_index: -1 OBSOLETE_local: false peers { permanent_uuid: "445c7e479f0246a5b26400b1cd4d8d27" member_type: VOTER last_known_addr { host: "127.0.58.130" port: 39833 } } peers { permanent_uuid: "be9af1eb9bb14a7e8ef0cf71154d5e6e" member_type: VOTER last_known_addr { host: "127.0.58.129" port: 34347 } } peers { permanent_uuid: "aedbe741f4014e40ae382c213ab0d151" member_type: VOTER last_known_addr { host: "127.0.58.131" port: 46091 } }
I0720 00:44:06.667838 5837 leader_election.cc:296] T f0f53e18f4ec4eec823ef551f843b54e P aedbe741f4014e40ae382c213ab0d151 [CANDIDATE]: Term 1 election: Requested vote from peers 445c7e479f0246a5b26400b1cd4d8d27 (127.0.58.130:39833), be9af1eb9bb14a7e8ef0cf71154d5e6e (127.0.58.129:34347)
I0720 00:44:06.668233 5626 tablet_service.cc:1295] Received RequestConsensusVote() RPC: tablet_id: "f0f53e18f4ec4eec823ef551f843b54e" candidate_uuid: "aedbe741f4014e40ae382c213ab0d151" candidate_term: 1 candidate_status { last_received { term: 0 index: 0 } } ignore_live_leader: false dest_uuid: "445c7e479f0246a5b26400b1cd4d8d27"
I0720 00:44:06.668264 5501 tablet_service.cc:1295] Received RequestConsensusVote() RPC: tablet_id: "f0f53e18f4ec4eec823ef551f843b54e" candidate_uuid: "aedbe741f4014e40ae382c213ab0d151" candidate_term: 1 candidate_status { last_received { term: 0 index: 0 } } ignore_live_leader: false dest_uuid: "be9af1eb9bb14a7e8ef0cf71154d5e6e"
I0720 00:44:06.668378 5626 raft_consensus.cc:2890] T f0f53e18f4ec4eec823ef551f843b54e P 445c7e479f0246a5b26400b1cd4d8d27 [term 0 FOLLOWER]: Advancing to term 1
I0720 00:44:06.668390 5501 raft_consensus.cc:2890] T f0f53e18f4ec4eec823ef551f843b54e P be9af1eb9bb14a7e8ef0cf71154d5e6e [term 0 FOLLOWER]: Advancing to term 1
I0720 00:44:06.669986 5501 raft_consensus.cc:2350] T f0f53e18f4ec4eec823ef551f843b54e P be9af1eb9bb14a7e8ef0cf71154d5e6e [term 1 FOLLOWER]: Leader election vote request: Granting yes vote for candidate aedbe741f4014e40ae382c213ab0d151 in term 1.
I0720 00:44:06.670056 5626 raft_consensus.cc:2350] T f0f53e18f4ec4eec823ef551f843b54e P 445c7e479f0246a5b26400b1cd4d8d27 [term 1 FOLLOWER]: Leader election vote request: Granting yes vote for candidate aedbe741f4014e40ae382c213ab0d151 in term 1.
I0720 00:44:06.670341 5682 leader_election.cc:310] T f0f53e18f4ec4eec823ef551f843b54e P aedbe741f4014e40ae382c213ab0d151 [CANDIDATE]: Term 1 election: Election decided. Result: candidate won. Election summary: received 2 responses out of 3 voters: 2 yes votes; 0 no votes. yes voters: aedbe741f4014e40ae382c213ab0d151, be9af1eb9bb14a7e8ef0cf71154d5e6e; no voters:
I0720 00:44:06.670622 5837 raft_consensus.cc:2644] T f0f53e18f4ec4eec823ef551f843b54e P aedbe741f4014e40ae382c213ab0d151 [term 1 FOLLOWER]: Leader election won for term 1
I0720 00:44:06.670734 5837 raft_consensus.cc:667] T f0f53e18f4ec4eec823ef551f843b54e P aedbe741f4014e40ae382c213ab0d151 [term 1 LEADER]: Becoming Leader. State: Replica: aedbe741f4014e40ae382c213ab0d151, State: Running, Role: LEADER
I0720 00:44:06.671090 5837 consensus_queue.cc:206] T f0f53e18f4ec4eec823ef551f843b54e P aedbe741f4014e40ae382c213ab0d151 [LEADER]: Queue going to LEADER mode. State: All replicated index: 0, Majority replicated index: 0, Committed index: 0, Last appended: 0.0, Last appended by leader: 0, Current term: 1, Majority size: 2, State: 0, Mode: LEADER, active raft config: opid_index: -1 OBSOLETE_local: false peers { permanent_uuid: "445c7e479f0246a5b26400b1cd4d8d27" member_type: VOTER last_known_addr { host: "127.0.58.130" port: 39833 } } peers { permanent_uuid: "be9af1eb9bb14a7e8ef0cf71154d5e6e" member_type: VOTER last_known_addr { host: "127.0.58.129" port: 34347 } } peers { permanent_uuid: "aedbe741f4014e40ae382c213ab0d151" member_type: VOTER last_known_addr { host: "127.0.58.131" port: 46091 } }
I0720 00:44:06.674599 5378 catalog_manager.cc:4067] T f0f53e18f4ec4eec823ef551f843b54e P aedbe741f4014e40ae382c213ab0d151 reported cstate change: term changed from 0 to 1, leader changed from to aedbe741f4014e40ae382c213ab0d151 (127.0.58.131). New cstate: current_term: 1 leader_uuid: "aedbe741f4014e40ae382c213ab0d151" committed_config { opid_index: -1 OBSOLETE_local: false peers { permanent_uuid: "445c7e479f0246a5b26400b1cd4d8d27" member_type: VOTER last_known_addr { host: "127.0.58.130" port: 39833 } health_report { overall_health: UNKNOWN } } peers { permanent_uuid: "be9af1eb9bb14a7e8ef0cf71154d5e6e" member_type: VOTER last_known_addr { host: "127.0.58.129" port: 34347 } health_report { overall_health: UNKNOWN } } peers { permanent_uuid: "aedbe741f4014e40ae382c213ab0d151" member_type: VOTER last_known_addr { host: "127.0.58.131" port: 46091 } health_report { overall_health: HEALTHY } } }
I0720 00:44:06.687960 5832 raft_consensus.cc:472] T 6c0c6e70945746faa55c4964f07a5a86 P 445c7e479f0246a5b26400b1cd4d8d27 [term 0 FOLLOWER]: Starting pre-election (no leader contacted us within the election timeout)
I0720 00:44:06.688107 5832 raft_consensus.cc:494] T 6c0c6e70945746faa55c4964f07a5a86 P 445c7e479f0246a5b26400b1cd4d8d27 [term 0 FOLLOWER]: Starting pre-election with config: opid_index: -1 OBSOLETE_local: false peers { permanent_uuid: "445c7e479f0246a5b26400b1cd4d8d27" member_type: VOTER last_known_addr { host: "127.0.58.130" port: 39833 } } peers { permanent_uuid: "be9af1eb9bb14a7e8ef0cf71154d5e6e" member_type: VOTER last_known_addr { host: "127.0.58.129" port: 34347 } } peers { permanent_uuid: "aedbe741f4014e40ae382c213ab0d151" member_type: VOTER last_known_addr { host: "127.0.58.131" port: 46091 } }
I0720 00:44:06.689301 5832 leader_election.cc:296] T 6c0c6e70945746faa55c4964f07a5a86 P 445c7e479f0246a5b26400b1cd4d8d27 [CANDIDATE]: Term 1 pre-election: Requested pre-vote from peers be9af1eb9bb14a7e8ef0cf71154d5e6e (127.0.58.129:34347), aedbe741f4014e40ae382c213ab0d151 (127.0.58.131:46091)
I0720 00:44:06.692502 5847 raft_consensus.cc:472] T 7dfcac69dd8c4d54a4fe10c404a9cc87 P be9af1eb9bb14a7e8ef0cf71154d5e6e [term 0 FOLLOWER]: Starting pre-election (no leader contacted us within the election timeout)
I0720 00:44:06.692697 5847 raft_consensus.cc:494] T 7dfcac69dd8c4d54a4fe10c404a9cc87 P be9af1eb9bb14a7e8ef0cf71154d5e6e [term 0 FOLLOWER]: Starting pre-election with config: opid_index: -1 OBSOLETE_local: false peers { permanent_uuid: "445c7e479f0246a5b26400b1cd4d8d27" member_type: VOTER last_known_addr { host: "127.0.58.130" port: 39833 } } peers { permanent_uuid: "be9af1eb9bb14a7e8ef0cf71154d5e6e" member_type: VOTER last_known_addr { host: "127.0.58.129" port: 34347 } } peers { permanent_uuid: "aedbe741f4014e40ae382c213ab0d151" member_type: VOTER last_known_addr { host: "127.0.58.131" port: 46091 } }
I0720 00:44:06.694206 5847 leader_election.cc:296] T 7dfcac69dd8c4d54a4fe10c404a9cc87 P be9af1eb9bb14a7e8ef0cf71154d5e6e [CANDIDATE]: Term 1 pre-election: Requested pre-vote from peers 445c7e479f0246a5b26400b1cd4d8d27 (127.0.58.130:39833), aedbe741f4014e40ae382c213ab0d151 (127.0.58.131:46091)
I0720 00:44:06.703119 5626 tablet_service.cc:1295] Received RequestConsensusVote() RPC: tablet_id: "7dfcac69dd8c4d54a4fe10c404a9cc87" candidate_uuid: "be9af1eb9bb14a7e8ef0cf71154d5e6e" candidate_term: 1 candidate_status { last_received { term: 0 index: 0 } } ignore_live_leader: false dest_uuid: "445c7e479f0246a5b26400b1cd4d8d27" is_pre_election: true
I0720 00:44:06.703160 5501 tablet_service.cc:1295] Received RequestConsensusVote() RPC: tablet_id: "6c0c6e70945746faa55c4964f07a5a86" candidate_uuid: "445c7e479f0246a5b26400b1cd4d8d27" candidate_term: 1 candidate_status { last_received { term: 0 index: 0 } } ignore_live_leader: false dest_uuid: "be9af1eb9bb14a7e8ef0cf71154d5e6e" is_pre_election: true
I0720 00:44:06.703361 5626 raft_consensus.cc:2350] T 7dfcac69dd8c4d54a4fe10c404a9cc87 P 445c7e479f0246a5b26400b1cd4d8d27 [term 0 FOLLOWER]: Leader pre-election vote request: Granting yes vote for candidate be9af1eb9bb14a7e8ef0cf71154d5e6e in term 0.
I0720 00:44:06.703378 5501 raft_consensus.cc:2350] T 6c0c6e70945746faa55c4964f07a5a86 P be9af1eb9bb14a7e8ef0cf71154d5e6e [term 0 FOLLOWER]: Leader pre-election vote request: Granting yes vote for candidate 445c7e479f0246a5b26400b1cd4d8d27 in term 0.
I0720 00:44:06.703768 5435 leader_election.cc:310] T 7dfcac69dd8c4d54a4fe10c404a9cc87 P be9af1eb9bb14a7e8ef0cf71154d5e6e [CANDIDATE]: Term 1 pre-election: Election decided. Result: candidate won. Election summary: received 2 responses out of 3 voters: 2 yes votes; 0 no votes. yes voters: 445c7e479f0246a5b26400b1cd4d8d27, be9af1eb9bb14a7e8ef0cf71154d5e6e; no voters:
I0720 00:44:06.703521 5750 tablet_service.cc:1295] Received RequestConsensusVote() RPC: tablet_id: "7dfcac69dd8c4d54a4fe10c404a9cc87" candidate_uuid: "be9af1eb9bb14a7e8ef0cf71154d5e6e" candidate_term: 1 candidate_status { last_received { term: 0 index: 0 } } ignore_live_leader: false dest_uuid: "aedbe741f4014e40ae382c213ab0d151" is_pre_election: true
I0720 00:44:06.703984 5750 raft_consensus.cc:2350] T 7dfcac69dd8c4d54a4fe10c404a9cc87 P aedbe741f4014e40ae382c213ab0d151 [term 0 FOLLOWER]: Leader pre-election vote request: Granting yes vote for candidate be9af1eb9bb14a7e8ef0cf71154d5e6e in term 0.
I0720 00:44:06.704133 5847 raft_consensus.cc:2644] T 7dfcac69dd8c4d54a4fe10c404a9cc87 P be9af1eb9bb14a7e8ef0cf71154d5e6e [term 0 FOLLOWER]: Leader pre-election won for term 1
I0720 00:44:06.704224 5847 raft_consensus.cc:472] T 7dfcac69dd8c4d54a4fe10c404a9cc87 P be9af1eb9bb14a7e8ef0cf71154d5e6e [term 0 FOLLOWER]: Starting leader election (no leader contacted us within the election timeout)
I0720 00:44:06.704298 5847 raft_consensus.cc:2890] T 7dfcac69dd8c4d54a4fe10c404a9cc87 P be9af1eb9bb14a7e8ef0cf71154d5e6e [term 0 FOLLOWER]: Advancing to term 1
I0720 00:44:06.704236 5558 leader_election.cc:310] T 6c0c6e70945746faa55c4964f07a5a86 P 445c7e479f0246a5b26400b1cd4d8d27 [CANDIDATE]: Term 1 pre-election: Election decided. Result: candidate won. Election summary: received 2 responses out of 3 voters: 2 yes votes; 0 no votes. yes voters: 445c7e479f0246a5b26400b1cd4d8d27, be9af1eb9bb14a7e8ef0cf71154d5e6e; no voters:
I0720 00:44:06.704583 5832 raft_consensus.cc:2644] T 6c0c6e70945746faa55c4964f07a5a86 P 445c7e479f0246a5b26400b1cd4d8d27 [term 0 FOLLOWER]: Leader pre-election won for term 1
I0720 00:44:06.704658 5832 raft_consensus.cc:472] T 6c0c6e70945746faa55c4964f07a5a86 P 445c7e479f0246a5b26400b1cd4d8d27 [term 0 FOLLOWER]: Starting leader election (no leader contacted us within the election timeout)
I0720 00:44:06.704718 5832 raft_consensus.cc:2890] T 6c0c6e70945746faa55c4964f07a5a86 P 445c7e479f0246a5b26400b1cd4d8d27 [term 0 FOLLOWER]: Advancing to term 1
I0720 00:44:06.705308 5750 tablet_service.cc:1295] Received RequestConsensusVote() RPC: tablet_id: "6c0c6e70945746faa55c4964f07a5a86" candidate_uuid: "445c7e479f0246a5b26400b1cd4d8d27" candidate_term: 1 candidate_status { last_received { term: 0 index: 0 } } ignore_live_leader: false dest_uuid: "aedbe741f4014e40ae382c213ab0d151" is_pre_election: true
I0720 00:44:06.705468 5750 raft_consensus.cc:2350] T 6c0c6e70945746faa55c4964f07a5a86 P aedbe741f4014e40ae382c213ab0d151 [term 0 FOLLOWER]: Leader pre-election vote request: Granting yes vote for candidate 445c7e479f0246a5b26400b1cd4d8d27 in term 0.
I0720 00:44:06.706357 5847 raft_consensus.cc:494] T 7dfcac69dd8c4d54a4fe10c404a9cc87 P be9af1eb9bb14a7e8ef0cf71154d5e6e [term 1 FOLLOWER]: Starting leader election with config: opid_index: -1 OBSOLETE_local: false peers { permanent_uuid: "445c7e479f0246a5b26400b1cd4d8d27" member_type: VOTER last_known_addr { host: "127.0.58.130" port: 39833 } } peers { permanent_uuid: "be9af1eb9bb14a7e8ef0cf71154d5e6e" member_type: VOTER last_known_addr { host: "127.0.58.129" port: 34347 } } peers { permanent_uuid: "aedbe741f4014e40ae382c213ab0d151" member_type: VOTER last_known_addr { host: "127.0.58.131" port: 46091 } }
I0720 00:44:06.706614 5832 raft_consensus.cc:494] T 6c0c6e70945746faa55c4964f07a5a86 P 445c7e479f0246a5b26400b1cd4d8d27 [term 1 FOLLOWER]: Starting leader election with config: opid_index: -1 OBSOLETE_local: false peers { permanent_uuid: "445c7e479f0246a5b26400b1cd4d8d27" member_type: VOTER last_known_addr { host: "127.0.58.130" port: 39833 } } peers { permanent_uuid: "be9af1eb9bb14a7e8ef0cf71154d5e6e" member_type: VOTER last_known_addr { host: "127.0.58.129" port: 34347 } } peers { permanent_uuid: "aedbe741f4014e40ae382c213ab0d151" member_type: VOTER last_known_addr { host: "127.0.58.131" port: 46091 } }
I0720 00:44:06.706807 5847 leader_election.cc:296] T 7dfcac69dd8c4d54a4fe10c404a9cc87 P be9af1eb9bb14a7e8ef0cf71154d5e6e [CANDIDATE]: Term 1 election: Requested vote from peers 445c7e479f0246a5b26400b1cd4d8d27 (127.0.58.130:39833), aedbe741f4014e40ae382c213ab0d151 (127.0.58.131:46091)
I0720 00:44:06.707106 5832 leader_election.cc:296] T 6c0c6e70945746faa55c4964f07a5a86 P 445c7e479f0246a5b26400b1cd4d8d27 [CANDIDATE]: Term 1 election: Requested vote from peers be9af1eb9bb14a7e8ef0cf71154d5e6e (127.0.58.129:34347), aedbe741f4014e40ae382c213ab0d151 (127.0.58.131:46091)
I0720 00:44:06.707211 5626 tablet_service.cc:1295] Received RequestConsensusVote() RPC: tablet_id: "7dfcac69dd8c4d54a4fe10c404a9cc87" candidate_uuid: "be9af1eb9bb14a7e8ef0cf71154d5e6e" candidate_term: 1 candidate_status { last_received { term: 0 index: 0 } } ignore_live_leader: false dest_uuid: "445c7e479f0246a5b26400b1cd4d8d27"
I0720 00:44:06.707339 5750 tablet_service.cc:1295] Received RequestConsensusVote() RPC: tablet_id: "7dfcac69dd8c4d54a4fe10c404a9cc87" candidate_uuid: "be9af1eb9bb14a7e8ef0cf71154d5e6e" candidate_term: 1 candidate_status { last_received { term: 0 index: 0 } } ignore_live_leader: false dest_uuid: "aedbe741f4014e40ae382c213ab0d151"
I0720 00:44:06.707391 5626 raft_consensus.cc:2890] T 7dfcac69dd8c4d54a4fe10c404a9cc87 P 445c7e479f0246a5b26400b1cd4d8d27 [term 0 FOLLOWER]: Advancing to term 1
I0720 00:44:06.707499 5750 raft_consensus.cc:2890] T 7dfcac69dd8c4d54a4fe10c404a9cc87 P aedbe741f4014e40ae382c213ab0d151 [term 0 FOLLOWER]: Advancing to term 1
I0720 00:44:06.707656 5501 tablet_service.cc:1295] Received RequestConsensusVote() RPC: tablet_id: "6c0c6e70945746faa55c4964f07a5a86" candidate_uuid: "445c7e479f0246a5b26400b1cd4d8d27" candidate_term: 1 candidate_status { last_received { term: 0 index: 0 } } ignore_live_leader: false dest_uuid: "be9af1eb9bb14a7e8ef0cf71154d5e6e"
I0720 00:44:06.707826 5501 raft_consensus.cc:2890] T 6c0c6e70945746faa55c4964f07a5a86 P be9af1eb9bb14a7e8ef0cf71154d5e6e [term 0 FOLLOWER]: Advancing to term 1
I0720 00:44:06.708730 5626 raft_consensus.cc:2350] T 7dfcac69dd8c4d54a4fe10c404a9cc87 P 445c7e479f0246a5b26400b1cd4d8d27 [term 1 FOLLOWER]: Leader election vote request: Granting yes vote for candidate be9af1eb9bb14a7e8ef0cf71154d5e6e in term 1.
I0720 00:44:06.709061 5435 leader_election.cc:310] T 7dfcac69dd8c4d54a4fe10c404a9cc87 P be9af1eb9bb14a7e8ef0cf71154d5e6e [CANDIDATE]: Term 1 election: Election decided. Result: candidate won. Election summary: received 2 responses out of 3 voters: 2 yes votes; 0 no votes. yes voters: 445c7e479f0246a5b26400b1cd4d8d27, be9af1eb9bb14a7e8ef0cf71154d5e6e; no voters:
I0720 00:44:06.709300 5847 raft_consensus.cc:2644] T 7dfcac69dd8c4d54a4fe10c404a9cc87 P be9af1eb9bb14a7e8ef0cf71154d5e6e [term 1 FOLLOWER]: Leader election won for term 1
I0720 00:44:06.709415 5847 raft_consensus.cc:667] T 7dfcac69dd8c4d54a4fe10c404a9cc87 P be9af1eb9bb14a7e8ef0cf71154d5e6e [term 1 LEADER]: Becoming Leader. State: Replica: be9af1eb9bb14a7e8ef0cf71154d5e6e, State: Running, Role: LEADER
I0720 00:44:06.709662 5750 raft_consensus.cc:2350] T 7dfcac69dd8c4d54a4fe10c404a9cc87 P aedbe741f4014e40ae382c213ab0d151 [term 1 FOLLOWER]: Leader election vote request: Granting yes vote for candidate be9af1eb9bb14a7e8ef0cf71154d5e6e in term 1.
I0720 00:44:06.709728 5501 raft_consensus.cc:2350] T 6c0c6e70945746faa55c4964f07a5a86 P be9af1eb9bb14a7e8ef0cf71154d5e6e [term 1 FOLLOWER]: Leader election vote request: Granting yes vote for candidate 445c7e479f0246a5b26400b1cd4d8d27 in term 1.
I0720 00:44:06.709801 5847 consensus_queue.cc:206] T 7dfcac69dd8c4d54a4fe10c404a9cc87 P be9af1eb9bb14a7e8ef0cf71154d5e6e [LEADER]: Queue going to LEADER mode. State: All replicated index: 0, Majority replicated index: 0, Committed index: 0, Last appended: 0.0, Last appended by leader: 0, Current term: 1, Majority size: 2, State: 0, Mode: LEADER, active raft config: opid_index: -1 OBSOLETE_local: false peers { permanent_uuid: "445c7e479f0246a5b26400b1cd4d8d27" member_type: VOTER last_known_addr { host: "127.0.58.130" port: 39833 } } peers { permanent_uuid: "be9af1eb9bb14a7e8ef0cf71154d5e6e" member_type: VOTER last_known_addr { host: "127.0.58.129" port: 34347 } } peers { permanent_uuid: "aedbe741f4014e40ae382c213ab0d151" member_type: VOTER last_known_addr { host: "127.0.58.131" port: 46091 } }
I0720 00:44:06.710105 5558 leader_election.cc:310] T 6c0c6e70945746faa55c4964f07a5a86 P 445c7e479f0246a5b26400b1cd4d8d27 [CANDIDATE]: Term 1 election: Election decided. Result: candidate won. Election summary: received 2 responses out of 3 voters: 2 yes votes; 0 no votes. yes voters: 445c7e479f0246a5b26400b1cd4d8d27, be9af1eb9bb14a7e8ef0cf71154d5e6e; no voters:
I0720 00:44:06.710355 5832 raft_consensus.cc:2644] T 6c0c6e70945746faa55c4964f07a5a86 P 445c7e479f0246a5b26400b1cd4d8d27 [term 1 FOLLOWER]: Leader election won for term 1
I0720 00:44:06.710340 5750 tablet_service.cc:1295] Received RequestConsensusVote() RPC: tablet_id: "6c0c6e70945746faa55c4964f07a5a86" candidate_uuid: "445c7e479f0246a5b26400b1cd4d8d27" candidate_term: 1 candidate_status { last_received { term: 0 index: 0 } } ignore_live_leader: false dest_uuid: "aedbe741f4014e40ae382c213ab0d151"
I0720 00:44:06.710528 5750 raft_consensus.cc:2890] T 6c0c6e70945746faa55c4964f07a5a86 P aedbe741f4014e40ae382c213ab0d151 [term 0 FOLLOWER]: Advancing to term 1
I0720 00:44:06.711484 5837 raft_consensus.cc:472] T dff7af31a11e4cf78f6efbbfa12762d3 P aedbe741f4014e40ae382c213ab0d151 [term 0 FOLLOWER]: Starting pre-election (no leader contacted us within the election timeout)
I0720 00:44:06.711638 5837 raft_consensus.cc:494] T dff7af31a11e4cf78f6efbbfa12762d3 P aedbe741f4014e40ae382c213ab0d151 [term 0 FOLLOWER]: Starting pre-election with config: opid_index: -1 OBSOLETE_local: false peers { permanent_uuid: "445c7e479f0246a5b26400b1cd4d8d27" member_type: VOTER last_known_addr { host: "127.0.58.130" port: 39833 } } peers { permanent_uuid: "be9af1eb9bb14a7e8ef0cf71154d5e6e" member_type: VOTER last_known_addr { host: "127.0.58.129" port: 34347 } } peers { permanent_uuid: "aedbe741f4014e40ae382c213ab0d151" member_type: VOTER last_known_addr { host: "127.0.58.131" port: 46091 } }
I0720 00:44:06.712711 5501 tablet_service.cc:1295] Received RequestConsensusVote() RPC: tablet_id: "dff7af31a11e4cf78f6efbbfa12762d3" candidate_uuid: "aedbe741f4014e40ae382c213ab0d151" candidate_term: 1 candidate_status { last_received { term: 0 index: 0 } } ignore_live_leader: false dest_uuid: "be9af1eb9bb14a7e8ef0cf71154d5e6e" is_pre_election: true
I0720 00:44:06.712711 5626 tablet_service.cc:1295] Received RequestConsensusVote() RPC: tablet_id: "dff7af31a11e4cf78f6efbbfa12762d3" candidate_uuid: "aedbe741f4014e40ae382c213ab0d151" candidate_term: 1 candidate_status { last_received { term: 0 index: 0 } } ignore_live_leader: false dest_uuid: "445c7e479f0246a5b26400b1cd4d8d27" is_pre_election: true
I0720 00:44:06.712869 5501 raft_consensus.cc:2350] T dff7af31a11e4cf78f6efbbfa12762d3 P be9af1eb9bb14a7e8ef0cf71154d5e6e [term 0 FOLLOWER]: Leader pre-election vote request: Granting yes vote for candidate aedbe741f4014e40ae382c213ab0d151 in term 0.
I0720 00:44:06.712882 5626 raft_consensus.cc:2350] T dff7af31a11e4cf78f6efbbfa12762d3 P 445c7e479f0246a5b26400b1cd4d8d27 [term 0 FOLLOWER]: Leader pre-election vote request: Granting yes vote for candidate aedbe741f4014e40ae382c213ab0d151 in term 0.
I0720 00:44:06.713279 5682 leader_election.cc:310] T dff7af31a11e4cf78f6efbbfa12762d3 P aedbe741f4014e40ae382c213ab0d151 [CANDIDATE]: Term 1 pre-election: Election decided. Result: candidate won. Election summary: received 2 responses out of 3 voters: 2 yes votes; 0 no votes. yes voters: aedbe741f4014e40ae382c213ab0d151, be9af1eb9bb14a7e8ef0cf71154d5e6e; no voters:
I0720 00:44:06.713729 5836 raft_consensus.cc:2644] T dff7af31a11e4cf78f6efbbfa12762d3 P aedbe741f4014e40ae382c213ab0d151 [term 0 FOLLOWER]: Leader pre-election won for term 1
I0720 00:44:06.713802 5836 raft_consensus.cc:472] T dff7af31a11e4cf78f6efbbfa12762d3 P aedbe741f4014e40ae382c213ab0d151 [term 0 FOLLOWER]: Starting leader election (no leader contacted us within the election timeout)
I0720 00:44:06.713830 5832 raft_consensus.cc:667] T 6c0c6e70945746faa55c4964f07a5a86 P 445c7e479f0246a5b26400b1cd4d8d27 [term 1 LEADER]: Becoming Leader. State: Replica: 445c7e479f0246a5b26400b1cd4d8d27, State: Running, Role: LEADER
I0720 00:44:06.713929 5836 raft_consensus.cc:2890] T dff7af31a11e4cf78f6efbbfa12762d3 P aedbe741f4014e40ae382c213ab0d151 [term 0 FOLLOWER]: Advancing to term 1
I0720 00:44:06.714241 5832 consensus_queue.cc:206] T 6c0c6e70945746faa55c4964f07a5a86 P 445c7e479f0246a5b26400b1cd4d8d27 [LEADER]: Queue going to LEADER mode. State: All replicated index: 0, Majority replicated index: 0, Committed index: 0, Last appended: 0.0, Last appended by leader: 0, Current term: 1, Majority size: 2, State: 0, Mode: LEADER, active raft config: opid_index: -1 OBSOLETE_local: false peers { permanent_uuid: "445c7e479f0246a5b26400b1cd4d8d27" member_type: VOTER last_known_addr { host: "127.0.58.130" port: 39833 } } peers { permanent_uuid: "be9af1eb9bb14a7e8ef0cf71154d5e6e" member_type: VOTER last_known_addr { host: "127.0.58.129" port: 34347 } } peers { permanent_uuid: "aedbe741f4014e40ae382c213ab0d151" member_type: VOTER last_known_addr { host: "127.0.58.131" port: 46091 } }
I0720 00:44:06.714896 5837 leader_election.cc:296] T dff7af31a11e4cf78f6efbbfa12762d3 P aedbe741f4014e40ae382c213ab0d151 [CANDIDATE]: Term 1 pre-election: Requested pre-vote from peers 445c7e479f0246a5b26400b1cd4d8d27 (127.0.58.130:39833), be9af1eb9bb14a7e8ef0cf71154d5e6e (127.0.58.129:34347)
I0720 00:44:06.715054 5378 catalog_manager.cc:4067] T 7dfcac69dd8c4d54a4fe10c404a9cc87 P be9af1eb9bb14a7e8ef0cf71154d5e6e reported cstate change: term changed from 0 to 1, leader changed from to be9af1eb9bb14a7e8ef0cf71154d5e6e (127.0.58.129). New cstate: current_term: 1 leader_uuid: "be9af1eb9bb14a7e8ef0cf71154d5e6e" committed_config { opid_index: -1 OBSOLETE_local: false peers { permanent_uuid: "445c7e479f0246a5b26400b1cd4d8d27" member_type: VOTER last_known_addr { host: "127.0.58.130" port: 39833 } health_report { overall_health: UNKNOWN } } peers { permanent_uuid: "be9af1eb9bb14a7e8ef0cf71154d5e6e" member_type: VOTER last_known_addr { host: "127.0.58.129" port: 34347 } health_report { overall_health: HEALTHY } } peers { permanent_uuid: "aedbe741f4014e40ae382c213ab0d151" member_type: VOTER last_known_addr { host: "127.0.58.131" port: 46091 } health_report { overall_health: UNKNOWN } } }
I0720 00:44:06.716084 5836 raft_consensus.cc:494] T dff7af31a11e4cf78f6efbbfa12762d3 P aedbe741f4014e40ae382c213ab0d151 [term 1 FOLLOWER]: Starting leader election with config: opid_index: -1 OBSOLETE_local: false peers { permanent_uuid: "445c7e479f0246a5b26400b1cd4d8d27" member_type: VOTER last_known_addr { host: "127.0.58.130" port: 39833 } } peers { permanent_uuid: "be9af1eb9bb14a7e8ef0cf71154d5e6e" member_type: VOTER last_known_addr { host: "127.0.58.129" port: 34347 } } peers { permanent_uuid: "aedbe741f4014e40ae382c213ab0d151" member_type: VOTER last_known_addr { host: "127.0.58.131" port: 46091 } }
I0720 00:44:06.716678 5836 leader_election.cc:296] T dff7af31a11e4cf78f6efbbfa12762d3 P aedbe741f4014e40ae382c213ab0d151 [CANDIDATE]: Term 1 election: Requested vote from peers 445c7e479f0246a5b26400b1cd4d8d27 (127.0.58.130:39833), be9af1eb9bb14a7e8ef0cf71154d5e6e (127.0.58.129:34347)
I0720 00:44:06.717062 5626 tablet_service.cc:1295] Received RequestConsensusVote() RPC: tablet_id: "dff7af31a11e4cf78f6efbbfa12762d3" candidate_uuid: "aedbe741f4014e40ae382c213ab0d151" candidate_term: 1 candidate_status { last_received { term: 0 index: 0 } } ignore_live_leader: false dest_uuid: "445c7e479f0246a5b26400b1cd4d8d27"
I0720 00:44:06.717195 5626 raft_consensus.cc:2890] T dff7af31a11e4cf78f6efbbfa12762d3 P 445c7e479f0246a5b26400b1cd4d8d27 [term 0 FOLLOWER]: Advancing to term 1
I0720 00:44:06.717226 5501 tablet_service.cc:1295] Received RequestConsensusVote() RPC: tablet_id: "dff7af31a11e4cf78f6efbbfa12762d3" candidate_uuid: "aedbe741f4014e40ae382c213ab0d151" candidate_term: 1 candidate_status { last_received { term: 0 index: 0 } } ignore_live_leader: false dest_uuid: "be9af1eb9bb14a7e8ef0cf71154d5e6e"
I0720 00:44:06.717367 5501 raft_consensus.cc:2890] T dff7af31a11e4cf78f6efbbfa12762d3 P be9af1eb9bb14a7e8ef0cf71154d5e6e [term 0 FOLLOWER]: Advancing to term 1
I0720 00:44:06.718150 5375 catalog_manager.cc:4067] T 6c0c6e70945746faa55c4964f07a5a86 P 445c7e479f0246a5b26400b1cd4d8d27 reported cstate change: term changed from 0 to 1, leader changed from to 445c7e479f0246a5b26400b1cd4d8d27 (127.0.58.130). New cstate: current_term: 1 leader_uuid: "445c7e479f0246a5b26400b1cd4d8d27" committed_config { opid_index: -1 OBSOLETE_local: false peers { permanent_uuid: "445c7e479f0246a5b26400b1cd4d8d27" member_type: VOTER last_known_addr { host: "127.0.58.130" port: 39833 } health_report { overall_health: HEALTHY } } peers { permanent_uuid: "be9af1eb9bb14a7e8ef0cf71154d5e6e" member_type: VOTER last_known_addr { host: "127.0.58.129" port: 34347 } health_report { overall_health: UNKNOWN } } peers { permanent_uuid: "aedbe741f4014e40ae382c213ab0d151" member_type: VOTER last_known_addr { host: "127.0.58.131" port: 46091 } health_report { overall_health: UNKNOWN } } }
I0720 00:44:06.719317 5501 raft_consensus.cc:2350] T dff7af31a11e4cf78f6efbbfa12762d3 P be9af1eb9bb14a7e8ef0cf71154d5e6e [term 1 FOLLOWER]: Leader election vote request: Granting yes vote for candidate aedbe741f4014e40ae382c213ab0d151 in term 1.
I0720 00:44:06.719542 5626 raft_consensus.cc:2350] T dff7af31a11e4cf78f6efbbfa12762d3 P 445c7e479f0246a5b26400b1cd4d8d27 [term 1 FOLLOWER]: Leader election vote request: Granting yes vote for candidate aedbe741f4014e40ae382c213ab0d151 in term 1.
I0720 00:44:06.719692 5682 leader_election.cc:310] T dff7af31a11e4cf78f6efbbfa12762d3 P aedbe741f4014e40ae382c213ab0d151 [CANDIDATE]: Term 1 election: Election decided. Result: candidate won. Election summary: received 2 responses out of 3 voters: 2 yes votes; 0 no votes. yes voters: aedbe741f4014e40ae382c213ab0d151, be9af1eb9bb14a7e8ef0cf71154d5e6e; no voters:
