I0720 00:44:02.298786 4550 maintenance_manager.cc:532] P a29a463e4c2e4f61a400dde426c625e8: CompactRowSetsOp(0a7ad36f80f44067ba0087a2768e26ac) complete. Timing: real 0.034s user 0.022s sys 0.008s Metrics: {"bytes_written":17934,"cfile_cache_hit":10,"cfile_cache_hit_bytes":9610,"cfile_cache_miss":26,"cfile_cache_miss_bytes":27942,"cfile_init":6,"data dirs.queue_time_us":314,"data dirs.run_cpu_time_us":477,"data dirs.run_wall_time_us":1297,"delta_iterators_relevant":4,"drs_written":1,"lbm_read_time_us":902,"lbm_reads_lt_1ms":50,"lbm_write_time_us":795,"lbm_writes_lt_1ms":23,"num_input_rowsets":2,"rows_written":515}
I0720 00:44:02.299947 4656 maintenance_manager.cc:327] P a29a463e4c2e4f61a400dde426c625e8: Scheduling UndoDeltaBlockGCOp(73ea05088cb24563bcf684d6199dd946): 5109 bytes on disk
I0720 00:44:02.300496 4550 maintenance_manager.cc:532] P a29a463e4c2e4f61a400dde426c625e8: UndoDeltaBlockGCOp(73ea05088cb24563bcf684d6199dd946) complete. Timing: real 0.000s user 0.000s sys 0.000s Metrics: {"cfile_init":1,"lbm_read_time_us":77,"lbm_reads_lt_1ms":4}
I0720 00:44:02.301177 4656 maintenance_manager.cc:327] P a29a463e4c2e4f61a400dde426c625e8: Scheduling UndoDeltaBlockGCOp(0a7ad36f80f44067ba0087a2768e26ac): 4978 bytes on disk
I0720 00:44:02.301620 4550 maintenance_manager.cc:532] P a29a463e4c2e4f61a400dde426c625e8: UndoDeltaBlockGCOp(0a7ad36f80f44067ba0087a2768e26ac) complete. Timing: real 0.000s user 0.000s sys 0.000s Metrics: {"cfile_init":1,"lbm_read_time_us":72,"lbm_reads_lt_1ms":4}
I0720 00:44:02.302268 4656 maintenance_manager.cc:327] P a29a463e4c2e4f61a400dde426c625e8: Scheduling UndoDeltaBlockGCOp(19920b309dd84a01b2cc74ddbbd10854): 4736 bytes on disk
I0720 00:44:02.302731 4550 maintenance_manager.cc:532] P a29a463e4c2e4f61a400dde426c625e8: UndoDeltaBlockGCOp(19920b309dd84a01b2cc74ddbbd10854) complete. Timing: real 0.000s user 0.000s sys 0.000s Metrics: {"cfile_init":1,"lbm_read_time_us":68,"lbm_reads_lt_1ms":4}
I0720 00:44:02.303472 4656 maintenance_manager.cc:327] P a29a463e4c2e4f61a400dde426c625e8: Scheduling FlushMRSOp(9ef65edd881743f691ebb903dad80c36): perf score=0.000593
I0720 00:44:02.326243 4425 maintenance_manager.cc:532] P 506b8430b3284890b468e7ef55b6ca79: CompactRowSetsOp(27285c1e3c36466f9bce8450be7500d4) complete. Timing: real 0.032s user 0.017s sys 0.013s Metrics: {"bytes_written":17361,"cfile_cache_hit":10,"cfile_cache_hit_bytes":9251,"cfile_cache_miss":26,"cfile_cache_miss_bytes":27065,"cfile_init":6,"data dirs.queue_time_us":357,"data dirs.run_cpu_time_us":549,"data dirs.run_wall_time_us":992,"delta_iterators_relevant":4,"drs_written":1,"lbm_read_time_us":989,"lbm_reads_lt_1ms":50,"lbm_write_time_us":662,"lbm_writes_lt_1ms":23,"num_input_rowsets":2,"rows_written":495}
I0720 00:44:02.327050 4674 maintenance_manager.cc:532] P fc86e9a330584f00b998288875c0586f: CompactRowSetsOp(0a7ad36f80f44067ba0087a2768e26ac) complete. Timing: real 0.035s user 0.022s sys 0.012s Metrics: {"bytes_written":17934,"cfile_cache_hit":10,"cfile_cache_hit_bytes":9611,"cfile_cache_miss":26,"cfile_cache_miss_bytes":27909,"cfile_init":6,"data dirs.queue_time_us":536,"data dirs.run_cpu_time_us":351,"data dirs.run_wall_time_us":725,"delta_iterators_relevant":4,"drs_written":1,"lbm_read_time_us":921,"lbm_reads_lt_1ms":50,"lbm_write_time_us":734,"lbm_writes_lt_1ms":23,"num_input_rowsets":2,"rows_written":515,"spinlock_wait_cycles":1280}
I0720 00:44:02.327546 4531 maintenance_manager.cc:327] P 506b8430b3284890b468e7ef55b6ca79: Scheduling UndoDeltaBlockGCOp(27285c1e3c36466f9bce8450be7500d4): 4820 bytes on disk
I0720 00:44:02.328016 4425 maintenance_manager.cc:532] P 506b8430b3284890b468e7ef55b6ca79: UndoDeltaBlockGCOp(27285c1e3c36466f9bce8450be7500d4) complete. Timing: real 0.000s user 0.000s sys 0.000s Metrics: {"cfile_init":1,"lbm_read_time_us":60,"lbm_reads_lt_1ms":4}
I0720 00:44:02.328212 4780 maintenance_manager.cc:327] P fc86e9a330584f00b998288875c0586f: Scheduling UndoDeltaBlockGCOp(0a7ad36f80f44067ba0087a2768e26ac): 4978 bytes on disk
I0720 00:44:02.328662 4531 maintenance_manager.cc:327] P 506b8430b3284890b468e7ef55b6ca79: Scheduling FlushMRSOp(0a7ad36f80f44067ba0087a2768e26ac): perf score=0.000502
I0720 00:44:02.328675 4674 maintenance_manager.cc:532] P fc86e9a330584f00b998288875c0586f: UndoDeltaBlockGCOp(0a7ad36f80f44067ba0087a2768e26ac) complete. Timing: real 0.000s user 0.000s sys 0.000s Metrics: {"cfile_init":1,"lbm_read_time_us":62,"lbm_reads_lt_1ms":4}
I0720 00:44:02.329336 4780 maintenance_manager.cc:327] P fc86e9a330584f00b998288875c0586f: Scheduling FlushMRSOp(19920b309dd84a01b2cc74ddbbd10854): perf score=0.000293
I0720 00:44:02.331359 4550 maintenance_manager.cc:532] P a29a463e4c2e4f61a400dde426c625e8: FlushMRSOp(9ef65edd881743f691ebb903dad80c36) complete. Timing: real 0.028s user 0.024s sys 0.000s Metrics: {"bytes_written":12278,"cfile_init":1,"data dirs.queue_time_us":57,"data dirs.run_cpu_time_us":109,"data dirs.run_wall_time_us":477,"drs_written":1,"lbm_read_time_us":71,"lbm_reads_lt_1ms":4,"lbm_write_time_us":655,"lbm_writes_lt_1ms":23,"rows_written":296}
I0720 00:44:02.332486 4656 maintenance_manager.cc:327] P a29a463e4c2e4f61a400dde426c625e8: Scheduling UndoDeltaBlockGCOp(73ac7512c8584fe3ad887ffef570df8d): 3849 bytes on disk
I0720 00:44:02.333045 4550 maintenance_manager.cc:532] P a29a463e4c2e4f61a400dde426c625e8: UndoDeltaBlockGCOp(73ac7512c8584fe3ad887ffef570df8d) complete. Timing: real 0.000s user 0.000s sys 0.000s Metrics: {"cfile_init":1,"lbm_read_time_us":81,"lbm_reads_lt_1ms":4}
I0720 00:44:02.333781 4656 maintenance_manager.cc:327] P a29a463e4c2e4f61a400dde426c625e8: Scheduling CompactRowSetsOp(9ef65edd881743f691ebb903dad80c36): perf score=1.011671
I0720 00:44:02.347337 4674 maintenance_manager.cc:532] P fc86e9a330584f00b998288875c0586f: FlushMRSOp(19920b309dd84a01b2cc74ddbbd10854) complete. Timing: real 0.018s user 0.016s sys 0.000s Metrics: {"bytes_written":7428,"cfile_init":1,"data dirs.queue_time_us":55,"data dirs.run_cpu_time_us":104,"data dirs.run_wall_time_us":445,"drs_written":1,"lbm_read_time_us":66,"lbm_reads_lt_1ms":4,"lbm_write_time_us":688,"lbm_writes_lt_1ms":23,"rows_written":105}
I0720 00:44:02.348548 4780 maintenance_manager.cc:327] P fc86e9a330584f00b998288875c0586f: Scheduling CompactRowSetsOp(19920b309dd84a01b2cc74ddbbd10854): perf score=0.994318
I0720 00:44:02.351521 4425 maintenance_manager.cc:532] P 506b8430b3284890b468e7ef55b6ca79: FlushMRSOp(0a7ad36f80f44067ba0087a2768e26ac) complete. Timing: real 0.023s user 0.009s sys 0.011s Metrics: {"bytes_written":10015,"cfile_init":1,"data dirs.queue_time_us":51,"data dirs.run_cpu_time_us":88,"data dirs.run_wall_time_us":474,"drs_written":1,"lbm_read_time_us":79,"lbm_reads_lt_1ms":4,"lbm_write_time_us":699,"lbm_writes_lt_1ms":23,"rows_written":207}
I0720 00:44:02.352727 4531 maintenance_manager.cc:327] P 506b8430b3284890b468e7ef55b6ca79: Scheduling CompactRowSetsOp(0a7ad36f80f44067ba0087a2768e26ac): perf score=1.011313
I0720 00:44:02.371839 4550 maintenance_manager.cc:532] P a29a463e4c2e4f61a400dde426c625e8: CompactRowSetsOp(9ef65edd881743f691ebb903dad80c36) complete. Timing: real 0.038s user 0.032s sys 0.003s Metrics: {"bytes_written":18723,"cfile_cache_hit":10,"cfile_cache_hit_bytes":10194,"cfile_cache_miss":26,"cfile_cache_miss_bytes":29632,"cfile_init":6,"data dirs.queue_time_us":332,"data dirs.run_cpu_time_us":435,"data dirs.run_wall_time_us":822,"delta_iterators_relevant":4,"drs_written":1,"lbm_read_time_us":1395,"lbm_reads_lt_1ms":50,"lbm_write_time_us":629,"lbm_writes_lt_1ms":23,"num_input_rowsets":2,"rows_written":547}
I0720 00:44:02.373091 4656 maintenance_manager.cc:327] P a29a463e4c2e4f61a400dde426c625e8: Scheduling FlushMRSOp(27285c1e3c36466f9bce8450be7500d4): perf score=0.000597
I0720 00:44:02.380095 4674 maintenance_manager.cc:532] P fc86e9a330584f00b998288875c0586f: CompactRowSetsOp(19920b309dd84a01b2cc74ddbbd10854) complete. Timing: real 0.031s user 0.022s sys 0.008s Metrics: {"bytes_written":18158,"cfile_cache_hit":10,"cfile_cache_hit_bytes":9818,"cfile_cache_miss":26,"cfile_cache_miss_bytes":28502,"cfile_init":6,"data dirs.queue_time_us":350,"data dirs.run_cpu_time_us":528,"data dirs.run_wall_time_us":1481,"delta_iterators_relevant":4,"drs_written":1,"lbm_read_time_us":866,"lbm_reads_lt_1ms":50,"lbm_write_time_us":691,"lbm_writes_lt_1ms":23,"num_input_rowsets":2,"rows_written":526,"spinlock_wait_cycles":1920}
I0720 00:44:02.381347 4780 maintenance_manager.cc:327] P fc86e9a330584f00b998288875c0586f: Scheduling FlushMRSOp(73ac7512c8584fe3ad887ffef570df8d): perf score=0.000290
I0720 00:44:02.387473 4425 maintenance_manager.cc:532] P 506b8430b3284890b468e7ef55b6ca79: CompactRowSetsOp(0a7ad36f80f44067ba0087a2768e26ac) complete. Timing: real 0.034s user 0.025s sys 0.008s Metrics: {"bytes_written":17934,"cfile_cache_hit":10,"cfile_cache_hit_bytes":9611,"cfile_cache_miss":26,"cfile_cache_miss_bytes":28021,"cfile_init":6,"data dirs.queue_time_us":349,"data dirs.run_cpu_time_us":536,"data dirs.run_wall_time_us":924,"delta_iterators_relevant":4,"drs_written":1,"lbm_read_time_us":946,"lbm_reads_lt_1ms":50,"lbm_write_time_us":685,"lbm_writes_lt_1ms":23,"num_input_rowsets":2,"rows_written":515}
I0720 00:44:02.388916 4531 maintenance_manager.cc:327] P 506b8430b3284890b468e7ef55b6ca79: Scheduling UndoDeltaBlockGCOp(0a7ad36f80f44067ba0087a2768e26ac): 4978 bytes on disk
I0720 00:44:02.389595 4425 maintenance_manager.cc:532] P 506b8430b3284890b468e7ef55b6ca79: UndoDeltaBlockGCOp(0a7ad36f80f44067ba0087a2768e26ac) complete. Timing: real 0.000s user 0.000s sys 0.000s Metrics: {"cfile_init":1,"lbm_read_time_us":89,"lbm_reads_lt_1ms":4}
I0720 00:44:02.390398 4531 maintenance_manager.cc:327] P 506b8430b3284890b468e7ef55b6ca79: Scheduling FlushMRSOp(c4890cfc794b469d8765701546219a19): perf score=0.000434
I0720 00:44:02.398524 4674 maintenance_manager.cc:532] P fc86e9a330584f00b998288875c0586f: FlushMRSOp(73ac7512c8584fe3ad887ffef570df8d) complete. Timing: real 0.017s user 0.016s sys 0.000s Metrics: {"bytes_written":7665,"cfile_init":1,"data dirs.queue_time_us":38,"data dirs.run_cpu_time_us":85,"data dirs.run_wall_time_us":632,"drs_written":1,"lbm_read_time_us":74,"lbm_reads_lt_1ms":4,"lbm_write_time_us":546,"lbm_writes_lt_1ms":23,"rows_written":115}
I0720 00:44:02.399782 4780 maintenance_manager.cc:327] P fc86e9a330584f00b998288875c0586f: Scheduling CompactRowSetsOp(73ac7512c8584fe3ad887ffef570df8d): perf score=1.000827
I0720 00:44:02.400985 4550 maintenance_manager.cc:532] P a29a463e4c2e4f61a400dde426c625e8: FlushMRSOp(27285c1e3c36466f9bce8450be7500d4) complete. Timing: real 0.028s user 0.013s sys 0.011s Metrics: {"bytes_written":11361,"cfile_init":1,"data dirs.queue_time_us":49,"data dirs.run_cpu_time_us":87,"data dirs.run_wall_time_us":424,"drs_written":1,"lbm_read_time_us":70,"lbm_reads_lt_1ms":4,"lbm_write_time_us":684,"lbm_writes_lt_1ms":23,"rows_written":257}
I0720 00:44:02.402212 4656 maintenance_manager.cc:327] P a29a463e4c2e4f61a400dde426c625e8: Scheduling UndoDeltaBlockGCOp(9ef65edd881743f691ebb903dad80c36): 5307 bytes on disk
I0720 00:44:02.402777 4550 maintenance_manager.cc:532] P a29a463e4c2e4f61a400dde426c625e8: UndoDeltaBlockGCOp(9ef65edd881743f691ebb903dad80c36) complete. Timing: real 0.000s user 0.000s sys 0.000s Metrics: {"cfile_init":1,"lbm_read_time_us":80,"lbm_reads_lt_1ms":4}
I0720 00:44:02.403515 4656 maintenance_manager.cc:327] P a29a463e4c2e4f61a400dde426c625e8: Scheduling CompactRowSetsOp(27285c1e3c36466f9bce8450be7500d4): perf score=1.013215
I0720 00:44:02.414535 4425 maintenance_manager.cc:532] P 506b8430b3284890b468e7ef55b6ca79: FlushMRSOp(c4890cfc794b469d8765701546219a19) complete. Timing: real 0.024s user 0.015s sys 0.008s Metrics: {"bytes_written":9736,"cfile_init":1,"data dirs.queue_time_us":51,"data dirs.run_cpu_time_us":99,"data dirs.run_wall_time_us":485,"drs_written":1,"lbm_read_time_us":73,"lbm_reads_lt_1ms":4,"lbm_write_time_us":2261,"lbm_writes_1-10_ms":1,"lbm_writes_lt_1ms":22,"rows_written":196}
I0720 00:44:02.415729 4531 maintenance_manager.cc:327] P 506b8430b3284890b468e7ef55b6ca79: Scheduling CompactRowSetsOp(c4890cfc794b469d8765701546219a19): perf score=1.008971
I0720 00:44:02.433210 4674 maintenance_manager.cc:532] P fc86e9a330584f00b998288875c0586f: CompactRowSetsOp(73ac7512c8584fe3ad887ffef570df8d) complete. Timing: real 0.033s user 0.024s sys 0.008s Metrics: {"bytes_written":18390,"cfile_cache_hit":10,"cfile_cache_hit_bytes":9976,"cfile_cache_miss":26,"cfile_cache_miss_bytes":28920,"cfile_init":6,"data dirs.queue_time_us":529,"data dirs.run_cpu_time_us":453,"data dirs.run_wall_time_us":892,"delta_iterators_relevant":4,"drs_written":1,"lbm_read_time_us":917,"lbm_reads_lt_1ms":50,"lbm_write_time_us":872,"lbm_writes_lt_1ms":23,"mutex_wait_us":29,"num_input_rowsets":2,"rows_written":535,"spinlock_wait_cycles":5632}
I0720 00:44:02.434471 4780 maintenance_manager.cc:327] P fc86e9a330584f00b998288875c0586f: Scheduling UndoDeltaBlockGCOp(73ac7512c8584fe3ad887ffef570df8d): 5171 bytes on disk
I0720 00:44:02.435056 4674 maintenance_manager.cc:532] P fc86e9a330584f00b998288875c0586f: UndoDeltaBlockGCOp(73ac7512c8584fe3ad887ffef570df8d) complete. Timing: real 0.000s user 0.000s sys 0.000s Metrics: {"cfile_init":1,"lbm_read_time_us":83,"lbm_reads_lt_1ms":4}
I0720 00:44:02.435823 4780 maintenance_manager.cc:327] P fc86e9a330584f00b998288875c0586f: Scheduling UndoDeltaBlockGCOp(19920b309dd84a01b2cc74ddbbd10854): 5128 bytes on disk
I0720 00:44:02.436305 4674 maintenance_manager.cc:532] P fc86e9a330584f00b998288875c0586f: UndoDeltaBlockGCOp(19920b309dd84a01b2cc74ddbbd10854) complete. Timing: real 0.000s user 0.000s sys 0.000s Metrics: {"cfile_init":1,"lbm_read_time_us":80,"lbm_reads_lt_1ms":4}
I0720 00:44:02.436177 4550 maintenance_manager.cc:532] P a29a463e4c2e4f61a400dde426c625e8: CompactRowSetsOp(27285c1e3c36466f9bce8450be7500d4) complete. Timing: real 0.032s user 0.020s sys 0.009s Metrics: {"bytes_written":17361,"cfile_cache_hit":10,"cfile_cache_hit_bytes":9251,"cfile_cache_miss":26,"cfile_cache_miss_bytes":27053,"cfile_init":6,"data dirs.queue_time_us":1278,"data dirs.run_cpu_time_us":476,"data dirs.run_wall_time_us":865,"delta_iterators_relevant":4,"drs_written":1,"lbm_read_time_us":883,"lbm_reads_lt_1ms":50,"lbm_write_time_us":703,"lbm_writes_lt_1ms":23,"num_input_rowsets":2,"rows_written":495}
I0720 00:44:02.437249 4656 maintenance_manager.cc:327] P a29a463e4c2e4f61a400dde426c625e8: Scheduling FlushMRSOp(c4890cfc794b469d8765701546219a19): perf score=0.000583
I0720 00:44:02.443866 4425 maintenance_manager.cc:532] P 506b8430b3284890b468e7ef55b6ca79: CompactRowSetsOp(c4890cfc794b469d8765701546219a19) complete. Timing: real 0.028s user 0.019s sys 0.008s Metrics: {"bytes_written":17355,"cfile_cache_hit":10,"cfile_cache_hit_bytes":9263,"cfile_cache_miss":26,"cfile_cache_miss_bytes":26967,"cfile_init":6,"data dirs.queue_time_us":456,"data dirs.run_cpu_time_us":501,"data dirs.run_wall_time_us":889,"delta_iterators_relevant":4,"drs_written":1,"lbm_read_time_us":865,"lbm_reads_lt_1ms":50,"lbm_write_time_us":651,"lbm_writes_lt_1ms":23,"num_input_rowsets":2,"rows_written":496,"spinlock_wait_cycles":9600}
I0720 00:44:02.444813 4531 maintenance_manager.cc:327] P 506b8430b3284890b468e7ef55b6ca79: Scheduling FlushMRSOp(73ea05088cb24563bcf684d6199dd946): perf score=0.000411 WARNING: Logging before InitGoogleLogging() is written to STDERR
W0720 00:44:02.446542 4980 flags.cc:404] Enabled unsafe flag: --rpc_server_allow_ephemeral_ports=true
W0720 00:44:02.446843 4980 flags.cc:404] Enabled unsafe flag: --never_fsync=true
W0720 00:44:02.449982 4980 flags.cc:404] Enabled experimental flag: --ipki_server_key_size=1024
W0720 00:44:02.450214 4980 flags.cc:404] Enabled experimental flag: --flush_threshold_mb=1
W0720 00:44:02.450268 4980 flags.cc:404] Enabled experimental flag: --flush_threshold_secs=1
W0720 00:44:02.450362 4980 flags.cc:404] Enabled experimental flag: --local_ip_for_outbound_sockets=127.0.58.132
I0720 00:44:02.457285 4425 maintenance_manager.cc:532] P 506b8430b3284890b468e7ef55b6ca79: FlushMRSOp(73ea05088cb24563bcf684d6199dd946) complete. Timing: real 0.012s user 0.006s sys 0.004s Metrics: {"bytes_written":8533,"cfile_init":1,"data dirs.queue_time_us":71,"data dirs.run_cpu_time_us":123,"data dirs.run_wall_time_us":495,"drs_written":1,"lbm_read_time_us":58,"lbm_reads_lt_1ms":4,"lbm_write_time_us":434,"lbm_writes_lt_1ms":23,"rows_written":150}
I0720 00:44:02.458319 4531 maintenance_manager.cc:327] P 506b8430b3284890b468e7ef55b6ca79: Scheduling CompactRowSetsOp(73ea05088cb24563bcf684d6199dd946): perf score=1.010916
I0720 00:44:02.460973 4550 maintenance_manager.cc:532] P a29a463e4c2e4f61a400dde426c625e8: FlushMRSOp(c4890cfc794b469d8765701546219a19) complete. Timing: real 0.022s user 0.018s sys 0.001s Metrics: {"bytes_written":11167,"cfile_init":1,"data dirs.queue_time_us":77,"data dirs.run_cpu_time_us":122,"data dirs.run_wall_time_us":483,"drs_written":1,"lbm_read_time_us":83,"lbm_reads_lt_1ms":4,"lbm_write_time_us":635,"lbm_writes_lt_1ms":23,"rows_written":252}
I0720 00:44:02.461496 4980 tablet_server_main.cc:78] Tablet server non-default flags: --fs_data_dirs=/tmp/dist-test-taskAY5sm0/test-tmp/disk_failure-itest.0.DiskError_DiskErrorITest.TestFailOnBootstrap_0.1563583347463414-234/minicluster-data/ts-3/data-0,/tmp/dist-test-taskAY5sm0/test-tmp/disk_failure-itest.0.DiskError_DiskErrorITest.TestFailOnBootstrap_0.1563583347463414-234/minicluster-data/ts-3/data-1,/tmp/dist-test-taskAY5sm0/test-tmp/disk_failure-itest.0.DiskError_DiskErrorITest.TestFailOnBootstrap_0.1563583347463414-234/minicluster-data/ts-3/data-2 --fs_wal_dir=/tmp/dist-test-taskAY5sm0/test-tmp/disk_failure-itest.0.DiskError_DiskErrorITest.TestFailOnBootstrap_0.1563583347463414-234/minicluster-data/ts-3/wal --ipki_server_key_size=1024 --rpc_bind_addresses=127.0.58.132:0 --rpc_server_allow_ephemeral_ports=true --metrics_log_interval_ms=1000 --server_dump_info_format=pb --server_dump_info_path=/tmp/dist-test-taskAY5sm0/test-tmp/disk_failure-itest.0.DiskError_DiskErrorITest.TestFailOnBootstrap_0.1563583347463414-234/minicluster-data/ts-3/data-0/info.pb --webserver_interface=127.0.58.132 --webserver_port=0 --flush_threshold_mb=1 --flush_threshold_secs=1 --tserver_master_addrs=127.0.58.190:42541 --never_fsync=true --redact=none --unlock_experimental_flags=true --unlock_unsafe_flags=true --enable_minidumps=false --local_ip_for_outbound_sockets=127.0.58.132 --log_dir=/tmp/dist-test-taskAY5sm0/test-tmp/disk_failure-itest.0.DiskError_DiskErrorITest.TestFailOnBootstrap_0.1563583347463414-234/minicluster-data/ts-3/logs --logbuflevel=-1 --logtostderr=true Tablet server version: kudu 1.11.0-cdh6.x-SNAPSHOT revision aae905889e37d4b4704dffdd32555586ef5ab337 build type FASTDEBUG built by jenkins at 19 Jul 2019 16:58:05 PST on shared-ubuntu1404-ec2-m4-xlarge-ondemand-19ae.vpc.cloudera.com build id 551 ASAN enabled
I0720 00:44:02.462371 4656 maintenance_manager.cc:327] P a29a463e4c2e4f61a400dde426c625e8: Scheduling CompactRowSetsOp(c4890cfc794b469d8765701546219a19): perf score=1.012427
I0720 00:44:02.471699 4980 system_ntp.cc:193] NTP initialized. Skew: 500ppm Current error: 82516us
I0720 00:44:02.472579 4980 fs_manager.cc:263] Metadata directory not provided
I0720 00:44:02.472671 4980 fs_manager.cc:269] Using write-ahead log directory (fs_wal_dir) as metadata directory
I0720 00:44:02.472997 4980 server_base.cc:448] Could not load existing FS layout: Not found: could not find a healthy instance file
I0720 00:44:02.473186 4980 server_base.cc:449] Attempting to create new FS layout instead
I0720 00:44:02.477329 4980 fs_manager.cc:602] Generated new instance metadata in path /tmp/dist-test-taskAY5sm0/test-tmp/disk_failure-itest.0.DiskError_DiskErrorITest.TestFailOnBootstrap_0.1563583347463414-234/minicluster-data/ts-3/data-0/instance: uuid: "e23cbbcbc8444eec834170f2d501c129" format_stamp: "Formatted at 2019-07-20 00:44:02 on dist-test-slave-dist-test-slave-lkfw"
I0720 00:44:02.477998 4980 fs_manager.cc:602] Generated new instance metadata in path /tmp/dist-test-taskAY5sm0/test-tmp/disk_failure-itest.0.DiskError_DiskErrorITest.TestFailOnBootstrap_0.1563583347463414-234/minicluster-data/ts-3/data-1/instance: uuid: "e23cbbcbc8444eec834170f2d501c129" format_stamp: "Formatted at 2019-07-20 00:44:02 on dist-test-slave-dist-test-slave-lkfw"
I0720 00:44:02.478463 4980 fs_manager.cc:602] Generated new instance metadata in path /tmp/dist-test-taskAY5sm0/test-tmp/disk_failure-itest.0.DiskError_DiskErrorITest.TestFailOnBootstrap_0.1563583347463414-234/minicluster-data/ts-3/data-2/instance: uuid: "e23cbbcbc8444eec834170f2d501c129" format_stamp: "Formatted at 2019-07-20 00:44:02 on dist-test-slave-dist-test-slave-lkfw"
I0720 00:44:02.478912 4980 fs_manager.cc:602] Generated new instance metadata in path /tmp/dist-test-taskAY5sm0/test-tmp/disk_failure-itest.0.DiskError_DiskErrorITest.TestFailOnBootstrap_0.1563583347463414-234/minicluster-data/ts-3/wal/instance: uuid: "e23cbbcbc8444eec834170f2d501c129" format_stamp: "Formatted at 2019-07-20 00:44:02 on dist-test-slave-dist-test-slave-lkfw"
I0720 00:44:02.481847 4425 maintenance_manager.cc:532] P 506b8430b3284890b468e7ef55b6ca79: CompactRowSetsOp(73ea05088cb24563bcf684d6199dd946) complete. Timing: real 0.023s user 0.022s sys 0.001s Metrics: {"bytes_written":18098,"cfile_cache_hit":10,"cfile_cache_hit_bytes":9779,"cfile_cache_miss":26,"cfile_cache_miss_bytes":28285,"cfile_init":6,"data dirs.queue_time_us":515,"data dirs.run_cpu_time_us":454,"data dirs.run_wall_time_us":808,"delta_iterators_relevant":4,"drs_written":1,"lbm_read_time_us":702,"lbm_reads_lt_1ms":50,"lbm_write_time_us":473,"lbm_writes_lt_1ms":23,"num_input_rowsets":2,"rows_written":524,"spinlock_wait_cycles":10368}
I0720 00:44:02.482669 4531 maintenance_manager.cc:327] P 506b8430b3284890b468e7ef55b6ca79: Scheduling UndoDeltaBlockGCOp(73ea05088cb24563bcf684d6199dd946): 5109 bytes on disk
I0720 00:44:02.483088 4425 maintenance_manager.cc:532] P 506b8430b3284890b468e7ef55b6ca79: UndoDeltaBlockGCOp(73ea05088cb24563bcf684d6199dd946) complete. Timing: real 0.000s user 0.000s sys 0.000s Metrics: {"cfile_init":1,"lbm_read_time_us":59,"lbm_reads_lt_1ms":4}
I0720 00:44:02.483570 4531 maintenance_manager.cc:327] P 506b8430b3284890b468e7ef55b6ca79: Scheduling FlushMRSOp(ca6a2a19cbbe4648a8a76de1e43c405b): perf score=0.000375
I0720 00:44:02.491489 4980 fs_manager.cc:503] Time spent creating directory manager: real 0.012s user 0.010s sys 0.002s
I0720 00:44:02.493232 4980 env_posix.cc:1676] Not raising this process' open files per process limit of 1048576; it is already as high as it can go
I0720 00:44:02.493906 4980 file_cache.cc:465] Constructed file cache lbm with capacity 419430
I0720 00:44:02.494549 4550 maintenance_manager.cc:532] P a29a463e4c2e4f61a400dde426c625e8: CompactRowSetsOp(c4890cfc794b469d8765701546219a19) complete. Timing: real 0.032s user 0.025s sys 0.004s Metrics: {"bytes_written":17355,"cfile_cache_hit":10,"cfile_cache_hit_bytes":9262,"cfile_cache_miss":26,"cfile_cache_miss_bytes":26952,"cfile_init":6,"data dirs.queue_time_us":318,"data dirs.run_cpu_time_us":472,"data dirs.run_wall_time_us":823,"delta_iterators_relevant":4,"drs_written":1,"lbm_read_time_us":960,"lbm_reads_lt_1ms":50,"lbm_write_time_us":671,"lbm_writes_lt_1ms":23,"num_input_rowsets":2,"rows_written":496}
I0720 00:44:02.495873 4656 maintenance_manager.cc:327] P a29a463e4c2e4f61a400dde426c625e8: Scheduling UndoDeltaBlockGCOp(27285c1e3c36466f9bce8450be7500d4): 4820 bytes on disk
I0720 00:44:02.496462 4550 maintenance_manager.cc:532] P a29a463e4c2e4f61a400dde426c625e8: UndoDeltaBlockGCOp(27285c1e3c36466f9bce8450be7500d4) complete. Timing: real 0.000s user 0.000s sys 0.000s Metrics: {"cfile_init":1,"lbm_read_time_us":90,"lbm_reads_lt_1ms":4}
I0720 00:44:02.497150 4656 maintenance_manager.cc:327] P a29a463e4c2e4f61a400dde426c625e8: Scheduling FlushMRSOp(5758df4920ce4bbab0424048f13fea41): perf score=0.000587
I0720 00:44:02.498603 4980 fs_manager.cc:419] Time spent opening block manager: real 0.003s user 0.001s sys 0.000s
I0720 00:44:02.498721 4980 fs_manager.cc:436] Opened local filesystem: /tmp/dist-test-taskAY5sm0/test-tmp/disk_failure-itest.0.DiskError_DiskErrorITest.TestFailOnBootstrap_0.1563583347463414-234/minicluster-data/ts-3/data-0,/tmp/dist-test-taskAY5sm0/test-tmp/disk_failure-itest.0.DiskError_DiskErrorITest.TestFailOnBootstrap_0.1563583347463414-234/minicluster-data/ts-3/data-1,/tmp/dist-test-taskAY5sm0/test-tmp/disk_failure-itest.0.DiskError_DiskErrorITest.TestFailOnBootstrap_0.1563583347463414-234/minicluster-data/ts-3/data-2,/tmp/dist-test-taskAY5sm0/test-tmp/disk_failure-itest.0.DiskError_DiskErrorITest.TestFailOnBootstrap_0.1563583347463414-234/minicluster-data/ts-3/wal uuid: "e23cbbcbc8444eec834170f2d501c129" format_stamp: "Formatted at 2019-07-20 00:44:02 on dist-test-slave-dist-test-slave-lkfw"
I0720 00:44:02.498891 4425 maintenance_manager.cc:532] P 506b8430b3284890b468e7ef55b6ca79: FlushMRSOp(ca6a2a19cbbe4648a8a76de1e43c405b) complete. Timing: real 0.015s user 0.007s sys 0.007s Metrics: {"bytes_written":8490,"cfile_init":1,"data dirs.queue_time_us":57,"data dirs.run_cpu_time_us":100,"data dirs.run_wall_time_us":525,"drs_written":1,"lbm_read_time_us":61,"lbm_reads_lt_1ms":4,"lbm_write_time_us":516,"lbm_writes_lt_1ms":23,"rows_written":147,"spinlock_wait_cycles":4480}
I0720 00:44:02.498950 4980 fs_report.cc:352] FS layout report -------------------- wal directory: /tmp/dist-test-taskAY5sm0/test-tmp/disk_failure-itest.0.DiskError_DiskErrorITest.TestFailOnBootstrap_0.1563583347463414-234/minicluster-data/ts-3/wal metadata directory: /tmp/dist-test-taskAY5sm0/test-tmp/disk_failure-itest.0.DiskError_DiskErrorITest.TestFailOnBootstrap_0.1563583347463414-234/minicluster-data/ts-3/wal 3 data directories: /tmp/dist-test-taskAY5sm0/test-tmp/disk_failure-itest.0.DiskError_DiskErrorITest.TestFailOnBootstrap_0.1563583347463414-234/minicluster-data/ts-3/data-0/data, /tmp/dist-test-taskAY5sm0/test-tmp/disk_failure-itest.0.DiskError_DiskErrorITest.TestFailOnBootstrap_0.1563583347463414-234/minicluster-data/ts-3/data-1/data, /tmp/dist-test-taskAY5sm0/test-tmp/disk_failure-itest.0.DiskError_DiskErrorITest.TestFailOnBootstrap_0.1563583347463414-234/minicluster-data/ts-3/data-2/data Total live blocks: 0 Total live bytes: 0 Total live bytes (after alignment): 0 Total number of LBM containers: 0 (0 full) Did not check for missing blocks Did not check for orphaned blocks Total full LBM containers with extra space: 0 (0 repaired) Total full LBM container extra space in bytes: 0 (0 repaired) Total incomplete LBM containers: 0 (0 repaired) Total LBM partial records: 0 (0 repaired)
I0720 00:44:02.499953 4531 maintenance_manager.cc:327] P 506b8430b3284890b468e7ef55b6ca79: Scheduling CompactRowSetsOp(ca6a2a19cbbe4648a8a76de1e43c405b): perf score=0.987295
I0720 00:44:02.511745 4550 maintenance_manager.cc:532] P a29a463e4c2e4f61a400dde426c625e8: FlushMRSOp(5758df4920ce4bbab0424048f13fea41) complete. Timing: real 0.014s user 0.012s sys 0.001s Metrics: {"bytes_written":10400,"cfile_init":1,"data dirs.queue_time_us":66,"data dirs.run_cpu_time_us":126,"data dirs.run_wall_time_us":479,"drs_written":1,"lbm_read_time_us":56,"lbm_reads_lt_1ms":4,"lbm_write_time_us":495,"lbm_writes_lt_1ms":23,"rows_written":223}
I0720 00:44:02.512787 4656 maintenance_manager.cc:327] P a29a463e4c2e4f61a400dde426c625e8: Scheduling CompactRowSetsOp(5758df4920ce4bbab0424048f13fea41): perf score=1.011788
I0720 00:44:02.529215 4425 maintenance_manager.cc:532] P 506b8430b3284890b468e7ef55b6ca79: CompactRowSetsOp(ca6a2a19cbbe4648a8a76de1e43c405b) complete. Timing: real 0.029s user 0.020s sys 0.007s Metrics: {"bytes_written":17479,"cfile_cache_hit":10,"cfile_cache_hit_bytes":9302,"cfile_cache_miss":26,"cfile_cache_miss_bytes":27076,"cfile_init":6,"data dirs.queue_time_us":494,"data dirs.run_cpu_time_us":505,"data dirs.run_wall_time_us":1053,"delta_iterators_relevant":4,"drs_written":1,"lbm_read_time_us":910,"lbm_reads_lt_1ms":50,"lbm_write_time_us":644,"lbm_writes_lt_1ms":23,"num_input_rowsets":2,"rows_written":498,"spinlock_wait_cycles":25344}
I0720 00:44:02.530254 4531 maintenance_manager.cc:327] P 506b8430b3284890b468e7ef55b6ca79: Scheduling UndoDeltaBlockGCOp(ca6a2a19cbbe4648a8a76de1e43c405b): 4837 bytes on disk
I0720 00:44:02.531322 4425 maintenance_manager.cc:532] P 506b8430b3284890b468e7ef55b6ca79: UndoDeltaBlockGCOp(ca6a2a19cbbe4648a8a76de1e43c405b) complete. Timing: real 0.001s user 0.000s sys 0.000s Metrics: {"cfile_init":1,"lbm_read_time_us":97,"lbm_reads_lt_1ms":4}
I0720 00:44:02.531919 4531 maintenance_manager.cc:327] P 506b8430b3284890b468e7ef55b6ca79: Scheduling UndoDeltaBlockGCOp(c4890cfc794b469d8765701546219a19): 4802 bytes on disk
I0720 00:44:02.532313 4425 maintenance_manager.cc:532] P 506b8430b3284890b468e7ef55b6ca79: UndoDeltaBlockGCOp(c4890cfc794b469d8765701546219a19) complete. Timing: real 0.000s user 0.000s sys 0.000s Metrics: {"cfile_init":1,"lbm_read_time_us":81,"lbm_reads_lt_1ms":4}
I0720 00:44:02.532800 4531 maintenance_manager.cc:327] P 506b8430b3284890b468e7ef55b6ca79: Scheduling FlushMRSOp(73ac7512c8584fe3ad887ffef570df8d): perf score=0.000301
I0720 00:44:02.535208 4550 maintenance_manager.cc:532] P a29a463e4c2e4f61a400dde426c625e8: CompactRowSetsOp(5758df4920ce4bbab0424048f13fea41) complete. Timing: real 0.022s user 0.017s sys 0.005s Metrics: {"bytes_written":18579,"cfile_cache_hit":10,"cfile_cache_hit_bytes":10088,"cfile_cache_miss":26,"cfile_cache_miss_bytes":29192,"cfile_init":6,"data dirs.queue_time_us":533,"data dirs.run_cpu_time_us":493,"data dirs.run_wall_time_us":855,"delta_iterators_relevant":4,"drs_written":1,"lbm_read_time_us":791,"lbm_reads_lt_1ms":50,"lbm_write_time_us":494,"lbm_writes_lt_1ms":23,"num_input_rowsets":2,"rows_written":541,"spinlock_wait_cycles":1408}
I0720 00:44:02.536219 4656 maintenance_manager.cc:327] P a29a463e4c2e4f61a400dde426c625e8: Scheduling FlushMRSOp(7869d31b2ece4c38b8cf73ba177d2787): perf score=0.000432
I0720 00:44:02.546165 4425 maintenance_manager.cc:532] P 506b8430b3284890b468e7ef55b6ca79: FlushMRSOp(73ac7512c8584fe3ad887ffef570df8d) complete. Timing: real 0.013s user 0.013s sys 0.000s Metrics: {"bytes_written":8112,"cfile_init":1,"data dirs.queue_time_us":69,"data dirs.run_cpu_time_us":129,"data dirs.run_wall_time_us":486,"drs_written":1,"lbm_read_time_us":62,"lbm_reads_lt_1ms":4,"lbm_write_time_us":534,"lbm_writes_lt_1ms":23,"rows_written":133}
I0720 00:44:02.547194 4531 maintenance_manager.cc:327] P 506b8430b3284890b468e7ef55b6ca79: Scheduling UndoDeltaBlockGCOp(73ac7512c8584fe3ad887ffef570df8d): 1410 bytes on disk
I0720 00:44:02.547703 4425 maintenance_manager.cc:532] P 506b8430b3284890b468e7ef55b6ca79: UndoDeltaBlockGCOp(73ac7512c8584fe3ad887ffef570df8d) complete. Timing: real 0.000s user 0.000s sys 0.000s Metrics: {"cfile_init":1,"lbm_read_time_us":80,"lbm_reads_lt_1ms":4}
I0720 00:44:02.548498 4531 maintenance_manager.cc:327] P 506b8430b3284890b468e7ef55b6ca79: Scheduling CompactRowSetsOp(73ac7512c8584fe3ad887ffef570df8d): perf score=1.001382
I0720 00:44:02.551877 4550 maintenance_manager.cc:532] P a29a463e4c2e4f61a400dde426c625e8: FlushMRSOp(7869d31b2ece4c38b8cf73ba177d2787) complete. Timing: real 0.015s user 0.012s sys 0.000s Metrics: {"bytes_written":9369,"cfile_init":1,"data dirs.queue_time_us":61,"data dirs.run_cpu_time_us":107,"data dirs.run_wall_time_us":494,"drs_written":1,"lbm_read_time_us":68,"lbm_reads_lt_1ms":4,"lbm_write_time_us":488,"lbm_writes_lt_1ms":23,"rows_written":182}
I0720 00:44:02.552887 4656 maintenance_manager.cc:327] P a29a463e4c2e4f61a400dde426c625e8: Scheduling UndoDeltaBlockGCOp(5758df4920ce4bbab0424048f13fea41): 5257 bytes on disk
I0720 00:44:02.553381 4550 maintenance_manager.cc:532] P a29a463e4c2e4f61a400dde426c625e8: UndoDeltaBlockGCOp(5758df4920ce4bbab0424048f13fea41) complete. Timing: real 0.000s user 0.000s sys 0.000s Metrics: {"cfile_init":1,"lbm_read_time_us":84,"lbm_reads_lt_1ms":4}
I0720 00:44:02.554052 4656 maintenance_manager.cc:327] P a29a463e4c2e4f61a400dde426c625e8: Scheduling UndoDeltaBlockGCOp(c4890cfc794b469d8765701546219a19): 4802 bytes on disk
I0720 00:44:02.554481 4550 maintenance_manager.cc:532] P a29a463e4c2e4f61a400dde426c625e8: UndoDeltaBlockGCOp(c4890cfc794b469d8765701546219a19) complete. Timing: real 0.000s user 0.000s sys 0.000s Metrics: {"cfile_init":1,"lbm_read_time_us":61,"lbm_reads_lt_1ms":4}
I0720 00:44:02.555105 4656 maintenance_manager.cc:327] P a29a463e4c2e4f61a400dde426c625e8: Scheduling CompactRowSetsOp(7869d31b2ece4c38b8cf73ba177d2787): perf score=1.011921
I0720 00:44:02.555235 4980 env_posix.cc:1676] Not raising this process' running threads per effective uid limit of 18446744073709551615; it is already as high as it can go
I0720 00:44:02.559257 4980 ts_tablet_manager.cc:357] Loaded tablet metadata (0 total tablets, 0 live tablets)
I0720 00:44:02.559321 4980 ts_tablet_manager.cc:377] Registered 0 tablets
I0720 00:44:02.578743 4550 maintenance_manager.cc:532] P a29a463e4c2e4f61a400dde426c625e8: CompactRowSetsOp(7869d31b2ece4c38b8cf73ba177d2787) complete. Timing: real 0.023s user 0.017s sys 0.004s Metrics: {"bytes_written":18105,"cfile_cache_hit":10,"cfile_cache_hit_bytes":9762,"cfile_cache_miss":26,"cfile_cache_miss_bytes":28396,"cfile_init":6,"data dirs.queue_time_us":701,"data dirs.run_cpu_time_us":484,"data dirs.run_wall_time_us":885,"delta_iterators_relevant":4,"drs_written":1,"lbm_read_time_us":662,"lbm_reads_lt_1ms":50,"lbm_write_time_us":677,"lbm_writes_lt_1ms":23,"mutex_wait_us":128,"num_input_rowsets":2,"rows_written":523}
I0720 00:44:02.579810 4656 maintenance_manager.cc:327] P a29a463e4c2e4f61a400dde426c625e8: Scheduling FlushMRSOp(73ac7512c8584fe3ad887ffef570df8d): perf score=0.000291
I0720 00:44:02.582533 4425 maintenance_manager.cc:532] P 506b8430b3284890b468e7ef55b6ca79: CompactRowSetsOp(73ac7512c8584fe3ad887ffef570df8d) complete. Timing: real 0.033s user 0.030s sys 0.001s Metrics: {"bytes_written":18390,"cfile_cache_hit":10,"cfile_cache_hit_bytes":9981,"cfile_cache_miss":26,"cfile_cache_miss_bytes":28997,"cfile_init":5,"data dirs.queue_time_us":947,"data dirs.run_cpu_time_us":520,"data dirs.run_wall_time_us":896,"delta_iterators_relevant":4,"drs_written":1,"lbm_read_time_us":927,"lbm_reads_lt_1ms":46,"lbm_write_time_us":719,"lbm_writes_lt_1ms":23,"mutex_wait_us":231,"num_input_rowsets":2,"rows_written":535}
I0720 00:44:02.583703 4531 maintenance_manager.cc:327] P 506b8430b3284890b468e7ef55b6ca79: Scheduling UndoDeltaBlockGCOp(73ac7512c8584fe3ad887ffef570df8d): 5171 bytes on disk
I0720 00:44:02.584218 4425 maintenance_manager.cc:532] P 506b8430b3284890b468e7ef55b6ca79: UndoDeltaBlockGCOp(73ac7512c8584fe3ad887ffef570df8d) complete. Timing: real 0.000s user 0.000s sys 0.000s Metrics: {"cfile_init":1,"lbm_read_time_us":83,"lbm_reads_lt_1ms":4}
I0720 00:44:02.594836 4550 maintenance_manager.cc:532] P a29a463e4c2e4f61a400dde426c625e8: FlushMRSOp(73ac7512c8584fe3ad887ffef570df8d) complete. Timing: real 0.015s user 0.010s sys 0.004s Metrics: {"bytes_written":8318,"cfile_init":1,"data dirs.queue_time_us":41,"data dirs.run_cpu_time_us":98,"data dirs.run_wall_time_us":508,"drs_written":1,"lbm_read_time_us":56,"lbm_reads_lt_1ms":4,"lbm_write_time_us":568,"lbm_writes_lt_1ms":23,"rows_written":141}
I0720 00:44:02.595880 4656 maintenance_manager.cc:327] P a29a463e4c2e4f61a400dde426c625e8: Scheduling UndoDeltaBlockGCOp(7869d31b2ece4c38b8cf73ba177d2787): 5079 bytes on disk
I0720 00:44:02.596400 4550 maintenance_manager.cc:532] P a29a463e4c2e4f61a400dde426c625e8: UndoDeltaBlockGCOp(7869d31b2ece4c38b8cf73ba177d2787) complete. Timing: real 0.000s user 0.000s sys 0.000s Metrics: {"cfile_init":1,"lbm_read_time_us":77,"lbm_reads_lt_1ms":4}
I0720 00:44:02.596926 4656 maintenance_manager.cc:327] P a29a463e4c2e4f61a400dde426c625e8: Scheduling CompactRowSetsOp(73ac7512c8584fe3ad887ffef570df8d): perf score=1.001641
I0720 00:44:02.620002 4550 maintenance_manager.cc:532] P a29a463e4c2e4f61a400dde426c625e8: CompactRowSetsOp(73ac7512c8584fe3ad887ffef570df8d) complete. Timing: real 0.023s user 0.019s sys 0.004s Metrics: {"bytes_written":18390,"cfile_cache_hit":10,"cfile_cache_hit_bytes":9981,"cfile_cache_miss":26,"cfile_cache_miss_bytes":28973,"cfile_init":6,"data dirs.queue_time_us":837,"data dirs.run_cpu_time_us":503,"data dirs.run_wall_time_us":1404,"delta_iterators_relevant":4,"drs_written":1,"lbm_read_time_us":874,"lbm_reads_lt_1ms":50,"lbm_write_time_us":520,"lbm_writes_lt_1ms":23,"mutex_wait_us":19,"num_input_rowsets":2,"rows_written":535,"spinlock_wait_cycles":42496}
I0720 00:44:02.621067 4656 maintenance_manager.cc:327] P a29a463e4c2e4f61a400dde426c625e8: Scheduling UndoDeltaBlockGCOp(73ac7512c8584fe3ad887ffef570df8d): 5171 bytes on disk
I0720 00:44:02.621939 4550 maintenance_manager.cc:532] P a29a463e4c2e4f61a400dde426c625e8: UndoDeltaBlockGCOp(73ac7512c8584fe3ad887ffef570df8d) complete. Timing: real 0.000s user 0.000s sys 0.000s Metrics: {"cfile_init":1,"lbm_read_time_us":85,"lbm_reads_lt_1ms":4}
I0720 00:44:02.673369 4980 rpc_server.cc:205] RPC server started. Bound to: 127.0.58.132:46503
I0720 00:44:02.674461 4980 webserver.cc:374] Webserver started at http://127.0.58.132:38831/ using document root and password file
I0720 00:44:02.675094 4980 server_base.cc:629] Dumped server information to /tmp/dist-test-taskAY5sm0/test-tmp/disk_failure-itest.0.DiskError_DiskErrorITest.TestFailOnBootstrap_0.1563583347463414-234/minicluster-data/ts-3/data-0/info.pb
I0720 00:44:02.679514 234 external_mini_cluster.cc:1000] Started /tmp/dist-test-taskAY5sm0/build/asan/bin/kudu-tserver as pid 4980
W0720 00:44:02.688678 4527 generic_service.cc:128] {username='slave'} at 127.0.0.1:51180 forcing change of non-runtime-safe flag enable_tablet_copy
I0720 00:44:02.688784 4527 generic_service.cc:148] {username='slave'} at 127.0.0.1:51180 changed flags via RPC: enable_tablet_copy from 'true' to 'false'
I0720 00:44:02.689241 4780 maintenance_manager.cc:327] P fc86e9a330584f00b998288875c0586f: Scheduling FlushMRSOp(9ef65edd881743f691ebb903dad80c36): perf score=0.000286
I0720 00:44:02.693368 5104 heartbeater.cc:324] Connected to a master server at 127.0.58.190:42541
I0720 00:44:02.693562 5104 heartbeater.cc:405] Registering TS with master...
I0720 00:44:02.694021 5104 heartbeater.cc:454] Master 127.0.58.190:42541 requested a full tablet report, sending...
I0720 00:44:02.695067 4362 ts_manager.cc:161] Registered new tserver with Master: e23cbbcbc8444eec834170f2d501c129 (127.0.58.132:46503)
I0720 00:44:02.695916 4362 master_service.cc:277] Signed X509 certificate for tserver {username='slave'} at 127.0.58.132:58167
I0720 00:44:02.702806 4674 maintenance_manager.cc:532] P fc86e9a330584f00b998288875c0586f: FlushMRSOp(9ef65edd881743f691ebb903dad80c36) complete. Timing: real 0.013s user 0.011s sys 0.002s Metrics: {"bytes_written":6398,"cfile_init":1,"data dirs.queue_time_us":81,"data dirs.run_cpu_time_us":116,"data dirs.run_wall_time_us":497,"drs_written":1,"lbm_read_time_us":77,"lbm_reads_lt_1ms":4,"lbm_write_time_us":643,"lbm_writes_lt_1ms":23,"rows_written":66}
I0720 00:44:02.703698 4780 maintenance_manager.cc:327] P fc86e9a330584f00b998288875c0586f: Scheduling UndoDeltaBlockGCOp(9ef65edd881743f691ebb903dad80c36): 749 bytes on disk
I0720 00:44:02.704332 4674 maintenance_manager.cc:532] P fc86e9a330584f00b998288875c0586f: UndoDeltaBlockGCOp(9ef65edd881743f691ebb903dad80c36) complete. Timing: real 0.000s user 0.000s sys 0.000s Metrics: {"cfile_init":1,"lbm_read_time_us":97,"lbm_reads_lt_1ms":4}
I0720 00:44:02.704936 4780 maintenance_manager.cc:327] P fc86e9a330584f00b998288875c0586f: Scheduling CompactRowSetsOp(9ef65edd881743f691ebb903dad80c36): perf score=0.988868
W0720 00:44:02.706274 4652 generic_service.cc:128] {username='slave'} at 127.0.0.1:52192 forcing change of non-runtime-safe flag enable_tablet_copy
I0720 00:44:02.707463 4652 generic_service.cc:148] {username='slave'} at 127.0.0.1:52192 changed flags via RPC: enable_tablet_copy from 'true' to 'false'
W0720 00:44:02.714180 4776 generic_service.cc:128] {username='slave'} at 127.0.0.1:35922 forcing change of non-runtime-safe flag enable_tablet_copy
I0720 00:44:02.714290 4776 generic_service.cc:148] {username='slave'} at 127.0.0.1:35922 changed flags via RPC: enable_tablet_copy from 'true' to 'false'
W0720 00:44:02.722357 5101 generic_service.cc:128] {username='slave'} at 127.0.0.1:51614 forcing change of non-runtime-safe flag enable_tablet_copy
I0720 00:44:02.722461 5101 generic_service.cc:148] {username='slave'} at 127.0.0.1:51614 changed flags via RPC: enable_tablet_copy from 'true' to 'false'
I0720 00:44:02.724074 234 external_mini_cluster.cc:1177] Attempting to check leaks for /tmp/dist-test-taskAY5sm0/build/asan/bin/kudu-tserver pid 4398
I0720 00:44:02.725216 4527 generic_service.cc:171] Checking for leaks (request via RPC)
I0720 00:44:02.728335 4674 maintenance_manager.cc:532] P fc86e9a330584f00b998288875c0586f: CompactRowSetsOp(9ef65edd881743f691ebb903dad80c36) complete. Timing: real 0.023s user 0.023s sys 0.000s Metrics: {"bytes_written":18723,"cfile_cache_hit":10,"cfile_cache_hit_bytes":10200,"cfile_cache_miss":26,"cfile_cache_miss_bytes":29514,"cfile_init":5,"data dirs.queue_time_us":686,"data dirs.run_cpu_time_us":580,"data dirs.run_wall_time_us":962,"delta_iterators_relevant":4,"drs_written":1,"lbm_read_time_us":803,"lbm_reads_lt_1ms":46,"lbm_write_time_us":1565,"lbm_writes_1-10_ms":1,"lbm_writes_lt_1ms":22,"mutex_wait_us":15,"num_input_rowsets":2,"rows_written":547,"spinlock_wait_cycles":17152}
I0720 00:44:02.729457 4780 maintenance_manager.cc:327] P fc86e9a330584f00b998288875c0586f: Scheduling UndoDeltaBlockGCOp(9ef65edd881743f691ebb903dad80c36): 5307 bytes on disk
I0720 00:44:02.729921 4674 maintenance_manager.cc:532] P fc86e9a330584f00b998288875c0586f: UndoDeltaBlockGCOp(9ef65edd881743f691ebb903dad80c36) complete. Timing: real 0.000s user 0.000s sys 0.000s Metrics: {"cfile_init":1,"lbm_read_time_us":57,"lbm_reads_lt_1ms":4}
I0720 00:44:02.864184 4531 maintenance_manager.cc:327] P 506b8430b3284890b468e7ef55b6ca79: Scheduling FlushMRSOp(7869d31b2ece4c38b8cf73ba177d2787): perf score=0.000333
I0720 00:44:02.873018 4656 maintenance_manager.cc:327] P a29a463e4c2e4f61a400dde426c625e8: Scheduling FlushMRSOp(19920b309dd84a01b2cc74ddbbd10854): perf score=0.000283
I0720 00:44:02.877544 234 external_mini_cluster.cc:1136] Killing /tmp/dist-test-taskAY5sm0/build/asan/bin/kudu-tserver with pid 4398
I0720 00:44:02.883239 4550 maintenance_manager.cc:532] P a29a463e4c2e4f61a400dde426c625e8: FlushMRSOp(19920b309dd84a01b2cc74ddbbd10854) complete. Timing: real 0.010s user 0.005s sys 0.004s Metrics: {"bytes_written":5617,"cfile_init":1,"data dirs.queue_time_us":70,"data dirs.run_cpu_time_us":106,"data dirs.run_wall_time_us":499,"drs_written":1,"lbm_read_time_us":77,"lbm_reads_lt_1ms":4,"lbm_write_time_us":529,"lbm_writes_lt_1ms":23,"rows_written":37}
I0720 00:44:02.884169 4656 maintenance_manager.cc:327] P a29a463e4c2e4f61a400dde426c625e8: Scheduling CompactRowSetsOp(19920b309dd84a01b2cc74ddbbd10854): perf score=0.943987
I0720 00:44:02.908795 234 disk_failure-itest.cc:273] Restarting server with injected errors...
I0720 00:44:02.909335 234 external_mini_cluster.cc:938] Running /tmp/dist-test-taskAY5sm0/build/asan/bin/kudu-tserver /tmp/dist-test-taskAY5sm0/build/asan/bin/kudu-tserver --fs_wal_dir=/tmp/dist-test-taskAY5sm0/test-tmp/disk_failure-itest.0.DiskError_DiskErrorITest.TestFailOnBootstrap_0.1563583347463414-234/minicluster-data/ts-0/wal --fs_data_dirs=/tmp/dist-test-taskAY5sm0/test-tmp/disk_failure-itest.0.DiskError_DiskErrorITest.TestFailOnBootstrap_0.1563583347463414-234/minicluster-data/ts-0/data-0,/tmp/dist-test-taskAY5sm0/test-tmp/disk_failure-itest.0.DiskError_DiskErrorITest.TestFailOnBootstrap_0.1563583347463414-234/minicluster-data/ts-0/data-1,/tmp/dist-test-taskAY5sm0/test-tmp/disk_failure-itest.0.DiskError_DiskErrorITest.TestFailOnBootstrap_0.1563583347463414-234/minicluster-data/ts-0/data-2 --block_manager=log --rpc_bind_addresses=127.0.58.129:36375 --local_ip_for_outbound_sockets=127.0.58.129 --webserver_port=33417 --webserver_interface=127.0.58.129 --tserver_master_addrs=127.0.58.190:42541 --never_fsync --ipki_server_key_size=1024 --enable_minidumps=false --redact=none --metrics_log_interval_ms=1000 --logtostderr --logbuflevel=-1 --log_dir=/tmp/dist-test-taskAY5sm0/test-tmp/disk_failure-itest.0.DiskError_DiskErrorITest.TestFailOnBootstrap_0.1563583347463414-234/minicluster-data/ts-0/logs --server_dump_info_path=/tmp/dist-test-taskAY5sm0/test-tmp/disk_failure-itest.0.DiskError_DiskErrorITest.TestFailOnBootstrap_0.1563583347463414-234/minicluster-data/ts-0/data-0/info.pb --server_dump_info_format=pb --rpc_server_allow_ephemeral_ports --unlock_experimental_flags --unlock_unsafe_flags --flush_threshold_secs=1 --flush_threshold_mb=1 --cfile_inject_corruption=1.0 with env {}
I0720 00:44:02.910287 4550 maintenance_manager.cc:532] P a29a463e4c2e4f61a400dde426c625e8: CompactRowSetsOp(19920b309dd84a01b2cc74ddbbd10854) complete. Timing: real 0.026s user 0.024s sys 0.002s Metrics: {"bytes_written":18158,"cfile_cache_hit":10,"cfile_cache_hit_bytes":9818,"cfile_cache_miss":26,"cfile_cache_miss_bytes":28392,"cfile_init":6,"data dirs.queue_time_us":702,"data dirs.run_cpu_time_us":327,"data dirs.run_wall_time_us":789,"delta_iterators_relevant":4,"drs_written":1,"lbm_read_time_us":767,"lbm_reads_lt_1ms":50,"lbm_write_time_us":576,"lbm_writes_lt_1ms":23,"num_input_rowsets":2,"rows_written":526,"spinlock_wait_cycles":18688}
I0720 00:44:02.911190 4656 maintenance_manager.cc:327] P a29a463e4c2e4f61a400dde426c625e8: Scheduling UndoDeltaBlockGCOp(19920b309dd84a01b2cc74ddbbd10854): 5128 bytes on disk
I0720 00:44:02.911723 4550 maintenance_manager.cc:532] P a29a463e4c2e4f61a400dde426c625e8: UndoDeltaBlockGCOp(19920b309dd84a01b2cc74ddbbd10854) complete. Timing: real 0.000s user 0.000s sys 0.000s Metrics: {"cfile_init":1,"lbm_read_time_us":79,"lbm_reads_lt_1ms":4}
W0720 00:44:02.941457 4668 consensus_peers.cc:458] T 5758df4920ce4bbab0424048f13fea41 P fc86e9a330584f00b998288875c0586f -> Peer 506b8430b3284890b468e7ef55b6ca79 (127.0.58.129:36375): Couldn't send request to peer 506b8430b3284890b468e7ef55b6ca79. Status: Network error: Client connection negotiation failed: client connection to 127.0.58.129:36375: connect: Connection refused (error 111). This is attempt 1: this message will repeat every 5th retry.
I0720 00:44:02.981243 4780 maintenance_manager.cc:327] P fc86e9a330584f00b998288875c0586f: Scheduling FlushMRSOp(27285c1e3c36466f9bce8450be7500d4): perf score=0.000344
W0720 00:44:02.984849 4544 consensus_peers.cc:458] T 27285c1e3c36466f9bce8450be7500d4 P a29a463e4c2e4f61a400dde426c625e8 -> Peer 506b8430b3284890b468e7ef55b6ca79 (127.0.58.129:36375): Couldn't send request to peer 506b8430b3284890b468e7ef55b6ca79. Status: Network error: Client connection negotiation failed: client connection to 127.0.58.129:36375: connect: Connection refused (error 111). This is attempt 1: this message will repeat every 5th retry.
I0720 00:44:02.991354 4674 maintenance_manager.cc:532] P fc86e9a330584f00b998288875c0586f: FlushMRSOp(27285c1e3c36466f9bce8450be7500d4) complete. Timing: real 0.010s user 0.008s sys 0.001s Metrics: {"bytes_written":6615,"cfile_init":1,"data dirs.queue_time_us":77,"data dirs.run_cpu_time_us":129,"data dirs.run_wall_time_us":560,"drs_written":1,"lbm_read_time_us":68,"lbm_reads_lt_1ms":4,"lbm_write_time_us":505,"lbm_writes_lt_1ms":23,"rows_written":74}
I0720 00:44:02.992198 4780 maintenance_manager.cc:327] P fc86e9a330584f00b998288875c0586f: Scheduling CompactRowSetsOp(27285c1e3c36466f9bce8450be7500d4): perf score=1.011663
W0720 00:44:03.007922 4544 consensus_peers.cc:458] T 73ea05088cb24563bcf684d6199dd946 P a29a463e4c2e4f61a400dde426c625e8 -> Peer 506b8430b3284890b468e7ef55b6ca79 (127.0.58.129:36375): Couldn't send request to peer 506b8430b3284890b468e7ef55b6ca79. Status: Network error: Client connection negotiation failed: client connection to 127.0.58.129:36375: connect: Connection refused (error 111). This is attempt 1: this message will repeat every 5th retry.
I0720 00:44:03.011415 4674 maintenance_manager.cc:532] P fc86e9a330584f00b998288875c0586f: CompactRowSetsOp(27285c1e3c36466f9bce8450be7500d4) complete. Timing: real 0.019s user 0.016s sys 0.003s Metrics: {"bytes_written":17361,"cfile_cache_hit":10,"cfile_cache_hit_bytes":9251,"cfile_cache_miss":26,"cfile_cache_miss_bytes":26899,"cfile_init":6,"data dirs.queue_time_us":693,"data dirs.run_cpu_time_us":517,"data dirs.run_wall_time_us":881,"delta_iterators_relevant":4,"drs_written":1,"lbm_read_time_us":638,"lbm_reads_lt_1ms":50,"lbm_write_time_us":471,"lbm_writes_lt_1ms":23,"mutex_wait_us":20,"num_input_rowsets":2,"rows_written":495,"spinlock_wait_cycles":16256}
I0720 00:44:03.012295 4780 maintenance_manager.cc:327] P fc86e9a330584f00b998288875c0586f: Scheduling FlushMRSOp(ca6a2a19cbbe4648a8a76de1e43c405b): perf score=0.000331
W0720 00:44:03.013098 4668 consensus_peers.cc:458] T 0a7ad36f80f44067ba0087a2768e26ac P fc86e9a330584f00b998288875c0586f -> Peer 506b8430b3284890b468e7ef55b6ca79 (127.0.58.129:36375): Couldn't send request to peer 506b8430b3284890b468e7ef55b6ca79. Status: Network error: Client connection negotiation failed: client connection to 127.0.58.129:36375: connect: Connection refused (error 111). This is attempt 1: this message will repeat every 5th retry.
I0720 00:44:03.020330 4674 maintenance_manager.cc:532] P fc86e9a330584f00b998288875c0586f: FlushMRSOp(ca6a2a19cbbe4648a8a76de1e43c405b) complete. Timing: real 0.008s user 0.005s sys 0.000s Metrics: {"bytes_written":6006,"cfile_init":1,"data dirs.queue_time_us":68,"data dirs.run_cpu_time_us":117,"data dirs.run_wall_time_us":516,"drs_written":1,"lbm_read_time_us":71,"lbm_reads_lt_1ms":4,"lbm_write_time_us":396,"lbm_writes_lt_1ms":23,"rows_written":51,"spinlock_wait_cycles":13440}
I0720 00:44:03.021214 4780 maintenance_manager.cc:327] P fc86e9a330584f00b998288875c0586f: Scheduling UndoDeltaBlockGCOp(27285c1e3c36466f9bce8450be7500d4): 4820 bytes on disk
