I0720 00:42:42.903875 2161 catalog_manager.cc:4067] T fc71eee696004a62810a0f8ac4b1185d P d9d5e137df31450caa9dc831972c1f5e reported cstate change: term changed from 0 to 1, leader changed from to d9d5e137df31450caa9dc831972c1f5e (127.0.58.129). New cstate: current_term: 1 leader_uuid: "d9d5e137df31450caa9dc831972c1f5e" committed_config { opid_index: -1 OBSOLETE_local: false peers { permanent_uuid: "526eadb7abb3438790a38e0d9973a6a5" member_type: VOTER last_known_addr { host: "127.0.58.131" port: 33941 } } peers { permanent_uuid: "bc957945380a4e119d7ac829148eede6" member_type: VOTER last_known_addr { host: "127.0.58.130" port: 37359 } } peers { permanent_uuid: "d9d5e137df31450caa9dc831972c1f5e" member_type: VOTER last_known_addr { host: "127.0.58.129" port: 37035 } } }
I0720 00:42:42.905215 2162 catalog_manager.cc:4067] T f8dcedcbd6bb47ce9de0a37cc84ebca5 P bc957945380a4e119d7ac829148eede6 reported cstate change: term changed from 0 to 1, leader changed from to bc957945380a4e119d7ac829148eede6 (127.0.58.130). New cstate: current_term: 1 leader_uuid: "bc957945380a4e119d7ac829148eede6" committed_config { opid_index: -1 OBSOLETE_local: false peers { permanent_uuid: "526eadb7abb3438790a38e0d9973a6a5" member_type: VOTER last_known_addr { host: "127.0.58.131" port: 33941 } } peers { permanent_uuid: "bc957945380a4e119d7ac829148eede6" member_type: VOTER last_known_addr { host: "127.0.58.130" port: 37359 } } peers { permanent_uuid: "d9d5e137df31450caa9dc831972c1f5e" member_type: VOTER last_known_addr { host: "127.0.58.129" port: 37035 } } }
I0720 00:42:43.272693 2649 consensus_queue.cc:984] T fc71eee696004a62810a0f8ac4b1185d P d9d5e137df31450caa9dc831972c1f5e [LEADER]: Connected to new peer: Peer: permanent_uuid: "bc957945380a4e119d7ac829148eede6" member_type: VOTER last_known_addr { host: "127.0.58.130" port: 37359 }, Status: LMP_MISMATCH, Last received: 0.0, Next index: 1, Last known committed idx: 0, Time since last communication: 0.000s
I0720 00:42:43.277393 2649 consensus_queue.cc:984] T fc71eee696004a62810a0f8ac4b1185d P d9d5e137df31450caa9dc831972c1f5e [LEADER]: Connected to new peer: Peer: permanent_uuid: "526eadb7abb3438790a38e0d9973a6a5" member_type: VOTER last_known_addr { host: "127.0.58.131" port: 33941 }, Status: LMP_MISMATCH, Last received: 0.0, Next index: 1, Last known committed idx: 0, Time since last communication: 0.000s
I0720 00:42:43.514716 2660 consensus_queue.cc:984] T f8dcedcbd6bb47ce9de0a37cc84ebca5 P bc957945380a4e119d7ac829148eede6 [LEADER]: Connected to new peer: Peer: permanent_uuid: "526eadb7abb3438790a38e0d9973a6a5" member_type: VOTER last_known_addr { host: "127.0.58.131" port: 33941 }, Status: LMP_MISMATCH, Last received: 0.0, Next index: 1, Last known committed idx: 0, Time since last communication: 0.000s
I0720 00:42:43.521914 2660 raft_consensus.cc:472] T 7e3e1eff26974b46b75eac1cc0290d3b P bc957945380a4e119d7ac829148eede6 [term 0 FOLLOWER]: Starting pre-election (no leader contacted us within the election timeout)
I0720 00:42:43.522037 2660 raft_consensus.cc:494] T 7e3e1eff26974b46b75eac1cc0290d3b P bc957945380a4e119d7ac829148eede6 [term 0 FOLLOWER]: Starting pre-election with config: opid_index: -1 OBSOLETE_local: false peers { permanent_uuid: "bc957945380a4e119d7ac829148eede6" member_type: VOTER last_known_addr { host: "127.0.58.130" port: 37359 } } peers { permanent_uuid: "526eadb7abb3438790a38e0d9973a6a5" member_type: VOTER last_known_addr { host: "127.0.58.131" port: 33941 } } peers { permanent_uuid: "d9d5e137df31450caa9dc831972c1f5e" member_type: VOTER last_known_addr { host: "127.0.58.129" port: 37035 } }
I0720 00:42:43.522614 2660 leader_election.cc:296] T 7e3e1eff26974b46b75eac1cc0290d3b P bc957945380a4e119d7ac829148eede6 [CANDIDATE]: Term 1 pre-election: Requested pre-vote from peers 526eadb7abb3438790a38e0d9973a6a5 (127.0.58.131:33941), d9d5e137df31450caa9dc831972c1f5e (127.0.58.129:37035)
I0720 00:42:43.523046 2539 tablet_service.cc:1295] Received RequestConsensusVote() RPC: tablet_id: "7e3e1eff26974b46b75eac1cc0290d3b" candidate_uuid: "bc957945380a4e119d7ac829148eede6" candidate_term: 1 candidate_status { last_received { term: 0 index: 0 } } ignore_live_leader: false dest_uuid: "526eadb7abb3438790a38e0d9973a6a5" is_pre_election: true
I0720 00:42:43.523205 2539 raft_consensus.cc:2350] T 7e3e1eff26974b46b75eac1cc0290d3b P 526eadb7abb3438790a38e0d9973a6a5 [term 0 FOLLOWER]: Leader pre-election vote request: Granting yes vote for candidate bc957945380a4e119d7ac829148eede6 in term 0.
I0720 00:42:43.523252 2275 tablet_service.cc:1295] Received RequestConsensusVote() RPC: tablet_id: "7e3e1eff26974b46b75eac1cc0290d3b" candidate_uuid: "bc957945380a4e119d7ac829148eede6" candidate_term: 1 candidate_status { last_received { term: 0 index: 0 } } ignore_live_leader: false dest_uuid: "d9d5e137df31450caa9dc831972c1f5e" is_pre_election: true
I0720 00:42:43.523556 2345 leader_election.cc:310] T 7e3e1eff26974b46b75eac1cc0290d3b P bc957945380a4e119d7ac829148eede6 [CANDIDATE]: Term 1 pre-election: Election decided. Result: candidate won. Election summary: received 2 responses out of 3 voters: 2 yes votes; 0 no votes. yes voters: 526eadb7abb3438790a38e0d9973a6a5, bc957945380a4e119d7ac829148eede6; no voters:
I0720 00:42:43.523905 2660 raft_consensus.cc:2644] T 7e3e1eff26974b46b75eac1cc0290d3b P bc957945380a4e119d7ac829148eede6 [term 0 FOLLOWER]: Leader pre-election won for term 1
I0720 00:42:43.524003 2660 raft_consensus.cc:472] T 7e3e1eff26974b46b75eac1cc0290d3b P bc957945380a4e119d7ac829148eede6 [term 0 FOLLOWER]: Starting leader election (no leader contacted us within the election timeout)
I0720 00:42:43.524071 2660 raft_consensus.cc:2890] T 7e3e1eff26974b46b75eac1cc0290d3b P bc957945380a4e119d7ac829148eede6 [term 0 FOLLOWER]: Advancing to term 1
W0720 00:42:43.690239 2347 leader_election.cc:341] T f8dcedcbd6bb47ce9de0a37cc84ebca5 P bc957945380a4e119d7ac829148eede6 [CANDIDATE]: Term 1 election: RPC error from VoteRequest() call to peer d9d5e137df31450caa9dc831972c1f5e (127.0.58.129:37035): Timed out: RequestConsensusVote RPC to 127.0.58.129:37035 timed out after 1.625s (SENT)
W0720 00:42:43.716946 2650 consensus_meta.cc:220] T 7e3e1eff26974b46b75eac1cc0290d3b P d9d5e137df31450caa9dc831972c1f5e: Time spent flushing consensus metadata: real 1.752s user 0.002s sys 0.000s
W0720 00:42:43.717134 2412 consensus_meta.cc:220] T ade4b6ce17504569a6d13d9018288194 P bc957945380a4e119d7ac829148eede6: Time spent flushing consensus metadata: real 0.825s user 0.002s sys 0.000s
I0720 00:42:43.717062 2650 raft_consensus.cc:494] T 7e3e1eff26974b46b75eac1cc0290d3b P d9d5e137df31450caa9dc831972c1f5e [term 1 FOLLOWER]: Starting leader election with config: opid_index: -1 OBSOLETE_local: false peers { permanent_uuid: "bc957945380a4e119d7ac829148eede6" member_type: VOTER last_known_addr { host: "127.0.58.130" port: 37359 } } peers { permanent_uuid: "526eadb7abb3438790a38e0d9973a6a5" member_type: VOTER last_known_addr { host: "127.0.58.131" port: 33941 } } peers { permanent_uuid: "d9d5e137df31450caa9dc831972c1f5e" member_type: VOTER last_known_addr { host: "127.0.58.129" port: 37035 } }
I0720 00:42:43.717221 2412 raft_consensus.cc:2350] T ade4b6ce17504569a6d13d9018288194 P bc957945380a4e119d7ac829148eede6 [term 1 FOLLOWER]: Leader election vote request: Granting yes vote for candidate d9d5e137df31450caa9dc831972c1f5e in term 1.
I0720 00:42:43.717775 2650 leader_election.cc:296] T 7e3e1eff26974b46b75eac1cc0290d3b P d9d5e137df31450caa9dc831972c1f5e [CANDIDATE]: Term 1 election: Requested vote from peers bc957945380a4e119d7ac829148eede6 (127.0.58.130:37359), 526eadb7abb3438790a38e0d9973a6a5 (127.0.58.131:33941)
I0720 00:42:43.718037 2275 raft_consensus.cc:2280] T 7e3e1eff26974b46b75eac1cc0290d3b P d9d5e137df31450caa9dc831972c1f5e [term 1 FOLLOWER]: Leader pre-election vote request: Denying vote to candidate bc957945380a4e119d7ac829148eede6 in current term 1: Already voted for candidate d9d5e137df31450caa9dc831972c1f5e in this term.
I0720 00:42:43.718724 2209 leader_election.cc:310] T ade4b6ce17504569a6d13d9018288194 P d9d5e137df31450caa9dc831972c1f5e [CANDIDATE]: Term 1 election: Election decided. Result: candidate won. Election summary: received 2 responses out of 3 voters: 2 yes votes; 0 no votes. yes voters: bc957945380a4e119d7ac829148eede6, d9d5e137df31450caa9dc831972c1f5e; no voters:
W0720 00:42:43.718981 2277 consensus_meta.cc:220] T f8dcedcbd6bb47ce9de0a37cc84ebca5 P d9d5e137df31450caa9dc831972c1f5e: Time spent flushing consensus metadata: real 1.650s user 0.002s sys 0.000s
I0720 00:42:43.719055 2277 raft_consensus.cc:2350] T f8dcedcbd6bb47ce9de0a37cc84ebca5 P d9d5e137df31450caa9dc831972c1f5e [term 1 FOLLOWER]: Leader election vote request: Granting yes vote for candidate bc957945380a4e119d7ac829148eede6 in term 1.
I0720 00:42:43.719128 2650 raft_consensus.cc:2644] T ade4b6ce17504569a6d13d9018288194 P d9d5e137df31450caa9dc831972c1f5e [term 1 FOLLOWER]: Leader election won for term 1
I0720 00:42:43.719257 2650 raft_consensus.cc:667] T ade4b6ce17504569a6d13d9018288194 P d9d5e137df31450caa9dc831972c1f5e [term 1 LEADER]: Becoming Leader. State: Replica: d9d5e137df31450caa9dc831972c1f5e, State: Running, Role: LEADER
I0720 00:42:43.719467 2650 consensus_queue.cc:206] T ade4b6ce17504569a6d13d9018288194 P d9d5e137df31450caa9dc831972c1f5e [LEADER]: Queue going to LEADER mode. State: All replicated index: 0, Majority replicated index: 0, Committed index: 0, Last appended: 0.0, Last appended by leader: 0, Current term: 1, Majority size: 2, State: 0, Mode: LEADER, active raft config: opid_index: -1 OBSOLETE_local: false peers { permanent_uuid: "bc957945380a4e119d7ac829148eede6" member_type: VOTER last_known_addr { host: "127.0.58.130" port: 37359 } } peers { permanent_uuid: "526eadb7abb3438790a38e0d9973a6a5" member_type: VOTER last_known_addr { host: "127.0.58.131" port: 33941 } } peers { permanent_uuid: "d9d5e137df31450caa9dc831972c1f5e" member_type: VOTER last_known_addr { host: "127.0.58.129" port: 37035 } }
I0720 00:42:43.719916 2539 tablet_service.cc:1295] Received RequestConsensusVote() RPC: tablet_id: "7e3e1eff26974b46b75eac1cc0290d3b" candidate_uuid: "d9d5e137df31450caa9dc831972c1f5e" candidate_term: 1 candidate_status { last_received { term: 0 index: 0 } } ignore_live_leader: false dest_uuid: "526eadb7abb3438790a38e0d9973a6a5"
I0720 00:42:43.720142 2539 raft_consensus.cc:2890] T 7e3e1eff26974b46b75eac1cc0290d3b P 526eadb7abb3438790a38e0d9973a6a5 [term 0 FOLLOWER]: Advancing to term 1
W0720 00:42:43.719189 2277 rpcz_store.cc:253] Call kudu.consensus.ConsensusService.RequestConsensusVote from 127.0.58.130:51597 (request call id 2) took 1654 ms (1.65 s). Client timeout 1625 ms (1.62 s)
I0720 00:42:43.721303 2412 tablet_service.cc:1295] Received RequestConsensusVote() RPC: tablet_id: "7e3e1eff26974b46b75eac1cc0290d3b" candidate_uuid: "d9d5e137df31450caa9dc831972c1f5e" candidate_term: 1 candidate_status { last_received { term: 0 index: 0 } } ignore_live_leader: false dest_uuid: "bc957945380a4e119d7ac829148eede6"
W0720 00:42:43.721899 2277 rpcz_store.cc:259] Trace: 0720 00:42:42.064507 (+ 0us) service_pool.cc:162] Inserting onto call queue 0720 00:42:42.064561 (+ 54us) service_pool.cc:221] Handling call 0720 00:42:43.719130 (+1654569us) inbound_call.cc:162] Queueing success response Metrics: {}
I0720 00:42:43.722043 2660 raft_consensus.cc:494] T 7e3e1eff26974b46b75eac1cc0290d3b P bc957945380a4e119d7ac829148eede6 [term 1 FOLLOWER]: Starting leader election with config: opid_index: -1 OBSOLETE_local: false peers { permanent_uuid: "bc957945380a4e119d7ac829148eede6" member_type: VOTER last_known_addr { host: "127.0.58.130" port: 37359 } } peers { permanent_uuid: "526eadb7abb3438790a38e0d9973a6a5" member_type: VOTER last_known_addr { host: "127.0.58.131" port: 33941 } } peers { permanent_uuid: "d9d5e137df31450caa9dc831972c1f5e" member_type: VOTER last_known_addr { host: "127.0.58.129" port: 37035 } }
I0720 00:42:43.722249 2675 consensus_queue.cc:984] T f8dcedcbd6bb47ce9de0a37cc84ebca5 P bc957945380a4e119d7ac829148eede6 [LEADER]: Connected to new peer: Peer: permanent_uuid: "d9d5e137df31450caa9dc831972c1f5e" member_type: VOTER last_known_addr { host: "127.0.58.129" port: 37035 }, Status: LMP_MISMATCH, Last received: 0.0, Next index: 1, Last known committed idx: 0, Time since last communication: 0.001s
I0720 00:42:43.722440 2412 raft_consensus.cc:2280] T 7e3e1eff26974b46b75eac1cc0290d3b P bc957945380a4e119d7ac829148eede6 [term 1 FOLLOWER]: Leader election vote request: Denying vote to candidate d9d5e137df31450caa9dc831972c1f5e in current term 1: Already voted for candidate bc957945380a4e119d7ac829148eede6 in this term.
I0720 00:42:43.723057 2660 leader_election.cc:296] T 7e3e1eff26974b46b75eac1cc0290d3b P bc957945380a4e119d7ac829148eede6 [CANDIDATE]: Term 1 election: Requested vote from peers 526eadb7abb3438790a38e0d9973a6a5 (127.0.58.131:33941), d9d5e137df31450caa9dc831972c1f5e (127.0.58.129:37035)
I0720 00:42:43.722901 2162 catalog_manager.cc:4067] T ade4b6ce17504569a6d13d9018288194 P d9d5e137df31450caa9dc831972c1f5e reported cstate change: term changed from 0 to 1, leader changed from to d9d5e137df31450caa9dc831972c1f5e (127.0.58.129). New cstate: current_term: 1 leader_uuid: "d9d5e137df31450caa9dc831972c1f5e" committed_config { opid_index: -1 OBSOLETE_local: false peers { permanent_uuid: "bc957945380a4e119d7ac829148eede6" member_type: VOTER last_known_addr { host: "127.0.58.130" port: 37359 } } peers { permanent_uuid: "526eadb7abb3438790a38e0d9973a6a5" member_type: VOTER last_known_addr { host: "127.0.58.131" port: 33941 } } peers { permanent_uuid: "d9d5e137df31450caa9dc831972c1f5e" member_type: VOTER last_known_addr { host: "127.0.58.129" port: 37035 } } }
I0720 00:42:43.723295 2277 tablet_service.cc:1295] Received RequestConsensusVote() RPC: tablet_id: "7e3e1eff26974b46b75eac1cc0290d3b" candidate_uuid: "bc957945380a4e119d7ac829148eede6" candidate_term: 1 candidate_status { last_received { term: 0 index: 0 } } ignore_live_leader: false dest_uuid: "d9d5e137df31450caa9dc831972c1f5e"
I0720 00:42:43.723320 2537 tablet_service.cc:1295] Received RequestConsensusVote() RPC: tablet_id: "7e3e1eff26974b46b75eac1cc0290d3b" candidate_uuid: "bc957945380a4e119d7ac829148eede6" candidate_term: 1 candidate_status { last_received { term: 0 index: 0 } } ignore_live_leader: false dest_uuid: "526eadb7abb3438790a38e0d9973a6a5"
I0720 00:42:43.723465 2277 raft_consensus.cc:2280] T 7e3e1eff26974b46b75eac1cc0290d3b P d9d5e137df31450caa9dc831972c1f5e [term 1 FOLLOWER]: Leader election vote request: Denying vote to candidate bc957945380a4e119d7ac829148eede6 in current term 1: Already voted for candidate d9d5e137df31450caa9dc831972c1f5e in this term.
W0720 00:42:43.745707 2538 consensus_meta.cc:220] T ade4b6ce17504569a6d13d9018288194 P 526eadb7abb3438790a38e0d9973a6a5: Time spent flushing consensus metadata: real 0.853s user 0.002s sys 0.000s
I0720 00:42:43.745815 2538 raft_consensus.cc:2350] T ade4b6ce17504569a6d13d9018288194 P 526eadb7abb3438790a38e0d9973a6a5 [term 1 FOLLOWER]: Leader election vote request: Granting yes vote for candidate d9d5e137df31450caa9dc831972c1f5e in term 1.
I0720 00:42:43.983813 2650 raft_consensus.cc:472] T 7e3e1eff26974b46b75eac1cc0290d3b P d9d5e137df31450caa9dc831972c1f5e [term 1 FOLLOWER]: Starting pre-election (no leader contacted us within the election timeout)
I0720 00:42:43.983990 2650 raft_consensus.cc:494] T 7e3e1eff26974b46b75eac1cc0290d3b P d9d5e137df31450caa9dc831972c1f5e [term 1 FOLLOWER]: Starting pre-election with config: opid_index: -1 OBSOLETE_local: false peers { permanent_uuid: "bc957945380a4e119d7ac829148eede6" member_type: VOTER last_known_addr { host: "127.0.58.130" port: 37359 } } peers { permanent_uuid: "526eadb7abb3438790a38e0d9973a6a5" member_type: VOTER last_known_addr { host: "127.0.58.131" port: 33941 } } peers { permanent_uuid: "d9d5e137df31450caa9dc831972c1f5e" member_type: VOTER last_known_addr { host: "127.0.58.129" port: 37035 } }
I0720 00:42:43.984634 2650 leader_election.cc:296] T 7e3e1eff26974b46b75eac1cc0290d3b P d9d5e137df31450caa9dc831972c1f5e [CANDIDATE]: Term 2 pre-election: Requested pre-vote from peers bc957945380a4e119d7ac829148eede6 (127.0.58.130:37359), 526eadb7abb3438790a38e0d9973a6a5 (127.0.58.131:33941)
I0720 00:42:43.985213 2412 tablet_service.cc:1295] Received RequestConsensusVote() RPC: tablet_id: "7e3e1eff26974b46b75eac1cc0290d3b" candidate_uuid: "d9d5e137df31450caa9dc831972c1f5e" candidate_term: 2 candidate_status { last_received { term: 0 index: 0 } } ignore_live_leader: false dest_uuid: "bc957945380a4e119d7ac829148eede6" is_pre_election: true
I0720 00:42:43.985285 2538 tablet_service.cc:1295] Received RequestConsensusVote() RPC: tablet_id: "7e3e1eff26974b46b75eac1cc0290d3b" candidate_uuid: "d9d5e137df31450caa9dc831972c1f5e" candidate_term: 2 candidate_status { last_received { term: 0 index: 0 } } ignore_live_leader: false dest_uuid: "526eadb7abb3438790a38e0d9973a6a5" is_pre_election: true
I0720 00:42:43.985399 2412 raft_consensus.cc:2350] T 7e3e1eff26974b46b75eac1cc0290d3b P bc957945380a4e119d7ac829148eede6 [term 1 FOLLOWER]: Leader pre-election vote request: Granting yes vote for candidate d9d5e137df31450caa9dc831972c1f5e in term 1.
I0720 00:42:43.985819 2209 leader_election.cc:310] T 7e3e1eff26974b46b75eac1cc0290d3b P d9d5e137df31450caa9dc831972c1f5e [CANDIDATE]: Term 2 pre-election: Election decided. Result: candidate won. Election summary: received 2 responses out of 3 voters: 2 yes votes; 0 no votes. yes voters: bc957945380a4e119d7ac829148eede6, d9d5e137df31450caa9dc831972c1f5e; no voters:
I0720 00:42:43.986063 2650 raft_consensus.cc:2644] T 7e3e1eff26974b46b75eac1cc0290d3b P d9d5e137df31450caa9dc831972c1f5e [term 1 FOLLOWER]: Leader pre-election won for term 2
I0720 00:42:43.986157 2650 raft_consensus.cc:472] T 7e3e1eff26974b46b75eac1cc0290d3b P d9d5e137df31450caa9dc831972c1f5e [term 1 FOLLOWER]: Starting leader election (no leader contacted us within the election timeout)
I0720 00:42:43.986202 2650 raft_consensus.cc:2890] T 7e3e1eff26974b46b75eac1cc0290d3b P d9d5e137df31450caa9dc831972c1f5e [term 1 FOLLOWER]: Advancing to term 2
I0720 00:42:44.108347 2649 consensus_queue.cc:984] T ade4b6ce17504569a6d13d9018288194 P d9d5e137df31450caa9dc831972c1f5e [LEADER]: Connected to new peer: Peer: permanent_uuid: "526eadb7abb3438790a38e0d9973a6a5" member_type: VOTER last_known_addr { host: "127.0.58.131" port: 33941 }, Status: LMP_MISMATCH, Last received: 0.0, Next index: 1, Last known committed idx: 0, Time since last communication: 0.000s
I0720 00:42:44.113922 2683 consensus_queue.cc:984] T ade4b6ce17504569a6d13d9018288194 P d9d5e137df31450caa9dc831972c1f5e [LEADER]: Connected to new peer: Peer: permanent_uuid: "bc957945380a4e119d7ac829148eede6" member_type: VOTER last_known_addr { host: "127.0.58.130" port: 37359 }, Status: LMP_MISMATCH, Last received: 0.0, Next index: 1, Last known committed idx: 0, Time since last communication: 0.000s
W0720 00:42:44.453011 2539 consensus_meta.cc:220] T 7e3e1eff26974b46b75eac1cc0290d3b P 526eadb7abb3438790a38e0d9973a6a5: Time spent flushing consensus metadata: real 0.733s user 0.002s sys 0.000s
I0720 00:42:44.453145 2539 raft_consensus.cc:2350] T 7e3e1eff26974b46b75eac1cc0290d3b P 526eadb7abb3438790a38e0d9973a6a5 [term 1 FOLLOWER]: Leader election vote request: Granting yes vote for candidate d9d5e137df31450caa9dc831972c1f5e in term 1.
I0720 00:42:44.453050 2650 raft_consensus.cc:494] T 7e3e1eff26974b46b75eac1cc0290d3b P d9d5e137df31450caa9dc831972c1f5e [term 2 FOLLOWER]: Starting leader election with config: opid_index: -1 OBSOLETE_local: false peers { permanent_uuid: "bc957945380a4e119d7ac829148eede6" member_type: VOTER last_known_addr { host: "127.0.58.130" port: 37359 } } peers { permanent_uuid: "526eadb7abb3438790a38e0d9973a6a5" member_type: VOTER last_known_addr { host: "127.0.58.131" port: 33941 } } peers { permanent_uuid: "d9d5e137df31450caa9dc831972c1f5e" member_type: VOTER last_known_addr { host: "127.0.58.129" port: 37035 } }
I0720 00:42:44.453418 2537 raft_consensus.cc:2325] T 7e3e1eff26974b46b75eac1cc0290d3b P 526eadb7abb3438790a38e0d9973a6a5 [term 1 FOLLOWER]: Leader election vote request: Denying vote to candidate bc957945380a4e119d7ac829148eede6 for term 1 because replica is already servicing an update from a current leader or another vote.
I0720 00:42:44.453791 2650 leader_election.cc:296] T 7e3e1eff26974b46b75eac1cc0290d3b P d9d5e137df31450caa9dc831972c1f5e [CANDIDATE]: Term 2 election: Requested vote from peers bc957945380a4e119d7ac829148eede6 (127.0.58.130:37359), 526eadb7abb3438790a38e0d9973a6a5 (127.0.58.131:33941)
I0720 00:42:44.453888 2538 raft_consensus.cc:2325] T 7e3e1eff26974b46b75eac1cc0290d3b P 526eadb7abb3438790a38e0d9973a6a5 [term 1 FOLLOWER]: Leader pre-election vote request: Denying vote to candidate d9d5e137df31450caa9dc831972c1f5e for term 2 because replica is already servicing an update from a current leader or another vote.
I0720 00:42:44.454250 2345 leader_election.cc:310] T 7e3e1eff26974b46b75eac1cc0290d3b P bc957945380a4e119d7ac829148eede6 [CANDIDATE]: Term 1 election: Election decided. Result: candidate lost. Election summary: received 3 responses out of 3 voters: 1 yes votes; 2 no votes. yes voters: bc957945380a4e119d7ac829148eede6; no voters: 526eadb7abb3438790a38e0d9973a6a5, d9d5e137df31450caa9dc831972c1f5e
I0720 00:42:44.454331 2209 leader_election.cc:310] T 7e3e1eff26974b46b75eac1cc0290d3b P d9d5e137df31450caa9dc831972c1f5e [CANDIDATE]: Term 1 election: Election decided. Result: candidate won. Election summary: received 3 responses out of 3 voters: 2 yes votes; 1 no votes. yes voters: 526eadb7abb3438790a38e0d9973a6a5, d9d5e137df31450caa9dc831972c1f5e; no voters: bc957945380a4e119d7ac829148eede6
I0720 00:42:44.454607 2650 raft_consensus.cc:2607] T 7e3e1eff26974b46b75eac1cc0290d3b P d9d5e137df31450caa9dc831972c1f5e [term 2 FOLLOWER]: Leader election decision vote started in defunct term 1: won
I0720 00:42:44.454610 2675 raft_consensus.cc:2592] T 7e3e1eff26974b46b75eac1cc0290d3b P bc957945380a4e119d7ac829148eede6 [term 1 FOLLOWER]: Leader election lost for term 1. Reason: could not achieve majority
I0720 00:42:44.455204 2412 tablet_service.cc:1295] Received RequestConsensusVote() RPC: tablet_id: "7e3e1eff26974b46b75eac1cc0290d3b" candidate_uuid: "d9d5e137df31450caa9dc831972c1f5e" candidate_term: 2 candidate_status { last_received { term: 0 index: 0 } } ignore_live_leader: false dest_uuid: "bc957945380a4e119d7ac829148eede6"
I0720 00:42:44.455377 2412 raft_consensus.cc:2890] T 7e3e1eff26974b46b75eac1cc0290d3b P bc957945380a4e119d7ac829148eede6 [term 1 FOLLOWER]: Advancing to term 2
I0720 00:42:44.455417 2538 tablet_service.cc:1295] Received RequestConsensusVote() RPC: tablet_id: "7e3e1eff26974b46b75eac1cc0290d3b" candidate_uuid: "d9d5e137df31450caa9dc831972c1f5e" candidate_term: 2 candidate_status { last_received { term: 0 index: 0 } } ignore_live_leader: false dest_uuid: "526eadb7abb3438790a38e0d9973a6a5"
I0720 00:42:44.455586 2538 raft_consensus.cc:2890] T 7e3e1eff26974b46b75eac1cc0290d3b P 526eadb7abb3438790a38e0d9973a6a5 [term 1 FOLLOWER]: Advancing to term 2
W0720 00:42:45.253862 2538 consensus_meta.cc:220] T 7e3e1eff26974b46b75eac1cc0290d3b P 526eadb7abb3438790a38e0d9973a6a5: Time spent flushing consensus metadata: real 0.798s user 0.002s sys 0.000s
W0720 00:42:45.253881 2412 consensus_meta.cc:220] T 7e3e1eff26974b46b75eac1cc0290d3b P bc957945380a4e119d7ac829148eede6: Time spent flushing consensus metadata: real 0.798s user 0.002s sys 0.000s
I0720 00:42:45.254012 2412 raft_consensus.cc:2350] T 7e3e1eff26974b46b75eac1cc0290d3b P bc957945380a4e119d7ac829148eede6 [term 2 FOLLOWER]: Leader election vote request: Granting yes vote for candidate d9d5e137df31450caa9dc831972c1f5e in term 2.
I0720 00:42:45.254001 2538 raft_consensus.cc:2350] T 7e3e1eff26974b46b75eac1cc0290d3b P 526eadb7abb3438790a38e0d9973a6a5 [term 2 FOLLOWER]: Leader election vote request: Granting yes vote for candidate d9d5e137df31450caa9dc831972c1f5e in term 2.
I0720 00:42:45.254680 2209 leader_election.cc:310] T 7e3e1eff26974b46b75eac1cc0290d3b P d9d5e137df31450caa9dc831972c1f5e [CANDIDATE]: Term 2 election: Election decided. Result: candidate won. Election summary: received 2 responses out of 3 voters: 2 yes votes; 0 no votes. yes voters: bc957945380a4e119d7ac829148eede6, d9d5e137df31450caa9dc831972c1f5e; no voters:
I0720 00:42:45.255074 2650 raft_consensus.cc:2644] T 7e3e1eff26974b46b75eac1cc0290d3b P d9d5e137df31450caa9dc831972c1f5e [term 2 FOLLOWER]: Leader election won for term 2
I0720 00:42:45.255461 2650 raft_consensus.cc:667] T 7e3e1eff26974b46b75eac1cc0290d3b P d9d5e137df31450caa9dc831972c1f5e [term 2 LEADER]: Becoming Leader. State: Replica: d9d5e137df31450caa9dc831972c1f5e, State: Running, Role: LEADER
I0720 00:42:45.255996 2650 consensus_queue.cc:206] T 7e3e1eff26974b46b75eac1cc0290d3b P d9d5e137df31450caa9dc831972c1f5e [LEADER]: Queue going to LEADER mode. State: All replicated index: 0, Majority replicated index: 0, Committed index: 0, Last appended: 0.0, Last appended by leader: 0, Current term: 2, Majority size: 2, State: 0, Mode: LEADER, active raft config: opid_index: -1 OBSOLETE_local: false peers { permanent_uuid: "bc957945380a4e119d7ac829148eede6" member_type: VOTER last_known_addr { host: "127.0.58.130" port: 37359 } } peers { permanent_uuid: "526eadb7abb3438790a38e0d9973a6a5" member_type: VOTER last_known_addr { host: "127.0.58.131" port: 33941 } } peers { permanent_uuid: "d9d5e137df31450caa9dc831972c1f5e" member_type: VOTER last_known_addr { host: "127.0.58.129" port: 37035 } }
I0720 00:42:45.258383 2162 catalog_manager.cc:4067] T 7e3e1eff26974b46b75eac1cc0290d3b P d9d5e137df31450caa9dc831972c1f5e reported cstate change: term changed from 0 to 2, leader changed from to d9d5e137df31450caa9dc831972c1f5e (127.0.58.129). New cstate: current_term: 2 leader_uuid: "d9d5e137df31450caa9dc831972c1f5e" committed_config { opid_index: -1 OBSOLETE_local: false peers { permanent_uuid: "bc957945380a4e119d7ac829148eede6" member_type: VOTER last_known_addr { host: "127.0.58.130" port: 37359 } } peers { permanent_uuid: "526eadb7abb3438790a38e0d9973a6a5" member_type: VOTER last_known_addr { host: "127.0.58.131" port: 33941 } } peers { permanent_uuid: "d9d5e137df31450caa9dc831972c1f5e" member_type: VOTER last_known_addr { host: "127.0.58.129" port: 37035 } } }
I0720 00:42:45.525336 234 external_mini_cluster.cc:1177] Attempting to check leaks for /tmp/dist-test-taskAY5sm0/build/asan/bin/kudu-tserver pid 2324
I0720 00:42:45.525935 2453 generic_service.cc:171] Checking for leaks (request via RPC)
I0720 00:42:45.581109 234 external_mini_cluster.cc:1136] Killing /tmp/dist-test-taskAY5sm0/build/asan/bin/kudu-tserver with pid 2324
I0720 00:42:45.592417 234 external_mini_cluster.cc:938] Running /tmp/dist-test-taskAY5sm0/build/asan/bin/kudu-tserver /tmp/dist-test-taskAY5sm0/build/asan/bin/kudu-tserver --fs_wal_dir=/tmp/dist-test-taskAY5sm0/test-tmp/disk_failure-itest.0.DiskFailure_DiskFailureITest.TestFailDuringServerStartup_2.1563583347463414-234/minicluster-data/ts-1/wal --fs_data_dirs=/tmp/dist-test-taskAY5sm0/test-tmp/disk_failure-itest.0.DiskFailure_DiskFailureITest.TestFailDuringServerStartup_2.1563583347463414-234/minicluster-data/ts-1/data-0,/tmp/dist-test-taskAY5sm0/test-tmp/disk_failure-itest.0.DiskFailure_DiskFailureITest.TestFailDuringServerStartup_2.1563583347463414-234/minicluster-data/ts-1/data-1,/tmp/dist-test-taskAY5sm0/test-tmp/disk_failure-itest.0.DiskFailure_DiskFailureITest.TestFailDuringServerStartup_2.1563583347463414-234/minicluster-data/ts-1/data-2,/tmp/dist-test-taskAY5sm0/test-tmp/disk_failure-itest.0.DiskFailure_DiskFailureITest.TestFailDuringServerStartup_2.1563583347463414-234/minicluster-data/ts-1/data-3,/tmp/dist-test-taskAY5sm0/test-tmp/disk_failure-itest.0.DiskFailure_DiskFailureITest.TestFailDuringServerStartup_2.1563583347463414-234/minicluster-data/ts-1/data-4 --block_manager=log --rpc_bind_addresses=127.0.58.130:37359 --local_ip_for_outbound_sockets=127.0.58.130 --webserver_port=37945 --webserver_interface=127.0.58.130 --tserver_master_addrs=127.0.58.190:43971 --never_fsync --ipki_server_key_size=1024 --enable_minidumps=false --redact=none --metrics_log_interval_ms=1000 --logtostderr --logbuflevel=-1 --log_dir=/tmp/dist-test-taskAY5sm0/test-tmp/disk_failure-itest.0.DiskFailure_DiskFailureITest.TestFailDuringServerStartup_2.1563583347463414-234/minicluster-data/ts-1/logs --server_dump_info_path=/tmp/dist-test-taskAY5sm0/test-tmp/disk_failure-itest.0.DiskFailure_DiskFailureITest.TestFailDuringServerStartup_2.1563583347463414-234/minicluster-data/ts-1/data-0/info.pb --server_dump_info_format=pb --rpc_server_allow_ephemeral_ports --unlock_experimental_flags --unlock_unsafe_flags --env_inject_eio_globs=/tmp/dist-test-taskAY5sm0/test-tmp/disk_failure-itest.0.DiskFailure_DiskFailureITest.TestFailDuringServerStartup_2.1563583347463414-234/minicluster-data/ts-1/data-1/** --env_inject_eio=1.0 --crash_on_eio=false --raft_prepare_replacement_before_eviction=false with env {}
I0720 00:42:45.635732 2538 raft_consensus.cc:1184] T 7e3e1eff26974b46b75eac1cc0290d3b P 526eadb7abb3438790a38e0d9973a6a5 [term 2 FOLLOWER]: Refusing update from remote peer d9d5e137df31450caa9dc831972c1f5e: Log matching property violated. Preceding OpId in replica: term: 0 index: 0. Preceding OpId from leader: term: 2 index: 1. (index mismatch)
I0720 00:42:45.636289 2687 consensus_queue.cc:984] T 7e3e1eff26974b46b75eac1cc0290d3b P d9d5e137df31450caa9dc831972c1f5e [LEADER]: Connected to new peer: Peer: permanent_uuid: "526eadb7abb3438790a38e0d9973a6a5" member_type: VOTER last_known_addr { host: "127.0.58.131" port: 33941 }, Status: LMP_MISMATCH, Last received: 0.0, Next index: 1, Last known committed idx: 0, Time since last communication: 0.000s
W0720 00:42:45.645948 2209 consensus_peers.cc:458] T 7e3e1eff26974b46b75eac1cc0290d3b P d9d5e137df31450caa9dc831972c1f5e -> Peer bc957945380a4e119d7ac829148eede6 (127.0.58.130:37359): Couldn't send request to peer bc957945380a4e119d7ac829148eede6. Status: Network error: Client connection negotiation failed: client connection to 127.0.58.130:37359: connect: Connection refused (error 111). This is attempt 1: this message will repeat every 5th retry.
W0720 00:42:45.657147 2209 consensus_peers.cc:458] T ade4b6ce17504569a6d13d9018288194 P d9d5e137df31450caa9dc831972c1f5e -> Peer bc957945380a4e119d7ac829148eede6 (127.0.58.130:37359): Couldn't send request to peer bc957945380a4e119d7ac829148eede6. Status: Network error: Client connection negotiation failed: client connection to 127.0.58.130:37359: connect: Connection refused (error 111). This is attempt 1: this message will repeat every 5th retry.
W0720 00:42:45.711294 2209 consensus_peers.cc:458] T fc71eee696004a62810a0f8ac4b1185d P d9d5e137df31450caa9dc831972c1f5e -> Peer bc957945380a4e119d7ac829148eede6 (127.0.58.130:37359): Couldn't send request to peer bc957945380a4e119d7ac829148eede6. Status: Network error: Client connection negotiation failed: client connection to 127.0.58.130:37359: connect: Connection refused (error 111). This is attempt 1: this message will repeat every 5th retry. WARNING: Logging before InitGoogleLogging() is written to STDERR
W0720 00:42:45.754506 2700 flags.cc:404] Enabled unsafe flag: --rpc_server_allow_ephemeral_ports=true
W0720 00:42:45.754766 2700 flags.cc:404] Enabled unsafe flag: --never_fsync=true
W0720 00:42:45.756840 2700 flags.cc:404] Enabled experimental flag: --raft_prepare_replacement_before_eviction=false
W0720 00:42:45.756906 2700 flags.cc:404] Enabled experimental flag: --ipki_server_key_size=1024
W0720 00:42:45.757005 2700 flags.cc:404] Enabled experimental flag: --crash_on_eio=false
W0720 00:42:45.757079 2700 flags.cc:404] Enabled experimental flag: --local_ip_for_outbound_sockets=127.0.58.130
I0720 00:42:45.761354 2700 tablet_server_main.cc:78] Tablet server non-default flags: --raft_prepare_replacement_before_eviction=false --fs_data_dirs=/tmp/dist-test-taskAY5sm0/test-tmp/disk_failure-itest.0.DiskFailure_DiskFailureITest.TestFailDuringServerStartup_2.1563583347463414-234/minicluster-data/ts-1/data-0,/tmp/dist-test-taskAY5sm0/test-tmp/disk_failure-itest.0.DiskFailure_DiskFailureITest.TestFailDuringServerStartup_2.1563583347463414-234/minicluster-data/ts-1/data-1,/tmp/dist-test-taskAY5sm0/test-tmp/disk_failure-itest.0.DiskFailure_DiskFailureITest.TestFailDuringServerStartup_2.1563583347463414-234/minicluster-data/ts-1/data-2,/tmp/dist-test-taskAY5sm0/test-tmp/disk_failure-itest.0.DiskFailure_DiskFailureITest.TestFailDuringServerStartup_2.1563583347463414-234/minicluster-data/ts-1/data-3,/tmp/dist-test-taskAY5sm0/test-tmp/disk_failure-itest.0.DiskFailure_DiskFailureITest.TestFailDuringServerStartup_2.1563583347463414-234/minicluster-data/ts-1/data-4 --fs_wal_dir=/tmp/dist-test-taskAY5sm0/test-tmp/disk_failure-itest.0.DiskFailure_DiskFailureITest.TestFailDuringServerStartup_2.1563583347463414-234/minicluster-data/ts-1/wal --ipki_server_key_size=1024 --rpc_bind_addresses=127.0.58.130:37359 --rpc_server_allow_ephemeral_ports=true --metrics_log_interval_ms=1000 --server_dump_info_format=pb --server_dump_info_path=/tmp/dist-test-taskAY5sm0/test-tmp/disk_failure-itest.0.DiskFailure_DiskFailureITest.TestFailDuringServerStartup_2.1563583347463414-234/minicluster-data/ts-1/data-0/info.pb --webserver_interface=127.0.58.130 --webserver_port=37945 --tserver_master_addrs=127.0.58.190:43971 --env_inject_eio=1 --env_inject_eio_globs=/tmp/dist-test-taskAY5sm0/test-tmp/disk_failure-itest.0.DiskFailure_DiskFailureITest.TestFailDuringServerStartup_2.1563583347463414-234/minicluster-data/ts-1/data-1/** --never_fsync=true --redact=none --unlock_experimental_flags=true --unlock_unsafe_flags=true --enable_minidumps=false --local_ip_for_outbound_sockets=127.0.58.130 --log_dir=/tmp/dist-test-taskAY5sm0/test-tmp/disk_failure-itest.0.DiskFailure_DiskFailureITest.TestFailDuringServerStartup_2.1563583347463414-234/minicluster-data/ts-1/logs --logbuflevel=-1 --logtostderr=true Tablet server version: kudu 1.11.0-cdh6.x-SNAPSHOT revision aae905889e37d4b4704dffdd32555586ef5ab337 build type FASTDEBUG built by jenkins at 19 Jul 2019 16:58:05 PST on shared-ubuntu1404-ec2-m4-xlarge-ondemand-19ae.vpc.cloudera.com build id 551 ASAN enabled
I0720 00:42:45.769459 2700 system_ntp.cc:193] NTP initialized. Skew: 500ppm Current error: 44016us
W0720 00:42:45.769747 2700 fault_injection.cc:44] FAULT INJECTION ENABLED!
W0720 00:42:45.769793 2700 fault_injection.cc:45] THIS SERVER MAY CRASH!
I0720 00:42:45.770406 2700 fs_manager.cc:263] Metadata directory not provided
I0720 00:42:45.770516 2700 fs_manager.cc:269] Using write-ahead log directory (fs_wal_dir) as metadata directory
E0720 00:42:45.771876 2700 env_posix.cc:316] I/O error, context: INJECTED FAILURE
E0720 00:42:45.773702 2700 env_posix.cc:316] I/O error, context: INJECTED FAILURE
I0720 00:42:45.773772 2700 block_manager_util.cc:139] Instance is unhealthy: IO error: Failed to read metadata file from /tmp/dist-test-taskAY5sm0/test-tmp/disk_failure-itest.0.DiskFailure_DiskFailureITest.TestFailDuringServerStartup_2.1563583347463414-234/minicluster-data/ts-1/data-1/data/block_manager_instance: INJECTED FAILURE: Input/output error (error 5)
W0720 00:42:45.778236 2209 consensus_peers.cc:458] T 18b33e9892f14d0abfa3d7ecb1ee9e80 P d9d5e137df31450caa9dc831972c1f5e -> Peer bc957945380a4e119d7ac829148eede6 (127.0.58.130:37359): Couldn't send request to peer bc957945380a4e119d7ac829148eede6. Status: Network error: Client connection negotiation failed: client connection to 127.0.58.130:37359: connect: Connection refused (error 111). This is attempt 1: this message will repeat every 5th retry.
I0720 00:42:45.780175 2700 fs_manager.cc:399] Time spent opening directory manager: real 0.007s user 0.007s sys 0.001s
I0720 00:42:45.781251 2700 env_posix.cc:1676] Not raising this process' open files per process limit of 1048576; it is already as high as it can go
I0720 00:42:45.781782 2700 file_cache.cc:465] Constructed file cache lbm with capacity 419430
E0720 00:42:45.784806 2700 log_block_manager.cc:2011] Not using report from /tmp/dist-test-taskAY5sm0/test-tmp/disk_failure-itest.0.DiskFailure_DiskFailureITest.TestFailDuringServerStartup_2.1563583347463414-234/minicluster-data/ts-1/data-1/data: IO error: Data directory failed (error 5)
I0720 00:42:45.785010 2700 fs_manager.cc:419] Time spent opening block manager: real 0.002s user 0.000s sys 0.000s
I0720 00:42:45.785074 2700 fs_manager.cc:436] Opened local filesystem: /tmp/dist-test-taskAY5sm0/test-tmp/disk_failure-itest.0.DiskFailure_DiskFailureITest.TestFailDuringServerStartup_2.1563583347463414-234/minicluster-data/ts-1/data-0,/tmp/dist-test-taskAY5sm0/test-tmp/disk_failure-itest.0.DiskFailure_DiskFailureITest.TestFailDuringServerStartup_2.1563583347463414-234/minicluster-data/ts-1/data-1,/tmp/dist-test-taskAY5sm0/test-tmp/disk_failure-itest.0.DiskFailure_DiskFailureITest.TestFailDuringServerStartup_2.1563583347463414-234/minicluster-data/ts-1/data-2,/tmp/dist-test-taskAY5sm0/test-tmp/disk_failure-itest.0.DiskFailure_DiskFailureITest.TestFailDuringServerStartup_2.1563583347463414-234/minicluster-data/ts-1/data-3,/tmp/dist-test-taskAY5sm0/test-tmp/disk_failure-itest.0.DiskFailure_DiskFailureITest.TestFailDuringServerStartup_2.1563583347463414-234/minicluster-data/ts-1/data-4,/tmp/dist-test-taskAY5sm0/test-tmp/disk_failure-itest.0.DiskFailure_DiskFailureITest.TestFailDuringServerStartup_2.1563583347463414-234/minicluster-data/ts-1/wal uuid: "bc957945380a4e119d7ac829148eede6" format_stamp: "Formatted at 2019-07-20 00:42:40 on dist-test-slave-dist-test-slave-lkfw"
I0720 00:42:45.786063 2700 fs_report.cc:352] FS layout report -------------------- wal directory: /tmp/dist-test-taskAY5sm0/test-tmp/disk_failure-itest.0.DiskFailure_DiskFailureITest.TestFailDuringServerStartup_2.1563583347463414-234/minicluster-data/ts-1/wal metadata directory: /tmp/dist-test-taskAY5sm0/test-tmp/disk_failure-itest.0.DiskFailure_DiskFailureITest.TestFailDuringServerStartup_2.1563583347463414-234/minicluster-data/ts-1/wal 4 data directories: /tmp/dist-test-taskAY5sm0/test-tmp/disk_failure-itest.0.DiskFailure_DiskFailureITest.TestFailDuringServerStartup_2.1563583347463414-234/minicluster-data/ts-1/data-0/data, /tmp/dist-test-taskAY5sm0/test-tmp/disk_failure-itest.0.DiskFailure_DiskFailureITest.TestFailDuringServerStartup_2.1563583347463414-234/minicluster-data/ts-1/data-2/data, /tmp/dist-test-taskAY5sm0/test-tmp/disk_failure-itest.0.DiskFailure_DiskFailureITest.TestFailDuringServerStartup_2.1563583347463414-234/minicluster-data/ts-1/data-3/data, /tmp/dist-test-taskAY5sm0/test-tmp/disk_failure-itest.0.DiskFailure_DiskFailureITest.TestFailDuringServerStartup_2.1563583347463414-234/minicluster-data/ts-1/data-4/data Total live blocks: 0 Total live bytes: 0 Total live bytes (after alignment): 0 Total number of LBM containers: 0 (0 full) Did not check for missing blocks Did not check for orphaned blocks Total full LBM containers with extra space: 0 (0 repaired) Total full LBM container extra space in bytes: 0 (0 repaired) Total incomplete LBM containers: 0 (0 repaired) Total LBM partial records: 0 (0 repaired)
I0720 00:42:45.807142 2700 env_posix.cc:1676] Not raising this process' running threads per effective uid limit of 18446744073709551615; it is already as high as it can go
I0720 00:42:45.808766 2700 ts_tablet_manager.cc:345] Loading tablet metadata (0/5 complete)
I0720 00:42:45.818614 2700 ts_tablet_manager.cc:357] Loaded tablet metadata (5 total tablets, 5 live tablets)
I0720 00:42:45.818691 2700 ts_tablet_manager.cc:363] Registering tablets (0/5 complete)
I0720 00:42:45.821710 2723 tablet_bootstrap.cc:439] T ade4b6ce17504569a6d13d9018288194 P bc957945380a4e119d7ac829148eede6: Bootstrap starting.
E0720 00:42:45.822041 2723 ts_tablet_manager.cc:1080] T ade4b6ce17504569a6d13d9018288194 P bc957945380a4e119d7ac829148eede6: Tablet failed to bootstrap: IO error: some tablet data is in a failed directory
I0720 00:42:45.822165 2723 ts_tablet_manager.cc:1059] T ade4b6ce17504569a6d13d9018288194 P bc957945380a4e119d7ac829148eede6: Time spent bootstrapping tablet: real 0.001s user 0.001s sys 0.000s
I0720 00:42:45.822288 2723 tablet_replica.cc:273] T ade4b6ce17504569a6d13d9018288194 P bc957945380a4e119d7ac829148eede6: stopping tablet replica
I0720 00:42:45.822432 2723 raft_consensus.cc:2147] T ade4b6ce17504569a6d13d9018288194 P bc957945380a4e119d7ac829148eede6 [term 1 FOLLOWER]: Raft consensus shutting down.
I0720 00:42:45.823786 2724 tablet_bootstrap.cc:439] T fc71eee696004a62810a0f8ac4b1185d P bc957945380a4e119d7ac829148eede6: Bootstrap starting.
I0720 00:42:45.823797 2723 raft_consensus.cc:2174] T ade4b6ce17504569a6d13d9018288194 P bc957945380a4e119d7ac829148eede6 [term 1 FOLLOWER]: Raft consensus is shut down!
I0720 00:42:45.825736 2723 tablet_bootstrap.cc:439] T 18b33e9892f14d0abfa3d7ecb1ee9e80 P bc957945380a4e119d7ac829148eede6: Bootstrap starting.
E0720 00:42:45.825887 2723 ts_tablet_manager.cc:1080] T 18b33e9892f14d0abfa3d7ecb1ee9e80 P bc957945380a4e119d7ac829148eede6: Tablet failed to bootstrap: IO error: some tablet data is in a failed directory
I0720 00:42:45.825966 2723 ts_tablet_manager.cc:1059] T 18b33e9892f14d0abfa3d7ecb1ee9e80 P bc957945380a4e119d7ac829148eede6: Time spent bootstrapping tablet: real 0.000s user 0.000s sys 0.000s
I0720 00:42:45.826032 2723 tablet_replica.cc:273] T 18b33e9892f14d0abfa3d7ecb1ee9e80 P bc957945380a4e119d7ac829148eede6: stopping tablet replica
I0720 00:42:45.826141 2723 raft_consensus.cc:2147] T 18b33e9892f14d0abfa3d7ecb1ee9e80 P bc957945380a4e119d7ac829148eede6 [term 1 FOLLOWER]: Raft consensus shutting down.
I0720 00:42:45.826207 2723 raft_consensus.cc:2174] T 18b33e9892f14d0abfa3d7ecb1ee9e80 P bc957945380a4e119d7ac829148eede6 [term 1 FOLLOWER]: Raft consensus is shut down!
I0720 00:42:45.830265 2723 tablet_bootstrap.cc:439] T f8dcedcbd6bb47ce9de0a37cc84ebca5 P bc957945380a4e119d7ac829148eede6: Bootstrap starting.
E0720 00:42:45.830428 2723 ts_tablet_manager.cc:1080] T f8dcedcbd6bb47ce9de0a37cc84ebca5 P bc957945380a4e119d7ac829148eede6: Tablet failed to bootstrap: IO error: some tablet data is in a failed directory
I0720 00:42:45.830487 2700 ts_tablet_manager.cc:377] Registered 5 tablets
I0720 00:42:45.830588 2723 ts_tablet_manager.cc:1059] T f8dcedcbd6bb47ce9de0a37cc84ebca5 P bc957945380a4e119d7ac829148eede6: Time spent bootstrapping tablet: real 0.000s user 0.000s sys 0.000s
I0720 00:42:45.830670 2723 tablet_replica.cc:273] T f8dcedcbd6bb47ce9de0a37cc84ebca5 P bc957945380a4e119d7ac829148eede6: stopping tablet replica
I0720 00:42:45.830858 2723 raft_consensus.cc:2147] T f8dcedcbd6bb47ce9de0a37cc84ebca5 P bc957945380a4e119d7ac829148eede6 [term 1 FOLLOWER]: Raft consensus shutting down.
I0720 00:42:45.830904 2725 tablet_bootstrap.cc:439] T 7e3e1eff26974b46b75eac1cc0290d3b P bc957945380a4e119d7ac829148eede6: Bootstrap starting.
I0720 00:42:45.830963 2723 raft_consensus.cc:2174] T f8dcedcbd6bb47ce9de0a37cc84ebca5 P bc957945380a4e119d7ac829148eede6 [term 1 FOLLOWER]: Raft consensus is shut down!
I0720 00:42:45.842288 2724 log.cc:525] T fc71eee696004a62810a0f8ac4b1185d P bc957945380a4e119d7ac829148eede6: Log is configured to *not* fsync() on all Append() calls
I0720 00:42:45.846477 2725 tablet_bootstrap.cc:439] T 7e3e1eff26974b46b75eac1cc0290d3b P bc957945380a4e119d7ac829148eede6: Bootstrap replayed 1/1 log segments. Stats: ops{read=0 overwritten=0 applied=0 ignored=0} inserts{seen=0 ignored=0} mutations{seen=0 ignored=0} orphaned_commits=0. Pending: 0 replicates
I0720 00:42:45.847198 2725 tablet_bootstrap.cc:439] T 7e3e1eff26974b46b75eac1cc0290d3b P bc957945380a4e119d7ac829148eede6: Bootstrap complete.
I0720 00:42:45.848033 2725 ts_tablet_manager.cc:1059] T 7e3e1eff26974b46b75eac1cc0290d3b P bc957945380a4e119d7ac829148eede6: Time spent bootstrapping tablet: real 0.017s user 0.011s sys 0.003s
I0720 00:42:45.848095 2724 tablet_bootstrap.cc:439] T fc71eee696004a62810a0f8ac4b1185d P bc957945380a4e119d7ac829148eede6: Bootstrap replayed 1/1 log segments. Stats: ops{read=1 overwritten=0 applied=1 ignored=0} inserts{seen=0 ignored=0} mutations{seen=0 ignored=0} orphaned_commits=0. Pending: 0 replicates
I0720 00:42:45.848637 2724 tablet_bootstrap.cc:439] T fc71eee696004a62810a0f8ac4b1185d P bc957945380a4e119d7ac829148eede6: Bootstrap complete.
I0720 00:42:45.849989 2724 ts_tablet_manager.cc:1059] T fc71eee696004a62810a0f8ac4b1185d P bc957945380a4e119d7ac829148eede6: Time spent bootstrapping tablet: real 0.026s user 0.007s sys 0.016s
I0720 00:42:45.868640 2724 raft_consensus.cc:340] T fc71eee696004a62810a0f8ac4b1185d P bc957945380a4e119d7ac829148eede6 [term 1 FOLLOWER]: Replica starting. Triggering 0 pending transactions. Active config: opid_index: -1 OBSOLETE_local: false peers { permanent_uuid: "526eadb7abb3438790a38e0d9973a6a5" member_type: VOTER last_known_addr { host: "127.0.58.131" port: 33941 } } peers { permanent_uuid: "bc957945380a4e119d7ac829148eede6" member_type: VOTER last_known_addr { host: "127.0.58.130" port: 37359 } } peers { permanent_uuid: "d9d5e137df31450caa9dc831972c1f5e" member_type: VOTER last_known_addr { host: "127.0.58.129" port: 37035 } }
I0720 00:42:45.868067 2725 raft_consensus.cc:340] T 7e3e1eff26974b46b75eac1cc0290d3b P bc957945380a4e119d7ac829148eede6 [term 2 FOLLOWER]: Replica starting. Triggering 0 pending transactions. Active config: opid_index: -1 OBSOLETE_local: false peers { permanent_uuid: "bc957945380a4e119d7ac829148eede6" member_type: VOTER last_known_addr { host: "127.0.58.130" port: 37359 } } peers { permanent_uuid: "526eadb7abb3438790a38e0d9973a6a5" member_type: VOTER last_known_addr { host: "127.0.58.131" port: 33941 } } peers { permanent_uuid: "d9d5e137df31450caa9dc831972c1f5e" member_type: VOTER last_known_addr { host: "127.0.58.129" port: 37035 } }
I0720 00:42:45.871763 2724 raft_consensus.cc:705] T fc71eee696004a62810a0f8ac4b1185d P bc957945380a4e119d7ac829148eede6 [term 1 FOLLOWER]: Becoming Follower/Learner. State: Replica: bc957945380a4e119d7ac829148eede6, State: Initialized, Role: FOLLOWER
I0720 00:42:45.871758 2725 raft_consensus.cc:705] T 7e3e1eff26974b46b75eac1cc0290d3b P bc957945380a4e119d7ac829148eede6 [term 2 FOLLOWER]: Becoming Follower/Learner. State: Replica: bc957945380a4e119d7ac829148eede6, State: Initialized, Role: FOLLOWER
I0720 00:42:45.872501 2724 consensus_queue.cc:229] T fc71eee696004a62810a0f8ac4b1185d P bc957945380a4e119d7ac829148eede6 [NON_LEADER]: Queue going to NON_LEADER mode. State: All replicated index: 0, Majority replicated index: 0, Committed index: 1, Last appended: 1.1, Last appended by leader: 1, Current term: 0, Majority size: -1, State: 0, Mode: NON_LEADER, active raft config: opid_index: -1 OBSOLETE_local: false peers { permanent_uuid: "526eadb7abb3438790a38e0d9973a6a5" member_type: VOTER last_known_addr { host: "127.0.58.131" port: 33941 } } peers { permanent_uuid: "bc957945380a4e119d7ac829148eede6" member_type: VOTER last_known_addr { host: "127.0.58.130" port: 37359 } } peers { permanent_uuid: "d9d5e137df31450caa9dc831972c1f5e" member_type: VOTER last_known_addr { host: "127.0.58.129" port: 37035 } }
I0720 00:42:45.872504 2725 consensus_queue.cc:229] T 7e3e1eff26974b46b75eac1cc0290d3b P bc957945380a4e119d7ac829148eede6 [NON_LEADER]: Queue going to NON_LEADER mode. State: All replicated index: 0, Majority replicated index: 0, Committed index: 0, Last appended: 0.0, Last appended by leader: 0, Current term: 0, Majority size: -1, State: 0, Mode: NON_LEADER, active raft config: opid_index: -1 OBSOLETE_local: false peers { permanent_uuid: "bc957945380a4e119d7ac829148eede6" member_type: VOTER last_known_addr { host: "127.0.58.130" port: 37359 } } peers { permanent_uuid: "526eadb7abb3438790a38e0d9973a6a5" member_type: VOTER last_known_addr { host: "127.0.58.131" port: 33941 } } peers { permanent_uuid: "d9d5e137df31450caa9dc831972c1f5e" member_type: VOTER last_known_addr { host: "127.0.58.129" port: 37035 } }
I0720 00:42:45.874526 2725 ts_tablet_manager.cc:1087] T 7e3e1eff26974b46b75eac1cc0290d3b P bc957945380a4e119d7ac829148eede6: Time spent starting tablet: real 0.026s user 0.014s sys 0.006s
I0720 00:42:45.874521 2724 ts_tablet_manager.cc:1087] T fc71eee696004a62810a0f8ac4b1185d P bc957945380a4e119d7ac829148eede6: Time spent starting tablet: real 0.024s user 0.013s sys 0.009s
I0720 00:42:45.882194 2700 rpc_server.cc:205] RPC server started. Bound to: 127.0.58.130:37359
I0720 00:42:45.883267 2700 webserver.cc:374] Webserver started at http://127.0.58.130:37945/ using document root and password file
I0720 00:42:45.883956 2700 server_base.cc:629] Dumped server information to /tmp/dist-test-taskAY5sm0/test-tmp/disk_failure-itest.0.DiskFailure_DiskFailureITest.TestFailDuringServerStartup_2.1563583347463414-234/minicluster-data/ts-1/data-0/info.pb
W0720 00:42:45.885702 2835 tablet.cc:1799] T 7e3e1eff26974b46b75eac1cc0290d3b P bc957945380a4e119d7ac829148eede6: Can't schedule compaction. Clean time has not been advanced past its initial value.
I0720 00:42:45.888293 234 external_mini_cluster.cc:1000] Started /tmp/dist-test-taskAY5sm0/build/asan/bin/kudu-tserver as pid 2700
I0720 00:42:45.894906 2834 heartbeater.cc:324] Connected to a master server at 127.0.58.190:43971
I0720 00:42:45.895103 2834 heartbeater.cc:405] Registering TS with master...
I0720 00:42:45.895500 2834 heartbeater.cc:454] Master 127.0.58.190:43971 requested a full tablet report, sending...
I0720 00:42:45.897447 2162 ts_manager.cc:161] Re-registered known tserver with Master: bc957945380a4e119d7ac829148eede6 (127.0.58.130:37359)
W0720 00:42:45.897966 2162 catalog_manager.cc:3988] Tablet ade4b6ce17504569a6d13d9018288194 (table test-workload [id=4c1b1a3e42344401926664c866bb23b0]) has failed on TS bc957945380a4e119d7ac829148eede6 (127.0.58.130:37359): IO error: some tablet data is in a failed directory
