I0720 00:43:58.302429 4609 tablet_service.cc:1295] Received RequestConsensusVote() RPC: tablet_id: "7869d31b2ece4c38b8cf73ba177d2787" candidate_uuid: "fc86e9a330584f00b998288875c0586f" candidate_term: 1 candidate_status { last_received { term: 0 index: 0 } } ignore_live_leader: false dest_uuid: "a29a463e4c2e4f61a400dde426c625e8" is_pre_election: true
I0720 00:43:58.302461 4364 catalog_manager.cc:4067] T 73ac7512c8584fe3ad887ffef570df8d P fc86e9a330584f00b998288875c0586f reported cstate change: term changed from 0 to 1, leader changed from to fc86e9a330584f00b998288875c0586f (127.0.58.131). New cstate: current_term: 1 leader_uuid: "fc86e9a330584f00b998288875c0586f" committed_config { opid_index: -1 OBSOLETE_local: false peers { permanent_uuid: "506b8430b3284890b468e7ef55b6ca79" member_type: VOTER last_known_addr { host: "127.0.58.129" port: 36375 } health_report { overall_health: UNKNOWN } } peers { permanent_uuid: "a29a463e4c2e4f61a400dde426c625e8" member_type: VOTER last_known_addr { host: "127.0.58.130" port: 43527 } health_report { overall_health: UNKNOWN } } peers { permanent_uuid: "fc86e9a330584f00b998288875c0586f" member_type: VOTER last_known_addr { host: "127.0.58.131" port: 42343 } health_report { overall_health: HEALTHY } } }
I0720 00:43:58.303241 4609 raft_consensus.cc:2350] T 7869d31b2ece4c38b8cf73ba177d2787 P a29a463e4c2e4f61a400dde426c625e8 [term 0 FOLLOWER]: Leader pre-election vote request: Granting yes vote for candidate fc86e9a330584f00b998288875c0586f in term 0.
I0720 00:43:58.303525 4734 raft_consensus.cc:2350] T c4890cfc794b469d8765701546219a19 P fc86e9a330584f00b998288875c0586f [term 0 FOLLOWER]: Leader pre-election vote request: Granting yes vote for candidate a29a463e4c2e4f61a400dde426c625e8 in term 0.
I0720 00:43:58.303735 4732 tablet_service.cc:1295] Received RequestConsensusVote() RPC: tablet_id: "c4890cfc794b469d8765701546219a19" candidate_uuid: "a29a463e4c2e4f61a400dde426c625e8" candidate_term: 1 candidate_status { last_received { term: 0 index: 0 } } ignore_live_leader: false dest_uuid: "fc86e9a330584f00b998288875c0586f"
I0720 00:43:58.303834 4732 raft_consensus.cc:2890] T c4890cfc794b469d8765701546219a19 P fc86e9a330584f00b998288875c0586f [term 0 FOLLOWER]: Advancing to term 1
I0720 00:43:58.304111 4609 tablet_service.cc:1295] Received RequestConsensusVote() RPC: tablet_id: "5758df4920ce4bbab0424048f13fea41" candidate_uuid: "506b8430b3284890b468e7ef55b6ca79" candidate_term: 1 candidate_status { last_received { term: 0 index: 0 } } ignore_live_leader: false dest_uuid: "a29a463e4c2e4f61a400dde426c625e8" is_pre_election: true
I0720 00:43:58.304284 4609 raft_consensus.cc:2280] T 5758df4920ce4bbab0424048f13fea41 P a29a463e4c2e4f61a400dde426c625e8 [term 1 FOLLOWER]: Leader pre-election vote request: Denying vote to candidate 506b8430b3284890b468e7ef55b6ca79 in current term 1: Already voted for candidate fc86e9a330584f00b998288875c0586f in this term.
I0720 00:43:58.304302 4362 catalog_manager.cc:4067] T 9ef65edd881743f691ebb903dad80c36 P a29a463e4c2e4f61a400dde426c625e8 reported cstate change: term changed from 0 to 1, leader changed from to a29a463e4c2e4f61a400dde426c625e8 (127.0.58.130). New cstate: current_term: 1 leader_uuid: "a29a463e4c2e4f61a400dde426c625e8" committed_config { opid_index: -1 OBSOLETE_local: false peers { permanent_uuid: "506b8430b3284890b468e7ef55b6ca79" member_type: VOTER last_known_addr { host: "127.0.58.129" port: 36375 } health_report { overall_health: UNKNOWN } } peers { permanent_uuid: "a29a463e4c2e4f61a400dde426c625e8" member_type: VOTER last_known_addr { host: "127.0.58.130" port: 43527 } health_report { overall_health: HEALTHY } } peers { permanent_uuid: "fc86e9a330584f00b998288875c0586f" member_type: VOTER last_known_addr { host: "127.0.58.131" port: 42343 } health_report { overall_health: UNKNOWN } } }
I0720 00:43:58.304615 4362 catalog_manager.cc:4067] T c4890cfc794b469d8765701546219a19 P a29a463e4c2e4f61a400dde426c625e8 reported cstate change: term changed from 0 to 1, leader changed from to a29a463e4c2e4f61a400dde426c625e8 (127.0.58.130). New cstate: current_term: 1 leader_uuid: "a29a463e4c2e4f61a400dde426c625e8" committed_config { opid_index: -1 OBSOLETE_local: false peers { permanent_uuid: "a29a463e4c2e4f61a400dde426c625e8" member_type: VOTER last_known_addr { host: "127.0.58.130" port: 43527 } health_report { overall_health: HEALTHY } } peers { permanent_uuid: "506b8430b3284890b468e7ef55b6ca79" member_type: VOTER last_known_addr { host: "127.0.58.129" port: 36375 } health_report { overall_health: UNKNOWN } } peers { permanent_uuid: "fc86e9a330584f00b998288875c0586f" member_type: VOTER last_known_addr { host: "127.0.58.131" port: 42343 } health_report { overall_health: UNKNOWN } } }
I0720 00:43:58.304828 4609 tablet_service.cc:1295] Received RequestConsensusVote() RPC: tablet_id: "c4890cfc794b469d8765701546219a19" candidate_uuid: "fc86e9a330584f00b998288875c0586f" candidate_term: 1 candidate_status { last_received { term: 0 index: 0 } } ignore_live_leader: false dest_uuid: "a29a463e4c2e4f61a400dde426c625e8" is_pre_election: true
I0720 00:43:58.304989 4609 raft_consensus.cc:2311] T c4890cfc794b469d8765701546219a19 P a29a463e4c2e4f61a400dde426c625e8 [term 1 LEADER]: Leader pre-election vote request: Denying vote to candidate fc86e9a330584f00b998288875c0586f for term 1 because replica is either leader or believes a valid leader to be alive.
I0720 00:43:58.305303 4609 tablet_service.cc:1295] Received RequestConsensusVote() RPC: tablet_id: "9ef65edd881743f691ebb903dad80c36" candidate_uuid: "506b8430b3284890b468e7ef55b6ca79" candidate_term: 1 candidate_status { last_received { term: 0 index: 0 } } ignore_live_leader: false dest_uuid: "a29a463e4c2e4f61a400dde426c625e8" is_pre_election: true
I0720 00:43:58.305435 4609 raft_consensus.cc:2311] T 9ef65edd881743f691ebb903dad80c36 P a29a463e4c2e4f61a400dde426c625e8 [term 1 LEADER]: Leader pre-election vote request: Denying vote to candidate 506b8430b3284890b468e7ef55b6ca79 for term 1 because replica is either leader or believes a valid leader to be alive.
I0720 00:43:58.305442 4733 tablet_service.cc:1295] Received RequestConsensusVote() RPC: tablet_id: "9ef65edd881743f691ebb903dad80c36" candidate_uuid: "a29a463e4c2e4f61a400dde426c625e8" candidate_term: 1 candidate_status { last_received { term: 0 index: 0 } } ignore_live_leader: false dest_uuid: "fc86e9a330584f00b998288875c0586f"
I0720 00:43:58.305549 4733 raft_consensus.cc:2890] T 9ef65edd881743f691ebb903dad80c36 P fc86e9a330584f00b998288875c0586f [term 0 FOLLOWER]: Advancing to term 1
I0720 00:43:58.305744 4609 tablet_service.cc:1295] Received RequestConsensusVote() RPC: tablet_id: "0a7ad36f80f44067ba0087a2768e26ac" candidate_uuid: "fc86e9a330584f00b998288875c0586f" candidate_term: 1 candidate_status { last_received { term: 0 index: 0 } } ignore_live_leader: false dest_uuid: "a29a463e4c2e4f61a400dde426c625e8" is_pre_election: true
I0720 00:43:58.305882 4609 raft_consensus.cc:2350] T 0a7ad36f80f44067ba0087a2768e26ac P a29a463e4c2e4f61a400dde426c625e8 [term 0 FOLLOWER]: Leader pre-election vote request: Granting yes vote for candidate fc86e9a330584f00b998288875c0586f in term 0.
I0720 00:43:58.307305 4667 leader_election.cc:310] T 0a7ad36f80f44067ba0087a2768e26ac P fc86e9a330584f00b998288875c0586f [CANDIDATE]: Term 1 pre-election: Election decided. Result: candidate won. Election summary: received 2 responses out of 3 voters: 2 yes votes; 0 no votes. yes voters: a29a463e4c2e4f61a400dde426c625e8, fc86e9a330584f00b998288875c0586f; no voters:
I0720 00:43:58.307544 4668 leader_election.cc:310] T c4890cfc794b469d8765701546219a19 P fc86e9a330584f00b998288875c0586f [CANDIDATE]: Term 1 pre-election: Election decided. Result: candidate lost. Election summary: received 3 responses out of 3 voters: 1 yes votes; 2 no votes. yes voters: fc86e9a330584f00b998288875c0586f; no voters: 506b8430b3284890b468e7ef55b6ca79, a29a463e4c2e4f61a400dde426c625e8
I0720 00:43:58.308037 4735 raft_consensus.cc:2350] T ca6a2a19cbbe4648a8a76de1e43c405b P fc86e9a330584f00b998288875c0586f [term 1 FOLLOWER]: Leader election vote request: Granting yes vote for candidate a29a463e4c2e4f61a400dde426c625e8 in term 1.
I0720 00:43:58.308679 4861 raft_consensus.cc:2644] T 0a7ad36f80f44067ba0087a2768e26ac P fc86e9a330584f00b998288875c0586f [term 0 FOLLOWER]: Leader pre-election won for term 1
I0720 00:43:58.308807 4732 raft_consensus.cc:2350] T c4890cfc794b469d8765701546219a19 P fc86e9a330584f00b998288875c0586f [term 1 FOLLOWER]: Leader election vote request: Granting yes vote for candidate a29a463e4c2e4f61a400dde426c625e8 in term 1.
I0720 00:43:58.309610 4485 tablet_service.cc:1295] Received RequestConsensusVote() RPC: tablet_id: "0a7ad36f80f44067ba0087a2768e26ac" candidate_uuid: "fc86e9a330584f00b998288875c0586f" candidate_term: 1 candidate_status { last_received { term: 0 index: 0 } } ignore_live_leader: false dest_uuid: "506b8430b3284890b468e7ef55b6ca79" is_pre_election: true
I0720 00:43:58.309782 4485 raft_consensus.cc:2350] T 0a7ad36f80f44067ba0087a2768e26ac P 506b8430b3284890b468e7ef55b6ca79 [term 0 FOLLOWER]: Leader pre-election vote request: Granting yes vote for candidate fc86e9a330584f00b998288875c0586f in term 0.
I0720 00:43:58.307626 4854 raft_consensus.cc:667] T 19920b309dd84a01b2cc74ddbbd10854 P fc86e9a330584f00b998288875c0586f [term 1 LEADER]: Becoming Leader. State: Replica: fc86e9a330584f00b998288875c0586f, State: Running, Role: LEADER
I0720 00:43:58.310180 4733 raft_consensus.cc:2350] T 9ef65edd881743f691ebb903dad80c36 P fc86e9a330584f00b998288875c0586f [term 1 FOLLOWER]: Leader election vote request: Granting yes vote for candidate a29a463e4c2e4f61a400dde426c625e8 in term 1.
I0720 00:43:58.308828 4861 raft_consensus.cc:472] T 0a7ad36f80f44067ba0087a2768e26ac P fc86e9a330584f00b998288875c0586f [term 0 FOLLOWER]: Starting leader election (no leader contacted us within the election timeout)
I0720 00:43:58.310483 4855 raft_consensus.cc:2592] T c4890cfc794b469d8765701546219a19 P fc86e9a330584f00b998288875c0586f [term 1 FOLLOWER]: Leader pre-election lost for term 1. Reason: could not achieve majority
I0720 00:43:58.310879 4861 raft_consensus.cc:2890] T 0a7ad36f80f44067ba0087a2768e26ac P fc86e9a330584f00b998288875c0586f [term 0 FOLLOWER]: Advancing to term 1
I0720 00:43:58.310953 4736 raft_consensus.cc:2311] T 5758df4920ce4bbab0424048f13fea41 P fc86e9a330584f00b998288875c0586f [term 1 LEADER]: Leader pre-election vote request: Denying vote to candidate 506b8430b3284890b468e7ef55b6ca79 for term 1 because replica is either leader or believes a valid leader to be alive.
I0720 00:43:58.311121 4852 raft_consensus.cc:494] T 7869d31b2ece4c38b8cf73ba177d2787 P fc86e9a330584f00b998288875c0586f [term 1 FOLLOWER]: Starting leader election with config: opid_index: -1 OBSOLETE_local: false peers { permanent_uuid: "506b8430b3284890b468e7ef55b6ca79" member_type: VOTER last_known_addr { host: "127.0.58.129" port: 36375 } } peers { permanent_uuid: "a29a463e4c2e4f61a400dde426c625e8" member_type: VOTER last_known_addr { host: "127.0.58.130" port: 43527 } } peers { permanent_uuid: "fc86e9a330584f00b998288875c0586f" member_type: VOTER last_known_addr { host: "127.0.58.131" port: 42343 } }
I0720 00:43:58.312031 4609 tablet_service.cc:1295] Received RequestConsensusVote() RPC: tablet_id: "7869d31b2ece4c38b8cf73ba177d2787" candidate_uuid: "fc86e9a330584f00b998288875c0586f" candidate_term: 1 candidate_status { last_received { term: 0 index: 0 } } ignore_live_leader: false dest_uuid: "a29a463e4c2e4f61a400dde426c625e8"
I0720 00:43:58.312183 4609 raft_consensus.cc:2890] T 7869d31b2ece4c38b8cf73ba177d2787 P a29a463e4c2e4f61a400dde426c625e8 [term 0 FOLLOWER]: Advancing to term 1
I0720 00:43:58.311408 4854 consensus_queue.cc:206] T 19920b309dd84a01b2cc74ddbbd10854 P fc86e9a330584f00b998288875c0586f [LEADER]: Queue going to LEADER mode. State: All replicated index: 0, Majority replicated index: 0, Committed index: 0, Last appended: 0.0, Last appended by leader: 0, Current term: 1, Majority size: 2, State: 0, Mode: LEADER, active raft config: opid_index: -1 OBSOLETE_local: false peers { permanent_uuid: "a29a463e4c2e4f61a400dde426c625e8" member_type: VOTER last_known_addr { host: "127.0.58.130" port: 43527 } } peers { permanent_uuid: "506b8430b3284890b468e7ef55b6ca79" member_type: VOTER last_known_addr { host: "127.0.58.129" port: 36375 } } peers { permanent_uuid: "fc86e9a330584f00b998288875c0586f" member_type: VOTER last_known_addr { host: "127.0.58.131" port: 42343 } }
I0720 00:43:58.313756 4609 raft_consensus.cc:2350] T 7869d31b2ece4c38b8cf73ba177d2787 P a29a463e4c2e4f61a400dde426c625e8 [term 1 FOLLOWER]: Leader election vote request: Granting yes vote for candidate fc86e9a330584f00b998288875c0586f in term 1.
I0720 00:43:58.313622 4861 raft_consensus.cc:494] T 0a7ad36f80f44067ba0087a2768e26ac P fc86e9a330584f00b998288875c0586f [term 1 FOLLOWER]: Starting leader election with config: opid_index: -1 OBSOLETE_local: false peers { permanent_uuid: "506b8430b3284890b468e7ef55b6ca79" member_type: VOTER last_known_addr { host: "127.0.58.129" port: 36375 } } peers { permanent_uuid: "a29a463e4c2e4f61a400dde426c625e8" member_type: VOTER last_known_addr { host: "127.0.58.130" port: 43527 } } peers { permanent_uuid: "fc86e9a330584f00b998288875c0586f" member_type: VOTER last_known_addr { host: "127.0.58.131" port: 42343 } }
I0720 00:43:58.314100 4667 leader_election.cc:310] T 7869d31b2ece4c38b8cf73ba177d2787 P fc86e9a330584f00b998288875c0586f [CANDIDATE]: Term 1 election: Election decided. Result: candidate won. Election summary: received 2 responses out of 3 voters: 2 yes votes; 0 no votes. yes voters: a29a463e4c2e4f61a400dde426c625e8, fc86e9a330584f00b998288875c0586f; no voters:
I0720 00:43:58.314232 4861 leader_election.cc:296] T 0a7ad36f80f44067ba0087a2768e26ac P fc86e9a330584f00b998288875c0586f [CANDIDATE]: Term 1 election: Requested vote from peers 506b8430b3284890b468e7ef55b6ca79 (127.0.58.129:36375), a29a463e4c2e4f61a400dde426c625e8 (127.0.58.130:43527)
I0720 00:43:58.314378 4861 raft_consensus.cc:2644] T 7869d31b2ece4c38b8cf73ba177d2787 P fc86e9a330584f00b998288875c0586f [term 1 FOLLOWER]: Leader election won for term 1
I0720 00:43:58.314534 4861 raft_consensus.cc:667] T 7869d31b2ece4c38b8cf73ba177d2787 P fc86e9a330584f00b998288875c0586f [term 1 LEADER]: Becoming Leader. State: Replica: fc86e9a330584f00b998288875c0586f, State: Running, Role: LEADER
I0720 00:43:58.314702 4609 tablet_service.cc:1295] Received RequestConsensusVote() RPC: tablet_id: "0a7ad36f80f44067ba0087a2768e26ac" candidate_uuid: "fc86e9a330584f00b998288875c0586f" candidate_term: 1 candidate_status { last_received { term: 0 index: 0 } } ignore_live_leader: false dest_uuid: "a29a463e4c2e4f61a400dde426c625e8"
I0720 00:43:58.314836 4609 raft_consensus.cc:2890] T 0a7ad36f80f44067ba0087a2768e26ac P a29a463e4c2e4f61a400dde426c625e8 [term 0 FOLLOWER]: Advancing to term 1
I0720 00:43:58.314785 4861 consensus_queue.cc:206] T 7869d31b2ece4c38b8cf73ba177d2787 P fc86e9a330584f00b998288875c0586f [LEADER]: Queue going to LEADER mode. State: All replicated index: 0, Majority replicated index: 0, Committed index: 0, Last appended: 0.0, Last appended by leader: 0, Current term: 1, Majority size: 2, State: 0, Mode: LEADER, active raft config: opid_index: -1 OBSOLETE_local: false peers { permanent_uuid: "506b8430b3284890b468e7ef55b6ca79" member_type: VOTER last_known_addr { host: "127.0.58.129" port: 36375 } } peers { permanent_uuid: "a29a463e4c2e4f61a400dde426c625e8" member_type: VOTER last_known_addr { host: "127.0.58.130" port: 43527 } } peers { permanent_uuid: "fc86e9a330584f00b998288875c0586f" member_type: VOTER last_known_addr { host: "127.0.58.131" port: 42343 } }
I0720 00:43:58.314847 4362 catalog_manager.cc:4067] T 5758df4920ce4bbab0424048f13fea41 P fc86e9a330584f00b998288875c0586f reported cstate change: term changed from 0 to 1, leader changed from to fc86e9a330584f00b998288875c0586f (127.0.58.131). New cstate: current_term: 1 leader_uuid: "fc86e9a330584f00b998288875c0586f" committed_config { opid_index: -1 OBSOLETE_local: false peers { permanent_uuid: "a29a463e4c2e4f61a400dde426c625e8" member_type: VOTER last_known_addr { host: "127.0.58.130" port: 43527 } health_report { overall_health: UNKNOWN } } peers { permanent_uuid: "506b8430b3284890b468e7ef55b6ca79" member_type: VOTER last_known_addr { host: "127.0.58.129" port: 36375 } health_report { overall_health: UNKNOWN } } peers { permanent_uuid: "fc86e9a330584f00b998288875c0586f" member_type: VOTER last_known_addr { host: "127.0.58.131" port: 42343 } health_report { overall_health: HEALTHY } } }
I0720 00:43:58.315165 4362 catalog_manager.cc:4067] T 19920b309dd84a01b2cc74ddbbd10854 P fc86e9a330584f00b998288875c0586f reported cstate change: term changed from 0 to 1, leader changed from to fc86e9a330584f00b998288875c0586f (127.0.58.131). New cstate: current_term: 1 leader_uuid: "fc86e9a330584f00b998288875c0586f" committed_config { opid_index: -1 OBSOLETE_local: false peers { permanent_uuid: "a29a463e4c2e4f61a400dde426c625e8" member_type: VOTER last_known_addr { host: "127.0.58.130" port: 43527 } health_report { overall_health: UNKNOWN } } peers { permanent_uuid: "506b8430b3284890b468e7ef55b6ca79" member_type: VOTER last_known_addr { host: "127.0.58.129" port: 36375 } health_report { overall_health: UNKNOWN } } peers { permanent_uuid: "fc86e9a330584f00b998288875c0586f" member_type: VOTER last_known_addr { host: "127.0.58.131" port: 42343 } health_report { overall_health: HEALTHY } } }
I0720 00:43:58.316138 4609 raft_consensus.cc:2350] T 0a7ad36f80f44067ba0087a2768e26ac P a29a463e4c2e4f61a400dde426c625e8 [term 1 FOLLOWER]: Leader election vote request: Granting yes vote for candidate fc86e9a330584f00b998288875c0586f in term 1.
I0720 00:43:58.316467 4667 leader_election.cc:310] T 0a7ad36f80f44067ba0087a2768e26ac P fc86e9a330584f00b998288875c0586f [CANDIDATE]: Term 1 election: Election decided. Result: candidate won. Election summary: received 2 responses out of 3 voters: 2 yes votes; 0 no votes. yes voters: a29a463e4c2e4f61a400dde426c625e8, fc86e9a330584f00b998288875c0586f; no voters:
I0720 00:43:58.316478 4418 leader_election.cc:310] T 5758df4920ce4bbab0424048f13fea41 P 506b8430b3284890b468e7ef55b6ca79 [CANDIDATE]: Term 1 pre-election: Election decided. Result: candidate lost. Election summary: received 3 responses out of 3 voters: 1 yes votes; 2 no votes. yes voters: 506b8430b3284890b468e7ef55b6ca79; no voters: a29a463e4c2e4f61a400dde426c625e8, fc86e9a330584f00b998288875c0586f
I0720 00:43:58.316741 4854 raft_consensus.cc:2644] T 0a7ad36f80f44067ba0087a2768e26ac P fc86e9a330584f00b998288875c0586f [term 1 FOLLOWER]: Leader election won for term 1
I0720 00:43:58.316810 4826 raft_consensus.cc:2592] T 5758df4920ce4bbab0424048f13fea41 P 506b8430b3284890b468e7ef55b6ca79 [term 1 FOLLOWER]: Leader pre-election lost for term 1. Reason: could not achieve majority
I0720 00:43:58.316867 4854 raft_consensus.cc:667] T 0a7ad36f80f44067ba0087a2768e26ac P fc86e9a330584f00b998288875c0586f [term 1 LEADER]: Becoming Leader. State: Replica: fc86e9a330584f00b998288875c0586f, State: Running, Role: LEADER
I0720 00:43:58.317028 4854 consensus_queue.cc:206] T 0a7ad36f80f44067ba0087a2768e26ac P fc86e9a330584f00b998288875c0586f [LEADER]: Queue going to LEADER mode. State: All replicated index: 0, Majority replicated index: 0, Committed index: 0, Last appended: 0.0, Last appended by leader: 0, Current term: 1, Majority size: 2, State: 0, Mode: LEADER, active raft config: opid_index: -1 OBSOLETE_local: false peers { permanent_uuid: "506b8430b3284890b468e7ef55b6ca79" member_type: VOTER last_known_addr { host: "127.0.58.129" port: 36375 } } peers { permanent_uuid: "a29a463e4c2e4f61a400dde426c625e8" member_type: VOTER last_known_addr { host: "127.0.58.130" port: 43527 } } peers { permanent_uuid: "fc86e9a330584f00b998288875c0586f" member_type: VOTER last_known_addr { host: "127.0.58.131" port: 42343 } }
I0720 00:43:58.317306 4485 tablet_service.cc:1295] Received RequestConsensusVote() RPC: tablet_id: "7869d31b2ece4c38b8cf73ba177d2787" candidate_uuid: "fc86e9a330584f00b998288875c0586f" candidate_term: 1 candidate_status { last_received { term: 0 index: 0 } } ignore_live_leader: false dest_uuid: "506b8430b3284890b468e7ef55b6ca79"
I0720 00:43:58.317447 4485 raft_consensus.cc:2890] T 7869d31b2ece4c38b8cf73ba177d2787 P 506b8430b3284890b468e7ef55b6ca79 [term 0 FOLLOWER]: Advancing to term 1
I0720 00:43:58.318922 4485 raft_consensus.cc:2350] T 7869d31b2ece4c38b8cf73ba177d2787 P 506b8430b3284890b468e7ef55b6ca79 [term 1 FOLLOWER]: Leader election vote request: Granting yes vote for candidate fc86e9a330584f00b998288875c0586f in term 1.
I0720 00:43:58.319115 4852 leader_election.cc:296] T 7869d31b2ece4c38b8cf73ba177d2787 P fc86e9a330584f00b998288875c0586f [CANDIDATE]: Term 1 election: Requested vote from peers 506b8430b3284890b468e7ef55b6ca79 (127.0.58.129:36375), a29a463e4c2e4f61a400dde426c625e8 (127.0.58.130:43527)
I0720 00:43:58.319545 4485 tablet_service.cc:1295] Received RequestConsensusVote() RPC: tablet_id: "0a7ad36f80f44067ba0087a2768e26ac" candidate_uuid: "fc86e9a330584f00b998288875c0586f" candidate_term: 1 candidate_status { last_received { term: 0 index: 0 } } ignore_live_leader: false dest_uuid: "506b8430b3284890b468e7ef55b6ca79"
I0720 00:43:58.319772 4485 raft_consensus.cc:2890] T 0a7ad36f80f44067ba0087a2768e26ac P 506b8430b3284890b468e7ef55b6ca79 [term 0 FOLLOWER]: Advancing to term 1
I0720 00:43:58.320773 4362 catalog_manager.cc:4067] T 7869d31b2ece4c38b8cf73ba177d2787 P fc86e9a330584f00b998288875c0586f reported cstate change: term changed from 0 to 1, leader changed from to fc86e9a330584f00b998288875c0586f (127.0.58.131). New cstate: current_term: 1 leader_uuid: "fc86e9a330584f00b998288875c0586f" committed_config { opid_index: -1 OBSOLETE_local: false peers { permanent_uuid: "506b8430b3284890b468e7ef55b6ca79" member_type: VOTER last_known_addr { host: "127.0.58.129" port: 36375 } health_report { overall_health: UNKNOWN } } peers { permanent_uuid: "a29a463e4c2e4f61a400dde426c625e8" member_type: VOTER last_known_addr { host: "127.0.58.130" port: 43527 } health_report { overall_health: UNKNOWN } } peers { permanent_uuid: "fc86e9a330584f00b998288875c0586f" member_type: VOTER last_known_addr { host: "127.0.58.131" port: 42343 } health_report { overall_health: HEALTHY } } }
I0720 00:43:58.321074 4362 catalog_manager.cc:4067] T 0a7ad36f80f44067ba0087a2768e26ac P fc86e9a330584f00b998288875c0586f reported cstate change: term changed from 0 to 1, leader changed from to fc86e9a330584f00b998288875c0586f (127.0.58.131). New cstate: current_term: 1 leader_uuid: "fc86e9a330584f00b998288875c0586f" committed_config { opid_index: -1 OBSOLETE_local: false peers { permanent_uuid: "506b8430b3284890b468e7ef55b6ca79" member_type: VOTER last_known_addr { host: "127.0.58.129" port: 36375 } health_report { overall_health: UNKNOWN } } peers { permanent_uuid: "a29a463e4c2e4f61a400dde426c625e8" member_type: VOTER last_known_addr { host: "127.0.58.130" port: 43527 } health_report { overall_health: UNKNOWN } } peers { permanent_uuid: "fc86e9a330584f00b998288875c0586f" member_type: VOTER last_known_addr { host: "127.0.58.131" port: 42343 } health_report { overall_health: HEALTHY } } }
I0720 00:43:58.321318 4485 raft_consensus.cc:2350] T 0a7ad36f80f44067ba0087a2768e26ac P 506b8430b3284890b468e7ef55b6ca79 [term 1 FOLLOWER]: Leader election vote request: Granting yes vote for candidate fc86e9a330584f00b998288875c0586f in term 1.
W0720 00:43:58.337352 4531 tablet.cc:1799] T 0a7ad36f80f44067ba0087a2768e26ac P 506b8430b3284890b468e7ef55b6ca79: Can't schedule compaction. Clean time has not been advanced past its initial value.
W0720 00:43:58.375171 4656 tablet.cc:1799] T 0a7ad36f80f44067ba0087a2768e26ac P a29a463e4c2e4f61a400dde426c625e8: Can't schedule compaction. Clean time has not been advanced past its initial value.
I0720 00:43:58.421604 4837 raft_consensus.cc:472] T 73ea05088cb24563bcf684d6199dd946 P a29a463e4c2e4f61a400dde426c625e8 [term 0 FOLLOWER]: Starting pre-election (no leader contacted us within the election timeout)
I0720 00:43:58.421864 4837 raft_consensus.cc:494] T 73ea05088cb24563bcf684d6199dd946 P a29a463e4c2e4f61a400dde426c625e8 [term 0 FOLLOWER]: Starting pre-election with config: opid_index: -1 OBSOLETE_local: false peers { permanent_uuid: "506b8430b3284890b468e7ef55b6ca79" member_type: VOTER last_known_addr { host: "127.0.58.129" port: 36375 } } peers { permanent_uuid: "a29a463e4c2e4f61a400dde426c625e8" member_type: VOTER last_known_addr { host: "127.0.58.130" port: 43527 } } peers { permanent_uuid: "fc86e9a330584f00b998288875c0586f" member_type: VOTER last_known_addr { host: "127.0.58.131" port: 42343 } }
I0720 00:43:58.422638 4837 leader_election.cc:296] T 73ea05088cb24563bcf684d6199dd946 P a29a463e4c2e4f61a400dde426c625e8 [CANDIDATE]: Term 1 pre-election: Requested pre-vote from peers 506b8430b3284890b468e7ef55b6ca79 (127.0.58.129:36375), fc86e9a330584f00b998288875c0586f (127.0.58.131:42343)
I0720 00:43:58.423466 4736 tablet_service.cc:1295] Received RequestConsensusVote() RPC: tablet_id: "73ea05088cb24563bcf684d6199dd946" candidate_uuid: "a29a463e4c2e4f61a400dde426c625e8" candidate_term: 1 candidate_status { last_received { term: 0 index: 0 } } ignore_live_leader: false dest_uuid: "fc86e9a330584f00b998288875c0586f" is_pre_election: true
I0720 00:43:58.423466 4485 tablet_service.cc:1295] Received RequestConsensusVote() RPC: tablet_id: "73ea05088cb24563bcf684d6199dd946" candidate_uuid: "a29a463e4c2e4f61a400dde426c625e8" candidate_term: 1 candidate_status { last_received { term: 0 index: 0 } } ignore_live_leader: false dest_uuid: "506b8430b3284890b468e7ef55b6ca79" is_pre_election: true
I0720 00:43:58.423674 4736 raft_consensus.cc:2350] T 73ea05088cb24563bcf684d6199dd946 P fc86e9a330584f00b998288875c0586f [term 0 FOLLOWER]: Leader pre-election vote request: Granting yes vote for candidate a29a463e4c2e4f61a400dde426c625e8 in term 0.
I0720 00:43:58.423676 4485 raft_consensus.cc:2350] T 73ea05088cb24563bcf684d6199dd946 P 506b8430b3284890b468e7ef55b6ca79 [term 0 FOLLOWER]: Leader pre-election vote request: Granting yes vote for candidate a29a463e4c2e4f61a400dde426c625e8 in term 0.
I0720 00:43:58.424116 4543 leader_election.cc:310] T 73ea05088cb24563bcf684d6199dd946 P a29a463e4c2e4f61a400dde426c625e8 [CANDIDATE]: Term 1 pre-election: Election decided. Result: candidate won. Election summary: received 2 responses out of 3 voters: 2 yes votes; 0 no votes. yes voters: a29a463e4c2e4f61a400dde426c625e8, fc86e9a330584f00b998288875c0586f; no voters:
I0720 00:43:58.424466 4837 raft_consensus.cc:2644] T 73ea05088cb24563bcf684d6199dd946 P a29a463e4c2e4f61a400dde426c625e8 [term 0 FOLLOWER]: Leader pre-election won for term 1
I0720 00:43:58.424528 4837 raft_consensus.cc:472] T 73ea05088cb24563bcf684d6199dd946 P a29a463e4c2e4f61a400dde426c625e8 [term 0 FOLLOWER]: Starting leader election (no leader contacted us within the election timeout)
I0720 00:43:58.424592 4837 raft_consensus.cc:2890] T 73ea05088cb24563bcf684d6199dd946 P a29a463e4c2e4f61a400dde426c625e8 [term 0 FOLLOWER]: Advancing to term 1
I0720 00:43:58.426442 4837 raft_consensus.cc:494] T 73ea05088cb24563bcf684d6199dd946 P a29a463e4c2e4f61a400dde426c625e8 [term 1 FOLLOWER]: Starting leader election with config: opid_index: -1 OBSOLETE_local: false peers { permanent_uuid: "506b8430b3284890b468e7ef55b6ca79" member_type: VOTER last_known_addr { host: "127.0.58.129" port: 36375 } } peers { permanent_uuid: "a29a463e4c2e4f61a400dde426c625e8" member_type: VOTER last_known_addr { host: "127.0.58.130" port: 43527 } } peers { permanent_uuid: "fc86e9a330584f00b998288875c0586f" member_type: VOTER last_known_addr { host: "127.0.58.131" port: 42343 } }
I0720 00:43:58.426915 4837 leader_election.cc:296] T 73ea05088cb24563bcf684d6199dd946 P a29a463e4c2e4f61a400dde426c625e8 [CANDIDATE]: Term 1 election: Requested vote from peers 506b8430b3284890b468e7ef55b6ca79 (127.0.58.129:36375), fc86e9a330584f00b998288875c0586f (127.0.58.131:42343)
I0720 00:43:58.427419 4485 tablet_service.cc:1295] Received RequestConsensusVote() RPC: tablet_id: "73ea05088cb24563bcf684d6199dd946" candidate_uuid: "a29a463e4c2e4f61a400dde426c625e8" candidate_term: 1 candidate_status { last_received { term: 0 index: 0 } } ignore_live_leader: false dest_uuid: "506b8430b3284890b468e7ef55b6ca79"
I0720 00:43:58.427475 4736 tablet_service.cc:1295] Received RequestConsensusVote() RPC: tablet_id: "73ea05088cb24563bcf684d6199dd946" candidate_uuid: "a29a463e4c2e4f61a400dde426c625e8" candidate_term: 1 candidate_status { last_received { term: 0 index: 0 } } ignore_live_leader: false dest_uuid: "fc86e9a330584f00b998288875c0586f"
I0720 00:43:58.427559 4485 raft_consensus.cc:2890] T 73ea05088cb24563bcf684d6199dd946 P 506b8430b3284890b468e7ef55b6ca79 [term 0 FOLLOWER]: Advancing to term 1
I0720 00:43:58.427621 4736 raft_consensus.cc:2890] T 73ea05088cb24563bcf684d6199dd946 P fc86e9a330584f00b998288875c0586f [term 0 FOLLOWER]: Advancing to term 1
I0720 00:43:58.429221 4485 raft_consensus.cc:2350] T 73ea05088cb24563bcf684d6199dd946 P 506b8430b3284890b468e7ef55b6ca79 [term 1 FOLLOWER]: Leader election vote request: Granting yes vote for candidate a29a463e4c2e4f61a400dde426c625e8 in term 1.
I0720 00:43:58.429332 4736 raft_consensus.cc:2350] T 73ea05088cb24563bcf684d6199dd946 P fc86e9a330584f00b998288875c0586f [term 1 FOLLOWER]: Leader election vote request: Granting yes vote for candidate a29a463e4c2e4f61a400dde426c625e8 in term 1.
I0720 00:43:58.429675 4544 leader_election.cc:310] T 73ea05088cb24563bcf684d6199dd946 P a29a463e4c2e4f61a400dde426c625e8 [CANDIDATE]: Term 1 election: Election decided. Result: candidate won. Election summary: received 2 responses out of 3 voters: 2 yes votes; 0 no votes. yes voters: 506b8430b3284890b468e7ef55b6ca79, a29a463e4c2e4f61a400dde426c625e8; no voters:
I0720 00:43:58.430006 4837 raft_consensus.cc:2644] T 73ea05088cb24563bcf684d6199dd946 P a29a463e4c2e4f61a400dde426c625e8 [term 1 FOLLOWER]: Leader election won for term 1
I0720 00:43:58.430171 4837 raft_consensus.cc:667] T 73ea05088cb24563bcf684d6199dd946 P a29a463e4c2e4f61a400dde426c625e8 [term 1 LEADER]: Becoming Leader. State: Replica: a29a463e4c2e4f61a400dde426c625e8, State: Running, Role: LEADER
I0720 00:43:58.430414 4837 consensus_queue.cc:206] T 73ea05088cb24563bcf684d6199dd946 P a29a463e4c2e4f61a400dde426c625e8 [LEADER]: Queue going to LEADER mode. State: All replicated index: 0, Majority replicated index: 0, Committed index: 0, Last appended: 0.0, Last appended by leader: 0, Current term: 1, Majority size: 2, State: 0, Mode: LEADER, active raft config: opid_index: -1 OBSOLETE_local: false peers { permanent_uuid: "506b8430b3284890b468e7ef55b6ca79" member_type: VOTER last_known_addr { host: "127.0.58.129" port: 36375 } } peers { permanent_uuid: "a29a463e4c2e4f61a400dde426c625e8" member_type: VOTER last_known_addr { host: "127.0.58.130" port: 43527 } } peers { permanent_uuid: "fc86e9a330584f00b998288875c0586f" member_type: VOTER last_known_addr { host: "127.0.58.131" port: 42343 } }
I0720 00:43:58.432948 4362 catalog_manager.cc:4067] T 73ea05088cb24563bcf684d6199dd946 P a29a463e4c2e4f61a400dde426c625e8 reported cstate change: term changed from 0 to 1, leader changed from to a29a463e4c2e4f61a400dde426c625e8 (127.0.58.130). New cstate: current_term: 1 leader_uuid: "a29a463e4c2e4f61a400dde426c625e8" committed_config { opid_index: -1 OBSOLETE_local: false peers { permanent_uuid: "506b8430b3284890b468e7ef55b6ca79" member_type: VOTER last_known_addr { host: "127.0.58.129" port: 36375 } health_report { overall_health: UNKNOWN } } peers { permanent_uuid: "a29a463e4c2e4f61a400dde426c625e8" member_type: VOTER last_known_addr { host: "127.0.58.130" port: 43527 } health_report { overall_health: HEALTHY } } peers { permanent_uuid: "fc86e9a330584f00b998288875c0586f" member_type: VOTER last_known_addr { host: "127.0.58.131" port: 42343 } health_report { overall_health: UNKNOWN } } }
I0720 00:43:58.534605 4609 raft_consensus.cc:1184] T 0a7ad36f80f44067ba0087a2768e26ac P a29a463e4c2e4f61a400dde426c625e8 [term 1 FOLLOWER]: Refusing update from remote peer fc86e9a330584f00b998288875c0586f: Log matching property violated. Preceding OpId in replica: term: 0 index: 0. Preceding OpId from leader: term: 1 index: 2. (index mismatch)
I0720 00:43:58.536497 4485 raft_consensus.cc:1184] T 0a7ad36f80f44067ba0087a2768e26ac P 506b8430b3284890b468e7ef55b6ca79 [term 1 FOLLOWER]: Refusing update from remote peer fc86e9a330584f00b998288875c0586f: Log matching property violated. Preceding OpId in replica: term: 0 index: 0. Preceding OpId from leader: term: 1 index: 2. (index mismatch)
I0720 00:43:58.537613 4854 consensus_queue.cc:984] T 0a7ad36f80f44067ba0087a2768e26ac P fc86e9a330584f00b998288875c0586f [LEADER]: Connected to new peer: Peer: permanent_uuid: "a29a463e4c2e4f61a400dde426c625e8" member_type: VOTER last_known_addr { host: "127.0.58.130" port: 43527 }, Status: LMP_MISMATCH, Last received: 0.0, Next index: 1, Last known committed idx: 0, Time since last communication: 0.000s
I0720 00:43:58.548422 4852 consensus_queue.cc:984] T 0a7ad36f80f44067ba0087a2768e26ac P fc86e9a330584f00b998288875c0586f [LEADER]: Connected to new peer: Peer: permanent_uuid: "506b8430b3284890b468e7ef55b6ca79" member_type: VOTER last_known_addr { host: "127.0.58.129" port: 36375 }, Status: LMP_MISMATCH, Last received: 0.0, Next index: 1, Last known committed idx: 0, Time since last communication: 0.010s
I0720 00:43:58.561231 4610 raft_consensus.cc:1184] T 19920b309dd84a01b2cc74ddbbd10854 P a29a463e4c2e4f61a400dde426c625e8 [term 1 FOLLOWER]: Refusing update from remote peer fc86e9a330584f00b998288875c0586f: Log matching property violated. Preceding OpId in replica: term: 0 index: 0. Preceding OpId from leader: term: 1 index: 2. (index mismatch)
I0720 00:43:58.563033 4610 raft_consensus.cc:1184] T 7869d31b2ece4c38b8cf73ba177d2787 P a29a463e4c2e4f61a400dde426c625e8 [term 1 FOLLOWER]: Refusing update from remote peer fc86e9a330584f00b998288875c0586f: Log matching property violated. Preceding OpId in replica: term: 0 index: 0. Preceding OpId from leader: term: 1 index: 2. (index mismatch)
I0720 00:43:58.564950 4487 raft_consensus.cc:1184] T 5758df4920ce4bbab0424048f13fea41 P 506b8430b3284890b468e7ef55b6ca79 [term 1 FOLLOWER]: Refusing update from remote peer fc86e9a330584f00b998288875c0586f: Log matching property violated. Preceding OpId in replica: term: 0 index: 0. Preceding OpId from leader: term: 1 index: 2. (index mismatch)
I0720 00:43:58.565927 4861 consensus_queue.cc:984] T 7869d31b2ece4c38b8cf73ba177d2787 P fc86e9a330584f00b998288875c0586f [LEADER]: Connected to new peer: Peer: permanent_uuid: "a29a463e4c2e4f61a400dde426c625e8" member_type: VOTER last_known_addr { host: "127.0.58.130" port: 43527 }, Status: LMP_MISMATCH, Last received: 0.0, Next index: 1, Last known committed idx: 0, Time since last communication: 0.003s
I0720 00:43:58.567231 4487 raft_consensus.cc:1184] T 19920b309dd84a01b2cc74ddbbd10854 P 506b8430b3284890b468e7ef55b6ca79 [term 1 FOLLOWER]: Refusing update from remote peer fc86e9a330584f00b998288875c0586f: Log matching property violated. Preceding OpId in replica: term: 0 index: 0. Preceding OpId from leader: term: 1 index: 2. (index mismatch)
I0720 00:43:58.568266 4854 consensus_queue.cc:984] T 19920b309dd84a01b2cc74ddbbd10854 P fc86e9a330584f00b998288875c0586f [LEADER]: Connected to new peer: Peer: permanent_uuid: "a29a463e4c2e4f61a400dde426c625e8" member_type: VOTER last_known_addr { host: "127.0.58.130" port: 43527 }, Status: LMP_MISMATCH, Last received: 0.0, Next index: 1, Last known committed idx: 0, Time since last communication: 0.007s
I0720 00:43:58.569505 4855 consensus_queue.cc:984] T 5758df4920ce4bbab0424048f13fea41 P fc86e9a330584f00b998288875c0586f [LEADER]: Connected to new peer: Peer: permanent_uuid: "506b8430b3284890b468e7ef55b6ca79" member_type: VOTER last_known_addr { host: "127.0.58.129" port: 36375 }, Status: LMP_MISMATCH, Last received: 0.0, Next index: 1, Last known committed idx: 0, Time since last communication: 0.004s
I0720 00:43:58.570192 4487 raft_consensus.cc:1184] T 7869d31b2ece4c38b8cf73ba177d2787 P 506b8430b3284890b468e7ef55b6ca79 [term 1 FOLLOWER]: Refusing update from remote peer fc86e9a330584f00b998288875c0586f: Log matching property violated. Preceding OpId in replica: term: 0 index: 0. Preceding OpId from leader: term: 1 index: 2. (index mismatch)
I0720 00:43:58.571045 4487 raft_consensus.cc:1184] T 9ef65edd881743f691ebb903dad80c36 P 506b8430b3284890b468e7ef55b6ca79 [term 1 FOLLOWER]: Refusing update from remote peer a29a463e4c2e4f61a400dde426c625e8: Log matching property violated. Preceding OpId in replica: term: 0 index: 0. Preceding OpId from leader: term: 1 index: 2. (index mismatch)
I0720 00:43:58.572361 4736 raft_consensus.cc:1184] T 9ef65edd881743f691ebb903dad80c36 P fc86e9a330584f00b998288875c0586f [term 1 FOLLOWER]: Refusing update from remote peer a29a463e4c2e4f61a400dde426c625e8: Log matching property violated. Preceding OpId in replica: term: 0 index: 0. Preceding OpId from leader: term: 1 index: 2. (index mismatch)
I0720 00:43:58.572753 4857 consensus_queue.cc:984] T 7869d31b2ece4c38b8cf73ba177d2787 P fc86e9a330584f00b998288875c0586f [LEADER]: Connected to new peer: Peer: permanent_uuid: "506b8430b3284890b468e7ef55b6ca79" member_type: VOTER last_known_addr { host: "127.0.58.129" port: 36375 }, Status: LMP_MISMATCH, Last received: 0.0, Next index: 1, Last known committed idx: 0, Time since last communication: 0.002s
I0720 00:43:58.575896 4852 consensus_queue.cc:984] T 19920b309dd84a01b2cc74ddbbd10854 P fc86e9a330584f00b998288875c0586f [LEADER]: Connected to new peer: Peer: permanent_uuid: "506b8430b3284890b468e7ef55b6ca79" member_type: VOTER last_known_addr { host: "127.0.58.129" port: 36375 }, Status: LMP_MISMATCH, Last received: 0.0, Next index: 1, Last known committed idx: 0, Time since last communication: 0.007s
I0720 00:43:58.571688 4833 consensus_queue.cc:984] T 9ef65edd881743f691ebb903dad80c36 P a29a463e4c2e4f61a400dde426c625e8 [LEADER]: Connected to new peer: Peer: permanent_uuid: "506b8430b3284890b468e7ef55b6ca79" member_type: VOTER last_known_addr { host: "127.0.58.129" port: 36375 }, Status: LMP_MISMATCH, Last received: 0.0, Next index: 1, Last known committed idx: 0, Time since last communication: 0.024s
I0720 00:43:58.611424 4833 consensus_queue.cc:984] T 9ef65edd881743f691ebb903dad80c36 P a29a463e4c2e4f61a400dde426c625e8 [LEADER]: Connected to new peer: Peer: permanent_uuid: "fc86e9a330584f00b998288875c0586f" member_type: VOTER last_known_addr { host: "127.0.58.131" port: 42343 }, Status: LMP_MISMATCH, Last received: 0.0, Next index: 1, Last known committed idx: 0, Time since last communication: 0.004s
I0720 00:43:58.613862 4485 raft_consensus.cc:1184] T ca6a2a19cbbe4648a8a76de1e43c405b P 506b8430b3284890b468e7ef55b6ca79 [term 1 FOLLOWER]: Refusing update from remote peer a29a463e4c2e4f61a400dde426c625e8: Log matching property violated. Preceding OpId in replica: term: 0 index: 0. Preceding OpId from leader: term: 1 index: 2. (index mismatch)
I0720 00:43:58.614643 4612 raft_consensus.cc:1184] T 5758df4920ce4bbab0424048f13fea41 P a29a463e4c2e4f61a400dde426c625e8 [term 1 FOLLOWER]: Refusing update from remote peer fc86e9a330584f00b998288875c0586f: Log matching property violated. Preceding OpId in replica: term: 0 index: 0. Preceding OpId from leader: term: 1 index: 2. (index mismatch)
I0720 00:43:58.621368 4484 raft_consensus.cc:1184] T 27285c1e3c36466f9bce8450be7500d4 P 506b8430b3284890b468e7ef55b6ca79 [term 1 FOLLOWER]: Refusing update from remote peer a29a463e4c2e4f61a400dde426c625e8: Log matching property violated. Preceding OpId in replica: term: 0 index: 0. Preceding OpId from leader: term: 1 index: 2. (index mismatch)
I0720 00:43:58.622740 4484 raft_consensus.cc:1184] T c4890cfc794b469d8765701546219a19 P 506b8430b3284890b468e7ef55b6ca79 [term 1 FOLLOWER]: Refusing update from remote peer a29a463e4c2e4f61a400dde426c625e8: Log matching property violated. Preceding OpId in replica: term: 0 index: 0. Preceding OpId from leader: term: 1 index: 2. (index mismatch)
I0720 00:43:58.623464 4854 consensus_queue.cc:984] T 5758df4920ce4bbab0424048f13fea41 P fc86e9a330584f00b998288875c0586f [LEADER]: Connected to new peer: Peer: permanent_uuid: "a29a463e4c2e4f61a400dde426c625e8" member_type: VOTER last_known_addr { host: "127.0.58.130" port: 43527 }, Status: LMP_MISMATCH, Last received: 0.0, Next index: 1, Last known committed idx: 0, Time since last communication: 0.005s
I0720 00:43:58.624583 4735 raft_consensus.cc:1184] T c4890cfc794b469d8765701546219a19 P fc86e9a330584f00b998288875c0586f [term 1 FOLLOWER]: Refusing update from remote peer a29a463e4c2e4f61a400dde426c625e8: Log matching property violated. Preceding OpId in replica: term: 0 index: 0. Preceding OpId from leader: term: 1 index: 2. (index mismatch)
I0720 00:43:58.624939 4833 consensus_queue.cc:984] T 27285c1e3c36466f9bce8450be7500d4 P a29a463e4c2e4f61a400dde426c625e8 [LEADER]: Connected to new peer: Peer: permanent_uuid: "506b8430b3284890b468e7ef55b6ca79" member_type: VOTER last_known_addr { host: "127.0.58.129" port: 36375 }, Status: LMP_MISMATCH, Last received: 0.0, Next index: 1, Last known committed idx: 0, Time since last communication: 0.002s
I0720 00:43:58.625725 4732 raft_consensus.cc:1184] T 27285c1e3c36466f9bce8450be7500d4 P fc86e9a330584f00b998288875c0586f [term 1 FOLLOWER]: Refusing update from remote peer a29a463e4c2e4f61a400dde426c625e8: Log matching property violated. Preceding OpId in replica: term: 0 index: 0. Preceding OpId from leader: term: 1 index: 2. (index mismatch)
I0720 00:43:58.625949 4736 raft_consensus.cc:1184] T ca6a2a19cbbe4648a8a76de1e43c405b P fc86e9a330584f00b998288875c0586f [term 1 FOLLOWER]: Refusing update from remote peer a29a463e4c2e4f61a400dde426c625e8: Log matching property violated. Preceding OpId in replica: term: 0 index: 0. Preceding OpId from leader: term: 1 index: 2. (index mismatch)
I0720 00:43:58.627647 4837 consensus_queue.cc:984] T c4890cfc794b469d8765701546219a19 P a29a463e4c2e4f61a400dde426c625e8 [LEADER]: Connected to new peer: Peer: permanent_uuid: "506b8430b3284890b468e7ef55b6ca79" member_type: VOTER last_known_addr { host: "127.0.58.129" port: 36375 }, Status: LMP_MISMATCH, Last received: 0.0, Next index: 1, Last known committed idx: 0, Time since last communication: 0.004s
I0720 00:43:58.628284 4837 consensus_queue.cc:984] T c4890cfc794b469d8765701546219a19 P a29a463e4c2e4f61a400dde426c625e8 [LEADER]: Connected to new peer: Peer: permanent_uuid: "fc86e9a330584f00b998288875c0586f" member_type: VOTER last_known_addr { host: "127.0.58.131" port: 42343 }, Status: LMP_MISMATCH, Last received: 0.0, Next index: 1, Last known committed idx: 0, Time since last communication: 0.000s
I0720 00:43:58.629248 4891 mvcc.cc:203] Tried to move safe_time back from 6404437764375064576 to 6404437763254026240. Current Snapshot: MvccSnapshot[committed={T|T < 6404437764375064576 or (T in {6404437764375064576})}]
I0720 00:43:58.649251 4878 mvcc.cc:203] Tried to move safe_time back from 6404437764350472192 to 6404437763339227136. Current Snapshot: MvccSnapshot[committed={T|T < 6404437764350472192 or (T in {6404437764350472192})}]
I0720 00:43:58.649627 4833 consensus_queue.cc:984] T ca6a2a19cbbe4648a8a76de1e43c405b P a29a463e4c2e4f61a400dde426c625e8 [LEADER]: Connected to new peer: Peer: permanent_uuid: "506b8430b3284890b468e7ef55b6ca79" member_type: VOTER last_known_addr { host: "127.0.58.129" port: 36375 }, Status: LMP_MISMATCH, Last received: 0.0, Next index: 1, Last known committed idx: 0, Time since last communication: 0.012s
I0720 00:43:58.662036 4480 raft_consensus.cc:1184] T 73ac7512c8584fe3ad887ffef570df8d P 506b8430b3284890b468e7ef55b6ca79 [term 1 FOLLOWER]: Refusing update from remote peer fc86e9a330584f00b998288875c0586f: Log matching property violated. Preceding OpId in replica: term: 0 index: 0. Preceding OpId from leader: term: 1 index: 2. (index mismatch)
I0720 00:43:58.663836 4815 consensus_queue.cc:984] T 73ac7512c8584fe3ad887ffef570df8d P fc86e9a330584f00b998288875c0586f [LEADER]: Connected to new peer: Peer: permanent_uuid: "506b8430b3284890b468e7ef55b6ca79" member_type: VOTER last_known_addr { host: "127.0.58.129" port: 36375 }, Status: LMP_MISMATCH, Last received: 0.0, Next index: 1, Last known committed idx: 0, Time since last communication: 0.000s
I0720 00:43:58.678948 4733 raft_consensus.cc:1184] T 73ea05088cb24563bcf684d6199dd946 P fc86e9a330584f00b998288875c0586f [term 1 FOLLOWER]: Refusing update from remote peer a29a463e4c2e4f61a400dde426c625e8: Log matching property violated. Preceding OpId in replica: term: 0 index: 0. Preceding OpId from leader: term: 1 index: 3. (index mismatch)
I0720 00:43:58.679286 4608 raft_consensus.cc:1184] T 73ac7512c8584fe3ad887ffef570df8d P a29a463e4c2e4f61a400dde426c625e8 [term 1 FOLLOWER]: Refusing update from remote peer fc86e9a330584f00b998288875c0586f: Log matching property violated. Preceding OpId in replica: term: 0 index: 0. Preceding OpId from leader: term: 1 index: 2. (index mismatch)
I0720 00:43:58.679481 4837 consensus_queue.cc:984] T 27285c1e3c36466f9bce8450be7500d4 P a29a463e4c2e4f61a400dde426c625e8 [LEADER]: Connected to new peer: Peer: permanent_uuid: "fc86e9a330584f00b998288875c0586f" member_type: VOTER last_known_addr { host: "127.0.58.131" port: 42343 }, Status: LMP_MISMATCH, Last received: 0.0, Next index: 1, Last known committed idx: 0, Time since last communication: 0.003s
I0720 00:43:58.680182 4837 consensus_queue.cc:984] T ca6a2a19cbbe4648a8a76de1e43c405b P a29a463e4c2e4f61a400dde426c625e8 [LEADER]: Connected to new peer: Peer: permanent_uuid: "fc86e9a330584f00b998288875c0586f" member_type: VOTER last_known_addr { host: "127.0.58.131" port: 42343 }, Status: LMP_MISMATCH, Last received: 0.0, Next index: 1, Last known committed idx: 0, Time since last communication: 0.000s
I0720 00:43:58.694015 4886 mvcc.cc:203] Tried to move safe_time back from 6404437764375064576 to 6404437763254026240. Current Snapshot: MvccSnapshot[committed={T|T < 6404437764375064576}]
I0720 00:43:58.701791 4479 raft_consensus.cc:1184] T 73ea05088cb24563bcf684d6199dd946 P 506b8430b3284890b468e7ef55b6ca79 [term 1 FOLLOWER]: Refusing update from remote peer a29a463e4c2e4f61a400dde426c625e8: Log matching property violated. Preceding OpId in replica: term: 0 index: 0. Preceding OpId from leader: term: 1 index: 3. (index mismatch)
I0720 00:43:58.703188 4857 consensus_queue.cc:984] T 73ac7512c8584fe3ad887ffef570df8d P fc86e9a330584f00b998288875c0586f [LEADER]: Connected to new peer: Peer: permanent_uuid: "a29a463e4c2e4f61a400dde426c625e8" member_type: VOTER last_known_addr { host: "127.0.58.130" port: 43527 }, Status: LMP_MISMATCH, Last received: 0.0, Next index: 1, Last known committed idx: 0, Time since last communication: 0.000s
I0720 00:43:58.705346 4834 consensus_queue.cc:984] T 73ea05088cb24563bcf684d6199dd946 P a29a463e4c2e4f61a400dde426c625e8 [LEADER]: Connected to new peer: Peer: permanent_uuid: "506b8430b3284890b468e7ef55b6ca79" member_type: VOTER last_known_addr { host: "127.0.58.129" port: 36375 }, Status: LMP_MISMATCH, Last received: 0.0, Next index: 1, Last known committed idx: 0, Time since last communication: 0.000s
I0720 00:43:58.741117 4906 consensus_queue.cc:984] T 73ea05088cb24563bcf684d6199dd946 P a29a463e4c2e4f61a400dde426c625e8 [LEADER]: Connected to new peer: Peer: permanent_uuid: "fc86e9a330584f00b998288875c0586f" member_type: VOTER last_known_addr { host: "127.0.58.131" port: 42343 }, Status: LMP_MISMATCH, Last received: 0.0, Next index: 1, Last known committed idx: 0, Time since last communication: 0.032s
W0720 00:43:58.900738 4905 log.cc:669] Time spent T 0a7ad36f80f44067ba0087a2768e26ac P a29a463e4c2e4f61a400dde426c625e8: Append to log took a long time: real 0.054s user 0.000s sys 0.000s
W0720 00:43:58.963032 4544 outbound_call.cc:287] RPC callback for RPC call kudu.consensus.ConsensusService.UpdateConsensus -> {remote=127.0.58.129:36375, user_credentials={real_user=slave}} blocked reactor thread for 49516.3us
I0720 00:43:59.206418 4656 maintenance_manager.cc:327] P a29a463e4c2e4f61a400dde426c625e8: Scheduling FlushMRSOp(5758df4920ce4bbab0424048f13fea41): perf score=0.000286
I0720 00:43:59.208680 4780 maintenance_manager.cc:327] P fc86e9a330584f00b998288875c0586f: Scheduling FlushMRSOp(9ef65edd881743f691ebb903dad80c36): perf score=0.000299
I0720 00:43:59.276273 4550 maintenance_manager.cc:532] P a29a463e4c2e4f61a400dde426c625e8: FlushMRSOp(5758df4920ce4bbab0424048f13fea41) complete. Timing: real 0.069s user 0.024s sys 0.001s Metrics: {"bytes_written":7323,"cfile_init":1,"compiler_manager_pool.queue_time_us":4541,"data dirs.queue_time_us":722,"data dirs.run_cpu_time_us":146,"data dirs.run_wall_time_us":6250,"drs_written":1,"lbm_read_time_us":83,"lbm_reads_lt_1ms":4,"lbm_write_time_us":545,"lbm_writes_lt_1ms":23,"rows_written":103,"thread_start_us":4763,"threads_started":2}
I0720 00:43:59.277803 4656 maintenance_manager.cc:327] P a29a463e4c2e4f61a400dde426c625e8: Scheduling FlushMRSOp(7869d31b2ece4c38b8cf73ba177d2787): perf score=0.000305
I0720 00:43:59.289791 4674 maintenance_manager.cc:532] P fc86e9a330584f00b998288875c0586f: FlushMRSOp(9ef65edd881743f691ebb903dad80c36) complete. Timing: real 0.081s user 0.022s sys 0.004s Metrics: {"bytes_written":7024,"cfile_init":1,"compiler_manager_pool.queue_time_us":5730,"data dirs.queue_time_us":2697,"data dirs.run_cpu_time_us":163,"data dirs.run_wall_time_us":2353,"drs_written":1,"lbm_read_time_us":82,"lbm_reads_lt_1ms":4,"lbm_write_time_us":481,"lbm_writes_lt_1ms":23,"rows_written":90,"thread_start_us":5055,"threads_started":2}
I0720 00:43:59.291362 4780 maintenance_manager.cc:327] P fc86e9a330584f00b998288875c0586f: Scheduling UndoDeltaBlockGCOp(9ef65edd881743f691ebb903dad80c36): 967 bytes on disk
