I0720 00:42:28.940831 734 consensus_queue.cc:229] T 7cab46396b7e471f89b67a9bee891c6a P 25bfcaafb29b4431b9ac0f78f5dec9cc [NON_LEADER]: Queue going to NON_LEADER mode. State: All replicated index: 0, Majority replicated index: 0, Committed index: 0, Last appended: 0.0, Last appended by leader: 0, Current term: 0, Majority size: -1, State: 0, Mode: NON_LEADER, active raft config: opid_index: -1 OBSOLETE_local: false peers { permanent_uuid: "4deaf10768b24896bcd716f79c982b0c" member_type: VOTER last_known_addr { host: "127.0.58.130" port: 38913 } } peers { permanent_uuid: "25bfcaafb29b4431b9ac0f78f5dec9cc" member_type: VOTER last_known_addr { host: "127.0.58.131" port: 34777 } } peers { permanent_uuid: "0e2d29c89c754e8ea12ed6730aa4c85d" member_type: VOTER last_known_addr { host: "127.0.58.129" port: 34255 } }
I0720 00:42:28.941218 737 consensus_queue.cc:229] T 34dd0711864545e1beb62517f20f557e P 25bfcaafb29b4431b9ac0f78f5dec9cc [NON_LEADER]: Queue going to NON_LEADER mode. State: All replicated index: 0, Majority replicated index: 0, Committed index: 0, Last appended: 0.0, Last appended by leader: 0, Current term: 0, Majority size: -1, State: 0, Mode: NON_LEADER, active raft config: opid_index: -1 OBSOLETE_local: false peers { permanent_uuid: "4deaf10768b24896bcd716f79c982b0c" member_type: VOTER last_known_addr { host: "127.0.58.130" port: 38913 } } peers { permanent_uuid: "0e2d29c89c754e8ea12ed6730aa4c85d" member_type: VOTER last_known_addr { host: "127.0.58.129" port: 34255 } } peers { permanent_uuid: "25bfcaafb29b4431b9ac0f78f5dec9cc" member_type: VOTER last_known_addr { host: "127.0.58.131" port: 34777 } }
I0720 00:42:28.941747 690 heartbeater.cc:446] Master 127.0.58.190:37585 was elected leader, sending a full tablet report...
I0720 00:42:28.942517 737 ts_tablet_manager.cc:1087] T 34dd0711864545e1beb62517f20f557e P 25bfcaafb29b4431b9ac0f78f5dec9cc: Time spent starting tablet: real 0.045s user 0.002s sys 0.005s
I0720 00:42:28.942764 734 ts_tablet_manager.cc:1087] T 7cab46396b7e471f89b67a9bee891c6a P 25bfcaafb29b4431b9ac0f78f5dec9cc: Time spent starting tablet: real 0.036s user 0.001s sys 0.006s
I0720 00:42:28.942958 730 consensus_queue.cc:229] T ea63d074a81e47c7910a7097efab544e P 25bfcaafb29b4431b9ac0f78f5dec9cc [NON_LEADER]: Queue going to NON_LEADER mode. State: All replicated index: 0, Majority replicated index: 0, Committed index: 0, Last appended: 0.0, Last appended by leader: 0, Current term: 0, Majority size: -1, State: 0, Mode: NON_LEADER, active raft config: opid_index: -1 OBSOLETE_local: false peers { permanent_uuid: "0e2d29c89c754e8ea12ed6730aa4c85d" member_type: VOTER last_known_addr { host: "127.0.58.129" port: 34255 } } peers { permanent_uuid: "4deaf10768b24896bcd716f79c982b0c" member_type: VOTER last_known_addr { host: "127.0.58.130" port: 38913 } } peers { permanent_uuid: "25bfcaafb29b4431b9ac0f78f5dec9cc" member_type: VOTER last_known_addr { host: "127.0.58.131" port: 34777 } }
I0720 00:42:28.943342 730 ts_tablet_manager.cc:1087] T ea63d074a81e47c7910a7097efab544e P 25bfcaafb29b4431b9ac0f78f5dec9cc: Time spent starting tablet: real 0.046s user 0.000s sys 0.009s
I0720 00:42:28.943563 729 consensus_queue.cc:229] T 6da351b3ad134fc78c052d34aafdcbc0 P 25bfcaafb29b4431b9ac0f78f5dec9cc [NON_LEADER]: Queue going to NON_LEADER mode. State: All replicated index: 0, Majority replicated index: 0, Committed index: 0, Last appended: 0.0, Last appended by leader: 0, Current term: 0, Majority size: -1, State: 0, Mode: NON_LEADER, active raft config: opid_index: -1 OBSOLETE_local: false peers { permanent_uuid: "0e2d29c89c754e8ea12ed6730aa4c85d" member_type: VOTER last_known_addr { host: "127.0.58.129" port: 34255 } } peers { permanent_uuid: "4deaf10768b24896bcd716f79c982b0c" member_type: VOTER last_known_addr { host: "127.0.58.130" port: 38913 } } peers { permanent_uuid: "25bfcaafb29b4431b9ac0f78f5dec9cc" member_type: VOTER last_known_addr { host: "127.0.58.131" port: 34777 } }
W0720 00:42:28.944797 691 tablet.cc:1799] T 34dd0711864545e1beb62517f20f557e P 25bfcaafb29b4431b9ac0f78f5dec9cc: Can't schedule compaction. Clean time has not been advanced past its initial value.
I0720 00:42:28.945621 729 ts_tablet_manager.cc:1087] T 6da351b3ad134fc78c052d34aafdcbc0 P 25bfcaafb29b4431b9ac0f78f5dec9cc: Time spent starting tablet: real 0.054s user 0.011s sys 0.000s
I0720 00:42:28.950706 720 ts_tablet_manager.cc:1087] T 6da351b3ad134fc78c052d34aafdcbc0 P 4deaf10768b24896bcd716f79c982b0c: Time spent starting tablet: real 0.073s user 0.005s sys 0.005s
I0720 00:42:28.951063 723 ts_tablet_manager.cc:1087] T ea63d074a81e47c7910a7097efab544e P 4deaf10768b24896bcd716f79c982b0c: Time spent starting tablet: real 0.074s user 0.001s sys 0.011s
I0720 00:42:28.951865 719 ts_tablet_manager.cc:1087] T 7cab46396b7e471f89b67a9bee891c6a P 4deaf10768b24896bcd716f79c982b0c: Time spent starting tablet: real 0.076s user 0.025s sys 0.030s
I0720 00:42:28.953277 722 ts_tablet_manager.cc:1087] T 34dd0711864545e1beb62517f20f557e P 4deaf10768b24896bcd716f79c982b0c: Time spent starting tablet: real 0.077s user 0.021s sys 0.025s
I0720 00:42:28.953513 718 ts_tablet_manager.cc:1087] T 8668997e728c430da205e7d36533f74a P 4deaf10768b24896bcd716f79c982b0c: Time spent starting tablet: real 0.083s user 0.009s sys 0.001s
I0720 00:42:28.953727 727 ts_tablet_manager.cc:1087] T 8668997e728c430da205e7d36533f74a P 25bfcaafb29b4431b9ac0f78f5dec9cc: Time spent starting tablet: real 0.053s user 0.012s sys 0.004s
I0720 00:42:29.019449 753 raft_consensus.cc:472] T 7cab46396b7e471f89b67a9bee891c6a P 25bfcaafb29b4431b9ac0f78f5dec9cc [term 0 FOLLOWER]: Starting pre-election (no leader contacted us within the election timeout)
I0720 00:42:29.019702 753 raft_consensus.cc:494] T 7cab46396b7e471f89b67a9bee891c6a P 25bfcaafb29b4431b9ac0f78f5dec9cc [term 0 FOLLOWER]: Starting pre-election with config: opid_index: -1 OBSOLETE_local: false peers { permanent_uuid: "4deaf10768b24896bcd716f79c982b0c" member_type: VOTER last_known_addr { host: "127.0.58.130" port: 38913 } } peers { permanent_uuid: "25bfcaafb29b4431b9ac0f78f5dec9cc" member_type: VOTER last_known_addr { host: "127.0.58.131" port: 34777 } } peers { permanent_uuid: "0e2d29c89c754e8ea12ed6730aa4c85d" member_type: VOTER last_known_addr { host: "127.0.58.129" port: 34255 } }
I0720 00:42:29.021055 753 leader_election.cc:296] T 7cab46396b7e471f89b67a9bee891c6a P 25bfcaafb29b4431b9ac0f78f5dec9cc [CANDIDATE]: Term 1 pre-election: Requested pre-vote from peers 4deaf10768b24896bcd716f79c982b0c (127.0.58.130:38913), 0e2d29c89c754e8ea12ed6730aa4c85d (127.0.58.129:34255)
I0720 00:42:29.024554 749 raft_consensus.cc:472] T 6da351b3ad134fc78c052d34aafdcbc0 P 4deaf10768b24896bcd716f79c982b0c [term 0 FOLLOWER]: Starting pre-election (no leader contacted us within the election timeout)
I0720 00:42:29.024724 749 raft_consensus.cc:494] T 6da351b3ad134fc78c052d34aafdcbc0 P 4deaf10768b24896bcd716f79c982b0c [term 0 FOLLOWER]: Starting pre-election with config: opid_index: -1 OBSOLETE_local: false peers { permanent_uuid: "0e2d29c89c754e8ea12ed6730aa4c85d" member_type: VOTER last_known_addr { host: "127.0.58.129" port: 34255 } } peers { permanent_uuid: "4deaf10768b24896bcd716f79c982b0c" member_type: VOTER last_known_addr { host: "127.0.58.130" port: 38913 } } peers { permanent_uuid: "25bfcaafb29b4431b9ac0f78f5dec9cc" member_type: VOTER last_known_addr { host: "127.0.58.131" port: 34777 } }
I0720 00:42:29.026026 749 leader_election.cc:296] T 6da351b3ad134fc78c052d34aafdcbc0 P 4deaf10768b24896bcd716f79c982b0c [CANDIDATE]: Term 1 pre-election: Requested pre-vote from peers 0e2d29c89c754e8ea12ed6730aa4c85d (127.0.58.129:34255), 25bfcaafb29b4431b9ac0f78f5dec9cc (127.0.58.131:34777)
I0720 00:42:29.028826 521 tablet_service.cc:1295] Received RequestConsensusVote() RPC: tablet_id: "7cab46396b7e471f89b67a9bee891c6a" candidate_uuid: "25bfcaafb29b4431b9ac0f78f5dec9cc" candidate_term: 1 candidate_status { last_received { term: 0 index: 0 } } ignore_live_leader: false dest_uuid: "4deaf10768b24896bcd716f79c982b0c" is_pre_election: true
I0720 00:42:29.029184 521 raft_consensus.cc:2350] T 7cab46396b7e471f89b67a9bee891c6a P 4deaf10768b24896bcd716f79c982b0c [term 0 FOLLOWER]: Leader pre-election vote request: Granting yes vote for candidate 25bfcaafb29b4431b9ac0f78f5dec9cc in term 0.
I0720 00:42:29.029820 580 leader_election.cc:310] T 7cab46396b7e471f89b67a9bee891c6a P 25bfcaafb29b4431b9ac0f78f5dec9cc [CANDIDATE]: Term 1 pre-election: Election decided. Result: candidate won. Election summary: received 2 responses out of 3 voters: 2 yes votes; 0 no votes. yes voters: 25bfcaafb29b4431b9ac0f78f5dec9cc, 4deaf10768b24896bcd716f79c982b0c; no voters:
I0720 00:42:29.030333 753 raft_consensus.cc:2644] T 7cab46396b7e471f89b67a9bee891c6a P 25bfcaafb29b4431b9ac0f78f5dec9cc [term 0 FOLLOWER]: Leader pre-election won for term 1
I0720 00:42:29.030448 753 raft_consensus.cc:472] T 7cab46396b7e471f89b67a9bee891c6a P 25bfcaafb29b4431b9ac0f78f5dec9cc [term 0 FOLLOWER]: Starting leader election (no leader contacted us within the election timeout)
I0720 00:42:29.030509 753 raft_consensus.cc:2890] T 7cab46396b7e471f89b67a9bee891c6a P 25bfcaafb29b4431b9ac0f78f5dec9cc [term 0 FOLLOWER]: Advancing to term 1
I0720 00:42:29.031976 749 raft_consensus.cc:472] T 8668997e728c430da205e7d36533f74a P 4deaf10768b24896bcd716f79c982b0c [term 0 FOLLOWER]: Starting pre-election (no leader contacted us within the election timeout)
I0720 00:42:29.032080 749 raft_consensus.cc:494] T 8668997e728c430da205e7d36533f74a P 4deaf10768b24896bcd716f79c982b0c [term 0 FOLLOWER]: Starting pre-election with config: opid_index: -1 OBSOLETE_local: false peers { permanent_uuid: "0e2d29c89c754e8ea12ed6730aa4c85d" member_type: VOTER last_known_addr { host: "127.0.58.129" port: 34255 } } peers { permanent_uuid: "4deaf10768b24896bcd716f79c982b0c" member_type: VOTER last_known_addr { host: "127.0.58.130" port: 38913 } } peers { permanent_uuid: "25bfcaafb29b4431b9ac0f78f5dec9cc" member_type: VOTER last_known_addr { host: "127.0.58.131" port: 34777 } }
I0720 00:42:29.032487 749 leader_election.cc:296] T 8668997e728c430da205e7d36533f74a P 4deaf10768b24896bcd716f79c982b0c [CANDIDATE]: Term 1 pre-election: Requested pre-vote from peers 0e2d29c89c754e8ea12ed6730aa4c85d (127.0.58.129:34255), 25bfcaafb29b4431b9ac0f78f5dec9cc (127.0.58.131:34777)
I0720 00:42:29.033088 753 raft_consensus.cc:494] T 7cab46396b7e471f89b67a9bee891c6a P 25bfcaafb29b4431b9ac0f78f5dec9cc [term 1 FOLLOWER]: Starting leader election with config: opid_index: -1 OBSOLETE_local: false peers { permanent_uuid: "4deaf10768b24896bcd716f79c982b0c" member_type: VOTER last_known_addr { host: "127.0.58.130" port: 38913 } } peers { permanent_uuid: "25bfcaafb29b4431b9ac0f78f5dec9cc" member_type: VOTER last_known_addr { host: "127.0.58.131" port: 34777 } } peers { permanent_uuid: "0e2d29c89c754e8ea12ed6730aa4c85d" member_type: VOTER last_known_addr { host: "127.0.58.129" port: 34255 } }
I0720 00:42:29.033656 753 leader_election.cc:296] T 7cab46396b7e471f89b67a9bee891c6a P 25bfcaafb29b4431b9ac0f78f5dec9cc [CANDIDATE]: Term 1 election: Requested vote from peers 4deaf10768b24896bcd716f79c982b0c (127.0.58.130:38913), 0e2d29c89c754e8ea12ed6730aa4c85d (127.0.58.129:34255)
I0720 00:42:29.036231 744 raft_consensus.cc:472] T ea63d074a81e47c7910a7097efab544e P 0e2d29c89c754e8ea12ed6730aa4c85d [term 0 FOLLOWER]: Starting pre-election (no leader contacted us within the election timeout)
I0720 00:42:29.036450 521 tablet_service.cc:1295] Received RequestConsensusVote() RPC: tablet_id: "7cab46396b7e471f89b67a9bee891c6a" candidate_uuid: "25bfcaafb29b4431b9ac0f78f5dec9cc" candidate_term: 1 candidate_status { last_received { term: 0 index: 0 } } ignore_live_leader: false dest_uuid: "4deaf10768b24896bcd716f79c982b0c"
I0720 00:42:29.036594 521 raft_consensus.cc:2890] T 7cab46396b7e471f89b67a9bee891c6a P 4deaf10768b24896bcd716f79c982b0c [term 0 FOLLOWER]: Advancing to term 1
I0720 00:42:29.036490 744 raft_consensus.cc:494] T ea63d074a81e47c7910a7097efab544e P 0e2d29c89c754e8ea12ed6730aa4c85d [term 0 FOLLOWER]: Starting pre-election with config: opid_index: -1 OBSOLETE_local: false peers { permanent_uuid: "0e2d29c89c754e8ea12ed6730aa4c85d" member_type: VOTER last_known_addr { host: "127.0.58.129" port: 34255 } } peers { permanent_uuid: "4deaf10768b24896bcd716f79c982b0c" member_type: VOTER last_known_addr { host: "127.0.58.130" port: 38913 } } peers { permanent_uuid: "25bfcaafb29b4431b9ac0f78f5dec9cc" member_type: VOTER last_known_addr { host: "127.0.58.131" port: 34777 } }
I0720 00:42:29.037621 394 tablet_service.cc:1295] Received RequestConsensusVote() RPC: tablet_id: "7cab46396b7e471f89b67a9bee891c6a" candidate_uuid: "25bfcaafb29b4431b9ac0f78f5dec9cc" candidate_term: 1 candidate_status { last_received { term: 0 index: 0 } } ignore_live_leader: false dest_uuid: "0e2d29c89c754e8ea12ed6730aa4c85d" is_pre_election: true
I0720 00:42:29.037930 393 tablet_service.cc:1295] Received RequestConsensusVote() RPC: tablet_id: "7cab46396b7e471f89b67a9bee891c6a" candidate_uuid: "25bfcaafb29b4431b9ac0f78f5dec9cc" candidate_term: 1 candidate_status { last_received { term: 0 index: 0 } } ignore_live_leader: false dest_uuid: "0e2d29c89c754e8ea12ed6730aa4c85d"
I0720 00:42:29.038102 394 raft_consensus.cc:2350] T 7cab46396b7e471f89b67a9bee891c6a P 0e2d29c89c754e8ea12ed6730aa4c85d [term 0 FOLLOWER]: Leader pre-election vote request: Granting yes vote for candidate 25bfcaafb29b4431b9ac0f78f5dec9cc in term 0.
I0720 00:42:29.038280 393 raft_consensus.cc:2325] T 7cab46396b7e471f89b67a9bee891c6a P 0e2d29c89c754e8ea12ed6730aa4c85d [term 0 FOLLOWER]: Leader election vote request: Denying vote to candidate 25bfcaafb29b4431b9ac0f78f5dec9cc for term 1 because replica is already servicing an update from a current leader or another vote.
I0720 00:42:29.039089 521 raft_consensus.cc:2350] T 7cab46396b7e471f89b67a9bee891c6a P 4deaf10768b24896bcd716f79c982b0c [term 1 FOLLOWER]: Leader election vote request: Granting yes vote for candidate 25bfcaafb29b4431b9ac0f78f5dec9cc in term 1.
I0720 00:42:29.039448 580 leader_election.cc:310] T 7cab46396b7e471f89b67a9bee891c6a P 25bfcaafb29b4431b9ac0f78f5dec9cc [CANDIDATE]: Term 1 election: Election decided. Result: candidate won. Election summary: received 3 responses out of 3 voters: 2 yes votes; 1 no votes. yes voters: 25bfcaafb29b4431b9ac0f78f5dec9cc, 4deaf10768b24896bcd716f79c982b0c; no voters: 0e2d29c89c754e8ea12ed6730aa4c85d
I0720 00:42:29.039729 753 raft_consensus.cc:2644] T 7cab46396b7e471f89b67a9bee891c6a P 25bfcaafb29b4431b9ac0f78f5dec9cc [term 1 FOLLOWER]: Leader election won for term 1
I0720 00:42:29.040199 753 raft_consensus.cc:667] T 7cab46396b7e471f89b67a9bee891c6a P 25bfcaafb29b4431b9ac0f78f5dec9cc [term 1 LEADER]: Becoming Leader. State: Replica: 25bfcaafb29b4431b9ac0f78f5dec9cc, State: Running, Role: LEADER
I0720 00:42:29.042106 744 leader_election.cc:296] T ea63d074a81e47c7910a7097efab544e P 0e2d29c89c754e8ea12ed6730aa4c85d [CANDIDATE]: Term 1 pre-election: Requested pre-vote from peers 4deaf10768b24896bcd716f79c982b0c (127.0.58.130:38913), 25bfcaafb29b4431b9ac0f78f5dec9cc (127.0.58.131:34777)
I0720 00:42:29.042393 753 consensus_queue.cc:206] T 7cab46396b7e471f89b67a9bee891c6a P 25bfcaafb29b4431b9ac0f78f5dec9cc [LEADER]: Queue going to LEADER mode. State: All replicated index: 0, Majority replicated index: 0, Committed index: 0, Last appended: 0.0, Last appended by leader: 0, Current term: 1, Majority size: 2, State: 0, Mode: LEADER, active raft config: opid_index: -1 OBSOLETE_local: false peers { permanent_uuid: "4deaf10768b24896bcd716f79c982b0c" member_type: VOTER last_known_addr { host: "127.0.58.130" port: 38913 } } peers { permanent_uuid: "25bfcaafb29b4431b9ac0f78f5dec9cc" member_type: VOTER last_known_addr { host: "127.0.58.131" port: 34777 } } peers { permanent_uuid: "0e2d29c89c754e8ea12ed6730aa4c85d" member_type: VOTER last_known_addr { host: "127.0.58.129" port: 34255 } }
I0720 00:42:29.045778 394 tablet_service.cc:1295] Received RequestConsensusVote() RPC: tablet_id: "8668997e728c430da205e7d36533f74a" candidate_uuid: "4deaf10768b24896bcd716f79c982b0c" candidate_term: 1 candidate_status { last_received { term: 0 index: 0 } } ignore_live_leader: false dest_uuid: "0e2d29c89c754e8ea12ed6730aa4c85d" is_pre_election: true
I0720 00:42:29.045732 393 tablet_service.cc:1295] Received RequestConsensusVote() RPC: tablet_id: "6da351b3ad134fc78c052d34aafdcbc0" candidate_uuid: "4deaf10768b24896bcd716f79c982b0c" candidate_term: 1 candidate_status { last_received { term: 0 index: 0 } } ignore_live_leader: false dest_uuid: "0e2d29c89c754e8ea12ed6730aa4c85d" is_pre_election: true
I0720 00:42:29.045922 394 raft_consensus.cc:2350] T 8668997e728c430da205e7d36533f74a P 0e2d29c89c754e8ea12ed6730aa4c85d [term 0 FOLLOWER]: Leader pre-election vote request: Granting yes vote for candidate 4deaf10768b24896bcd716f79c982b0c in term 0.
I0720 00:42:29.045920 393 raft_consensus.cc:2350] T 6da351b3ad134fc78c052d34aafdcbc0 P 0e2d29c89c754e8ea12ed6730aa4c85d [term 0 FOLLOWER]: Leader pre-election vote request: Granting yes vote for candidate 4deaf10768b24896bcd716f79c982b0c in term 0.
I0720 00:42:29.046347 454 leader_election.cc:310] T 8668997e728c430da205e7d36533f74a P 4deaf10768b24896bcd716f79c982b0c [CANDIDATE]: Term 1 pre-election: Election decided. Result: candidate won. Election summary: received 2 responses out of 3 voters: 2 yes votes; 0 no votes. yes voters: 0e2d29c89c754e8ea12ed6730aa4c85d, 4deaf10768b24896bcd716f79c982b0c; no voters:
I0720 00:42:29.046748 749 raft_consensus.cc:2644] T 8668997e728c430da205e7d36533f74a P 4deaf10768b24896bcd716f79c982b0c [term 0 FOLLOWER]: Leader pre-election won for term 1
I0720 00:42:29.046764 454 leader_election.cc:310] T 6da351b3ad134fc78c052d34aafdcbc0 P 4deaf10768b24896bcd716f79c982b0c [CANDIDATE]: Term 1 pre-election: Election decided. Result: candidate won. Election summary: received 2 responses out of 3 voters: 2 yes votes; 0 no votes. yes voters: 0e2d29c89c754e8ea12ed6730aa4c85d, 4deaf10768b24896bcd716f79c982b0c; no voters:
I0720 00:42:29.046823 749 raft_consensus.cc:472] T 8668997e728c430da205e7d36533f74a P 4deaf10768b24896bcd716f79c982b0c [term 0 FOLLOWER]: Starting leader election (no leader contacted us within the election timeout)
I0720 00:42:29.046893 749 raft_consensus.cc:2890] T 8668997e728c430da205e7d36533f74a P 4deaf10768b24896bcd716f79c982b0c [term 0 FOLLOWER]: Advancing to term 1
I0720 00:42:29.047065 756 raft_consensus.cc:2644] T 6da351b3ad134fc78c052d34aafdcbc0 P 4deaf10768b24896bcd716f79c982b0c [term 0 FOLLOWER]: Leader pre-election won for term 1
I0720 00:42:29.047137 756 raft_consensus.cc:472] T 6da351b3ad134fc78c052d34aafdcbc0 P 4deaf10768b24896bcd716f79c982b0c [term 0 FOLLOWER]: Starting leader election (no leader contacted us within the election timeout)
I0720 00:42:29.047226 756 raft_consensus.cc:2890] T 6da351b3ad134fc78c052d34aafdcbc0 P 4deaf10768b24896bcd716f79c982b0c [term 0 FOLLOWER]: Advancing to term 1
I0720 00:42:29.046680 270 catalog_manager.cc:4067] T 7cab46396b7e471f89b67a9bee891c6a P 25bfcaafb29b4431b9ac0f78f5dec9cc reported cstate change: term changed from 0 to 1, leader changed from to 25bfcaafb29b4431b9ac0f78f5dec9cc (127.0.58.131). New cstate: current_term: 1 leader_uuid: "25bfcaafb29b4431b9ac0f78f5dec9cc" committed_config { opid_index: -1 OBSOLETE_local: false peers { permanent_uuid: "4deaf10768b24896bcd716f79c982b0c" member_type: VOTER last_known_addr { host: "127.0.58.130" port: 38913 } } peers { permanent_uuid: "25bfcaafb29b4431b9ac0f78f5dec9cc" member_type: VOTER last_known_addr { host: "127.0.58.131" port: 34777 } } peers { permanent_uuid: "0e2d29c89c754e8ea12ed6730aa4c85d" member_type: VOTER last_known_addr { host: "127.0.58.129" port: 34255 } } }
I0720 00:42:29.050410 749 raft_consensus.cc:494] T 8668997e728c430da205e7d36533f74a P 4deaf10768b24896bcd716f79c982b0c [term 1 FOLLOWER]: Starting leader election with config: opid_index: -1 OBSOLETE_local: false peers { permanent_uuid: "0e2d29c89c754e8ea12ed6730aa4c85d" member_type: VOTER last_known_addr { host: "127.0.58.129" port: 34255 } } peers { permanent_uuid: "4deaf10768b24896bcd716f79c982b0c" member_type: VOTER last_known_addr { host: "127.0.58.130" port: 38913 } } peers { permanent_uuid: "25bfcaafb29b4431b9ac0f78f5dec9cc" member_type: VOTER last_known_addr { host: "127.0.58.131" port: 34777 } }
I0720 00:42:29.050320 756 raft_consensus.cc:494] T 6da351b3ad134fc78c052d34aafdcbc0 P 4deaf10768b24896bcd716f79c982b0c [term 1 FOLLOWER]: Starting leader election with config: opid_index: -1 OBSOLETE_local: false peers { permanent_uuid: "0e2d29c89c754e8ea12ed6730aa4c85d" member_type: VOTER last_known_addr { host: "127.0.58.129" port: 34255 } } peers { permanent_uuid: "4deaf10768b24896bcd716f79c982b0c" member_type: VOTER last_known_addr { host: "127.0.58.130" port: 38913 } } peers { permanent_uuid: "25bfcaafb29b4431b9ac0f78f5dec9cc" member_type: VOTER last_known_addr { host: "127.0.58.131" port: 34777 } }
I0720 00:42:29.051075 756 leader_election.cc:296] T 6da351b3ad134fc78c052d34aafdcbc0 P 4deaf10768b24896bcd716f79c982b0c [CANDIDATE]: Term 1 election: Requested vote from peers 0e2d29c89c754e8ea12ed6730aa4c85d (127.0.58.129:34255), 25bfcaafb29b4431b9ac0f78f5dec9cc (127.0.58.131:34777)
I0720 00:42:29.051345 393 tablet_service.cc:1295] Received RequestConsensusVote() RPC: tablet_id: "6da351b3ad134fc78c052d34aafdcbc0" candidate_uuid: "4deaf10768b24896bcd716f79c982b0c" candidate_term: 1 candidate_status { last_received { term: 0 index: 0 } } ignore_live_leader: false dest_uuid: "0e2d29c89c754e8ea12ed6730aa4c85d"
I0720 00:42:29.051491 393 raft_consensus.cc:2890] T 6da351b3ad134fc78c052d34aafdcbc0 P 0e2d29c89c754e8ea12ed6730aa4c85d [term 0 FOLLOWER]: Advancing to term 1
I0720 00:42:29.051651 749 leader_election.cc:296] T 8668997e728c430da205e7d36533f74a P 4deaf10768b24896bcd716f79c982b0c [CANDIDATE]: Term 1 election: Requested vote from peers 0e2d29c89c754e8ea12ed6730aa4c85d (127.0.58.129:34255), 25bfcaafb29b4431b9ac0f78f5dec9cc (127.0.58.131:34777)
I0720 00:42:29.052183 394 tablet_service.cc:1295] Received RequestConsensusVote() RPC: tablet_id: "8668997e728c430da205e7d36533f74a" candidate_uuid: "4deaf10768b24896bcd716f79c982b0c" candidate_term: 1 candidate_status { last_received { term: 0 index: 0 } } ignore_live_leader: false dest_uuid: "0e2d29c89c754e8ea12ed6730aa4c85d"
I0720 00:42:29.052330 394 raft_consensus.cc:2890] T 8668997e728c430da205e7d36533f74a P 0e2d29c89c754e8ea12ed6730aa4c85d [term 0 FOLLOWER]: Advancing to term 1
I0720 00:42:29.052872 647 tablet_service.cc:1295] Received RequestConsensusVote() RPC: tablet_id: "6da351b3ad134fc78c052d34aafdcbc0" candidate_uuid: "4deaf10768b24896bcd716f79c982b0c" candidate_term: 1 candidate_status { last_received { term: 0 index: 0 } } ignore_live_leader: false dest_uuid: "25bfcaafb29b4431b9ac0f78f5dec9cc" is_pre_election: true
I0720 00:42:29.053185 646 tablet_service.cc:1295] Received RequestConsensusVote() RPC: tablet_id: "8668997e728c430da205e7d36533f74a" candidate_uuid: "4deaf10768b24896bcd716f79c982b0c" candidate_term: 1 candidate_status { last_received { term: 0 index: 0 } } ignore_live_leader: false dest_uuid: "25bfcaafb29b4431b9ac0f78f5dec9cc" is_pre_election: true
I0720 00:42:29.054116 647 raft_consensus.cc:2350] T 6da351b3ad134fc78c052d34aafdcbc0 P 25bfcaafb29b4431b9ac0f78f5dec9cc [term 0 FOLLOWER]: Leader pre-election vote request: Granting yes vote for candidate 4deaf10768b24896bcd716f79c982b0c in term 0.
I0720 00:42:29.054587 393 raft_consensus.cc:2350] T 6da351b3ad134fc78c052d34aafdcbc0 P 0e2d29c89c754e8ea12ed6730aa4c85d [term 1 FOLLOWER]: Leader election vote request: Granting yes vote for candidate 4deaf10768b24896bcd716f79c982b0c in term 1.
I0720 00:42:29.054342 645 tablet_service.cc:1295] Received RequestConsensusVote() RPC: tablet_id: "6da351b3ad134fc78c052d34aafdcbc0" candidate_uuid: "4deaf10768b24896bcd716f79c982b0c" candidate_term: 1 candidate_status { last_received { term: 0 index: 0 } } ignore_live_leader: false dest_uuid: "25bfcaafb29b4431b9ac0f78f5dec9cc"
I0720 00:42:29.054162 644 tablet_service.cc:1295] Received RequestConsensusVote() RPC: tablet_id: "8668997e728c430da205e7d36533f74a" candidate_uuid: "4deaf10768b24896bcd716f79c982b0c" candidate_term: 1 candidate_status { last_received { term: 0 index: 0 } } ignore_live_leader: false dest_uuid: "25bfcaafb29b4431b9ac0f78f5dec9cc"
I0720 00:42:29.054721 645 raft_consensus.cc:2890] T 6da351b3ad134fc78c052d34aafdcbc0 P 25bfcaafb29b4431b9ac0f78f5dec9cc [term 0 FOLLOWER]: Advancing to term 1
I0720 00:42:29.054813 646 raft_consensus.cc:2350] T 8668997e728c430da205e7d36533f74a P 25bfcaafb29b4431b9ac0f78f5dec9cc [term 0 FOLLOWER]: Leader pre-election vote request: Granting yes vote for candidate 4deaf10768b24896bcd716f79c982b0c in term 0.
I0720 00:42:29.055016 454 leader_election.cc:310] T 6da351b3ad134fc78c052d34aafdcbc0 P 4deaf10768b24896bcd716f79c982b0c [CANDIDATE]: Term 1 election: Election decided. Result: candidate won. Election summary: received 2 responses out of 3 voters: 2 yes votes; 0 no votes. yes voters: 0e2d29c89c754e8ea12ed6730aa4c85d, 4deaf10768b24896bcd716f79c982b0c; no voters:
I0720 00:42:29.055181 644 raft_consensus.cc:2325] T 8668997e728c430da205e7d36533f74a P 25bfcaafb29b4431b9ac0f78f5dec9cc [term 0 FOLLOWER]: Leader election vote request: Denying vote to candidate 4deaf10768b24896bcd716f79c982b0c for term 1 because replica is already servicing an update from a current leader or another vote.
I0720 00:42:29.055344 749 raft_consensus.cc:2644] T 6da351b3ad134fc78c052d34aafdcbc0 P 4deaf10768b24896bcd716f79c982b0c [term 1 FOLLOWER]: Leader election won for term 1
I0720 00:42:29.056913 749 raft_consensus.cc:667] T 6da351b3ad134fc78c052d34aafdcbc0 P 4deaf10768b24896bcd716f79c982b0c [term 1 LEADER]: Becoming Leader. State: Replica: 4deaf10768b24896bcd716f79c982b0c, State: Running, Role: LEADER
I0720 00:42:29.057242 394 raft_consensus.cc:2350] T 8668997e728c430da205e7d36533f74a P 0e2d29c89c754e8ea12ed6730aa4c85d [term 1 FOLLOWER]: Leader election vote request: Granting yes vote for candidate 4deaf10768b24896bcd716f79c982b0c in term 1.
I0720 00:42:29.057274 749 consensus_queue.cc:206] T 6da351b3ad134fc78c052d34aafdcbc0 P 4deaf10768b24896bcd716f79c982b0c [LEADER]: Queue going to LEADER mode. State: All replicated index: 0, Majority replicated index: 0, Committed index: 0, Last appended: 0.0, Last appended by leader: 0, Current term: 1, Majority size: 2, State: 0, Mode: LEADER, active raft config: opid_index: -1 OBSOLETE_local: false peers { permanent_uuid: "0e2d29c89c754e8ea12ed6730aa4c85d" member_type: VOTER last_known_addr { host: "127.0.58.129" port: 34255 } } peers { permanent_uuid: "4deaf10768b24896bcd716f79c982b0c" member_type: VOTER last_known_addr { host: "127.0.58.130" port: 38913 } } peers { permanent_uuid: "25bfcaafb29b4431b9ac0f78f5dec9cc" member_type: VOTER last_known_addr { host: "127.0.58.131" port: 34777 } }
I0720 00:42:29.057613 454 leader_election.cc:310] T 8668997e728c430da205e7d36533f74a P 4deaf10768b24896bcd716f79c982b0c [CANDIDATE]: Term 1 election: Election decided. Result: candidate won. Election summary: received 3 responses out of 3 voters: 2 yes votes; 1 no votes. yes voters: 0e2d29c89c754e8ea12ed6730aa4c85d, 4deaf10768b24896bcd716f79c982b0c; no voters: 25bfcaafb29b4431b9ac0f78f5dec9cc
I0720 00:42:29.057888 645 raft_consensus.cc:2350] T 6da351b3ad134fc78c052d34aafdcbc0 P 25bfcaafb29b4431b9ac0f78f5dec9cc [term 1 FOLLOWER]: Leader election vote request: Granting yes vote for candidate 4deaf10768b24896bcd716f79c982b0c in term 1.
I0720 00:42:29.057977 756 raft_consensus.cc:2644] T 8668997e728c430da205e7d36533f74a P 4deaf10768b24896bcd716f79c982b0c [term 1 FOLLOWER]: Leader election won for term 1
I0720 00:42:29.058125 756 raft_consensus.cc:667] T 8668997e728c430da205e7d36533f74a P 4deaf10768b24896bcd716f79c982b0c [term 1 LEADER]: Becoming Leader. State: Replica: 4deaf10768b24896bcd716f79c982b0c, State: Running, Role: LEADER
I0720 00:42:29.058348 756 consensus_queue.cc:206] T 8668997e728c430da205e7d36533f74a P 4deaf10768b24896bcd716f79c982b0c [LEADER]: Queue going to LEADER mode. State: All replicated index: 0, Majority replicated index: 0, Committed index: 0, Last appended: 0.0, Last appended by leader: 0, Current term: 1, Majority size: 2, State: 0, Mode: LEADER, active raft config: opid_index: -1 OBSOLETE_local: false peers { permanent_uuid: "0e2d29c89c754e8ea12ed6730aa4c85d" member_type: VOTER last_known_addr { host: "127.0.58.129" port: 34255 } } peers { permanent_uuid: "4deaf10768b24896bcd716f79c982b0c" member_type: VOTER last_known_addr { host: "127.0.58.130" port: 38913 } } peers { permanent_uuid: "25bfcaafb29b4431b9ac0f78f5dec9cc" member_type: VOTER last_known_addr { host: "127.0.58.131" port: 34777 } }
I0720 00:42:29.061357 645 tablet_service.cc:1295] Received RequestConsensusVote() RPC: tablet_id: "ea63d074a81e47c7910a7097efab544e" candidate_uuid: "0e2d29c89c754e8ea12ed6730aa4c85d" candidate_term: 1 candidate_status { last_received { term: 0 index: 0 } } ignore_live_leader: false dest_uuid: "25bfcaafb29b4431b9ac0f78f5dec9cc" is_pre_election: true
I0720 00:42:29.061552 645 raft_consensus.cc:2350] T ea63d074a81e47c7910a7097efab544e P 25bfcaafb29b4431b9ac0f78f5dec9cc [term 0 FOLLOWER]: Leader pre-election vote request: Granting yes vote for candidate 0e2d29c89c754e8ea12ed6730aa4c85d in term 0.
I0720 00:42:29.061952 325 leader_election.cc:310] T ea63d074a81e47c7910a7097efab544e P 0e2d29c89c754e8ea12ed6730aa4c85d [CANDIDATE]: Term 1 pre-election: Election decided. Result: candidate won. Election summary: received 2 responses out of 3 voters: 2 yes votes; 0 no votes. yes voters: 0e2d29c89c754e8ea12ed6730aa4c85d, 25bfcaafb29b4431b9ac0f78f5dec9cc; no voters:
I0720 00:42:29.062471 744 raft_consensus.cc:2644] T ea63d074a81e47c7910a7097efab544e P 0e2d29c89c754e8ea12ed6730aa4c85d [term 0 FOLLOWER]: Leader pre-election won for term 1
I0720 00:42:29.062577 744 raft_consensus.cc:472] T ea63d074a81e47c7910a7097efab544e P 0e2d29c89c754e8ea12ed6730aa4c85d [term 0 FOLLOWER]: Starting leader election (no leader contacted us within the election timeout)
I0720 00:42:29.062676 744 raft_consensus.cc:2890] T ea63d074a81e47c7910a7097efab544e P 0e2d29c89c754e8ea12ed6730aa4c85d [term 0 FOLLOWER]: Advancing to term 1
I0720 00:42:29.062786 521 tablet_service.cc:1295] Received RequestConsensusVote() RPC: tablet_id: "ea63d074a81e47c7910a7097efab544e" candidate_uuid: "0e2d29c89c754e8ea12ed6730aa4c85d" candidate_term: 1 candidate_status { last_received { term: 0 index: 0 } } ignore_live_leader: false dest_uuid: "4deaf10768b24896bcd716f79c982b0c" is_pre_election: true
I0720 00:42:29.062970 521 raft_consensus.cc:2350] T ea63d074a81e47c7910a7097efab544e P 4deaf10768b24896bcd716f79c982b0c [term 0 FOLLOWER]: Leader pre-election vote request: Granting yes vote for candidate 0e2d29c89c754e8ea12ed6730aa4c85d in term 0.
I0720 00:42:29.063792 270 catalog_manager.cc:4067] T 6da351b3ad134fc78c052d34aafdcbc0 P 4deaf10768b24896bcd716f79c982b0c reported cstate change: term changed from 0 to 1, leader changed from to 4deaf10768b24896bcd716f79c982b0c (127.0.58.130). New cstate: current_term: 1 leader_uuid: "4deaf10768b24896bcd716f79c982b0c" committed_config { opid_index: -1 OBSOLETE_local: false peers { permanent_uuid: "0e2d29c89c754e8ea12ed6730aa4c85d" member_type: VOTER last_known_addr { host: "127.0.58.129" port: 34255 } } peers { permanent_uuid: "4deaf10768b24896bcd716f79c982b0c" member_type: VOTER last_known_addr { host: "127.0.58.130" port: 38913 } } peers { permanent_uuid: "25bfcaafb29b4431b9ac0f78f5dec9cc" member_type: VOTER last_known_addr { host: "127.0.58.131" port: 34777 } } }
I0720 00:42:29.064620 744 raft_consensus.cc:494] T ea63d074a81e47c7910a7097efab544e P 0e2d29c89c754e8ea12ed6730aa4c85d [term 1 FOLLOWER]: Starting leader election with config: opid_index: -1 OBSOLETE_local: false peers { permanent_uuid: "0e2d29c89c754e8ea12ed6730aa4c85d" member_type: VOTER last_known_addr { host: "127.0.58.129" port: 34255 } } peers { permanent_uuid: "4deaf10768b24896bcd716f79c982b0c" member_type: VOTER last_known_addr { host: "127.0.58.130" port: 38913 } } peers { permanent_uuid: "25bfcaafb29b4431b9ac0f78f5dec9cc" member_type: VOTER last_known_addr { host: "127.0.58.131" port: 34777 } }
I0720 00:42:29.065901 744 leader_election.cc:296] T ea63d074a81e47c7910a7097efab544e P 0e2d29c89c754e8ea12ed6730aa4c85d [CANDIDATE]: Term 1 election: Requested vote from peers 4deaf10768b24896bcd716f79c982b0c (127.0.58.130:38913), 25bfcaafb29b4431b9ac0f78f5dec9cc (127.0.58.131:34777)
I0720 00:42:29.066234 521 tablet_service.cc:1295] Received RequestConsensusVote() RPC: tablet_id: "ea63d074a81e47c7910a7097efab544e" candidate_uuid: "0e2d29c89c754e8ea12ed6730aa4c85d" candidate_term: 1 candidate_status { last_received { term: 0 index: 0 } } ignore_live_leader: false dest_uuid: "4deaf10768b24896bcd716f79c982b0c"
I0720 00:42:29.066306 645 tablet_service.cc:1295] Received RequestConsensusVote() RPC: tablet_id: "ea63d074a81e47c7910a7097efab544e" candidate_uuid: "0e2d29c89c754e8ea12ed6730aa4c85d" candidate_term: 1 candidate_status { last_received { term: 0 index: 0 } } ignore_live_leader: false dest_uuid: "25bfcaafb29b4431b9ac0f78f5dec9cc"
I0720 00:42:29.066402 521 raft_consensus.cc:2890] T ea63d074a81e47c7910a7097efab544e P 4deaf10768b24896bcd716f79c982b0c [term 0 FOLLOWER]: Advancing to term 1
I0720 00:42:29.066448 645 raft_consensus.cc:2890] T ea63d074a81e47c7910a7097efab544e P 25bfcaafb29b4431b9ac0f78f5dec9cc [term 0 FOLLOWER]: Advancing to term 1
I0720 00:42:29.068150 645 raft_consensus.cc:2350] T ea63d074a81e47c7910a7097efab544e P 25bfcaafb29b4431b9ac0f78f5dec9cc [term 1 FOLLOWER]: Leader election vote request: Granting yes vote for candidate 0e2d29c89c754e8ea12ed6730aa4c85d in term 1.
I0720 00:42:29.068224 521 raft_consensus.cc:2350] T ea63d074a81e47c7910a7097efab544e P 4deaf10768b24896bcd716f79c982b0c [term 1 FOLLOWER]: Leader election vote request: Granting yes vote for candidate 0e2d29c89c754e8ea12ed6730aa4c85d in term 1.
I0720 00:42:29.068442 325 leader_election.cc:310] T ea63d074a81e47c7910a7097efab544e P 0e2d29c89c754e8ea12ed6730aa4c85d [CANDIDATE]: Term 1 election: Election decided. Result: candidate won. Election summary: received 2 responses out of 3 voters: 2 yes votes; 0 no votes. yes voters: 0e2d29c89c754e8ea12ed6730aa4c85d, 25bfcaafb29b4431b9ac0f78f5dec9cc; no voters:
I0720 00:42:29.068226 270 catalog_manager.cc:4067] T 8668997e728c430da205e7d36533f74a P 4deaf10768b24896bcd716f79c982b0c reported cstate change: term changed from 0 to 1, leader changed from to 4deaf10768b24896bcd716f79c982b0c (127.0.58.130). New cstate: current_term: 1 leader_uuid: "4deaf10768b24896bcd716f79c982b0c" committed_config { opid_index: -1 OBSOLETE_local: false peers { permanent_uuid: "0e2d29c89c754e8ea12ed6730aa4c85d" member_type: VOTER last_known_addr { host: "127.0.58.129" port: 34255 } } peers { permanent_uuid: "4deaf10768b24896bcd716f79c982b0c" member_type: VOTER last_known_addr { host: "127.0.58.130" port: 38913 } } peers { permanent_uuid: "25bfcaafb29b4431b9ac0f78f5dec9cc" member_type: VOTER last_known_addr { host: "127.0.58.131" port: 34777 } } }
I0720 00:42:29.068696 744 raft_consensus.cc:2644] T ea63d074a81e47c7910a7097efab544e P 0e2d29c89c754e8ea12ed6730aa4c85d [term 1 FOLLOWER]: Leader election won for term 1
I0720 00:42:29.068810 744 raft_consensus.cc:667] T ea63d074a81e47c7910a7097efab544e P 0e2d29c89c754e8ea12ed6730aa4c85d [term 1 LEADER]: Becoming Leader. State: Replica: 0e2d29c89c754e8ea12ed6730aa4c85d, State: Running, Role: LEADER
I0720 00:42:29.069196 744 consensus_queue.cc:206] T ea63d074a81e47c7910a7097efab544e P 0e2d29c89c754e8ea12ed6730aa4c85d [LEADER]: Queue going to LEADER mode. State: All replicated index: 0, Majority replicated index: 0, Committed index: 0, Last appended: 0.0, Last appended by leader: 0, Current term: 1, Majority size: 2, State: 0, Mode: LEADER, active raft config: opid_index: -1 OBSOLETE_local: false peers { permanent_uuid: "0e2d29c89c754e8ea12ed6730aa4c85d" member_type: VOTER last_known_addr { host: "127.0.58.129" port: 34255 } } peers { permanent_uuid: "4deaf10768b24896bcd716f79c982b0c" member_type: VOTER last_known_addr { host: "127.0.58.130" port: 38913 } } peers { permanent_uuid: "25bfcaafb29b4431b9ac0f78f5dec9cc" member_type: VOTER last_known_addr { host: "127.0.58.131" port: 34777 } }
I0720 00:42:29.072125 270 catalog_manager.cc:4067] T ea63d074a81e47c7910a7097efab544e P 0e2d29c89c754e8ea12ed6730aa4c85d reported cstate change: term changed from 0 to 1, leader changed from to 0e2d29c89c754e8ea12ed6730aa4c85d (127.0.58.129). New cstate: current_term: 1 leader_uuid: "0e2d29c89c754e8ea12ed6730aa4c85d" committed_config { opid_index: -1 OBSOLETE_local: false peers { permanent_uuid: "0e2d29c89c754e8ea12ed6730aa4c85d" member_type: VOTER last_known_addr { host: "127.0.58.129" port: 34255 } } peers { permanent_uuid: "4deaf10768b24896bcd716f79c982b0c" member_type: VOTER last_known_addr { host: "127.0.58.130" port: 38913 } } peers { permanent_uuid: "25bfcaafb29b4431b9ac0f78f5dec9cc" member_type: VOTER last_known_addr { host: "127.0.58.131" port: 34777 } } }
W0720 00:42:29.167443 438 tablet.cc:1799] T 34dd0711864545e1beb62517f20f557e P 0e2d29c89c754e8ea12ed6730aa4c85d: Can't schedule compaction. Clean time has not been advanced past its initial value.
W0720 00:42:29.178328 565 tablet.cc:1799] T 34dd0711864545e1beb62517f20f557e P 4deaf10768b24896bcd716f79c982b0c: Can't schedule compaction. Clean time has not been advanced past its initial value.
I0720 00:42:29.280678 744 raft_consensus.cc:472] T 34dd0711864545e1beb62517f20f557e P 0e2d29c89c754e8ea12ed6730aa4c85d [term 0 FOLLOWER]: Starting pre-election (no leader contacted us within the election timeout)
I0720 00:42:29.280867 744 raft_consensus.cc:494] T 34dd0711864545e1beb62517f20f557e P 0e2d29c89c754e8ea12ed6730aa4c85d [term 0 FOLLOWER]: Starting pre-election with config: opid_index: -1 OBSOLETE_local: false peers { permanent_uuid: "4deaf10768b24896bcd716f79c982b0c" member_type: VOTER last_known_addr { host: "127.0.58.130" port: 38913 } } peers { permanent_uuid: "0e2d29c89c754e8ea12ed6730aa4c85d" member_type: VOTER last_known_addr { host: "127.0.58.129" port: 34255 } } peers { permanent_uuid: "25bfcaafb29b4431b9ac0f78f5dec9cc" member_type: VOTER last_known_addr { host: "127.0.58.131" port: 34777 } }
I0720 00:42:29.281461 744 leader_election.cc:296] T 34dd0711864545e1beb62517f20f557e P 0e2d29c89c754e8ea12ed6730aa4c85d [CANDIDATE]: Term 1 pre-election: Requested pre-vote from peers 4deaf10768b24896bcd716f79c982b0c (127.0.58.130:38913), 25bfcaafb29b4431b9ac0f78f5dec9cc (127.0.58.131:34777)
I0720 00:42:29.282150 521 tablet_service.cc:1295] Received RequestConsensusVote() RPC: tablet_id: "34dd0711864545e1beb62517f20f557e" candidate_uuid: "0e2d29c89c754e8ea12ed6730aa4c85d" candidate_term: 1 candidate_status { last_received { term: 0 index: 0 } } ignore_live_leader: false dest_uuid: "4deaf10768b24896bcd716f79c982b0c" is_pre_election: true
I0720 00:42:29.282145 645 tablet_service.cc:1295] Received RequestConsensusVote() RPC: tablet_id: "34dd0711864545e1beb62517f20f557e" candidate_uuid: "0e2d29c89c754e8ea12ed6730aa4c85d" candidate_term: 1 candidate_status { last_received { term: 0 index: 0 } } ignore_live_leader: false dest_uuid: "25bfcaafb29b4431b9ac0f78f5dec9cc" is_pre_election: true
I0720 00:42:29.282333 521 raft_consensus.cc:2350] T 34dd0711864545e1beb62517f20f557e P 4deaf10768b24896bcd716f79c982b0c [term 0 FOLLOWER]: Leader pre-election vote request: Granting yes vote for candidate 0e2d29c89c754e8ea12ed6730aa4c85d in term 0.
I0720 00:42:29.282352 645 raft_consensus.cc:2350] T 34dd0711864545e1beb62517f20f557e P 25bfcaafb29b4431b9ac0f78f5dec9cc [term 0 FOLLOWER]: Leader pre-election vote request: Granting yes vote for candidate 0e2d29c89c754e8ea12ed6730aa4c85d in term 0.
I0720 00:42:29.282728 327 leader_election.cc:310] T 34dd0711864545e1beb62517f20f557e P 0e2d29c89c754e8ea12ed6730aa4c85d [CANDIDATE]: Term 1 pre-election: Election decided. Result: candidate won. Election summary: received 2 responses out of 3 voters: 2 yes votes; 0 no votes. yes voters: 0e2d29c89c754e8ea12ed6730aa4c85d, 4deaf10768b24896bcd716f79c982b0c; no voters:
I0720 00:42:29.283010 744 raft_consensus.cc:2644] T 34dd0711864545e1beb62517f20f557e P 0e2d29c89c754e8ea12ed6730aa4c85d [term 0 FOLLOWER]: Leader pre-election won for term 1
I0720 00:42:29.283062 744 raft_consensus.cc:472] T 34dd0711864545e1beb62517f20f557e P 0e2d29c89c754e8ea12ed6730aa4c85d [term 0 FOLLOWER]: Starting leader election (no leader contacted us within the election timeout)
I0720 00:42:29.283114 744 raft_consensus.cc:2890] T 34dd0711864545e1beb62517f20f557e P 0e2d29c89c754e8ea12ed6730aa4c85d [term 0 FOLLOWER]: Advancing to term 1
I0720 00:42:29.285459 744 raft_consensus.cc:494] T 34dd0711864545e1beb62517f20f557e P 0e2d29c89c754e8ea12ed6730aa4c85d [term 1 FOLLOWER]: Starting leader election with config: opid_index: -1 OBSOLETE_local: false peers { permanent_uuid: "4deaf10768b24896bcd716f79c982b0c" member_type: VOTER last_known_addr { host: "127.0.58.130" port: 38913 } } peers { permanent_uuid: "0e2d29c89c754e8ea12ed6730aa4c85d" member_type: VOTER last_known_addr { host: "127.0.58.129" port: 34255 } } peers { permanent_uuid: "25bfcaafb29b4431b9ac0f78f5dec9cc" member_type: VOTER last_known_addr { host: "127.0.58.131" port: 34777 } }
I0720 00:42:29.285979 744 leader_election.cc:296] T 34dd0711864545e1beb62517f20f557e P 0e2d29c89c754e8ea12ed6730aa4c85d [CANDIDATE]: Term 1 election: Requested vote from peers 4deaf10768b24896bcd716f79c982b0c (127.0.58.130:38913), 25bfcaafb29b4431b9ac0f78f5dec9cc (127.0.58.131:34777)
I0720 00:42:29.286447 645 tablet_service.cc:1295] Received RequestConsensusVote() RPC: tablet_id: "34dd0711864545e1beb62517f20f557e" candidate_uuid: "0e2d29c89c754e8ea12ed6730aa4c85d" candidate_term: 1 candidate_status { last_received { term: 0 index: 0 } } ignore_live_leader: false dest_uuid: "25bfcaafb29b4431b9ac0f78f5dec9cc"
I0720 00:42:29.286447 521 tablet_service.cc:1295] Received RequestConsensusVote() RPC: tablet_id: "34dd0711864545e1beb62517f20f557e" candidate_uuid: "0e2d29c89c754e8ea12ed6730aa4c85d" candidate_term: 1 candidate_status { last_received { term: 0 index: 0 } } ignore_live_leader: false dest_uuid: "4deaf10768b24896bcd716f79c982b0c"
I0720 00:42:29.286605 521 raft_consensus.cc:2890] T 34dd0711864545e1beb62517f20f557e P 4deaf10768b24896bcd716f79c982b0c [term 0 FOLLOWER]: Advancing to term 1
I0720 00:42:29.286607 645 raft_consensus.cc:2890] T 34dd0711864545e1beb62517f20f557e P 25bfcaafb29b4431b9ac0f78f5dec9cc [term 0 FOLLOWER]: Advancing to term 1
I0720 00:42:29.288630 645 raft_consensus.cc:2350] T 34dd0711864545e1beb62517f20f557e P 25bfcaafb29b4431b9ac0f78f5dec9cc [term 1 FOLLOWER]: Leader election vote request: Granting yes vote for candidate 0e2d29c89c754e8ea12ed6730aa4c85d in term 1.
I0720 00:42:29.288630 521 raft_consensus.cc:2350] T 34dd0711864545e1beb62517f20f557e P 4deaf10768b24896bcd716f79c982b0c [term 1 FOLLOWER]: Leader election vote request: Granting yes vote for candidate 0e2d29c89c754e8ea12ed6730aa4c85d in term 1.
I0720 00:42:29.288998 325 leader_election.cc:310] T 34dd0711864545e1beb62517f20f557e P 0e2d29c89c754e8ea12ed6730aa4c85d [CANDIDATE]: Term 1 election: Election decided. Result: candidate won. Election summary: received 2 responses out of 3 voters: 2 yes votes; 0 no votes. yes voters: 0e2d29c89c754e8ea12ed6730aa4c85d, 25bfcaafb29b4431b9ac0f78f5dec9cc; no voters:
I0720 00:42:29.289279 744 raft_consensus.cc:2644] T 34dd0711864545e1beb62517f20f557e P 0e2d29c89c754e8ea12ed6730aa4c85d [term 1 FOLLOWER]: Leader election won for term 1
I0720 00:42:29.289404 744 raft_consensus.cc:667] T 34dd0711864545e1beb62517f20f557e P 0e2d29c89c754e8ea12ed6730aa4c85d [term 1 LEADER]: Becoming Leader. State: Replica: 0e2d29c89c754e8ea12ed6730aa4c85d, State: Running, Role: LEADER
I0720 00:42:29.289604 744 consensus_queue.cc:206] T 34dd0711864545e1beb62517f20f557e P 0e2d29c89c754e8ea12ed6730aa4c85d [LEADER]: Queue going to LEADER mode. State: All replicated index: 0, Majority replicated index: 0, Committed index: 0, Last appended: 0.0, Last appended by leader: 0, Current term: 1, Majority size: 2, State: 0, Mode: LEADER, active raft config: opid_index: -1 OBSOLETE_local: false peers { permanent_uuid: "4deaf10768b24896bcd716f79c982b0c" member_type: VOTER last_known_addr { host: "127.0.58.130" port: 38913 } } peers { permanent_uuid: "0e2d29c89c754e8ea12ed6730aa4c85d" member_type: VOTER last_known_addr { host: "127.0.58.129" port: 34255 } } peers { permanent_uuid: "25bfcaafb29b4431b9ac0f78f5dec9cc" member_type: VOTER last_known_addr { host: "127.0.58.131" port: 34777 } }
I0720 00:42:29.291800 270 catalog_manager.cc:4067] T 34dd0711864545e1beb62517f20f557e P 0e2d29c89c754e8ea12ed6730aa4c85d reported cstate change: term changed from 0 to 1, leader changed from to 0e2d29c89c754e8ea12ed6730aa4c85d (127.0.58.129). New cstate: current_term: 1 leader_uuid: "0e2d29c89c754e8ea12ed6730aa4c85d" committed_config { opid_index: -1 OBSOLETE_local: false peers { permanent_uuid: "4deaf10768b24896bcd716f79c982b0c" member_type: VOTER last_known_addr { host: "127.0.58.130" port: 38913 } } peers { permanent_uuid: "0e2d29c89c754e8ea12ed6730aa4c85d" member_type: VOTER last_known_addr { host: "127.0.58.129" port: 34255 } } peers { permanent_uuid: "25bfcaafb29b4431b9ac0f78f5dec9cc" member_type: VOTER last_known_addr { host: "127.0.58.131" port: 34777 } } }
I0720 00:42:29.386929 234 external_mini_cluster.cc:1177] Attempting to check leaks for /tmp/dist-test-taskAY5sm0/build/asan/bin/kudu-tserver pid 304
I0720 00:42:29.387575 434 generic_service.cc:171] Checking for leaks (request via RPC)
I0720 00:42:29.445452 234 external_mini_cluster.cc:1136] Killing /tmp/dist-test-taskAY5sm0/build/asan/bin/kudu-tserver with pid 304
W0720 00:42:29.456432 580 connection.cc:655] client connection to 127.0.58.129:34255 recv error: Network error: recv error from 0.0.0.0:0: Transport endpoint is not connected (error 107)
W0720 00:42:29.456605 580 consensus_peers.cc:458] T 7cab46396b7e471f89b67a9bee891c6a P 25bfcaafb29b4431b9ac0f78f5dec9cc -> Peer 0e2d29c89c754e8ea12ed6730aa4c85d (127.0.58.129:34255): Couldn't send request to peer 0e2d29c89c754e8ea12ed6730aa4c85d. Status: Network error: recv error from 0.0.0.0:0: Transport endpoint is not connected (error 107). This is attempt 1: this message will repeat every 5th retry.
I0720 00:42:29.457223 234 external_mini_cluster.cc:938] Running /tmp/dist-test-taskAY5sm0/build/asan/bin/kudu-tserver /tmp/dist-test-taskAY5sm0/build/asan/bin/kudu-tserver --fs_wal_dir=/tmp/dist-test-taskAY5sm0/test-tmp/disk_failure-itest.0.DiskFailure_DiskFailureITest.TestFailDuringServerStartup_0.1563583347463414-234/minicluster-data/ts-0/wal --fs_data_dirs=/tmp/dist-test-taskAY5sm0/test-tmp/disk_failure-itest.0.DiskFailure_DiskFailureITest.TestFailDuringServerStartup_0.1563583347463414-234/minicluster-data/ts-0/data-0,/tmp/dist-test-taskAY5sm0/test-tmp/disk_failure-itest.0.DiskFailure_DiskFailureITest.TestFailDuringServerStartup_0.1563583347463414-234/minicluster-data/ts-0/data-1,/tmp/dist-test-taskAY5sm0/test-tmp/disk_failure-itest.0.DiskFailure_DiskFailureITest.TestFailDuringServerStartup_0.1563583347463414-234/minicluster-data/ts-0/data-2,/tmp/dist-test-taskAY5sm0/test-tmp/disk_failure-itest.0.DiskFailure_DiskFailureITest.TestFailDuringServerStartup_0.1563583347463414-234/minicluster-data/ts-0/data-3,/tmp/dist-test-taskAY5sm0/test-tmp/disk_failure-itest.0.DiskFailure_DiskFailureITest.TestFailDuringServerStartup_0.1563583347463414-234/minicluster-data/ts-0/data-4 --block_manager=file --rpc_bind_addresses=127.0.58.129:34255 --local_ip_for_outbound_sockets=127.0.58.129 --webserver_port=45131 --webserver_interface=127.0.58.129 --tserver_master_addrs=127.0.58.190:37585 --never_fsync --ipki_server_key_size=1024 --enable_minidumps=false --redact=none --metrics_log_interval_ms=1000 --logtostderr --logbuflevel=-1 --log_dir=/tmp/dist-test-taskAY5sm0/test-tmp/disk_failure-itest.0.DiskFailure_DiskFailureITest.TestFailDuringServerStartup_0.1563583347463414-234/minicluster-data/ts-0/logs --server_dump_info_path=/tmp/dist-test-taskAY5sm0/test-tmp/disk_failure-itest.0.DiskFailure_DiskFailureITest.TestFailDuringServerStartup_0.1563583347463414-234/minicluster-data/ts-0/data-0/info.pb --server_dump_info_format=pb --rpc_server_allow_ephemeral_ports --unlock_experimental_flags --unlock_unsafe_flags --env_inject_eio_globs=/tmp/dist-test-taskAY5sm0/test-tmp/disk_failure-itest.0.DiskFailure_DiskFailureITest.TestFailDuringServerStartup_0.1563583347463414-234/minicluster-data/ts-0/data-1/** --env_inject_eio=1.0 --crash_on_eio=false --raft_prepare_replacement_before_eviction=false with env {}
I0720 00:42:29.504068 753 consensus_queue.cc:984] T 7cab46396b7e471f89b67a9bee891c6a P 25bfcaafb29b4431b9ac0f78f5dec9cc [LEADER]: Connected to new peer: Peer: permanent_uuid: "4deaf10768b24896bcd716f79c982b0c" member_type: VOTER last_known_addr { host: "127.0.58.130" port: 38913 }, Status: LMP_MISMATCH, Last received: 0.0, Next index: 1, Last known committed idx: 0, Time since last communication: 0.000s
I0720 00:42:29.522689 749 consensus_queue.cc:984] T 6da351b3ad134fc78c052d34aafdcbc0 P 4deaf10768b24896bcd716f79c982b0c [LEADER]: Connected to new peer: Peer: permanent_uuid: "25bfcaafb29b4431b9ac0f78f5dec9cc" member_type: VOTER last_known_addr { host: "127.0.58.131" port: 34777 }, Status: LMP_MISMATCH, Last received: 0.0, Next index: 1, Last known committed idx: 0, Time since last communication: 0.000s
