I0720 00:42:28.612512 567 fs_manager.cc:602] Generated new instance metadata in path /tmp/dist-test-taskAY5sm0/test-tmp/disk_failure-itest.0.DiskFailure_DiskFailureITest.TestFailDuringServerStartup_0.1563583347463414-234/minicluster-data/ts-2/data-0/instance: uuid: "25bfcaafb29b4431b9ac0f78f5dec9cc" format_stamp: "Formatted at 2019-07-20 00:42:28 on dist-test-slave-dist-test-slave-lkfw"
I0720 00:42:28.613061 567 fs_manager.cc:602] Generated new instance metadata in path /tmp/dist-test-taskAY5sm0/test-tmp/disk_failure-itest.0.DiskFailure_DiskFailureITest.TestFailDuringServerStartup_0.1563583347463414-234/minicluster-data/ts-2/data-1/instance: uuid: "25bfcaafb29b4431b9ac0f78f5dec9cc" format_stamp: "Formatted at 2019-07-20 00:42:28 on dist-test-slave-dist-test-slave-lkfw"
I0720 00:42:28.613400 567 fs_manager.cc:602] Generated new instance metadata in path /tmp/dist-test-taskAY5sm0/test-tmp/disk_failure-itest.0.DiskFailure_DiskFailureITest.TestFailDuringServerStartup_0.1563583347463414-234/minicluster-data/ts-2/data-2/instance: uuid: "25bfcaafb29b4431b9ac0f78f5dec9cc" format_stamp: "Formatted at 2019-07-20 00:42:28 on dist-test-slave-dist-test-slave-lkfw"
I0720 00:42:28.613711 567 fs_manager.cc:602] Generated new instance metadata in path /tmp/dist-test-taskAY5sm0/test-tmp/disk_failure-itest.0.DiskFailure_DiskFailureITest.TestFailDuringServerStartup_0.1563583347463414-234/minicluster-data/ts-2/data-3/instance: uuid: "25bfcaafb29b4431b9ac0f78f5dec9cc" format_stamp: "Formatted at 2019-07-20 00:42:28 on dist-test-slave-dist-test-slave-lkfw"
I0720 00:42:28.614038 567 fs_manager.cc:602] Generated new instance metadata in path /tmp/dist-test-taskAY5sm0/test-tmp/disk_failure-itest.0.DiskFailure_DiskFailureITest.TestFailDuringServerStartup_0.1563583347463414-234/minicluster-data/ts-2/data-4/instance: uuid: "25bfcaafb29b4431b9ac0f78f5dec9cc" format_stamp: "Formatted at 2019-07-20 00:42:28 on dist-test-slave-dist-test-slave-lkfw"
I0720 00:42:28.614393 567 fs_manager.cc:602] Generated new instance metadata in path /tmp/dist-test-taskAY5sm0/test-tmp/disk_failure-itest.0.DiskFailure_DiskFailureITest.TestFailDuringServerStartup_0.1563583347463414-234/minicluster-data/ts-2/wal/instance: uuid: "25bfcaafb29b4431b9ac0f78f5dec9cc" format_stamp: "Formatted at 2019-07-20 00:42:28 on dist-test-slave-dist-test-slave-lkfw"
I0720 00:42:28.624811 567 fs_manager.cc:503] Time spent creating directory manager: real 0.010s user 0.006s sys 0.002s
I0720 00:42:28.626133 567 env_posix.cc:1676] Not raising this process' open files per process limit of 1048576; it is already as high as it can go
I0720 00:42:28.626610 567 file_cache.cc:465] Constructed file cache fbm with capacity 419430
I0720 00:42:28.627064 567 fs_manager.cc:419] Time spent opening block manager: real 0.000s user 0.000s sys 0.001s
I0720 00:42:28.627125 567 fs_manager.cc:436] Opened local filesystem: /tmp/dist-test-taskAY5sm0/test-tmp/disk_failure-itest.0.DiskFailure_DiskFailureITest.TestFailDuringServerStartup_0.1563583347463414-234/minicluster-data/ts-2/data-0,/tmp/dist-test-taskAY5sm0/test-tmp/disk_failure-itest.0.DiskFailure_DiskFailureITest.TestFailDuringServerStartup_0.1563583347463414-234/minicluster-data/ts-2/data-1,/tmp/dist-test-taskAY5sm0/test-tmp/disk_failure-itest.0.DiskFailure_DiskFailureITest.TestFailDuringServerStartup_0.1563583347463414-234/minicluster-data/ts-2/data-2,/tmp/dist-test-taskAY5sm0/test-tmp/disk_failure-itest.0.DiskFailure_DiskFailureITest.TestFailDuringServerStartup_0.1563583347463414-234/minicluster-data/ts-2/data-3,/tmp/dist-test-taskAY5sm0/test-tmp/disk_failure-itest.0.DiskFailure_DiskFailureITest.TestFailDuringServerStartup_0.1563583347463414-234/minicluster-data/ts-2/data-4,/tmp/dist-test-taskAY5sm0/test-tmp/disk_failure-itest.0.DiskFailure_DiskFailureITest.TestFailDuringServerStartup_0.1563583347463414-234/minicluster-data/ts-2/wal uuid: "25bfcaafb29b4431b9ac0f78f5dec9cc" format_stamp: "Formatted at 2019-07-20 00:42:28 on dist-test-slave-dist-test-slave-lkfw"
I0720 00:42:28.627239 567 fs_report.cc:352] FS layout report -------------------- wal directory: /tmp/dist-test-taskAY5sm0/test-tmp/disk_failure-itest.0.DiskFailure_DiskFailureITest.TestFailDuringServerStartup_0.1563583347463414-234/minicluster-data/ts-2/wal metadata directory: /tmp/dist-test-taskAY5sm0/test-tmp/disk_failure-itest.0.DiskFailure_DiskFailureITest.TestFailDuringServerStartup_0.1563583347463414-234/minicluster-data/ts-2/wal 5 data directories: /tmp/dist-test-taskAY5sm0/test-tmp/disk_failure-itest.0.DiskFailure_DiskFailureITest.TestFailDuringServerStartup_0.1563583347463414-234/minicluster-data/ts-2/data-0/data, /tmp/dist-test-taskAY5sm0/test-tmp/disk_failure-itest.0.DiskFailure_DiskFailureITest.TestFailDuringServerStartup_0.1563583347463414-234/minicluster-data/ts-2/data-1/data, /tmp/dist-test-taskAY5sm0/test-tmp/disk_failure-itest.0.DiskFailure_DiskFailureITest.TestFailDuringServerStartup_0.1563583347463414-234/minicluster-data/ts-2/data-2/data, /tmp/dist-test-taskAY5sm0/test-tmp/disk_failure-itest.0.DiskFailure_DiskFailureITest.TestFailDuringServerStartup_0.1563583347463414-234/minicluster-data/ts-2/data-3/data, /tmp/dist-test-taskAY5sm0/test-tmp/disk_failure-itest.0.DiskFailure_DiskFailureITest.TestFailDuringServerStartup_0.1563583347463414-234/minicluster-data/ts-2/data-4/data Total live blocks: 0 Total live bytes: 0 Total live bytes (after alignment): 0 Total number of LBM containers: 0 (0 full) Did not check for missing blocks Did not check for orphaned blocks Did not check for full LBM containers with extra space Did not check for incomplete LBM containers Did not check for malformed LBM records Did not check for misaligned LBM blocks Did not check for partial LBM records
I0720 00:42:28.663393 567 env_posix.cc:1676] Not raising this process' running threads per effective uid limit of 18446744073709551615; it is already as high as it can go
I0720 00:42:28.664908 567 ts_tablet_manager.cc:357] Loaded tablet metadata (0 total tablets, 0 live tablets)
I0720 00:42:28.664973 567 ts_tablet_manager.cc:377] Registered 0 tablets
I0720 00:42:28.691555 567 rpc_server.cc:205] RPC server started. Bound to: 127.0.58.131:34777
I0720 00:42:28.692550 567 webserver.cc:374] Webserver started at http://127.0.58.131:42101/ using document root and password file
I0720 00:42:28.693166 567 server_base.cc:629] Dumped server information to /tmp/dist-test-taskAY5sm0/test-tmp/disk_failure-itest.0.DiskFailure_DiskFailureITest.TestFailDuringServerStartup_0.1563583347463414-234/minicluster-data/ts-2/data-0/info.pb
I0720 00:42:28.697638 234 external_mini_cluster.cc:1000] Started /tmp/dist-test-taskAY5sm0/build/asan/bin/kudu-tserver as pid 567
I0720 00:42:28.708068 690 heartbeater.cc:324] Connected to a master server at 127.0.58.190:37585
I0720 00:42:28.708253 690 heartbeater.cc:405] Registering TS with master...
I0720 00:42:28.708662 690 heartbeater.cc:454] Master 127.0.58.190:37585 requested a full tablet report, sending...
I0720 00:42:28.709669 270 ts_manager.cc:161] Registered new tserver with Master: 25bfcaafb29b4431b9ac0f78f5dec9cc (127.0.58.131:34777)
I0720 00:42:28.711449 270 master_service.cc:277] Signed X509 certificate for tserver {username='slave'} at 127.0.58.131:49125
I0720 00:42:28.716976 234 external_mini_cluster.cc:628] 3 TS(s) registered with all masters
I0720 00:42:28.731972 234 test_util.cc:212] Using random seed: 504623145
I0720 00:42:28.750273 270 catalog_manager.cc:1418] Servicing CreateTable request from {username='slave'} at 127.0.0.1:41458: name: "test-workload" schema { columns { name: "key" type: INT32 is_key: true is_nullable: false encoding: AUTO_ENCODING compression: DEFAULT_COMPRESSION cfile_block_size: 0 } columns { name: "int_val" type: INT32 is_key: false is_nullable: false encoding: AUTO_ENCODING compression: DEFAULT_COMPRESSION cfile_block_size: 0 } columns { name: "string_val" type: STRING is_key: false is_nullable: true encoding: AUTO_ENCODING compression: DEFAULT_COMPRESSION cfile_block_size: 0 } } num_replicas: 3 split_rows_range_bounds { rows: "\004\001\000\231\231\231\031\004\001\0002333\004\001\000\313\314\314L\004\001\000dfff" } partition_schema { range_schema { columns { name: "key" } } }
I0720 00:42:28.785899 372 tablet_service.cc:1022] Processing CreateTablet for tablet 34dd0711864545e1beb62517f20f557e (table=test-workload [id=e0395db4648044fc9c454c18dec46a8e]), partition=RANGE (key) PARTITION 858993458 <= VALUES < 1288490187
I0720 00:42:28.785581 370 tablet_service.cc:1022] Processing CreateTablet for tablet 6da351b3ad134fc78c052d34aafdcbc0 (table=test-workload [id=e0395db4648044fc9c454c18dec46a8e]), partition=RANGE (key) PARTITION VALUES >= 1717986916
I0720 00:42:28.785295 373 tablet_service.cc:1022] Processing CreateTablet for tablet ea63d074a81e47c7910a7097efab544e (table=test-workload [id=e0395db4648044fc9c454c18dec46a8e]), partition=RANGE (key) PARTITION 429496729 <= VALUES < 858993458
I0720 00:42:28.785755 371 tablet_service.cc:1022] Processing CreateTablet for tablet 8668997e728c430da205e7d36533f74a (table=test-workload [id=e0395db4648044fc9c454c18dec46a8e]), partition=RANGE (key) PARTITION 1288490187 <= VALUES < 1717986916
I0720 00:42:28.788430 627 tablet_service.cc:1022] Processing CreateTablet for tablet 7cab46396b7e471f89b67a9bee891c6a (table=test-workload [id=e0395db4648044fc9c454c18dec46a8e]), partition=RANGE (key) PARTITION VALUES < 429496729
I0720 00:42:28.789369 374 tablet_service.cc:1022] Processing CreateTablet for tablet 7cab46396b7e471f89b67a9bee891c6a (table=test-workload [id=e0395db4648044fc9c454c18dec46a8e]), partition=RANGE (key) PARTITION VALUES < 429496729
I0720 00:42:28.790501 626 tablet_service.cc:1022] Processing CreateTablet for tablet ea63d074a81e47c7910a7097efab544e (table=test-workload [id=e0395db4648044fc9c454c18dec46a8e]), partition=RANGE (key) PARTITION 429496729 <= VALUES < 858993458
I0720 00:42:28.794448 625 tablet_service.cc:1022] Processing CreateTablet for tablet 34dd0711864545e1beb62517f20f557e (table=test-workload [id=e0395db4648044fc9c454c18dec46a8e]), partition=RANGE (key) PARTITION 858993458 <= VALUES < 1288490187
I0720 00:42:28.795454 624 tablet_service.cc:1022] Processing CreateTablet for tablet 8668997e728c430da205e7d36533f74a (table=test-workload [id=e0395db4648044fc9c454c18dec46a8e]), partition=RANGE (key) PARTITION 1288490187 <= VALUES < 1717986916
I0720 00:42:28.796439 623 tablet_service.cc:1022] Processing CreateTablet for tablet 6da351b3ad134fc78c052d34aafdcbc0 (table=test-workload [id=e0395db4648044fc9c454c18dec46a8e]), partition=RANGE (key) PARTITION VALUES >= 1717986916
I0720 00:42:28.796945 501 tablet_service.cc:1022] Processing CreateTablet for tablet 7cab46396b7e471f89b67a9bee891c6a (table=test-workload [id=e0395db4648044fc9c454c18dec46a8e]), partition=RANGE (key) PARTITION VALUES < 429496729
I0720 00:42:28.802675 500 tablet_service.cc:1022] Processing CreateTablet for tablet ea63d074a81e47c7910a7097efab544e (table=test-workload [id=e0395db4648044fc9c454c18dec46a8e]), partition=RANGE (key) PARTITION 429496729 <= VALUES < 858993458
I0720 00:42:28.805269 499 tablet_service.cc:1022] Processing CreateTablet for tablet 34dd0711864545e1beb62517f20f557e (table=test-workload [id=e0395db4648044fc9c454c18dec46a8e]), partition=RANGE (key) PARTITION 858993458 <= VALUES < 1288490187
I0720 00:42:28.806308 497 tablet_service.cc:1022] Processing CreateTablet for tablet 6da351b3ad134fc78c052d34aafdcbc0 (table=test-workload [id=e0395db4648044fc9c454c18dec46a8e]), partition=RANGE (key) PARTITION VALUES >= 1717986916
I0720 00:42:28.807379 498 tablet_service.cc:1022] Processing CreateTablet for tablet 8668997e728c430da205e7d36533f74a (table=test-workload [id=e0395db4648044fc9c454c18dec46a8e]), partition=RANGE (key) PARTITION 1288490187 <= VALUES < 1717986916
I0720 00:42:28.827860 716 tablet_bootstrap.cc:439] T 8668997e728c430da205e7d36533f74a P 0e2d29c89c754e8ea12ed6730aa4c85d: Bootstrap starting.
I0720 00:42:28.828202 717 tablet_bootstrap.cc:439] T 34dd0711864545e1beb62517f20f557e P 0e2d29c89c754e8ea12ed6730aa4c85d: Bootstrap starting.
I0720 00:42:28.828675 714 tablet_bootstrap.cc:439] T 7cab46396b7e471f89b67a9bee891c6a P 0e2d29c89c754e8ea12ed6730aa4c85d: Bootstrap starting.
I0720 00:42:28.829684 718 tablet_bootstrap.cc:439] T 8668997e728c430da205e7d36533f74a P 4deaf10768b24896bcd716f79c982b0c: Bootstrap starting.
I0720 00:42:28.830044 715 tablet_bootstrap.cc:439] T 6da351b3ad134fc78c052d34aafdcbc0 P 0e2d29c89c754e8ea12ed6730aa4c85d: Bootstrap starting.
I0720 00:42:28.835461 714 tablet_bootstrap.cc:590] T 7cab46396b7e471f89b67a9bee891c6a P 0e2d29c89c754e8ea12ed6730aa4c85d: No blocks or log segments found. Creating new log.
I0720 00:42:28.836927 716 tablet_bootstrap.cc:590] T 8668997e728c430da205e7d36533f74a P 0e2d29c89c754e8ea12ed6730aa4c85d: No blocks or log segments found. Creating new log.
I0720 00:42:28.839531 715 tablet_bootstrap.cc:590] T 6da351b3ad134fc78c052d34aafdcbc0 P 0e2d29c89c754e8ea12ed6730aa4c85d: No blocks or log segments found. Creating new log.
I0720 00:42:28.840284 722 tablet_bootstrap.cc:439] T 34dd0711864545e1beb62517f20f557e P 4deaf10768b24896bcd716f79c982b0c: Bootstrap starting.
I0720 00:42:28.840749 721 tablet_bootstrap.cc:439] T ea63d074a81e47c7910a7097efab544e P 0e2d29c89c754e8ea12ed6730aa4c85d: Bootstrap starting.
I0720 00:42:28.841804 723 tablet_bootstrap.cc:439] T ea63d074a81e47c7910a7097efab544e P 4deaf10768b24896bcd716f79c982b0c: Bootstrap starting.
I0720 00:42:28.842720 715 log.cc:525] T 6da351b3ad134fc78c052d34aafdcbc0 P 0e2d29c89c754e8ea12ed6730aa4c85d: Log is configured to *not* fsync() on all Append() calls
I0720 00:42:28.843056 719 tablet_bootstrap.cc:439] T 7cab46396b7e471f89b67a9bee891c6a P 4deaf10768b24896bcd716f79c982b0c: Bootstrap starting.
I0720 00:42:28.845160 720 tablet_bootstrap.cc:439] T 6da351b3ad134fc78c052d34aafdcbc0 P 4deaf10768b24896bcd716f79c982b0c: Bootstrap starting.
I0720 00:42:28.845165 717 tablet_bootstrap.cc:590] T 34dd0711864545e1beb62517f20f557e P 0e2d29c89c754e8ea12ed6730aa4c85d: No blocks or log segments found. Creating new log.
I0720 00:42:28.847393 718 tablet_bootstrap.cc:590] T 8668997e728c430da205e7d36533f74a P 4deaf10768b24896bcd716f79c982b0c: No blocks or log segments found. Creating new log.
I0720 00:42:28.847484 721 tablet_bootstrap.cc:590] T ea63d074a81e47c7910a7097efab544e P 0e2d29c89c754e8ea12ed6730aa4c85d: No blocks or log segments found. Creating new log.
I0720 00:42:28.850509 723 tablet_bootstrap.cc:590] T ea63d074a81e47c7910a7097efab544e P 4deaf10768b24896bcd716f79c982b0c: No blocks or log segments found. Creating new log.
I0720 00:42:28.851302 715 tablet_bootstrap.cc:439] T 6da351b3ad134fc78c052d34aafdcbc0 P 0e2d29c89c754e8ea12ed6730aa4c85d: No bootstrap required, opened a new log
I0720 00:42:28.851524 722 tablet_bootstrap.cc:590] T 34dd0711864545e1beb62517f20f557e P 4deaf10768b24896bcd716f79c982b0c: No blocks or log segments found. Creating new log.
I0720 00:42:28.851616 718 log.cc:525] T 8668997e728c430da205e7d36533f74a P 4deaf10768b24896bcd716f79c982b0c: Log is configured to *not* fsync() on all Append() calls
I0720 00:42:28.852149 715 ts_tablet_manager.cc:1059] T 6da351b3ad134fc78c052d34aafdcbc0 P 0e2d29c89c754e8ea12ed6730aa4c85d: Time spent bootstrapping tablet: real 0.022s user 0.004s sys 0.005s
I0720 00:42:28.853610 719 tablet_bootstrap.cc:590] T 7cab46396b7e471f89b67a9bee891c6a P 4deaf10768b24896bcd716f79c982b0c: No blocks or log segments found. Creating new log.
I0720 00:42:28.854354 720 tablet_bootstrap.cc:590] T 6da351b3ad134fc78c052d34aafdcbc0 P 4deaf10768b24896bcd716f79c982b0c: No blocks or log segments found. Creating new log.
I0720 00:42:28.854467 716 tablet_bootstrap.cc:439] T 8668997e728c430da205e7d36533f74a P 0e2d29c89c754e8ea12ed6730aa4c85d: No bootstrap required, opened a new log
I0720 00:42:28.855888 716 ts_tablet_manager.cc:1059] T 8668997e728c430da205e7d36533f74a P 0e2d29c89c754e8ea12ed6730aa4c85d: Time spent bootstrapping tablet: real 0.027s user 0.002s sys 0.003s
I0720 00:42:28.858673 714 tablet_bootstrap.cc:439] T 7cab46396b7e471f89b67a9bee891c6a P 0e2d29c89c754e8ea12ed6730aa4c85d: No bootstrap required, opened a new log
I0720 00:42:28.858806 714 ts_tablet_manager.cc:1059] T 7cab46396b7e471f89b67a9bee891c6a P 0e2d29c89c754e8ea12ed6730aa4c85d: Time spent bootstrapping tablet: real 0.030s user 0.007s sys 0.000s
I0720 00:42:28.859329 727 tablet_bootstrap.cc:439] T 8668997e728c430da205e7d36533f74a P 25bfcaafb29b4431b9ac0f78f5dec9cc: Bootstrap starting.
I0720 00:42:28.861402 730 tablet_bootstrap.cc:439] T ea63d074a81e47c7910a7097efab544e P 25bfcaafb29b4431b9ac0f78f5dec9cc: Bootstrap starting.
I0720 00:42:28.863165 717 tablet_bootstrap.cc:439] T 34dd0711864545e1beb62517f20f557e P 0e2d29c89c754e8ea12ed6730aa4c85d: No bootstrap required, opened a new log
I0720 00:42:28.863282 717 ts_tablet_manager.cc:1059] T 34dd0711864545e1beb62517f20f557e P 0e2d29c89c754e8ea12ed6730aa4c85d: Time spent bootstrapping tablet: real 0.036s user 0.005s sys 0.005s
I0720 00:42:28.869271 718 tablet_bootstrap.cc:439] T 8668997e728c430da205e7d36533f74a P 4deaf10768b24896bcd716f79c982b0c: No bootstrap required, opened a new log
I0720 00:42:28.869659 718 ts_tablet_manager.cc:1059] T 8668997e728c430da205e7d36533f74a P 4deaf10768b24896bcd716f79c982b0c: Time spent bootstrapping tablet: real 0.040s user 0.007s sys 0.002s
I0720 00:42:28.871022 729 tablet_bootstrap.cc:439] T 6da351b3ad134fc78c052d34aafdcbc0 P 25bfcaafb29b4431b9ac0f78f5dec9cc: Bootstrap starting.
I0720 00:42:28.873028 721 tablet_bootstrap.cc:439] T ea63d074a81e47c7910a7097efab544e P 0e2d29c89c754e8ea12ed6730aa4c85d: No bootstrap required, opened a new log
I0720 00:42:28.873149 721 ts_tablet_manager.cc:1059] T ea63d074a81e47c7910a7097efab544e P 0e2d29c89c754e8ea12ed6730aa4c85d: Time spent bootstrapping tablet: real 0.033s user 0.004s sys 0.000s
I0720 00:42:28.874230 737 tablet_bootstrap.cc:439] T 34dd0711864545e1beb62517f20f557e P 25bfcaafb29b4431b9ac0f78f5dec9cc: Bootstrap starting.
I0720 00:42:28.874429 734 tablet_bootstrap.cc:439] T 7cab46396b7e471f89b67a9bee891c6a P 25bfcaafb29b4431b9ac0f78f5dec9cc: Bootstrap starting.
I0720 00:42:28.874554 722 tablet_bootstrap.cc:439] T 34dd0711864545e1beb62517f20f557e P 4deaf10768b24896bcd716f79c982b0c: No bootstrap required, opened a new log
I0720 00:42:28.875059 719 tablet_bootstrap.cc:439] T 7cab46396b7e471f89b67a9bee891c6a P 4deaf10768b24896bcd716f79c982b0c: No bootstrap required, opened a new log
I0720 00:42:28.875907 719 ts_tablet_manager.cc:1059] T 7cab46396b7e471f89b67a9bee891c6a P 4deaf10768b24896bcd716f79c982b0c: Time spent bootstrapping tablet: real 0.033s user 0.005s sys 0.000s
I0720 00:42:28.875905 723 tablet_bootstrap.cc:439] T ea63d074a81e47c7910a7097efab544e P 4deaf10768b24896bcd716f79c982b0c: No bootstrap required, opened a new log
I0720 00:42:28.876097 722 ts_tablet_manager.cc:1059] T 34dd0711864545e1beb62517f20f557e P 4deaf10768b24896bcd716f79c982b0c: Time spent bootstrapping tablet: real 0.035s user 0.005s sys 0.001s
I0720 00:42:28.876960 723 ts_tablet_manager.cc:1059] T ea63d074a81e47c7910a7097efab544e P 4deaf10768b24896bcd716f79c982b0c: Time spent bootstrapping tablet: real 0.034s user 0.004s sys 0.000s
I0720 00:42:28.877075 720 tablet_bootstrap.cc:439] T 6da351b3ad134fc78c052d34aafdcbc0 P 4deaf10768b24896bcd716f79c982b0c: No bootstrap required, opened a new log
I0720 00:42:28.877295 720 ts_tablet_manager.cc:1059] T 6da351b3ad134fc78c052d34aafdcbc0 P 4deaf10768b24896bcd716f79c982b0c: Time spent bootstrapping tablet: real 0.034s user 0.004s sys 0.004s
I0720 00:42:28.879299 730 tablet_bootstrap.cc:590] T ea63d074a81e47c7910a7097efab544e P 25bfcaafb29b4431b9ac0f78f5dec9cc: No blocks or log segments found. Creating new log.
I0720 00:42:28.879781 729 tablet_bootstrap.cc:590] T 6da351b3ad134fc78c052d34aafdcbc0 P 25bfcaafb29b4431b9ac0f78f5dec9cc: No blocks or log segments found. Creating new log.
I0720 00:42:28.880281 727 tablet_bootstrap.cc:590] T 8668997e728c430da205e7d36533f74a P 25bfcaafb29b4431b9ac0f78f5dec9cc: No blocks or log segments found. Creating new log.
I0720 00:42:28.881559 730 log.cc:525] T ea63d074a81e47c7910a7097efab544e P 25bfcaafb29b4431b9ac0f78f5dec9cc: Log is configured to *not* fsync() on all Append() calls
I0720 00:42:28.882200 737 tablet_bootstrap.cc:590] T 34dd0711864545e1beb62517f20f557e P 25bfcaafb29b4431b9ac0f78f5dec9cc: No blocks or log segments found. Creating new log.
I0720 00:42:28.883280 734 tablet_bootstrap.cc:590] T 7cab46396b7e471f89b67a9bee891c6a P 25bfcaafb29b4431b9ac0f78f5dec9cc: No blocks or log segments found. Creating new log.
I0720 00:42:28.891350 729 tablet_bootstrap.cc:439] T 6da351b3ad134fc78c052d34aafdcbc0 P 25bfcaafb29b4431b9ac0f78f5dec9cc: No bootstrap required, opened a new log
I0720 00:42:28.891655 729 ts_tablet_manager.cc:1059] T 6da351b3ad134fc78c052d34aafdcbc0 P 25bfcaafb29b4431b9ac0f78f5dec9cc: Time spent bootstrapping tablet: real 0.021s user 0.004s sys 0.000s
I0720 00:42:28.893626 730 tablet_bootstrap.cc:439] T ea63d074a81e47c7910a7097efab544e P 25bfcaafb29b4431b9ac0f78f5dec9cc: No bootstrap required, opened a new log
I0720 00:42:28.896806 730 ts_tablet_manager.cc:1059] T ea63d074a81e47c7910a7097efab544e P 25bfcaafb29b4431b9ac0f78f5dec9cc: Time spent bootstrapping tablet: real 0.034s user 0.000s sys 0.010s
I0720 00:42:28.897742 737 tablet_bootstrap.cc:439] T 34dd0711864545e1beb62517f20f557e P 25bfcaafb29b4431b9ac0f78f5dec9cc: No bootstrap required, opened a new log
I0720 00:42:28.897902 737 ts_tablet_manager.cc:1059] T 34dd0711864545e1beb62517f20f557e P 25bfcaafb29b4431b9ac0f78f5dec9cc: Time spent bootstrapping tablet: real 0.024s user 0.003s sys 0.002s
I0720 00:42:28.900490 727 tablet_bootstrap.cc:439] T 8668997e728c430da205e7d36533f74a P 25bfcaafb29b4431b9ac0f78f5dec9cc: No bootstrap required, opened a new log
I0720 00:42:28.900614 727 ts_tablet_manager.cc:1059] T 8668997e728c430da205e7d36533f74a P 25bfcaafb29b4431b9ac0f78f5dec9cc: Time spent bootstrapping tablet: real 0.051s user 0.004s sys 0.008s
I0720 00:42:28.904146 734 tablet_bootstrap.cc:439] T 7cab46396b7e471f89b67a9bee891c6a P 25bfcaafb29b4431b9ac0f78f5dec9cc: No bootstrap required, opened a new log
I0720 00:42:28.906471 734 ts_tablet_manager.cc:1059] T 7cab46396b7e471f89b67a9bee891c6a P 25bfcaafb29b4431b9ac0f78f5dec9cc: Time spent bootstrapping tablet: real 0.030s user 0.002s sys 0.005s
I0720 00:42:28.918416 717 raft_consensus.cc:340] T 34dd0711864545e1beb62517f20f557e P 0e2d29c89c754e8ea12ed6730aa4c85d [term 0 FOLLOWER]: Replica starting. Triggering 0 pending transactions. Active config: opid_index: -1 OBSOLETE_local: false peers { permanent_uuid: "4deaf10768b24896bcd716f79c982b0c" member_type: VOTER last_known_addr { host: "127.0.58.130" port: 38913 } } peers { permanent_uuid: "0e2d29c89c754e8ea12ed6730aa4c85d" member_type: VOTER last_known_addr { host: "127.0.58.129" port: 34255 } } peers { permanent_uuid: "25bfcaafb29b4431b9ac0f78f5dec9cc" member_type: VOTER last_known_addr { host: "127.0.58.131" port: 34777 } }
I0720 00:42:28.918999 717 raft_consensus.cc:366] T 34dd0711864545e1beb62517f20f557e P 0e2d29c89c754e8ea12ed6730aa4c85d [term 0 FOLLOWER]: Consensus starting up: Expiring failure detector timer to make a prompt election more likely
I0720 00:42:28.919081 717 raft_consensus.cc:705] T 34dd0711864545e1beb62517f20f557e P 0e2d29c89c754e8ea12ed6730aa4c85d [term 0 FOLLOWER]: Becoming Follower/Learner. State: Replica: 0e2d29c89c754e8ea12ed6730aa4c85d, State: Initialized, Role: FOLLOWER
I0720 00:42:28.919850 717 consensus_queue.cc:229] T 34dd0711864545e1beb62517f20f557e P 0e2d29c89c754e8ea12ed6730aa4c85d [NON_LEADER]: Queue going to NON_LEADER mode. State: All replicated index: 0, Majority replicated index: 0, Committed index: 0, Last appended: 0.0, Last appended by leader: 0, Current term: 0, Majority size: -1, State: 0, Mode: NON_LEADER, active raft config: opid_index: -1 OBSOLETE_local: false peers { permanent_uuid: "4deaf10768b24896bcd716f79c982b0c" member_type: VOTER last_known_addr { host: "127.0.58.130" port: 38913 } } peers { permanent_uuid: "0e2d29c89c754e8ea12ed6730aa4c85d" member_type: VOTER last_known_addr { host: "127.0.58.129" port: 34255 } } peers { permanent_uuid: "25bfcaafb29b4431b9ac0f78f5dec9cc" member_type: VOTER last_known_addr { host: "127.0.58.131" port: 34777 } }
I0720 00:42:28.920538 716 raft_consensus.cc:340] T 8668997e728c430da205e7d36533f74a P 0e2d29c89c754e8ea12ed6730aa4c85d [term 0 FOLLOWER]: Replica starting. Triggering 0 pending transactions. Active config: opid_index: -1 OBSOLETE_local: false peers { permanent_uuid: "0e2d29c89c754e8ea12ed6730aa4c85d" member_type: VOTER last_known_addr { host: "127.0.58.129" port: 34255 } } peers { permanent_uuid: "4deaf10768b24896bcd716f79c982b0c" member_type: VOTER last_known_addr { host: "127.0.58.130" port: 38913 } } peers { permanent_uuid: "25bfcaafb29b4431b9ac0f78f5dec9cc" member_type: VOTER last_known_addr { host: "127.0.58.131" port: 34777 } }
I0720 00:42:28.920815 716 raft_consensus.cc:366] T 8668997e728c430da205e7d36533f74a P 0e2d29c89c754e8ea12ed6730aa4c85d [term 0 FOLLOWER]: Consensus starting up: Expiring failure detector timer to make a prompt election more likely
I0720 00:42:28.920876 716 raft_consensus.cc:705] T 8668997e728c430da205e7d36533f74a P 0e2d29c89c754e8ea12ed6730aa4c85d [term 0 FOLLOWER]: Becoming Follower/Learner. State: Replica: 0e2d29c89c754e8ea12ed6730aa4c85d, State: Initialized, Role: FOLLOWER
I0720 00:42:28.921104 716 consensus_queue.cc:229] T 8668997e728c430da205e7d36533f74a P 0e2d29c89c754e8ea12ed6730aa4c85d [NON_LEADER]: Queue going to NON_LEADER mode. State: All replicated index: 0, Majority replicated index: 0, Committed index: 0, Last appended: 0.0, Last appended by leader: 0, Current term: 0, Majority size: -1, State: 0, Mode: NON_LEADER, active raft config: opid_index: -1 OBSOLETE_local: false peers { permanent_uuid: "0e2d29c89c754e8ea12ed6730aa4c85d" member_type: VOTER last_known_addr { host: "127.0.58.129" port: 34255 } } peers { permanent_uuid: "4deaf10768b24896bcd716f79c982b0c" member_type: VOTER last_known_addr { host: "127.0.58.130" port: 38913 } } peers { permanent_uuid: "25bfcaafb29b4431b9ac0f78f5dec9cc" member_type: VOTER last_known_addr { host: "127.0.58.131" port: 34777 } }
I0720 00:42:28.921562 714 raft_consensus.cc:340] T 7cab46396b7e471f89b67a9bee891c6a P 0e2d29c89c754e8ea12ed6730aa4c85d [term 0 FOLLOWER]: Replica starting. Triggering 0 pending transactions. Active config: opid_index: -1 OBSOLETE_local: false peers { permanent_uuid: "4deaf10768b24896bcd716f79c982b0c" member_type: VOTER last_known_addr { host: "127.0.58.130" port: 38913 } } peers { permanent_uuid: "25bfcaafb29b4431b9ac0f78f5dec9cc" member_type: VOTER last_known_addr { host: "127.0.58.131" port: 34777 } } peers { permanent_uuid: "0e2d29c89c754e8ea12ed6730aa4c85d" member_type: VOTER last_known_addr { host: "127.0.58.129" port: 34255 } }
I0720 00:42:28.921775 714 raft_consensus.cc:366] T 7cab46396b7e471f89b67a9bee891c6a P 0e2d29c89c754e8ea12ed6730aa4c85d [term 0 FOLLOWER]: Consensus starting up: Expiring failure detector timer to make a prompt election more likely
I0720 00:42:28.921830 714 raft_consensus.cc:705] T 7cab46396b7e471f89b67a9bee891c6a P 0e2d29c89c754e8ea12ed6730aa4c85d [term 0 FOLLOWER]: Becoming Follower/Learner. State: Replica: 0e2d29c89c754e8ea12ed6730aa4c85d, State: Initialized, Role: FOLLOWER
I0720 00:42:28.922042 714 consensus_queue.cc:229] T 7cab46396b7e471f89b67a9bee891c6a P 0e2d29c89c754e8ea12ed6730aa4c85d [NON_LEADER]: Queue going to NON_LEADER mode. State: All replicated index: 0, Majority replicated index: 0, Committed index: 0, Last appended: 0.0, Last appended by leader: 0, Current term: 0, Majority size: -1, State: 0, Mode: NON_LEADER, active raft config: opid_index: -1 OBSOLETE_local: false peers { permanent_uuid: "4deaf10768b24896bcd716f79c982b0c" member_type: VOTER last_known_addr { host: "127.0.58.130" port: 38913 } } peers { permanent_uuid: "25bfcaafb29b4431b9ac0f78f5dec9cc" member_type: VOTER last_known_addr { host: "127.0.58.131" port: 34777 } } peers { permanent_uuid: "0e2d29c89c754e8ea12ed6730aa4c85d" member_type: VOTER last_known_addr { host: "127.0.58.129" port: 34255 } }
I0720 00:42:28.923880 721 raft_consensus.cc:340] T ea63d074a81e47c7910a7097efab544e P 0e2d29c89c754e8ea12ed6730aa4c85d [term 0 FOLLOWER]: Replica starting. Triggering 0 pending transactions. Active config: opid_index: -1 OBSOLETE_local: false peers { permanent_uuid: "0e2d29c89c754e8ea12ed6730aa4c85d" member_type: VOTER last_known_addr { host: "127.0.58.129" port: 34255 } } peers { permanent_uuid: "4deaf10768b24896bcd716f79c982b0c" member_type: VOTER last_known_addr { host: "127.0.58.130" port: 38913 } } peers { permanent_uuid: "25bfcaafb29b4431b9ac0f78f5dec9cc" member_type: VOTER last_known_addr { host: "127.0.58.131" port: 34777 } }
I0720 00:42:28.924155 721 raft_consensus.cc:366] T ea63d074a81e47c7910a7097efab544e P 0e2d29c89c754e8ea12ed6730aa4c85d [term 0 FOLLOWER]: Consensus starting up: Expiring failure detector timer to make a prompt election more likely
I0720 00:42:28.924240 721 raft_consensus.cc:705] T ea63d074a81e47c7910a7097efab544e P 0e2d29c89c754e8ea12ed6730aa4c85d [term 0 FOLLOWER]: Becoming Follower/Learner. State: Replica: 0e2d29c89c754e8ea12ed6730aa4c85d, State: Initialized, Role: FOLLOWER
I0720 00:42:28.924477 721 consensus_queue.cc:229] T ea63d074a81e47c7910a7097efab544e P 0e2d29c89c754e8ea12ed6730aa4c85d [NON_LEADER]: Queue going to NON_LEADER mode. State: All replicated index: 0, Majority replicated index: 0, Committed index: 0, Last appended: 0.0, Last appended by leader: 0, Current term: 0, Majority size: -1, State: 0, Mode: NON_LEADER, active raft config: opid_index: -1 OBSOLETE_local: false peers { permanent_uuid: "0e2d29c89c754e8ea12ed6730aa4c85d" member_type: VOTER last_known_addr { host: "127.0.58.129" port: 34255 } } peers { permanent_uuid: "4deaf10768b24896bcd716f79c982b0c" member_type: VOTER last_known_addr { host: "127.0.58.130" port: 38913 } } peers { permanent_uuid: "25bfcaafb29b4431b9ac0f78f5dec9cc" member_type: VOTER last_known_addr { host: "127.0.58.131" port: 34777 } }
I0720 00:42:28.928076 715 raft_consensus.cc:340] T 6da351b3ad134fc78c052d34aafdcbc0 P 0e2d29c89c754e8ea12ed6730aa4c85d [term 0 FOLLOWER]: Replica starting. Triggering 0 pending transactions. Active config: opid_index: -1 OBSOLETE_local: false peers { permanent_uuid: "0e2d29c89c754e8ea12ed6730aa4c85d" member_type: VOTER last_known_addr { host: "127.0.58.129" port: 34255 } } peers { permanent_uuid: "4deaf10768b24896bcd716f79c982b0c" member_type: VOTER last_known_addr { host: "127.0.58.130" port: 38913 } } peers { permanent_uuid: "25bfcaafb29b4431b9ac0f78f5dec9cc" member_type: VOTER last_known_addr { host: "127.0.58.131" port: 34777 } }
I0720 00:42:28.928285 715 raft_consensus.cc:366] T 6da351b3ad134fc78c052d34aafdcbc0 P 0e2d29c89c754e8ea12ed6730aa4c85d [term 0 FOLLOWER]: Consensus starting up: Expiring failure detector timer to make a prompt election more likely
I0720 00:42:28.928328 715 raft_consensus.cc:705] T 6da351b3ad134fc78c052d34aafdcbc0 P 0e2d29c89c754e8ea12ed6730aa4c85d [term 0 FOLLOWER]: Becoming Follower/Learner. State: Replica: 0e2d29c89c754e8ea12ed6730aa4c85d, State: Initialized, Role: FOLLOWER
I0720 00:42:28.928516 715 consensus_queue.cc:229] T 6da351b3ad134fc78c052d34aafdcbc0 P 0e2d29c89c754e8ea12ed6730aa4c85d [NON_LEADER]: Queue going to NON_LEADER mode. State: All replicated index: 0, Majority replicated index: 0, Committed index: 0, Last appended: 0.0, Last appended by leader: 0, Current term: 0, Majority size: -1, State: 0, Mode: NON_LEADER, active raft config: opid_index: -1 OBSOLETE_local: false peers { permanent_uuid: "0e2d29c89c754e8ea12ed6730aa4c85d" member_type: VOTER last_known_addr { host: "127.0.58.129" port: 34255 } } peers { permanent_uuid: "4deaf10768b24896bcd716f79c982b0c" member_type: VOTER last_known_addr { host: "127.0.58.130" port: 38913 } } peers { permanent_uuid: "25bfcaafb29b4431b9ac0f78f5dec9cc" member_type: VOTER last_known_addr { host: "127.0.58.131" port: 34777 } }
I0720 00:42:28.928750 437 heartbeater.cc:446] Master 127.0.58.190:37585 was elected leader, sending a full tablet report...
I0720 00:42:28.930701 716 ts_tablet_manager.cc:1087] T 8668997e728c430da205e7d36533f74a P 0e2d29c89c754e8ea12ed6730aa4c85d: Time spent starting tablet: real 0.075s user 0.003s sys 0.004s
I0720 00:42:28.930833 714 ts_tablet_manager.cc:1087] T 7cab46396b7e471f89b67a9bee891c6a P 0e2d29c89c754e8ea12ed6730aa4c85d: Time spent starting tablet: real 0.072s user 0.007s sys 0.004s
I0720 00:42:28.931164 721 ts_tablet_manager.cc:1087] T ea63d074a81e47c7910a7097efab544e P 0e2d29c89c754e8ea12ed6730aa4c85d: Time spent starting tablet: real 0.058s user 0.005s sys 0.002s
I0720 00:42:28.931890 715 ts_tablet_manager.cc:1087] T 6da351b3ad134fc78c052d34aafdcbc0 P 0e2d29c89c754e8ea12ed6730aa4c85d: Time spent starting tablet: real 0.079s user 0.009s sys 0.001s
I0720 00:42:28.931579 722 raft_consensus.cc:340] T 34dd0711864545e1beb62517f20f557e P 4deaf10768b24896bcd716f79c982b0c [term 0 FOLLOWER]: Replica starting. Triggering 0 pending transactions. Active config: opid_index: -1 OBSOLETE_local: false peers { permanent_uuid: "4deaf10768b24896bcd716f79c982b0c" member_type: VOTER last_known_addr { host: "127.0.58.130" port: 38913 } } peers { permanent_uuid: "0e2d29c89c754e8ea12ed6730aa4c85d" member_type: VOTER last_known_addr { host: "127.0.58.129" port: 34255 } } peers { permanent_uuid: "25bfcaafb29b4431b9ac0f78f5dec9cc" member_type: VOTER last_known_addr { host: "127.0.58.131" port: 34777 } }
I0720 00:42:28.932103 722 raft_consensus.cc:366] T 34dd0711864545e1beb62517f20f557e P 4deaf10768b24896bcd716f79c982b0c [term 0 FOLLOWER]: Consensus starting up: Expiring failure detector timer to make a prompt election more likely
I0720 00:42:28.931613 720 raft_consensus.cc:340] T 6da351b3ad134fc78c052d34aafdcbc0 P 4deaf10768b24896bcd716f79c982b0c [term 0 FOLLOWER]: Replica starting. Triggering 0 pending transactions. Active config: opid_index: -1 OBSOLETE_local: false peers { permanent_uuid: "0e2d29c89c754e8ea12ed6730aa4c85d" member_type: VOTER last_known_addr { host: "127.0.58.129" port: 34255 } } peers { permanent_uuid: "4deaf10768b24896bcd716f79c982b0c" member_type: VOTER last_known_addr { host: "127.0.58.130" port: 38913 } } peers { permanent_uuid: "25bfcaafb29b4431b9ac0f78f5dec9cc" member_type: VOTER last_known_addr { host: "127.0.58.131" port: 34777 } }
I0720 00:42:28.932296 720 raft_consensus.cc:366] T 6da351b3ad134fc78c052d34aafdcbc0 P 4deaf10768b24896bcd716f79c982b0c [term 0 FOLLOWER]: Consensus starting up: Expiring failure detector timer to make a prompt election more likely
I0720 00:42:28.932349 717 ts_tablet_manager.cc:1087] T 34dd0711864545e1beb62517f20f557e P 0e2d29c89c754e8ea12ed6730aa4c85d: Time spent starting tablet: real 0.069s user 0.003s sys 0.003s
I0720 00:42:28.932351 720 raft_consensus.cc:705] T 6da351b3ad134fc78c052d34aafdcbc0 P 4deaf10768b24896bcd716f79c982b0c [term 0 FOLLOWER]: Becoming Follower/Learner. State: Replica: 4deaf10768b24896bcd716f79c982b0c, State: Initialized, Role: FOLLOWER
I0720 00:42:28.932631 718 raft_consensus.cc:340] T 8668997e728c430da205e7d36533f74a P 4deaf10768b24896bcd716f79c982b0c [term 0 FOLLOWER]: Replica starting. Triggering 0 pending transactions. Active config: opid_index: -1 OBSOLETE_local: false peers { permanent_uuid: "0e2d29c89c754e8ea12ed6730aa4c85d" member_type: VOTER last_known_addr { host: "127.0.58.129" port: 34255 } } peers { permanent_uuid: "4deaf10768b24896bcd716f79c982b0c" member_type: VOTER last_known_addr { host: "127.0.58.130" port: 38913 } } peers { permanent_uuid: "25bfcaafb29b4431b9ac0f78f5dec9cc" member_type: VOTER last_known_addr { host: "127.0.58.131" port: 34777 } }
I0720 00:42:28.932838 718 raft_consensus.cc:366] T 8668997e728c430da205e7d36533f74a P 4deaf10768b24896bcd716f79c982b0c [term 0 FOLLOWER]: Consensus starting up: Expiring failure detector timer to make a prompt election more likely
I0720 00:42:28.932883 718 raft_consensus.cc:705] T 8668997e728c430da205e7d36533f74a P 4deaf10768b24896bcd716f79c982b0c [term 0 FOLLOWER]: Becoming Follower/Learner. State: Replica: 4deaf10768b24896bcd716f79c982b0c, State: Initialized, Role: FOLLOWER
I0720 00:42:28.933018 720 consensus_queue.cc:229] T 6da351b3ad134fc78c052d34aafdcbc0 P 4deaf10768b24896bcd716f79c982b0c [NON_LEADER]: Queue going to NON_LEADER mode. State: All replicated index: 0, Majority replicated index: 0, Committed index: 0, Last appended: 0.0, Last appended by leader: 0, Current term: 0, Majority size: -1, State: 0, Mode: NON_LEADER, active raft config: opid_index: -1 OBSOLETE_local: false peers { permanent_uuid: "0e2d29c89c754e8ea12ed6730aa4c85d" member_type: VOTER last_known_addr { host: "127.0.58.129" port: 34255 } } peers { permanent_uuid: "4deaf10768b24896bcd716f79c982b0c" member_type: VOTER last_known_addr { host: "127.0.58.130" port: 38913 } } peers { permanent_uuid: "25bfcaafb29b4431b9ac0f78f5dec9cc" member_type: VOTER last_known_addr { host: "127.0.58.131" port: 34777 } }
I0720 00:42:28.932184 722 raft_consensus.cc:705] T 34dd0711864545e1beb62517f20f557e P 4deaf10768b24896bcd716f79c982b0c [term 0 FOLLOWER]: Becoming Follower/Learner. State: Replica: 4deaf10768b24896bcd716f79c982b0c, State: Initialized, Role: FOLLOWER
I0720 00:42:28.933369 723 raft_consensus.cc:340] T ea63d074a81e47c7910a7097efab544e P 4deaf10768b24896bcd716f79c982b0c [term 0 FOLLOWER]: Replica starting. Triggering 0 pending transactions. Active config: opid_index: -1 OBSOLETE_local: false peers { permanent_uuid: "0e2d29c89c754e8ea12ed6730aa4c85d" member_type: VOTER last_known_addr { host: "127.0.58.129" port: 34255 } } peers { permanent_uuid: "4deaf10768b24896bcd716f79c982b0c" member_type: VOTER last_known_addr { host: "127.0.58.130" port: 38913 } } peers { permanent_uuid: "25bfcaafb29b4431b9ac0f78f5dec9cc" member_type: VOTER last_known_addr { host: "127.0.58.131" port: 34777 } }
I0720 00:42:28.933563 723 raft_consensus.cc:366] T ea63d074a81e47c7910a7097efab544e P 4deaf10768b24896bcd716f79c982b0c [term 0 FOLLOWER]: Consensus starting up: Expiring failure detector timer to make a prompt election more likely
I0720 00:42:28.933610 723 raft_consensus.cc:705] T ea63d074a81e47c7910a7097efab544e P 4deaf10768b24896bcd716f79c982b0c [term 0 FOLLOWER]: Becoming Follower/Learner. State: Replica: 4deaf10768b24896bcd716f79c982b0c, State: Initialized, Role: FOLLOWER
I0720 00:42:28.933559 722 consensus_queue.cc:229] T 34dd0711864545e1beb62517f20f557e P 4deaf10768b24896bcd716f79c982b0c [NON_LEADER]: Queue going to NON_LEADER mode. State: All replicated index: 0, Majority replicated index: 0, Committed index: 0, Last appended: 0.0, Last appended by leader: 0, Current term: 0, Majority size: -1, State: 0, Mode: NON_LEADER, active raft config: opid_index: -1 OBSOLETE_local: false peers { permanent_uuid: "4deaf10768b24896bcd716f79c982b0c" member_type: VOTER last_known_addr { host: "127.0.58.130" port: 38913 } } peers { permanent_uuid: "0e2d29c89c754e8ea12ed6730aa4c85d" member_type: VOTER last_known_addr { host: "127.0.58.129" port: 34255 } } peers { permanent_uuid: "25bfcaafb29b4431b9ac0f78f5dec9cc" member_type: VOTER last_known_addr { host: "127.0.58.131" port: 34777 } }
I0720 00:42:28.933778 723 consensus_queue.cc:229] T ea63d074a81e47c7910a7097efab544e P 4deaf10768b24896bcd716f79c982b0c [NON_LEADER]: Queue going to NON_LEADER mode. State: All replicated index: 0, Majority replicated index: 0, Committed index: 0, Last appended: 0.0, Last appended by leader: 0, Current term: 0, Majority size: -1, State: 0, Mode: NON_LEADER, active raft config: opid_index: -1 OBSOLETE_local: false peers { permanent_uuid: "0e2d29c89c754e8ea12ed6730aa4c85d" member_type: VOTER last_known_addr { host: "127.0.58.129" port: 34255 } } peers { permanent_uuid: "4deaf10768b24896bcd716f79c982b0c" member_type: VOTER last_known_addr { host: "127.0.58.130" port: 38913 } } peers { permanent_uuid: "25bfcaafb29b4431b9ac0f78f5dec9cc" member_type: VOTER last_known_addr { host: "127.0.58.131" port: 34777 } }
I0720 00:42:28.931579 719 raft_consensus.cc:340] T 7cab46396b7e471f89b67a9bee891c6a P 4deaf10768b24896bcd716f79c982b0c [term 0 FOLLOWER]: Replica starting. Triggering 0 pending transactions. Active config: opid_index: -1 OBSOLETE_local: false peers { permanent_uuid: "4deaf10768b24896bcd716f79c982b0c" member_type: VOTER last_known_addr { host: "127.0.58.130" port: 38913 } } peers { permanent_uuid: "25bfcaafb29b4431b9ac0f78f5dec9cc" member_type: VOTER last_known_addr { host: "127.0.58.131" port: 34777 } } peers { permanent_uuid: "0e2d29c89c754e8ea12ed6730aa4c85d" member_type: VOTER last_known_addr { host: "127.0.58.129" port: 34255 } }
I0720 00:42:28.933063 718 consensus_queue.cc:229] T 8668997e728c430da205e7d36533f74a P 4deaf10768b24896bcd716f79c982b0c [NON_LEADER]: Queue going to NON_LEADER mode. State: All replicated index: 0, Majority replicated index: 0, Committed index: 0, Last appended: 0.0, Last appended by leader: 0, Current term: 0, Majority size: -1, State: 0, Mode: NON_LEADER, active raft config: opid_index: -1 OBSOLETE_local: false peers { permanent_uuid: "0e2d29c89c754e8ea12ed6730aa4c85d" member_type: VOTER last_known_addr { host: "127.0.58.129" port: 34255 } } peers { permanent_uuid: "4deaf10768b24896bcd716f79c982b0c" member_type: VOTER last_known_addr { host: "127.0.58.130" port: 38913 } } peers { permanent_uuid: "25bfcaafb29b4431b9ac0f78f5dec9cc" member_type: VOTER last_known_addr { host: "127.0.58.131" port: 34777 } }
I0720 00:42:28.934666 564 heartbeater.cc:446] Master 127.0.58.190:37585 was elected leader, sending a full tablet report...
I0720 00:42:28.934355 719 raft_consensus.cc:366] T 7cab46396b7e471f89b67a9bee891c6a P 4deaf10768b24896bcd716f79c982b0c [term 0 FOLLOWER]: Consensus starting up: Expiring failure detector timer to make a prompt election more likely
I0720 00:42:28.935647 719 raft_consensus.cc:705] T 7cab46396b7e471f89b67a9bee891c6a P 4deaf10768b24896bcd716f79c982b0c [term 0 FOLLOWER]: Becoming Follower/Learner. State: Replica: 4deaf10768b24896bcd716f79c982b0c, State: Initialized, Role: FOLLOWER
I0720 00:42:28.935859 719 consensus_queue.cc:229] T 7cab46396b7e471f89b67a9bee891c6a P 4deaf10768b24896bcd716f79c982b0c [NON_LEADER]: Queue going to NON_LEADER mode. State: All replicated index: 0, Majority replicated index: 0, Committed index: 0, Last appended: 0.0, Last appended by leader: 0, Current term: 0, Majority size: -1, State: 0, Mode: NON_LEADER, active raft config: opid_index: -1 OBSOLETE_local: false peers { permanent_uuid: "4deaf10768b24896bcd716f79c982b0c" member_type: VOTER last_known_addr { host: "127.0.58.130" port: 38913 } } peers { permanent_uuid: "25bfcaafb29b4431b9ac0f78f5dec9cc" member_type: VOTER last_known_addr { host: "127.0.58.131" port: 34777 } } peers { permanent_uuid: "0e2d29c89c754e8ea12ed6730aa4c85d" member_type: VOTER last_known_addr { host: "127.0.58.129" port: 34255 } }
I0720 00:42:28.936236 729 raft_consensus.cc:340] T 6da351b3ad134fc78c052d34aafdcbc0 P 25bfcaafb29b4431b9ac0f78f5dec9cc [term 0 FOLLOWER]: Replica starting. Triggering 0 pending transactions. Active config: opid_index: -1 OBSOLETE_local: false peers { permanent_uuid: "0e2d29c89c754e8ea12ed6730aa4c85d" member_type: VOTER last_known_addr { host: "127.0.58.129" port: 34255 } } peers { permanent_uuid: "4deaf10768b24896bcd716f79c982b0c" member_type: VOTER last_known_addr { host: "127.0.58.130" port: 38913 } } peers { permanent_uuid: "25bfcaafb29b4431b9ac0f78f5dec9cc" member_type: VOTER last_known_addr { host: "127.0.58.131" port: 34777 } }
I0720 00:42:28.936573 729 raft_consensus.cc:366] T 6da351b3ad134fc78c052d34aafdcbc0 P 25bfcaafb29b4431b9ac0f78f5dec9cc [term 0 FOLLOWER]: Consensus starting up: Expiring failure detector timer to make a prompt election more likely
I0720 00:42:28.936659 729 raft_consensus.cc:705] T 6da351b3ad134fc78c052d34aafdcbc0 P 25bfcaafb29b4431b9ac0f78f5dec9cc [term 0 FOLLOWER]: Becoming Follower/Learner. State: Replica: 25bfcaafb29b4431b9ac0f78f5dec9cc, State: Initialized, Role: FOLLOWER
I0720 00:42:28.937165 737 raft_consensus.cc:340] T 34dd0711864545e1beb62517f20f557e P 25bfcaafb29b4431b9ac0f78f5dec9cc [term 0 FOLLOWER]: Replica starting. Triggering 0 pending transactions. Active config: opid_index: -1 OBSOLETE_local: false peers { permanent_uuid: "4deaf10768b24896bcd716f79c982b0c" member_type: VOTER last_known_addr { host: "127.0.58.130" port: 38913 } } peers { permanent_uuid: "0e2d29c89c754e8ea12ed6730aa4c85d" member_type: VOTER last_known_addr { host: "127.0.58.129" port: 34255 } } peers { permanent_uuid: "25bfcaafb29b4431b9ac0f78f5dec9cc" member_type: VOTER last_known_addr { host: "127.0.58.131" port: 34777 } }
I0720 00:42:28.937371 737 raft_consensus.cc:366] T 34dd0711864545e1beb62517f20f557e P 25bfcaafb29b4431b9ac0f78f5dec9cc [term 0 FOLLOWER]: Consensus starting up: Expiring failure detector timer to make a prompt election more likely
I0720 00:42:28.937423 737 raft_consensus.cc:705] T 34dd0711864545e1beb62517f20f557e P 25bfcaafb29b4431b9ac0f78f5dec9cc [term 0 FOLLOWER]: Becoming Follower/Learner. State: Replica: 25bfcaafb29b4431b9ac0f78f5dec9cc, State: Initialized, Role: FOLLOWER
I0720 00:42:28.937981 730 raft_consensus.cc:340] T ea63d074a81e47c7910a7097efab544e P 25bfcaafb29b4431b9ac0f78f5dec9cc [term 0 FOLLOWER]: Replica starting. Triggering 0 pending transactions. Active config: opid_index: -1 OBSOLETE_local: false peers { permanent_uuid: "0e2d29c89c754e8ea12ed6730aa4c85d" member_type: VOTER last_known_addr { host: "127.0.58.129" port: 34255 } } peers { permanent_uuid: "4deaf10768b24896bcd716f79c982b0c" member_type: VOTER last_known_addr { host: "127.0.58.130" port: 38913 } } peers { permanent_uuid: "25bfcaafb29b4431b9ac0f78f5dec9cc" member_type: VOTER last_known_addr { host: "127.0.58.131" port: 34777 } }
I0720 00:42:28.939198 730 raft_consensus.cc:366] T ea63d074a81e47c7910a7097efab544e P 25bfcaafb29b4431b9ac0f78f5dec9cc [term 0 FOLLOWER]: Consensus starting up: Expiring failure detector timer to make a prompt election more likely
I0720 00:42:28.939247 730 raft_consensus.cc:705] T ea63d074a81e47c7910a7097efab544e P 25bfcaafb29b4431b9ac0f78f5dec9cc [term 0 FOLLOWER]: Becoming Follower/Learner. State: Replica: 25bfcaafb29b4431b9ac0f78f5dec9cc, State: Initialized, Role: FOLLOWER
I0720 00:42:28.937677 727 raft_consensus.cc:340] T 8668997e728c430da205e7d36533f74a P 25bfcaafb29b4431b9ac0f78f5dec9cc [term 0 FOLLOWER]: Replica starting. Triggering 0 pending transactions. Active config: opid_index: -1 OBSOLETE_local: false peers { permanent_uuid: "0e2d29c89c754e8ea12ed6730aa4c85d" member_type: VOTER last_known_addr { host: "127.0.58.129" port: 34255 } } peers { permanent_uuid: "4deaf10768b24896bcd716f79c982b0c" member_type: VOTER last_known_addr { host: "127.0.58.130" port: 38913 } } peers { permanent_uuid: "25bfcaafb29b4431b9ac0f78f5dec9cc" member_type: VOTER last_known_addr { host: "127.0.58.131" port: 34777 } }
I0720 00:42:28.939471 727 raft_consensus.cc:366] T 8668997e728c430da205e7d36533f74a P 25bfcaafb29b4431b9ac0f78f5dec9cc [term 0 FOLLOWER]: Consensus starting up: Expiring failure detector timer to make a prompt election more likely
I0720 00:42:28.939520 727 raft_consensus.cc:705] T 8668997e728c430da205e7d36533f74a P 25bfcaafb29b4431b9ac0f78f5dec9cc [term 0 FOLLOWER]: Becoming Follower/Learner. State: Replica: 25bfcaafb29b4431b9ac0f78f5dec9cc, State: Initialized, Role: FOLLOWER
I0720 00:42:28.939929 727 consensus_queue.cc:229] T 8668997e728c430da205e7d36533f74a P 25bfcaafb29b4431b9ac0f78f5dec9cc [NON_LEADER]: Queue going to NON_LEADER mode. State: All replicated index: 0, Majority replicated index: 0, Committed index: 0, Last appended: 0.0, Last appended by leader: 0, Current term: 0, Majority size: -1, State: 0, Mode: NON_LEADER, active raft config: opid_index: -1 OBSOLETE_local: false peers { permanent_uuid: "0e2d29c89c754e8ea12ed6730aa4c85d" member_type: VOTER last_known_addr { host: "127.0.58.129" port: 34255 } } peers { permanent_uuid: "4deaf10768b24896bcd716f79c982b0c" member_type: VOTER last_known_addr { host: "127.0.58.130" port: 38913 } } peers { permanent_uuid: "25bfcaafb29b4431b9ac0f78f5dec9cc" member_type: VOTER last_known_addr { host: "127.0.58.131" port: 34777 } }
I0720 00:42:28.940490 734 raft_consensus.cc:340] T 7cab46396b7e471f89b67a9bee891c6a P 25bfcaafb29b4431b9ac0f78f5dec9cc [term 0 FOLLOWER]: Replica starting. Triggering 0 pending transactions. Active config: opid_index: -1 OBSOLETE_local: false peers { permanent_uuid: "4deaf10768b24896bcd716f79c982b0c" member_type: VOTER last_known_addr { host: "127.0.58.130" port: 38913 } } peers { permanent_uuid: "25bfcaafb29b4431b9ac0f78f5dec9cc" member_type: VOTER last_known_addr { host: "127.0.58.131" port: 34777 } } peers { permanent_uuid: "0e2d29c89c754e8ea12ed6730aa4c85d" member_type: VOTER last_known_addr { host: "127.0.58.129" port: 34255 } }
I0720 00:42:28.940635 734 raft_consensus.cc:366] T 7cab46396b7e471f89b67a9bee891c6a P 25bfcaafb29b4431b9ac0f78f5dec9cc [term 0 FOLLOWER]: Consensus starting up: Expiring failure detector timer to make a prompt election more likely
I0720 00:42:28.940681 734 raft_consensus.cc:705] T 7cab46396b7e471f89b67a9bee891c6a P 25bfcaafb29b4431b9ac0f78f5dec9cc [term 0 FOLLOWER]: Becoming Follower/Learner. State: Replica: 25bfcaafb29b4431b9ac0f78f5dec9cc, State: Initialized, Role: FOLLOWER
