I0720 00:43:58.036017 4461 tablet_service.cc:1022] Processing CreateTablet for tablet ca6a2a19cbbe4648a8a76de1e43c405b (table=test-workload [id=03430f12567b4e1ab531baa411322323]), partition=RANGE (key) PARTITION 1288490184 <= VALUES < 1503238548
I0720 00:43:58.036938 4463 tablet_service.cc:1022] Processing CreateTablet for tablet 73ea05088cb24563bcf684d6199dd946 (table=test-workload [id=03430f12567b4e1ab531baa411322323]), partition=RANGE (key) PARTITION 858993456 <= VALUES < 1073741820
I0720 00:43:58.036571 4465 tablet_service.cc:1022] Processing CreateTablet for tablet 9ef65edd881743f691ebb903dad80c36 (table=test-workload [id=03430f12567b4e1ab531baa411322323]), partition=RANGE (key) PARTITION 429496728 <= VALUES < 644245092
I0720 00:43:58.037250 4462 tablet_service.cc:1022] Processing CreateTablet for tablet 19920b309dd84a01b2cc74ddbbd10854 (table=test-workload [id=03430f12567b4e1ab531baa411322323]), partition=RANGE (key) PARTITION 1073741820 <= VALUES < 1288490184
I0720 00:43:58.037508 4467 tablet_service.cc:1022] Processing CreateTablet for tablet 73ac7512c8584fe3ad887ffef570df8d (table=test-workload [id=03430f12567b4e1ab531baa411322323]), partition=RANGE (key) PARTITION VALUES < 214748364
I0720 00:43:58.038316 4586 tablet_service.cc:1022] Processing CreateTablet for tablet ca6a2a19cbbe4648a8a76de1e43c405b (table=test-workload [id=03430f12567b4e1ab531baa411322323]), partition=RANGE (key) PARTITION 1288490184 <= VALUES < 1503238548
I0720 00:43:58.038604 4715 tablet_service.cc:1022] Processing CreateTablet for tablet 5758df4920ce4bbab0424048f13fea41 (table=test-workload [id=03430f12567b4e1ab531baa411322323]), partition=RANGE (key) PARTITION 214748364 <= VALUES < 429496728
I0720 00:43:58.039057 4585 tablet_service.cc:1022] Processing CreateTablet for tablet 0a7ad36f80f44067ba0087a2768e26ac (table=test-workload [id=03430f12567b4e1ab531baa411322323]), partition=RANGE (key) PARTITION 1503238548 <= VALUES < 1717986912
I0720 00:43:58.039038 4458 tablet_service.cc:1022] Processing CreateTablet for tablet c4890cfc794b469d8765701546219a19 (table=test-workload [id=03430f12567b4e1ab531baa411322323]), partition=RANGE (key) PARTITION VALUES >= 1932735276
I0720 00:43:58.039746 4590 tablet_service.cc:1022] Processing CreateTablet for tablet 9ef65edd881743f691ebb903dad80c36 (table=test-workload [id=03430f12567b4e1ab531baa411322323]), partition=RANGE (key) PARTITION 429496728 <= VALUES < 644245092
I0720 00:43:58.040405 4588 tablet_service.cc:1022] Processing CreateTablet for tablet 73ea05088cb24563bcf684d6199dd946 (table=test-workload [id=03430f12567b4e1ab531baa411322323]), partition=RANGE (key) PARTITION 858993456 <= VALUES < 1073741820
I0720 00:43:58.041303 4591 tablet_service.cc:1022] Processing CreateTablet for tablet 5758df4920ce4bbab0424048f13fea41 (table=test-workload [id=03430f12567b4e1ab531baa411322323]), partition=RANGE (key) PARTITION 214748364 <= VALUES < 429496728
I0720 00:43:58.042214 4584 tablet_service.cc:1022] Processing CreateTablet for tablet 7869d31b2ece4c38b8cf73ba177d2787 (table=test-workload [id=03430f12567b4e1ab531baa411322323]), partition=RANGE (key) PARTITION 1717986912 <= VALUES < 1932735276
I0720 00:43:58.042757 4583 tablet_service.cc:1022] Processing CreateTablet for tablet c4890cfc794b469d8765701546219a19 (table=test-workload [id=03430f12567b4e1ab531baa411322323]), partition=RANGE (key) PARTITION VALUES >= 1932735276
I0720 00:43:58.043321 4587 tablet_service.cc:1022] Processing CreateTablet for tablet 19920b309dd84a01b2cc74ddbbd10854 (table=test-workload [id=03430f12567b4e1ab531baa411322323]), partition=RANGE (key) PARTITION 1073741820 <= VALUES < 1288490184
I0720 00:43:58.043949 4592 tablet_service.cc:1022] Processing CreateTablet for tablet 73ac7512c8584fe3ad887ffef570df8d (table=test-workload [id=03430f12567b4e1ab531baa411322323]), partition=RANGE (key) PARTITION VALUES < 214748364
I0720 00:43:58.045395 4714 tablet_service.cc:1022] Processing CreateTablet for tablet 9ef65edd881743f691ebb903dad80c36 (table=test-workload [id=03430f12567b4e1ab531baa411322323]), partition=RANGE (key) PARTITION 429496728 <= VALUES < 644245092
I0720 00:43:58.046332 4712 tablet_service.cc:1022] Processing CreateTablet for tablet 73ea05088cb24563bcf684d6199dd946 (table=test-workload [id=03430f12567b4e1ab531baa411322323]), partition=RANGE (key) PARTITION 858993456 <= VALUES < 1073741820
I0720 00:43:58.049393 4711 tablet_service.cc:1022] Processing CreateTablet for tablet ca6a2a19cbbe4648a8a76de1e43c405b (table=test-workload [id=03430f12567b4e1ab531baa411322323]), partition=RANGE (key) PARTITION 1288490184 <= VALUES < 1503238548
I0720 00:43:58.049675 4713 tablet_service.cc:1022] Processing CreateTablet for tablet 27285c1e3c36466f9bce8450be7500d4 (table=test-workload [id=03430f12567b4e1ab531baa411322323]), partition=RANGE (key) PARTITION 644245092 <= VALUES < 858993456
I0720 00:43:58.051703 4715 tablet_service.cc:1022] Processing CreateTablet for tablet 19920b309dd84a01b2cc74ddbbd10854 (table=test-workload [id=03430f12567b4e1ab531baa411322323]), partition=RANGE (key) PARTITION 1073741820 <= VALUES < 1288490184
I0720 00:43:58.052700 4710 tablet_service.cc:1022] Processing CreateTablet for tablet 0a7ad36f80f44067ba0087a2768e26ac (table=test-workload [id=03430f12567b4e1ab531baa411322323]), partition=RANGE (key) PARTITION 1503238548 <= VALUES < 1717986912
I0720 00:43:58.054715 4709 tablet_service.cc:1022] Processing CreateTablet for tablet 7869d31b2ece4c38b8cf73ba177d2787 (table=test-workload [id=03430f12567b4e1ab531baa411322323]), partition=RANGE (key) PARTITION 1717986912 <= VALUES < 1932735276
I0720 00:43:58.055876 4708 tablet_service.cc:1022] Processing CreateTablet for tablet c4890cfc794b469d8765701546219a19 (table=test-workload [id=03430f12567b4e1ab531baa411322323]), partition=RANGE (key) PARTITION VALUES >= 1932735276
I0720 00:43:58.087625 4803 tablet_bootstrap.cc:439] T 5758df4920ce4bbab0424048f13fea41 P fc86e9a330584f00b998288875c0586f: Bootstrap starting.
I0720 00:43:58.088268 4804 tablet_bootstrap.cc:439] T 9ef65edd881743f691ebb903dad80c36 P fc86e9a330584f00b998288875c0586f: Bootstrap starting.
I0720 00:43:58.091869 4804 tablet_bootstrap.cc:590] T 9ef65edd881743f691ebb903dad80c36 P fc86e9a330584f00b998288875c0586f: No blocks or log segments found. Creating new log.
I0720 00:43:58.093526 4804 log.cc:525] T 9ef65edd881743f691ebb903dad80c36 P fc86e9a330584f00b998288875c0586f: Log is configured to *not* fsync() on all Append() calls
I0720 00:43:58.092664 4803 tablet_bootstrap.cc:590] T 5758df4920ce4bbab0424048f13fea41 P fc86e9a330584f00b998288875c0586f: No blocks or log segments found. Creating new log.
I0720 00:43:58.088443 4805 tablet_bootstrap.cc:439] T 27285c1e3c36466f9bce8450be7500d4 P fc86e9a330584f00b998288875c0586f: Bootstrap starting.
I0720 00:43:58.095122 4805 tablet_bootstrap.cc:590] T 27285c1e3c36466f9bce8450be7500d4 P fc86e9a330584f00b998288875c0586f: No blocks or log segments found. Creating new log.
I0720 00:43:58.111271 4803 tablet_bootstrap.cc:439] T 5758df4920ce4bbab0424048f13fea41 P fc86e9a330584f00b998288875c0586f: No bootstrap required, opened a new log
I0720 00:43:58.111276 4804 tablet_bootstrap.cc:439] T 9ef65edd881743f691ebb903dad80c36 P fc86e9a330584f00b998288875c0586f: No bootstrap required, opened a new log
I0720 00:43:58.111930 4803 ts_tablet_manager.cc:1059] T 5758df4920ce4bbab0424048f13fea41 P fc86e9a330584f00b998288875c0586f: Time spent bootstrapping tablet: real 0.024s user 0.002s sys 0.005s
I0720 00:43:58.113688 4804 ts_tablet_manager.cc:1059] T 9ef65edd881743f691ebb903dad80c36 P fc86e9a330584f00b998288875c0586f: Time spent bootstrapping tablet: real 0.023s user 0.003s sys 0.007s
I0720 00:43:58.114118 4805 tablet_bootstrap.cc:439] T 27285c1e3c36466f9bce8450be7500d4 P fc86e9a330584f00b998288875c0586f: No bootstrap required, opened a new log
I0720 00:43:58.118376 4805 ts_tablet_manager.cc:1059] T 27285c1e3c36466f9bce8450be7500d4 P fc86e9a330584f00b998288875c0586f: Time spent bootstrapping tablet: real 0.030s user 0.006s sys 0.000s
I0720 00:43:58.119278 4810 tablet_bootstrap.cc:439] T 5758df4920ce4bbab0424048f13fea41 P a29a463e4c2e4f61a400dde426c625e8: Bootstrap starting.
I0720 00:43:58.119544 4805 raft_consensus.cc:340] T 27285c1e3c36466f9bce8450be7500d4 P fc86e9a330584f00b998288875c0586f [term 0 FOLLOWER]: Replica starting. Triggering 0 pending transactions. Active config: opid_index: -1 OBSOLETE_local: false peers { permanent_uuid: "506b8430b3284890b468e7ef55b6ca79" member_type: VOTER last_known_addr { host: "127.0.58.129" port: 36375 } } peers { permanent_uuid: "a29a463e4c2e4f61a400dde426c625e8" member_type: VOTER last_known_addr { host: "127.0.58.130" port: 43527 } } peers { permanent_uuid: "fc86e9a330584f00b998288875c0586f" member_type: VOTER last_known_addr { host: "127.0.58.131" port: 42343 } }
I0720 00:43:58.120124 4805 raft_consensus.cc:366] T 27285c1e3c36466f9bce8450be7500d4 P fc86e9a330584f00b998288875c0586f [term 0 FOLLOWER]: Consensus starting up: Expiring failure detector timer to make a prompt election more likely
I0720 00:43:58.120227 4805 raft_consensus.cc:705] T 27285c1e3c36466f9bce8450be7500d4 P fc86e9a330584f00b998288875c0586f [term 0 FOLLOWER]: Becoming Follower/Learner. State: Replica: fc86e9a330584f00b998288875c0586f, State: Initialized, Role: FOLLOWER
I0720 00:43:58.120834 4805 consensus_queue.cc:229] T 27285c1e3c36466f9bce8450be7500d4 P fc86e9a330584f00b998288875c0586f [NON_LEADER]: Queue going to NON_LEADER mode. State: All replicated index: 0, Majority replicated index: 0, Committed index: 0, Last appended: 0.0, Last appended by leader: 0, Current term: 0, Majority size: -1, State: 0, Mode: NON_LEADER, active raft config: opid_index: -1 OBSOLETE_local: false peers { permanent_uuid: "506b8430b3284890b468e7ef55b6ca79" member_type: VOTER last_known_addr { host: "127.0.58.129" port: 36375 } } peers { permanent_uuid: "a29a463e4c2e4f61a400dde426c625e8" member_type: VOTER last_known_addr { host: "127.0.58.130" port: 43527 } } peers { permanent_uuid: "fc86e9a330584f00b998288875c0586f" member_type: VOTER last_known_addr { host: "127.0.58.131" port: 42343 } }
I0720 00:43:58.121999 4804 raft_consensus.cc:340] T 9ef65edd881743f691ebb903dad80c36 P fc86e9a330584f00b998288875c0586f [term 0 FOLLOWER]: Replica starting. Triggering 0 pending transactions. Active config: opid_index: -1 OBSOLETE_local: false peers { permanent_uuid: "506b8430b3284890b468e7ef55b6ca79" member_type: VOTER last_known_addr { host: "127.0.58.129" port: 36375 } } peers { permanent_uuid: "a29a463e4c2e4f61a400dde426c625e8" member_type: VOTER last_known_addr { host: "127.0.58.130" port: 43527 } } peers { permanent_uuid: "fc86e9a330584f00b998288875c0586f" member_type: VOTER last_known_addr { host: "127.0.58.131" port: 42343 } }
I0720 00:43:58.122900 4779 heartbeater.cc:446] Master 127.0.58.190:42541 was elected leader, sending a full tablet report...
I0720 00:43:58.122973 4813 tablet_bootstrap.cc:439] T 0a7ad36f80f44067ba0087a2768e26ac P 506b8430b3284890b468e7ef55b6ca79: Bootstrap starting.
I0720 00:43:58.123565 4804 raft_consensus.cc:366] T 9ef65edd881743f691ebb903dad80c36 P fc86e9a330584f00b998288875c0586f [term 0 FOLLOWER]: Consensus starting up: Expiring failure detector timer to make a prompt election more likely
I0720 00:43:58.123759 4804 raft_consensus.cc:705] T 9ef65edd881743f691ebb903dad80c36 P fc86e9a330584f00b998288875c0586f [term 0 FOLLOWER]: Becoming Follower/Learner. State: Replica: fc86e9a330584f00b998288875c0586f, State: Initialized, Role: FOLLOWER
I0720 00:43:58.124135 4804 consensus_queue.cc:229] T 9ef65edd881743f691ebb903dad80c36 P fc86e9a330584f00b998288875c0586f [NON_LEADER]: Queue going to NON_LEADER mode. State: All replicated index: 0, Majority replicated index: 0, Committed index: 0, Last appended: 0.0, Last appended by leader: 0, Current term: 0, Majority size: -1, State: 0, Mode: NON_LEADER, active raft config: opid_index: -1 OBSOLETE_local: false peers { permanent_uuid: "506b8430b3284890b468e7ef55b6ca79" member_type: VOTER last_known_addr { host: "127.0.58.129" port: 36375 } } peers { permanent_uuid: "a29a463e4c2e4f61a400dde426c625e8" member_type: VOTER last_known_addr { host: "127.0.58.130" port: 43527 } } peers { permanent_uuid: "fc86e9a330584f00b998288875c0586f" member_type: VOTER last_known_addr { host: "127.0.58.131" port: 42343 } }
I0720 00:43:58.132856 4811 tablet_bootstrap.cc:439] T 73ac7512c8584fe3ad887ffef570df8d P a29a463e4c2e4f61a400dde426c625e8: Bootstrap starting.
I0720 00:43:58.133793 4804 ts_tablet_manager.cc:1087] T 9ef65edd881743f691ebb903dad80c36 P fc86e9a330584f00b998288875c0586f: Time spent starting tablet: real 0.012s user 0.001s sys 0.001s
I0720 00:43:58.134977 4805 ts_tablet_manager.cc:1087] T 27285c1e3c36466f9bce8450be7500d4 P fc86e9a330584f00b998288875c0586f: Time spent starting tablet: real 0.016s user 0.003s sys 0.000s
I0720 00:43:58.135373 4805 tablet_bootstrap.cc:439] T ca6a2a19cbbe4648a8a76de1e43c405b P fc86e9a330584f00b998288875c0586f: Bootstrap starting.
I0720 00:43:58.135473 4810 tablet_bootstrap.cc:590] T 5758df4920ce4bbab0424048f13fea41 P a29a463e4c2e4f61a400dde426c625e8: No blocks or log segments found. Creating new log.
I0720 00:43:58.136718 4810 log.cc:525] T 5758df4920ce4bbab0424048f13fea41 P a29a463e4c2e4f61a400dde426c625e8: Log is configured to *not* fsync() on all Append() calls
I0720 00:43:58.137092 4805 tablet_bootstrap.cc:590] T ca6a2a19cbbe4648a8a76de1e43c405b P fc86e9a330584f00b998288875c0586f: No blocks or log segments found. Creating new log.
I0720 00:43:58.137281 4809 tablet_bootstrap.cc:439] T 7869d31b2ece4c38b8cf73ba177d2787 P a29a463e4c2e4f61a400dde426c625e8: Bootstrap starting.
I0720 00:43:58.137285 4813 tablet_bootstrap.cc:590] T 0a7ad36f80f44067ba0087a2768e26ac P 506b8430b3284890b468e7ef55b6ca79: No blocks or log segments found. Creating new log.
I0720 00:43:58.138310 4814 tablet_bootstrap.cc:439] T 73ea05088cb24563bcf684d6199dd946 P 506b8430b3284890b468e7ef55b6ca79: Bootstrap starting.
I0720 00:43:58.138330 4809 tablet_bootstrap.cc:590] T 7869d31b2ece4c38b8cf73ba177d2787 P a29a463e4c2e4f61a400dde426c625e8: No blocks or log segments found. Creating new log.
I0720 00:43:58.135874 4811 tablet_bootstrap.cc:590] T 73ac7512c8584fe3ad887ffef570df8d P a29a463e4c2e4f61a400dde426c625e8: No blocks or log segments found. Creating new log.
I0720 00:43:58.139339 4804 tablet_bootstrap.cc:439] T c4890cfc794b469d8765701546219a19 P fc86e9a330584f00b998288875c0586f: Bootstrap starting.
I0720 00:43:58.139719 4814 tablet_bootstrap.cc:590] T 73ea05088cb24563bcf684d6199dd946 P 506b8430b3284890b468e7ef55b6ca79: No blocks or log segments found. Creating new log.
I0720 00:43:58.138613 4812 tablet_bootstrap.cc:439] T c4890cfc794b469d8765701546219a19 P 506b8430b3284890b468e7ef55b6ca79: Bootstrap starting.
I0720 00:43:58.140643 4804 tablet_bootstrap.cc:590] T c4890cfc794b469d8765701546219a19 P fc86e9a330584f00b998288875c0586f: No blocks or log segments found. Creating new log.
I0720 00:43:58.141567 4812 tablet_bootstrap.cc:590] T c4890cfc794b469d8765701546219a19 P 506b8430b3284890b468e7ef55b6ca79: No blocks or log segments found. Creating new log.
I0720 00:43:58.142119 4813 log.cc:525] T 0a7ad36f80f44067ba0087a2768e26ac P 506b8430b3284890b468e7ef55b6ca79: Log is configured to *not* fsync() on all Append() calls
I0720 00:43:58.142171 4805 tablet_bootstrap.cc:439] T ca6a2a19cbbe4648a8a76de1e43c405b P fc86e9a330584f00b998288875c0586f: No bootstrap required, opened a new log
I0720 00:43:58.142349 4805 ts_tablet_manager.cc:1059] T ca6a2a19cbbe4648a8a76de1e43c405b P fc86e9a330584f00b998288875c0586f: Time spent bootstrapping tablet: real 0.007s user 0.003s sys 0.000s
I0720 00:43:58.143019 4805 raft_consensus.cc:340] T ca6a2a19cbbe4648a8a76de1e43c405b P fc86e9a330584f00b998288875c0586f [term 0 FOLLOWER]: Replica starting. Triggering 0 pending transactions. Active config: opid_index: -1 OBSOLETE_local: false peers { permanent_uuid: "506b8430b3284890b468e7ef55b6ca79" member_type: VOTER last_known_addr { host: "127.0.58.129" port: 36375 } } peers { permanent_uuid: "a29a463e4c2e4f61a400dde426c625e8" member_type: VOTER last_known_addr { host: "127.0.58.130" port: 43527 } } peers { permanent_uuid: "fc86e9a330584f00b998288875c0586f" member_type: VOTER last_known_addr { host: "127.0.58.131" port: 42343 } }
I0720 00:43:58.143239 4809 tablet_bootstrap.cc:439] T 7869d31b2ece4c38b8cf73ba177d2787 P a29a463e4c2e4f61a400dde426c625e8: No bootstrap required, opened a new log
I0720 00:43:58.143288 4805 raft_consensus.cc:366] T ca6a2a19cbbe4648a8a76de1e43c405b P fc86e9a330584f00b998288875c0586f [term 0 FOLLOWER]: Consensus starting up: Expiring failure detector timer to make a prompt election more likely
I0720 00:43:58.143355 4805 raft_consensus.cc:705] T ca6a2a19cbbe4648a8a76de1e43c405b P fc86e9a330584f00b998288875c0586f [term 0 FOLLOWER]: Becoming Follower/Learner. State: Replica: fc86e9a330584f00b998288875c0586f, State: Initialized, Role: FOLLOWER
I0720 00:43:58.143612 4809 ts_tablet_manager.cc:1059] T 7869d31b2ece4c38b8cf73ba177d2787 P a29a463e4c2e4f61a400dde426c625e8: Time spent bootstrapping tablet: real 0.006s user 0.000s sys 0.003s
I0720 00:43:58.143580 4805 consensus_queue.cc:229] T ca6a2a19cbbe4648a8a76de1e43c405b P fc86e9a330584f00b998288875c0586f [NON_LEADER]: Queue going to NON_LEADER mode. State: All replicated index: 0, Majority replicated index: 0, Committed index: 0, Last appended: 0.0, Last appended by leader: 0, Current term: 0, Majority size: -1, State: 0, Mode: NON_LEADER, active raft config: opid_index: -1 OBSOLETE_local: false peers { permanent_uuid: "506b8430b3284890b468e7ef55b6ca79" member_type: VOTER last_known_addr { host: "127.0.58.129" port: 36375 } } peers { permanent_uuid: "a29a463e4c2e4f61a400dde426c625e8" member_type: VOTER last_known_addr { host: "127.0.58.130" port: 43527 } } peers { permanent_uuid: "fc86e9a330584f00b998288875c0586f" member_type: VOTER last_known_addr { host: "127.0.58.131" port: 42343 } }
I0720 00:43:58.143990 4814 tablet_bootstrap.cc:439] T 73ea05088cb24563bcf684d6199dd946 P 506b8430b3284890b468e7ef55b6ca79: No bootstrap required, opened a new log
I0720 00:43:58.144238 4814 ts_tablet_manager.cc:1059] T 73ea05088cb24563bcf684d6199dd946 P 506b8430b3284890b468e7ef55b6ca79: Time spent bootstrapping tablet: real 0.006s user 0.002s sys 0.000s
I0720 00:43:58.144398 4813 tablet_bootstrap.cc:439] T 0a7ad36f80f44067ba0087a2768e26ac P 506b8430b3284890b468e7ef55b6ca79: No bootstrap required, opened a new log
I0720 00:43:58.144745 4813 ts_tablet_manager.cc:1059] T 0a7ad36f80f44067ba0087a2768e26ac P 506b8430b3284890b468e7ef55b6ca79: Time spent bootstrapping tablet: real 0.022s user 0.002s sys 0.002s
I0720 00:43:58.145928 4811 tablet_bootstrap.cc:439] T 73ac7512c8584fe3ad887ffef570df8d P a29a463e4c2e4f61a400dde426c625e8: No bootstrap required, opened a new log
I0720 00:43:58.146124 4811 ts_tablet_manager.cc:1059] T 73ac7512c8584fe3ad887ffef570df8d P a29a463e4c2e4f61a400dde426c625e8: Time spent bootstrapping tablet: real 0.013s user 0.004s sys 0.000s
I0720 00:43:58.146664 4805 ts_tablet_manager.cc:1087] T ca6a2a19cbbe4648a8a76de1e43c405b P fc86e9a330584f00b998288875c0586f: Time spent starting tablet: real 0.004s user 0.001s sys 0.000s
I0720 00:43:58.146740 4812 tablet_bootstrap.cc:439] T c4890cfc794b469d8765701546219a19 P 506b8430b3284890b468e7ef55b6ca79: No bootstrap required, opened a new log
I0720 00:43:58.146876 4812 ts_tablet_manager.cc:1059] T c4890cfc794b469d8765701546219a19 P 506b8430b3284890b468e7ef55b6ca79: Time spent bootstrapping tablet: real 0.008s user 0.002s sys 0.000s
I0720 00:43:58.146991 4805 tablet_bootstrap.cc:439] T 7869d31b2ece4c38b8cf73ba177d2787 P fc86e9a330584f00b998288875c0586f: Bootstrap starting.
I0720 00:43:58.146953 4803 raft_consensus.cc:340] T 5758df4920ce4bbab0424048f13fea41 P fc86e9a330584f00b998288875c0586f [term 0 FOLLOWER]: Replica starting. Triggering 0 pending transactions. Active config: opid_index: -1 OBSOLETE_local: false peers { permanent_uuid: "a29a463e4c2e4f61a400dde426c625e8" member_type: VOTER last_known_addr { host: "127.0.58.130" port: 43527 } } peers { permanent_uuid: "506b8430b3284890b468e7ef55b6ca79" member_type: VOTER last_known_addr { host: "127.0.58.129" port: 36375 } } peers { permanent_uuid: "fc86e9a330584f00b998288875c0586f" member_type: VOTER last_known_addr { host: "127.0.58.131" port: 42343 } }
I0720 00:43:58.147583 4803 raft_consensus.cc:366] T 5758df4920ce4bbab0424048f13fea41 P fc86e9a330584f00b998288875c0586f [term 0 FOLLOWER]: Consensus starting up: Expiring failure detector timer to make a prompt election more likely
I0720 00:43:58.148247 4805 tablet_bootstrap.cc:590] T 7869d31b2ece4c38b8cf73ba177d2787 P fc86e9a330584f00b998288875c0586f: No blocks or log segments found. Creating new log.
I0720 00:43:58.148330 4803 raft_consensus.cc:705] T 5758df4920ce4bbab0424048f13fea41 P fc86e9a330584f00b998288875c0586f [term 0 FOLLOWER]: Becoming Follower/Learner. State: Replica: fc86e9a330584f00b998288875c0586f, State: Initialized, Role: FOLLOWER
I0720 00:43:58.148797 4810 tablet_bootstrap.cc:439] T 5758df4920ce4bbab0424048f13fea41 P a29a463e4c2e4f61a400dde426c625e8: No bootstrap required, opened a new log
I0720 00:43:58.148705 4803 consensus_queue.cc:229] T 5758df4920ce4bbab0424048f13fea41 P fc86e9a330584f00b998288875c0586f [NON_LEADER]: Queue going to NON_LEADER mode. State: All replicated index: 0, Majority replicated index: 0, Committed index: 0, Last appended: 0.0, Last appended by leader: 0, Current term: 0, Majority size: -1, State: 0, Mode: NON_LEADER, active raft config: opid_index: -1 OBSOLETE_local: false peers { permanent_uuid: "a29a463e4c2e4f61a400dde426c625e8" member_type: VOTER last_known_addr { host: "127.0.58.130" port: 43527 } } peers { permanent_uuid: "506b8430b3284890b468e7ef55b6ca79" member_type: VOTER last_known_addr { host: "127.0.58.129" port: 36375 } } peers { permanent_uuid: "fc86e9a330584f00b998288875c0586f" member_type: VOTER last_known_addr { host: "127.0.58.131" port: 42343 } }
I0720 00:43:58.148985 4810 ts_tablet_manager.cc:1059] T 5758df4920ce4bbab0424048f13fea41 P a29a463e4c2e4f61a400dde426c625e8: Time spent bootstrapping tablet: real 0.030s user 0.005s sys 0.005s
I0720 00:43:58.150422 4805 tablet_bootstrap.cc:439] T 7869d31b2ece4c38b8cf73ba177d2787 P fc86e9a330584f00b998288875c0586f: No bootstrap required, opened a new log
I0720 00:43:58.150605 4805 ts_tablet_manager.cc:1059] T 7869d31b2ece4c38b8cf73ba177d2787 P fc86e9a330584f00b998288875c0586f: Time spent bootstrapping tablet: real 0.004s user 0.003s sys 0.000s
I0720 00:43:58.151079 4803 ts_tablet_manager.cc:1087] T 5758df4920ce4bbab0424048f13fea41 P fc86e9a330584f00b998288875c0586f: Time spent starting tablet: real 0.039s user 0.000s sys 0.007s
I0720 00:43:58.151314 4803 tablet_bootstrap.cc:439] T 73ea05088cb24563bcf684d6199dd946 P fc86e9a330584f00b998288875c0586f: Bootstrap starting.
I0720 00:43:58.153340 4805 raft_consensus.cc:340] T 7869d31b2ece4c38b8cf73ba177d2787 P fc86e9a330584f00b998288875c0586f [term 0 FOLLOWER]: Replica starting. Triggering 0 pending transactions. Active config: opid_index: -1 OBSOLETE_local: false peers { permanent_uuid: "506b8430b3284890b468e7ef55b6ca79" member_type: VOTER last_known_addr { host: "127.0.58.129" port: 36375 } } peers { permanent_uuid: "a29a463e4c2e4f61a400dde426c625e8" member_type: VOTER last_known_addr { host: "127.0.58.130" port: 43527 } } peers { permanent_uuid: "fc86e9a330584f00b998288875c0586f" member_type: VOTER last_known_addr { host: "127.0.58.131" port: 42343 } }
I0720 00:43:58.153632 4805 raft_consensus.cc:366] T 7869d31b2ece4c38b8cf73ba177d2787 P fc86e9a330584f00b998288875c0586f [term 0 FOLLOWER]: Consensus starting up: Expiring failure detector timer to make a prompt election more likely
I0720 00:43:58.153671 4803 tablet_bootstrap.cc:590] T 73ea05088cb24563bcf684d6199dd946 P fc86e9a330584f00b998288875c0586f: No blocks or log segments found. Creating new log.
I0720 00:43:58.153708 4805 raft_consensus.cc:705] T 7869d31b2ece4c38b8cf73ba177d2787 P fc86e9a330584f00b998288875c0586f [term 0 FOLLOWER]: Becoming Follower/Learner. State: Replica: fc86e9a330584f00b998288875c0586f, State: Initialized, Role: FOLLOWER
I0720 00:43:58.154208 4805 consensus_queue.cc:229] T 7869d31b2ece4c38b8cf73ba177d2787 P fc86e9a330584f00b998288875c0586f [NON_LEADER]: Queue going to NON_LEADER mode. State: All replicated index: 0, Majority replicated index: 0, Committed index: 0, Last appended: 0.0, Last appended by leader: 0, Current term: 0, Majority size: -1, State: 0, Mode: NON_LEADER, active raft config: opid_index: -1 OBSOLETE_local: false peers { permanent_uuid: "506b8430b3284890b468e7ef55b6ca79" member_type: VOTER last_known_addr { host: "127.0.58.129" port: 36375 } } peers { permanent_uuid: "a29a463e4c2e4f61a400dde426c625e8" member_type: VOTER last_known_addr { host: "127.0.58.130" port: 43527 } } peers { permanent_uuid: "fc86e9a330584f00b998288875c0586f" member_type: VOTER last_known_addr { host: "127.0.58.131" port: 42343 } }
I0720 00:43:58.154887 4804 tablet_bootstrap.cc:439] T c4890cfc794b469d8765701546219a19 P fc86e9a330584f00b998288875c0586f: No bootstrap required, opened a new log
I0720 00:43:58.155452 4805 ts_tablet_manager.cc:1087] T 7869d31b2ece4c38b8cf73ba177d2787 P fc86e9a330584f00b998288875c0586f: Time spent starting tablet: real 0.005s user 0.002s sys 0.000s
I0720 00:43:58.156283 4804 ts_tablet_manager.cc:1059] T c4890cfc794b469d8765701546219a19 P fc86e9a330584f00b998288875c0586f: Time spent bootstrapping tablet: real 0.017s user 0.003s sys 0.000s
I0720 00:43:58.156865 4814 raft_consensus.cc:340] T 73ea05088cb24563bcf684d6199dd946 P 506b8430b3284890b468e7ef55b6ca79 [term 0 FOLLOWER]: Replica starting. Triggering 0 pending transactions. Active config: opid_index: -1 OBSOLETE_local: false peers { permanent_uuid: "506b8430b3284890b468e7ef55b6ca79" member_type: VOTER last_known_addr { host: "127.0.58.129" port: 36375 } } peers { permanent_uuid: "a29a463e4c2e4f61a400dde426c625e8" member_type: VOTER last_known_addr { host: "127.0.58.130" port: 43527 } } peers { permanent_uuid: "fc86e9a330584f00b998288875c0586f" member_type: VOTER last_known_addr { host: "127.0.58.131" port: 42343 } }
I0720 00:43:58.157301 4804 raft_consensus.cc:340] T c4890cfc794b469d8765701546219a19 P fc86e9a330584f00b998288875c0586f [term 0 FOLLOWER]: Replica starting. Triggering 0 pending transactions. Active config: opid_index: -1 OBSOLETE_local: false peers { permanent_uuid: "a29a463e4c2e4f61a400dde426c625e8" member_type: VOTER last_known_addr { host: "127.0.58.130" port: 43527 } } peers { permanent_uuid: "506b8430b3284890b468e7ef55b6ca79" member_type: VOTER last_known_addr { host: "127.0.58.129" port: 36375 } } peers { permanent_uuid: "fc86e9a330584f00b998288875c0586f" member_type: VOTER last_known_addr { host: "127.0.58.131" port: 42343 } }
I0720 00:43:58.157475 4814 raft_consensus.cc:366] T 73ea05088cb24563bcf684d6199dd946 P 506b8430b3284890b468e7ef55b6ca79 [term 0 FOLLOWER]: Consensus starting up: Expiring failure detector timer to make a prompt election more likely
I0720 00:43:58.157495 4804 raft_consensus.cc:366] T c4890cfc794b469d8765701546219a19 P fc86e9a330584f00b998288875c0586f [term 0 FOLLOWER]: Consensus starting up: Expiring failure detector timer to make a prompt election more likely
I0720 00:43:58.157526 4814 raft_consensus.cc:705] T 73ea05088cb24563bcf684d6199dd946 P 506b8430b3284890b468e7ef55b6ca79 [term 0 FOLLOWER]: Becoming Follower/Learner. State: Replica: 506b8430b3284890b468e7ef55b6ca79, State: Initialized, Role: FOLLOWER
I0720 00:43:58.157549 4804 raft_consensus.cc:705] T c4890cfc794b469d8765701546219a19 P fc86e9a330584f00b998288875c0586f [term 0 FOLLOWER]: Becoming Follower/Learner. State: Replica: fc86e9a330584f00b998288875c0586f, State: Initialized, Role: FOLLOWER
I0720 00:43:58.157692 4804 consensus_queue.cc:229] T c4890cfc794b469d8765701546219a19 P fc86e9a330584f00b998288875c0586f [NON_LEADER]: Queue going to NON_LEADER mode. State: All replicated index: 0, Majority replicated index: 0, Committed index: 0, Last appended: 0.0, Last appended by leader: 0, Current term: 0, Majority size: -1, State: 0, Mode: NON_LEADER, active raft config: opid_index: -1 OBSOLETE_local: false peers { permanent_uuid: "a29a463e4c2e4f61a400dde426c625e8" member_type: VOTER last_known_addr { host: "127.0.58.130" port: 43527 } } peers { permanent_uuid: "506b8430b3284890b468e7ef55b6ca79" member_type: VOTER last_known_addr { host: "127.0.58.129" port: 36375 } } peers { permanent_uuid: "fc86e9a330584f00b998288875c0586f" member_type: VOTER last_known_addr { host: "127.0.58.131" port: 42343 } }
I0720 00:43:58.157897 4814 consensus_queue.cc:229] T 73ea05088cb24563bcf684d6199dd946 P 506b8430b3284890b468e7ef55b6ca79 [NON_LEADER]: Queue going to NON_LEADER mode. State: All replicated index: 0, Majority replicated index: 0, Committed index: 0, Last appended: 0.0, Last appended by leader: 0, Current term: 0, Majority size: -1, State: 0, Mode: NON_LEADER, active raft config: opid_index: -1 OBSOLETE_local: false peers { permanent_uuid: "506b8430b3284890b468e7ef55b6ca79" member_type: VOTER last_known_addr { host: "127.0.58.129" port: 36375 } } peers { permanent_uuid: "a29a463e4c2e4f61a400dde426c625e8" member_type: VOTER last_known_addr { host: "127.0.58.130" port: 43527 } } peers { permanent_uuid: "fc86e9a330584f00b998288875c0586f" member_type: VOTER last_known_addr { host: "127.0.58.131" port: 42343 } }
I0720 00:43:58.157317 4813 raft_consensus.cc:340] T 0a7ad36f80f44067ba0087a2768e26ac P 506b8430b3284890b468e7ef55b6ca79 [term 0 FOLLOWER]: Replica starting. Triggering 0 pending transactions. Active config: opid_index: -1 OBSOLETE_local: false peers { permanent_uuid: "506b8430b3284890b468e7ef55b6ca79" member_type: VOTER last_known_addr { host: "127.0.58.129" port: 36375 } } peers { permanent_uuid: "a29a463e4c2e4f61a400dde426c625e8" member_type: VOTER last_known_addr { host: "127.0.58.130" port: 43527 } } peers { permanent_uuid: "fc86e9a330584f00b998288875c0586f" member_type: VOTER last_known_addr { host: "127.0.58.131" port: 42343 } }
I0720 00:43:58.156474 4805 tablet_bootstrap.cc:439] T 0a7ad36f80f44067ba0087a2768e26ac P fc86e9a330584f00b998288875c0586f: Bootstrap starting.
I0720 00:43:58.158169 4813 raft_consensus.cc:366] T 0a7ad36f80f44067ba0087a2768e26ac P 506b8430b3284890b468e7ef55b6ca79 [term 0 FOLLOWER]: Consensus starting up: Expiring failure detector timer to make a prompt election more likely
I0720 00:43:58.158206 4813 raft_consensus.cc:705] T 0a7ad36f80f44067ba0087a2768e26ac P 506b8430b3284890b468e7ef55b6ca79 [term 0 FOLLOWER]: Becoming Follower/Learner. State: Replica: 506b8430b3284890b468e7ef55b6ca79, State: Initialized, Role: FOLLOWER
I0720 00:43:58.155635 4803 tablet_bootstrap.cc:439] T 73ea05088cb24563bcf684d6199dd946 P fc86e9a330584f00b998288875c0586f: No bootstrap required, opened a new log
I0720 00:43:58.158334 4813 consensus_queue.cc:229] T 0a7ad36f80f44067ba0087a2768e26ac P 506b8430b3284890b468e7ef55b6ca79 [NON_LEADER]: Queue going to NON_LEADER mode. State: All replicated index: 0, Majority replicated index: 0, Committed index: 0, Last appended: 0.0, Last appended by leader: 0, Current term: 0, Majority size: -1, State: 0, Mode: NON_LEADER, active raft config: opid_index: -1 OBSOLETE_local: false peers { permanent_uuid: "506b8430b3284890b468e7ef55b6ca79" member_type: VOTER last_known_addr { host: "127.0.58.129" port: 36375 } } peers { permanent_uuid: "a29a463e4c2e4f61a400dde426c625e8" member_type: VOTER last_known_addr { host: "127.0.58.130" port: 43527 } } peers { permanent_uuid: "fc86e9a330584f00b998288875c0586f" member_type: VOTER last_known_addr { host: "127.0.58.131" port: 42343 } }
I0720 00:43:58.158689 4812 raft_consensus.cc:340] T c4890cfc794b469d8765701546219a19 P 506b8430b3284890b468e7ef55b6ca79 [term 0 FOLLOWER]: Replica starting. Triggering 0 pending transactions. Active config: opid_index: -1 OBSOLETE_local: false peers { permanent_uuid: "a29a463e4c2e4f61a400dde426c625e8" member_type: VOTER last_known_addr { host: "127.0.58.130" port: 43527 } } peers { permanent_uuid: "506b8430b3284890b468e7ef55b6ca79" member_type: VOTER last_known_addr { host: "127.0.58.129" port: 36375 } } peers { permanent_uuid: "fc86e9a330584f00b998288875c0586f" member_type: VOTER last_known_addr { host: "127.0.58.131" port: 42343 } }
I0720 00:43:58.158829 4812 raft_consensus.cc:366] T c4890cfc794b469d8765701546219a19 P 506b8430b3284890b468e7ef55b6ca79 [term 0 FOLLOWER]: Consensus starting up: Expiring failure detector timer to make a prompt election more likely
I0720 00:43:58.158862 4812 raft_consensus.cc:705] T c4890cfc794b469d8765701546219a19 P 506b8430b3284890b468e7ef55b6ca79 [term 0 FOLLOWER]: Becoming Follower/Learner. State: Replica: 506b8430b3284890b468e7ef55b6ca79, State: Initialized, Role: FOLLOWER
I0720 00:43:58.158998 4812 consensus_queue.cc:229] T c4890cfc794b469d8765701546219a19 P 506b8430b3284890b468e7ef55b6ca79 [NON_LEADER]: Queue going to NON_LEADER mode. State: All replicated index: 0, Majority replicated index: 0, Committed index: 0, Last appended: 0.0, Last appended by leader: 0, Current term: 0, Majority size: -1, State: 0, Mode: NON_LEADER, active raft config: opid_index: -1 OBSOLETE_local: false peers { permanent_uuid: "a29a463e4c2e4f61a400dde426c625e8" member_type: VOTER last_known_addr { host: "127.0.58.130" port: 43527 } } peers { permanent_uuid: "506b8430b3284890b468e7ef55b6ca79" member_type: VOTER last_known_addr { host: "127.0.58.129" port: 36375 } } peers { permanent_uuid: "fc86e9a330584f00b998288875c0586f" member_type: VOTER last_known_addr { host: "127.0.58.131" port: 42343 } }
I0720 00:43:58.159605 4530 heartbeater.cc:446] Master 127.0.58.190:42541 was elected leader, sending a full tablet report...
I0720 00:43:58.160167 4813 ts_tablet_manager.cc:1087] T 0a7ad36f80f44067ba0087a2768e26ac P 506b8430b3284890b468e7ef55b6ca79: Time spent starting tablet: real 0.015s user 0.002s sys 0.002s
I0720 00:43:58.160434 4813 tablet_bootstrap.cc:439] T 73ac7512c8584fe3ad887ffef570df8d P 506b8430b3284890b468e7ef55b6ca79: Bootstrap starting.
I0720 00:43:58.161440 4813 tablet_bootstrap.cc:590] T 73ac7512c8584fe3ad887ffef570df8d P 506b8430b3284890b468e7ef55b6ca79: No blocks or log segments found. Creating new log.
I0720 00:43:58.162186 4812 ts_tablet_manager.cc:1087] T c4890cfc794b469d8765701546219a19 P 506b8430b3284890b468e7ef55b6ca79: Time spent starting tablet: real 0.015s user 0.001s sys 0.003s
I0720 00:43:58.162356 4812 tablet_bootstrap.cc:439] T ca6a2a19cbbe4648a8a76de1e43c405b P 506b8430b3284890b468e7ef55b6ca79: Bootstrap starting.
I0720 00:43:58.163229 4812 tablet_bootstrap.cc:590] T ca6a2a19cbbe4648a8a76de1e43c405b P 506b8430b3284890b468e7ef55b6ca79: No blocks or log segments found. Creating new log.
I0720 00:43:58.164181 4803 ts_tablet_manager.cc:1059] T 73ea05088cb24563bcf684d6199dd946 P fc86e9a330584f00b998288875c0586f: Time spent bootstrapping tablet: real 0.007s user 0.003s sys 0.000s
I0720 00:43:58.164479 4805 tablet_bootstrap.cc:590] T 0a7ad36f80f44067ba0087a2768e26ac P fc86e9a330584f00b998288875c0586f: No blocks or log segments found. Creating new log.
I0720 00:43:58.165112 4814 ts_tablet_manager.cc:1087] T 73ea05088cb24563bcf684d6199dd946 P 506b8430b3284890b468e7ef55b6ca79: Time spent starting tablet: real 0.021s user 0.003s sys 0.003s
I0720 00:43:58.165364 4814 tablet_bootstrap.cc:439] T 7869d31b2ece4c38b8cf73ba177d2787 P 506b8430b3284890b468e7ef55b6ca79: Bootstrap starting.
I0720 00:43:58.165246 4803 raft_consensus.cc:340] T 73ea05088cb24563bcf684d6199dd946 P fc86e9a330584f00b998288875c0586f [term 0 FOLLOWER]: Replica starting. Triggering 0 pending transactions. Active config: opid_index: -1 OBSOLETE_local: false peers { permanent_uuid: "506b8430b3284890b468e7ef55b6ca79" member_type: VOTER last_known_addr { host: "127.0.58.129" port: 36375 } } peers { permanent_uuid: "a29a463e4c2e4f61a400dde426c625e8" member_type: VOTER last_known_addr { host: "127.0.58.130" port: 43527 } } peers { permanent_uuid: "fc86e9a330584f00b998288875c0586f" member_type: VOTER last_known_addr { host: "127.0.58.131" port: 42343 } }
I0720 00:43:58.165582 4803 raft_consensus.cc:366] T 73ea05088cb24563bcf684d6199dd946 P fc86e9a330584f00b998288875c0586f [term 0 FOLLOWER]: Consensus starting up: Expiring failure detector timer to make a prompt election more likely
I0720 00:43:58.165645 4803 raft_consensus.cc:705] T 73ea05088cb24563bcf684d6199dd946 P fc86e9a330584f00b998288875c0586f [term 0 FOLLOWER]: Becoming Follower/Learner. State: Replica: fc86e9a330584f00b998288875c0586f, State: Initialized, Role: FOLLOWER
I0720 00:43:58.165854 4803 consensus_queue.cc:229] T 73ea05088cb24563bcf684d6199dd946 P fc86e9a330584f00b998288875c0586f [NON_LEADER]: Queue going to NON_LEADER mode. State: All replicated index: 0, Majority replicated index: 0, Committed index: 0, Last appended: 0.0, Last appended by leader: 0, Current term: 0, Majority size: -1, State: 0, Mode: NON_LEADER, active raft config: opid_index: -1 OBSOLETE_local: false peers { permanent_uuid: "506b8430b3284890b468e7ef55b6ca79" member_type: VOTER last_known_addr { host: "127.0.58.129" port: 36375 } } peers { permanent_uuid: "a29a463e4c2e4f61a400dde426c625e8" member_type: VOTER last_known_addr { host: "127.0.58.130" port: 43527 } } peers { permanent_uuid: "fc86e9a330584f00b998288875c0586f" member_type: VOTER last_known_addr { host: "127.0.58.131" port: 42343 } }
I0720 00:43:58.166708 4813 tablet_bootstrap.cc:439] T 73ac7512c8584fe3ad887ffef570df8d P 506b8430b3284890b468e7ef55b6ca79: No bootstrap required, opened a new log
I0720 00:43:58.167073 4813 ts_tablet_manager.cc:1059] T 73ac7512c8584fe3ad887ffef570df8d P 506b8430b3284890b468e7ef55b6ca79: Time spent bootstrapping tablet: real 0.007s user 0.001s sys 0.001s
I0720 00:43:58.167552 4813 raft_consensus.cc:340] T 73ac7512c8584fe3ad887ffef570df8d P 506b8430b3284890b468e7ef55b6ca79 [term 0 FOLLOWER]: Replica starting. Triggering 0 pending transactions. Active config: opid_index: -1 OBSOLETE_local: false peers { permanent_uuid: "506b8430b3284890b468e7ef55b6ca79" member_type: VOTER last_known_addr { host: "127.0.58.129" port: 36375 } } peers { permanent_uuid: "a29a463e4c2e4f61a400dde426c625e8" member_type: VOTER last_known_addr { host: "127.0.58.130" port: 43527 } } peers { permanent_uuid: "fc86e9a330584f00b998288875c0586f" member_type: VOTER last_known_addr { host: "127.0.58.131" port: 42343 } }
I0720 00:43:58.167765 4813 raft_consensus.cc:366] T 73ac7512c8584fe3ad887ffef570df8d P 506b8430b3284890b468e7ef55b6ca79 [term 0 FOLLOWER]: Consensus starting up: Expiring failure detector timer to make a prompt election more likely
I0720 00:43:58.167834 4813 raft_consensus.cc:705] T 73ac7512c8584fe3ad887ffef570df8d P 506b8430b3284890b468e7ef55b6ca79 [term 0 FOLLOWER]: Becoming Follower/Learner. State: Replica: 506b8430b3284890b468e7ef55b6ca79, State: Initialized, Role: FOLLOWER
I0720 00:43:58.166985 4814 tablet_bootstrap.cc:590] T 7869d31b2ece4c38b8cf73ba177d2787 P 506b8430b3284890b468e7ef55b6ca79: No blocks or log segments found. Creating new log.
I0720 00:43:58.168931 4812 tablet_bootstrap.cc:439] T ca6a2a19cbbe4648a8a76de1e43c405b P 506b8430b3284890b468e7ef55b6ca79: No bootstrap required, opened a new log
I0720 00:43:58.169064 4812 ts_tablet_manager.cc:1059] T ca6a2a19cbbe4648a8a76de1e43c405b P 506b8430b3284890b468e7ef55b6ca79: Time spent bootstrapping tablet: real 0.007s user 0.002s sys 0.000s
I0720 00:43:58.169185 4803 ts_tablet_manager.cc:1087] T 73ea05088cb24563bcf684d6199dd946 P fc86e9a330584f00b998288875c0586f: Time spent starting tablet: real 0.005s user 0.000s sys 0.001s
I0720 00:43:58.169051 4809 raft_consensus.cc:340] T 7869d31b2ece4c38b8cf73ba177d2787 P a29a463e4c2e4f61a400dde426c625e8 [term 0 FOLLOWER]: Replica starting. Triggering 0 pending transactions. Active config: opid_index: -1 OBSOLETE_local: false peers { permanent_uuid: "506b8430b3284890b468e7ef55b6ca79" member_type: VOTER last_known_addr { host: "127.0.58.129" port: 36375 } } peers { permanent_uuid: "a29a463e4c2e4f61a400dde426c625e8" member_type: VOTER last_known_addr { host: "127.0.58.130" port: 43527 } } peers { permanent_uuid: "fc86e9a330584f00b998288875c0586f" member_type: VOTER last_known_addr { host: "127.0.58.131" port: 42343 } }
I0720 00:43:58.169478 4803 tablet_bootstrap.cc:439] T 19920b309dd84a01b2cc74ddbbd10854 P fc86e9a330584f00b998288875c0586f: Bootstrap starting.
I0720 00:43:58.169518 4812 raft_consensus.cc:340] T ca6a2a19cbbe4648a8a76de1e43c405b P 506b8430b3284890b468e7ef55b6ca79 [term 0 FOLLOWER]: Replica starting. Triggering 0 pending transactions. Active config: opid_index: -1 OBSOLETE_local: false peers { permanent_uuid: "506b8430b3284890b468e7ef55b6ca79" member_type: VOTER last_known_addr { host: "127.0.58.129" port: 36375 } } peers { permanent_uuid: "a29a463e4c2e4f61a400dde426c625e8" member_type: VOTER last_known_addr { host: "127.0.58.130" port: 43527 } } peers { permanent_uuid: "fc86e9a330584f00b998288875c0586f" member_type: VOTER last_known_addr { host: "127.0.58.131" port: 42343 } }
I0720 00:43:58.169878 4812 raft_consensus.cc:366] T ca6a2a19cbbe4648a8a76de1e43c405b P 506b8430b3284890b468e7ef55b6ca79 [term 0 FOLLOWER]: Consensus starting up: Expiring failure detector timer to make a prompt election more likely
I0720 00:43:58.169930 4812 raft_consensus.cc:705] T ca6a2a19cbbe4648a8a76de1e43c405b P 506b8430b3284890b468e7ef55b6ca79 [term 0 FOLLOWER]: Becoming Follower/Learner. State: Replica: 506b8430b3284890b468e7ef55b6ca79, State: Initialized, Role: FOLLOWER
I0720 00:43:58.170219 4809 raft_consensus.cc:366] T 7869d31b2ece4c38b8cf73ba177d2787 P a29a463e4c2e4f61a400dde426c625e8 [term 0 FOLLOWER]: Consensus starting up: Expiring failure detector timer to make a prompt election more likely
I0720 00:43:58.170163 4812 consensus_queue.cc:229] T ca6a2a19cbbe4648a8a76de1e43c405b P 506b8430b3284890b468e7ef55b6ca79 [NON_LEADER]: Queue going to NON_LEADER mode. State: All replicated index: 0, Majority replicated index: 0, Committed index: 0, Last appended: 0.0, Last appended by leader: 0, Current term: 0, Majority size: -1, State: 0, Mode: NON_LEADER, active raft config: opid_index: -1 OBSOLETE_local: false peers { permanent_uuid: "506b8430b3284890b468e7ef55b6ca79" member_type: VOTER last_known_addr { host: "127.0.58.129" port: 36375 } } peers { permanent_uuid: "a29a463e4c2e4f61a400dde426c625e8" member_type: VOTER last_known_addr { host: "127.0.58.130" port: 43527 } } peers { permanent_uuid: "fc86e9a330584f00b998288875c0586f" member_type: VOTER last_known_addr { host: "127.0.58.131" port: 42343 } }
I0720 00:43:58.170013 4811 raft_consensus.cc:340] T 73ac7512c8584fe3ad887ffef570df8d P a29a463e4c2e4f61a400dde426c625e8 [term 0 FOLLOWER]: Replica starting. Triggering 0 pending transactions. Active config: opid_index: -1 OBSOLETE_local: false peers { permanent_uuid: "506b8430b3284890b468e7ef55b6ca79" member_type: VOTER last_known_addr { host: "127.0.58.129" port: 36375 } } peers { permanent_uuid: "a29a463e4c2e4f61a400dde426c625e8" member_type: VOTER last_known_addr { host: "127.0.58.130" port: 43527 } } peers { permanent_uuid: "fc86e9a330584f00b998288875c0586f" member_type: VOTER last_known_addr { host: "127.0.58.131" port: 42343 } }
I0720 00:43:58.170385 4811 raft_consensus.cc:366] T 73ac7512c8584fe3ad887ffef570df8d P a29a463e4c2e4f61a400dde426c625e8 [term 0 FOLLOWER]: Consensus starting up: Expiring failure detector timer to make a prompt election more likely
I0720 00:43:58.170433 4812 ts_tablet_manager.cc:1087] T ca6a2a19cbbe4648a8a76de1e43c405b P 506b8430b3284890b468e7ef55b6ca79: Time spent starting tablet: real 0.001s user 0.001s sys 0.000s
I0720 00:43:58.170485 4811 raft_consensus.cc:705] T 73ac7512c8584fe3ad887ffef570df8d P a29a463e4c2e4f61a400dde426c625e8 [term 0 FOLLOWER]: Becoming Follower/Learner. State: Replica: a29a463e4c2e4f61a400dde426c625e8, State: Initialized, Role: FOLLOWER
I0720 00:43:58.170630 4803 tablet_bootstrap.cc:590] T 19920b309dd84a01b2cc74ddbbd10854 P fc86e9a330584f00b998288875c0586f: No blocks or log segments found. Creating new log.
I0720 00:43:58.170703 4812 tablet_bootstrap.cc:439] T 9ef65edd881743f691ebb903dad80c36 P 506b8430b3284890b468e7ef55b6ca79: Bootstrap starting.
I0720 00:43:58.171066 4811 consensus_queue.cc:229] T 73ac7512c8584fe3ad887ffef570df8d P a29a463e4c2e4f61a400dde426c625e8 [NON_LEADER]: Queue going to NON_LEADER mode. State: All replicated index: 0, Majority replicated index: 0, Committed index: 0, Last appended: 0.0, Last appended by leader: 0, Current term: 0, Majority size: -1, State: 0, Mode: NON_LEADER, active raft config: opid_index: -1 OBSOLETE_local: false peers { permanent_uuid: "506b8430b3284890b468e7ef55b6ca79" member_type: VOTER last_known_addr { host: "127.0.58.129" port: 36375 } } peers { permanent_uuid: "a29a463e4c2e4f61a400dde426c625e8" member_type: VOTER last_known_addr { host: "127.0.58.130" port: 43527 } } peers { permanent_uuid: "fc86e9a330584f00b998288875c0586f" member_type: VOTER last_known_addr { host: "127.0.58.131" port: 42343 } }
I0720 00:43:58.169766 4810 raft_consensus.cc:340] T 5758df4920ce4bbab0424048f13fea41 P a29a463e4c2e4f61a400dde426c625e8 [term 0 FOLLOWER]: Replica starting. Triggering 0 pending transactions. Active config: opid_index: -1 OBSOLETE_local: false peers { permanent_uuid: "a29a463e4c2e4f61a400dde426c625e8" member_type: VOTER last_known_addr { host: "127.0.58.130" port: 43527 } } peers { permanent_uuid: "506b8430b3284890b468e7ef55b6ca79" member_type: VOTER last_known_addr { host: "127.0.58.129" port: 36375 } } peers { permanent_uuid: "fc86e9a330584f00b998288875c0586f" member_type: VOTER last_known_addr { host: "127.0.58.131" port: 42343 } }
I0720 00:43:58.171635 4810 raft_consensus.cc:366] T 5758df4920ce4bbab0424048f13fea41 P a29a463e4c2e4f61a400dde426c625e8 [term 0 FOLLOWER]: Consensus starting up: Expiring failure detector timer to make a prompt election more likely
I0720 00:43:58.171723 4810 raft_consensus.cc:705] T 5758df4920ce4bbab0424048f13fea41 P a29a463e4c2e4f61a400dde426c625e8 [term 0 FOLLOWER]: Becoming Follower/Learner. State: Replica: a29a463e4c2e4f61a400dde426c625e8, State: Initialized, Role: FOLLOWER
I0720 00:43:58.171823 4805 tablet_bootstrap.cc:439] T 0a7ad36f80f44067ba0087a2768e26ac P fc86e9a330584f00b998288875c0586f: No bootstrap required, opened a new log
I0720 00:43:58.171124 4813 consensus_queue.cc:229] T 73ac7512c8584fe3ad887ffef570df8d P 506b8430b3284890b468e7ef55b6ca79 [NON_LEADER]: Queue going to NON_LEADER mode. State: All replicated index: 0, Majority replicated index: 0, Committed index: 0, Last appended: 0.0, Last appended by leader: 0, Current term: 0, Majority size: -1, State: 0, Mode: NON_LEADER, active raft config: opid_index: -1 OBSOLETE_local: false peers { permanent_uuid: "506b8430b3284890b468e7ef55b6ca79" member_type: VOTER last_known_addr { host: "127.0.58.129" port: 36375 } } peers { permanent_uuid: "a29a463e4c2e4f61a400dde426c625e8" member_type: VOTER last_known_addr { host: "127.0.58.130" port: 43527 } } peers { permanent_uuid: "fc86e9a330584f00b998288875c0586f" member_type: VOTER last_known_addr { host: "127.0.58.131" port: 42343 } }
I0720 00:43:58.171995 4805 ts_tablet_manager.cc:1059] T 0a7ad36f80f44067ba0087a2768e26ac P fc86e9a330584f00b998288875c0586f: Time spent bootstrapping tablet: real 0.016s user 0.003s sys 0.000s
I0720 00:43:58.171958 4810 consensus_queue.cc:229] T 5758df4920ce4bbab0424048f13fea41 P a29a463e4c2e4f61a400dde426c625e8 [NON_LEADER]: Queue going to NON_LEADER mode. State: All replicated index: 0, Majority replicated index: 0, Committed index: 0, Last appended: 0.0, Last appended by leader: 0, Current term: 0, Majority size: -1, State: 0, Mode: NON_LEADER, active raft config: opid_index: -1 OBSOLETE_local: false peers { permanent_uuid: "a29a463e4c2e4f61a400dde426c625e8" member_type: VOTER last_known_addr { host: "127.0.58.130" port: 43527 } } peers { permanent_uuid: "506b8430b3284890b468e7ef55b6ca79" member_type: VOTER last_known_addr { host: "127.0.58.129" port: 36375 } } peers { permanent_uuid: "fc86e9a330584f00b998288875c0586f" member_type: VOTER last_known_addr { host: "127.0.58.131" port: 42343 } }
I0720 00:43:58.172119 4813 ts_tablet_manager.cc:1087] T 73ac7512c8584fe3ad887ffef570df8d P 506b8430b3284890b468e7ef55b6ca79: Time spent starting tablet: real 0.005s user 0.000s sys 0.000s
I0720 00:43:58.172343 4813 tablet_bootstrap.cc:439] T 5758df4920ce4bbab0424048f13fea41 P 506b8430b3284890b468e7ef55b6ca79: Bootstrap starting.
I0720 00:43:58.172515 4805 raft_consensus.cc:340] T 0a7ad36f80f44067ba0087a2768e26ac P fc86e9a330584f00b998288875c0586f [term 0 FOLLOWER]: Replica starting. Triggering 0 pending transactions. Active config: opid_index: -1 OBSOLETE_local: false peers { permanent_uuid: "506b8430b3284890b468e7ef55b6ca79" member_type: VOTER last_known_addr { host: "127.0.58.129" port: 36375 } } peers { permanent_uuid: "a29a463e4c2e4f61a400dde426c625e8" member_type: VOTER last_known_addr { host: "127.0.58.130" port: 43527 } } peers { permanent_uuid: "fc86e9a330584f00b998288875c0586f" member_type: VOTER last_known_addr { host: "127.0.58.131" port: 42343 } }
I0720 00:43:58.172209 4812 tablet_bootstrap.cc:590] T 9ef65edd881743f691ebb903dad80c36 P 506b8430b3284890b468e7ef55b6ca79: No blocks or log segments found. Creating new log.
I0720 00:43:58.172729 4805 raft_consensus.cc:366] T 0a7ad36f80f44067ba0087a2768e26ac P fc86e9a330584f00b998288875c0586f [term 0 FOLLOWER]: Consensus starting up: Expiring failure detector timer to make a prompt election more likely
I0720 00:43:58.172760 4805 raft_consensus.cc:705] T 0a7ad36f80f44067ba0087a2768e26ac P fc86e9a330584f00b998288875c0586f [term 0 FOLLOWER]: Becoming Follower/Learner. State: Replica: fc86e9a330584f00b998288875c0586f, State: Initialized, Role: FOLLOWER
