I0720 00:44:06.720041 5836 raft_consensus.cc:2644] T dff7af31a11e4cf78f6efbbfa12762d3 P aedbe741f4014e40ae382c213ab0d151 [term 1 FOLLOWER]: Leader election won for term 1
I0720 00:44:06.720167 5836 raft_consensus.cc:667] T dff7af31a11e4cf78f6efbbfa12762d3 P aedbe741f4014e40ae382c213ab0d151 [term 1 LEADER]: Becoming Leader. State: Replica: aedbe741f4014e40ae382c213ab0d151, State: Running, Role: LEADER
I0720 00:44:06.720445 5836 consensus_queue.cc:206] T dff7af31a11e4cf78f6efbbfa12762d3 P aedbe741f4014e40ae382c213ab0d151 [LEADER]: Queue going to LEADER mode. State: All replicated index: 0, Majority replicated index: 0, Committed index: 0, Last appended: 0.0, Last appended by leader: 0, Current term: 1, Majority size: 2, State: 0, Mode: LEADER, active raft config: opid_index: -1 OBSOLETE_local: false peers { permanent_uuid: "445c7e479f0246a5b26400b1cd4d8d27" member_type: VOTER last_known_addr { host: "127.0.58.130" port: 39833 } } peers { permanent_uuid: "be9af1eb9bb14a7e8ef0cf71154d5e6e" member_type: VOTER last_known_addr { host: "127.0.58.129" port: 34347 } } peers { permanent_uuid: "aedbe741f4014e40ae382c213ab0d151" member_type: VOTER last_known_addr { host: "127.0.58.131" port: 46091 } }
I0720 00:44:06.720885 5750 raft_consensus.cc:2350] T 6c0c6e70945746faa55c4964f07a5a86 P aedbe741f4014e40ae382c213ab0d151 [term 1 FOLLOWER]: Leader election vote request: Granting yes vote for candidate 445c7e479f0246a5b26400b1cd4d8d27 in term 1.
I0720 00:44:06.722630 5375 catalog_manager.cc:4067] T dff7af31a11e4cf78f6efbbfa12762d3 P aedbe741f4014e40ae382c213ab0d151 reported cstate change: term changed from 0 to 1, leader changed from to aedbe741f4014e40ae382c213ab0d151 (127.0.58.131). New cstate: current_term: 1 leader_uuid: "aedbe741f4014e40ae382c213ab0d151" committed_config { opid_index: -1 OBSOLETE_local: false peers { permanent_uuid: "445c7e479f0246a5b26400b1cd4d8d27" member_type: VOTER last_known_addr { host: "127.0.58.130" port: 39833 } health_report { overall_health: UNKNOWN } } peers { permanent_uuid: "be9af1eb9bb14a7e8ef0cf71154d5e6e" member_type: VOTER last_known_addr { host: "127.0.58.129" port: 34347 } health_report { overall_health: UNKNOWN } } peers { permanent_uuid: "aedbe741f4014e40ae382c213ab0d151" member_type: VOTER last_known_addr { host: "127.0.58.131" port: 46091 } health_report { overall_health: HEALTHY } } }
I0720 00:44:06.751557 5836 raft_consensus.cc:472] T 43e3ab995f34471c92e887c28c2e2e0f P aedbe741f4014e40ae382c213ab0d151 [term 0 FOLLOWER]: Starting pre-election (no leader contacted us within the election timeout)
I0720 00:44:06.751708 5836 raft_consensus.cc:494] T 43e3ab995f34471c92e887c28c2e2e0f P aedbe741f4014e40ae382c213ab0d151 [term 0 FOLLOWER]: Starting pre-election with config: opid_index: -1 OBSOLETE_local: false peers { permanent_uuid: "445c7e479f0246a5b26400b1cd4d8d27" member_type: VOTER last_known_addr { host: "127.0.58.130" port: 39833 } } peers { permanent_uuid: "be9af1eb9bb14a7e8ef0cf71154d5e6e" member_type: VOTER last_known_addr { host: "127.0.58.129" port: 34347 } } peers { permanent_uuid: "aedbe741f4014e40ae382c213ab0d151" member_type: VOTER last_known_addr { host: "127.0.58.131" port: 46091 } }
I0720 00:44:06.752354 5836 leader_election.cc:296] T 43e3ab995f34471c92e887c28c2e2e0f P aedbe741f4014e40ae382c213ab0d151 [CANDIDATE]: Term 1 pre-election: Requested pre-vote from peers 445c7e479f0246a5b26400b1cd4d8d27 (127.0.58.130:39833), be9af1eb9bb14a7e8ef0cf71154d5e6e (127.0.58.129:34347)
I0720 00:44:06.753001 5626 tablet_service.cc:1295] Received RequestConsensusVote() RPC: tablet_id: "43e3ab995f34471c92e887c28c2e2e0f" candidate_uuid: "aedbe741f4014e40ae382c213ab0d151" candidate_term: 1 candidate_status { last_received { term: 0 index: 0 } } ignore_live_leader: false dest_uuid: "445c7e479f0246a5b26400b1cd4d8d27" is_pre_election: true
I0720 00:44:06.753001 5501 tablet_service.cc:1295] Received RequestConsensusVote() RPC: tablet_id: "43e3ab995f34471c92e887c28c2e2e0f" candidate_uuid: "aedbe741f4014e40ae382c213ab0d151" candidate_term: 1 candidate_status { last_received { term: 0 index: 0 } } ignore_live_leader: false dest_uuid: "be9af1eb9bb14a7e8ef0cf71154d5e6e" is_pre_election: true
I0720 00:44:06.753224 5501 raft_consensus.cc:2350] T 43e3ab995f34471c92e887c28c2e2e0f P be9af1eb9bb14a7e8ef0cf71154d5e6e [term 0 FOLLOWER]: Leader pre-election vote request: Granting yes vote for candidate aedbe741f4014e40ae382c213ab0d151 in term 0.
I0720 00:44:06.753224 5626 raft_consensus.cc:2350] T 43e3ab995f34471c92e887c28c2e2e0f P 445c7e479f0246a5b26400b1cd4d8d27 [term 0 FOLLOWER]: Leader pre-election vote request: Granting yes vote for candidate aedbe741f4014e40ae382c213ab0d151 in term 0.
I0720 00:44:06.753643 5682 leader_election.cc:310] T 43e3ab995f34471c92e887c28c2e2e0f P aedbe741f4014e40ae382c213ab0d151 [CANDIDATE]: Term 1 pre-election: Election decided. Result: candidate won. Election summary: received 3 responses out of 3 voters: 3 yes votes; 0 no votes. yes voters: 445c7e479f0246a5b26400b1cd4d8d27, aedbe741f4014e40ae382c213ab0d151, be9af1eb9bb14a7e8ef0cf71154d5e6e; no voters:
I0720 00:44:06.753952 5836 raft_consensus.cc:2644] T 43e3ab995f34471c92e887c28c2e2e0f P aedbe741f4014e40ae382c213ab0d151 [term 0 FOLLOWER]: Leader pre-election won for term 1
I0720 00:44:06.754029 5836 raft_consensus.cc:472] T 43e3ab995f34471c92e887c28c2e2e0f P aedbe741f4014e40ae382c213ab0d151 [term 0 FOLLOWER]: Starting leader election (no leader contacted us within the election timeout)
I0720 00:44:06.754101 5836 raft_consensus.cc:2890] T 43e3ab995f34471c92e887c28c2e2e0f P aedbe741f4014e40ae382c213ab0d151 [term 0 FOLLOWER]: Advancing to term 1
I0720 00:44:06.755174 5837 raft_consensus.cc:472] T 26b0b6bdff8a4bc7be9e3eeff65c3b9a P aedbe741f4014e40ae382c213ab0d151 [term 0 FOLLOWER]: Starting pre-election (no leader contacted us within the election timeout)
I0720 00:44:06.755297 5837 raft_consensus.cc:494] T 26b0b6bdff8a4bc7be9e3eeff65c3b9a P aedbe741f4014e40ae382c213ab0d151 [term 0 FOLLOWER]: Starting pre-election with config: opid_index: -1 OBSOLETE_local: false peers { permanent_uuid: "be9af1eb9bb14a7e8ef0cf71154d5e6e" member_type: VOTER last_known_addr { host: "127.0.58.129" port: 34347 } } peers { permanent_uuid: "445c7e479f0246a5b26400b1cd4d8d27" member_type: VOTER last_known_addr { host: "127.0.58.130" port: 39833 } } peers { permanent_uuid: "aedbe741f4014e40ae382c213ab0d151" member_type: VOTER last_known_addr { host: "127.0.58.131" port: 46091 } }
I0720 00:44:06.755831 5837 leader_election.cc:296] T 26b0b6bdff8a4bc7be9e3eeff65c3b9a P aedbe741f4014e40ae382c213ab0d151 [CANDIDATE]: Term 1 pre-election: Requested pre-vote from peers be9af1eb9bb14a7e8ef0cf71154d5e6e (127.0.58.129:34347), 445c7e479f0246a5b26400b1cd4d8d27 (127.0.58.130:39833)
I0720 00:44:06.756012 5836 raft_consensus.cc:494] T 43e3ab995f34471c92e887c28c2e2e0f P aedbe741f4014e40ae382c213ab0d151 [term 1 FOLLOWER]: Starting leader election with config: opid_index: -1 OBSOLETE_local: false peers { permanent_uuid: "445c7e479f0246a5b26400b1cd4d8d27" member_type: VOTER last_known_addr { host: "127.0.58.130" port: 39833 } } peers { permanent_uuid: "be9af1eb9bb14a7e8ef0cf71154d5e6e" member_type: VOTER last_known_addr { host: "127.0.58.129" port: 34347 } } peers { permanent_uuid: "aedbe741f4014e40ae382c213ab0d151" member_type: VOTER last_known_addr { host: "127.0.58.131" port: 46091 } }
I0720 00:44:06.756230 5626 tablet_service.cc:1295] Received RequestConsensusVote() RPC: tablet_id: "26b0b6bdff8a4bc7be9e3eeff65c3b9a" candidate_uuid: "aedbe741f4014e40ae382c213ab0d151" candidate_term: 1 candidate_status { last_received { term: 0 index: 0 } } ignore_live_leader: false dest_uuid: "445c7e479f0246a5b26400b1cd4d8d27" is_pre_election: true
I0720 00:44:06.756232 5501 tablet_service.cc:1295] Received RequestConsensusVote() RPC: tablet_id: "26b0b6bdff8a4bc7be9e3eeff65c3b9a" candidate_uuid: "aedbe741f4014e40ae382c213ab0d151" candidate_term: 1 candidate_status { last_received { term: 0 index: 0 } } ignore_live_leader: false dest_uuid: "be9af1eb9bb14a7e8ef0cf71154d5e6e" is_pre_election: true
I0720 00:44:06.756429 5501 raft_consensus.cc:2350] T 26b0b6bdff8a4bc7be9e3eeff65c3b9a P be9af1eb9bb14a7e8ef0cf71154d5e6e [term 0 FOLLOWER]: Leader pre-election vote request: Granting yes vote for candidate aedbe741f4014e40ae382c213ab0d151 in term 0.
I0720 00:44:06.756428 5626 raft_consensus.cc:2350] T 26b0b6bdff8a4bc7be9e3eeff65c3b9a P 445c7e479f0246a5b26400b1cd4d8d27 [term 0 FOLLOWER]: Leader pre-election vote request: Granting yes vote for candidate aedbe741f4014e40ae382c213ab0d151 in term 0.
I0720 00:44:06.756695 5682 leader_election.cc:310] T 26b0b6bdff8a4bc7be9e3eeff65c3b9a P aedbe741f4014e40ae382c213ab0d151 [CANDIDATE]: Term 1 pre-election: Election decided. Result: candidate won. Election summary: received 2 responses out of 3 voters: 2 yes votes; 0 no votes. yes voters: aedbe741f4014e40ae382c213ab0d151, be9af1eb9bb14a7e8ef0cf71154d5e6e; no voters:
I0720 00:44:06.756786 5626 tablet_service.cc:1295] Received RequestConsensusVote() RPC: tablet_id: "43e3ab995f34471c92e887c28c2e2e0f" candidate_uuid: "aedbe741f4014e40ae382c213ab0d151" candidate_term: 1 candidate_status { last_received { term: 0 index: 0 } } ignore_live_leader: false dest_uuid: "445c7e479f0246a5b26400b1cd4d8d27"
I0720 00:44:06.756944 5837 raft_consensus.cc:2644] T 26b0b6bdff8a4bc7be9e3eeff65c3b9a P aedbe741f4014e40ae382c213ab0d151 [term 0 FOLLOWER]: Leader pre-election won for term 1
I0720 00:44:06.756948 5626 raft_consensus.cc:2890] T 43e3ab995f34471c92e887c28c2e2e0f P 445c7e479f0246a5b26400b1cd4d8d27 [term 0 FOLLOWER]: Advancing to term 1
I0720 00:44:06.756891 5500 tablet_service.cc:1295] Received RequestConsensusVote() RPC: tablet_id: "43e3ab995f34471c92e887c28c2e2e0f" candidate_uuid: "aedbe741f4014e40ae382c213ab0d151" candidate_term: 1 candidate_status { last_received { term: 0 index: 0 } } ignore_live_leader: false dest_uuid: "be9af1eb9bb14a7e8ef0cf71154d5e6e"
I0720 00:44:06.757005 5837 raft_consensus.cc:472] T 26b0b6bdff8a4bc7be9e3eeff65c3b9a P aedbe741f4014e40ae382c213ab0d151 [term 0 FOLLOWER]: Starting leader election (no leader contacted us within the election timeout)
I0720 00:44:06.757056 5837 raft_consensus.cc:2890] T 26b0b6bdff8a4bc7be9e3eeff65c3b9a P aedbe741f4014e40ae382c213ab0d151 [term 0 FOLLOWER]: Advancing to term 1
I0720 00:44:06.757043 5500 raft_consensus.cc:2890] T 43e3ab995f34471c92e887c28c2e2e0f P be9af1eb9bb14a7e8ef0cf71154d5e6e [term 0 FOLLOWER]: Advancing to term 1
I0720 00:44:06.758481 5847 raft_consensus.cc:472] T f50d69e061a145869a005de2b35d1acc P be9af1eb9bb14a7e8ef0cf71154d5e6e [term 0 FOLLOWER]: Starting pre-election (no leader contacted us within the election timeout)
I0720 00:44:06.758481 5626 raft_consensus.cc:2350] T 43e3ab995f34471c92e887c28c2e2e0f P 445c7e479f0246a5b26400b1cd4d8d27 [term 1 FOLLOWER]: Leader election vote request: Granting yes vote for candidate aedbe741f4014e40ae382c213ab0d151 in term 1.
I0720 00:44:06.758592 5847 raft_consensus.cc:494] T f50d69e061a145869a005de2b35d1acc P be9af1eb9bb14a7e8ef0cf71154d5e6e [term 0 FOLLOWER]: Starting pre-election with config: opid_index: -1 OBSOLETE_local: false peers { permanent_uuid: "be9af1eb9bb14a7e8ef0cf71154d5e6e" member_type: VOTER last_known_addr { host: "127.0.58.129" port: 34347 } } peers { permanent_uuid: "445c7e479f0246a5b26400b1cd4d8d27" member_type: VOTER last_known_addr { host: "127.0.58.130" port: 39833 } } peers { permanent_uuid: "aedbe741f4014e40ae382c213ab0d151" member_type: VOTER last_known_addr { host: "127.0.58.131" port: 46091 } }
I0720 00:44:06.758808 5684 leader_election.cc:310] T 43e3ab995f34471c92e887c28c2e2e0f P aedbe741f4014e40ae382c213ab0d151 [CANDIDATE]: Term 1 election: Election decided. Result: candidate won. Election summary: received 2 responses out of 3 voters: 2 yes votes; 0 no votes. yes voters: 445c7e479f0246a5b26400b1cd4d8d27, aedbe741f4014e40ae382c213ab0d151; no voters:
I0720 00:44:06.758924 5837 raft_consensus.cc:494] T 26b0b6bdff8a4bc7be9e3eeff65c3b9a P aedbe741f4014e40ae382c213ab0d151 [term 1 FOLLOWER]: Starting leader election with config: opid_index: -1 OBSOLETE_local: false peers { permanent_uuid: "be9af1eb9bb14a7e8ef0cf71154d5e6e" member_type: VOTER last_known_addr { host: "127.0.58.129" port: 34347 } } peers { permanent_uuid: "445c7e479f0246a5b26400b1cd4d8d27" member_type: VOTER last_known_addr { host: "127.0.58.130" port: 39833 } } peers { permanent_uuid: "aedbe741f4014e40ae382c213ab0d151" member_type: VOTER last_known_addr { host: "127.0.58.131" port: 46091 } }
I0720 00:44:06.759263 5500 raft_consensus.cc:2350] T 43e3ab995f34471c92e887c28c2e2e0f P be9af1eb9bb14a7e8ef0cf71154d5e6e [term 1 FOLLOWER]: Leader election vote request: Granting yes vote for candidate aedbe741f4014e40ae382c213ab0d151 in term 1.
I0720 00:44:06.759529 5837 leader_election.cc:296] T 26b0b6bdff8a4bc7be9e3eeff65c3b9a P aedbe741f4014e40ae382c213ab0d151 [CANDIDATE]: Term 1 election: Requested vote from peers be9af1eb9bb14a7e8ef0cf71154d5e6e (127.0.58.129:34347), 445c7e479f0246a5b26400b1cd4d8d27 (127.0.58.130:39833)
I0720 00:44:06.759657 5837 raft_consensus.cc:2644] T 43e3ab995f34471c92e887c28c2e2e0f P aedbe741f4014e40ae382c213ab0d151 [term 1 FOLLOWER]: Leader election won for term 1
I0720 00:44:06.759539 5625 tablet_service.cc:1295] Received RequestConsensusVote() RPC: tablet_id: "f50d69e061a145869a005de2b35d1acc" candidate_uuid: "be9af1eb9bb14a7e8ef0cf71154d5e6e" candidate_term: 1 candidate_status { last_received { term: 0 index: 0 } } ignore_live_leader: false dest_uuid: "445c7e479f0246a5b26400b1cd4d8d27" is_pre_election: true
I0720 00:44:06.759737 5837 raft_consensus.cc:667] T 43e3ab995f34471c92e887c28c2e2e0f P aedbe741f4014e40ae382c213ab0d151 [term 1 LEADER]: Becoming Leader. State: Replica: aedbe741f4014e40ae382c213ab0d151, State: Running, Role: LEADER
I0720 00:44:06.759759 5625 raft_consensus.cc:2350] T f50d69e061a145869a005de2b35d1acc P 445c7e479f0246a5b26400b1cd4d8d27 [term 0 FOLLOWER]: Leader pre-election vote request: Granting yes vote for candidate be9af1eb9bb14a7e8ef0cf71154d5e6e in term 0.
I0720 00:44:06.759938 5837 consensus_queue.cc:206] T 43e3ab995f34471c92e887c28c2e2e0f P aedbe741f4014e40ae382c213ab0d151 [LEADER]: Queue going to LEADER mode. State: All replicated index: 0, Majority replicated index: 0, Committed index: 0, Last appended: 0.0, Last appended by leader: 0, Current term: 1, Majority size: 2, State: 0, Mode: LEADER, active raft config: opid_index: -1 OBSOLETE_local: false peers { permanent_uuid: "445c7e479f0246a5b26400b1cd4d8d27" member_type: VOTER last_known_addr { host: "127.0.58.130" port: 39833 } } peers { permanent_uuid: "be9af1eb9bb14a7e8ef0cf71154d5e6e" member_type: VOTER last_known_addr { host: "127.0.58.129" port: 34347 } } peers { permanent_uuid: "aedbe741f4014e40ae382c213ab0d151" member_type: VOTER last_known_addr { host: "127.0.58.131" port: 46091 } }
I0720 00:44:06.760191 5435 leader_election.cc:310] T f50d69e061a145869a005de2b35d1acc P be9af1eb9bb14a7e8ef0cf71154d5e6e [CANDIDATE]: Term 1 pre-election: Election decided. Result: candidate won. Election summary: received 2 responses out of 3 voters: 2 yes votes; 0 no votes. yes voters: 445c7e479f0246a5b26400b1cd4d8d27, be9af1eb9bb14a7e8ef0cf71154d5e6e; no voters:
I0720 00:44:06.760341 5836 leader_election.cc:296] T 43e3ab995f34471c92e887c28c2e2e0f P aedbe741f4014e40ae382c213ab0d151 [CANDIDATE]: Term 1 election: Requested vote from peers 445c7e479f0246a5b26400b1cd4d8d27 (127.0.58.130:39833), be9af1eb9bb14a7e8ef0cf71154d5e6e (127.0.58.129:34347)
I0720 00:44:06.760444 5500 tablet_service.cc:1295] Received RequestConsensusVote() RPC: tablet_id: "26b0b6bdff8a4bc7be9e3eeff65c3b9a" candidate_uuid: "aedbe741f4014e40ae382c213ab0d151" candidate_term: 1 candidate_status { last_received { term: 0 index: 0 } } ignore_live_leader: false dest_uuid: "be9af1eb9bb14a7e8ef0cf71154d5e6e"
I0720 00:44:06.760499 5849 raft_consensus.cc:2644] T f50d69e061a145869a005de2b35d1acc P be9af1eb9bb14a7e8ef0cf71154d5e6e [term 0 FOLLOWER]: Leader pre-election won for term 1
I0720 00:44:06.760685 5500 raft_consensus.cc:2890] T 26b0b6bdff8a4bc7be9e3eeff65c3b9a P be9af1eb9bb14a7e8ef0cf71154d5e6e [term 0 FOLLOWER]: Advancing to term 1
I0720 00:44:06.761955 5849 raft_consensus.cc:472] T f50d69e061a145869a005de2b35d1acc P be9af1eb9bb14a7e8ef0cf71154d5e6e [term 0 FOLLOWER]: Starting leader election (no leader contacted us within the election timeout)
I0720 00:44:06.762068 5849 raft_consensus.cc:2890] T f50d69e061a145869a005de2b35d1acc P be9af1eb9bb14a7e8ef0cf71154d5e6e [term 0 FOLLOWER]: Advancing to term 1
I0720 00:44:06.763207 5500 raft_consensus.cc:2350] T 26b0b6bdff8a4bc7be9e3eeff65c3b9a P be9af1eb9bb14a7e8ef0cf71154d5e6e [term 1 FOLLOWER]: Leader election vote request: Granting yes vote for candidate aedbe741f4014e40ae382c213ab0d151 in term 1.
I0720 00:44:06.763242 5750 tablet_service.cc:1295] Received RequestConsensusVote() RPC: tablet_id: "f50d69e061a145869a005de2b35d1acc" candidate_uuid: "be9af1eb9bb14a7e8ef0cf71154d5e6e" candidate_term: 1 candidate_status { last_received { term: 0 index: 0 } } ignore_live_leader: false dest_uuid: "aedbe741f4014e40ae382c213ab0d151" is_pre_election: true
I0720 00:44:06.763466 5750 raft_consensus.cc:2350] T f50d69e061a145869a005de2b35d1acc P aedbe741f4014e40ae382c213ab0d151 [term 0 FOLLOWER]: Leader pre-election vote request: Granting yes vote for candidate be9af1eb9bb14a7e8ef0cf71154d5e6e in term 0.
I0720 00:44:06.763612 5682 leader_election.cc:310] T 26b0b6bdff8a4bc7be9e3eeff65c3b9a P aedbe741f4014e40ae382c213ab0d151 [CANDIDATE]: Term 1 election: Election decided. Result: candidate won. Election summary: received 2 responses out of 3 voters: 2 yes votes; 0 no votes. yes voters: aedbe741f4014e40ae382c213ab0d151, be9af1eb9bb14a7e8ef0cf71154d5e6e; no voters:
I0720 00:44:06.763334 5375 catalog_manager.cc:4067] T 43e3ab995f34471c92e887c28c2e2e0f P aedbe741f4014e40ae382c213ab0d151 reported cstate change: term changed from 0 to 1, leader changed from to aedbe741f4014e40ae382c213ab0d151 (127.0.58.131). New cstate: current_term: 1 leader_uuid: "aedbe741f4014e40ae382c213ab0d151" committed_config { opid_index: -1 OBSOLETE_local: false peers { permanent_uuid: "445c7e479f0246a5b26400b1cd4d8d27" member_type: VOTER last_known_addr { host: "127.0.58.130" port: 39833 } health_report { overall_health: UNKNOWN } } peers { permanent_uuid: "be9af1eb9bb14a7e8ef0cf71154d5e6e" member_type: VOTER last_known_addr { host: "127.0.58.129" port: 34347 } health_report { overall_health: UNKNOWN } } peers { permanent_uuid: "aedbe741f4014e40ae382c213ab0d151" member_type: VOTER last_known_addr { host: "127.0.58.131" port: 46091 } health_report { overall_health: HEALTHY } } }
I0720 00:44:06.763993 5873 raft_consensus.cc:2644] T 26b0b6bdff8a4bc7be9e3eeff65c3b9a P aedbe741f4014e40ae382c213ab0d151 [term 1 FOLLOWER]: Leader election won for term 1
I0720 00:44:06.764010 5626 tablet_service.cc:1295] Received RequestConsensusVote() RPC: tablet_id: "26b0b6bdff8a4bc7be9e3eeff65c3b9a" candidate_uuid: "aedbe741f4014e40ae382c213ab0d151" candidate_term: 1 candidate_status { last_received { term: 0 index: 0 } } ignore_live_leader: false dest_uuid: "445c7e479f0246a5b26400b1cd4d8d27"
I0720 00:44:06.764217 5626 raft_consensus.cc:2890] T 26b0b6bdff8a4bc7be9e3eeff65c3b9a P 445c7e479f0246a5b26400b1cd4d8d27 [term 0 FOLLOWER]: Advancing to term 1
I0720 00:44:06.764174 5873 raft_consensus.cc:667] T 26b0b6bdff8a4bc7be9e3eeff65c3b9a P aedbe741f4014e40ae382c213ab0d151 [term 1 LEADER]: Becoming Leader. State: Replica: aedbe741f4014e40ae382c213ab0d151, State: Running, Role: LEADER
I0720 00:44:06.764206 5849 raft_consensus.cc:494] T f50d69e061a145869a005de2b35d1acc P be9af1eb9bb14a7e8ef0cf71154d5e6e [term 1 FOLLOWER]: Starting leader election with config: opid_index: -1 OBSOLETE_local: false peers { permanent_uuid: "be9af1eb9bb14a7e8ef0cf71154d5e6e" member_type: VOTER last_known_addr { host: "127.0.58.129" port: 34347 } } peers { permanent_uuid: "445c7e479f0246a5b26400b1cd4d8d27" member_type: VOTER last_known_addr { host: "127.0.58.130" port: 39833 } } peers { permanent_uuid: "aedbe741f4014e40ae382c213ab0d151" member_type: VOTER last_known_addr { host: "127.0.58.131" port: 46091 } }
I0720 00:44:06.764422 5873 consensus_queue.cc:206] T 26b0b6bdff8a4bc7be9e3eeff65c3b9a P aedbe741f4014e40ae382c213ab0d151 [LEADER]: Queue going to LEADER mode. State: All replicated index: 0, Majority replicated index: 0, Committed index: 0, Last appended: 0.0, Last appended by leader: 0, Current term: 1, Majority size: 2, State: 0, Mode: LEADER, active raft config: opid_index: -1 OBSOLETE_local: false peers { permanent_uuid: "be9af1eb9bb14a7e8ef0cf71154d5e6e" member_type: VOTER last_known_addr { host: "127.0.58.129" port: 34347 } } peers { permanent_uuid: "445c7e479f0246a5b26400b1cd4d8d27" member_type: VOTER last_known_addr { host: "127.0.58.130" port: 39833 } } peers { permanent_uuid: "aedbe741f4014e40ae382c213ab0d151" member_type: VOTER last_known_addr { host: "127.0.58.131" port: 46091 } }
I0720 00:44:06.764760 5849 leader_election.cc:296] T f50d69e061a145869a005de2b35d1acc P be9af1eb9bb14a7e8ef0cf71154d5e6e [CANDIDATE]: Term 1 election: Requested vote from peers 445c7e479f0246a5b26400b1cd4d8d27 (127.0.58.130:39833), aedbe741f4014e40ae382c213ab0d151 (127.0.58.131:46091)
I0720 00:44:06.765395 5847 leader_election.cc:296] T f50d69e061a145869a005de2b35d1acc P be9af1eb9bb14a7e8ef0cf71154d5e6e [CANDIDATE]: Term 1 pre-election: Requested pre-vote from peers 445c7e479f0246a5b26400b1cd4d8d27 (127.0.58.130:39833), aedbe741f4014e40ae382c213ab0d151 (127.0.58.131:46091)
I0720 00:44:06.765419 5625 tablet_service.cc:1295] Received RequestConsensusVote() RPC: tablet_id: "f50d69e061a145869a005de2b35d1acc" candidate_uuid: "be9af1eb9bb14a7e8ef0cf71154d5e6e" candidate_term: 1 candidate_status { last_received { term: 0 index: 0 } } ignore_live_leader: false dest_uuid: "445c7e479f0246a5b26400b1cd4d8d27"
I0720 00:44:06.765537 5625 raft_consensus.cc:2890] T f50d69e061a145869a005de2b35d1acc P 445c7e479f0246a5b26400b1cd4d8d27 [term 0 FOLLOWER]: Advancing to term 1
I0720 00:44:06.765949 5750 tablet_service.cc:1295] Received RequestConsensusVote() RPC: tablet_id: "f50d69e061a145869a005de2b35d1acc" candidate_uuid: "be9af1eb9bb14a7e8ef0cf71154d5e6e" candidate_term: 1 candidate_status { last_received { term: 0 index: 0 } } ignore_live_leader: false dest_uuid: "aedbe741f4014e40ae382c213ab0d151"
I0720 00:44:06.766104 5750 raft_consensus.cc:2890] T f50d69e061a145869a005de2b35d1acc P aedbe741f4014e40ae382c213ab0d151 [term 0 FOLLOWER]: Advancing to term 1
I0720 00:44:06.767516 5625 raft_consensus.cc:2350] T f50d69e061a145869a005de2b35d1acc P 445c7e479f0246a5b26400b1cd4d8d27 [term 1 FOLLOWER]: Leader election vote request: Granting yes vote for candidate be9af1eb9bb14a7e8ef0cf71154d5e6e in term 1.
I0720 00:44:06.767892 5435 leader_election.cc:310] T f50d69e061a145869a005de2b35d1acc P be9af1eb9bb14a7e8ef0cf71154d5e6e [CANDIDATE]: Term 1 election: Election decided. Result: candidate won. Election summary: received 2 responses out of 3 voters: 2 yes votes; 0 no votes. yes voters: 445c7e479f0246a5b26400b1cd4d8d27, be9af1eb9bb14a7e8ef0cf71154d5e6e; no voters:
I0720 00:44:06.768087 5750 raft_consensus.cc:2350] T f50d69e061a145869a005de2b35d1acc P aedbe741f4014e40ae382c213ab0d151 [term 1 FOLLOWER]: Leader election vote request: Granting yes vote for candidate be9af1eb9bb14a7e8ef0cf71154d5e6e in term 1.
I0720 00:44:06.768213 5847 raft_consensus.cc:2644] T f50d69e061a145869a005de2b35d1acc P be9af1eb9bb14a7e8ef0cf71154d5e6e [term 1 FOLLOWER]: Leader election won for term 1
I0720 00:44:06.768729 5847 raft_consensus.cc:667] T f50d69e061a145869a005de2b35d1acc P be9af1eb9bb14a7e8ef0cf71154d5e6e [term 1 LEADER]: Becoming Leader. State: Replica: be9af1eb9bb14a7e8ef0cf71154d5e6e, State: Running, Role: LEADER
I0720 00:44:06.769037 5626 raft_consensus.cc:2350] T 26b0b6bdff8a4bc7be9e3eeff65c3b9a P 445c7e479f0246a5b26400b1cd4d8d27 [term 1 FOLLOWER]: Leader election vote request: Granting yes vote for candidate aedbe741f4014e40ae382c213ab0d151 in term 1.
I0720 00:44:06.768976 5847 consensus_queue.cc:206] T f50d69e061a145869a005de2b35d1acc P be9af1eb9bb14a7e8ef0cf71154d5e6e [LEADER]: Queue going to LEADER mode. State: All replicated index: 0, Majority replicated index: 0, Committed index: 0, Last appended: 0.0, Last appended by leader: 0, Current term: 1, Majority size: 2, State: 0, Mode: LEADER, active raft config: opid_index: -1 OBSOLETE_local: false peers { permanent_uuid: "be9af1eb9bb14a7e8ef0cf71154d5e6e" member_type: VOTER last_known_addr { host: "127.0.58.129" port: 34347 } } peers { permanent_uuid: "445c7e479f0246a5b26400b1cd4d8d27" member_type: VOTER last_known_addr { host: "127.0.58.130" port: 39833 } } peers { permanent_uuid: "aedbe741f4014e40ae382c213ab0d151" member_type: VOTER last_known_addr { host: "127.0.58.131" port: 46091 } }
I0720 00:44:06.769866 5375 catalog_manager.cc:4067] T 26b0b6bdff8a4bc7be9e3eeff65c3b9a P aedbe741f4014e40ae382c213ab0d151 reported cstate change: term changed from 0 to 1, leader changed from to aedbe741f4014e40ae382c213ab0d151 (127.0.58.131). New cstate: current_term: 1 leader_uuid: "aedbe741f4014e40ae382c213ab0d151" committed_config { opid_index: -1 OBSOLETE_local: false peers { permanent_uuid: "be9af1eb9bb14a7e8ef0cf71154d5e6e" member_type: VOTER last_known_addr { host: "127.0.58.129" port: 34347 } health_report { overall_health: UNKNOWN } } peers { permanent_uuid: "445c7e479f0246a5b26400b1cd4d8d27" member_type: VOTER last_known_addr { host: "127.0.58.130" port: 39833 } health_report { overall_health: UNKNOWN } } peers { permanent_uuid: "aedbe741f4014e40ae382c213ab0d151" member_type: VOTER last_known_addr { host: "127.0.58.131" port: 46091 } health_report { overall_health: HEALTHY } } }
I0720 00:44:06.771183 5378 catalog_manager.cc:4067] T f50d69e061a145869a005de2b35d1acc P be9af1eb9bb14a7e8ef0cf71154d5e6e reported cstate change: term changed from 0 to 1, leader changed from to be9af1eb9bb14a7e8ef0cf71154d5e6e (127.0.58.129). New cstate: current_term: 1 leader_uuid: "be9af1eb9bb14a7e8ef0cf71154d5e6e" committed_config { opid_index: -1 OBSOLETE_local: false peers { permanent_uuid: "be9af1eb9bb14a7e8ef0cf71154d5e6e" member_type: VOTER last_known_addr { host: "127.0.58.129" port: 34347 } health_report { overall_health: HEALTHY } } peers { permanent_uuid: "445c7e479f0246a5b26400b1cd4d8d27" member_type: VOTER last_known_addr { host: "127.0.58.130" port: 39833 } health_report { overall_health: UNKNOWN } } peers { permanent_uuid: "aedbe741f4014e40ae382c213ab0d151" member_type: VOTER last_known_addr { host: "127.0.58.131" port: 46091 } health_report { overall_health: UNKNOWN } } }
I0720 00:44:06.772845 5832 raft_consensus.cc:472] T d54fc0a6131248cc929ba6d4b0a17489 P 445c7e479f0246a5b26400b1cd4d8d27 [term 0 FOLLOWER]: Starting pre-election (no leader contacted us within the election timeout)
I0720 00:44:06.772969 5832 raft_consensus.cc:494] T d54fc0a6131248cc929ba6d4b0a17489 P 445c7e479f0246a5b26400b1cd4d8d27 [term 0 FOLLOWER]: Starting pre-election with config: opid_index: -1 OBSOLETE_local: false peers { permanent_uuid: "445c7e479f0246a5b26400b1cd4d8d27" member_type: VOTER last_known_addr { host: "127.0.58.130" port: 39833 } } peers { permanent_uuid: "be9af1eb9bb14a7e8ef0cf71154d5e6e" member_type: VOTER last_known_addr { host: "127.0.58.129" port: 34347 } } peers { permanent_uuid: "aedbe741f4014e40ae382c213ab0d151" member_type: VOTER last_known_addr { host: "127.0.58.131" port: 46091 } }
I0720 00:44:06.773573 5832 leader_election.cc:296] T d54fc0a6131248cc929ba6d4b0a17489 P 445c7e479f0246a5b26400b1cd4d8d27 [CANDIDATE]: Term 1 pre-election: Requested pre-vote from peers be9af1eb9bb14a7e8ef0cf71154d5e6e (127.0.58.129:34347), aedbe741f4014e40ae382c213ab0d151 (127.0.58.131:46091)
I0720 00:44:06.773967 5500 tablet_service.cc:1295] Received RequestConsensusVote() RPC: tablet_id: "d54fc0a6131248cc929ba6d4b0a17489" candidate_uuid: "445c7e479f0246a5b26400b1cd4d8d27" candidate_term: 1 candidate_status { last_received { term: 0 index: 0 } } ignore_live_leader: false dest_uuid: "be9af1eb9bb14a7e8ef0cf71154d5e6e" is_pre_election: true
I0720 00:44:06.773989 5750 tablet_service.cc:1295] Received RequestConsensusVote() RPC: tablet_id: "d54fc0a6131248cc929ba6d4b0a17489" candidate_uuid: "445c7e479f0246a5b26400b1cd4d8d27" candidate_term: 1 candidate_status { last_received { term: 0 index: 0 } } ignore_live_leader: false dest_uuid: "aedbe741f4014e40ae382c213ab0d151" is_pre_election: true
I0720 00:44:06.774152 5500 raft_consensus.cc:2350] T d54fc0a6131248cc929ba6d4b0a17489 P be9af1eb9bb14a7e8ef0cf71154d5e6e [term 0 FOLLOWER]: Leader pre-election vote request: Granting yes vote for candidate 445c7e479f0246a5b26400b1cd4d8d27 in term 0.
I0720 00:44:06.774181 5750 raft_consensus.cc:2350] T d54fc0a6131248cc929ba6d4b0a17489 P aedbe741f4014e40ae382c213ab0d151 [term 0 FOLLOWER]: Leader pre-election vote request: Granting yes vote for candidate 445c7e479f0246a5b26400b1cd4d8d27 in term 0.
I0720 00:44:06.774485 5558 leader_election.cc:310] T d54fc0a6131248cc929ba6d4b0a17489 P 445c7e479f0246a5b26400b1cd4d8d27 [CANDIDATE]: Term 1 pre-election: Election decided. Result: candidate won. Election summary: received 2 responses out of 3 voters: 2 yes votes; 0 no votes. yes voters: 445c7e479f0246a5b26400b1cd4d8d27, be9af1eb9bb14a7e8ef0cf71154d5e6e; no voters:
I0720 00:44:06.774755 5832 raft_consensus.cc:2644] T d54fc0a6131248cc929ba6d4b0a17489 P 445c7e479f0246a5b26400b1cd4d8d27 [term 0 FOLLOWER]: Leader pre-election won for term 1
I0720 00:44:06.774806 5832 raft_consensus.cc:472] T d54fc0a6131248cc929ba6d4b0a17489 P 445c7e479f0246a5b26400b1cd4d8d27 [term 0 FOLLOWER]: Starting leader election (no leader contacted us within the election timeout)
I0720 00:44:06.774857 5832 raft_consensus.cc:2890] T d54fc0a6131248cc929ba6d4b0a17489 P 445c7e479f0246a5b26400b1cd4d8d27 [term 0 FOLLOWER]: Advancing to term 1
I0720 00:44:06.776319 5832 raft_consensus.cc:494] T d54fc0a6131248cc929ba6d4b0a17489 P 445c7e479f0246a5b26400b1cd4d8d27 [term 1 FOLLOWER]: Starting leader election with config: opid_index: -1 OBSOLETE_local: false peers { permanent_uuid: "445c7e479f0246a5b26400b1cd4d8d27" member_type: VOTER last_known_addr { host: "127.0.58.130" port: 39833 } } peers { permanent_uuid: "be9af1eb9bb14a7e8ef0cf71154d5e6e" member_type: VOTER last_known_addr { host: "127.0.58.129" port: 34347 } } peers { permanent_uuid: "aedbe741f4014e40ae382c213ab0d151" member_type: VOTER last_known_addr { host: "127.0.58.131" port: 46091 } }
I0720 00:44:06.776769 5832 leader_election.cc:296] T d54fc0a6131248cc929ba6d4b0a17489 P 445c7e479f0246a5b26400b1cd4d8d27 [CANDIDATE]: Term 1 election: Requested vote from peers be9af1eb9bb14a7e8ef0cf71154d5e6e (127.0.58.129:34347), aedbe741f4014e40ae382c213ab0d151 (127.0.58.131:46091)
I0720 00:44:06.777140 5500 tablet_service.cc:1295] Received RequestConsensusVote() RPC: tablet_id: "d54fc0a6131248cc929ba6d4b0a17489" candidate_uuid: "445c7e479f0246a5b26400b1cd4d8d27" candidate_term: 1 candidate_status { last_received { term: 0 index: 0 } } ignore_live_leader: false dest_uuid: "be9af1eb9bb14a7e8ef0cf71154d5e6e"
I0720 00:44:06.777137 5750 tablet_service.cc:1295] Received RequestConsensusVote() RPC: tablet_id: "d54fc0a6131248cc929ba6d4b0a17489" candidate_uuid: "445c7e479f0246a5b26400b1cd4d8d27" candidate_term: 1 candidate_status { last_received { term: 0 index: 0 } } ignore_live_leader: false dest_uuid: "aedbe741f4014e40ae382c213ab0d151"
I0720 00:44:06.777289 5500 raft_consensus.cc:2890] T d54fc0a6131248cc929ba6d4b0a17489 P be9af1eb9bb14a7e8ef0cf71154d5e6e [term 0 FOLLOWER]: Advancing to term 1
I0720 00:44:06.777325 5750 raft_consensus.cc:2890] T d54fc0a6131248cc929ba6d4b0a17489 P aedbe741f4014e40ae382c213ab0d151 [term 0 FOLLOWER]: Advancing to term 1
I0720 00:44:06.779350 5750 raft_consensus.cc:2350] T d54fc0a6131248cc929ba6d4b0a17489 P aedbe741f4014e40ae382c213ab0d151 [term 1 FOLLOWER]: Leader election vote request: Granting yes vote for candidate 445c7e479f0246a5b26400b1cd4d8d27 in term 1.
I0720 00:44:06.779361 5500 raft_consensus.cc:2350] T d54fc0a6131248cc929ba6d4b0a17489 P be9af1eb9bb14a7e8ef0cf71154d5e6e [term 1 FOLLOWER]: Leader election vote request: Granting yes vote for candidate 445c7e479f0246a5b26400b1cd4d8d27 in term 1.
I0720 00:44:06.779698 5559 leader_election.cc:310] T d54fc0a6131248cc929ba6d4b0a17489 P 445c7e479f0246a5b26400b1cd4d8d27 [CANDIDATE]: Term 1 election: Election decided. Result: candidate won. Election summary: received 2 responses out of 3 voters: 2 yes votes; 0 no votes. yes voters: 445c7e479f0246a5b26400b1cd4d8d27, aedbe741f4014e40ae382c213ab0d151; no voters:
I0720 00:44:06.779965 5832 raft_consensus.cc:2644] T d54fc0a6131248cc929ba6d4b0a17489 P 445c7e479f0246a5b26400b1cd4d8d27 [term 1 FOLLOWER]: Leader election won for term 1
I0720 00:44:06.780079 5832 raft_consensus.cc:667] T d54fc0a6131248cc929ba6d4b0a17489 P 445c7e479f0246a5b26400b1cd4d8d27 [term 1 LEADER]: Becoming Leader. State: Replica: 445c7e479f0246a5b26400b1cd4d8d27, State: Running, Role: LEADER
I0720 00:44:06.780275 5832 consensus_queue.cc:206] T d54fc0a6131248cc929ba6d4b0a17489 P 445c7e479f0246a5b26400b1cd4d8d27 [LEADER]: Queue going to LEADER mode. State: All replicated index: 0, Majority replicated index: 0, Committed index: 0, Last appended: 0.0, Last appended by leader: 0, Current term: 1, Majority size: 2, State: 0, Mode: LEADER, active raft config: opid_index: -1 OBSOLETE_local: false peers { permanent_uuid: "445c7e479f0246a5b26400b1cd4d8d27" member_type: VOTER last_known_addr { host: "127.0.58.130" port: 39833 } } peers { permanent_uuid: "be9af1eb9bb14a7e8ef0cf71154d5e6e" member_type: VOTER last_known_addr { host: "127.0.58.129" port: 34347 } } peers { permanent_uuid: "aedbe741f4014e40ae382c213ab0d151" member_type: VOTER last_known_addr { host: "127.0.58.131" port: 46091 } }
I0720 00:44:06.782178 5378 catalog_manager.cc:4067] T d54fc0a6131248cc929ba6d4b0a17489 P 445c7e479f0246a5b26400b1cd4d8d27 reported cstate change: term changed from 0 to 1, leader changed from to 445c7e479f0246a5b26400b1cd4d8d27 (127.0.58.130). New cstate: current_term: 1 leader_uuid: "445c7e479f0246a5b26400b1cd4d8d27" committed_config { opid_index: -1 OBSOLETE_local: false peers { permanent_uuid: "445c7e479f0246a5b26400b1cd4d8d27" member_type: VOTER last_known_addr { host: "127.0.58.130" port: 39833 } health_report { overall_health: HEALTHY } } peers { permanent_uuid: "be9af1eb9bb14a7e8ef0cf71154d5e6e" member_type: VOTER last_known_addr { host: "127.0.58.129" port: 34347 } health_report { overall_health: UNKNOWN } } peers { permanent_uuid: "aedbe741f4014e40ae382c213ab0d151" member_type: VOTER last_known_addr { host: "127.0.58.131" port: 46091 } health_report { overall_health: UNKNOWN } } }
I0720 00:44:06.809825 5832 raft_consensus.cc:472] T 736b3f88dd4a41fbb23ef072e4e28905 P 445c7e479f0246a5b26400b1cd4d8d27 [term 0 FOLLOWER]: Starting pre-election (no leader contacted us within the election timeout)
I0720 00:44:06.809962 5832 raft_consensus.cc:494] T 736b3f88dd4a41fbb23ef072e4e28905 P 445c7e479f0246a5b26400b1cd4d8d27 [term 0 FOLLOWER]: Starting pre-election with config: opid_index: -1 OBSOLETE_local: false peers { permanent_uuid: "be9af1eb9bb14a7e8ef0cf71154d5e6e" member_type: VOTER last_known_addr { host: "127.0.58.129" port: 34347 } } peers { permanent_uuid: "445c7e479f0246a5b26400b1cd4d8d27" member_type: VOTER last_known_addr { host: "127.0.58.130" port: 39833 } } peers { permanent_uuid: "aedbe741f4014e40ae382c213ab0d151" member_type: VOTER last_known_addr { host: "127.0.58.131" port: 46091 } }
I0720 00:44:06.810606 5832 leader_election.cc:296] T 736b3f88dd4a41fbb23ef072e4e28905 P 445c7e479f0246a5b26400b1cd4d8d27 [CANDIDATE]: Term 1 pre-election: Requested pre-vote from peers be9af1eb9bb14a7e8ef0cf71154d5e6e (127.0.58.129:34347), aedbe741f4014e40ae382c213ab0d151 (127.0.58.131:46091)
I0720 00:44:06.811184 5500 tablet_service.cc:1295] Received RequestConsensusVote() RPC: tablet_id: "736b3f88dd4a41fbb23ef072e4e28905" candidate_uuid: "445c7e479f0246a5b26400b1cd4d8d27" candidate_term: 1 candidate_status { last_received { term: 0 index: 0 } } ignore_live_leader: false dest_uuid: "be9af1eb9bb14a7e8ef0cf71154d5e6e" is_pre_election: true
I0720 00:44:06.811208 5750 tablet_service.cc:1295] Received RequestConsensusVote() RPC: tablet_id: "736b3f88dd4a41fbb23ef072e4e28905" candidate_uuid: "445c7e479f0246a5b26400b1cd4d8d27" candidate_term: 1 candidate_status { last_received { term: 0 index: 0 } } ignore_live_leader: false dest_uuid: "aedbe741f4014e40ae382c213ab0d151" is_pre_election: true
I0720 00:44:06.811406 5750 raft_consensus.cc:2350] T 736b3f88dd4a41fbb23ef072e4e28905 P aedbe741f4014e40ae382c213ab0d151 [term 0 FOLLOWER]: Leader pre-election vote request: Granting yes vote for candidate 445c7e479f0246a5b26400b1cd4d8d27 in term 0.
I0720 00:44:06.811399 5500 raft_consensus.cc:2350] T 736b3f88dd4a41fbb23ef072e4e28905 P be9af1eb9bb14a7e8ef0cf71154d5e6e [term 0 FOLLOWER]: Leader pre-election vote request: Granting yes vote for candidate 445c7e479f0246a5b26400b1cd4d8d27 in term 0.
I0720 00:44:06.811749 5559 leader_election.cc:310] T 736b3f88dd4a41fbb23ef072e4e28905 P 445c7e479f0246a5b26400b1cd4d8d27 [CANDIDATE]: Term 1 pre-election: Election decided. Result: candidate won. Election summary: received 2 responses out of 3 voters: 2 yes votes; 0 no votes. yes voters: 445c7e479f0246a5b26400b1cd4d8d27, aedbe741f4014e40ae382c213ab0d151; no voters:
I0720 00:44:06.812014 5832 raft_consensus.cc:2644] T 736b3f88dd4a41fbb23ef072e4e28905 P 445c7e479f0246a5b26400b1cd4d8d27 [term 0 FOLLOWER]: Leader pre-election won for term 1
I0720 00:44:06.812085 5832 raft_consensus.cc:472] T 736b3f88dd4a41fbb23ef072e4e28905 P 445c7e479f0246a5b26400b1cd4d8d27 [term 0 FOLLOWER]: Starting leader election (no leader contacted us within the election timeout)
I0720 00:44:06.812144 5832 raft_consensus.cc:2890] T 736b3f88dd4a41fbb23ef072e4e28905 P 445c7e479f0246a5b26400b1cd4d8d27 [term 0 FOLLOWER]: Advancing to term 1
I0720 00:44:06.813884 5832 raft_consensus.cc:494] T 736b3f88dd4a41fbb23ef072e4e28905 P 445c7e479f0246a5b26400b1cd4d8d27 [term 1 FOLLOWER]: Starting leader election with config: opid_index: -1 OBSOLETE_local: false peers { permanent_uuid: "be9af1eb9bb14a7e8ef0cf71154d5e6e" member_type: VOTER last_known_addr { host: "127.0.58.129" port: 34347 } } peers { permanent_uuid: "445c7e479f0246a5b26400b1cd4d8d27" member_type: VOTER last_known_addr { host: "127.0.58.130" port: 39833 } } peers { permanent_uuid: "aedbe741f4014e40ae382c213ab0d151" member_type: VOTER last_known_addr { host: "127.0.58.131" port: 46091 } }
I0720 00:44:06.814347 5832 leader_election.cc:296] T 736b3f88dd4a41fbb23ef072e4e28905 P 445c7e479f0246a5b26400b1cd4d8d27 [CANDIDATE]: Term 1 election: Requested vote from peers be9af1eb9bb14a7e8ef0cf71154d5e6e (127.0.58.129:34347), aedbe741f4014e40ae382c213ab0d151 (127.0.58.131:46091)
I0720 00:44:06.814779 5500 tablet_service.cc:1295] Received RequestConsensusVote() RPC: tablet_id: "736b3f88dd4a41fbb23ef072e4e28905" candidate_uuid: "445c7e479f0246a5b26400b1cd4d8d27" candidate_term: 1 candidate_status { last_received { term: 0 index: 0 } } ignore_live_leader: false dest_uuid: "be9af1eb9bb14a7e8ef0cf71154d5e6e"
I0720 00:44:06.814807 5750 tablet_service.cc:1295] Received RequestConsensusVote() RPC: tablet_id: "736b3f88dd4a41fbb23ef072e4e28905" candidate_uuid: "445c7e479f0246a5b26400b1cd4d8d27" candidate_term: 1 candidate_status { last_received { term: 0 index: 0 } } ignore_live_leader: false dest_uuid: "aedbe741f4014e40ae382c213ab0d151"
I0720 00:44:06.814951 5750 raft_consensus.cc:2890] T 736b3f88dd4a41fbb23ef072e4e28905 P aedbe741f4014e40ae382c213ab0d151 [term 0 FOLLOWER]: Advancing to term 1
I0720 00:44:06.814951 5500 raft_consensus.cc:2890] T 736b3f88dd4a41fbb23ef072e4e28905 P be9af1eb9bb14a7e8ef0cf71154d5e6e [term 0 FOLLOWER]: Advancing to term 1
I0720 00:44:06.816948 5500 raft_consensus.cc:2350] T 736b3f88dd4a41fbb23ef072e4e28905 P be9af1eb9bb14a7e8ef0cf71154d5e6e [term 1 FOLLOWER]: Leader election vote request: Granting yes vote for candidate 445c7e479f0246a5b26400b1cd4d8d27 in term 1.
I0720 00:44:06.816965 5750 raft_consensus.cc:2350] T 736b3f88dd4a41fbb23ef072e4e28905 P aedbe741f4014e40ae382c213ab0d151 [term 1 FOLLOWER]: Leader election vote request: Granting yes vote for candidate 445c7e479f0246a5b26400b1cd4d8d27 in term 1.
I0720 00:44:06.817302 5559 leader_election.cc:310] T 736b3f88dd4a41fbb23ef072e4e28905 P 445c7e479f0246a5b26400b1cd4d8d27 [CANDIDATE]: Term 1 election: Election decided. Result: candidate won. Election summary: received 2 responses out of 3 voters: 2 yes votes; 0 no votes. yes voters: 445c7e479f0246a5b26400b1cd4d8d27, aedbe741f4014e40ae382c213ab0d151; no voters:
I0720 00:44:06.817533 5832 raft_consensus.cc:2644] T 736b3f88dd4a41fbb23ef072e4e28905 P 445c7e479f0246a5b26400b1cd4d8d27 [term 1 FOLLOWER]: Leader election won for term 1
I0720 00:44:06.817633 5832 raft_consensus.cc:667] T 736b3f88dd4a41fbb23ef072e4e28905 P 445c7e479f0246a5b26400b1cd4d8d27 [term 1 LEADER]: Becoming Leader. State: Replica: 445c7e479f0246a5b26400b1cd4d8d27, State: Running, Role: LEADER
I0720 00:44:06.817822 5832 consensus_queue.cc:206] T 736b3f88dd4a41fbb23ef072e4e28905 P 445c7e479f0246a5b26400b1cd4d8d27 [LEADER]: Queue going to LEADER mode. State: All replicated index: 0, Majority replicated index: 0, Committed index: 0, Last appended: 0.0, Last appended by leader: 0, Current term: 1, Majority size: 2, State: 0, Mode: LEADER, active raft config: opid_index: -1 OBSOLETE_local: false peers { permanent_uuid: "be9af1eb9bb14a7e8ef0cf71154d5e6e" member_type: VOTER last_known_addr { host: "127.0.58.129" port: 34347 } } peers { permanent_uuid: "445c7e479f0246a5b26400b1cd4d8d27" member_type: VOTER last_known_addr { host: "127.0.58.130" port: 39833 } } peers { permanent_uuid: "aedbe741f4014e40ae382c213ab0d151" member_type: VOTER last_known_addr { host: "127.0.58.131" port: 46091 } }
I0720 00:44:06.820106 5378 catalog_manager.cc:4067] T 736b3f88dd4a41fbb23ef072e4e28905 P 445c7e479f0246a5b26400b1cd4d8d27 reported cstate change: term changed from 0 to 1, leader changed from to 445c7e479f0246a5b26400b1cd4d8d27 (127.0.58.130). New cstate: current_term: 1 leader_uuid: "445c7e479f0246a5b26400b1cd4d8d27" committed_config { opid_index: -1 OBSOLETE_local: false peers { permanent_uuid: "be9af1eb9bb14a7e8ef0cf71154d5e6e" member_type: VOTER last_known_addr { host: "127.0.58.129" port: 34347 } health_report { overall_health: UNKNOWN } } peers { permanent_uuid: "445c7e479f0246a5b26400b1cd4d8d27" member_type: VOTER last_known_addr { host: "127.0.58.130" port: 39833 } health_report { overall_health: HEALTHY } } peers { permanent_uuid: "aedbe741f4014e40ae382c213ab0d151" member_type: VOTER last_known_addr { host: "127.0.58.131" port: 46091 } health_report { overall_health: UNKNOWN } } }
I0720 00:44:06.862594 5832 raft_consensus.cc:472] T c1e0c42e42524c22af51c8e4a457d743 P 445c7e479f0246a5b26400b1cd4d8d27 [term 0 FOLLOWER]: Starting pre-election (no leader contacted us within the election timeout)
I0720 00:44:06.862771 5832 raft_consensus.cc:494] T c1e0c42e42524c22af51c8e4a457d743 P 445c7e479f0246a5b26400b1cd4d8d27 [term 0 FOLLOWER]: Starting pre-election with config: opid_index: -1 OBSOLETE_local: false peers { permanent_uuid: "445c7e479f0246a5b26400b1cd4d8d27" member_type: VOTER last_known_addr { host: "127.0.58.130" port: 39833 } } peers { permanent_uuid: "be9af1eb9bb14a7e8ef0cf71154d5e6e" member_type: VOTER last_known_addr { host: "127.0.58.129" port: 34347 } } peers { permanent_uuid: "aedbe741f4014e40ae382c213ab0d151" member_type: VOTER last_known_addr { host: "127.0.58.131" port: 46091 } }
I0720 00:44:06.863325 5832 leader_election.cc:296] T c1e0c42e42524c22af51c8e4a457d743 P 445c7e479f0246a5b26400b1cd4d8d27 [CANDIDATE]: Term 1 pre-election: Requested pre-vote from peers be9af1eb9bb14a7e8ef0cf71154d5e6e (127.0.58.129:34347), aedbe741f4014e40ae382c213ab0d151 (127.0.58.131:46091)
I0720 00:44:06.863956 5500 tablet_service.cc:1295] Received RequestConsensusVote() RPC: tablet_id: "c1e0c42e42524c22af51c8e4a457d743" candidate_uuid: "445c7e479f0246a5b26400b1cd4d8d27" candidate_term: 1 candidate_status { last_received { term: 0 index: 0 } } ignore_live_leader: false dest_uuid: "be9af1eb9bb14a7e8ef0cf71154d5e6e" is_pre_election: true
I0720 00:44:06.864142 5500 raft_consensus.cc:2350] T c1e0c42e42524c22af51c8e4a457d743 P be9af1eb9bb14a7e8ef0cf71154d5e6e [term 0 FOLLOWER]: Leader pre-election vote request: Granting yes vote for candidate 445c7e479f0246a5b26400b1cd4d8d27 in term 0.
I0720 00:44:06.864576 5558 leader_election.cc:310] T c1e0c42e42524c22af51c8e4a457d743 P 445c7e479f0246a5b26400b1cd4d8d27 [CANDIDATE]: Term 1 pre-election: Election decided. Result: candidate won. Election summary: received 2 responses out of 3 voters: 2 yes votes; 0 no votes. yes voters: 445c7e479f0246a5b26400b1cd4d8d27, be9af1eb9bb14a7e8ef0cf71154d5e6e; no voters:
I0720 00:44:06.864877 5832 raft_consensus.cc:2644] T c1e0c42e42524c22af51c8e4a457d743 P 445c7e479f0246a5b26400b1cd4d8d27 [term 0 FOLLOWER]: Leader pre-election won for term 1
I0720 00:44:06.864933 5832 raft_consensus.cc:472] T c1e0c42e42524c22af51c8e4a457d743 P 445c7e479f0246a5b26400b1cd4d8d27 [term 0 FOLLOWER]: Starting leader election (no leader contacted us within the election timeout)
I0720 00:44:06.865000 5832 raft_consensus.cc:2890] T c1e0c42e42524c22af51c8e4a457d743 P 445c7e479f0246a5b26400b1cd4d8d27 [term 0 FOLLOWER]: Advancing to term 1
I0720 00:44:06.866590 5832 raft_consensus.cc:494] T c1e0c42e42524c22af51c8e4a457d743 P 445c7e479f0246a5b26400b1cd4d8d27 [term 1 FOLLOWER]: Starting leader election with config: opid_index: -1 OBSOLETE_local: false peers { permanent_uuid: "445c7e479f0246a5b26400b1cd4d8d27" member_type: VOTER last_known_addr { host: "127.0.58.130" port: 39833 } } peers { permanent_uuid: "be9af1eb9bb14a7e8ef0cf71154d5e6e" member_type: VOTER last_known_addr { host: "127.0.58.129" port: 34347 } } peers { permanent_uuid: "aedbe741f4014e40ae382c213ab0d151" member_type: VOTER last_known_addr { host: "127.0.58.131" port: 46091 } }
I0720 00:44:06.867486 5750 tablet_service.cc:1295] Received RequestConsensusVote() RPC: tablet_id: "c1e0c42e42524c22af51c8e4a457d743" candidate_uuid: "445c7e479f0246a5b26400b1cd4d8d27" candidate_term: 1 candidate_status { last_received { term: 0 index: 0 } } ignore_live_leader: false dest_uuid: "aedbe741f4014e40ae382c213ab0d151" is_pre_election: true
I0720 00:44:06.867610 5500 tablet_service.cc:1295] Received RequestConsensusVote() RPC: tablet_id: "c1e0c42e42524c22af51c8e4a457d743" candidate_uuid: "445c7e479f0246a5b26400b1cd4d8d27" candidate_term: 1 candidate_status { last_received { term: 0 index: 0 } } ignore_live_leader: false dest_uuid: "be9af1eb9bb14a7e8ef0cf71154d5e6e"
I0720 00:44:06.867774 5750 raft_consensus.cc:2350] T c1e0c42e42524c22af51c8e4a457d743 P aedbe741f4014e40ae382c213ab0d151 [term 0 FOLLOWER]: Leader pre-election vote request: Granting yes vote for candidate 445c7e479f0246a5b26400b1cd4d8d27 in term 0.
I0720 00:44:06.867794 5500 raft_consensus.cc:2890] T c1e0c42e42524c22af51c8e4a457d743 P be9af1eb9bb14a7e8ef0cf71154d5e6e [term 0 FOLLOWER]: Advancing to term 1
I0720 00:44:06.867905 5832 leader_election.cc:296] T c1e0c42e42524c22af51c8e4a457d743 P 445c7e479f0246a5b26400b1cd4d8d27 [CANDIDATE]: Term 1 election: Requested vote from peers be9af1eb9bb14a7e8ef0cf71154d5e6e (127.0.58.129:34347), aedbe741f4014e40ae382c213ab0d151 (127.0.58.131:46091)
I0720 00:44:06.868569 5749 tablet_service.cc:1295] Received RequestConsensusVote() RPC: tablet_id: "c1e0c42e42524c22af51c8e4a457d743" candidate_uuid: "445c7e479f0246a5b26400b1cd4d8d27" candidate_term: 1 candidate_status { last_received { term: 0 index: 0 } } ignore_live_leader: false dest_uuid: "aedbe741f4014e40ae382c213ab0d151"
I0720 00:44:06.868722 5749 raft_consensus.cc:2890] T c1e0c42e42524c22af51c8e4a457d743 P aedbe741f4014e40ae382c213ab0d151 [term 0 FOLLOWER]: Advancing to term 1
I0720 00:44:06.870018 5500 raft_consensus.cc:2350] T c1e0c42e42524c22af51c8e4a457d743 P be9af1eb9bb14a7e8ef0cf71154d5e6e [term 1 FOLLOWER]: Leader election vote request: Granting yes vote for candidate 445c7e479f0246a5b26400b1cd4d8d27 in term 1.
I0720 00:44:06.870450 5558 leader_election.cc:310] T c1e0c42e42524c22af51c8e4a457d743 P 445c7e479f0246a5b26400b1cd4d8d27 [CANDIDATE]: Term 1 election: Election decided. Result: candidate won. Election summary: received 2 responses out of 3 voters: 2 yes votes; 0 no votes. yes voters: 445c7e479f0246a5b26400b1cd4d8d27, be9af1eb9bb14a7e8ef0cf71154d5e6e; no voters:
I0720 00:44:06.870731 5832 raft_consensus.cc:2644] T c1e0c42e42524c22af51c8e4a457d743 P 445c7e479f0246a5b26400b1cd4d8d27 [term 1 FOLLOWER]: Leader election won for term 1
I0720 00:44:06.870784 5749 raft_consensus.cc:2350] T c1e0c42e42524c22af51c8e4a457d743 P aedbe741f4014e40ae382c213ab0d151 [term 1 FOLLOWER]: Leader election vote request: Granting yes vote for candidate 445c7e479f0246a5b26400b1cd4d8d27 in term 1.
I0720 00:44:06.870856 5832 raft_consensus.cc:667] T c1e0c42e42524c22af51c8e4a457d743 P 445c7e479f0246a5b26400b1cd4d8d27 [term 1 LEADER]: Becoming Leader. State: Replica: 445c7e479f0246a5b26400b1cd4d8d27, State: Running, Role: LEADER
