I0720 00:44:03.021669 4674 maintenance_manager.cc:532] P fc86e9a330584f00b998288875c0586f: UndoDeltaBlockGCOp(27285c1e3c36466f9bce8450be7500d4) complete. Timing: real 0.000s user 0.000s sys 0.000s Metrics: {"cfile_init":1,"lbm_read_time_us":73,"lbm_reads_lt_1ms":4}
I0720 00:44:03.022243 4780 maintenance_manager.cc:327] P fc86e9a330584f00b998288875c0586f: Scheduling CompactRowSetsOp(ca6a2a19cbbe4648a8a76de1e43c405b): perf score=0.971195
I0720 00:44:03.040370 4674 maintenance_manager.cc:532] P fc86e9a330584f00b998288875c0586f: CompactRowSetsOp(ca6a2a19cbbe4648a8a76de1e43c405b) complete. Timing: real 0.018s user 0.017s sys 0.001s Metrics: {"bytes_written":17479,"cfile_cache_hit":10,"cfile_cache_hit_bytes":9302,"cfile_cache_miss":26,"cfile_cache_miss_bytes":26900,"cfile_init":6,"data dirs.queue_time_us":499,"data dirs.run_cpu_time_us":360,"data dirs.run_wall_time_us":753,"delta_iterators_relevant":4,"drs_written":1,"lbm_read_time_us":632,"lbm_reads_lt_1ms":50,"lbm_write_time_us":441,"lbm_writes_lt_1ms":23,"num_input_rowsets":2,"rows_written":498,"spinlock_wait_cycles":44800}
I0720 00:44:03.041368 4780 maintenance_manager.cc:327] P fc86e9a330584f00b998288875c0586f: Scheduling UndoDeltaBlockGCOp(ca6a2a19cbbe4648a8a76de1e43c405b): 4837 bytes on disk
I0720 00:44:03.041885 4674 maintenance_manager.cc:532] P fc86e9a330584f00b998288875c0586f: UndoDeltaBlockGCOp(ca6a2a19cbbe4648a8a76de1e43c405b) complete. Timing: real 0.000s user 0.000s sys 0.000s Metrics: {"cfile_init":1,"lbm_read_time_us":79,"lbm_reads_lt_1ms":4}
I0720 00:44:03.042436 4780 maintenance_manager.cc:327] P fc86e9a330584f00b998288875c0586f: Scheduling FlushMRSOp(5758df4920ce4bbab0424048f13fea41): perf score=0.000318
I0720 00:44:03.049927 4674 maintenance_manager.cc:532] P fc86e9a330584f00b998288875c0586f: FlushMRSOp(5758df4920ce4bbab0424048f13fea41) complete. Timing: real 0.007s user 0.006s sys 0.000s Metrics: {"bytes_written":5360,"cfile_init":1,"data dirs.queue_time_us":58,"data dirs.run_cpu_time_us":123,"data dirs.run_wall_time_us":495,"drs_written":1,"lbm_read_time_us":47,"lbm_reads_lt_1ms":4,"lbm_write_time_us":455,"lbm_writes_lt_1ms":23,"rows_written":27,"spinlock_wait_cycles":1280}
I0720 00:44:03.050837 4780 maintenance_manager.cc:327] P fc86e9a330584f00b998288875c0586f: Scheduling UndoDeltaBlockGCOp(5758df4920ce4bbab0424048f13fea41): 376 bytes on disk
I0720 00:44:03.051262 4674 maintenance_manager.cc:532] P fc86e9a330584f00b998288875c0586f: UndoDeltaBlockGCOp(5758df4920ce4bbab0424048f13fea41) complete. Timing: real 0.000s user 0.000s sys 0.000s Metrics: {"cfile_init":1,"lbm_read_time_us":62,"lbm_reads_lt_1ms":4}
I0720 00:44:03.051719 4780 maintenance_manager.cc:327] P fc86e9a330584f00b998288875c0586f: Scheduling CompactRowSetsOp(5758df4920ce4bbab0424048f13fea41): perf score=0.861418
W0720 00:44:03.068850 4544 consensus_peers.cc:458] T 9ef65edd881743f691ebb903dad80c36 P a29a463e4c2e4f61a400dde426c625e8 -> Peer 506b8430b3284890b468e7ef55b6ca79 (127.0.58.129:36375): Couldn't send request to peer 506b8430b3284890b468e7ef55b6ca79. Status: Network error: Client connection negotiation failed: client connection to 127.0.58.129:36375: connect: Connection refused (error 111). This is attempt 1: this message will repeat every 5th retry. WARNING: Logging before InitGoogleLogging() is written to STDERR
W0720 00:44:03.069401 5114 flags.cc:404] Enabled unsafe flag: --rpc_server_allow_ephemeral_ports=true
W0720 00:44:03.069633 5114 flags.cc:404] Enabled unsafe flag: --never_fsync=true
I0720 00:44:03.071163 4674 maintenance_manager.cc:532] P fc86e9a330584f00b998288875c0586f: CompactRowSetsOp(5758df4920ce4bbab0424048f13fea41) complete. Timing: real 0.019s user 0.017s sys 0.001s Metrics: {"bytes_written":18579,"cfile_cache_hit":10,"cfile_cache_hit_bytes":10088,"cfile_cache_miss":26,"cfile_cache_miss_bytes":29122,"cfile_init":5,"data dirs.queue_time_us":535,"data dirs.run_cpu_time_us":290,"data dirs.run_wall_time_us":663,"delta_iterators_relevant":4,"drs_written":1,"lbm_read_time_us":661,"lbm_reads_lt_1ms":46,"lbm_write_time_us":531,"lbm_writes_lt_1ms":23,"num_input_rowsets":2,"rows_written":541}
W0720 00:44:03.072046 5114 flags.cc:404] Enabled experimental flag: --ipki_server_key_size=1024
I0720 00:44:03.072131 4780 maintenance_manager.cc:327] P fc86e9a330584f00b998288875c0586f: Scheduling FlushMRSOp(7869d31b2ece4c38b8cf73ba177d2787): perf score=0.000297
W0720 00:44:03.072168 5114 flags.cc:404] Enabled experimental flag: --flush_threshold_mb=1
W0720 00:44:03.072213 5114 flags.cc:404] Enabled experimental flag: --flush_threshold_secs=1
W0720 00:44:03.072291 5114 flags.cc:404] Enabled experimental flag: --local_ip_for_outbound_sockets=127.0.58.129
I0720 00:44:03.076684 5114 tablet_server_main.cc:78] Tablet server non-default flags: --cfile_inject_corruption=1 --fs_data_dirs=/tmp/dist-test-taskAY5sm0/test-tmp/disk_failure-itest.0.DiskError_DiskErrorITest.TestFailOnBootstrap_0.1563583347463414-234/minicluster-data/ts-0/data-0,/tmp/dist-test-taskAY5sm0/test-tmp/disk_failure-itest.0.DiskError_DiskErrorITest.TestFailOnBootstrap_0.1563583347463414-234/minicluster-data/ts-0/data-1,/tmp/dist-test-taskAY5sm0/test-tmp/disk_failure-itest.0.DiskError_DiskErrorITest.TestFailOnBootstrap_0.1563583347463414-234/minicluster-data/ts-0/data-2 --fs_wal_dir=/tmp/dist-test-taskAY5sm0/test-tmp/disk_failure-itest.0.DiskError_DiskErrorITest.TestFailOnBootstrap_0.1563583347463414-234/minicluster-data/ts-0/wal --ipki_server_key_size=1024 --rpc_bind_addresses=127.0.58.129:36375 --rpc_server_allow_ephemeral_ports=true --metrics_log_interval_ms=1000 --server_dump_info_format=pb --server_dump_info_path=/tmp/dist-test-taskAY5sm0/test-tmp/disk_failure-itest.0.DiskError_DiskErrorITest.TestFailOnBootstrap_0.1563583347463414-234/minicluster-data/ts-0/data-0/info.pb --webserver_interface=127.0.58.129 --webserver_port=33417 --flush_threshold_mb=1 --flush_threshold_secs=1 --tserver_master_addrs=127.0.58.190:42541 --never_fsync=true --redact=none --unlock_experimental_flags=true --unlock_unsafe_flags=true --enable_minidumps=false --local_ip_for_outbound_sockets=127.0.58.129 --log_dir=/tmp/dist-test-taskAY5sm0/test-tmp/disk_failure-itest.0.DiskError_DiskErrorITest.TestFailOnBootstrap_0.1563583347463414-234/minicluster-data/ts-0/logs --logbuflevel=-1 --logtostderr=true Tablet server version: kudu 1.11.0-cdh6.x-SNAPSHOT revision aae905889e37d4b4704dffdd32555586ef5ab337 build type FASTDEBUG built by jenkins at 19 Jul 2019 16:58:05 PST on shared-ubuntu1404-ec2-m4-xlarge-ondemand-19ae.vpc.cloudera.com build id 551 ASAN enabled
I0720 00:44:03.079540 4674 maintenance_manager.cc:532] P fc86e9a330584f00b998288875c0586f: FlushMRSOp(7869d31b2ece4c38b8cf73ba177d2787) complete. Timing: real 0.007s user 0.006s sys 0.000s Metrics: {"bytes_written":5399,"cfile_init":1,"data dirs.queue_time_us":60,"data dirs.run_cpu_time_us":110,"data dirs.run_wall_time_us":531,"drs_written":1,"lbm_read_time_us":52,"lbm_reads_lt_1ms":4,"lbm_write_time_us":407,"lbm_writes_lt_1ms":23,"rows_written":29}
I0720 00:44:03.080473 4780 maintenance_manager.cc:327] P fc86e9a330584f00b998288875c0586f: Scheduling UndoDeltaBlockGCOp(5758df4920ce4bbab0424048f13fea41): 5257 bytes on disk
I0720 00:44:03.080921 4674 maintenance_manager.cc:532] P fc86e9a330584f00b998288875c0586f: UndoDeltaBlockGCOp(5758df4920ce4bbab0424048f13fea41) complete. Timing: real 0.000s user 0.000s sys 0.000s Metrics: {"cfile_init":1,"lbm_read_time_us":57,"lbm_reads_lt_1ms":4}
I0720 00:44:03.081506 4780 maintenance_manager.cc:327] P fc86e9a330584f00b998288875c0586f: Scheduling CompactRowSetsOp(7869d31b2ece4c38b8cf73ba177d2787): perf score=0.997629
W0720 00:44:03.081753 4668 consensus_peers.cc:458] T 73ac7512c8584fe3ad887ffef570df8d P fc86e9a330584f00b998288875c0586f -> Peer 506b8430b3284890b468e7ef55b6ca79 (127.0.58.129:36375): Couldn't send request to peer 506b8430b3284890b468e7ef55b6ca79. Status: Network error: Client connection negotiation failed: client connection to 127.0.58.129:36375: connect: Connection refused (error 111). This is attempt 1: this message will repeat every 5th retry.
I0720 00:44:03.084777 5114 system_ntp.cc:193] NTP initialized. Skew: 500ppm Current error: 83016us
I0720 00:44:03.085430 5114 fs_manager.cc:263] Metadata directory not provided
I0720 00:44:03.085517 5114 fs_manager.cc:269] Using write-ahead log directory (fs_wal_dir) as metadata directory
I0720 00:44:03.096747 5114 fs_manager.cc:399] Time spent opening directory manager: real 0.010s user 0.009s sys 0.000s
I0720 00:44:03.098304 5114 env_posix.cc:1676] Not raising this process' open files per process limit of 1048576; it is already as high as it can go
I0720 00:44:03.098925 5114 file_cache.cc:465] Constructed file cache lbm with capacity 419430
I0720 00:44:03.105087 4674 maintenance_manager.cc:532] P fc86e9a330584f00b998288875c0586f: CompactRowSetsOp(7869d31b2ece4c38b8cf73ba177d2787) complete. Timing: real 0.023s user 0.017s sys 0.003s Metrics: {"bytes_written":18105,"cfile_cache_hit":10,"cfile_cache_hit_bytes":9762,"cfile_cache_miss":26,"cfile_cache_miss_bytes":28100,"cfile_init":6,"data dirs.queue_time_us":675,"data dirs.run_cpu_time_us":492,"data dirs.run_wall_time_us":938,"delta_iterators_relevant":4,"drs_written":1,"lbm_read_time_us":719,"lbm_reads_lt_1ms":50,"lbm_write_time_us":414,"lbm_writes_lt_1ms":23,"mutex_wait_us":10,"num_input_rowsets":2,"rows_written":523,"spinlock_wait_cycles":11264}
I0720 00:44:03.105924 4780 maintenance_manager.cc:327] P fc86e9a330584f00b998288875c0586f: Scheduling UndoDeltaBlockGCOp(7869d31b2ece4c38b8cf73ba177d2787): 5079 bytes on disk
I0720 00:44:03.106384 4674 maintenance_manager.cc:532] P fc86e9a330584f00b998288875c0586f: UndoDeltaBlockGCOp(7869d31b2ece4c38b8cf73ba177d2787) complete. Timing: real 0.000s user 0.000s sys 0.000s Metrics: {"cfile_init":1,"lbm_read_time_us":58,"lbm_reads_lt_1ms":4}
W0720 00:44:03.107513 4544 consensus_peers.cc:458] T c4890cfc794b469d8765701546219a19 P a29a463e4c2e4f61a400dde426c625e8 -> Peer 506b8430b3284890b468e7ef55b6ca79 (127.0.58.129:36375): Couldn't send request to peer 506b8430b3284890b468e7ef55b6ca79. Status: Network error: Client connection negotiation failed: client connection to 127.0.58.129:36375: connect: Connection refused (error 111). This is attempt 1: this message will repeat every 5th retry.
I0720 00:44:03.114508 5114 fs_manager.cc:419] Time spent opening block manager: real 0.014s user 0.001s sys 0.000s
I0720 00:44:03.114591 5114 fs_manager.cc:436] Opened local filesystem: /tmp/dist-test-taskAY5sm0/test-tmp/disk_failure-itest.0.DiskError_DiskErrorITest.TestFailOnBootstrap_0.1563583347463414-234/minicluster-data/ts-0/data-0,/tmp/dist-test-taskAY5sm0/test-tmp/disk_failure-itest.0.DiskError_DiskErrorITest.TestFailOnBootstrap_0.1563583347463414-234/minicluster-data/ts-0/data-1,/tmp/dist-test-taskAY5sm0/test-tmp/disk_failure-itest.0.DiskError_DiskErrorITest.TestFailOnBootstrap_0.1563583347463414-234/minicluster-data/ts-0/data-2,/tmp/dist-test-taskAY5sm0/test-tmp/disk_failure-itest.0.DiskError_DiskErrorITest.TestFailOnBootstrap_0.1563583347463414-234/minicluster-data/ts-0/wal uuid: "506b8430b3284890b468e7ef55b6ca79" format_stamp: "Formatted at 2019-07-20 00:43:57 on dist-test-slave-dist-test-slave-lkfw"
I0720 00:44:03.115572 5114 fs_report.cc:352] FS layout report -------------------- wal directory: /tmp/dist-test-taskAY5sm0/test-tmp/disk_failure-itest.0.DiskError_DiskErrorITest.TestFailOnBootstrap_0.1563583347463414-234/minicluster-data/ts-0/wal metadata directory: /tmp/dist-test-taskAY5sm0/test-tmp/disk_failure-itest.0.DiskError_DiskErrorITest.TestFailOnBootstrap_0.1563583347463414-234/minicluster-data/ts-0/wal 3 data directories: /tmp/dist-test-taskAY5sm0/test-tmp/disk_failure-itest.0.DiskError_DiskErrorITest.TestFailOnBootstrap_0.1563583347463414-234/minicluster-data/ts-0/data-0/data, /tmp/dist-test-taskAY5sm0/test-tmp/disk_failure-itest.0.DiskError_DiskErrorITest.TestFailOnBootstrap_0.1563583347463414-234/minicluster-data/ts-0/data-1/data, /tmp/dist-test-taskAY5sm0/test-tmp/disk_failure-itest.0.DiskError_DiskErrorITest.TestFailOnBootstrap_0.1563583347463414-234/minicluster-data/ts-0/data-2/data Total live blocks: 55 Total live bytes: 233728 Total live bytes (after alignment): 393216 Total number of LBM containers: 16 (0 full) Did not check for missing blocks Did not check for orphaned blocks Total full LBM containers with extra space: 0 (0 repaired) Total full LBM container extra space in bytes: 0 (0 repaired) Total incomplete LBM containers: 0 (0 repaired) Total LBM partial records: 0 (0 repaired)
W0720 00:44:03.142896 4544 consensus_peers.cc:458] T ca6a2a19cbbe4648a8a76de1e43c405b P a29a463e4c2e4f61a400dde426c625e8 -> Peer 506b8430b3284890b468e7ef55b6ca79 (127.0.58.129:36375): Couldn't send request to peer 506b8430b3284890b468e7ef55b6ca79. Status: Network error: Client connection negotiation failed: client connection to 127.0.58.129:36375: connect: Connection refused (error 111). This is attempt 1: this message will repeat every 5th retry.
I0720 00:44:03.146466 5114 env_posix.cc:1676] Not raising this process' running threads per effective uid limit of 18446744073709551615; it is already as high as it can go
W0720 00:44:03.147004 4668 consensus_peers.cc:458] T 7869d31b2ece4c38b8cf73ba177d2787 P fc86e9a330584f00b998288875c0586f -> Peer 506b8430b3284890b468e7ef55b6ca79 (127.0.58.129:36375): Couldn't send request to peer 506b8430b3284890b468e7ef55b6ca79. Status: Network error: Client connection negotiation failed: client connection to 127.0.58.129:36375: connect: Connection refused (error 111). This is attempt 1: this message will repeat every 5th retry.
I0720 00:44:03.148301 5114 ts_tablet_manager.cc:345] Loading tablet metadata (0/10 complete)
I0720 00:44:03.165967 5114 ts_tablet_manager.cc:357] Loaded tablet metadata (10 total tablets, 10 live tablets)
I0720 00:44:03.166047 5114 ts_tablet_manager.cc:363] Registering tablets (0/10 complete)
I0720 00:44:03.169096 5133 tablet_bootstrap.cc:439] T 0a7ad36f80f44067ba0087a2768e26ac P 506b8430b3284890b468e7ef55b6ca79: Bootstrap starting.
I0720 00:44:03.170624 5134 tablet_bootstrap.cc:439] T 7869d31b2ece4c38b8cf73ba177d2787 P 506b8430b3284890b468e7ef55b6ca79: Bootstrap starting.
I0720 00:44:03.172588 5135 tablet_bootstrap.cc:439] T 73ac7512c8584fe3ad887ffef570df8d P 506b8430b3284890b468e7ef55b6ca79: Bootstrap starting.
W0720 00:44:03.173957 5134 fault_injection.cc:44] FAULT INJECTION ENABLED!
W0720 00:44:03.174008 5134 fault_injection.cc:45] THIS SERVER MAY CRASH!
E0720 00:44:03.174157 5134 cfile_reader.cc:594] Encountered corrupted CFile in filesystem block: 0000000000000128
E0720 00:44:03.174224 5135 cfile_reader.cc:594] Encountered corrupted CFile in filesystem block: 0000000000000236
E0720 00:44:03.174662 5135 tablet.cc:285] T 73ac7512c8584fe3ad887ffef570df8d P 506b8430b3284890b468e7ef55b6ca79: Failed to open rowset RowSet(4): Corruption: failed to init CFileReader for block 0000000000000236: Checksum does not match: 672874039 vs expected 672874039
E0720 00:44:03.174643 5134 tablet.cc:285] T 7869d31b2ece4c38b8cf73ba177d2787 P 506b8430b3284890b468e7ef55b6ca79: Failed to open rowset RowSet(2): Corruption: failed to init CFileReader for block 0000000000000128: Checksum does not match: 396618722 vs expected 396618722
E0720 00:44:03.174878 5133 cfile_reader.cc:594] Encountered corrupted CFile in filesystem block: 0000000000000188
E0720 00:44:03.175082 5133 tablet.cc:285] T 0a7ad36f80f44067ba0087a2768e26ac P 506b8430b3284890b468e7ef55b6ca79: Failed to open rowset RowSet(4): Corruption: failed to init CFileReader for block 0000000000000188: Checksum does not match: 62407076 vs expected 62407076
E0720 00:44:03.175341 5134 ts_tablet_manager.cc:1080] T 7869d31b2ece4c38b8cf73ba177d2787 P 506b8430b3284890b468e7ef55b6ca79: Tablet failed to bootstrap: Corruption: failed to init CFileReader for block 0000000000000128: Checksum does not match: 396618722 vs expected 396618722
E0720 00:44:03.175339 5135 ts_tablet_manager.cc:1080] T 73ac7512c8584fe3ad887ffef570df8d P 506b8430b3284890b468e7ef55b6ca79: Tablet failed to bootstrap: Corruption: failed to init CFileReader for block 0000000000000236: Checksum does not match: 672874039 vs expected 672874039
E0720 00:44:03.175345 5133 ts_tablet_manager.cc:1080] T 0a7ad36f80f44067ba0087a2768e26ac P 506b8430b3284890b468e7ef55b6ca79: Tablet failed to bootstrap: Corruption: failed to init CFileReader for block 0000000000000188: Checksum does not match: 62407076 vs expected 62407076
I0720 00:44:03.175495 5135 ts_tablet_manager.cc:1059] T 73ac7512c8584fe3ad887ffef570df8d P 506b8430b3284890b468e7ef55b6ca79: Time spent bootstrapping tablet: real 0.003s user 0.002s sys 0.000s
I0720 00:44:03.175523 5133 ts_tablet_manager.cc:1059] T 0a7ad36f80f44067ba0087a2768e26ac P 506b8430b3284890b468e7ef55b6ca79: Time spent bootstrapping tablet: real 0.007s user 0.004s sys 0.000s
I0720 00:44:03.175520 5134 ts_tablet_manager.cc:1059] T 7869d31b2ece4c38b8cf73ba177d2787 P 506b8430b3284890b468e7ef55b6ca79: Time spent bootstrapping tablet: real 0.005s user 0.001s sys 0.003s
I0720 00:44:03.175637 5133 tablet_replica.cc:273] T 0a7ad36f80f44067ba0087a2768e26ac P 506b8430b3284890b468e7ef55b6ca79: stopping tablet replica
I0720 00:44:03.175637 5135 tablet_replica.cc:273] T 73ac7512c8584fe3ad887ffef570df8d P 506b8430b3284890b468e7ef55b6ca79: stopping tablet replica
I0720 00:44:03.175729 5134 tablet_replica.cc:273] T 7869d31b2ece4c38b8cf73ba177d2787 P 506b8430b3284890b468e7ef55b6ca79: stopping tablet replica
I0720 00:44:03.175782 5133 raft_consensus.cc:2147] T 0a7ad36f80f44067ba0087a2768e26ac P 506b8430b3284890b468e7ef55b6ca79 [term 1 FOLLOWER]: Raft consensus shutting down.
I0720 00:44:03.175803 5135 raft_consensus.cc:2147] T 73ac7512c8584fe3ad887ffef570df8d P 506b8430b3284890b468e7ef55b6ca79 [term 1 FOLLOWER]: Raft consensus shutting down.
I0720 00:44:03.177094 5133 raft_consensus.cc:2174] T 0a7ad36f80f44067ba0087a2768e26ac P 506b8430b3284890b468e7ef55b6ca79 [term 1 FOLLOWER]: Raft consensus is shut down!
I0720 00:44:03.175842 5134 raft_consensus.cc:2147] T 7869d31b2ece4c38b8cf73ba177d2787 P 506b8430b3284890b468e7ef55b6ca79 [term 1 FOLLOWER]: Raft consensus shutting down.
I0720 00:44:03.177198 5134 raft_consensus.cc:2174] T 7869d31b2ece4c38b8cf73ba177d2787 P 506b8430b3284890b468e7ef55b6ca79 [term 1 FOLLOWER]: Raft consensus is shut down!
I0720 00:44:03.177445 5133 tablet_bootstrap.cc:439] T 27285c1e3c36466f9bce8450be7500d4 P 506b8430b3284890b468e7ef55b6ca79: Bootstrap starting.
I0720 00:44:03.177486 5134 tablet_bootstrap.cc:439] T 9ef65edd881743f691ebb903dad80c36 P 506b8430b3284890b468e7ef55b6ca79: Bootstrap starting.
I0720 00:44:03.177098 5135 raft_consensus.cc:2174] T 73ac7512c8584fe3ad887ffef570df8d P 506b8430b3284890b468e7ef55b6ca79 [term 1 FOLLOWER]: Raft consensus is shut down!
I0720 00:44:03.178879 5135 tablet_bootstrap.cc:439] T 19920b309dd84a01b2cc74ddbbd10854 P 506b8430b3284890b468e7ef55b6ca79: Bootstrap starting.
E0720 00:44:03.178879 5134 cfile_reader.cc:594] Encountered corrupted CFile in filesystem block: 0000000000000140
E0720 00:44:03.178879 5133 cfile_reader.cc:594] Encountered corrupted CFile in filesystem block: 0000000000000176
E0720 00:44:03.179150 5133 tablet.cc:285] T 27285c1e3c36466f9bce8450be7500d4 P 506b8430b3284890b468e7ef55b6ca79: Failed to open rowset RowSet(2): Corruption: failed to init CFileReader for block 0000000000000176: Checksum does not match: 2919875488 vs expected 2919875488
E0720 00:44:03.179145 5134 tablet.cc:285] T 9ef65edd881743f691ebb903dad80c36 P 506b8430b3284890b468e7ef55b6ca79: Failed to open rowset RowSet(2): Corruption: failed to init CFileReader for block 0000000000000140: Checksum does not match: 3072083029 vs expected 3072083029
E0720 00:44:03.179370 5133 ts_tablet_manager.cc:1080] T 27285c1e3c36466f9bce8450be7500d4 P 506b8430b3284890b468e7ef55b6ca79: Tablet failed to bootstrap: Corruption: failed to init CFileReader for block 0000000000000176: Checksum does not match: 2919875488 vs expected 2919875488
E0720 00:44:03.179368 5134 ts_tablet_manager.cc:1080] T 9ef65edd881743f691ebb903dad80c36 P 506b8430b3284890b468e7ef55b6ca79: Tablet failed to bootstrap: Corruption: failed to init CFileReader for block 0000000000000140: Checksum does not match: 3072083029 vs expected 3072083029
I0720 00:44:03.179530 5133 ts_tablet_manager.cc:1059] T 27285c1e3c36466f9bce8450be7500d4 P 506b8430b3284890b468e7ef55b6ca79: Time spent bootstrapping tablet: real 0.002s user 0.001s sys 0.000s
I0720 00:44:03.179533 5134 ts_tablet_manager.cc:1059] T 9ef65edd881743f691ebb903dad80c36 P 506b8430b3284890b468e7ef55b6ca79: Time spent bootstrapping tablet: real 0.002s user 0.000s sys 0.002s
I0720 00:44:03.179616 5133 tablet_replica.cc:273] T 27285c1e3c36466f9bce8450be7500d4 P 506b8430b3284890b468e7ef55b6ca79: stopping tablet replica
I0720 00:44:03.179636 5134 tablet_replica.cc:273] T 9ef65edd881743f691ebb903dad80c36 P 506b8430b3284890b468e7ef55b6ca79: stopping tablet replica
I0720 00:44:03.179749 5133 raft_consensus.cc:2147] T 27285c1e3c36466f9bce8450be7500d4 P 506b8430b3284890b468e7ef55b6ca79 [term 1 FOLLOWER]: Raft consensus shutting down.
I0720 00:44:03.179792 5134 raft_consensus.cc:2147] T 9ef65edd881743f691ebb903dad80c36 P 506b8430b3284890b468e7ef55b6ca79 [term 1 FOLLOWER]: Raft consensus shutting down.
I0720 00:44:03.179829 5133 raft_consensus.cc:2174] T 27285c1e3c36466f9bce8450be7500d4 P 506b8430b3284890b468e7ef55b6ca79 [term 1 FOLLOWER]: Raft consensus is shut down!
I0720 00:44:03.179853 5134 raft_consensus.cc:2174] T 9ef65edd881743f691ebb903dad80c36 P 506b8430b3284890b468e7ef55b6ca79 [term 1 FOLLOWER]: Raft consensus is shut down!
E0720 00:44:03.180336 5135 cfile_reader.cc:594] Encountered corrupted CFile in filesystem block: 0000000000000164
E0720 00:44:03.180493 5135 tablet.cc:285] T 19920b309dd84a01b2cc74ddbbd10854 P 506b8430b3284890b468e7ef55b6ca79: Failed to open rowset RowSet(2): Corruption: failed to init CFileReader for block 0000000000000164: Checksum does not match: 3177807480 vs expected 3177807480
E0720 00:44:03.180687 5135 ts_tablet_manager.cc:1080] T 19920b309dd84a01b2cc74ddbbd10854 P 506b8430b3284890b468e7ef55b6ca79: Tablet failed to bootstrap: Corruption: failed to init CFileReader for block 0000000000000164: Checksum does not match: 3177807480 vs expected 3177807480
I0720 00:44:03.180749 5135 ts_tablet_manager.cc:1059] T 19920b309dd84a01b2cc74ddbbd10854 P 506b8430b3284890b468e7ef55b6ca79: Time spent bootstrapping tablet: real 0.002s user 0.001s sys 0.000s
I0720 00:44:03.180804 5135 tablet_replica.cc:273] T 19920b309dd84a01b2cc74ddbbd10854 P 506b8430b3284890b468e7ef55b6ca79: stopping tablet replica
I0720 00:44:03.180858 5135 raft_consensus.cc:2147] T 19920b309dd84a01b2cc74ddbbd10854 P 506b8430b3284890b468e7ef55b6ca79 [term 1 FOLLOWER]: Raft consensus shutting down.
I0720 00:44:03.180914 5135 raft_consensus.cc:2174] T 19920b309dd84a01b2cc74ddbbd10854 P 506b8430b3284890b468e7ef55b6ca79 [term 1 FOLLOWER]: Raft consensus is shut down!
I0720 00:44:03.181295 5135 tablet_bootstrap.cc:439] T 5758df4920ce4bbab0424048f13fea41 P 506b8430b3284890b468e7ef55b6ca79: Bootstrap starting.
E0720 00:44:03.182458 5135 cfile_reader.cc:594] Encountered corrupted CFile in filesystem block: 0000000000000152
E0720 00:44:03.182603 5135 tablet.cc:285] T 5758df4920ce4bbab0424048f13fea41 P 506b8430b3284890b468e7ef55b6ca79: Failed to open rowset RowSet(2): Corruption: failed to init CFileReader for block 0000000000000152: Checksum does not match: 1478762943 vs expected 1478762943
E0720 00:44:03.182773 5135 ts_tablet_manager.cc:1080] T 5758df4920ce4bbab0424048f13fea41 P 506b8430b3284890b468e7ef55b6ca79: Tablet failed to bootstrap: Corruption: failed to init CFileReader for block 0000000000000152: Checksum does not match: 1478762943 vs expected 1478762943
I0720 00:44:03.182835 5135 ts_tablet_manager.cc:1059] T 5758df4920ce4bbab0424048f13fea41 P 506b8430b3284890b468e7ef55b6ca79: Time spent bootstrapping tablet: real 0.002s user 0.000s sys 0.001s
I0720 00:44:03.182884 5135 tablet_replica.cc:273] T 5758df4920ce4bbab0424048f13fea41 P 506b8430b3284890b468e7ef55b6ca79: stopping tablet replica
I0720 00:44:03.182941 5135 raft_consensus.cc:2147] T 5758df4920ce4bbab0424048f13fea41 P 506b8430b3284890b468e7ef55b6ca79 [term 1 FOLLOWER]: Raft consensus shutting down.
I0720 00:44:03.182996 5135 raft_consensus.cc:2174] T 5758df4920ce4bbab0424048f13fea41 P 506b8430b3284890b468e7ef55b6ca79 [term 1 FOLLOWER]: Raft consensus is shut down!
I0720 00:44:03.183199 5135 tablet_bootstrap.cc:439] T 73ea05088cb24563bcf684d6199dd946 P 506b8430b3284890b468e7ef55b6ca79: Bootstrap starting.
E0720 00:44:03.184298 5135 cfile_reader.cc:594] Encountered corrupted CFile in filesystem block: 0000000000000212
E0720 00:44:03.184437 5135 tablet.cc:285] T 73ea05088cb24563bcf684d6199dd946 P 506b8430b3284890b468e7ef55b6ca79: Failed to open rowset RowSet(4): Corruption: failed to init CFileReader for block 0000000000000212: Checksum does not match: 3440600655 vs expected 3440600655
E0720 00:44:03.184625 5135 ts_tablet_manager.cc:1080] T 73ea05088cb24563bcf684d6199dd946 P 506b8430b3284890b468e7ef55b6ca79: Tablet failed to bootstrap: Corruption: failed to init CFileReader for block 0000000000000212: Checksum does not match: 3440600655 vs expected 3440600655
I0720 00:44:03.184689 5135 ts_tablet_manager.cc:1059] T 73ea05088cb24563bcf684d6199dd946 P 506b8430b3284890b468e7ef55b6ca79: Time spent bootstrapping tablet: real 0.002s user 0.000s sys 0.000s
I0720 00:44:03.184737 5135 tablet_replica.cc:273] T 73ea05088cb24563bcf684d6199dd946 P 506b8430b3284890b468e7ef55b6ca79: stopping tablet replica
I0720 00:44:03.184790 5135 raft_consensus.cc:2147] T 73ea05088cb24563bcf684d6199dd946 P 506b8430b3284890b468e7ef55b6ca79 [term 1 FOLLOWER]: Raft consensus shutting down.
I0720 00:44:03.184846 5135 raft_consensus.cc:2174] T 73ea05088cb24563bcf684d6199dd946 P 506b8430b3284890b468e7ef55b6ca79 [term 1 FOLLOWER]: Raft consensus is shut down!
I0720 00:44:03.185163 5135 tablet_bootstrap.cc:439] T c4890cfc794b469d8765701546219a19 P 506b8430b3284890b468e7ef55b6ca79: Bootstrap starting.
E0720 00:44:03.186300 5135 cfile_reader.cc:594] Encountered corrupted CFile in filesystem block: 0000000000000200
E0720 00:44:03.186436 5135 tablet.cc:285] T c4890cfc794b469d8765701546219a19 P 506b8430b3284890b468e7ef55b6ca79: Failed to open rowset RowSet(4): Corruption: failed to init CFileReader for block 0000000000000200: Checksum does not match: 3565727781 vs expected 3565727781
E0720 00:44:03.186609 5135 ts_tablet_manager.cc:1080] T c4890cfc794b469d8765701546219a19 P 506b8430b3284890b468e7ef55b6ca79: Tablet failed to bootstrap: Corruption: failed to init CFileReader for block 0000000000000200: Checksum does not match: 3565727781 vs expected 3565727781
I0720 00:44:03.186668 5135 ts_tablet_manager.cc:1059] T c4890cfc794b469d8765701546219a19 P 506b8430b3284890b468e7ef55b6ca79: Time spent bootstrapping tablet: real 0.002s user 0.001s sys 0.000s
I0720 00:44:03.186725 5135 tablet_replica.cc:273] T c4890cfc794b469d8765701546219a19 P 506b8430b3284890b468e7ef55b6ca79: stopping tablet replica
I0720 00:44:03.186776 5135 raft_consensus.cc:2147] T c4890cfc794b469d8765701546219a19 P 506b8430b3284890b468e7ef55b6ca79 [term 1 FOLLOWER]: Raft consensus shutting down.
I0720 00:44:03.186830 5135 raft_consensus.cc:2174] T c4890cfc794b469d8765701546219a19 P 506b8430b3284890b468e7ef55b6ca79 [term 1 FOLLOWER]: Raft consensus is shut down!
I0720 00:44:03.186971 5114 ts_tablet_manager.cc:377] Registered 10 tablets
I0720 00:44:03.187060 5135 tablet_bootstrap.cc:439] T ca6a2a19cbbe4648a8a76de1e43c405b P 506b8430b3284890b468e7ef55b6ca79: Bootstrap starting.
E0720 00:44:03.188251 5135 cfile_reader.cc:594] Encountered corrupted CFile in filesystem block: 0000000000000224
I0720 00:44:03.188338 5135 ts_tablet_manager.cc:1475] T ca6a2a19cbbe4648a8a76de1e43c405b P 506b8430b3284890b468e7ef55b6ca79: failing tablet
E0720 00:44:03.188606 5135 tablet.cc:285] T ca6a2a19cbbe4648a8a76de1e43c405b P 506b8430b3284890b468e7ef55b6ca79: Failed to open rowset RowSet(4): Corruption: failed to init CFileReader for block 0000000000000224: Checksum does not match: 1683009991 vs expected 1683009991
E0720 00:44:03.188792 5135 ts_tablet_manager.cc:1080] T ca6a2a19cbbe4648a8a76de1e43c405b P 506b8430b3284890b468e7ef55b6ca79: Tablet failed to bootstrap: Corruption: failed to init CFileReader for block 0000000000000224: Checksum does not match: 1683009991 vs expected 1683009991
I0720 00:44:03.188874 5135 ts_tablet_manager.cc:1059] T ca6a2a19cbbe4648a8a76de1e43c405b P 506b8430b3284890b468e7ef55b6ca79: Time spent bootstrapping tablet: real 0.002s user 0.000s sys 0.000s
I0720 00:44:03.188958 5135 tablet_replica.cc:273] T ca6a2a19cbbe4648a8a76de1e43c405b P 506b8430b3284890b468e7ef55b6ca79: stopping tablet replica
I0720 00:44:03.189014 5135 raft_consensus.cc:2147] T ca6a2a19cbbe4648a8a76de1e43c405b P 506b8430b3284890b468e7ef55b6ca79 [term 1 FOLLOWER]: Raft consensus shutting down.
I0720 00:44:03.189090 5135 raft_consensus.cc:2174] T ca6a2a19cbbe4648a8a76de1e43c405b P 506b8430b3284890b468e7ef55b6ca79 [term 1 FOLLOWER]: Raft consensus is shut down!
I0720 00:44:03.213259 5114 rpc_server.cc:205] RPC server started. Bound to: 127.0.58.129:36375
I0720 00:44:03.214325 5114 webserver.cc:374] Webserver started at http://127.0.58.129:33417/ using document root and password file
I0720 00:44:03.215056 5114 server_base.cc:629] Dumped server information to /tmp/dist-test-taskAY5sm0/test-tmp/disk_failure-itest.0.DiskError_DiskErrorITest.TestFailOnBootstrap_0.1563583347463414-234/minicluster-data/ts-0/data-0/info.pb
I0720 00:44:03.218024 234 external_mini_cluster.cc:1000] Started /tmp/dist-test-taskAY5sm0/build/asan/bin/kudu-tserver as pid 5114
I0720 00:44:03.224982 234 disk_failure-itest.cc:256] Currently has 10 failed tablets
I0720 00:44:03.225131 234 disk_failure-itest.cc:234] Resetting error injection flags
I0720 00:44:03.234668 5240 heartbeater.cc:324] Connected to a master server at 127.0.58.190:42541
I0720 00:44:03.234859 5240 heartbeater.cc:405] Registering TS with master...
W0720 00:44:03.235139 5237 generic_service.cc:128] {username='slave'} at 127.0.0.1:51190 forcing change of non-runtime-safe flag env_inject_eio
I0720 00:44:03.235260 5237 generic_service.cc:148] {username='slave'} at 127.0.0.1:51190 changed flags via RPC: env_inject_eio from '0' to '0.0'
I0720 00:44:03.235363 5240 heartbeater.cc:454] Master 127.0.58.190:42541 requested a full tablet report, sending...
W0720 00:44:03.236593 5237 generic_service.cc:128] {username='slave'} at 127.0.0.1:51190 forcing change of non-runtime-safe flag cfile_inject_corruption
I0720 00:44:03.236667 5237 generic_service.cc:148] {username='slave'} at 127.0.0.1:51190 changed flags via RPC: cfile_inject_corruption from '1' to '0.0'
I0720 00:44:03.237144 4362 ts_manager.cc:161] Re-registered known tserver with Master: 506b8430b3284890b468e7ef55b6ca79 (127.0.58.129:36375)
W0720 00:44:03.237493 5237 generic_service.cc:128] {username='slave'} at 127.0.0.1:51190 forcing change of non-runtime-safe flag enable_tablet_copy
I0720 00:44:03.237570 5237 generic_service.cc:148] {username='slave'} at 127.0.0.1:51190 changed flags via RPC: enable_tablet_copy from 'true' to 'true'
W0720 00:44:03.237816 4362 catalog_manager.cc:3988] Tablet 0a7ad36f80f44067ba0087a2768e26ac (table test-workload [id=03430f12567b4e1ab531baa411322323]) has failed on TS 506b8430b3284890b468e7ef55b6ca79 (127.0.58.129:36375): Corruption: failed to init CFileReader for block 0000000000000188: Checksum does not match: 62407076 vs expected 62407076
W0720 00:44:03.237910 4362 catalog_manager.cc:3988] Tablet 7869d31b2ece4c38b8cf73ba177d2787 (table test-workload [id=03430f12567b4e1ab531baa411322323]) has failed on TS 506b8430b3284890b468e7ef55b6ca79 (127.0.58.129:36375): Corruption: failed to init CFileReader for block 0000000000000128: Checksum does not match: 396618722 vs expected 396618722
W0720 00:44:03.237987 4362 catalog_manager.cc:3988] Tablet 19920b309dd84a01b2cc74ddbbd10854 (table test-workload [id=03430f12567b4e1ab531baa411322323]) has failed on TS 506b8430b3284890b468e7ef55b6ca79 (127.0.58.129:36375): Corruption: failed to init CFileReader for block 0000000000000164: Checksum does not match: 3177807480 vs expected 3177807480
W0720 00:44:03.238041 4362 catalog_manager.cc:3988] Tablet 73ac7512c8584fe3ad887ffef570df8d (table test-workload [id=03430f12567b4e1ab531baa411322323]) has failed on TS 506b8430b3284890b468e7ef55b6ca79 (127.0.58.129:36375): Corruption: failed to init CFileReader for block 0000000000000236: Checksum does not match: 672874039 vs expected 672874039
W0720 00:44:03.238128 4362 catalog_manager.cc:3988] Tablet 9ef65edd881743f691ebb903dad80c36 (table test-workload [id=03430f12567b4e1ab531baa411322323]) has failed on TS 506b8430b3284890b468e7ef55b6ca79 (127.0.58.129:36375): Corruption: failed to init CFileReader for block 0000000000000140: Checksum does not match: 3072083029 vs expected 3072083029
W0720 00:44:03.238189 4362 catalog_manager.cc:3988] Tablet 27285c1e3c36466f9bce8450be7500d4 (table test-workload [id=03430f12567b4e1ab531baa411322323]) has failed on TS 506b8430b3284890b468e7ef55b6ca79 (127.0.58.129:36375): Corruption: failed to init CFileReader for block 0000000000000176: Checksum does not match: 2919875488 vs expected 2919875488
W0720 00:44:03.238256 4362 catalog_manager.cc:3988] Tablet 5758df4920ce4bbab0424048f13fea41 (table test-workload [id=03430f12567b4e1ab531baa411322323]) has failed on TS 506b8430b3284890b468e7ef55b6ca79 (127.0.58.129:36375): Corruption: failed to init CFileReader for block 0000000000000152: Checksum does not match: 1478762943 vs expected 1478762943
W0720 00:44:03.238307 4362 catalog_manager.cc:3988] Tablet 73ea05088cb24563bcf684d6199dd946 (table test-workload [id=03430f12567b4e1ab531baa411322323]) has failed on TS 506b8430b3284890b468e7ef55b6ca79 (127.0.58.129:36375): Corruption: failed to init CFileReader for block 0000000000000212: Checksum does not match: 3440600655 vs expected 3440600655
W0720 00:44:03.238369 4362 catalog_manager.cc:3988] Tablet ca6a2a19cbbe4648a8a76de1e43c405b (table test-workload [id=03430f12567b4e1ab531baa411322323]) has failed on TS 506b8430b3284890b468e7ef55b6ca79 (127.0.58.129:36375): Corruption: failed to init CFileReader for block 0000000000000224: Checksum does not match: 1683009991 vs expected 1683009991
W0720 00:44:03.238417 4362 catalog_manager.cc:3988] Tablet c4890cfc794b469d8765701546219a19 (table test-workload [id=03430f12567b4e1ab531baa411322323]) has failed on TS 506b8430b3284890b468e7ef55b6ca79 (127.0.58.129:36375): Corruption: failed to init CFileReader for block 0000000000000200: Checksum does not match: 3565727781 vs expected 3565727781
I0720 00:44:03.239634 4362 master_service.cc:277] Signed X509 certificate for tserver {username='slave'} at 127.0.58.129:60217
I0720 00:44:03.268227 4668 consensus_queue.cc:544] T 19920b309dd84a01b2cc74ddbbd10854 P fc86e9a330584f00b998288875c0586f [LEADER]: The tablet replica hosted on peer 506b8430b3284890b468e7ef55b6ca79 has failed
W0720 00:44:03.268368 4668 consensus_peers.cc:458] T 19920b309dd84a01b2cc74ddbbd10854 P fc86e9a330584f00b998288875c0586f -> Peer 506b8430b3284890b468e7ef55b6ca79 (127.0.58.129:36375): Couldn't send request to peer 506b8430b3284890b468e7ef55b6ca79. Error code: TABLET_FAILED (20). Status: Illegal state: Tablet not RUNNING: FAILED: Corruption: failed to init CFileReader for block 0000000000000164: Checksum does not match: 3177807480 vs expected 3177807480. This is attempt 1: this message will repeat every 5th retry.
I0720 00:44:03.276213 4358 catalog_manager.cc:3818] Sending ChangeConfig:REMOVE_PEER on tablet 19920b309dd84a01b2cc74ddbbd10854 (attempt 1)
I0720 00:44:03.277881 4734 consensus_queue.cc:206] T 19920b309dd84a01b2cc74ddbbd10854 P fc86e9a330584f00b998288875c0586f [LEADER]: Queue going to LEADER mode. State: All replicated index: 0, Majority replicated index: 105, Committed index: 105, Last appended: 1.105, Last appended by leader: 0, Current term: 1, Majority size: 2, State: 0, Mode: LEADER, active raft config: opid_index: 106 OBSOLETE_local: false peers { permanent_uuid: "a29a463e4c2e4f61a400dde426c625e8" member_type: VOTER last_known_addr { host: "127.0.58.130" port: 43527 } } peers { permanent_uuid: "fc86e9a330584f00b998288875c0586f" member_type: VOTER last_known_addr { host: "127.0.58.131" port: 42343 } }
I0720 00:44:03.279582 4611 raft_consensus.cc:1184] T 19920b309dd84a01b2cc74ddbbd10854 P a29a463e4c2e4f61a400dde426c625e8 [term 1 FOLLOWER]: Refusing update from remote peer fc86e9a330584f00b998288875c0586f: Log matching property violated. Preceding OpId in replica: term: 1 index: 105. Preceding OpId from leader: term: 1 index: 106. (index mismatch)
I0720 00:44:03.280076 5062 consensus_queue.cc:984] T 19920b309dd84a01b2cc74ddbbd10854 P fc86e9a330584f00b998288875c0586f [LEADER]: Connected to new peer: Peer: permanent_uuid: "a29a463e4c2e4f61a400dde426c625e8" member_type: VOTER last_known_addr { host: "127.0.58.130" port: 43527 }, Status: LMP_MISMATCH, Last received: 0.0, Next index: 106, Last known committed idx: 105, Time since last communication: 0.000s
I0720 00:44:03.282033 5263 raft_consensus.cc:2792] T 19920b309dd84a01b2cc74ddbbd10854 P fc86e9a330584f00b998288875c0586f [term 1 LEADER]: Committing config change with OpId 1.106: config changed from index -1 to 106, VOTER 506b8430b3284890b468e7ef55b6ca79 (127.0.58.129) evicted. New config: { opid_index: 106 OBSOLETE_local: false peers { permanent_uuid: "a29a463e4c2e4f61a400dde426c625e8" member_type: VOTER last_known_addr { host: "127.0.58.130" port: 43527 } } peers { permanent_uuid: "fc86e9a330584f00b998288875c0586f" member_type: VOTER last_known_addr { host: "127.0.58.131" port: 42343 } } }
I0720 00:44:03.282464 4611 raft_consensus.cc:2792] T 19920b309dd84a01b2cc74ddbbd10854 P a29a463e4c2e4f61a400dde426c625e8 [term 1 FOLLOWER]: Committing config change with OpId 1.106: config changed from index -1 to 106, VOTER 506b8430b3284890b468e7ef55b6ca79 (127.0.58.129) evicted. New config: { opid_index: 106 OBSOLETE_local: false peers { permanent_uuid: "a29a463e4c2e4f61a400dde426c625e8" member_type: VOTER last_known_addr { host: "127.0.58.130" port: 43527 } } peers { permanent_uuid: "fc86e9a330584f00b998288875c0586f" member_type: VOTER last_known_addr { host: "127.0.58.131" port: 42343 } } }
I0720 00:44:03.285763 4358 catalog_manager.cc:4067] T 19920b309dd84a01b2cc74ddbbd10854 P a29a463e4c2e4f61a400dde426c625e8 reported cstate change: config changed from index -1 to 106, VOTER 506b8430b3284890b468e7ef55b6ca79 (127.0.58.129) evicted. New cstate: current_term: 1 leader_uuid: "fc86e9a330584f00b998288875c0586f" committed_config { opid_index: 106 OBSOLETE_local: false peers { permanent_uuid: "a29a463e4c2e4f61a400dde426c625e8" member_type: VOTER last_known_addr { host: "127.0.58.130" port: 43527 } } peers { permanent_uuid: "fc86e9a330584f00b998288875c0586f" member_type: VOTER last_known_addr { host: "127.0.58.131" port: 42343 } } }
I0720 00:44:03.313452 4345 catalog_manager.cc:3601] ChangeConfig:REMOVE_PEER RPC for tablet 19920b309dd84a01b2cc74ddbbd10854 with cas_config_opid_index -1: ChangeConfig:REMOVE_PEER succeeded (attempt 1)
I0720 00:44:03.316666 4358 catalog_manager.cc:3686] Sending ChangeConfig:ADD_PEER:NON_VOTER on tablet 19920b309dd84a01b2cc74ddbbd10854 (attempt 1)
I0720 00:44:03.317883 4734 consensus_queue.cc:206] T 19920b309dd84a01b2cc74ddbbd10854 P fc86e9a330584f00b998288875c0586f [LEADER]: Queue going to LEADER mode. State: All replicated index: 0, Majority replicated index: 106, Committed index: 106, Last appended: 1.106, Last appended by leader: 0, Current term: 1, Majority size: 2, State: 0, Mode: LEADER, active raft config: opid_index: 107 OBSOLETE_local: false peers { permanent_uuid: "a29a463e4c2e4f61a400dde426c625e8" member_type: VOTER last_known_addr { host: "127.0.58.130" port: 43527 } } peers { permanent_uuid: "fc86e9a330584f00b998288875c0586f" member_type: VOTER last_known_addr { host: "127.0.58.131" port: 42343 } } peers { permanent_uuid: "e23cbbcbc8444eec834170f2d501c129" member_type: NON_VOTER last_known_addr { host: "127.0.58.132" port: 46503 } attrs { promote: true } }
I0720 00:44:03.319815 4611 raft_consensus.cc:1184] T 19920b309dd84a01b2cc74ddbbd10854 P a29a463e4c2e4f61a400dde426c625e8 [term 1 FOLLOWER]: Refusing update from remote peer fc86e9a330584f00b998288875c0586f: Log matching property violated. Preceding OpId in replica: term: 1 index: 106. Preceding OpId from leader: term: 1 index: 107. (index mismatch)
I0720 00:44:03.320283 5062 consensus_queue.cc:984] T 19920b309dd84a01b2cc74ddbbd10854 P fc86e9a330584f00b998288875c0586f [LEADER]: Connected to new peer: Peer: permanent_uuid: "a29a463e4c2e4f61a400dde426c625e8" member_type: VOTER last_known_addr { host: "127.0.58.130" port: 43527 }, Status: LMP_MISMATCH, Last received: 0.0, Next index: 107, Last known committed idx: 106, Time since last communication: 0.000s
I0720 00:44:03.322330 5062 raft_consensus.cc:2792] T 19920b309dd84a01b2cc74ddbbd10854 P fc86e9a330584f00b998288875c0586f [term 1 LEADER]: Committing config change with OpId 1.107: config changed from index 106 to 107, NON_VOTER e23cbbcbc8444eec834170f2d501c129 (127.0.58.132) added. New config: { opid_index: 107 OBSOLETE_local: false peers { permanent_uuid: "a29a463e4c2e4f61a400dde426c625e8" member_type: VOTER last_known_addr { host: "127.0.58.130" port: 43527 } } peers { permanent_uuid: "fc86e9a330584f00b998288875c0586f" member_type: VOTER last_known_addr { host: "127.0.58.131" port: 42343 } } peers { permanent_uuid: "e23cbbcbc8444eec834170f2d501c129" member_type: NON_VOTER last_known_addr { host: "127.0.58.132" port: 46503 } attrs { promote: true } } }
I0720 00:44:03.324185 4611 raft_consensus.cc:2792] T 19920b309dd84a01b2cc74ddbbd10854 P a29a463e4c2e4f61a400dde426c625e8 [term 1 FOLLOWER]: Committing config change with OpId 1.107: config changed from index 106 to 107, NON_VOTER e23cbbcbc8444eec834170f2d501c129 (127.0.58.132) added. New config: { opid_index: 107 OBSOLETE_local: false peers { permanent_uuid: "a29a463e4c2e4f61a400dde426c625e8" member_type: VOTER last_known_addr { host: "127.0.58.130" port: 43527 } } peers { permanent_uuid: "fc86e9a330584f00b998288875c0586f" member_type: VOTER last_known_addr { host: "127.0.58.131" port: 42343 } } peers { permanent_uuid: "e23cbbcbc8444eec834170f2d501c129" member_type: NON_VOTER last_known_addr { host: "127.0.58.132" port: 46503 } attrs { promote: true } } }
I0720 00:44:03.325598 4345 catalog_manager.cc:3601] ChangeConfig:ADD_PEER:NON_VOTER RPC for tablet 19920b309dd84a01b2cc74ddbbd10854 with cas_config_opid_index 106: ChangeConfig:ADD_PEER:NON_VOTER succeeded (attempt 1)
I0720 00:44:03.328044 4358 catalog_manager.cc:4067] T 19920b309dd84a01b2cc74ddbbd10854 P fc86e9a330584f00b998288875c0586f reported cstate change: config changed from index 106 to 107, NON_VOTER e23cbbcbc8444eec834170f2d501c129 (127.0.58.132) added. New cstate: current_term: 1 leader_uuid: "fc86e9a330584f00b998288875c0586f" committed_config { opid_index: 107 OBSOLETE_local: false peers { permanent_uuid: "a29a463e4c2e4f61a400dde426c625e8" member_type: VOTER last_known_addr { host: "127.0.58.130" port: 43527 } health_report { overall_health: HEALTHY } } peers { permanent_uuid: "fc86e9a330584f00b998288875c0586f" member_type: VOTER last_known_addr { host: "127.0.58.131" port: 42343 } health_report { overall_health: HEALTHY } } peers { permanent_uuid: "e23cbbcbc8444eec834170f2d501c129" member_type: NON_VOTER last_known_addr { host: "127.0.58.132" port: 46503 } attrs { promote: true } health_report { overall_health: UNKNOWN } } }
