I0720 00:44:06.583926 5817 raft_consensus.cc:705] T d54fc0a6131248cc929ba6d4b0a17489 P aedbe741f4014e40ae382c213ab0d151 [term 0 FOLLOWER]: Becoming Follower/Learner. State: Replica: aedbe741f4014e40ae382c213ab0d151, State: Initialized, Role: FOLLOWER
I0720 00:44:06.583979 5824 tablet_bootstrap.cc:439] T f0f53e18f4ec4eec823ef551f843b54e P be9af1eb9bb14a7e8ef0cf71154d5e6e: No bootstrap required, opened a new log
I0720 00:44:06.584126 5817 consensus_queue.cc:229] T d54fc0a6131248cc929ba6d4b0a17489 P aedbe741f4014e40ae382c213ab0d151 [NON_LEADER]: Queue going to NON_LEADER mode. State: All replicated index: 0, Majority replicated index: 0, Committed index: 0, Last appended: 0.0, Last appended by leader: 0, Current term: 0, Majority size: -1, State: 0, Mode: NON_LEADER, active raft config: opid_index: -1 OBSOLETE_local: false peers { permanent_uuid: "445c7e479f0246a5b26400b1cd4d8d27" member_type: VOTER last_known_addr { host: "127.0.58.130" port: 39833 } } peers { permanent_uuid: "be9af1eb9bb14a7e8ef0cf71154d5e6e" member_type: VOTER last_known_addr { host: "127.0.58.129" port: 34347 } } peers { permanent_uuid: "aedbe741f4014e40ae382c213ab0d151" member_type: VOTER last_known_addr { host: "127.0.58.131" port: 46091 } }
I0720 00:44:06.584497 5819 raft_consensus.cc:705] T 26b0b6bdff8a4bc7be9e3eeff65c3b9a P aedbe741f4014e40ae382c213ab0d151 [term 0 FOLLOWER]: Becoming Follower/Learner. State: Replica: aedbe741f4014e40ae382c213ab0d151, State: Initialized, Role: FOLLOWER
I0720 00:44:06.584738 5793 heartbeater.cc:446] Master 127.0.58.190:38255 was elected leader, sending a full tablet report...
I0720 00:44:06.585290 5821 ts_tablet_manager.cc:1087] T d54fc0a6131248cc929ba6d4b0a17489 P 445c7e479f0246a5b26400b1cd4d8d27: Time spent starting tablet: real 0.015s user 0.005s sys 0.004s
I0720 00:44:06.585346 5818 ts_tablet_manager.cc:1087] T 7dfcac69dd8c4d54a4fe10c404a9cc87 P aedbe741f4014e40ae382c213ab0d151: Time spent starting tablet: real 0.023s user 0.004s sys 0.003s
I0720 00:44:06.585350 5824 ts_tablet_manager.cc:1059] T f0f53e18f4ec4eec823ef551f843b54e P be9af1eb9bb14a7e8ef0cf71154d5e6e: Time spent bootstrapping tablet: real 0.015s user 0.003s sys 0.000s
I0720 00:44:06.585479 5819 consensus_queue.cc:229] T 26b0b6bdff8a4bc7be9e3eeff65c3b9a P aedbe741f4014e40ae382c213ab0d151 [NON_LEADER]: Queue going to NON_LEADER mode. State: All replicated index: 0, Majority replicated index: 0, Committed index: 0, Last appended: 0.0, Last appended by leader: 0, Current term: 0, Majority size: -1, State: 0, Mode: NON_LEADER, active raft config: opid_index: -1 OBSOLETE_local: false peers { permanent_uuid: "be9af1eb9bb14a7e8ef0cf71154d5e6e" member_type: VOTER last_known_addr { host: "127.0.58.129" port: 34347 } } peers { permanent_uuid: "445c7e479f0246a5b26400b1cd4d8d27" member_type: VOTER last_known_addr { host: "127.0.58.130" port: 39833 } } peers { permanent_uuid: "aedbe741f4014e40ae382c213ab0d151" member_type: VOTER last_known_addr { host: "127.0.58.131" port: 46091 } }
I0720 00:44:06.585566 5821 tablet_bootstrap.cc:439] T f50d69e061a145869a005de2b35d1acc P 445c7e479f0246a5b26400b1cd4d8d27: Bootstrap starting.
I0720 00:44:06.585716 5818 tablet_bootstrap.cc:439] T 43e3ab995f34471c92e887c28c2e2e0f P aedbe741f4014e40ae382c213ab0d151: Bootstrap starting.
I0720 00:44:06.587188 5818 tablet_bootstrap.cc:590] T 43e3ab995f34471c92e887c28c2e2e0f P aedbe741f4014e40ae382c213ab0d151: No blocks or log segments found. Creating new log.
I0720 00:44:06.587487 5821 tablet_bootstrap.cc:590] T f50d69e061a145869a005de2b35d1acc P 445c7e479f0246a5b26400b1cd4d8d27: No blocks or log segments found. Creating new log.
I0720 00:44:06.588865 5819 ts_tablet_manager.cc:1087] T 26b0b6bdff8a4bc7be9e3eeff65c3b9a P aedbe741f4014e40ae382c213ab0d151: Time spent starting tablet: real 0.029s user 0.009s sys 0.000s
I0720 00:44:06.589237 5819 tablet_bootstrap.cc:439] T c1e0c42e42524c22af51c8e4a457d743 P aedbe741f4014e40ae382c213ab0d151: Bootstrap starting.
I0720 00:44:06.590392 5817 ts_tablet_manager.cc:1087] T d54fc0a6131248cc929ba6d4b0a17489 P aedbe741f4014e40ae382c213ab0d151: Time spent starting tablet: real 0.026s user 0.007s sys 0.000s
I0720 00:44:06.590662 5817 tablet_bootstrap.cc:439] T f0f53e18f4ec4eec823ef551f843b54e P aedbe741f4014e40ae382c213ab0d151: Bootstrap starting.
I0720 00:44:06.591038 5818 tablet_bootstrap.cc:439] T 43e3ab995f34471c92e887c28c2e2e0f P aedbe741f4014e40ae382c213ab0d151: No bootstrap required, opened a new log
I0720 00:44:06.591809 5819 tablet_bootstrap.cc:590] T c1e0c42e42524c22af51c8e4a457d743 P aedbe741f4014e40ae382c213ab0d151: No blocks or log segments found. Creating new log.
I0720 00:44:06.592007 5817 tablet_bootstrap.cc:590] T f0f53e18f4ec4eec823ef551f843b54e P aedbe741f4014e40ae382c213ab0d151: No blocks or log segments found. Creating new log.
I0720 00:44:06.592072 5818 ts_tablet_manager.cc:1059] T 43e3ab995f34471c92e887c28c2e2e0f P aedbe741f4014e40ae382c213ab0d151: Time spent bootstrapping tablet: real 0.006s user 0.005s sys 0.000s
I0720 00:44:06.593070 5818 raft_consensus.cc:340] T 43e3ab995f34471c92e887c28c2e2e0f P aedbe741f4014e40ae382c213ab0d151 [term 0 FOLLOWER]: Replica starting. Triggering 0 pending transactions. Active config: opid_index: -1 OBSOLETE_local: false peers { permanent_uuid: "445c7e479f0246a5b26400b1cd4d8d27" member_type: VOTER last_known_addr { host: "127.0.58.130" port: 39833 } } peers { permanent_uuid: "be9af1eb9bb14a7e8ef0cf71154d5e6e" member_type: VOTER last_known_addr { host: "127.0.58.129" port: 34347 } } peers { permanent_uuid: "aedbe741f4014e40ae382c213ab0d151" member_type: VOTER last_known_addr { host: "127.0.58.131" port: 46091 } }
I0720 00:44:06.593484 5818 raft_consensus.cc:366] T 43e3ab995f34471c92e887c28c2e2e0f P aedbe741f4014e40ae382c213ab0d151 [term 0 FOLLOWER]: Consensus starting up: Expiring failure detector timer to make a prompt election more likely
I0720 00:44:06.593874 5822 ts_tablet_manager.cc:1087] T 26b0b6bdff8a4bc7be9e3eeff65c3b9a P 445c7e479f0246a5b26400b1cd4d8d27: Time spent starting tablet: real 0.025s user 0.000s sys 0.003s
I0720 00:44:06.594125 5818 raft_consensus.cc:705] T 43e3ab995f34471c92e887c28c2e2e0f P aedbe741f4014e40ae382c213ab0d151 [term 0 FOLLOWER]: Becoming Follower/Learner. State: Replica: aedbe741f4014e40ae382c213ab0d151, State: Initialized, Role: FOLLOWER
I0720 00:44:06.594261 5822 tablet_bootstrap.cc:439] T dff7af31a11e4cf78f6efbbfa12762d3 P 445c7e479f0246a5b26400b1cd4d8d27: Bootstrap starting.
I0720 00:44:06.594543 5819 tablet_bootstrap.cc:439] T c1e0c42e42524c22af51c8e4a457d743 P aedbe741f4014e40ae382c213ab0d151: No bootstrap required, opened a new log
I0720 00:44:06.595072 5823 tablet_bootstrap.cc:590] T 6c0c6e70945746faa55c4964f07a5a86 P 445c7e479f0246a5b26400b1cd4d8d27: No blocks or log segments found. Creating new log.
I0720 00:44:06.595136 5819 ts_tablet_manager.cc:1059] T c1e0c42e42524c22af51c8e4a457d743 P aedbe741f4014e40ae382c213ab0d151: Time spent bootstrapping tablet: real 0.006s user 0.003s sys 0.000s
I0720 00:44:06.595845 5819 raft_consensus.cc:340] T c1e0c42e42524c22af51c8e4a457d743 P aedbe741f4014e40ae382c213ab0d151 [term 0 FOLLOWER]: Replica starting. Triggering 0 pending transactions. Active config: opid_index: -1 OBSOLETE_local: false peers { permanent_uuid: "445c7e479f0246a5b26400b1cd4d8d27" member_type: VOTER last_known_addr { host: "127.0.58.130" port: 39833 } } peers { permanent_uuid: "be9af1eb9bb14a7e8ef0cf71154d5e6e" member_type: VOTER last_known_addr { host: "127.0.58.129" port: 34347 } } peers { permanent_uuid: "aedbe741f4014e40ae382c213ab0d151" member_type: VOTER last_known_addr { host: "127.0.58.131" port: 46091 } }
I0720 00:44:06.596537 5819 raft_consensus.cc:366] T c1e0c42e42524c22af51c8e4a457d743 P aedbe741f4014e40ae382c213ab0d151 [term 0 FOLLOWER]: Consensus starting up: Expiring failure detector timer to make a prompt election more likely
I0720 00:44:06.596627 5822 tablet_bootstrap.cc:590] T dff7af31a11e4cf78f6efbbfa12762d3 P 445c7e479f0246a5b26400b1cd4d8d27: No blocks or log segments found. Creating new log.
I0720 00:44:06.596640 5819 raft_consensus.cc:705] T c1e0c42e42524c22af51c8e4a457d743 P aedbe741f4014e40ae382c213ab0d151 [term 0 FOLLOWER]: Becoming Follower/Learner. State: Replica: aedbe741f4014e40ae382c213ab0d151, State: Initialized, Role: FOLLOWER
I0720 00:44:06.594712 5818 consensus_queue.cc:229] T 43e3ab995f34471c92e887c28c2e2e0f P aedbe741f4014e40ae382c213ab0d151 [NON_LEADER]: Queue going to NON_LEADER mode. State: All replicated index: 0, Majority replicated index: 0, Committed index: 0, Last appended: 0.0, Last appended by leader: 0, Current term: 0, Majority size: -1, State: 0, Mode: NON_LEADER, active raft config: opid_index: -1 OBSOLETE_local: false peers { permanent_uuid: "445c7e479f0246a5b26400b1cd4d8d27" member_type: VOTER last_known_addr { host: "127.0.58.130" port: 39833 } } peers { permanent_uuid: "be9af1eb9bb14a7e8ef0cf71154d5e6e" member_type: VOTER last_known_addr { host: "127.0.58.129" port: 34347 } } peers { permanent_uuid: "aedbe741f4014e40ae382c213ab0d151" member_type: VOTER last_known_addr { host: "127.0.58.131" port: 46091 } }
I0720 00:44:06.596877 5821 tablet_bootstrap.cc:439] T f50d69e061a145869a005de2b35d1acc P 445c7e479f0246a5b26400b1cd4d8d27: No bootstrap required, opened a new log
I0720 00:44:06.597229 5821 ts_tablet_manager.cc:1059] T f50d69e061a145869a005de2b35d1acc P 445c7e479f0246a5b26400b1cd4d8d27: Time spent bootstrapping tablet: real 0.012s user 0.004s sys 0.000s
I0720 00:44:06.598182 5823 tablet_bootstrap.cc:439] T 6c0c6e70945746faa55c4964f07a5a86 P 445c7e479f0246a5b26400b1cd4d8d27: No bootstrap required, opened a new log
I0720 00:44:06.598372 5823 ts_tablet_manager.cc:1059] T 6c0c6e70945746faa55c4964f07a5a86 P 445c7e479f0246a5b26400b1cd4d8d27: Time spent bootstrapping tablet: real 0.019s user 0.000s sys 0.002s
I0720 00:44:06.598574 5821 raft_consensus.cc:340] T f50d69e061a145869a005de2b35d1acc P 445c7e479f0246a5b26400b1cd4d8d27 [term 0 FOLLOWER]: Replica starting. Triggering 0 pending transactions. Active config: opid_index: -1 OBSOLETE_local: false peers { permanent_uuid: "be9af1eb9bb14a7e8ef0cf71154d5e6e" member_type: VOTER last_known_addr { host: "127.0.58.129" port: 34347 } } peers { permanent_uuid: "445c7e479f0246a5b26400b1cd4d8d27" member_type: VOTER last_known_addr { host: "127.0.58.130" port: 39833 } } peers { permanent_uuid: "aedbe741f4014e40ae382c213ab0d151" member_type: VOTER last_known_addr { host: "127.0.58.131" port: 46091 } }
I0720 00:44:06.598894 5821 raft_consensus.cc:366] T f50d69e061a145869a005de2b35d1acc P 445c7e479f0246a5b26400b1cd4d8d27 [term 0 FOLLOWER]: Consensus starting up: Expiring failure detector timer to make a prompt election more likely
I0720 00:44:06.599022 5821 raft_consensus.cc:705] T f50d69e061a145869a005de2b35d1acc P 445c7e479f0246a5b26400b1cd4d8d27 [term 0 FOLLOWER]: Becoming Follower/Learner. State: Replica: 445c7e479f0246a5b26400b1cd4d8d27, State: Initialized, Role: FOLLOWER
I0720 00:44:06.599383 5818 ts_tablet_manager.cc:1087] T 43e3ab995f34471c92e887c28c2e2e0f P aedbe741f4014e40ae382c213ab0d151: Time spent starting tablet: real 0.007s user 0.002s sys 0.000s
I0720 00:44:06.599627 5818 tablet_bootstrap.cc:439] T 736b3f88dd4a41fbb23ef072e4e28905 P aedbe741f4014e40ae382c213ab0d151: Bootstrap starting.
I0720 00:44:06.599818 5823 raft_consensus.cc:340] T 6c0c6e70945746faa55c4964f07a5a86 P 445c7e479f0246a5b26400b1cd4d8d27 [term 0 FOLLOWER]: Replica starting. Triggering 0 pending transactions. Active config: opid_index: -1 OBSOLETE_local: false peers { permanent_uuid: "445c7e479f0246a5b26400b1cd4d8d27" member_type: VOTER last_known_addr { host: "127.0.58.130" port: 39833 } } peers { permanent_uuid: "be9af1eb9bb14a7e8ef0cf71154d5e6e" member_type: VOTER last_known_addr { host: "127.0.58.129" port: 34347 } } peers { permanent_uuid: "aedbe741f4014e40ae382c213ab0d151" member_type: VOTER last_known_addr { host: "127.0.58.131" port: 46091 } }
I0720 00:44:06.600906 5823 raft_consensus.cc:366] T 6c0c6e70945746faa55c4964f07a5a86 P 445c7e479f0246a5b26400b1cd4d8d27 [term 0 FOLLOWER]: Consensus starting up: Expiring failure detector timer to make a prompt election more likely
I0720 00:44:06.600950 5818 tablet_bootstrap.cc:590] T 736b3f88dd4a41fbb23ef072e4e28905 P aedbe741f4014e40ae382c213ab0d151: No blocks or log segments found. Creating new log.
I0720 00:44:06.601001 5823 raft_consensus.cc:705] T 6c0c6e70945746faa55c4964f07a5a86 P 445c7e479f0246a5b26400b1cd4d8d27 [term 0 FOLLOWER]: Becoming Follower/Learner. State: Replica: 445c7e479f0246a5b26400b1cd4d8d27, State: Initialized, Role: FOLLOWER
I0720 00:44:06.600353 5821 consensus_queue.cc:229] T f50d69e061a145869a005de2b35d1acc P 445c7e479f0246a5b26400b1cd4d8d27 [NON_LEADER]: Queue going to NON_LEADER mode. State: All replicated index: 0, Majority replicated index: 0, Committed index: 0, Last appended: 0.0, Last appended by leader: 0, Current term: 0, Majority size: -1, State: 0, Mode: NON_LEADER, active raft config: opid_index: -1 OBSOLETE_local: false peers { permanent_uuid: "be9af1eb9bb14a7e8ef0cf71154d5e6e" member_type: VOTER last_known_addr { host: "127.0.58.129" port: 34347 } } peers { permanent_uuid: "445c7e479f0246a5b26400b1cd4d8d27" member_type: VOTER last_known_addr { host: "127.0.58.130" port: 39833 } } peers { permanent_uuid: "aedbe741f4014e40ae382c213ab0d151" member_type: VOTER last_known_addr { host: "127.0.58.131" port: 46091 } }
I0720 00:44:06.601899 5821 ts_tablet_manager.cc:1087] T f50d69e061a145869a005de2b35d1acc P 445c7e479f0246a5b26400b1cd4d8d27: Time spent starting tablet: real 0.005s user 0.002s sys 0.000s
I0720 00:44:06.600832 5822 tablet_bootstrap.cc:439] T dff7af31a11e4cf78f6efbbfa12762d3 P 445c7e479f0246a5b26400b1cd4d8d27: No bootstrap required, opened a new log
I0720 00:44:06.602224 5817 tablet_bootstrap.cc:439] T f0f53e18f4ec4eec823ef551f843b54e P aedbe741f4014e40ae382c213ab0d151: No bootstrap required, opened a new log
I0720 00:44:06.602252 5822 ts_tablet_manager.cc:1059] T dff7af31a11e4cf78f6efbbfa12762d3 P 445c7e479f0246a5b26400b1cd4d8d27: Time spent bootstrapping tablet: real 0.008s user 0.000s sys 0.003s
I0720 00:44:06.602417 5817 ts_tablet_manager.cc:1059] T f0f53e18f4ec4eec823ef551f843b54e P aedbe741f4014e40ae382c213ab0d151: Time spent bootstrapping tablet: real 0.012s user 0.002s sys 0.000s
I0720 00:44:06.602815 5822 raft_consensus.cc:340] T dff7af31a11e4cf78f6efbbfa12762d3 P 445c7e479f0246a5b26400b1cd4d8d27 [term 0 FOLLOWER]: Replica starting. Triggering 0 pending transactions. Active config: opid_index: -1 OBSOLETE_local: false peers { permanent_uuid: "445c7e479f0246a5b26400b1cd4d8d27" member_type: VOTER last_known_addr { host: "127.0.58.130" port: 39833 } } peers { permanent_uuid: "be9af1eb9bb14a7e8ef0cf71154d5e6e" member_type: VOTER last_known_addr { host: "127.0.58.129" port: 34347 } } peers { permanent_uuid: "aedbe741f4014e40ae382c213ab0d151" member_type: VOTER last_known_addr { host: "127.0.58.131" port: 46091 } }
I0720 00:44:06.603013 5817 raft_consensus.cc:340] T f0f53e18f4ec4eec823ef551f843b54e P aedbe741f4014e40ae382c213ab0d151 [term 0 FOLLOWER]: Replica starting. Triggering 0 pending transactions. Active config: opid_index: -1 OBSOLETE_local: false peers { permanent_uuid: "445c7e479f0246a5b26400b1cd4d8d27" member_type: VOTER last_known_addr { host: "127.0.58.130" port: 39833 } } peers { permanent_uuid: "be9af1eb9bb14a7e8ef0cf71154d5e6e" member_type: VOTER last_known_addr { host: "127.0.58.129" port: 34347 } } peers { permanent_uuid: "aedbe741f4014e40ae382c213ab0d151" member_type: VOTER last_known_addr { host: "127.0.58.131" port: 46091 } }
I0720 00:44:06.603422 5822 raft_consensus.cc:366] T dff7af31a11e4cf78f6efbbfa12762d3 P 445c7e479f0246a5b26400b1cd4d8d27 [term 0 FOLLOWER]: Consensus starting up: Expiring failure detector timer to make a prompt election more likely
I0720 00:44:06.603010 5825 raft_consensus.cc:340] T d54fc0a6131248cc929ba6d4b0a17489 P be9af1eb9bb14a7e8ef0cf71154d5e6e [term 0 FOLLOWER]: Replica starting. Triggering 0 pending transactions. Active config: opid_index: -1 OBSOLETE_local: false peers { permanent_uuid: "445c7e479f0246a5b26400b1cd4d8d27" member_type: VOTER last_known_addr { host: "127.0.58.130" port: 39833 } } peers { permanent_uuid: "be9af1eb9bb14a7e8ef0cf71154d5e6e" member_type: VOTER last_known_addr { host: "127.0.58.129" port: 34347 } } peers { permanent_uuid: "aedbe741f4014e40ae382c213ab0d151" member_type: VOTER last_known_addr { host: "127.0.58.131" port: 46091 } }
I0720 00:44:06.603469 5817 raft_consensus.cc:366] T f0f53e18f4ec4eec823ef551f843b54e P aedbe741f4014e40ae382c213ab0d151 [term 0 FOLLOWER]: Consensus starting up: Expiring failure detector timer to make a prompt election more likely
I0720 00:44:06.603523 5817 raft_consensus.cc:705] T f0f53e18f4ec4eec823ef551f843b54e P aedbe741f4014e40ae382c213ab0d151 [term 0 FOLLOWER]: Becoming Follower/Learner. State: Replica: aedbe741f4014e40ae382c213ab0d151, State: Initialized, Role: FOLLOWER
I0720 00:44:06.603535 5822 raft_consensus.cc:705] T dff7af31a11e4cf78f6efbbfa12762d3 P 445c7e479f0246a5b26400b1cd4d8d27 [term 0 FOLLOWER]: Becoming Follower/Learner. State: Replica: 445c7e479f0246a5b26400b1cd4d8d27, State: Initialized, Role: FOLLOWER
I0720 00:44:06.603538 5825 raft_consensus.cc:366] T d54fc0a6131248cc929ba6d4b0a17489 P be9af1eb9bb14a7e8ef0cf71154d5e6e [term 0 FOLLOWER]: Consensus starting up: Expiring failure detector timer to make a prompt election more likely
I0720 00:44:06.603603 5825 raft_consensus.cc:705] T d54fc0a6131248cc929ba6d4b0a17489 P be9af1eb9bb14a7e8ef0cf71154d5e6e [term 0 FOLLOWER]: Becoming Follower/Learner. State: Replica: be9af1eb9bb14a7e8ef0cf71154d5e6e, State: Initialized, Role: FOLLOWER
I0720 00:44:06.603132 5821 tablet_bootstrap.cc:439] T 7dfcac69dd8c4d54a4fe10c404a9cc87 P 445c7e479f0246a5b26400b1cd4d8d27: Bootstrap starting.
I0720 00:44:06.603744 5817 consensus_queue.cc:229] T f0f53e18f4ec4eec823ef551f843b54e P aedbe741f4014e40ae382c213ab0d151 [NON_LEADER]: Queue going to NON_LEADER mode. State: All replicated index: 0, Majority replicated index: 0, Committed index: 0, Last appended: 0.0, Last appended by leader: 0, Current term: 0, Majority size: -1, State: 0, Mode: NON_LEADER, active raft config: opid_index: -1 OBSOLETE_local: false peers { permanent_uuid: "445c7e479f0246a5b26400b1cd4d8d27" member_type: VOTER last_known_addr { host: "127.0.58.130" port: 39833 } } peers { permanent_uuid: "be9af1eb9bb14a7e8ef0cf71154d5e6e" member_type: VOTER last_known_addr { host: "127.0.58.129" port: 34347 } } peers { permanent_uuid: "aedbe741f4014e40ae382c213ab0d151" member_type: VOTER last_known_addr { host: "127.0.58.131" port: 46091 } }
I0720 00:44:06.603293 5819 consensus_queue.cc:229] T c1e0c42e42524c22af51c8e4a457d743 P aedbe741f4014e40ae382c213ab0d151 [NON_LEADER]: Queue going to NON_LEADER mode. State: All replicated index: 0, Majority replicated index: 0, Committed index: 0, Last appended: 0.0, Last appended by leader: 0, Current term: 0, Majority size: -1, State: 0, Mode: NON_LEADER, active raft config: opid_index: -1 OBSOLETE_local: false peers { permanent_uuid: "445c7e479f0246a5b26400b1cd4d8d27" member_type: VOTER last_known_addr { host: "127.0.58.130" port: 39833 } } peers { permanent_uuid: "be9af1eb9bb14a7e8ef0cf71154d5e6e" member_type: VOTER last_known_addr { host: "127.0.58.129" port: 34347 } } peers { permanent_uuid: "aedbe741f4014e40ae382c213ab0d151" member_type: VOTER last_known_addr { host: "127.0.58.131" port: 46091 } }
I0720 00:44:06.603881 5826 raft_consensus.cc:340] T 7dfcac69dd8c4d54a4fe10c404a9cc87 P be9af1eb9bb14a7e8ef0cf71154d5e6e [term 0 FOLLOWER]: Replica starting. Triggering 0 pending transactions. Active config: opid_index: -1 OBSOLETE_local: false peers { permanent_uuid: "445c7e479f0246a5b26400b1cd4d8d27" member_type: VOTER last_known_addr { host: "127.0.58.130" port: 39833 } } peers { permanent_uuid: "be9af1eb9bb14a7e8ef0cf71154d5e6e" member_type: VOTER last_known_addr { host: "127.0.58.129" port: 34347 } } peers { permanent_uuid: "aedbe741f4014e40ae382c213ab0d151" member_type: VOTER last_known_addr { host: "127.0.58.131" port: 46091 } }
I0720 00:44:06.604411 5826 raft_consensus.cc:366] T 7dfcac69dd8c4d54a4fe10c404a9cc87 P be9af1eb9bb14a7e8ef0cf71154d5e6e [term 0 FOLLOWER]: Consensus starting up: Expiring failure detector timer to make a prompt election more likely
I0720 00:44:06.604496 5819 ts_tablet_manager.cc:1087] T c1e0c42e42524c22af51c8e4a457d743 P aedbe741f4014e40ae382c213ab0d151: Time spent starting tablet: real 0.009s user 0.001s sys 0.000s
I0720 00:44:06.604507 5826 raft_consensus.cc:705] T 7dfcac69dd8c4d54a4fe10c404a9cc87 P be9af1eb9bb14a7e8ef0cf71154d5e6e [term 0 FOLLOWER]: Becoming Follower/Learner. State: Replica: be9af1eb9bb14a7e8ef0cf71154d5e6e, State: Initialized, Role: FOLLOWER
I0720 00:44:06.604758 5819 tablet_bootstrap.cc:439] T dff7af31a11e4cf78f6efbbfa12762d3 P aedbe741f4014e40ae382c213ab0d151: Bootstrap starting.
I0720 00:44:06.604938 5821 tablet_bootstrap.cc:590] T 7dfcac69dd8c4d54a4fe10c404a9cc87 P 445c7e479f0246a5b26400b1cd4d8d27: No blocks or log segments found. Creating new log.
I0720 00:44:06.604887 5826 consensus_queue.cc:229] T 7dfcac69dd8c4d54a4fe10c404a9cc87 P be9af1eb9bb14a7e8ef0cf71154d5e6e [NON_LEADER]: Queue going to NON_LEADER mode. State: All replicated index: 0, Majority replicated index: 0, Committed index: 0, Last appended: 0.0, Last appended by leader: 0, Current term: 0, Majority size: -1, State: 0, Mode: NON_LEADER, active raft config: opid_index: -1 OBSOLETE_local: false peers { permanent_uuid: "445c7e479f0246a5b26400b1cd4d8d27" member_type: VOTER last_known_addr { host: "127.0.58.130" port: 39833 } } peers { permanent_uuid: "be9af1eb9bb14a7e8ef0cf71154d5e6e" member_type: VOTER last_known_addr { host: "127.0.58.129" port: 34347 } } peers { permanent_uuid: "aedbe741f4014e40ae382c213ab0d151" member_type: VOTER last_known_addr { host: "127.0.58.131" port: 46091 } }
I0720 00:44:06.605528 5824 raft_consensus.cc:340] T f0f53e18f4ec4eec823ef551f843b54e P be9af1eb9bb14a7e8ef0cf71154d5e6e [term 0 FOLLOWER]: Replica starting. Triggering 0 pending transactions. Active config: opid_index: -1 OBSOLETE_local: false peers { permanent_uuid: "445c7e479f0246a5b26400b1cd4d8d27" member_type: VOTER last_known_addr { host: "127.0.58.130" port: 39833 } } peers { permanent_uuid: "be9af1eb9bb14a7e8ef0cf71154d5e6e" member_type: VOTER last_known_addr { host: "127.0.58.129" port: 34347 } } peers { permanent_uuid: "aedbe741f4014e40ae382c213ab0d151" member_type: VOTER last_known_addr { host: "127.0.58.131" port: 46091 } }
I0720 00:44:06.605763 5824 raft_consensus.cc:366] T f0f53e18f4ec4eec823ef551f843b54e P be9af1eb9bb14a7e8ef0cf71154d5e6e [term 0 FOLLOWER]: Consensus starting up: Expiring failure detector timer to make a prompt election more likely
I0720 00:44:06.605865 5824 raft_consensus.cc:705] T f0f53e18f4ec4eec823ef551f843b54e P be9af1eb9bb14a7e8ef0cf71154d5e6e [term 0 FOLLOWER]: Becoming Follower/Learner. State: Replica: be9af1eb9bb14a7e8ef0cf71154d5e6e, State: Initialized, Role: FOLLOWER
I0720 00:44:06.603240 5823 consensus_queue.cc:229] T 6c0c6e70945746faa55c4964f07a5a86 P 445c7e479f0246a5b26400b1cd4d8d27 [NON_LEADER]: Queue going to NON_LEADER mode. State: All replicated index: 0, Majority replicated index: 0, Committed index: 0, Last appended: 0.0, Last appended by leader: 0, Current term: 0, Majority size: -1, State: 0, Mode: NON_LEADER, active raft config: opid_index: -1 OBSOLETE_local: false peers { permanent_uuid: "445c7e479f0246a5b26400b1cd4d8d27" member_type: VOTER last_known_addr { host: "127.0.58.130" port: 39833 } } peers { permanent_uuid: "be9af1eb9bb14a7e8ef0cf71154d5e6e" member_type: VOTER last_known_addr { host: "127.0.58.129" port: 34347 } } peers { permanent_uuid: "aedbe741f4014e40ae382c213ab0d151" member_type: VOTER last_known_addr { host: "127.0.58.131" port: 46091 } }
I0720 00:44:06.606112 5819 tablet_bootstrap.cc:590] T dff7af31a11e4cf78f6efbbfa12762d3 P aedbe741f4014e40ae382c213ab0d151: No blocks or log segments found. Creating new log.
I0720 00:44:06.606124 5824 consensus_queue.cc:229] T f0f53e18f4ec4eec823ef551f843b54e P be9af1eb9bb14a7e8ef0cf71154d5e6e [NON_LEADER]: Queue going to NON_LEADER mode. State: All replicated index: 0, Majority replicated index: 0, Committed index: 0, Last appended: 0.0, Last appended by leader: 0, Current term: 0, Majority size: -1, State: 0, Mode: NON_LEADER, active raft config: opid_index: -1 OBSOLETE_local: false peers { permanent_uuid: "445c7e479f0246a5b26400b1cd4d8d27" member_type: VOTER last_known_addr { host: "127.0.58.130" port: 39833 } } peers { permanent_uuid: "be9af1eb9bb14a7e8ef0cf71154d5e6e" member_type: VOTER last_known_addr { host: "127.0.58.129" port: 34347 } } peers { permanent_uuid: "aedbe741f4014e40ae382c213ab0d151" member_type: VOTER last_known_addr { host: "127.0.58.131" port: 46091 } }
I0720 00:44:06.607453 5817 ts_tablet_manager.cc:1087] T f0f53e18f4ec4eec823ef551f843b54e P aedbe741f4014e40ae382c213ab0d151: Time spent starting tablet: real 0.005s user 0.001s sys 0.000s
I0720 00:44:06.608307 5817 tablet_bootstrap.cc:439] T f50d69e061a145869a005de2b35d1acc P aedbe741f4014e40ae382c213ab0d151: Bootstrap starting.
I0720 00:44:06.608469 5819 tablet_bootstrap.cc:439] T dff7af31a11e4cf78f6efbbfa12762d3 P aedbe741f4014e40ae382c213ab0d151: No bootstrap required, opened a new log
I0720 00:44:06.608650 5819 ts_tablet_manager.cc:1059] T dff7af31a11e4cf78f6efbbfa12762d3 P aedbe741f4014e40ae382c213ab0d151: Time spent bootstrapping tablet: real 0.004s user 0.000s sys 0.003s
I0720 00:44:06.607450 5825 consensus_queue.cc:229] T d54fc0a6131248cc929ba6d4b0a17489 P be9af1eb9bb14a7e8ef0cf71154d5e6e [NON_LEADER]: Queue going to NON_LEADER mode. State: All replicated index: 0, Majority replicated index: 0, Committed index: 0, Last appended: 0.0, Last appended by leader: 0, Current term: 0, Majority size: -1, State: 0, Mode: NON_LEADER, active raft config: opid_index: -1 OBSOLETE_local: false peers { permanent_uuid: "445c7e479f0246a5b26400b1cd4d8d27" member_type: VOTER last_known_addr { host: "127.0.58.130" port: 39833 } } peers { permanent_uuid: "be9af1eb9bb14a7e8ef0cf71154d5e6e" member_type: VOTER last_known_addr { host: "127.0.58.129" port: 34347 } } peers { permanent_uuid: "aedbe741f4014e40ae382c213ab0d151" member_type: VOTER last_known_addr { host: "127.0.58.131" port: 46091 } }
I0720 00:44:06.609421 5823 ts_tablet_manager.cc:1087] T 6c0c6e70945746faa55c4964f07a5a86 P 445c7e479f0246a5b26400b1cd4d8d27: Time spent starting tablet: real 0.011s user 0.001s sys 0.000s
I0720 00:44:06.609475 5544 heartbeater.cc:446] Master 127.0.58.190:38255 was elected leader, sending a full tablet report...
I0720 00:44:06.609684 5823 tablet_bootstrap.cc:439] T 43e3ab995f34471c92e887c28c2e2e0f P 445c7e479f0246a5b26400b1cd4d8d27: Bootstrap starting.
I0720 00:44:06.605108 5822 consensus_queue.cc:229] T dff7af31a11e4cf78f6efbbfa12762d3 P 445c7e479f0246a5b26400b1cd4d8d27 [NON_LEADER]: Queue going to NON_LEADER mode. State: All replicated index: 0, Majority replicated index: 0, Committed index: 0, Last appended: 0.0, Last appended by leader: 0, Current term: 0, Majority size: -1, State: 0, Mode: NON_LEADER, active raft config: opid_index: -1 OBSOLETE_local: false peers { permanent_uuid: "445c7e479f0246a5b26400b1cd4d8d27" member_type: VOTER last_known_addr { host: "127.0.58.130" port: 39833 } } peers { permanent_uuid: "be9af1eb9bb14a7e8ef0cf71154d5e6e" member_type: VOTER last_known_addr { host: "127.0.58.129" port: 34347 } } peers { permanent_uuid: "aedbe741f4014e40ae382c213ab0d151" member_type: VOTER last_known_addr { host: "127.0.58.131" port: 46091 } }
I0720 00:44:06.610430 5819 raft_consensus.cc:340] T dff7af31a11e4cf78f6efbbfa12762d3 P aedbe741f4014e40ae382c213ab0d151 [term 0 FOLLOWER]: Replica starting. Triggering 0 pending transactions. Active config: opid_index: -1 OBSOLETE_local: false peers { permanent_uuid: "445c7e479f0246a5b26400b1cd4d8d27" member_type: VOTER last_known_addr { host: "127.0.58.130" port: 39833 } } peers { permanent_uuid: "be9af1eb9bb14a7e8ef0cf71154d5e6e" member_type: VOTER last_known_addr { host: "127.0.58.129" port: 34347 } } peers { permanent_uuid: "aedbe741f4014e40ae382c213ab0d151" member_type: VOTER last_known_addr { host: "127.0.58.131" port: 46091 } }
I0720 00:44:06.610816 5819 raft_consensus.cc:366] T dff7af31a11e4cf78f6efbbfa12762d3 P aedbe741f4014e40ae382c213ab0d151 [term 0 FOLLOWER]: Consensus starting up: Expiring failure detector timer to make a prompt election more likely
I0720 00:44:06.610903 5819 raft_consensus.cc:705] T dff7af31a11e4cf78f6efbbfa12762d3 P aedbe741f4014e40ae382c213ab0d151 [term 0 FOLLOWER]: Becoming Follower/Learner. State: Replica: aedbe741f4014e40ae382c213ab0d151, State: Initialized, Role: FOLLOWER
I0720 00:44:06.611163 5819 consensus_queue.cc:229] T dff7af31a11e4cf78f6efbbfa12762d3 P aedbe741f4014e40ae382c213ab0d151 [NON_LEADER]: Queue going to NON_LEADER mode. State: All replicated index: 0, Majority replicated index: 0, Committed index: 0, Last appended: 0.0, Last appended by leader: 0, Current term: 0, Majority size: -1, State: 0, Mode: NON_LEADER, active raft config: opid_index: -1 OBSOLETE_local: false peers { permanent_uuid: "445c7e479f0246a5b26400b1cd4d8d27" member_type: VOTER last_known_addr { host: "127.0.58.130" port: 39833 } } peers { permanent_uuid: "be9af1eb9bb14a7e8ef0cf71154d5e6e" member_type: VOTER last_known_addr { host: "127.0.58.129" port: 34347 } } peers { permanent_uuid: "aedbe741f4014e40ae382c213ab0d151" member_type: VOTER last_known_addr { host: "127.0.58.131" port: 46091 } }
I0720 00:44:06.612433 5822 ts_tablet_manager.cc:1087] T dff7af31a11e4cf78f6efbbfa12762d3 P 445c7e479f0246a5b26400b1cd4d8d27: Time spent starting tablet: real 0.010s user 0.000s sys 0.001s
I0720 00:44:06.613185 5822 tablet_bootstrap.cc:439] T c1e0c42e42524c22af51c8e4a457d743 P 445c7e479f0246a5b26400b1cd4d8d27: Bootstrap starting.
I0720 00:44:06.613977 5823 tablet_bootstrap.cc:590] T 43e3ab995f34471c92e887c28c2e2e0f P 445c7e479f0246a5b26400b1cd4d8d27: No blocks or log segments found. Creating new log.
I0720 00:44:06.615203 5825 ts_tablet_manager.cc:1087] T d54fc0a6131248cc929ba6d4b0a17489 P be9af1eb9bb14a7e8ef0cf71154d5e6e: Time spent starting tablet: real 0.033s user 0.009s sys 0.003s
I0720 00:44:06.615695 5825 tablet_bootstrap.cc:439] T 26b0b6bdff8a4bc7be9e3eeff65c3b9a P be9af1eb9bb14a7e8ef0cf71154d5e6e: Bootstrap starting.
I0720 00:44:06.616386 5819 ts_tablet_manager.cc:1087] T dff7af31a11e4cf78f6efbbfa12762d3 P aedbe741f4014e40ae382c213ab0d151: Time spent starting tablet: real 0.008s user 0.000s sys 0.001s
I0720 00:44:06.616662 5819 tablet_bootstrap.cc:439] T 6c0c6e70945746faa55c4964f07a5a86 P aedbe741f4014e40ae382c213ab0d151: Bootstrap starting.
I0720 00:44:06.617183 5825 tablet_bootstrap.cc:590] T 26b0b6bdff8a4bc7be9e3eeff65c3b9a P be9af1eb9bb14a7e8ef0cf71154d5e6e: No blocks or log segments found. Creating new log.
I0720 00:44:06.617880 5821 tablet_bootstrap.cc:439] T 7dfcac69dd8c4d54a4fe10c404a9cc87 P 445c7e479f0246a5b26400b1cd4d8d27: No bootstrap required, opened a new log
I0720 00:44:06.618014 5819 tablet_bootstrap.cc:590] T 6c0c6e70945746faa55c4964f07a5a86 P aedbe741f4014e40ae382c213ab0d151: No blocks or log segments found. Creating new log.
I0720 00:44:06.618068 5821 ts_tablet_manager.cc:1059] T 7dfcac69dd8c4d54a4fe10c404a9cc87 P 445c7e479f0246a5b26400b1cd4d8d27: Time spent bootstrapping tablet: real 0.015s user 0.003s sys 0.000s
I0720 00:44:06.618618 5824 ts_tablet_manager.cc:1087] T f0f53e18f4ec4eec823ef551f843b54e P be9af1eb9bb14a7e8ef0cf71154d5e6e: Time spent starting tablet: real 0.033s user 0.000s sys 0.008s
I0720 00:44:06.611517 5817 tablet_bootstrap.cc:590] T f50d69e061a145869a005de2b35d1acc P aedbe741f4014e40ae382c213ab0d151: No blocks or log segments found. Creating new log.
I0720 00:44:06.618901 5824 tablet_bootstrap.cc:439] T 736b3f88dd4a41fbb23ef072e4e28905 P be9af1eb9bb14a7e8ef0cf71154d5e6e: Bootstrap starting.
I0720 00:44:06.619077 5825 tablet_bootstrap.cc:439] T 26b0b6bdff8a4bc7be9e3eeff65c3b9a P be9af1eb9bb14a7e8ef0cf71154d5e6e: No bootstrap required, opened a new log
W0720 00:44:06.619176 5794 tablet.cc:1799] T 26b0b6bdff8a4bc7be9e3eeff65c3b9a P aedbe741f4014e40ae382c213ab0d151: Can't schedule compaction. Clean time has not been advanced past its initial value.
I0720 00:44:06.619768 5821 raft_consensus.cc:340] T 7dfcac69dd8c4d54a4fe10c404a9cc87 P 445c7e479f0246a5b26400b1cd4d8d27 [term 0 FOLLOWER]: Replica starting. Triggering 0 pending transactions. Active config: opid_index: -1 OBSOLETE_local: false peers { permanent_uuid: "445c7e479f0246a5b26400b1cd4d8d27" member_type: VOTER last_known_addr { host: "127.0.58.130" port: 39833 } } peers { permanent_uuid: "be9af1eb9bb14a7e8ef0cf71154d5e6e" member_type: VOTER last_known_addr { host: "127.0.58.129" port: 34347 } } peers { permanent_uuid: "aedbe741f4014e40ae382c213ab0d151" member_type: VOTER last_known_addr { host: "127.0.58.131" port: 46091 } }
I0720 00:44:06.611390 5818 tablet_bootstrap.cc:439] T 736b3f88dd4a41fbb23ef072e4e28905 P aedbe741f4014e40ae382c213ab0d151: No bootstrap required, opened a new log
I0720 00:44:06.620060 5818 ts_tablet_manager.cc:1059] T 736b3f88dd4a41fbb23ef072e4e28905 P aedbe741f4014e40ae382c213ab0d151: Time spent bootstrapping tablet: real 0.020s user 0.003s sys 0.000s
I0720 00:44:06.620393 5824 tablet_bootstrap.cc:590] T 736b3f88dd4a41fbb23ef072e4e28905 P be9af1eb9bb14a7e8ef0cf71154d5e6e: No blocks or log segments found. Creating new log.
W0720 00:44:06.620607 5670 tablet.cc:1799] T 26b0b6bdff8a4bc7be9e3eeff65c3b9a P 445c7e479f0246a5b26400b1cd4d8d27: Can't schedule compaction. Clean time has not been advanced past its initial value.
I0720 00:44:06.620663 5821 raft_consensus.cc:366] T 7dfcac69dd8c4d54a4fe10c404a9cc87 P 445c7e479f0246a5b26400b1cd4d8d27 [term 0 FOLLOWER]: Consensus starting up: Expiring failure detector timer to make a prompt election more likely
I0720 00:44:06.620712 5821 raft_consensus.cc:705] T 7dfcac69dd8c4d54a4fe10c404a9cc87 P 445c7e479f0246a5b26400b1cd4d8d27 [term 0 FOLLOWER]: Becoming Follower/Learner. State: Replica: 445c7e479f0246a5b26400b1cd4d8d27, State: Initialized, Role: FOLLOWER
I0720 00:44:06.616369 5822 tablet_bootstrap.cc:590] T c1e0c42e42524c22af51c8e4a457d743 P 445c7e479f0246a5b26400b1cd4d8d27: No blocks or log segments found. Creating new log.
I0720 00:44:06.621330 5826 ts_tablet_manager.cc:1087] T 7dfcac69dd8c4d54a4fe10c404a9cc87 P be9af1eb9bb14a7e8ef0cf71154d5e6e: Time spent starting tablet: real 0.037s user 0.003s sys 0.005s
I0720 00:44:06.621596 5826 tablet_bootstrap.cc:439] T 43e3ab995f34471c92e887c28c2e2e0f P be9af1eb9bb14a7e8ef0cf71154d5e6e: Bootstrap starting.
W0720 00:44:06.622068 5545 tablet.cc:1799] T 7dfcac69dd8c4d54a4fe10c404a9cc87 P be9af1eb9bb14a7e8ef0cf71154d5e6e: Can't schedule compaction. Clean time has not been advanced past its initial value.
I0720 00:44:06.622171 5823 tablet_bootstrap.cc:439] T 43e3ab995f34471c92e887c28c2e2e0f P 445c7e479f0246a5b26400b1cd4d8d27: No bootstrap required, opened a new log
I0720 00:44:06.622282 5823 ts_tablet_manager.cc:1059] T 43e3ab995f34471c92e887c28c2e2e0f P 445c7e479f0246a5b26400b1cd4d8d27: Time spent bootstrapping tablet: real 0.013s user 0.003s sys 0.000s
I0720 00:44:06.620411 5825 ts_tablet_manager.cc:1059] T 26b0b6bdff8a4bc7be9e3eeff65c3b9a P be9af1eb9bb14a7e8ef0cf71154d5e6e: Time spent bootstrapping tablet: real 0.005s user 0.000s sys 0.003s
I0720 00:44:06.622843 5823 raft_consensus.cc:340] T 43e3ab995f34471c92e887c28c2e2e0f P 445c7e479f0246a5b26400b1cd4d8d27 [term 0 FOLLOWER]: Replica starting. Triggering 0 pending transactions. Active config: opid_index: -1 OBSOLETE_local: false peers { permanent_uuid: "445c7e479f0246a5b26400b1cd4d8d27" member_type: VOTER last_known_addr { host: "127.0.58.130" port: 39833 } } peers { permanent_uuid: "be9af1eb9bb14a7e8ef0cf71154d5e6e" member_type: VOTER last_known_addr { host: "127.0.58.129" port: 34347 } } peers { permanent_uuid: "aedbe741f4014e40ae382c213ab0d151" member_type: VOTER last_known_addr { host: "127.0.58.131" port: 46091 } }
I0720 00:44:06.622905 5818 raft_consensus.cc:340] T 736b3f88dd4a41fbb23ef072e4e28905 P aedbe741f4014e40ae382c213ab0d151 [term 0 FOLLOWER]: Replica starting. Triggering 0 pending transactions. Active config: opid_index: -1 OBSOLETE_local: false peers { permanent_uuid: "be9af1eb9bb14a7e8ef0cf71154d5e6e" member_type: VOTER last_known_addr { host: "127.0.58.129" port: 34347 } } peers { permanent_uuid: "445c7e479f0246a5b26400b1cd4d8d27" member_type: VOTER last_known_addr { host: "127.0.58.130" port: 39833 } } peers { permanent_uuid: "aedbe741f4014e40ae382c213ab0d151" member_type: VOTER last_known_addr { host: "127.0.58.131" port: 46091 } }
I0720 00:44:06.623030 5823 raft_consensus.cc:366] T 43e3ab995f34471c92e887c28c2e2e0f P 445c7e479f0246a5b26400b1cd4d8d27 [term 0 FOLLOWER]: Consensus starting up: Expiring failure detector timer to make a prompt election more likely
I0720 00:44:06.623085 5823 raft_consensus.cc:705] T 43e3ab995f34471c92e887c28c2e2e0f P 445c7e479f0246a5b26400b1cd4d8d27 [term 0 FOLLOWER]: Becoming Follower/Learner. State: Replica: 445c7e479f0246a5b26400b1cd4d8d27, State: Initialized, Role: FOLLOWER
I0720 00:44:06.623114 5818 raft_consensus.cc:366] T 736b3f88dd4a41fbb23ef072e4e28905 P aedbe741f4014e40ae382c213ab0d151 [term 0 FOLLOWER]: Consensus starting up: Expiring failure detector timer to make a prompt election more likely
I0720 00:44:06.623206 5818 raft_consensus.cc:705] T 736b3f88dd4a41fbb23ef072e4e28905 P aedbe741f4014e40ae382c213ab0d151 [term 0 FOLLOWER]: Becoming Follower/Learner. State: Replica: aedbe741f4014e40ae382c213ab0d151, State: Initialized, Role: FOLLOWER
I0720 00:44:06.623323 5825 raft_consensus.cc:340] T 26b0b6bdff8a4bc7be9e3eeff65c3b9a P be9af1eb9bb14a7e8ef0cf71154d5e6e [term 0 FOLLOWER]: Replica starting. Triggering 0 pending transactions. Active config: opid_index: -1 OBSOLETE_local: false peers { permanent_uuid: "be9af1eb9bb14a7e8ef0cf71154d5e6e" member_type: VOTER last_known_addr { host: "127.0.58.129" port: 34347 } } peers { permanent_uuid: "445c7e479f0246a5b26400b1cd4d8d27" member_type: VOTER last_known_addr { host: "127.0.58.130" port: 39833 } } peers { permanent_uuid: "aedbe741f4014e40ae382c213ab0d151" member_type: VOTER last_known_addr { host: "127.0.58.131" port: 46091 } }
I0720 00:44:06.623282 5823 consensus_queue.cc:229] T 43e3ab995f34471c92e887c28c2e2e0f P 445c7e479f0246a5b26400b1cd4d8d27 [NON_LEADER]: Queue going to NON_LEADER mode. State: All replicated index: 0, Majority replicated index: 0, Committed index: 0, Last appended: 0.0, Last appended by leader: 0, Current term: 0, Majority size: -1, State: 0, Mode: NON_LEADER, active raft config: opid_index: -1 OBSOLETE_local: false peers { permanent_uuid: "445c7e479f0246a5b26400b1cd4d8d27" member_type: VOTER last_known_addr { host: "127.0.58.130" port: 39833 } } peers { permanent_uuid: "be9af1eb9bb14a7e8ef0cf71154d5e6e" member_type: VOTER last_known_addr { host: "127.0.58.129" port: 34347 } } peers { permanent_uuid: "aedbe741f4014e40ae382c213ab0d151" member_type: VOTER last_known_addr { host: "127.0.58.131" port: 46091 } }
I0720 00:44:06.623492 5825 raft_consensus.cc:366] T 26b0b6bdff8a4bc7be9e3eeff65c3b9a P be9af1eb9bb14a7e8ef0cf71154d5e6e [term 0 FOLLOWER]: Consensus starting up: Expiring failure detector timer to make a prompt election more likely
I0720 00:44:06.623420 5818 consensus_queue.cc:229] T 736b3f88dd4a41fbb23ef072e4e28905 P aedbe741f4014e40ae382c213ab0d151 [NON_LEADER]: Queue going to NON_LEADER mode. State: All replicated index: 0, Majority replicated index: 0, Committed index: 0, Last appended: 0.0, Last appended by leader: 0, Current term: 0, Majority size: -1, State: 0, Mode: NON_LEADER, active raft config: opid_index: -1 OBSOLETE_local: false peers { permanent_uuid: "be9af1eb9bb14a7e8ef0cf71154d5e6e" member_type: VOTER last_known_addr { host: "127.0.58.129" port: 34347 } } peers { permanent_uuid: "445c7e479f0246a5b26400b1cd4d8d27" member_type: VOTER last_known_addr { host: "127.0.58.130" port: 39833 } } peers { permanent_uuid: "aedbe741f4014e40ae382c213ab0d151" member_type: VOTER last_known_addr { host: "127.0.58.131" port: 46091 } }
I0720 00:44:06.624130 5823 ts_tablet_manager.cc:1087] T 43e3ab995f34471c92e887c28c2e2e0f P 445c7e479f0246a5b26400b1cd4d8d27: Time spent starting tablet: real 0.002s user 0.001s sys 0.000s
I0720 00:44:06.624408 5823 tablet_bootstrap.cc:439] T 736b3f88dd4a41fbb23ef072e4e28905 P 445c7e479f0246a5b26400b1cd4d8d27: Bootstrap starting.
I0720 00:44:06.624414 5818 ts_tablet_manager.cc:1087] T 736b3f88dd4a41fbb23ef072e4e28905 P aedbe741f4014e40ae382c213ab0d151: Time spent starting tablet: real 0.004s user 0.001s sys 0.000s
I0720 00:44:06.624534 5825 raft_consensus.cc:705] T 26b0b6bdff8a4bc7be9e3eeff65c3b9a P be9af1eb9bb14a7e8ef0cf71154d5e6e [term 0 FOLLOWER]: Becoming Follower/Learner. State: Replica: be9af1eb9bb14a7e8ef0cf71154d5e6e, State: Initialized, Role: FOLLOWER
I0720 00:44:06.624922 5819 tablet_bootstrap.cc:439] T 6c0c6e70945746faa55c4964f07a5a86 P aedbe741f4014e40ae382c213ab0d151: No bootstrap required, opened a new log
I0720 00:44:06.624837 5825 consensus_queue.cc:229] T 26b0b6bdff8a4bc7be9e3eeff65c3b9a P be9af1eb9bb14a7e8ef0cf71154d5e6e [NON_LEADER]: Queue going to NON_LEADER mode. State: All replicated index: 0, Majority replicated index: 0, Committed index: 0, Last appended: 0.0, Last appended by leader: 0, Current term: 0, Majority size: -1, State: 0, Mode: NON_LEADER, active raft config: opid_index: -1 OBSOLETE_local: false peers { permanent_uuid: "be9af1eb9bb14a7e8ef0cf71154d5e6e" member_type: VOTER last_known_addr { host: "127.0.58.129" port: 34347 } } peers { permanent_uuid: "445c7e479f0246a5b26400b1cd4d8d27" member_type: VOTER last_known_addr { host: "127.0.58.130" port: 39833 } } peers { permanent_uuid: "aedbe741f4014e40ae382c213ab0d151" member_type: VOTER last_known_addr { host: "127.0.58.131" port: 46091 } }
I0720 00:44:06.624467 5826 tablet_bootstrap.cc:590] T 43e3ab995f34471c92e887c28c2e2e0f P be9af1eb9bb14a7e8ef0cf71154d5e6e: No blocks or log segments found. Creating new log.
I0720 00:44:06.625749 5823 tablet_bootstrap.cc:590] T 736b3f88dd4a41fbb23ef072e4e28905 P 445c7e479f0246a5b26400b1cd4d8d27: No blocks or log segments found. Creating new log.
I0720 00:44:06.625846 5822 tablet_bootstrap.cc:439] T c1e0c42e42524c22af51c8e4a457d743 P 445c7e479f0246a5b26400b1cd4d8d27: No bootstrap required, opened a new log
I0720 00:44:06.626205 5822 ts_tablet_manager.cc:1059] T c1e0c42e42524c22af51c8e4a457d743 P 445c7e479f0246a5b26400b1cd4d8d27: Time spent bootstrapping tablet: real 0.013s user 0.003s sys 0.000s
I0720 00:44:06.626353 5819 ts_tablet_manager.cc:1059] T 6c0c6e70945746faa55c4964f07a5a86 P aedbe741f4014e40ae382c213ab0d151: Time spent bootstrapping tablet: real 0.010s user 0.002s sys 0.000s
I0720 00:44:06.627070 5819 raft_consensus.cc:340] T 6c0c6e70945746faa55c4964f07a5a86 P aedbe741f4014e40ae382c213ab0d151 [term 0 FOLLOWER]: Replica starting. Triggering 0 pending transactions. Active config: opid_index: -1 OBSOLETE_local: false peers { permanent_uuid: "445c7e479f0246a5b26400b1cd4d8d27" member_type: VOTER last_known_addr { host: "127.0.58.130" port: 39833 } } peers { permanent_uuid: "be9af1eb9bb14a7e8ef0cf71154d5e6e" member_type: VOTER last_known_addr { host: "127.0.58.129" port: 34347 } } peers { permanent_uuid: "aedbe741f4014e40ae382c213ab0d151" member_type: VOTER last_known_addr { host: "127.0.58.131" port: 46091 } }
I0720 00:44:06.628047 5823 tablet_bootstrap.cc:439] T 736b3f88dd4a41fbb23ef072e4e28905 P 445c7e479f0246a5b26400b1cd4d8d27: No bootstrap required, opened a new log
I0720 00:44:06.628206 5823 ts_tablet_manager.cc:1059] T 736b3f88dd4a41fbb23ef072e4e28905 P 445c7e479f0246a5b26400b1cd4d8d27: Time spent bootstrapping tablet: real 0.004s user 0.001s sys 0.003s
I0720 00:44:06.628334 5822 raft_consensus.cc:340] T c1e0c42e42524c22af51c8e4a457d743 P 445c7e479f0246a5b26400b1cd4d8d27 [term 0 FOLLOWER]: Replica starting. Triggering 0 pending transactions. Active config: opid_index: -1 OBSOLETE_local: false peers { permanent_uuid: "445c7e479f0246a5b26400b1cd4d8d27" member_type: VOTER last_known_addr { host: "127.0.58.130" port: 39833 } } peers { permanent_uuid: "be9af1eb9bb14a7e8ef0cf71154d5e6e" member_type: VOTER last_known_addr { host: "127.0.58.129" port: 34347 } } peers { permanent_uuid: "aedbe741f4014e40ae382c213ab0d151" member_type: VOTER last_known_addr { host: "127.0.58.131" port: 46091 } }
I0720 00:44:06.628584 5825 ts_tablet_manager.cc:1087] T 26b0b6bdff8a4bc7be9e3eeff65c3b9a P be9af1eb9bb14a7e8ef0cf71154d5e6e: Time spent starting tablet: real 0.006s user 0.000s sys 0.001s
I0720 00:44:06.628901 5825 tablet_bootstrap.cc:439] T c1e0c42e42524c22af51c8e4a457d743 P be9af1eb9bb14a7e8ef0cf71154d5e6e: Bootstrap starting.
I0720 00:44:06.629298 5822 raft_consensus.cc:366] T c1e0c42e42524c22af51c8e4a457d743 P 445c7e479f0246a5b26400b1cd4d8d27 [term 0 FOLLOWER]: Consensus starting up: Expiring failure detector timer to make a prompt election more likely
I0720 00:44:06.629413 5819 raft_consensus.cc:366] T 6c0c6e70945746faa55c4964f07a5a86 P aedbe741f4014e40ae382c213ab0d151 [term 0 FOLLOWER]: Consensus starting up: Expiring failure detector timer to make a prompt election more likely
I0720 00:44:06.629521 5822 raft_consensus.cc:705] T c1e0c42e42524c22af51c8e4a457d743 P 445c7e479f0246a5b26400b1cd4d8d27 [term 0 FOLLOWER]: Becoming Follower/Learner. State: Replica: 445c7e479f0246a5b26400b1cd4d8d27, State: Initialized, Role: FOLLOWER
I0720 00:44:06.629629 5819 raft_consensus.cc:705] T 6c0c6e70945746faa55c4964f07a5a86 P aedbe741f4014e40ae382c213ab0d151 [term 0 FOLLOWER]: Becoming Follower/Learner. State: Replica: aedbe741f4014e40ae382c213ab0d151, State: Initialized, Role: FOLLOWER
I0720 00:44:06.622062 5821 consensus_queue.cc:229] T 7dfcac69dd8c4d54a4fe10c404a9cc87 P 445c7e479f0246a5b26400b1cd4d8d27 [NON_LEADER]: Queue going to NON_LEADER mode. State: All replicated index: 0, Majority replicated index: 0, Committed index: 0, Last appended: 0.0, Last appended by leader: 0, Current term: 0, Majority size: -1, State: 0, Mode: NON_LEADER, active raft config: opid_index: -1 OBSOLETE_local: false peers { permanent_uuid: "445c7e479f0246a5b26400b1cd4d8d27" member_type: VOTER last_known_addr { host: "127.0.58.130" port: 39833 } } peers { permanent_uuid: "be9af1eb9bb14a7e8ef0cf71154d5e6e" member_type: VOTER last_known_addr { host: "127.0.58.129" port: 34347 } } peers { permanent_uuid: "aedbe741f4014e40ae382c213ab0d151" member_type: VOTER last_known_addr { host: "127.0.58.131" port: 46091 } }
I0720 00:44:06.629782 5826 tablet_bootstrap.cc:439] T 43e3ab995f34471c92e887c28c2e2e0f P be9af1eb9bb14a7e8ef0cf71154d5e6e: No bootstrap required, opened a new log
I0720 00:44:06.629933 5826 ts_tablet_manager.cc:1059] T 43e3ab995f34471c92e887c28c2e2e0f P be9af1eb9bb14a7e8ef0cf71154d5e6e: Time spent bootstrapping tablet: real 0.008s user 0.001s sys 0.001s
I0720 00:44:06.630007 5824 tablet_bootstrap.cc:439] T 736b3f88dd4a41fbb23ef072e4e28905 P be9af1eb9bb14a7e8ef0cf71154d5e6e: No bootstrap required, opened a new log
I0720 00:44:06.630380 5825 tablet_bootstrap.cc:590] T c1e0c42e42524c22af51c8e4a457d743 P be9af1eb9bb14a7e8ef0cf71154d5e6e: No blocks or log segments found. Creating new log.
I0720 00:44:06.630479 5821 ts_tablet_manager.cc:1087] T 7dfcac69dd8c4d54a4fe10c404a9cc87 P 445c7e479f0246a5b26400b1cd4d8d27: Time spent starting tablet: real 0.011s user 0.001s sys 0.000s
I0720 00:44:06.628823 5823 raft_consensus.cc:340] T 736b3f88dd4a41fbb23ef072e4e28905 P 445c7e479f0246a5b26400b1cd4d8d27 [term 0 FOLLOWER]: Replica starting. Triggering 0 pending transactions. Active config: opid_index: -1 OBSOLETE_local: false peers { permanent_uuid: "be9af1eb9bb14a7e8ef0cf71154d5e6e" member_type: VOTER last_known_addr { host: "127.0.58.129" port: 34347 } } peers { permanent_uuid: "445c7e479f0246a5b26400b1cd4d8d27" member_type: VOTER last_known_addr { host: "127.0.58.130" port: 39833 } } peers { permanent_uuid: "aedbe741f4014e40ae382c213ab0d151" member_type: VOTER last_known_addr { host: "127.0.58.131" port: 46091 } }
I0720 00:44:06.630731 5823 raft_consensus.cc:366] T 736b3f88dd4a41fbb23ef072e4e28905 P 445c7e479f0246a5b26400b1cd4d8d27 [term 0 FOLLOWER]: Consensus starting up: Expiring failure detector timer to make a prompt election more likely
I0720 00:44:06.629230 5817 tablet_bootstrap.cc:439] T f50d69e061a145869a005de2b35d1acc P aedbe741f4014e40ae382c213ab0d151: No bootstrap required, opened a new log
I0720 00:44:06.630722 5826 raft_consensus.cc:340] T 43e3ab995f34471c92e887c28c2e2e0f P be9af1eb9bb14a7e8ef0cf71154d5e6e [term 0 FOLLOWER]: Replica starting. Triggering 0 pending transactions. Active config: opid_index: -1 OBSOLETE_local: false peers { permanent_uuid: "445c7e479f0246a5b26400b1cd4d8d27" member_type: VOTER last_known_addr { host: "127.0.58.130" port: 39833 } } peers { permanent_uuid: "be9af1eb9bb14a7e8ef0cf71154d5e6e" member_type: VOTER last_known_addr { host: "127.0.58.129" port: 34347 } } peers { permanent_uuid: "aedbe741f4014e40ae382c213ab0d151" member_type: VOTER last_known_addr { host: "127.0.58.131" port: 46091 } }
I0720 00:44:06.630445 5824 ts_tablet_manager.cc:1059] T 736b3f88dd4a41fbb23ef072e4e28905 P be9af1eb9bb14a7e8ef0cf71154d5e6e: Time spent bootstrapping tablet: real 0.011s user 0.001s sys 0.002s
I0720 00:44:06.631052 5817 ts_tablet_manager.cc:1059] T f50d69e061a145869a005de2b35d1acc P aedbe741f4014e40ae382c213ab0d151: Time spent bootstrapping tablet: real 0.023s user 0.003s sys 0.000s
