I0720 00:44:06.871057 5832 consensus_queue.cc:206] T c1e0c42e42524c22af51c8e4a457d743 P 445c7e479f0246a5b26400b1cd4d8d27 [LEADER]: Queue going to LEADER mode. State: All replicated index: 0, Majority replicated index: 0, Committed index: 0, Last appended: 0.0, Last appended by leader: 0, Current term: 1, Majority size: 2, State: 0, Mode: LEADER, active raft config: opid_index: -1 OBSOLETE_local: false peers { permanent_uuid: "445c7e479f0246a5b26400b1cd4d8d27" member_type: VOTER last_known_addr { host: "127.0.58.130" port: 39833 } } peers { permanent_uuid: "be9af1eb9bb14a7e8ef0cf71154d5e6e" member_type: VOTER last_known_addr { host: "127.0.58.129" port: 34347 } } peers { permanent_uuid: "aedbe741f4014e40ae382c213ab0d151" member_type: VOTER last_known_addr { host: "127.0.58.131" port: 46091 } }
I0720 00:44:06.873901 5378 catalog_manager.cc:4067] T c1e0c42e42524c22af51c8e4a457d743 P 445c7e479f0246a5b26400b1cd4d8d27 reported cstate change: term changed from 0 to 1, leader changed from to 445c7e479f0246a5b26400b1cd4d8d27 (127.0.58.130). New cstate: current_term: 1 leader_uuid: "445c7e479f0246a5b26400b1cd4d8d27" committed_config { opid_index: -1 OBSOLETE_local: false peers { permanent_uuid: "445c7e479f0246a5b26400b1cd4d8d27" member_type: VOTER last_known_addr { host: "127.0.58.130" port: 39833 } health_report { overall_health: HEALTHY } } peers { permanent_uuid: "be9af1eb9bb14a7e8ef0cf71154d5e6e" member_type: VOTER last_known_addr { host: "127.0.58.129" port: 34347 } health_report { overall_health: UNKNOWN } } peers { permanent_uuid: "aedbe741f4014e40ae382c213ab0d151" member_type: VOTER last_known_addr { host: "127.0.58.131" port: 46091 } health_report { overall_health: UNKNOWN } } }
I0720 00:44:06.964057 5500 raft_consensus.cc:1184] T 43e3ab995f34471c92e887c28c2e2e0f P be9af1eb9bb14a7e8ef0cf71154d5e6e [term 1 FOLLOWER]: Refusing update from remote peer aedbe741f4014e40ae382c213ab0d151: Log matching property violated. Preceding OpId in replica: term: 0 index: 0. Preceding OpId from leader: term: 1 index: 2. (index mismatch)
I0720 00:44:06.965173 5873 consensus_queue.cc:984] T 43e3ab995f34471c92e887c28c2e2e0f P aedbe741f4014e40ae382c213ab0d151 [LEADER]: Connected to new peer: Peer: permanent_uuid: "be9af1eb9bb14a7e8ef0cf71154d5e6e" member_type: VOTER last_known_addr { host: "127.0.58.129" port: 34347 }, Status: LMP_MISMATCH, Last received: 0.0, Next index: 1, Last known committed idx: 0, Time since last communication: 0.000s
I0720 00:44:06.970235 5501 raft_consensus.cc:1184] T dff7af31a11e4cf78f6efbbfa12762d3 P be9af1eb9bb14a7e8ef0cf71154d5e6e [term 1 FOLLOWER]: Refusing update from remote peer aedbe741f4014e40ae382c213ab0d151: Log matching property violated. Preceding OpId in replica: term: 0 index: 0. Preceding OpId from leader: term: 1 index: 2. (index mismatch)
I0720 00:44:06.970906 5873 consensus_queue.cc:984] T dff7af31a11e4cf78f6efbbfa12762d3 P aedbe741f4014e40ae382c213ab0d151 [LEADER]: Connected to new peer: Peer: permanent_uuid: "be9af1eb9bb14a7e8ef0cf71154d5e6e" member_type: VOTER last_known_addr { host: "127.0.58.129" port: 34347 }, Status: LMP_MISMATCH, Last received: 0.0, Next index: 1, Last known committed idx: 0, Time since last communication: 0.000s
I0720 00:44:06.982067 5626 raft_consensus.cc:1184] T 43e3ab995f34471c92e887c28c2e2e0f P 445c7e479f0246a5b26400b1cd4d8d27 [term 1 FOLLOWER]: Refusing update from remote peer aedbe741f4014e40ae382c213ab0d151: Log matching property violated. Preceding OpId in replica: term: 0 index: 0. Preceding OpId from leader: term: 1 index: 2. (index mismatch)
I0720 00:44:06.983070 5873 consensus_queue.cc:984] T 43e3ab995f34471c92e887c28c2e2e0f P aedbe741f4014e40ae382c213ab0d151 [LEADER]: Connected to new peer: Peer: permanent_uuid: "445c7e479f0246a5b26400b1cd4d8d27" member_type: VOTER last_known_addr { host: "127.0.58.130" port: 39833 }, Status: LMP_MISMATCH, Last received: 0.0, Next index: 1, Last known committed idx: 0, Time since last communication: 0.000s
I0720 00:44:06.986371 5749 raft_consensus.cc:1184] T 7dfcac69dd8c4d54a4fe10c404a9cc87 P aedbe741f4014e40ae382c213ab0d151 [term 1 FOLLOWER]: Refusing update from remote peer be9af1eb9bb14a7e8ef0cf71154d5e6e: Log matching property violated. Preceding OpId in replica: term: 0 index: 0. Preceding OpId from leader: term: 1 index: 2. (index mismatch)
I0720 00:44:06.987596 5847 consensus_queue.cc:984] T 7dfcac69dd8c4d54a4fe10c404a9cc87 P be9af1eb9bb14a7e8ef0cf71154d5e6e [LEADER]: Connected to new peer: Peer: permanent_uuid: "aedbe741f4014e40ae382c213ab0d151" member_type: VOTER last_known_addr { host: "127.0.58.131" port: 46091 }, Status: LMP_MISMATCH, Last received: 0.0, Next index: 1, Last known committed idx: 0, Time since last communication: 0.000s
I0720 00:44:06.992559 5750 raft_consensus.cc:1184] T 6c0c6e70945746faa55c4964f07a5a86 P aedbe741f4014e40ae382c213ab0d151 [term 1 FOLLOWER]: Refusing update from remote peer 445c7e479f0246a5b26400b1cd4d8d27: Log matching property violated. Preceding OpId in replica: term: 0 index: 0. Preceding OpId from leader: term: 1 index: 2. (index mismatch)
I0720 00:44:06.993317 5869 consensus_queue.cc:984] T 6c0c6e70945746faa55c4964f07a5a86 P 445c7e479f0246a5b26400b1cd4d8d27 [LEADER]: Connected to new peer: Peer: permanent_uuid: "aedbe741f4014e40ae382c213ab0d151" member_type: VOTER last_known_addr { host: "127.0.58.131" port: 46091 }, Status: LMP_MISMATCH, Last received: 0.0, Next index: 1, Last known committed idx: 0, Time since last communication: 0.000s
I0720 00:44:06.999297 5748 raft_consensus.cc:1184] T 736b3f88dd4a41fbb23ef072e4e28905 P aedbe741f4014e40ae382c213ab0d151 [term 1 FOLLOWER]: Refusing update from remote peer 445c7e479f0246a5b26400b1cd4d8d27: Log matching property violated. Preceding OpId in replica: term: 0 index: 0. Preceding OpId from leader: term: 1 index: 2. (index mismatch)
I0720 00:44:07.010850 5748 raft_consensus.cc:1184] T c1e0c42e42524c22af51c8e4a457d743 P aedbe741f4014e40ae382c213ab0d151 [term 1 FOLLOWER]: Refusing update from remote peer 445c7e479f0246a5b26400b1cd4d8d27: Log matching property violated. Preceding OpId in replica: term: 0 index: 0. Preceding OpId from leader: term: 1 index: 2. (index mismatch)
I0720 00:44:07.011909 5869 consensus_queue.cc:984] T c1e0c42e42524c22af51c8e4a457d743 P 445c7e479f0246a5b26400b1cd4d8d27 [LEADER]: Connected to new peer: Peer: permanent_uuid: "aedbe741f4014e40ae382c213ab0d151" member_type: VOTER last_known_addr { host: "127.0.58.131" port: 46091 }, Status: LMP_MISMATCH, Last received: 0.0, Next index: 1, Last known committed idx: 0, Time since last communication: 0.000s
I0720 00:44:07.011909 5909 consensus_queue.cc:984] T 736b3f88dd4a41fbb23ef072e4e28905 P 445c7e479f0246a5b26400b1cd4d8d27 [LEADER]: Connected to new peer: Peer: permanent_uuid: "aedbe741f4014e40ae382c213ab0d151" member_type: VOTER last_known_addr { host: "127.0.58.131" port: 46091 }, Status: LMP_MISMATCH, Last received: 0.0, Next index: 1, Last known committed idx: 0, Time since last communication: 0.002s
I0720 00:44:07.021780 5895 mvcc.cc:203] Tried to move safe_time back from 6404437798742478848 to 6404437797932630016. Current Snapshot: MvccSnapshot[committed={T|T < 6404437798742478848 or (T in {6404437798742478848})}]
I0720 00:44:07.024938 5625 raft_consensus.cc:1184] T f0f53e18f4ec4eec823ef551f843b54e P 445c7e479f0246a5b26400b1cd4d8d27 [term 1 FOLLOWER]: Refusing update from remote peer aedbe741f4014e40ae382c213ab0d151: Log matching property violated. Preceding OpId in replica: term: 0 index: 0. Preceding OpId from leader: term: 1 index: 2. (index mismatch)
I0720 00:44:07.026247 5625 raft_consensus.cc:1184] T dff7af31a11e4cf78f6efbbfa12762d3 P 445c7e479f0246a5b26400b1cd4d8d27 [term 1 FOLLOWER]: Refusing update from remote peer aedbe741f4014e40ae382c213ab0d151: Log matching property violated. Preceding OpId in replica: term: 0 index: 0. Preceding OpId from leader: term: 1 index: 2. (index mismatch)
I0720 00:44:07.026568 5748 raft_consensus.cc:1184] T d54fc0a6131248cc929ba6d4b0a17489 P aedbe741f4014e40ae382c213ab0d151 [term 1 FOLLOWER]: Refusing update from remote peer 445c7e479f0246a5b26400b1cd4d8d27: Log matching property violated. Preceding OpId in replica: term: 0 index: 0. Preceding OpId from leader: term: 1 index: 2. (index mismatch)
I0720 00:44:07.026675 5837 consensus_queue.cc:984] T dff7af31a11e4cf78f6efbbfa12762d3 P aedbe741f4014e40ae382c213ab0d151 [LEADER]: Connected to new peer: Peer: permanent_uuid: "445c7e479f0246a5b26400b1cd4d8d27" member_type: VOTER last_known_addr { host: "127.0.58.130" port: 39833 }, Status: LMP_MISMATCH, Last received: 0.0, Next index: 1, Last known committed idx: 0, Time since last communication: 0.000s
I0720 00:44:07.027070 5836 consensus_queue.cc:984] T f0f53e18f4ec4eec823ef551f843b54e P aedbe741f4014e40ae382c213ab0d151 [LEADER]: Connected to new peer: Peer: permanent_uuid: "445c7e479f0246a5b26400b1cd4d8d27" member_type: VOTER last_known_addr { host: "127.0.58.130" port: 39833 }, Status: LMP_MISMATCH, Last received: 0.0, Next index: 1, Last known committed idx: 0, Time since last communication: 0.001s
I0720 00:44:07.028488 5909 consensus_queue.cc:984] T d54fc0a6131248cc929ba6d4b0a17489 P 445c7e479f0246a5b26400b1cd4d8d27 [LEADER]: Connected to new peer: Peer: permanent_uuid: "aedbe741f4014e40ae382c213ab0d151" member_type: VOTER last_known_addr { host: "127.0.58.131" port: 46091 }, Status: LMP_MISMATCH, Last received: 0.0, Next index: 1, Last known committed idx: 0, Time since last communication: 0.000s
I0720 00:44:07.023159 5903 mvcc.cc:203] Tried to move safe_time back from 6404437798742478848 to 6404437797932630016. Current Snapshot: MvccSnapshot[committed={T|T < 6404437798742478848}]
I0720 00:44:07.113869 5626 raft_consensus.cc:1184] T f50d69e061a145869a005de2b35d1acc P 445c7e479f0246a5b26400b1cd4d8d27 [term 1 FOLLOWER]: Refusing update from remote peer be9af1eb9bb14a7e8ef0cf71154d5e6e: Log matching property violated. Preceding OpId in replica: term: 0 index: 0. Preceding OpId from leader: term: 1 index: 2. (index mismatch)
I0720 00:44:07.114107 5625 raft_consensus.cc:1184] T 7dfcac69dd8c4d54a4fe10c404a9cc87 P 445c7e479f0246a5b26400b1cd4d8d27 [term 1 FOLLOWER]: Refusing update from remote peer be9af1eb9bb14a7e8ef0cf71154d5e6e: Log matching property violated. Preceding OpId in replica: term: 0 index: 0. Preceding OpId from leader: term: 1 index: 2. (index mismatch)
I0720 00:44:07.142467 5745 raft_consensus.cc:1184] T f50d69e061a145869a005de2b35d1acc P aedbe741f4014e40ae382c213ab0d151 [term 1 FOLLOWER]: Refusing update from remote peer be9af1eb9bb14a7e8ef0cf71154d5e6e: Log matching property violated. Preceding OpId in replica: term: 0 index: 0. Preceding OpId from leader: term: 1 index: 2. (index mismatch)
I0720 00:44:07.149580 5500 raft_consensus.cc:1184] T c1e0c42e42524c22af51c8e4a457d743 P be9af1eb9bb14a7e8ef0cf71154d5e6e [term 1 FOLLOWER]: Refusing update from remote peer 445c7e479f0246a5b26400b1cd4d8d27: Log matching property violated. Preceding OpId in replica: term: 0 index: 0. Preceding OpId from leader: term: 1 index: 2. (index mismatch)
I0720 00:44:07.150928 5849 consensus_queue.cc:984] T 7dfcac69dd8c4d54a4fe10c404a9cc87 P be9af1eb9bb14a7e8ef0cf71154d5e6e [LEADER]: Connected to new peer: Peer: permanent_uuid: "445c7e479f0246a5b26400b1cd4d8d27" member_type: VOTER last_known_addr { host: "127.0.58.130" port: 39833 }, Status: LMP_MISMATCH, Last received: 0.0, Next index: 1, Last known committed idx: 0, Time since last communication: 0.002s
I0720 00:44:07.151497 5847 consensus_queue.cc:984] T f50d69e061a145869a005de2b35d1acc P be9af1eb9bb14a7e8ef0cf71154d5e6e [LEADER]: Connected to new peer: Peer: permanent_uuid: "aedbe741f4014e40ae382c213ab0d151" member_type: VOTER last_known_addr { host: "127.0.58.131" port: 46091 }, Status: LMP_MISMATCH, Last received: 0.0, Next index: 1, Last known committed idx: 0, Time since last communication: 0.008s
I0720 00:44:07.152571 5497 raft_consensus.cc:1184] T 26b0b6bdff8a4bc7be9e3eeff65c3b9a P be9af1eb9bb14a7e8ef0cf71154d5e6e [term 1 FOLLOWER]: Refusing update from remote peer aedbe741f4014e40ae382c213ab0d151: Log matching property violated. Preceding OpId in replica: term: 0 index: 0. Preceding OpId from leader: term: 1 index: 3. (index mismatch)
I0720 00:44:07.152585 5498 raft_consensus.cc:1184] T f0f53e18f4ec4eec823ef551f843b54e P be9af1eb9bb14a7e8ef0cf71154d5e6e [term 1 FOLLOWER]: Refusing update from remote peer aedbe741f4014e40ae382c213ab0d151: Log matching property violated. Preceding OpId in replica: term: 0 index: 0. Preceding OpId from leader: term: 1 index: 2. (index mismatch)
I0720 00:44:07.153271 5847 consensus_queue.cc:984] T f50d69e061a145869a005de2b35d1acc P be9af1eb9bb14a7e8ef0cf71154d5e6e [LEADER]: Connected to new peer: Peer: permanent_uuid: "445c7e479f0246a5b26400b1cd4d8d27" member_type: VOTER last_known_addr { host: "127.0.58.130" port: 39833 }, Status: LMP_MISMATCH, Last received: 0.0, Next index: 1, Last known committed idx: 0, Time since last communication: 0.002s
I0720 00:44:07.154284 5496 raft_consensus.cc:1184] T 736b3f88dd4a41fbb23ef072e4e28905 P be9af1eb9bb14a7e8ef0cf71154d5e6e [term 1 FOLLOWER]: Refusing update from remote peer 445c7e479f0246a5b26400b1cd4d8d27: Log matching property violated. Preceding OpId in replica: term: 0 index: 0. Preceding OpId from leader: term: 1 index: 2. (index mismatch)
I0720 00:44:07.154824 5499 raft_consensus.cc:1184] T 6c0c6e70945746faa55c4964f07a5a86 P be9af1eb9bb14a7e8ef0cf71154d5e6e [term 1 FOLLOWER]: Refusing update from remote peer 445c7e479f0246a5b26400b1cd4d8d27: Log matching property violated. Preceding OpId in replica: term: 0 index: 0. Preceding OpId from leader: term: 1 index: 2. (index mismatch)
I0720 00:44:07.157814 5495 raft_consensus.cc:1184] T d54fc0a6131248cc929ba6d4b0a17489 P be9af1eb9bb14a7e8ef0cf71154d5e6e [term 1 FOLLOWER]: Refusing update from remote peer 445c7e479f0246a5b26400b1cd4d8d27: Log matching property violated. Preceding OpId in replica: term: 0 index: 0. Preceding OpId from leader: term: 1 index: 2. (index mismatch)
I0720 00:44:07.158260 5626 raft_consensus.cc:1184] T 26b0b6bdff8a4bc7be9e3eeff65c3b9a P 445c7e479f0246a5b26400b1cd4d8d27 [term 1 FOLLOWER]: Refusing update from remote peer aedbe741f4014e40ae382c213ab0d151: Log matching property violated. Preceding OpId in replica: term: 0 index: 0. Preceding OpId from leader: term: 1 index: 4. (index mismatch)
I0720 00:44:07.161120 5902 consensus_queue.cc:984] T c1e0c42e42524c22af51c8e4a457d743 P 445c7e479f0246a5b26400b1cd4d8d27 [LEADER]: Connected to new peer: Peer: permanent_uuid: "be9af1eb9bb14a7e8ef0cf71154d5e6e" member_type: VOTER last_known_addr { host: "127.0.58.129" port: 34347 }, Status: LMP_MISMATCH, Last received: 0.0, Next index: 1, Last known committed idx: 0, Time since last communication: 0.000s
I0720 00:44:07.162459 5832 consensus_queue.cc:984] T 736b3f88dd4a41fbb23ef072e4e28905 P 445c7e479f0246a5b26400b1cd4d8d27 [LEADER]: Connected to new peer: Peer: permanent_uuid: "be9af1eb9bb14a7e8ef0cf71154d5e6e" member_type: VOTER last_known_addr { host: "127.0.58.129" port: 34347 }, Status: LMP_MISMATCH, Last received: 0.0, Next index: 1, Last known committed idx: 0, Time since last communication: 0.000s
I0720 00:44:07.163682 5832 consensus_queue.cc:984] T 6c0c6e70945746faa55c4964f07a5a86 P 445c7e479f0246a5b26400b1cd4d8d27 [LEADER]: Connected to new peer: Peer: permanent_uuid: "be9af1eb9bb14a7e8ef0cf71154d5e6e" member_type: VOTER last_known_addr { host: "127.0.58.129" port: 34347 }, Status: LMP_MISMATCH, Last received: 0.0, Next index: 1, Last known committed idx: 0, Time since last communication: 0.000s
I0720 00:44:07.166625 5832 consensus_queue.cc:984] T d54fc0a6131248cc929ba6d4b0a17489 P 445c7e479f0246a5b26400b1cd4d8d27 [LEADER]: Connected to new peer: Peer: permanent_uuid: "be9af1eb9bb14a7e8ef0cf71154d5e6e" member_type: VOTER last_known_addr { host: "127.0.58.129" port: 34347 }, Status: LMP_MISMATCH, Last received: 0.0, Next index: 1, Last known committed idx: 0, Time since last communication: 0.000s
W0720 00:44:07.177639 5682 outbound_call.cc:287] RPC callback for RPC call kudu.consensus.ConsensusService.UpdateConsensus -> {remote=127.0.58.129:34347, user_credentials={real_user=slave}} blocked reactor thread for 63325us
I0720 00:44:07.163708 5923 consensus_queue.cc:984] T 26b0b6bdff8a4bc7be9e3eeff65c3b9a P aedbe741f4014e40ae382c213ab0d151 [LEADER]: Connected to new peer: Peer: permanent_uuid: "445c7e479f0246a5b26400b1cd4d8d27" member_type: VOTER last_known_addr { host: "127.0.58.130" port: 39833 }, Status: LMP_MISMATCH, Last received: 0.0, Next index: 1, Last known committed idx: 0, Time since last communication: 0.030s
I0720 00:44:07.195449 5923 consensus_queue.cc:984] T f0f53e18f4ec4eec823ef551f843b54e P aedbe741f4014e40ae382c213ab0d151 [LEADER]: Connected to new peer: Peer: permanent_uuid: "be9af1eb9bb14a7e8ef0cf71154d5e6e" member_type: VOTER last_known_addr { host: "127.0.58.129" port: 34347 }, Status: LMP_MISMATCH, Last received: 0.0, Next index: 1, Last known committed idx: 0, Time since last communication: 0.000s
I0720 00:44:07.216166 5922 consensus_queue.cc:984] T 26b0b6bdff8a4bc7be9e3eeff65c3b9a P aedbe741f4014e40ae382c213ab0d151 [LEADER]: Connected to new peer: Peer: permanent_uuid: "be9af1eb9bb14a7e8ef0cf71154d5e6e" member_type: VOTER last_known_addr { host: "127.0.58.129" port: 34347 }, Status: LMP_MISMATCH, Last received: 0.0, Next index: 1, Last known committed idx: 0, Time since last communication: 0.000s
I0720 00:44:07.217479 5898 mvcc.cc:203] Tried to move safe_time back from 6404437798898266112 to 6404437798013652992. Current Snapshot: MvccSnapshot[committed={T|T < 6404437798898266112}]
W0720 00:44:07.272589 5435 outbound_call.cc:287] RPC callback for RPC call kudu.consensus.ConsensusService.UpdateConsensus -> {remote=127.0.58.130:39833, user_credentials={real_user=slave}} blocked reactor thread for 80736.7us
W0720 00:44:07.378118 5943 log.cc:669] Time spent T 736b3f88dd4a41fbb23ef072e4e28905 P be9af1eb9bb14a7e8ef0cf71154d5e6e: Append to log took a long time: real 0.051s user 0.000s sys 0.000s
I0720 00:44:07.622956 5794 maintenance_manager.cc:327] P aedbe741f4014e40ae382c213ab0d151: Scheduling FlushMRSOp(7dfcac69dd8c4d54a4fe10c404a9cc87): perf score=0.000288
I0720 00:44:07.624105 5670 maintenance_manager.cc:327] P 445c7e479f0246a5b26400b1cd4d8d27: Scheduling FlushMRSOp(f0f53e18f4ec4eec823ef551f843b54e): perf score=0.000291
I0720 00:44:07.625659 5545 maintenance_manager.cc:327] P be9af1eb9bb14a7e8ef0cf71154d5e6e: Scheduling FlushMRSOp(d54fc0a6131248cc929ba6d4b0a17489): perf score=0.000281
I0720 00:44:07.711581 5439 maintenance_manager.cc:532] P be9af1eb9bb14a7e8ef0cf71154d5e6e: FlushMRSOp(d54fc0a6131248cc929ba6d4b0a17489) complete. Timing: real 0.085s user 0.023s sys 0.004s Metrics: {"bytes_written":6295,"cfile_init":1,"compiler_manager_pool.queue_time_us":2768,"data dirs.queue_time_us":3665,"data dirs.run_cpu_time_us":198,"data dirs.run_wall_time_us":2504,"drs_written":1,"lbm_read_time_us":116,"lbm_reads_lt_1ms":4,"lbm_write_time_us":699,"lbm_writes_lt_1ms":23,"rows_written":64,"spinlock_wait_cycles":273792,"thread_start_us":10024,"threads_started":2}
I0720 00:44:07.713228 5545 maintenance_manager.cc:327] P be9af1eb9bb14a7e8ef0cf71154d5e6e: Scheduling UndoDeltaBlockGCOp(d54fc0a6131248cc929ba6d4b0a17489): 738 bytes on disk
I0720 00:44:07.713934 5439 maintenance_manager.cc:532] P be9af1eb9bb14a7e8ef0cf71154d5e6e: UndoDeltaBlockGCOp(d54fc0a6131248cc929ba6d4b0a17489) complete. Timing: real 0.000s user 0.000s sys 0.000s Metrics: {"cfile_init":1,"lbm_read_time_us":97,"lbm_reads_lt_1ms":4}
I0720 00:44:07.715760 5564 maintenance_manager.cc:532] P 445c7e479f0246a5b26400b1cd4d8d27: FlushMRSOp(f0f53e18f4ec4eec823ef551f843b54e) complete. Timing: real 0.091s user 0.015s sys 0.018s Metrics: {"bytes_written":6408,"cfile_init":1,"compiler_manager_pool.queue_time_us":2146,"data dirs.queue_time_us":10206,"data dirs.run_cpu_time_us":160,"data dirs.run_wall_time_us":1596,"drs_written":1,"lbm_read_time_us":67,"lbm_reads_lt_1ms":4,"lbm_write_time_us":5218,"lbm_writes_1-10_ms":1,"lbm_writes_lt_1ms":22,"rows_written":67,"thread_start_us":12012,"threads_started":2}
I0720 00:44:07.717316 5670 maintenance_manager.cc:327] P 445c7e479f0246a5b26400b1cd4d8d27: Scheduling UndoDeltaBlockGCOp(f0f53e18f4ec4eec823ef551f843b54e): 750 bytes on disk
I0720 00:44:07.717408 5545 maintenance_manager.cc:327] P be9af1eb9bb14a7e8ef0cf71154d5e6e: Scheduling FlushMRSOp(f0f53e18f4ec4eec823ef551f843b54e): perf score=0.000305
I0720 00:44:07.717973 5564 maintenance_manager.cc:532] P 445c7e479f0246a5b26400b1cd4d8d27: UndoDeltaBlockGCOp(f0f53e18f4ec4eec823ef551f843b54e) complete. Timing: real 0.000s user 0.000s sys 0.000s Metrics: {"cfile_init":1,"lbm_read_time_us":90,"lbm_reads_lt_1ms":4}
I0720 00:44:07.718611 5670 maintenance_manager.cc:327] P 445c7e479f0246a5b26400b1cd4d8d27: Scheduling FlushMRSOp(d54fc0a6131248cc929ba6d4b0a17489): perf score=0.000317
I0720 00:44:07.734215 5564 maintenance_manager.cc:532] P 445c7e479f0246a5b26400b1cd4d8d27: FlushMRSOp(d54fc0a6131248cc929ba6d4b0a17489) complete. Timing: real 0.015s user 0.015s sys 0.000s Metrics: {"bytes_written":6500,"cfile_init":1,"data dirs.queue_time_us":339,"drs_written":1,"lbm_read_time_us":76,"lbm_reads_lt_1ms":4,"lbm_write_time_us":1240,"lbm_writes_lt_1ms":23,"rows_written":72,"thread_start_us":428,"threads_started":1}
I0720 00:44:07.735229 5670 maintenance_manager.cc:327] P 445c7e479f0246a5b26400b1cd4d8d27: Scheduling FlushMRSOp(26b0b6bdff8a4bc7be9e3eeff65c3b9a): perf score=0.000317
I0720 00:44:07.783928 5564 maintenance_manager.cc:532] P 445c7e479f0246a5b26400b1cd4d8d27: FlushMRSOp(26b0b6bdff8a4bc7be9e3eeff65c3b9a) complete. Timing: real 0.049s user 0.011s sys 0.002s Metrics: {"bytes_written":6480,"cfile_init":1,"data dirs.queue_time_us":382,"drs_written":1,"lbm_read_time_us":65,"lbm_reads_lt_1ms":4,"lbm_write_time_us":712,"lbm_writes_lt_1ms":23,"rows_written":71,"thread_start_us":459,"threads_started":1}
I0720 00:44:07.784938 5670 maintenance_manager.cc:327] P 445c7e479f0246a5b26400b1cd4d8d27: Scheduling UndoDeltaBlockGCOp(d54fc0a6131248cc929ba6d4b0a17489): 816 bytes on disk
I0720 00:44:07.785445 5564 maintenance_manager.cc:532] P 445c7e479f0246a5b26400b1cd4d8d27: UndoDeltaBlockGCOp(d54fc0a6131248cc929ba6d4b0a17489) complete. Timing: real 0.000s user 0.000s sys 0.000s Metrics: {"cfile_init":1,"lbm_read_time_us":77,"lbm_reads_lt_1ms":4}
I0720 00:44:07.786219 5670 maintenance_manager.cc:327] P 445c7e479f0246a5b26400b1cd4d8d27: Scheduling UndoDeltaBlockGCOp(26b0b6bdff8a4bc7be9e3eeff65c3b9a): 798 bytes on disk
I0720 00:44:07.786756 5564 maintenance_manager.cc:532] P 445c7e479f0246a5b26400b1cd4d8d27: UndoDeltaBlockGCOp(26b0b6bdff8a4bc7be9e3eeff65c3b9a) complete. Timing: real 0.000s user 0.000s sys 0.000s Metrics: {"cfile_init":1,"lbm_read_time_us":79,"lbm_reads_lt_1ms":4}
I0720 00:44:07.787410 5670 maintenance_manager.cc:327] P 445c7e479f0246a5b26400b1cd4d8d27: Scheduling FlushMRSOp(f50d69e061a145869a005de2b35d1acc): perf score=0.000329
I0720 00:44:07.793715 5439 maintenance_manager.cc:532] P be9af1eb9bb14a7e8ef0cf71154d5e6e: FlushMRSOp(f0f53e18f4ec4eec823ef551f843b54e) complete. Timing: real 0.076s user 0.017s sys 0.013s Metrics: {"bytes_written":6477,"cfile_init":1,"data dirs.queue_time_us":38076,"data dirs.run_cpu_time_us":178,"data dirs.run_wall_time_us":8107,"drs_written":1,"lbm_read_time_us":86,"lbm_reads_lt_1ms":4,"lbm_write_time_us":701,"lbm_writes_lt_1ms":23,"rows_written":71,"thread_start_us":37938,"threads_started":1}
I0720 00:44:07.794775 5545 maintenance_manager.cc:327] P be9af1eb9bb14a7e8ef0cf71154d5e6e: Scheduling UndoDeltaBlockGCOp(f0f53e18f4ec4eec823ef551f843b54e): 789 bytes on disk
I0720 00:44:07.795389 5439 maintenance_manager.cc:532] P be9af1eb9bb14a7e8ef0cf71154d5e6e: UndoDeltaBlockGCOp(f0f53e18f4ec4eec823ef551f843b54e) complete. Timing: real 0.000s user 0.000s sys 0.000s Metrics: {"cfile_init":1,"lbm_read_time_us":108,"lbm_reads_lt_1ms":4}
I0720 00:44:07.796043 5545 maintenance_manager.cc:327] P be9af1eb9bb14a7e8ef0cf71154d5e6e: Scheduling F