I0609 06:56:47.672322 1296 catalog_manager.cc:3989] T e3ce89a2f6484512a12922471c794f74 P 0b0d461ecc4847069a52d4969c9bea54 reported cstate change: term changed from 0 to 1, leader changed from to 0b0d461ecc4847069a52d4969c9bea54 (127.1.23.193). New cstate: current_term: 1 leader_uuid: "0b0d461ecc4847069a52d4969c9bea54" committed_config { opid_index: -1 OBSOLETE_local: true peers { permanent_uuid: "0b0d461ecc4847069a52d4969c9bea54" member_type: VOTER last_known_addr { host: "127.1.23.193" port: 44503 } health_report { overall_health: HEALTHY } } }
I0609 06:56:47.681460 1416 tablet_bootstrap.cc:439] T 0b57d9438b9f42008bfaf6dc9d7d2aef P 0b0d461ecc4847069a52d4969c9bea54: No bootstrap required, opened a new log
I0609 06:56:47.681782 1416 ts_tablet_manager.cc:1054] T 0b57d9438b9f42008bfaf6dc9d7d2aef P 0b0d461ecc4847069a52d4969c9bea54: Time spent bootstrapping tablet: real 0.017s user 0.007s sys 0.003s
I0609 06:56:47.683089 1416 raft_consensus.cc:340] T 0b57d9438b9f42008bfaf6dc9d7d2aef P 0b0d461ecc4847069a52d4969c9bea54 [term 0 FOLLOWER]: Replica starting. Triggering 0 pending transactions. Active config: opid_index: -1 OBSOLETE_local: true peers { permanent_uuid: "0b0d461ecc4847069a52d4969c9bea54" member_type: VOTER last_known_addr { host: "127.1.23.193" port: 44503 } }
I0609 06:56:47.683478 1416 raft_consensus.cc:366] T 0b57d9438b9f42008bfaf6dc9d7d2aef P 0b0d461ecc4847069a52d4969c9bea54 [term 0 FOLLOWER]: Consensus starting up: Expiring failure detector timer to make a prompt election more likely
I0609 06:56:47.683689 1416 raft_consensus.cc:705] T 0b57d9438b9f42008bfaf6dc9d7d2aef P 0b0d461ecc4847069a52d4969c9bea54 [term 0 FOLLOWER]: Becoming Follower/Learner. State: Replica: 0b0d461ecc4847069a52d4969c9bea54, State: Initialized, Role: FOLLOWER
I0609 06:56:47.684391 1416 consensus_queue.cc:229] T 0b57d9438b9f42008bfaf6dc9d7d2aef P 0b0d461ecc4847069a52d4969c9bea54 [NON_LEADER]: Queue going to NON_LEADER mode. State: All replicated index: 0, Majority replicated index: 0, Committed index: 0, Last appended: 0.0, Last appended by leader: 0, Current term: 0, Majority size: -1, State: 0, Mode: NON_LEADER, active raft config: opid_index: -1 OBSOLETE_local: true peers { permanent_uuid: "0b0d461ecc4847069a52d4969c9bea54" member_type: VOTER last_known_addr { host: "127.1.23.193" port: 44503 } }
I0609 06:56:47.684835 1416 raft_consensus.cc:380] T 0b57d9438b9f42008bfaf6dc9d7d2aef P 0b0d461ecc4847069a52d4969c9bea54 [term 0 FOLLOWER]: Only one voter in the Raft config. Triggering election immediately
I0609 06:56:47.685025 1416 raft_consensus.cc:472] T 0b57d9438b9f42008bfaf6dc9d7d2aef P 0b0d461ecc4847069a52d4969c9bea54 [term 0 FOLLOWER]: Starting leader election (initial election of a single-replica configuration)
I0609 06:56:47.685277 1416 raft_consensus.cc:2890] T 0b57d9438b9f42008bfaf6dc9d7d2aef P 0b0d461ecc4847069a52d4969c9bea54 [term 0 FOLLOWER]: Advancing to term 1
I0609 06:56:47.688498 1416 raft_consensus.cc:494] T 0b57d9438b9f42008bfaf6dc9d7d2aef P 0b0d461ecc4847069a52d4969c9bea54 [term 1 FOLLOWER]: Starting leader election with config: opid_index: -1 OBSOLETE_local: true peers { permanent_uuid: "0b0d461ecc4847069a52d4969c9bea54" member_type: VOTER last_known_addr { host: "127.1.23.193" port: 44503 } }
I0609 06:56:47.688920 1416 leader_election.cc:310] T 0b57d9438b9f42008bfaf6dc9d7d2aef P 0b0d461ecc4847069a52d4969c9bea54 [CANDIDATE]: Term 1 election: Election decided. Result: candidate won. Election summary: received 1 responses out of 1 voters: 1 yes votes; 0 no votes. yes voters: 0b0d461ecc4847069a52d4969c9bea54; no voters:
I0609 06:56:47.689501 1416 leader_election.cc:296] T 0b57d9438b9f42008bfaf6dc9d7d2aef P 0b0d461ecc4847069a52d4969c9bea54 [CANDIDATE]: Term 1 election: Requested vote from peers
I0609 06:56:47.689637 1418 raft_consensus.cc:2644] T 0b57d9438b9f42008bfaf6dc9d7d2aef P 0b0d461ecc4847069a52d4969c9bea54 [term 1 FOLLOWER]: Leader election won for term 1
I0609 06:56:47.690151 1418 raft_consensus.cc:667] T 0b57d9438b9f42008bfaf6dc9d7d2aef P 0b0d461ecc4847069a52d4969c9bea54 [term 1 LEADER]: Becoming Leader. State: Replica: 0b0d461ecc4847069a52d4969c9bea54, State: Running, Role: LEADER
I0609 06:56:47.690659 1416 ts_tablet_manager.cc:1082] T 0b57d9438b9f42008bfaf6dc9d7d2aef P 0b0d461ecc4847069a52d4969c9bea54: Time spent starting tablet: real 0.009s user 0.008s sys 0.000s
I0609 06:56:47.690500 1418 consensus_queue.cc:206] T 0b57d9438b9f42008bfaf6dc9d7d2aef P 0b0d461ecc4847069a52d4969c9bea54 [LEADER]: Queue going to LEADER mode. State: All replicated index: 0, Majority replicated index: 0, Committed index: 0, Last appended: 0.0, Last appended by leader: 0, Current term: 1, Majority size: 1, State: 0, Mode: LEADER, active raft config: opid_index: -1 OBSOLETE_local: true peers { permanent_uuid: "0b0d461ecc4847069a52d4969c9bea54" member_type: VOTER last_known_addr { host: "127.1.23.193" port: 44503 } }
I0609 06:56:47.695871 1296 catalog_manager.cc:3989] T 0b57d9438b9f42008bfaf6dc9d7d2aef P 0b0d461ecc4847069a52d4969c9bea54 reported cstate change: term changed from 0 to 1, leader changed from to 0b0d461ecc4847069a52d4969c9bea54 (127.1.23.193). New cstate: current_term: 1 leader_uuid: "0b0d461ecc4847069a52d4969c9bea54" committed_config { opid_index: -1 OBSOLETE_local: true peers { permanent_uuid: "0b0d461ecc4847069a52d4969c9bea54" member_type: VOTER last_known_addr { host: "127.1.23.193" port: 44503 } health_report { overall_health: HEALTHY } } }
I0609 06:56:47.713924 1119 tablet_server.cc:155] TabletServer shutting down...
I0609 06:56:47.738062 1119 ts_tablet_manager.cc:1128] Shutting down tablet manager...
I0609 06:56:47.738459 1119 tablet_replica.cc:265] T 0b57d9438b9f42008bfaf6dc9d7d2aef P 0b0d461ecc4847069a52d4969c9bea54: stopping tablet replica
I0609 06:56:47.738862 1119 raft_consensus.cc:2147] T 0b57d9438b9f42008bfaf6dc9d7d2aef P 0b0d461ecc4847069a52d4969c9bea54 [term 1 LEADER]: Raft consensus shutting down.
I0609 06:56:47.739145 1119 raft_consensus.cc:2174] T 0b57d9438b9f42008bfaf6dc9d7d2aef P 0b0d461ecc4847069a52d4969c9bea54 [term 1 FOLLOWER]: Raft consensus is shut down!
I0609 06:56:47.741766 1119 tablet_replica.cc:265] T e3ce89a2f6484512a12922471c794f74 P 0b0d461ecc4847069a52d4969c9bea54: stopping tablet replica
I0609 06:56:47.742012 1119 raft_consensus.cc:2147] T e3ce89a2f6484512a12922471c794f74 P 0b0d461ecc4847069a52d4969c9bea54 [term 1 LEADER]: Raft consensus shutting down.
I0609 06:56:47.742223 1119 raft_consensus.cc:2174] T e3ce89a2f6484512a12922471c794f74 P 0b0d461ecc4847069a52d4969c9bea54 [term 1 FOLLOWER]: Raft consensus is shut down!
I0609 06:56:47.763837 1119 tablet_server.cc:169] TabletServer shutdown complete.
I0609 06:56:47.763981 1119 tablet_server.cc:155] TabletServer shutting down...
I0609 06:56:47.764242 1119 tablet_server.cc:169] TabletServer shutdown complete.
I0609 06:56:47.770030 1119 master.cc:247] Master@127.1.23.254:45235 shutting down...
I0609 06:56:47.784641 1119 raft_consensus.cc:2147] T 00000000000000000000000000000000 P d9b1c9252ced4de2ab1575f6e2c43e29 [term 1 LEADER]: Raft consensus shutting down.
I0609 06:56:47.785043 1119 raft_consensus.cc:2174] T 00000000000000000000000000000000 P d9b1c9252ced4de2ab1575f6e2c43e29 [term 1 FOLLOWER]: Raft consensus is shut down!
I0609 06:56:47.785493 1119 tablet_replica.cc:265] T 00000000000000000000000000000000 P d9b1c9252ced4de2ab1575f6e2c43e29: stopping tablet replica
I0609 06:56:47.796497 1119 master.cc:258] Master@127.1.23.254:45235 shutdown complete. [ OK ] ClientTest.TestProjectInvalidColumn (805 ms) [ RUN ] ClientTest.TestNonFaultTolerantScannerExpired
I0609 06:56:47.810180 1119 internal_mini_cluster.cc:146] Creating distributed mini masters. Addrs: 127.1.23.254:40485
I0609 06:56:47.822044 1119 system_ntp.cc:193] NTP initialized. Skew: 500ppm Current error: 90516us
I0609 06:56:47.822340 1119 fs_manager.cc:263] Metadata directory not provided
I0609 06:56:47.822466 1119 fs_manager.cc:269] Using write-ahead log directory (fs_wal_dir) as metadata directory
I0609 06:56:47.822643 1119 server_base.cc:440] Could not load existing FS layout: Not found: could not find a healthy instance file
I0609 06:56:47.822752 1119 server_base.cc:441] Attempting to create new FS layout instead
I0609 06:56:47.823618 1119 fs_manager.cc:602] Generated new instance metadata in path /tmp/dist-test-taskY5QUuL/test-tmp/client-test.3.ClientTest.TestNonFaultTolerantScannerExpired.1560063404629499-1119/minicluster-data/master-0-root/instance: uuid: "9c563af166844998a91fd07b50277c01" format_stamp: "Formatted at 2019-06-09 06:56:47 on dist-test-slave-dist-test-slave-9h7f"
I0609 06:56:47.832115 1119 fs_manager.cc:503] Time spent creating directory manager: real 0.008s user 0.006s sys 0.003s
I0609 06:56:47.833410 1119 file_cache.cc:465] Constructed file cache lbm with capacity 419430
I0609 06:56:47.842591 1119 fs_manager.cc:419] Time spent opening block manager: real 0.003s user 0.003s sys 0.000s
I0609 06:56:47.842782 1119 fs_manager.cc:436] Opened local filesystem: /tmp/dist-test-taskY5QUuL/test-tmp/client-test.3.ClientTest.TestNonFaultTolerantScannerExpired.1560063404629499-1119/minicluster-data/master-0-root uuid: "9c563af166844998a91fd07b50277c01" format_stamp: "Formatted at 2019-06-09 06:56:47 on dist-test-slave-dist-test-slave-9h7f"
I0609 06:56:47.843040 1119 fs_report.cc:352] FS layout report -------------------- wal directory: /tmp/dist-test-taskY5QUuL/test-tmp/client-test.3.ClientTest.TestNonFaultTolerantScannerExpired.1560063404629499-1119/minicluster-data/master-0-root metadata directory: /tmp/dist-test-taskY5QUuL/test-tmp/client-test.3.ClientTest.TestNonFaultTolerantScannerExpired.1560063404629499-1119/minicluster-data/master-0-root 1 data directories: /tmp/dist-test-taskY5QUuL/test-tmp/client-test.3.ClientTest.TestNonFaultTolerantScannerExpired.1560063404629499-1119/minicluster-data/master-0-root/data Total live blocks: 0 Total live bytes: 0 Total live bytes (after alignment): 0 Total number of LBM containers: 0 (0 full) Did not check for missing blocks Did not check for orphaned blocks Total full LBM containers with extra space: 0 (0 repaired) Total full LBM container extra space in bytes: 0 (0 repaired) Total incomplete LBM containers: 0 (0 repaired) Total LBM partial records: 0 (0 repaired)
I0609 06:56:48.041821 1119 rpc_server.cc:205] RPC server started. Bound to: 127.1.23.254:40485
I0609 06:56:48.044351 1119 webserver.cc:374] Webserver started at http://127.1.23.254:36273/ using document root and password file
I0609 06:56:48.050153 1479 data_dirs.cc:938] Could only allocate 1 dirs of requested 3 for tablet 00000000000000000000000000000000. 1 dirs total, 0 dirs full, 0 dirs failed
I0609 06:56:48.060896 1479 tablet_bootstrap.cc:439] T 00000000000000000000000000000000 P 9c563af166844998a91fd07b50277c01: Bootstrap starting.
I0609 06:56:48.075073 1479 tablet_bootstrap.cc:590] T 00000000000000000000000000000000 P 9c563af166844998a91fd07b50277c01: No blocks or log segments found. Creating new log.
I0609 06:56:48.078115 1479 tablet_bootstrap.cc:439] T 00000000000000000000000000000000 P 9c563af166844998a91fd07b50277c01: No bootstrap required, opened a new log
I0609 06:56:48.079499 1479 raft_consensus.cc:340] T 00000000000000000000000000000000 P 9c563af166844998a91fd07b50277c01 [term 0 FOLLOWER]: Replica starting. Triggering 0 pending transactions. Active config: opid_index: -1 OBSOLETE_local: true peers { permanent_uuid: "9c563af166844998a91fd07b50277c01" member_type: VOTER }
I0609 06:56:48.079838 1479 raft_consensus.cc:366] T 00000000000000000000000000000000 P 9c563af166844998a91fd07b50277c01 [term 0 FOLLOWER]: Consensus starting up: Expiring failure detector timer to make a prompt election more likely
I0609 06:56:48.080034 1479 raft_consensus.cc:705] T 00000000000000000000000000000000 P 9c563af166844998a91fd07b50277c01 [term 0 FOLLOWER]: Becoming Follower/Learner. State: Replica: 9c563af166844998a91fd07b50277c01, State: Initialized, Role: FOLLOWER
I0609 06:56:48.080515 1479 consensus_queue.cc:229] T 00000000000000000000000000000000 P 9c563af166844998a91fd07b50277c01 [NON_LEADER]: Queue going to NON_LEADER mode. State: All replicated index: 0, Majority replicated index: 0, Committed index: 0, Last appended: 0.0, Last appended by leader: 0, Current term: 0, Majority size: -1, State: 0, Mode: NON_LEADER, active raft config: opid_index: -1 OBSOLETE_local: true peers { permanent_uuid: "9c563af166844998a91fd07b50277c01" member_type: VOTER }
I0609 06:56:48.080891 1479 raft_consensus.cc:380] T 00000000000000000000000000000000 P 9c563af166844998a91fd07b50277c01 [term 0 FOLLOWER]: Only one voter in the Raft config. Triggering election immediately
I0609 06:56:48.081094 1479 raft_consensus.cc:472] T 00000000000000000000000000000000 P 9c563af166844998a91fd07b50277c01 [term 0 FOLLOWER]: Starting leader election (initial election of a single-replica configuration)
I0609 06:56:48.081351 1479 raft_consensus.cc:2890] T 00000000000000000000000000000000 P 9c563af166844998a91fd07b50277c01 [term 0 FOLLOWER]: Advancing to term 1
I0609 06:56:48.084975 1479 raft_consensus.cc:494] T 00000000000000000000000000000000 P 9c563af166844998a91fd07b50277c01 [term 1 FOLLOWER]: Starting leader election with config: opid_index: -1 OBSOLETE_local: true peers { permanent_uuid: "9c563af166844998a91fd07b50277c01" member_type: VOTER }
I0609 06:56:48.085435 1479 leader_election.cc:310] T 00000000000000000000000000000000 P 9c563af166844998a91fd07b50277c01 [CANDIDATE]: Term 1 election: Election decided. Result: candidate won. Election summary: received 1 responses out of 1 voters: 1 yes votes; 0 no votes. yes voters: 9c563af166844998a91fd07b50277c01; no voters:
I0609 06:56:48.089617 1479 leader_election.cc:296] T 00000000000000000000000000000000 P 9c563af166844998a91fd07b50277c01 [CANDIDATE]: Term 1 election: Requested vote from peers
I0609 06:56:48.089942 1481 raft_consensus.cc:2644] T 00000000000000000000000000000000 P 9c563af166844998a91fd07b50277c01 [term 1 FOLLOWER]: Leader election won for term 1
I0609 06:56:48.094367 1481 raft_consensus.cc:667] T 00000000000000000000000000000000 P 9c563af166844998a91fd07b50277c01 [term 1 LEADER]: Becoming Leader. State: Replica: 9c563af166844998a91fd07b50277c01, State: Running, Role: LEADER
I0609 06:56:48.095059 1481 consensus_queue.cc:206] T 00000000000000000000000000000000 P 9c563af166844998a91fd07b50277c01 [LEADER]: Queue going to LEADER mode. State: All replicated index: 0, Majority replicated index: 0, Committed index: 0, Last appended: 0.0, Last appended by leader: 0, Current term: 1, Majority size: 1, State: 0, Mode: LEADER, active raft config: opid_index: -1 OBSOLETE_local: true peers { permanent_uuid: "9c563af166844998a91fd07b50277c01" member_type: VOTER }
I0609 06:56:48.098661 1482 sys_catalog.cc:338] T 00000000000000000000000000000000 P 9c563af166844998a91fd07b50277c01 [sys.catalog]: SysCatalogTable state changed. Reason: RaftConsensus started. Latest consensus state: current_term: 1 leader_uuid: "9c563af166844998a91fd07b50277c01" committed_config { opid_index: -1 OBSOLETE_local: true peers { permanent_uuid: "9c563af166844998a91fd07b50277c01" member_type: VOTER } }
I0609 06:56:48.099025 1483 sys_catalog.cc:338] T 00000000000000000000000000000000 P 9c563af166844998a91fd07b50277c01 [sys.catalog]: SysCatalogTable state changed. Reason: New leader 9c563af166844998a91fd07b50277c01. Latest consensus state: current_term: 1 leader_uuid: "9c563af166844998a91fd07b50277c01" committed_config { opid_index: -1 OBSOLETE_local: true peers { permanent_uuid: "9c563af166844998a91fd07b50277c01" member_type: VOTER } }
I0609 06:56:48.099434 1482 sys_catalog.cc:341] T 00000000000000000000000000000000 P 9c563af166844998a91fd07b50277c01 [sys.catalog]: This master's current role is: LEADER
I0609 06:56:48.099611 1483 sys_catalog.cc:341] T 00000000000000000000000000000000 P 9c563af166844998a91fd07b50277c01 [sys.catalog]: This master's current role is: LEADER
I0609 06:56:48.100021 1479 sys_catalog.cc:338] T 00000000000000000000000000000000 P 9c563af166844998a91fd07b50277c01 [sys.catalog]: SysCatalogTable state changed. Reason: Started TabletReplica. Latest consensus state: current_term: 1 leader_uuid: "9c563af166844998a91fd07b50277c01" committed_config { opid_index: -1 OBSOLETE_local: true peers { permanent_uuid: "9c563af166844998a91fd07b50277c01" member_type: VOTER } }
I0609 06:56:48.100822 1479 sys_catalog.cc:341] T 00000000000000000000000000000000 P 9c563af166844998a91fd07b50277c01 [sys.catalog]: This master's current role is: LEADER
I0609 06:56:48.102144 1479 sys_catalog.cc:426] T 00000000000000000000000000000000 P 9c563af166844998a91fd07b50277c01 [sys.catalog]: configured and running, proceeding with master startup.
I0609 06:56:48.102659 1485 catalog_manager.cc:1056] Loading table and tablet metadata into memory...
I0609 06:56:48.105872 1119 internal_mini_cluster.cc:166] Waiting to initialize catalog manager on master 0
I0609 06:56:48.107641 1485 catalog_manager.cc:1067] Initializing Kudu internal certificate authority...
I0609 06:56:48.140517 1485 catalog_manager.cc:951] Generated new certificate authority record
I0609 06:56:48.142056 1485 catalog_manager.cc:1076] Loading token signing keys...
I0609 06:56:48.150959 1485 catalog_manager.cc:4293] T 00000000000000000000000000000000 P 9c563af166844998a91fd07b50277c01: Generated new TSK 0
I0609 06:56:48.184751 1119 system_ntp.cc:193] NTP initialized. Skew: 500ppm Current error: 91016us
I0609 06:56:48.185103 1119 fs_manager.cc:263] Metadata directory not provided
I0609 06:56:48.185235 1119 fs_manager.cc:269] Using write-ahead log directory (fs_wal_dir) as metadata directory
I0609 06:56:48.185443 1119 server_base.cc:440] Could not load existing FS layout: Not found: could not find a healthy instance file
I0609 06:56:48.185555 1119 server_base.cc:441] Attempting to create new FS layout instead
I0609 06:56:48.186404 1119 fs_manager.cc:602] Generated new instance metadata in path /tmp/dist-test-taskY5QUuL/test-tmp/client-test.3.ClientTest.TestNonFaultTolerantScannerExpired.1560063404629499-1119/minicluster-data/ts-0-root/instance: uuid: "1ef76c1b102746218f66b3fde5ddbc37" format_stamp: "Formatted at 2019-06-09 06:56:48 on dist-test-slave-dist-test-slave-9h7f"
I0609 06:56:48.195291 1119 fs_manager.cc:503] Time spent creating directory manager: real 0.009s user 0.007s sys 0.002s
I0609 06:56:48.196647 1119 file_cache.cc:465] Constructed file cache lbm with capacity 419430
I0609 06:56:48.203930 1119 fs_manager.cc:419] Time spent opening block manager: real 0.001s user 0.001s sys 0.000s
I0609 06:56:48.204080 1119 fs_manager.cc:436] Opened local filesystem: /tmp/dist-test-taskY5QUuL/test-tmp/client-test.3.ClientTest.TestNonFaultTolerantScannerExpired.1560063404629499-1119/minicluster-data/ts-0-root uuid: "1ef76c1b102746218f66b3fde5ddbc37" format_stamp: "Formatted at 2019-06-09 06:56:48 on dist-test-slave-dist-test-slave-9h7f"
I0609 06:56:48.204286 1119 fs_report.cc:352] FS layout report -------------------- wal directory: /tmp/dist-test-taskY5QUuL/test-tmp/client-test.3.ClientTest.TestNonFaultTolerantScannerExpired.1560063404629499-1119/minicluster-data/ts-0-root metadata directory: /tmp/dist-test-taskY5QUuL/test-tmp/client-test.3.ClientTest.TestNonFaultTolerantScannerExpired.1560063404629499-1119/minicluster-data/ts-0-root 1 data directories: /tmp/dist-test-taskY5QUuL/test-tmp/client-test.3.ClientTest.TestNonFaultTolerantScannerExpired.1560063404629499-1119/minicluster-data/ts-0-root/data Total live blocks: 0 Total live bytes: 0 Total live bytes (after alignment): 0 Total number of LBM containers: 0 (0 full) Did not check for missing blocks Did not check for orphaned blocks Total full LBM containers with extra space: 0 (0 repaired) Total full LBM container extra space in bytes: 0 (0 repaired) Total incomplete LBM containers: 0 (0 repaired) Total LBM partial records: 0 (0 repaired)
I0609 06:56:48.236112 1119 ts_tablet_manager.cc:356] Loaded tablet metadata (0 total tablets, 0 live tablets)
I0609 06:56:48.236250 1119 ts_tablet_manager.cc:376] Registered 0 tablets
I0609 06:56:48.279413 1119 rpc_server.cc:205] RPC server started. Bound to: 127.1.23.193:39929
I0609 06:56:48.281695 1119 webserver.cc:374] Webserver started at http://127.1.23.193:42205/ using document root and password file
I0609 06:56:48.293728 1553 heartbeater.cc:324] Connected to a master server at 127.1.23.254:40485
I0609 06:56:48.293990 1553 heartbeater.cc:405] Registering TS with master...
I0609 06:56:48.294389 1553 heartbeater.cc:454] Master 127.1.23.254:40485 requested a full tablet report, sending...
I0609 06:56:48.295825 1446 ts_manager.cc:161] Registered new tserver with Master: 1ef76c1b102746218f66b3fde5ddbc37 (127.1.23.193:39929)
I0609 06:56:48.296869 1119 internal_mini_cluster.cc:328] 1 TS(s) registered with all masters after 0.013678975s
I0609 06:56:48.297682 1446 master_service.cc:274] Signed X509 certificate for tserver {username='slave'} at 127.0.0.1:36308
I0609 06:56:48.310493 1553 heartbeater.cc:446] Master 127.1.23.254:40485 was elected leader, sending a full tablet report...
I0609 06:56:48.314528 1445 catalog_manager.cc:1410] Servicing CreateTable request from {username='slave'} at 127.0.0.1:36310: name: "client-testtb" schema { columns { name: "key" type: INT32 is_key: true is_nullable: false encoding: AUTO_ENCODING compression: DEFAULT_COMPRESSION cfile_block_size: 0 } columns { name: "int_val" type: INT32 is_key: false is_nullable: false encoding: AUTO_ENCODING compression: DEFAULT_COMPRESSION cfile_block_size: 0 } columns { name: "string_val" type: STRING is_key: false is_nullable: true encoding: AUTO_ENCODING compression: DEFAULT_COMPRESSION cfile_block_size: 0 } columns { name: "non_null_with_default" type: INT32 is_key: false is_nullable: false read_default_value: "90\000\000" encoding: AUTO_ENCODING compression: DEFAULT_COMPRESSION cfile_block_size: 0 } } num_replicas: 1 split_rows_range_bounds { rows: "\004\001\000\t\000\000\000" } partition_schema { range_schema { columns { name: "key" } } }
I0609 06:56:48.340188 1520 tablet_service.cc:1016] Processing CreateTablet for tablet bec08078408245a9be6e31bd01edb05c (table=client-testtb [id=3a0043a94fda45c897754fc1c2cd78bb]), partition=RANGE (key) PARTITION VALUES < 9
I0609 06:56:48.340430 1519 tablet_service.cc:1016] Processing CreateTablet for tablet e3536a1a17a04767ada7f39efb2c2f3a (table=client-testtb [id=3a0043a94fda45c897754fc1c2cd78bb]), partition=RANGE (key) PARTITION VALUES >= 9
I0609 06:56:48.340936 1520 data_dirs.cc:938] Could only allocate 1 dirs of requested 3 for tablet bec08078408245a9be6e31bd01edb05c. 1 dirs total, 0 dirs full, 0 dirs failed
I0609 06:56:48.341475 1519 data_dirs.cc:938] Could only allocate 1 dirs of requested 3 for tablet e3536a1a17a04767ada7f39efb2c2f3a. 1 dirs total, 0 dirs full, 0 dirs failed
I0609 06:56:48.352306 1565 tablet_bootstrap.cc:439] T bec08078408245a9be6e31bd01edb05c P 1ef76c1b102746218f66b3fde5ddbc37: Bootstrap starting.
I0609 06:56:48.354651 1565 tablet_bootstrap.cc:590] T bec08078408245a9be6e31bd01edb05c P 1ef76c1b102746218f66b3fde5ddbc37: No blocks or log segments found. Creating new log.
I0609 06:56:48.357465 1565 tablet_bootstrap.cc:439] T bec08078408245a9be6e31bd01edb05c P 1ef76c1b102746218f66b3fde5ddbc37: No bootstrap required, opened a new log
I0609 06:56:48.357761 1565 ts_tablet_manager.cc:1054] T bec08078408245a9be6e31bd01edb05c P 1ef76c1b102746218f66b3fde5ddbc37: Time spent bootstrapping tablet: real 0.006s user 0.005s sys 0.000s
I0609 06:56:48.358858 1565 raft_consensus.cc:340] T bec08078408245a9be6e31bd01edb05c P 1ef76c1b102746218f66b3fde5ddbc37 [term 0 FOLLOWER]: Replica starting. Triggering 0 pending transactions. Active config: opid_index: -1 OBSOLETE_local: true peers { permanent_uuid: "1ef76c1b102746218f66b3fde5ddbc37" member_type: VOTER last_known_addr { host: "127.1.23.193" port: 39929 } }
I0609 06:56:48.359220 1565 raft_consensus.cc:366] T bec08078408245a9be6e31bd01edb05c P 1ef76c1b102746218f66b3fde5ddbc37 [term 0 FOLLOWER]: Consensus starting up: Expiring failure detector timer to make a prompt election more likely
I0609 06:56:48.359401 1565 raft_consensus.cc:705] T bec08078408245a9be6e31bd01edb05c P 1ef76c1b102746218f66b3fde5ddbc37 [term 0 FOLLOWER]: Becoming Follower/Learner. State: Replica: 1ef76c1b102746218f66b3fde5ddbc37, State: Initialized, Role: FOLLOWER
I0609 06:56:48.359828 1565 consensus_queue.cc:229] T bec08078408245a9be6e31bd01edb05c P 1ef76c1b102746218f66b3fde5ddbc37 [NON_LEADER]: Queue going to NON_LEADER mode. State: All replicated index: 0, Majority replicated index: 0, Committed index: 0, Last appended: 0.0, Last appended by leader: 0, Current term: 0, Majority size: -1, State: 0, Mode: NON_LEADER, active raft config: opid_index: -1 OBSOLETE_local: true peers { permanent_uuid: "1ef76c1b102746218f66b3fde5ddbc37" member_type: VOTER last_known_addr { host: "127.1.23.193" port: 39929 } }
I0609 06:56:48.360229 1565 raft_consensus.cc:380] T bec08078408245a9be6e31bd01edb05c P 1ef76c1b102746218f66b3fde5ddbc37 [term 0 FOLLOWER]: Only one voter in the Raft config. Triggering election immediately
I0609 06:56:48.360460 1565 raft_consensus.cc:472] T bec08078408245a9be6e31bd01edb05c P 1ef76c1b102746218f66b3fde5ddbc37 [term 0 FOLLOWER]: Starting leader election (initial election of a single-replica configuration)
I0609 06:56:48.360734 1565 raft_consensus.cc:2890] T bec08078408245a9be6e31bd01edb05c P 1ef76c1b102746218f66b3fde5ddbc37 [term 0 FOLLOWER]: Advancing to term 1
I0609 06:56:48.364395 1565 raft_consensus.cc:494] T bec08078408245a9be6e31bd01edb05c P 1ef76c1b102746218f66b3fde5ddbc37 [term 1 FOLLOWER]: Starting leader election with config: opid_index: -1 OBSOLETE_local: true peers { permanent_uuid: "1ef76c1b102746218f66b3fde5ddbc37" member_type: VOTER last_known_addr { host: "127.1.23.193" port: 39929 } }
I0609 06:56:48.364863 1565 leader_election.cc:310] T bec08078408245a9be6e31bd01edb05c P 1ef76c1b102746218f66b3fde5ddbc37 [CANDIDATE]: Term 1 election: Election decided. Result: candidate won. Election summary: received 1 responses out of 1 voters: 1 yes votes; 0 no votes. yes voters: 1ef76c1b102746218f66b3fde5ddbc37; no voters:
I0609 06:56:48.366165 1565 leader_election.cc:296] T bec08078408245a9be6e31bd01edb05c P 1ef76c1b102746218f66b3fde5ddbc37 [CANDIDATE]: Term 1 election: Requested vote from peers
I0609 06:56:48.366375 1567 raft_consensus.cc:2644] T bec08078408245a9be6e31bd01edb05c P 1ef76c1b102746218f66b3fde5ddbc37 [term 1 FOLLOWER]: Leader election won for term 1
I0609 06:56:48.367924 1567 raft_consensus.cc:667] T bec08078408245a9be6e31bd01edb05c P 1ef76c1b102746218f66b3fde5ddbc37 [term 1 LEADER]: Becoming Leader. State: Replica: 1ef76c1b102746218f66b3fde5ddbc37, State: Running, Role: LEADER
I0609 06:56:48.369910 1565 ts_tablet_manager.cc:1082] T bec08078408245a9be6e31bd01edb05c P 1ef76c1b102746218f66b3fde5ddbc37: Time spent starting tablet: real 0.012s user 0.006s sys 0.004s
I0609 06:56:48.370368 1565 tablet_bootstrap.cc:439] T e3536a1a17a04767ada7f39efb2c2f3a P 1ef76c1b102746218f66b3fde5ddbc37: Bootstrap starting.
I0609 06:56:48.372129 1565 tablet_bootstrap.cc:590] T e3536a1a17a04767ada7f39efb2c2f3a P 1ef76c1b102746218f66b3fde5ddbc37: No blocks or log segments found. Creating new log.
I0609 06:56:48.368979 1567 consensus_queue.cc:206] T bec08078408245a9be6e31bd01edb05c P 1ef76c1b102746218f66b3fde5ddbc37 [LEADER]: Queue going to LEADER mode. State: All replicated index: 0, Majority replicated index: 0, Committed index: 0, Last appended: 0.0, Last appended by leader: 0, Current term: 1, Majority size: 1, State: 0, Mode: LEADER, active raft config: opid_index: -1 OBSOLETE_local: true peers { permanent_uuid: "1ef76c1b102746218f66b3fde5ddbc37" member_type: VOTER last_known_addr { host: "127.1.23.193" port: 39929 } }
I0609 06:56:48.375944 1565 tablet_bootstrap.cc:439] T e3536a1a17a04767ada7f39efb2c2f3a P 1ef76c1b102746218f66b3fde5ddbc37: No bootstrap required, opened a new log
I0609 06:56:48.376308 1565 ts_tablet_manager.cc:1054] T e3536a1a17a04767ada7f39efb2c2f3a P 1ef76c1b102746218f66b3fde5ddbc37: Time spent bootstrapping tablet: real 0.006s user 0.000s sys 0.004s
I0609 06:56:48.378365 1565 raft_consensus.cc:340] T e3536a1a17a04767ada7f39efb2c2f3a P 1ef76c1b102746218f66b3fde5ddbc37 [term 0 FOLLOWER]: Replica starting. Triggering 0 pending transactions. Active config: opid_index: -1 OBSOLETE_local: true peers { permanent_uuid: "1ef76c1b102746218f66b3fde5ddbc37" member_type: VOTER last_known_addr { host: "127.1.23.193" port: 39929 } }
I0609 06:56:48.378818 1565 raft_consensus.cc:366] T e3536a1a17a04767ada7f39efb2c2f3a P 1ef76c1b102746218f66b3fde5ddbc37 [term 0 FOLLOWER]: Consensus starting up: Expiring failure detector timer to make a prompt election more likely
I0609 06:56:48.378999 1565 raft_consensus.cc:705] T e3536a1a17a04767ada7f39efb2c2f3a P 1ef76c1b102746218f66b3fde5ddbc37 [term 0 FOLLOWER]: Becoming Follower/Learner. State: Replica: 1ef76c1b102746218f66b3fde5ddbc37, State: Initialized, Role: FOLLOWER
I0609 06:56:48.379019 1445 catalog_manager.cc:3989] T bec08078408245a9be6e31bd01edb05c P 1ef76c1b102746218f66b3fde5ddbc37 reported cstate change: term changed from 0 to 1, leader changed from to 1ef76c1b102746218f66b3fde5ddbc37 (127.1.23.193). New cstate: current_term: 1 leader_uuid: "1ef76c1b102746218f66b3fde5ddbc37" committed_config { opid_index: -1 OBSOLETE_local: true peers { permanent_uuid: "1ef76c1b102746218f66b3fde5ddbc37" member_type: VOTER last_known_addr { host: "127.1.23.193" port: 39929 } health_report { overall_health: HEALTHY } } }
I0609 06:56:48.379453 1565 consensus_queue.cc:229] T e3536a1a17a04767ada7f39efb2c2f3a P 1ef76c1b102746218f66b3fde5ddbc37 [NON_LEADER]: Queue going to NON_LEADER mode. State: All replicated index: 0, Majority replicated index: 0, Committed index: 0, Last appended: 0.0, Last appended by leader: 0, Current term: 0, Majority size: -1, State: 0, Mode: NON_LEADER, active raft config: opid_index: -1 OBSOLETE_local: true peers { permanent_uuid: "1ef76c1b102746218f66b3fde5ddbc37" member_type: VOTER last_known_addr { host: "127.1.23.193" port: 39929 } }
I0609 06:56:48.379982 1565 raft_consensus.cc:380] T e3536a1a17a04767ada7f39efb2c2f3a P 1ef76c1b102746218f66b3fde5ddbc37 [term 0 FOLLOWER]: Only one voter in the Raft config. Triggering election immediately
I0609 06:56:48.380198 1565 raft_consensus.cc:472] T e3536a1a17a04767ada7f39efb2c2f3a P 1ef76c1b102746218f66b3fde5ddbc37 [term 0 FOLLOWER]: Starting leader election (initial election of a single-replica configuration)
I0609 06:56:48.380427 1565 raft_consensus.cc:2890] T e3536a1a17a04767ada7f39efb2c2f3a P 1ef76c1b102746218f66b3fde5ddbc37 [term 0 FOLLOWER]: Advancing to term 1
I0609 06:56:48.384519 1565 raft_consensus.cc:494] T e3536a1a17a04767ada7f39efb2c2f3a P 1ef76c1b102746218f66b3fde5ddbc37 [term 1 FOLLOWER]: Starting leader election with config: opid_index: -1 OBSOLETE_local: true peers { permanent_uuid: "1ef76c1b102746218f66b3fde5ddbc37" member_type: VOTER last_known_addr { host: "127.1.23.193" port: 39929 } }
I0609 06:56:48.384961 1565 leader_election.cc:310] T e3536a1a17a04767ada7f39efb2c2f3a P 1ef76c1b102746218f66b3fde5ddbc37 [CANDIDATE]: Term 1 election: Election decided. Result: candidate won. Election summary: received 1 responses out of 1 voters: 1 yes votes; 0 no votes. yes voters: 1ef76c1b102746218f66b3fde5ddbc37; no voters:
I0609 06:56:48.385592 1565 leader_election.cc:296] T e3536a1a17a04767ada7f39efb2c2f3a P 1ef76c1b102746218f66b3fde5ddbc37 [CANDIDATE]: Term 1 election: Requested vote from peers
I0609 06:56:48.385704 1567 raft_consensus.cc:2644] T e3536a1a17a04767ada7f39efb2c2f3a P 1ef76c1b102746218f66b3fde5ddbc37 [term 1 FOLLOWER]: Leader election won for term 1
I0609 06:56:48.386121 1567 raft_consensus.cc:667] T e3536a1a17a04767ada7f39efb2c2f3a P 1ef76c1b102746218f66b3fde5ddbc37 [term 1 LEADER]: Becoming Leader. State: Replica: 1ef76c1b102746218f66b3fde5ddbc37, State: Running, Role: LEADER
I0609 06:56:48.386595 1565 ts_tablet_manager.cc:1082] T e3536a1a17a04767ada7f39efb2c2f3a P 1ef76c1b102746218f66b3fde5ddbc37: Time spent starting tablet: real 0.010s user 0.006s sys 0.003s
I0609 06:56:48.386552 1567 consensus_queue.cc:206] T e3536a1a17a04767ada7f39efb2c2f3a P 1ef76c1b102746218f66b3fde5ddbc37 [LEADER]: Queue going to LEADER mode. State: All replicated index: 0, Majority replicated index: 0, Committed index: 0, Last appended: 0.0, Last appended by leader: 0, Current term: 1, Majority size: 1, State: 0, Mode: LEADER, active raft config: opid_index: -1 OBSOLETE_local: true peers { permanent_uuid: "1ef76c1b102746218f66b3fde5ddbc37" member_type: VOTER last_known_addr { host: "127.1.23.193" port: 39929 } }
I0609 06:56:48.391312 1445 catalog_manager.cc:3989] T e3536a1a17a04767ada7f39efb2c2f3a P 1ef76c1b102746218f66b3fde5ddbc37 reported cstate change: term changed from 0 to 1, leader changed from to 1ef76c1b102746218f66b3fde5ddbc37 (127.1.23.193). New cstate: current_term: 1 leader_uuid: "1ef76c1b102746218f66b3fde5ddbc37" committed_config { opid_index: -1 OBSOLETE_local: true peers { permanent_uuid: "1ef76c1b102746218f66b3fde5ddbc37" member_type: VOTER last_known_addr { host: "127.1.23.193" port: 39929 } health_report { overall_health: HEALTHY } } }
I0609 06:56:48.410967 1445 catalog_manager.cc:1410] Servicing CreateTable request from {username='slave'} at 127.0.0.1:36310: name: "TestNonFaultTolerantScannerExpired" schema { columns { name: "key" type: INT32 is_key: true is_nullable: false encoding: AUTO_ENCODING compression: DEFAULT_COMPRESSION cfile_block_size: 0 } columns { name: "int_val" type: INT32 is_key: false is_nullable: false encoding: AUTO_ENCODING compression: DEFAULT_COMPRESSION cfile_block_size: 0 } columns { name: "string_val" type: STRING is_key: false is_nullable: true encoding: AUTO_ENCODING compression: DEFAULT_COMPRESSION cfile_block_size: 0 } columns { name: "non_null_with_default" type: INT32 is_key: false is_nullable: false read_default_value: "90\000\000" encoding: AUTO_ENCODING compression: DEFAULT_COMPRESSION cfile_block_size: 0 } } num_replicas: 1 split_rows_range_bounds { } partition_schema { range_schema { columns { name: "key" } } }
I0609 06:56:48.422700 1520 tablet_service.cc:1016] Processing CreateTablet for tablet c6181f8c492242c49c55a418cdca32da (table=TestNonFaultTolerantScannerExpired [id=7bbe86093172406a9e47f6b33bdbfa13]), partition=RANGE (key) PARTITION UNBOUNDED
I0609 06:56:48.423274 1520 data_dirs.cc:938] Could only allocate 1 dirs of requested 3 for tablet c6181f8c492242c49c55a418cdca32da. 1 dirs total, 0 dirs full, 0 dirs failed
I0609 06:56:48.430996 1565 tablet_bootstrap.cc:439] T c6181f8c492242c49c55a418cdca32da P 1ef76c1b102746218f66b3fde5ddbc37: Bootstrap starting.
I0609 06:56:48.433679 1565 tablet_bootstrap.cc:590] T c6181f8c492242c49c55a418cdca32da P 1ef76c1b102746218f66b3fde5ddbc37: No blocks or log segments found. Creating new log.
I0609 06:56:48.436522 1565 tablet_bootstrap.cc:439] T c6181f8c492242c49c55a418cdca32da P 1ef76c1b102746218f66b3fde5ddbc37: No bootstrap required, opened a new log
I0609 06:56:48.436805 1565 ts_tablet_manager.cc:1054] T c6181f8c492242c49c55a418cdca32da P 1ef76c1b102746218f66b3fde5ddbc37: Time spent bootstrapping tablet: real 0.006s user 0.005s sys 0.000s
I0609 06:56:48.438175 1565 raft_consensus.cc:340] T c6181f8c492242c49c55a418cdca32da P 1ef76c1b102746218f66b3fde5ddbc37 [term 0 FOLLOWER]: Replica starting. Triggering 0 pending transactions. Active config: opid_index: -1 OBSOLETE_local: true peers { permanent_uuid: "1ef76c1b102746218f66b3fde5ddbc37" member_type: VOTER last_known_addr { host: "127.1.23.193" port: 39929 } }
I0609 06:56:48.438545 1565 raft_consensus.cc:366] T c6181f8c492242c49c55a418cdca32da P 1ef76c1b102746218f66b3fde5ddbc37 [term 0 FOLLOWER]: Consensus starting up: Expiring failure detector timer to make a prompt election more likely
I0609 06:56:48.438748 1565 raft_consensus.cc:705] T c6181f8c492242c49c55a418cdca32da P 1ef76c1b102746218f66b3fde5ddbc37 [term 0 FOLLOWER]: Becoming Follower/Learner. State: Replica: 1ef76c1b102746218f66b3fde5ddbc37, State: Initialized, Role: FOLLOWER
I0609 06:56:48.439254 1565 consensus_queue.cc:229] T c6181f8c492242c49c55a418cdca32da P 1ef76c1b102746218f66b3fde5ddbc37 [NON_LEADER]: Queue going to NON_LEADER mode. State: All replicated index: 0, Majority replicated index: 0, Committed index: 0, Last appended: 0.0, Last appended by leader: 0, Current term: 0, Majority size: -1, State: 0, Mode: NON_LEADER, active raft config: opid_index: -1 OBSOLETE_local: true peers { permanent_uuid: "1ef76c1b102746218f66b3fde5ddbc37" member_type: VOTER last_known_addr { host: "127.1.23.193" port: 39929 } }
I0609 06:56:48.439738 1565 raft_consensus.cc:380] T c6181f8c492242c49c55a418cdca32da P 1ef76c1b102746218f66b3fde5ddbc37 [term 0 FOLLOWER]: Only one voter in the Raft config. Triggering election immediately
I0609 06:56:48.439924 1565 raft_consensus.cc:472] T c6181f8c492242c49c55a418cdca32da P 1ef76c1b102746218f66b3fde5ddbc37 [term 0 FOLLOWER]: Starting leader election (initial election of a single-replica configuration)
I0609 06:56:48.440155 1565 raft_consensus.cc:2890] T c6181f8c492242c49c55a418cdca32da P 1ef76c1b102746218f66b3fde5ddbc37 [term 0 FOLLOWER]: Advancing to term 1
I0609 06:56:48.443336 1565 raft_consensus.cc:494] T c6181f8c492242c49c55a418cdca32da P 1ef76c1b102746218f66b3fde5ddbc37 [term 1 FOLLOWER]: Starting leader election with config: opid_index: -1 OBSOLETE_local: true peers { permanent_uuid: "1ef76c1b102746218f66b3fde5ddbc37" member_type: VOTER last_known_addr { host: "127.1.23.193" port: 39929 } }
I0609 06:56:48.443939 1565 leader_election.cc:310] T c6181f8c492242c49c55a418cdca32da P 1ef76c1b102746218f66b3fde5ddbc37 [CANDIDATE]: Term 1 election: Election decided. Result: candidate won. Election summary: received 1 responses out of 1 voters: 1 yes votes; 0 no votes. yes voters: 1ef76c1b102746218f66b3fde5ddbc37; no voters:
I0609 06:56:48.444442 1565 leader_election.cc:296] T c6181f8c492242c49c55a418cdca32da P 1ef76c1b102746218f66b3fde5ddbc37 [CANDIDATE]: Term 1 election: Requested vote from peers
I0609 06:56:48.444576 1567 raft_consensus.cc:2644] T c6181f8c492242c49c55a418cdca32da P 1ef76c1b102746218f66b3fde5ddbc37 [term 1 FOLLOWER]: Leader election won for term 1
I0609 06:56:48.444974 1567 raft_consensus.cc:667] T c6181f8c492242c49c55a418cdca32da P 1ef76c1b102746218f66b3fde5ddbc37 [term 1 LEADER]: Becoming Leader. State: Replica: 1ef76c1b102746218f66b3fde5ddbc37, State: Running, Role: LEADER
I0609 06:56:48.445529 1565 ts_tablet_manager.cc:1082] T c6181f8c492242c49c55a418cdca32da P 1ef76c1b102746218f66b3fde5ddbc37: Time spent starting tablet: real 0.009s user 0.009s sys 0.000s
I0609 06:56:48.445619 1567 consensus_queue.cc:206] T c6181f8c492242c49c55a418cdca32da P 1ef76c1b102746218f66b3fde5ddbc37 [LEADER]: Queue going to LEADER mode. State: All replicated index: 0, Majority replicated index: 0, Committed index: 0, Last appended: 0.0, Last appended by leader: 0, Current term: 1, Majority size: 1, State: 0, Mode: LEADER, active raft config: opid_index: -1 OBSOLETE_local: true peers { permanent_uuid: "1ef76c1b102746218f66b3fde5ddbc37" member_type: VOTER last_known_addr { host: "127.1.23.193" port: 39929 } }
I0609 06:56:48.449496 1446 catalog_manager.cc:3989] T c6181f8c492242c49c55a418cdca32da P 1ef76c1b102746218f66b3fde5ddbc37 reported cstate change: term changed from 0 to 1, leader changed from to 1ef76c1b102746218f66b3fde5ddbc37 (127.1.23.193). New cstate: current_term: 1 leader_uuid: "1ef76c1b102746218f66b3fde5ddbc37" committed_config { opid_index: -1 OBSOLETE_local: true peers { permanent_uuid: "1ef76c1b102746218f66b3fde5ddbc37" member_type: VOTER last_known_addr { host: "127.1.23.193" port: 39929 } health_report { overall_health: HEALTHY } } }
I0609 06:56:48.804638 1119 client-test.cc:652] Restarting TS at 127.1.23.193:39929
I0609 06:56:48.805017 1119 tablet_server.cc:155] TabletServer shutting down...
I0609 06:56:48.831907 1119 ts_tablet_manager.cc:1128] Shutting down tablet manager...
I0609 06:56:48.833500 1119 tablet_replica.cc:265] T c6181f8c492242c49c55a418cdca32da P 1ef76c1b102746218f66b3fde5ddbc37: stopping tablet replica
I0609 06:56:48.833863 1119 raft_consensus.cc:2147] T c6181f8c492242c49c55a418cdca32da P 1ef76c1b102746218f66b3fde5ddbc37 [term 1 LEADER]: Raft consensus shutting down.
I0609 06:56:48.834110 1119 raft_consensus.cc:2174] T c6181f8c492242c49c55a418cdca32da P 1ef76c1b102746218f66b3fde5ddbc37 [term 1 FOLLOWER]: Raft consensus is shut down!
I0609 06:56:48.836693 1119 tablet_replica.cc:265] T e3536a1a17a04767ada7f39efb2c2f3a P 1ef76c1b102746218f66b3fde5ddbc37: stopping tablet replica
I0609 06:56:48.836987 1119 raft_consensus.cc:2147] T e3536a1a17a04767ada7f39efb2c2f3a P 1ef76c1b102746218f66b3fde5ddbc37 [term 1 LEADER]: Raft consensus shutting down.
I0609 06:56:48.837226 1119 raft_consensus.cc:2174] T e3536a1a17a04767ada7f39efb2c2f3a P 1ef76c1b102746218f66b3fde5ddbc37 [term 1 FOLLOWER]: Raft consensus is shut down!
I0609 06:56:48.839992 1119 tablet_replica.cc:265] T bec08078408245a9be6e31bd01edb05c P 1ef76c1b102746218f66b3fde5ddbc37: stopping tablet replica
I0609 06:56:48.840349 1119 raft_consensus.cc:2147] T bec08078408245a9be6e31bd01edb05c P 1ef76c1b102746218f66b3fde5ddbc37 [term 1 LEADER]: Raft consensus shutting down.
I0609 06:56:48.840593 1119 raft_consensus.cc:2174] T bec08078408245a9be6e31bd01edb05c P 1ef76c1b102746218f66b3fde5ddbc37 [term 1 FOLLOWER]: Raft consensus is shut down!
I0609 06:56:48.854550 1119 tablet_server.cc:169] TabletServer shutdown complete.
I0609 06:56:48.854676 1119 tablet_server.cc:155] TabletServer shutting down...
I0609 06:56:48.854960 1119 tablet_server.cc:169] TabletServer shutdown complete.
I0609 06:56:48.875669 1119 system_ntp.cc:193] NTP initialized. Skew: 500ppm Current error: 91016us
I0609 06:56:48.876051 1119 fs_manager.cc:263] Metadata directory not provided
I0609 06:56:48.876180 1119 fs_manager.cc:266] Using existing metadata directory in first data directory
I0609 06:56:48.878844 1119 fs_manager.cc:399] Time spent opening directory manager: real 0.002s user 0.003s sys 0.000s
I0609 06:56:48.880012 1119 file_cache.cc:465] Constructed file cache lbm with capacity 419430
I0609 06:56:48.886605 1119 fs_manager.cc:419] Time spent opening block manager: real 0.001s user 0.001s sys 0.000s
I0609 06:56:48.886745 1119 fs_manager.cc:436] Opened local filesystem: /tmp/dist-test-taskY5QUuL/test-tmp/client-test.3.ClientTest.TestNonFaultTolerantScannerExpired.1560063404629499-1119/minicluster-data/ts-0-root uuid: "1ef76c1b102746218f66b3fde5ddbc37" format_stamp: "Formatted at 2019-06-09 06:56:48 on dist-test-slave-dist-test-slave-9h7f"
I0609 06:56:48.886983 1119 fs_report.cc:352] FS layout report -------------------- wal directory: /tmp/dist-test-taskY5QUuL/test-tmp/client-test.3.ClientTest.TestNonFaultTolerantScannerExpired.1560063404629499-1119/minicluster-data/ts-0-root metadata directory: /tmp/dist-test-taskY5QUuL/test-tmp/client-test.3.ClientTest.TestNonFaultTolerantScannerExpired.1560063404629499-1119/minicluster-data/ts-0-root 1 data directories: /tmp/dist-test-taskY5QUuL/test-tmp/client-test.3.ClientTest.TestNonFaultTolerantScannerExpired.1560063404629499-1119/minicluster-data/ts-0-root/data Total live blocks: 0 Total live bytes: 0 Total live bytes (after alignment): 0 Total number of LBM containers: 0 (0 full) Did not check for missing blocks Did not check for orphaned blocks Total full LBM containers with extra space: 0 (0 repaired) Total full LBM container extra space in bytes: 0 (0 repaired) Total incomplete LBM containers: 0 (0 repaired) Total LBM partial records: 0 (0 repaired)
I0609 06:56:48.914347 1119 ts_tablet_manager.cc:344] Loading tablet metadata (0/3 complete)
I0609 06:56:48.924500 1119 ts_tablet_manager.cc:356] Loaded tablet metadata (3 total tablets, 3 live tablets)
I0609 06:56:48.924659 1119 ts_tablet_manager.cc:362] Registering tablets (0/3 complete)
I0609 06:56:48.929967 1589 tablet_bootstrap.cc:439] T e3536a1a17a04767ada7f39efb2c2f3a P 1ef76c1b102746218f66b3fde5ddbc37: Bootstrap starting.
I0609 06:56:48.935808 1119 ts_tablet_manager.cc:376] Registered 3 tablets
I0609 06:56:48.941601 1589 tablet_bootstrap.cc:439] T e3536a1a17a04767ada7f39efb2c2f3a P 1ef76c1b102746218f66b3fde5ddbc37: Bootstrap replayed 1/1 log segments. Stats: ops{read=1 overwritten=0 applied=1 ignored=0} inserts{seen=0 ignored=0} mutations{seen=0 ignored=0} orphaned_commits=0. Pending: 0 replicates
I0609 06:56:48.942756 1589 tablet_bootstrap.cc:439] T e3536a1a17a04767ada7f39efb2c2f3a P 1ef76c1b102746218f66b3fde5ddbc37: Bootstrap complete.
I0609 06:56:48.943329 1589 ts_tablet_manager.cc:1054] T e3536a1a17a04767ada7f39efb2c2f3a P 1ef76c1b102746218f66b3fde5ddbc37: Time spent bootstrapping tablet: real 0.014s user 0.012s sys 0.000s
I0609 06:56:48.944985 1589 raft_consensus.cc:340] T e3536a1a17a04767ada7f39efb2c2f3a P 1ef76c1b102746218f66b3fde5ddbc37 [term 1 FOLLOWER]: Replica starting. Triggering 0 pending transactions. Active config: opid_index: -1 OBSOLETE_local: true peers { permanent_uuid: "1ef76c1b102746218f66b3fde5ddbc37" member_type: VOTER last_known_addr { host: "127.1.23.193" port: 39929 } }
I0609 06:56:48.945595 1589 raft_consensus.cc:705] T e3536a1a17a04767ada7f39efb2c2f3a P 1ef76c1b102746218f66b3fde5ddbc37 [term 1 FOLLOWER]: Becoming Follower/Learner. State: Replica: 1ef76c1b102746218f66b3fde5ddbc37, State: Initialized, Role: FOLLOWER
I0609 06:56:48.946264 1589 consensus_queue.cc:229] T e3536a1a17a04767ada7f39efb2c2f3a P 1ef76c1b102746218f66b3fde5ddbc37 [NON_LEADER]: Queue going to NON_LEADER mode. State: All replicated index: 0, Majority replicated index: 0, Committed index: 1, Last appended: 1.1, Last appended by leader: 1, Current term: 0, Majority size: -1, State: 0, Mode: NON_LEADER, active raft config: opid_index: -1 OBSOLETE_local: true peers { permanent_uuid: "1ef76c1b102746218f66b3fde5ddbc37" member_type: VOTER last_known_addr { host: "127.1.23.193" port: 39929 } }
I0609 06:56:48.946887 1589 raft_consensus.cc:380] T e3536a1a17a04767ada7f39efb2c2f3a P 1ef76c1b102746218f66b3fde5ddbc37 [term 1 FOLLOWER]: Only one voter in the Raft config. Triggering election immediately
I0609 06:56:48.947144 1589 raft_consensus.cc:472] T e3536a1a17a04767ada7f39efb2c2f3a P 1ef76c1b102746218f66b3fde5ddbc37 [term 1 FOLLOWER]: Starting leader election (initial election of a single-replica configuration)
I0609 06:56:48.947475 1589 raft_consensus.cc:2890] T e3536a1a17a04767ada7f39efb2c2f3a P 1ef76c1b102746218f66b3fde5ddbc37 [term 1 FOLLOWER]: Advancing to term 2
I0609 06:56:48.953316 1589 raft_consensus.cc:494] T e3536a1a17a04767ada7f39efb2c2f3a P 1ef76c1b102746218f66b3fde5ddbc37 [term 2 FOLLOWER]: Starting leader election with config: opid_index: -1 OBSOLETE_local: true peers { permanent_uuid: "1ef76c1b102746218f66b3fde5ddbc37" member_type: VOTER last_known_addr { host: "127.1.23.193" port: 39929 } }
I0609 06:56:48.954378 1589 leader_election.cc:310] T e3536a1a17a04767ada7f39efb2c2f3a P 1ef76c1b102746218f66b3fde5ddbc37 [CANDIDATE]: Term 2 election: Election decided. Result: candidate won. Election summary: received 1 responses out of 1 voters: 1 yes votes; 0 no votes. yes voters: 1ef76c1b102746218f66b3fde5ddbc37; no voters:
I0609 06:56:48.958493 1589 leader_election.cc:296] T e3536a1a17a04767ada7f39efb2c2f3a P 1ef76c1b102746218f66b3fde5ddbc37 [CANDIDATE]: Term 2 election: Requested vote from peers
I0609 06:56:48.958678 1598 raft_consensus.cc:2644] T e3536a1a17a04767ada7f39efb2c2f3a P 1ef76c1b102746218f66b3fde5ddbc37 [term 2 FOLLOWER]: Leader election won for term 2
I0609 06:56:48.961500 1598 raft_consensus.cc:667] T e3536a1a17a04767ada7f39efb2c2f3a P 1ef76c1b102746218f66b3fde5ddbc37 [term 2 LEADER]: Becoming Leader. State: Replica: 1ef76c1b102746218f66b3fde5ddbc37, State: Running, Role: LEADER
I0609 06:56:48.962479 1589 ts_tablet_manager.cc:1082] T e3536a1a17a04767ada7f39efb2c2f3a P 1ef76c1b102746218f66b3fde5ddbc37: Time spent starting tablet: real 0.019s user 0.013s sys 0.005s
I0609 06:56:48.963390 1589 tablet_bootstrap.cc:439] T bec08078408245a9be6e31bd01edb05c P 1ef76c1b102746218f66b3fde5ddbc37: Bootstrap starting.
I0609 06:56:48.962832 1598 consensus_queue.cc:206] T e3536a1a17a04767ada7f39efb2c2f3a P 1ef76c1b102746218f66b3fde5ddbc37 [LEADER]: Queue going to LEADER mode. State: All replicated index: 0, Majority replicated index: 1, Committed index: 1, Last appended: 1.1, Last appended by leader: 1, Current term: 2, Majority size: 1, State: 0, Mode: LEADER, active raft config: opid_index: -1 OBSOLETE_local: true peers { permanent_uuid: "1ef76c1b102746218f66b3fde5ddbc37" member_type: VOTER last_known_addr { host: "127.1.23.193" port: 39929 } }
I0609 06:56:48.976982 1589 tablet_bootstrap.cc:439] T bec08078408245a9be6e31bd01edb05c P 1ef76c1b102746218f66b3fde5ddbc37: Bootstrap replayed 1/1 log segments. Stats: ops{read=1 overwritten=0 applied=1 ignored=0} inserts{seen=0 ignored=0} mutations{seen=0 ignored=0} orphaned_commits=0. Pending: 0 replicates
I0609 06:56:48.978101 1589 tablet_bootstrap.cc:439] T bec08078408245a9be6e31bd01edb05c P 1ef76c1b102746218f66b3fde5ddbc37: Bootstrap complete.
I0609 06:56:48.978674 1589 ts_tablet_manager.cc:1054] T bec08078408245a9be6e31bd01edb05c P 1ef76c1b102746218f66b3fde5ddbc37: Time spent bootstrapping tablet: real 0.015s user 0.007s sys 0.004s
I0609 06:56:48.980515 1589 raft_consensus.cc:340] T bec08078408245a9be6e31bd01edb05c P 1ef76c1b102746218f66b3fde5ddbc37 [term 1 FOLLOWER]: Replica starting. Triggering 0 pending transactions. Active config: opid_index: -1 OBSOLETE_local: true peers { permanent_uuid: "1ef76c1b102746218f66b3fde5ddbc37" member_type: VOTER last_known_addr { host: "127.1.23.193" port: 39929 } }
I0609 06:56:48.981159 1589 raft_consensus.cc:705] T bec08078408245a9be6e31bd01edb05c P 1ef76c1b102746218f66b3fde5ddbc37 [term 1 FOLLOWER]: Becoming Follower/Learner. State: Replica: 1ef76c1b102746218f66b3fde5ddbc37, State: Initialized, Role: FOLLOWER
