I0609 06:56:51.861876 2110 raft_consensus.cc:667] T 9895ab7d7e7e4c7397ac2059799b2d8a P 470ca18b1ee94cb49eee7cc632c7272a [term 1 LEADER]: Becoming Leader. State: Replica: 470ca18b1ee94cb49eee7cc632c7272a, State: Running, Role: LEADER
I0609 06:56:51.862525 2106 ts_tablet_manager.cc:1082] T 9895ab7d7e7e4c7397ac2059799b2d8a P 470ca18b1ee94cb49eee7cc632c7272a: Time spent starting tablet: real 0.010s user 0.006s sys 0.003s
I0609 06:56:51.862354 2110 consensus_queue.cc:206] T 9895ab7d7e7e4c7397ac2059799b2d8a P 470ca18b1ee94cb49eee7cc632c7272a [LEADER]: Queue going to LEADER mode. State: All replicated index: 0, Majority replicated index: 0, Committed index: 0, Last appended: 0.0, Last appended by leader: 0, Current term: 1, Majority size: 1, State: 0, Mode: LEADER, active raft config: opid_index: -1 OBSOLETE_local: true peers { permanent_uuid: "470ca18b1ee94cb49eee7cc632c7272a" member_type: VOTER last_known_addr { host: "127.1.23.193" port: 41067 } }
I0609 06:56:51.866209 1986 catalog_manager.cc:3989] T 9895ab7d7e7e4c7397ac2059799b2d8a P 470ca18b1ee94cb49eee7cc632c7272a reported cstate change: term changed from 0 to 1, leader changed from to 470ca18b1ee94cb49eee7cc632c7272a (127.1.23.193). New cstate: current_term: 1 leader_uuid: "470ca18b1ee94cb49eee7cc632c7272a" committed_config { opid_index: -1 OBSOLETE_local: true peers { permanent_uuid: "470ca18b1ee94cb49eee7cc632c7272a" member_type: VOTER last_known_addr { host: "127.1.23.193" port: 41067 } health_report { overall_health: HEALTHY } } }
I0609 06:56:51.882536 1119 tablet_server.cc:155] TabletServer shutting down...
I0609 06:56:51.901790 1119 ts_tablet_manager.cc:1128] Shutting down tablet manager...
I0609 06:56:51.902201 1119 tablet_replica.cc:265] T 9895ab7d7e7e4c7397ac2059799b2d8a P 470ca18b1ee94cb49eee7cc632c7272a: stopping tablet replica
I0609 06:56:51.902716 1119 raft_consensus.cc:2147] T 9895ab7d7e7e4c7397ac2059799b2d8a P 470ca18b1ee94cb49eee7cc632c7272a [term 1 LEADER]: Raft consensus shutting down.
I0609 06:56:51.903034 1119 raft_consensus.cc:2174] T 9895ab7d7e7e4c7397ac2059799b2d8a P 470ca18b1ee94cb49eee7cc632c7272a [term 1 FOLLOWER]: Raft consensus is shut down!
I0609 06:56:51.905486 1119 tablet_replica.cc:265] T 22d97a7080d94e4dbc4af93e099b7a6a P 470ca18b1ee94cb49eee7cc632c7272a: stopping tablet replica
I0609 06:56:51.905812 1119 raft_consensus.cc:2147] T 22d97a7080d94e4dbc4af93e099b7a6a P 470ca18b1ee94cb49eee7cc632c7272a [term 1 LEADER]: Raft consensus shutting down.
I0609 06:56:51.906049 1119 raft_consensus.cc:2174] T 22d97a7080d94e4dbc4af93e099b7a6a P 470ca18b1ee94cb49eee7cc632c7272a [term 1 FOLLOWER]: Raft consensus is shut down!
I0609 06:56:51.918030 1119 tablet_server.cc:169] TabletServer shutdown complete.
I0609 06:56:51.918164 1119 tablet_server.cc:155] TabletServer shutting down...
I0609 06:56:51.918407 1119 tablet_server.cc:169] TabletServer shutdown complete.
W0609 06:56:51.928263 2099 meta_cache.cc:237] Tablet 9895ab7d7e7e4c7397ac2059799b2d8a: Replica 470ca18b1ee94cb49eee7cc632c7272a (127.1.23.193:41067) has failed: Network error: Client connection negotiation failed: client connection to 127.1.23.193:41067: connect: Connection refused (error 111)
W0609 06:56:52.940018 2099 batcher.cc:367] Timed out: Failed to write batch of 1 ops to tablet 9895ab7d7e7e4c7397ac2059799b2d8a after 40 attempt(s): Failed to write to server: (no server available): Write(tablet: 9895ab7d7e7e4c7397ac2059799b2d8a, num_ops: 1, num_attempts: 40) passed its deadline: Network error: Client connection negotiation failed: client connection to 127.1.23.193:41067: connect: Connection refused (error 111)
I0609 06:56:52.941558 1119 master.cc:247] Master@127.1.23.254:46433 shutting down...
I0609 06:56:52.958446 1119 raft_consensus.cc:2147] T 00000000000000000000000000000000 P 38a585c4199f4a8982834c0d9801452a [term 1 LEADER]: Raft consensus shutting down.
I0609 06:56:52.958724 1119 raft_consensus.cc:2174] T 00000000000000000000000000000000 P 38a585c4199f4a8982834c0d9801452a [term 1 FOLLOWER]: Raft consensus is shut down!
I0609 06:56:52.958909 1119 tablet_replica.cc:265] T 00000000000000000000000000000000 P 38a585c4199f4a8982834c0d9801452a: stopping tablet replica
I0609 06:56:52.975193 1119 master.cc:258] Master@127.1.23.254:46433 shutdown complete. [ OK ] ClientTest.TestWriteWithDeadTabletServer (1501 ms) [ RUN ] ClientTest.TestSessionMutationBufferMaxNum
I0609 06:56:52.988070 1119 internal_mini_cluster.cc:146] Creating distributed mini masters. Addrs: 127.1.23.254:37263
I0609 06:56:53.000104 1119 system_ntp.cc:193] NTP initialized. Skew: 500ppm Current error: 93016us
I0609 06:56:53.000358 1119 fs_manager.cc:263] Metadata directory not provided
I0609 06:56:53.000478 1119 fs_manager.cc:269] Using write-ahead log directory (fs_wal_dir) as metadata directory
I0609 06:56:53.000661 1119 server_base.cc:440] Could not load existing FS layout: Not found: could not find a healthy instance file
I0609 06:56:53.000768 1119 server_base.cc:441] Attempting to create new FS layout instead
I0609 06:56:53.001637 1119 fs_manager.cc:602] Generated new instance metadata in path /tmp/dist-test-taskY5QUuL/test-tmp/client-test.3.ClientTest.TestSessionMutationBufferMaxNum.1560063404629499-1119/minicluster-data/master-0-root/instance: uuid: "9122c1a08d374411aa21d7987b6ab42b" format_stamp: "Formatted at 2019-06-09 06:56:52 on dist-test-slave-dist-test-slave-9h7f"
I0609 06:56:53.010865 1119 fs_manager.cc:503] Time spent creating directory manager: real 0.009s user 0.008s sys 0.001s
I0609 06:56:53.012234 1119 file_cache.cc:465] Constructed file cache lbm with capacity 419430
I0609 06:56:53.019090 1119 fs_manager.cc:419] Time spent opening block manager: real 0.001s user 0.001s sys 0.000s
I0609 06:56:53.019224 1119 fs_manager.cc:436] Opened local filesystem: /tmp/dist-test-taskY5QUuL/test-tmp/client-test.3.ClientTest.TestSessionMutationBufferMaxNum.1560063404629499-1119/minicluster-data/master-0-root uuid: "9122c1a08d374411aa21d7987b6ab42b" format_stamp: "Formatted at 2019-06-09 06:56:52 on dist-test-slave-dist-test-slave-9h7f"
I0609 06:56:53.019419 1119 fs_report.cc:352] FS layout report -------------------- wal directory: /tmp/dist-test-taskY5QUuL/test-tmp/client-test.3.ClientTest.TestSessionMutationBufferMaxNum.1560063404629499-1119/minicluster-data/master-0-root metadata directory: /tmp/dist-test-taskY5QUuL/test-tmp/client-test.3.ClientTest.TestSessionMutationBufferMaxNum.1560063404629499-1119/minicluster-data/master-0-root 1 data directories: /tmp/dist-test-taskY5QUuL/test-tmp/client-test.3.ClientTest.TestSessionMutationBufferMaxNum.1560063404629499-1119/minicluster-data/master-0-root/data Total live blocks: 0 Total live bytes: 0 Total live bytes (after alignment): 0 Total number of LBM containers: 0 (0 full) Did not check for missing blocks Did not check for orphaned blocks Total full LBM containers with extra space: 0 (0 repaired) Total full LBM container extra space in bytes: 0 (0 repaired) Total incomplete LBM containers: 0 (0 repaired) Total LBM partial records: 0 (0 repaired)
I0609 06:56:53.103996 1119 rpc_server.cc:205] RPC server started. Bound to: 127.1.23.254:37263
I0609 06:56:53.105661 1119 webserver.cc:374] Webserver started at http://127.1.23.254:34591/ using document root and password file
I0609 06:56:53.107272 2170 data_dirs.cc:938] Could only allocate 1 dirs of requested 3 for tablet 00000000000000000000000000000000. 1 dirs total, 0 dirs full, 0 dirs failed
I0609 06:56:53.114392 2170 tablet_bootstrap.cc:439] T 00000000000000000000000000000000 P 9122c1a08d374411aa21d7987b6ab42b: Bootstrap starting.
I0609 06:56:53.116472 2170 tablet_bootstrap.cc:590] T 00000000000000000000000000000000 P 9122c1a08d374411aa21d7987b6ab42b: No blocks or log segments found. Creating new log.
I0609 06:56:53.119324 2170 tablet_bootstrap.cc:439] T 00000000000000000000000000000000 P 9122c1a08d374411aa21d7987b6ab42b: No bootstrap required, opened a new log
I0609 06:56:53.120534 2170 raft_consensus.cc:340] T 00000000000000000000000000000000 P 9122c1a08d374411aa21d7987b6ab42b [term 0 FOLLOWER]: Replica starting. Triggering 0 pending transactions. Active config: opid_index: -1 OBSOLETE_local: true peers { permanent_uuid: "9122c1a08d374411aa21d7987b6ab42b" member_type: VOTER }
I0609 06:56:53.120883 2170 raft_consensus.cc:366] T 00000000000000000000000000000000 P 9122c1a08d374411aa21d7987b6ab42b [term 0 FOLLOWER]: Consensus starting up: Expiring failure detector timer to make a prompt election more likely
I0609 06:56:53.121057 2170 raft_consensus.cc:705] T 00000000000000000000000000000000 P 9122c1a08d374411aa21d7987b6ab42b [term 0 FOLLOWER]: Becoming Follower/Learner. State: Replica: 9122c1a08d374411aa21d7987b6ab42b, State: Initialized, Role: FOLLOWER
I0609 06:56:53.121484 2170 consensus_queue.cc:229] T 00000000000000000000000000000000 P 9122c1a08d374411aa21d7987b6ab42b [NON_LEADER]: Queue going to NON_LEADER mode. State: All replicated index: 0, Majority replicated index: 0, Committed index: 0, Last appended: 0.0, Last appended by leader: 0, Current term: 0, Majority size: -1, State: 0, Mode: NON_LEADER, active raft config: opid_index: -1 OBSOLETE_local: true peers { permanent_uuid: "9122c1a08d374411aa21d7987b6ab42b" member_type: VOTER }
I0609 06:56:53.121856 2170 raft_consensus.cc:380] T 00000000000000000000000000000000 P 9122c1a08d374411aa21d7987b6ab42b [term 0 FOLLOWER]: Only one voter in the Raft config. Triggering election immediately
I0609 06:56:53.122045 2170 raft_consensus.cc:472] T 00000000000000000000000000000000 P 9122c1a08d374411aa21d7987b6ab42b [term 0 FOLLOWER]: Starting leader election (initial election of a single-replica configuration)
I0609 06:56:53.122272 2170 raft_consensus.cc:2890] T 00000000000000000000000000000000 P 9122c1a08d374411aa21d7987b6ab42b [term 0 FOLLOWER]: Advancing to term 1
I0609 06:56:53.125351 2170 raft_consensus.cc:494] T 00000000000000000000000000000000 P 9122c1a08d374411aa21d7987b6ab42b [term 1 FOLLOWER]: Starting leader election with config: opid_index: -1 OBSOLETE_local: true peers { permanent_uuid: "9122c1a08d374411aa21d7987b6ab42b" member_type: VOTER }
I0609 06:56:53.125778 2170 leader_election.cc:310] T 00000000000000000000000000000000 P 9122c1a08d374411aa21d7987b6ab42b [CANDIDATE]: Term 1 election: Election decided. Result: candidate won. Election summary: received 1 responses out of 1 voters: 1 yes votes; 0 no votes. yes voters: 9122c1a08d374411aa21d7987b6ab42b; no voters:
I0609 06:56:53.126890 2172 raft_consensus.cc:2644] T 00000000000000000000000000000000 P 9122c1a08d374411aa21d7987b6ab42b [term 1 FOLLOWER]: Leader election won for term 1
I0609 06:56:53.127522 2170 leader_election.cc:296] T 00000000000000000000000000000000 P 9122c1a08d374411aa21d7987b6ab42b [CANDIDATE]: Term 1 election: Requested vote from peers
I0609 06:56:53.129016 2172 raft_consensus.cc:667] T 00000000000000000000000000000000 P 9122c1a08d374411aa21d7987b6ab42b [term 1 LEADER]: Becoming Leader. State: Replica: 9122c1a08d374411aa21d7987b6ab42b, State: Running, Role: LEADER
I0609 06:56:53.129433 2172 consensus_queue.cc:206] T 00000000000000000000000000000000 P 9122c1a08d374411aa21d7987b6ab42b [LEADER]: Queue going to LEADER mode. State: All replicated index: 0, Majority replicated index: 0, Committed index: 0, Last appended: 0.0, Last appended by leader: 0, Current term: 1, Majority size: 1, State: 0, Mode: LEADER, active raft config: opid_index: -1 OBSOLETE_local: true peers { permanent_uuid: "9122c1a08d374411aa21d7987b6ab42b" member_type: VOTER }
I0609 06:56:53.132128 2174 sys_catalog.cc:338] T 00000000000000000000000000000000 P 9122c1a08d374411aa21d7987b6ab42b [sys.catalog]: SysCatalogTable state changed. Reason: New leader 9122c1a08d374411aa21d7987b6ab42b. Latest consensus state: current_term: 1 leader_uuid: "9122c1a08d374411aa21d7987b6ab42b" committed_config { opid_index: -1 OBSOLETE_local: true peers { permanent_uuid: "9122c1a08d374411aa21d7987b6ab42b" member_type: VOTER } }
I0609 06:56:53.132448 2174 sys_catalog.cc:341] T 00000000000000000000000000000000 P 9122c1a08d374411aa21d7987b6ab42b [sys.catalog]: This master's current role is: LEADER
I0609 06:56:53.134302 2173 sys_catalog.cc:338] T 00000000000000000000000000000000 P 9122c1a08d374411aa21d7987b6ab42b [sys.catalog]: SysCatalogTable state changed. Reason: RaftConsensus started. Latest consensus state: current_term: 1 leader_uuid: "9122c1a08d374411aa21d7987b6ab42b" committed_config { opid_index: -1 OBSOLETE_local: true peers { permanent_uuid: "9122c1a08d374411aa21d7987b6ab42b" member_type: VOTER } }
I0609 06:56:53.134388 2170 sys_catalog.cc:338] T 00000000000000000000000000000000 P 9122c1a08d374411aa21d7987b6ab42b [sys.catalog]: SysCatalogTable state changed. Reason: Started TabletReplica. Latest consensus state: current_term: 1 leader_uuid: "9122c1a08d374411aa21d7987b6ab42b" committed_config { opid_index: -1 OBSOLETE_local: true peers { permanent_uuid: "9122c1a08d374411aa21d7987b6ab42b" member_type: VOTER } }
I0609 06:56:53.134871 2173 sys_catalog.cc:341] T 00000000000000000000000000000000 P 9122c1a08d374411aa21d7987b6ab42b [sys.catalog]: This master's current role is: LEADER
I0609 06:56:53.134901 2170 sys_catalog.cc:341] T 00000000000000000000000000000000 P 9122c1a08d374411aa21d7987b6ab42b [sys.catalog]: This master's current role is: LEADER
I0609 06:56:53.135974 2170 sys_catalog.cc:426] T 00000000000000000000000000000000 P 9122c1a08d374411aa21d7987b6ab42b [sys.catalog]: configured and running, proceeding with master startup.
I0609 06:56:53.136152 2178 catalog_manager.cc:1056] Loading table and tablet metadata into memory...
I0609 06:56:53.137127 1119 internal_mini_cluster.cc:166] Waiting to initialize catalog manager on master 0
I0609 06:56:53.138765 2178 catalog_manager.cc:1067] Initializing Kudu internal certificate authority...
I0609 06:56:53.175945 2178 catalog_manager.cc:951] Generated new certificate authority record
I0609 06:56:53.177417 2178 catalog_manager.cc:1076] Loading token signing keys...
I0609 06:56:53.192168 2178 catalog_manager.cc:4293] T 00000000000000000000000000000000 P 9122c1a08d374411aa21d7987b6ab42b: Generated new TSK 0
I0609 06:56:53.215777 1119 system_ntp.cc:193] NTP initialized. Skew: 500ppm Current error: 93516us
I0609 06:56:53.216050 1119 fs_manager.cc:263] Metadata directory not provided
I0609 06:56:53.216172 1119 fs_manager.cc:269] Using write-ahead log directory (fs_wal_dir) as metadata directory
I0609 06:56:53.216347 1119 server_base.cc:440] Could not load existing FS layout: Not found: could not find a healthy instance file
I0609 06:56:53.216452 1119 server_base.cc:441] Attempting to create new FS layout instead
I0609 06:56:53.217268 1119 fs_manager.cc:602] Generated new instance metadata in path /tmp/dist-test-taskY5QUuL/test-tmp/client-test.3.ClientTest.TestSessionMutationBufferMaxNum.1560063404629499-1119/minicluster-data/ts-0-root/instance: uuid: "3b226cba4d584a63b5fc00f97c212dbe" format_stamp: "Formatted at 2019-06-09 06:56:53 on dist-test-slave-dist-test-slave-9h7f"
I0609 06:56:53.226217 1119 fs_manager.cc:503] Time spent creating directory manager: real 0.009s user 0.006s sys 0.002s
I0609 06:56:53.227458 1119 file_cache.cc:465] Constructed file cache lbm with capacity 419430
I0609 06:56:53.234400 1119 fs_manager.cc:419] Time spent opening block manager: real 0.001s user 0.001s sys 0.000s
I0609 06:56:53.234532 1119 fs_manager.cc:436] Opened local filesystem: /tmp/dist-test-taskY5QUuL/test-tmp/client-test.3.ClientTest.TestSessionMutationBufferMaxNum.1560063404629499-1119/minicluster-data/ts-0-root uuid: "3b226cba4d584a63b5fc00f97c212dbe" format_stamp: "Formatted at 2019-06-09 06:56:53 on dist-test-slave-dist-test-slave-9h7f"
I0609 06:56:53.234719 1119 fs_report.cc:352] FS layout report -------------------- wal directory: /tmp/dist-test-taskY5QUuL/test-tmp/client-test.3.ClientTest.TestSessionMutationBufferMaxNum.1560063404629499-1119/minicluster-data/ts-0-root metadata directory: /tmp/dist-test-taskY5QUuL/test-tmp/client-test.3.ClientTest.TestSessionMutationBufferMaxNum.1560063404629499-1119/minicluster-data/ts-0-root 1 data directories: /tmp/dist-test-taskY5QUuL/test-tmp/client-test.3.ClientTest.TestSessionMutationBufferMaxNum.1560063404629499-1119/minicluster-data/ts-0-root/data Total live blocks: 0 Total live bytes: 0 Total live bytes (after alignment): 0 Total number of LBM containers: 0 (0 full) Did not check for missing blocks Did not check for orphaned blocks Total full LBM containers with extra space: 0 (0 repaired) Total full LBM container extra space in bytes: 0 (0 repaired) Total incomplete LBM containers: 0 (0 repaired) Total LBM partial records: 0 (0 repaired)
I0609 06:56:53.279948 1119 ts_tablet_manager.cc:356] Loaded tablet metadata (0 total tablets, 0 live tablets)
I0609 06:56:53.280161 1119 ts_tablet_manager.cc:376] Registered 0 tablets
I0609 06:56:53.315114 1119 rpc_server.cc:205] RPC server started. Bound to: 127.1.23.193:40877
I0609 06:56:53.316695 1119 webserver.cc:374] Webserver started at http://127.1.23.193:34861/ using document root and password file
I0609 06:56:53.329213 2245 heartbeater.cc:324] Connected to a master server at 127.1.23.254:37263
I0609 06:56:53.329519 2245 heartbeater.cc:405] Registering TS with master...
I0609 06:56:53.329892 2245 heartbeater.cc:454] Master 127.1.23.254:37263 requested a full tablet report, sending...
I0609 06:56:53.331238 2137 ts_manager.cc:161] Registered new tserver with Master: 3b226cba4d584a63b5fc00f97c212dbe (127.1.23.193:40877)
I0609 06:56:53.332054 1119 internal_mini_cluster.cc:328] 1 TS(s) registered with all masters after 0.01392008s
I0609 06:56:53.333570 2137 master_service.cc:274] Signed X509 certificate for tserver {username='slave'} at 127.0.0.1:38340
I0609 06:56:53.346671 2245 heartbeater.cc:446] Master 127.1.23.254:37263 was elected leader, sending a full tablet report...
I0609 06:56:53.349614 2137 catalog_manager.cc:1410] Servicing CreateTable request from {username='slave'} at 127.0.0.1:38342: name: "client-testtb" schema { columns { name: "key" type: INT32 is_key: true is_nullable: false encoding: AUTO_ENCODING compression: DEFAULT_COMPRESSION cfile_block_size: 0 } columns { name: "int_val" type: INT32 is_key: false is_nullable: false encoding: AUTO_ENCODING compression: DEFAULT_COMPRESSION cfile_block_size: 0 } columns { name: "string_val" type: STRING is_key: false is_nullable: true encoding: AUTO_ENCODING compression: DEFAULT_COMPRESSION cfile_block_size: 0 } columns { name: "non_null_with_default" type: INT32 is_key: false is_nullable: false read_default_value: "90\000\000" encoding: AUTO_ENCODING compression: DEFAULT_COMPRESSION cfile_block_size: 0 } } num_replicas: 1 split_rows_range_bounds { rows: "\004\001\000\t\000\000\000" } partition_schema { range_schema { columns { name: "key" } } }
I0609 06:56:53.378010 2212 tablet_service.cc:1016] Processing CreateTablet for tablet db4b686526ba4bbea1d81be0c1380c51 (table=client-testtb [id=ecbfd7fb2a4e4cfb8cd0622ee911b207]), partition=RANGE (key) PARTITION VALUES < 9
I0609 06:56:53.378332 2211 tablet_service.cc:1016] Processing CreateTablet for tablet 599f6a3f2f704687ae78444e7d7c10e4 (table=client-testtb [id=ecbfd7fb2a4e4cfb8cd0622ee911b207]), partition=RANGE (key) PARTITION VALUES >= 9
I0609 06:56:53.378942 2212 data_dirs.cc:938] Could only allocate 1 dirs of requested 3 for tablet db4b686526ba4bbea1d81be0c1380c51. 1 dirs total, 0 dirs full, 0 dirs failed
I0609 06:56:53.379443 2211 data_dirs.cc:938] Could only allocate 1 dirs of requested 3 for tablet 599f6a3f2f704687ae78444e7d7c10e4. 1 dirs total, 0 dirs full, 0 dirs failed
I0609 06:56:53.392004 2257 tablet_bootstrap.cc:439] T 599f6a3f2f704687ae78444e7d7c10e4 P 3b226cba4d584a63b5fc00f97c212dbe: Bootstrap starting.
I0609 06:56:53.394526 2257 tablet_bootstrap.cc:590] T 599f6a3f2f704687ae78444e7d7c10e4 P 3b226cba4d584a63b5fc00f97c212dbe: No blocks or log segments found. Creating new log.
I0609 06:56:53.397249 2257 tablet_bootstrap.cc:439] T 599f6a3f2f704687ae78444e7d7c10e4 P 3b226cba4d584a63b5fc00f97c212dbe: No bootstrap required, opened a new log
I0609 06:56:53.397665 2257 ts_tablet_manager.cc:1054] T 599f6a3f2f704687ae78444e7d7c10e4 P 3b226cba4d584a63b5fc00f97c212dbe: Time spent bootstrapping tablet: real 0.006s user 0.005s sys 0.000s
I0609 06:56:53.398859 2257 raft_consensus.cc:340] T 599f6a3f2f704687ae78444e7d7c10e4 P 3b226cba4d584a63b5fc00f97c212dbe [term 0 FOLLOWER]: Replica starting. Triggering 0 pending transactions. Active config: opid_index: -1 OBSOLETE_local: true peers { permanent_uuid: "3b226cba4d584a63b5fc00f97c212dbe" member_type: VOTER last_known_addr { host: "127.1.23.193" port: 40877 } }
I0609 06:56:53.399232 2257 raft_consensus.cc:366] T 599f6a3f2f704687ae78444e7d7c10e4 P 3b226cba4d584a63b5fc00f97c212dbe [term 0 FOLLOWER]: Consensus starting up: Expiring failure detector timer to make a prompt election more likely
I0609 06:56:53.399415 2257 raft_consensus.cc:705] T 599f6a3f2f704687ae78444e7d7c10e4 P 3b226cba4d584a63b5fc00f97c212dbe [term 0 FOLLOWER]: Becoming Follower/Learner. State: Replica: 3b226cba4d584a63b5fc00f97c212dbe, State: Initialized, Role: FOLLOWER
I0609 06:56:53.399854 2257 consensus_queue.cc:229] T 599f6a3f2f704687ae78444e7d7c10e4 P 3b226cba4d584a63b5fc00f97c212dbe [NON_LEADER]: Queue going to NON_LEADER mode. State: All replicated index: 0, Majority replicated index: 0, Committed index: 0, Last appended: 0.0, Last appended by leader: 0, Current term: 0, Majority size: -1, State: 0, Mode: NON_LEADER, active raft config: opid_index: -1 OBSOLETE_local: true peers { permanent_uuid: "3b226cba4d584a63b5fc00f97c212dbe" member_type: VOTER last_known_addr { host: "127.1.23.193" port: 40877 } }
I0609 06:56:53.400290 2257 raft_consensus.cc:380] T 599f6a3f2f704687ae78444e7d7c10e4 P 3b226cba4d584a63b5fc00f97c212dbe [term 0 FOLLOWER]: Only one voter in the Raft config. Triggering election immediately
I0609 06:56:53.400480 2257 raft_consensus.cc:472] T 599f6a3f2f704687ae78444e7d7c10e4 P 3b226cba4d584a63b5fc00f97c212dbe [term 0 FOLLOWER]: Starting leader election (initial election of a single-replica configuration)
I0609 06:56:53.400710 2257 raft_consensus.cc:2890] T 599f6a3f2f704687ae78444e7d7c10e4 P 3b226cba4d584a63b5fc00f97c212dbe [term 0 FOLLOWER]: Advancing to term 1
I0609 06:56:53.403947 2257 raft_consensus.cc:494] T 599f6a3f2f704687ae78444e7d7c10e4 P 3b226cba4d584a63b5fc00f97c212dbe [term 1 FOLLOWER]: Starting leader election with config: opid_index: -1 OBSOLETE_local: true peers { permanent_uuid: "3b226cba4d584a63b5fc00f97c212dbe" member_type: VOTER last_known_addr { host: "127.1.23.193" port: 40877 } }
I0609 06:56:53.404373 2257 leader_election.cc:310] T 599f6a3f2f704687ae78444e7d7c10e4 P 3b226cba4d584a63b5fc00f97c212dbe [CANDIDATE]: Term 1 election: Election decided. Result: candidate won. Election summary: received 1 responses out of 1 voters: 1 yes votes; 0 no votes. yes voters: 3b226cba4d584a63b5fc00f97c212dbe; no voters:
I0609 06:56:53.405369 2257 leader_election.cc:296] T 599f6a3f2f704687ae78444e7d7c10e4 P 3b226cba4d584a63b5fc00f97c212dbe [CANDIDATE]: Term 1 election: Requested vote from peers
I0609 06:56:53.405532 2259 raft_consensus.cc:2644] T 599f6a3f2f704687ae78444e7d7c10e4 P 3b226cba4d584a63b5fc00f97c212dbe [term 1 FOLLOWER]: Leader election won for term 1
I0609 06:56:53.407169 2257 ts_tablet_manager.cc:1082] T 599f6a3f2f704687ae78444e7d7c10e4 P 3b226cba4d584a63b5fc00f97c212dbe: Time spent starting tablet: real 0.009s user 0.010s sys 0.000s
I0609 06:56:53.407060 2259 raft_consensus.cc:667] T 599f6a3f2f704687ae78444e7d7c10e4 P 3b226cba4d584a63b5fc00f97c212dbe [term 1 LEADER]: Becoming Leader. State: Replica: 3b226cba4d584a63b5fc00f97c212dbe, State: Running, Role: LEADER
I0609 06:56:53.407737 2257 tablet_bootstrap.cc:439] T db4b686526ba4bbea1d81be0c1380c51 P 3b226cba4d584a63b5fc00f97c212dbe: Bootstrap starting.
I0609 06:56:53.407657 2259 consensus_queue.cc:206] T 599f6a3f2f704687ae78444e7d7c10e4 P 3b226cba4d584a63b5fc00f97c212dbe [LEADER]: Queue going to LEADER mode. State: All replicated index: 0, Majority replicated index: 0, Committed index: 0, Last appended: 0.0, Last appended by leader: 0, Current term: 1, Majority size: 1, State: 0, Mode: LEADER, active raft config: opid_index: -1 OBSOLETE_local: true peers { permanent_uuid: "3b226cba4d584a63b5fc00f97c212dbe" member_type: VOTER last_known_addr { host: "127.1.23.193" port: 40877 } }
I0609 06:56:53.410418 2257 tablet_bootstrap.cc:590] T db4b686526ba4bbea1d81be0c1380c51 P 3b226cba4d584a63b5fc00f97c212dbe: No blocks or log segments found. Creating new log.
I0609 06:56:53.412521 2136 catalog_manager.cc:3989] T 599f6a3f2f704687ae78444e7d7c10e4 P 3b226cba4d584a63b5fc00f97c212dbe reported cstate change: term changed from 0 to 1, leader changed from to 3b226cba4d584a63b5fc00f97c212dbe (127.1.23.193). New cstate: current_term: 1 leader_uuid: "3b226cba4d584a63b5fc00f97c212dbe" committed_config { opid_index: -1 OBSOLETE_local: true peers { permanent_uuid: "3b226cba4d584a63b5fc00f97c212dbe" member_type: VOTER last_known_addr { host: "127.1.23.193" port: 40877 } health_report { overall_health: HEALTHY } } }
I0609 06:56:53.414151 2257 tablet_bootstrap.cc:439] T db4b686526ba4bbea1d81be0c1380c51 P 3b226cba4d584a63b5fc00f97c212dbe: No bootstrap required, opened a new log
I0609 06:56:53.414561 2257 ts_tablet_manager.cc:1054] T db4b686526ba4bbea1d81be0c1380c51 P 3b226cba4d584a63b5fc00f97c212dbe: Time spent bootstrapping tablet: real 0.007s user 0.005s sys 0.000s
I0609 06:56:53.415627 2257 raft_consensus.cc:340] T db4b686526ba4bbea1d81be0c1380c51 P 3b226cba4d584a63b5fc00f97c212dbe [term 0 FOLLOWER]: Replica starting. Triggering 0 pending transactions. Active config: opid_index: -1 OBSOLETE_local: true peers { permanent_uuid: "3b226cba4d584a63b5fc00f97c212dbe" member_type: VOTER last_known_addr { host: "127.1.23.193" port: 40877 } }
I0609 06:56:53.415978 2257 raft_consensus.cc:366] T db4b686526ba4bbea1d81be0c1380c51 P 3b226cba4d584a63b5fc00f97c212dbe [term 0 FOLLOWER]: Consensus starting up: Expiring failure detector timer to make a prompt election more likely
I0609 06:56:53.416167 2257 raft_consensus.cc:705] T db4b686526ba4bbea1d81be0c1380c51 P 3b226cba4d584a63b5fc00f97c212dbe [term 0 FOLLOWER]: Becoming Follower/Learner. State: Replica: 3b226cba4d584a63b5fc00f97c212dbe, State: Initialized, Role: FOLLOWER
I0609 06:56:53.416739 2257 consensus_queue.cc:229] T db4b686526ba4bbea1d81be0c1380c51 P 3b226cba4d584a63b5fc00f97c212dbe [NON_LEADER]: Queue going to NON_LEADER mode. State: All replicated index: 0, Majority replicated index: 0, Committed index: 0, Last appended: 0.0, Last appended by leader: 0, Current term: 0, Majority size: -1, State: 0, Mode: NON_LEADER, active raft config: opid_index: -1 OBSOLETE_local: true peers { permanent_uuid: "3b226cba4d584a63b5fc00f97c212dbe" member_type: VOTER last_known_addr { host: "127.1.23.193" port: 40877 } }
I0609 06:56:53.417372 2257 raft_consensus.cc:380] T db4b686526ba4bbea1d81be0c1380c51 P 3b226cba4d584a63b5fc00f97c212dbe [term 0 FOLLOWER]: Only one voter in the Raft config. Triggering election immediately
I0609 06:56:53.417624 2257 raft_consensus.cc:472] T db4b686526ba4bbea1d81be0c1380c51 P 3b226cba4d584a63b5fc00f97c212dbe [term 0 FOLLOWER]: Starting leader election (initial election of a single-replica configuration)
I0609 06:56:53.417949 2257 raft_consensus.cc:2890] T db4b686526ba4bbea1d81be0c1380c51 P 3b226cba4d584a63b5fc00f97c212dbe [term 0 FOLLOWER]: Advancing to term 1
I0609 06:56:53.422811 2257 raft_consensus.cc:494] T db4b686526ba4bbea1d81be0c1380c51 P 3b226cba4d584a63b5fc00f97c212dbe [term 1 FOLLOWER]: Starting leader election with config: opid_index: -1 OBSOLETE_local: true peers { permanent_uuid: "3b226cba4d584a63b5fc00f97c212dbe" member_type: VOTER last_known_addr { host: "127.1.23.193" port: 40877 } }
I0609 06:56:53.423235 2257 leader_election.cc:310] T db4b686526ba4bbea1d81be0c1380c51 P 3b226cba4d584a63b5fc00f97c212dbe [CANDIDATE]: Term 1 election: Election decided. Result: candidate won. Election summary: received 1 responses out of 1 voters: 1 yes votes; 0 no votes. yes voters: 3b226cba4d584a63b5fc00f97c212dbe; no voters:
I0609 06:56:53.423718 2257 leader_election.cc:296] T db4b686526ba4bbea1d81be0c1380c51 P 3b226cba4d584a63b5fc00f97c212dbe [CANDIDATE]: Term 1 election: Requested vote from peers
I0609 06:56:53.423883 2261 raft_consensus.cc:2644] T db4b686526ba4bbea1d81be0c1380c51 P 3b226cba4d584a63b5fc00f97c212dbe [term 1 FOLLOWER]: Leader election won for term 1
I0609 06:56:53.424391 2261 raft_consensus.cc:667] T db4b686526ba4bbea1d81be0c1380c51 P 3b226cba4d584a63b5fc00f97c212dbe [term 1 LEADER]: Becoming Leader. State: Replica: 3b226cba4d584a63b5fc00f97c212dbe, State: Running, Role: LEADER
I0609 06:56:53.424791 2257 ts_tablet_manager.cc:1082] T db4b686526ba4bbea1d81be0c1380c51 P 3b226cba4d584a63b5fc00f97c212dbe: Time spent starting tablet: real 0.010s user 0.010s sys 0.000s
I0609 06:56:53.424906 2261 consensus_queue.cc:206] T db4b686526ba4bbea1d81be0c1380c51 P 3b226cba4d584a63b5fc00f97c212dbe [LEADER]: Queue going to LEADER mode. State: All replicated index: 0, Majority replicated index: 0, Committed index: 0, Last appended: 0.0, Last appended by leader: 0, Current term: 1, Majority size: 1, State: 0, Mode: LEADER, active raft config: opid_index: -1 OBSOLETE_local: true peers { permanent_uuid: "3b226cba4d584a63b5fc00f97c212dbe" member_type: VOTER last_known_addr { host: "127.1.23.193" port: 40877 } }
I0609 06:56:53.428547 2137 catalog_manager.cc:3989] T db4b686526ba4bbea1d81be0c1380c51 P 3b226cba4d584a63b5fc00f97c212dbe reported cstate change: term changed from 0 to 1, leader changed from to 3b226cba4d584a63b5fc00f97c212dbe (127.1.23.193). New cstate: current_term: 1 leader_uuid: "3b226cba4d584a63b5fc00f97c212dbe" committed_config { opid_index: -1 OBSOLETE_local: true peers { permanent_uuid: "3b226cba4d584a63b5fc00f97c212dbe" member_type: VOTER last_known_addr { host: "127.1.23.193" port: 40877 } health_report { overall_health: HEALTHY } } }
I0609 06:56:54.691735 1119 tablet_server.cc:155] TabletServer shutting down...
I0609 06:56:54.712836 1119 ts_tablet_manager.cc:1128] Shutting down tablet manager...
I0609 06:56:54.713068 1119 tablet_replica.cc:265] T db4b686526ba4bbea1d81be0c1380c51 P 3b226cba4d584a63b5fc00f97c212dbe: stopping tablet replica
I0609 06:56:54.713524 1119 raft_consensus.cc:2147] T db4b686526ba4bbea1d81be0c1380c51 P 3b226cba4d584a63b5fc00f97c212dbe [term 1 LEADER]: Raft consensus shutting down.
I0609 06:56:54.713776 1119 raft_consensus.cc:2174] T db4b686526ba4bbea1d81be0c1380c51 P 3b226cba4d584a63b5fc00f97c212dbe [term 1 FOLLOWER]: Raft consensus is shut down!
I0609 06:56:54.715572 1119 tablet_replica.cc:265] T 599f6a3f2f704687ae78444e7d7c10e4 P 3b226cba4d584a63b5fc00f97c212dbe: stopping tablet replica
I0609 06:56:54.715939 1119 raft_consensus.cc:2147] T 599f6a3f2f704687ae78444e7d7c10e4 P 3b226cba4d584a63b5fc00f97c212dbe [term 1 LEADER]: Raft consensus shutting down.
I0609 06:56:54.716163 1119 raft_consensus.cc:2174] T 599f6a3f2f704687ae78444e7d7c10e4 P 3b226cba4d584a63b5fc00f97c212dbe [term 1 FOLLOWER]: Raft consensus is shut down!
I0609 06:56:54.744629 1119 tablet_server.cc:169] TabletServer shutdown complete.
I0609 06:56:54.744868 1119 tablet_server.cc:155] TabletServer shutting down...
I0609 06:56:54.745291 1119 tablet_server.cc:169] TabletServer shutdown complete.
I0609 06:56:54.756929 1119 master.cc:247] Master@127.1.23.254:37263 shutting down...
I0609 06:56:54.777746 1119 raft_consensus.cc:2147] T 00000000000000000000000000000000 P 9122c1a08d374411aa21d7987b6ab42b [term 1 LEADER]: Raft consensus shutting down.
I0609 06:56:54.778216 1119 raft_consensus.cc:2174] T 00000000000000000000000000000000 P 9122c1a08d374411aa21d7987b6ab42b [term 1 FOLLOWER]: Raft consensus is shut down!
I0609 06:56:54.778475 1119 tablet_replica.cc:265] T 00000000000000000000000000000000 P 9122c1a08d374411aa21d7987b6ab42b: stopping tablet replica
I0609 06:56:54.795578 1119 master.cc:258] Master@127.1.23.254:37263 shutdown complete. [ OK ] ClientTest.TestSessionMutationBufferMaxNum (1826 ms) [ RUN ] ClientTest.TestAutoFlushBackgroundPreFlush
I0609 06:56:54.814160 1119 internal_mini_cluster.cc:146] Creating distributed mini masters. Addrs: 127.1.23.254:42483
I0609 06:56:54.825542 1119 system_ntp.cc:193] NTP initialized. Skew: 500ppm Current error: 94016us
I0609 06:56:54.825847 1119 fs_manager.cc:263] Metadata directory not provided
I0609 06:56:54.825974 1119 fs_manager.cc:269] Using write-ahead log directory (fs_wal_dir) as metadata directory
I0609 06:56:54.826151 1119 server_base.cc:440] Could not load existing FS layout: Not found: could not find a healthy instance file
I0609 06:56:54.826270 1119 server_base.cc:441] Attempting to create new FS layout instead
I0609 06:56:54.827168 1119 fs_manager.cc:602] Generated new instance metadata in path /tmp/dist-test-taskY5QUuL/test-tmp/client-test.3.ClientTest.TestAutoFlushBackgroundPreFlush.1560063404629499-1119/minicluster-data/master-0-root/instance: uuid: "38d853691b6846ccbd2fc27b95f691c9" format_stamp: "Formatted at 2019-06-09 06:56:54 on dist-test-slave-dist-test-slave-9h7f"
I0609 06:56:54.835366 1119 fs_manager.cc:503] Time spent creating directory manager: real 0.008s user 0.009s sys 0.000s
I0609 06:56:54.836542 1119 file_cache.cc:465] Constructed file cache lbm with capacity 419430
I0609 06:56:54.842785 1119 fs_manager.cc:419] Time spent opening block manager: real 0.001s user 0.001s sys 0.000s
I0609 06:56:54.842938 1119 fs_manager.cc:436] Opened local filesystem: /tmp/dist-test-taskY5QUuL/test-tmp/client-test.3.ClientTest.TestAutoFlushBackgroundPreFlush.1560063404629499-1119/minicluster-data/master-0-root uuid: "38d853691b6846ccbd2fc27b95f691c9" format_stamp: "Formatted at 2019-06-09 06:56:54 on dist-test-slave-dist-test-slave-9h7f"
I0609 06:56:54.843120 1119 fs_report.cc:352] FS layout report -------------------- wal directory: /tmp/dist-test-taskY5QUuL/test-tmp/client-test.3.ClientTest.TestAutoFlushBackgroundPreFlush.1560063404629499-1119/minicluster-data/master-0-root metadata directory: /tmp/dist-test-taskY5QUuL/test-tmp/client-test.3.ClientTest.TestAutoFlushBackgroundPreFlush.1560063404629499-1119/minicluster-data/master-0-root 1 data directories: /tmp/dist-test-taskY5QUuL/test-tmp/client-test.3.ClientTest.TestAutoFlushBackgroundPreFlush.1560063404629499-1119/minicluster-data/master-0-root/data Total live blocks: 0 Total live bytes: 0 Total live bytes (after alignment): 0 Total number of LBM containers: 0 (0 full) Did not check for missing blocks Did not check for orphaned blocks Total full LBM containers with extra space: 0 (0 repaired) Total full LBM container extra space in bytes: 0 (0 repaired) Total incomplete LBM containers: 0 (0 repaired) Total LBM partial records: 0 (0 repaired)
I0609 06:56:54.902441 1119 rpc_server.cc:205] RPC server started. Bound to: 127.1.23.254:42483
I0609 06:56:54.904448 1119 webserver.cc:374] Webserver started at http://127.1.23.254:42303/ using document root and password file
I0609 06:56:54.906330 2334 data_dirs.cc:938] Could only allocate 1 dirs of requested 3 for tablet 00000000000000000000000000000000. 1 dirs total, 0 dirs full, 0 dirs failed
I0609 06:56:54.915817 2334 tablet_bootstrap.cc:439] T 00000000000000000000000000000000 P 38d853691b6846ccbd2fc27b95f691c9: Bootstrap starting.
I0609 06:56:54.918292 2334 tablet_bootstrap.cc:590] T 00000000000000000000000000000000 P 38d853691b6846ccbd2fc27b95f691c9: No blocks or log segments found. Creating new log.
I0609 06:56:54.921080 2334 tablet_bootstrap.cc:439] T 00000000000000000000000000000000 P 38d853691b6846ccbd2fc27b95f691c9: No bootstrap required, opened a new log
I0609 06:56:54.922582 2334 raft_consensus.cc:340] T 00000000000000000000000000000000 P 38d853691b6846ccbd2fc27b95f691c9 [term 0 FOLLOWER]: Replica starting. Triggering 0 pending transactions. Active config: opid_index: -1 OBSOLETE_local: true peers { permanent_uuid: "38d853691b6846ccbd2fc27b95f691c9" member_type: VOTER }
I0609 06:56:54.922989 2334 raft_consensus.cc:366] T 00000000000000000000000000000000 P 38d853691b6846ccbd2fc27b95f691c9 [term 0 FOLLOWER]: Consensus starting up: Expiring failure detector timer to make a prompt election more likely
I0609 06:56:54.923189 2334 raft_consensus.cc:705] T 00000000000000000000000000000000 P 38d853691b6846ccbd2fc27b95f691c9 [term 0 FOLLOWER]: Becoming Follower/Learner. State: Replica: 38d853691b6846ccbd2fc27b95f691c9, State: Initialized, Role: FOLLOWER
I0609 06:56:54.923718 2334 consensus_queue.cc:229] T 00000000000000000000000000000000 P 38d853691b6846ccbd2fc27b95f691c9 [NON_LEADER]: Queue going to NON_LEADER mode. State: All replicated index: 0, Majority replicated index: 0, Committed index: 0, Last appended: 0.0, Last appended by leader: 0, Current term: 0, Majority size: -1, State: 0, Mode: NON_LEADER, active raft config: opid_index: -1 OBSOLETE_local: true peers { permanent_uuid: "38d853691b6846ccbd2fc27b95f691c9" member_type: VOTER }
I0609 06:56:54.924113 2334 raft_consensus.cc:380] T 00000000000000000000000000000000 P 38d853691b6846ccbd2fc27b95f691c9 [term 0 FOLLOWER]: Only one voter in the Raft config. Triggering election immediately
I0609 06:56:54.924317 2334 raft_consensus.cc:472] T 00000000000000000000000000000000 P 38d853691b6846ccbd2fc27b95f691c9 [term 0 FOLLOWER]: Starting leader election (initial election of a single-replica configuration)
I0609 06:56:54.924540 2334 raft_consensus.cc:2890] T 00000000000000000000000000000000 P 38d853691b6846ccbd2fc27b95f691c9 [term 0 FOLLOWER]: Advancing to term 1
I0609 06:56:54.927861 2334 raft_consensus.cc:494] T 00000000000000000000000000000000 P 38d853691b6846ccbd2fc27b95f691c9 [term 1 FOLLOWER]: Starting leader election with config: opid_index: -1 OBSOLETE_local: true peers { permanent_uuid: "38d853691b6846ccbd2fc27b95f691c9" member_type: VOTER }
I0609 06:56:54.928267 2334 leader_election.cc:310] T 00000000000000000000000000000000 P 38d853691b6846ccbd2fc27b95f691c9 [CANDIDATE]: Term 1 election: Election decided. Result: candidate won. Election summary: received 1 responses out of 1 voters: 1 yes votes; 0 no votes. yes voters: 38d853691b6846ccbd2fc27b95f691c9; no voters:
I0609 06:56:54.929318 2334 leader_election.cc:296] T 00000000000000000000000000000000 P 38d853691b6846ccbd2fc27b95f691c9 [CANDIDATE]: Term 1 election: Requested vote from peers
I0609 06:56:54.929615 2336 raft_consensus.cc:2644] T 00000000000000000000000000000000 P 38d853691b6846ccbd2fc27b95f691c9 [term 1 FOLLOWER]: Leader election won for term 1
I0609 06:56:54.930770 2336 raft_consensus.cc:667] T 00000000000000000000000000000000 P 38d853691b6846ccbd2fc27b95f691c9 [term 1 LEADER]: Becoming Leader. State: Replica: 38d853691b6846ccbd2fc27b95f691c9, State: Running, Role: LEADER
I0609 06:56:54.931124 2336 consensus_queue.cc:206] T 00000000000000000000000000000000 P 38d853691b6846ccbd2fc27b95f691c9 [LEADER]: Queue going to LEADER mode. State: All replicated index: 0, Majority replicated index: 0, Committed index: 0, Last appended: 0.0, Last appended by leader: 0, Current term: 1, Majority size: 1, State: 0, Mode: LEADER, active raft config: opid_index: -1 OBSOLETE_local: true peers { permanent_uuid: "38d853691b6846ccbd2fc27b95f691c9" member_type: VOTER }
I0609 06:56:54.933790 2334 sys_catalog.cc:338] T 00000000000000000000000000000000 P 38d853691b6846ccbd2fc27b95f691c9 [sys.catalog]: SysCatalogTable state changed. Reason: Started TabletReplica. Latest consensus state: current_term: 1 leader_uuid: "38d853691b6846ccbd2fc27b95f691c9" committed_config { opid_index: -1 OBSOLETE_local: true peers { permanent_uuid: "38d853691b6846ccbd2fc27b95f691c9" member_type: VOTER } }
I0609 06:56:54.934350 2334 sys_catalog.cc:341] T 00000000000000000000000000000000 P 38d853691b6846ccbd2fc27b95f691c9 [sys.catalog]: This master's current role is: LEADER
I0609 06:56:54.934423 2338 sys_catalog.cc:338] T 00000000000000000000000000000000 P 38d853691b6846ccbd2fc27b95f691c9 [sys.catalog]: SysCatalogTable state changed. Reason: New leader 38d853691b6846ccbd2fc27b95f691c9. Latest consensus state: current_term: 1 leader_uuid: "38d853691b6846ccbd2fc27b95f691c9" committed_config { opid_index: -1 OBSOLETE_local: true peers { permanent_uuid: "38d853691b6846ccbd2fc27b95f691c9" member_type: VOTER } }
I0609 06:56:54.934491 2337 sys_catalog.cc:338] T 00000000000000000000000000000000 P 38d853691b6846ccbd2fc27b95f691c9 [sys.catalog]: SysCatalogTable state changed. Reason: RaftConsensus started. Latest consensus state: current_term: 1 leader_uuid: "38d853691b6846ccbd2fc27b95f691c9" committed_config { opid_index: -1 OBSOLETE_local: true peers { permanent_uuid: "38d853691b6846ccbd2fc27b95f691c9" member_type: VOTER } }
I0609 06:56:54.935005 2338 sys_catalog.cc:341] T 00000000000000000000000000000000 P 38d853691b6846ccbd2fc27b95f691c9 [sys.catalog]: This master's current role is: LEADER
I0609 06:56:54.935230 2337 sys_catalog.cc:341] T 00000000000000000000000000000000 P 38d853691b6846ccbd2fc27b95f691c9 [sys.catalog]: This master's current role is: LEADER
I0609 06:56:54.940189 2334 sys_catalog.cc:426] T 00000000000000000000000000000000 P 38d853691b6846ccbd2fc27b95f691c9 [sys.catalog]: configured and running, proceeding with master startup.
I0609 06:56:54.940953 2341 catalog_manager.cc:1056] Loading table and tablet metadata into memory...
I0609 06:56:54.941241 1119 internal_mini_cluster.cc:166] Waiting to initialize catalog manager on master 0
I0609 06:56:54.943763 2341 catalog_manager.cc:1067] Initializing Kudu internal certificate authority...
I0609 06:56:54.983448 2341 catalog_manager.cc:951] Generated new certificate authority record
I0609 06:56:54.984863 2341 catalog_manager.cc:1076] Loading token signing keys...
I0609 06:56:54.994626 2341 catalog_manager.cc:4293] T 00000000000000000000000000000000 P 38d853691b6846ccbd2fc27b95f691c9: Generated new TSK 0
I0609 06:56:55.020323 1119 system_ntp.cc:193] NTP initialized. Skew: 500ppm Current error: 94516us
I0609 06:56:55.020609 1119 fs_manager.cc:263] Metadata directory not provided
I0609 06:56:55.020737 1119 fs_manager.cc:269] Using write-ahead log directory (fs_wal_dir) as metadata directory
I0609 06:56:55.020908 1119 server_base.cc:440] Could not load existing FS layout: Not found: could not find a healthy instance file
I0609 06:56:55.021013 1119 server_base.cc:441] Attempting to create new FS layout instead
I0609 06:56:55.021920 1119 fs_manager.cc:602] Generated new instance metadata in path /tmp/dist-test-taskY5QUuL/test-tmp/client-test.3.ClientTest.TestAutoFlushBackgroundPreFlush.1560063404629499-1119/minicluster-data/ts-0-root/instance: uuid: "bd2c52ff9e9442ff954c8cfa1321e7a6" format_stamp: "Formatted at 2019-06-09 06:56:55 on dist-test-slave-dist-test-slave-9h7f"
I0609 06:56:55.030946 1119 fs_manager.cc:503] Time spent creating directory manager: real 0.009s user 0.009s sys 0.000s
I0609 06:56:55.032205 1119 file_cache.cc:465] Constructed file cache lbm with capacity 419430
I0609 06:56:55.039130 1119 fs_manager.cc:419] Time spent opening block manager: real 0.001s user 0.001s sys 0.000s
I0609 06:56:55.039273 1119 fs_manager.cc:436] Opened local filesystem: /tmp/dist-test-taskY5QUuL/test-tmp/client-test.3.ClientTest.TestAutoFlushBackgroundPreFlush.1560063404629499-1119/minicluster-data/ts-0-root uuid: "bd2c52ff9e9442ff954c8cfa1321e7a6" format_stamp: "Formatted at 2019-06-09 06:56:55 on dist-test-slave-dist-test-slave-9h7f"
I0609 06:56:55.039510 1119 fs_report.cc:352] FS layout report -------------------- wal directory: /tmp/dist-test-taskY5QUuL/test-tmp/client-test.3.ClientTest.TestAutoFlushBackgroundPreFlush.1560063404629499-1119/minicluster-data/ts-0-root metadata directory: /tmp/dist-test-taskY5QUuL/test-tmp/client-test.3.ClientTest.TestAutoFlushBackgroundPreFlush.1560063404629499-1119/minicluster-data/ts-0-root 1 data directories: /tmp/dist-test-taskY5QUuL/test-tmp/client-test.3.ClientTest.TestAutoFlushBackgroundPreFlush.1560063404629499-1119/minicluster-data/ts-0-root/data Total live blocks: 0 Total live bytes: 0 Total live bytes (after alignment): 0 Total number of LBM containers: 0 (0 full) Did not check for missing blocks Did not check for orphaned blocks Total full LBM containers with extra space: 0 (0 repaired) Total full LBM container extra space in bytes: 0 (0 repaired) Total incomplete LBM containers: 0 (0 repaired) Total LBM partial records: 0 (0 repaired)
I0609 06:56:55.135537 1119 ts_tablet_manager.cc:356] Loaded tablet metadata (0 total tablets, 0 live tablets)
I0609 06:56:55.135679 1119 ts_tablet_manager.cc:376] Registered 0 tablets
I0609 06:56:55.179004 1119 rpc_server.cc:205] RPC server started. Bound to: 127.1.23.193:46795
I0609 06:56:55.180620 1119 webserver.cc:374] Webserver started at http://127.1.23.193:37303/ using document root and password file
I0609 06:56:55.197283 2408 heartbeater.cc:324] Connected to a master server at 127.1.23.254:42483
I0609 06:56:55.197546 2408 heartbeater.cc:405] Registering TS with master...
I0609 06:56:55.197916 2408 heartbeater.cc:454] Master 127.1.23.254:42483 requested a full tablet report, sending...
I0609 06:56:55.199301 2301 ts_manager.cc:161] Registered new tserver with Master: bd2c52ff9e9442ff954c8cfa1321e7a6 (127.1.23.193:46795)
I0609 06:56:55.199384 1119 internal_mini_cluster.cc:328] 1 TS(s) registered with all masters after 0.017139685s
I0609 06:56:55.201469 2301 master_service.cc:274] Signed X509 certificate for tserver {username='slave'} at 127.0.0.1:50756
I0609 06:56:55.213845 2408 heartbeater.cc:446] Master 127.1.23.254:42483 was elected leader, sending a full tablet report...
I0609 06:56:55.219559 2300 catalog_manager.cc:1410] Servicing CreateTable request from {username='slave'} at 127.0.0.1:50758: name: "client-testtb" schema { columns { name: "key" type: INT32 is_key: true is_nullable: false encoding: AUTO_ENCODING compression: DEFAULT_COMPRESSION cfile_block_size: 0 } columns { name: "int_val" type: INT32 is_key: false is_nullable: false encoding: AUTO_ENCODING compression: DEFAULT_COMPRESSION cfile_block_size: 0 } columns { name: "string_val" type: STRING is_key: false is_nullable: true encoding: AUTO_ENCODING compression: DEFAULT_COMPRESSION cfile_block_size: 0 } columns { name: "non_null_with_default" type: INT32 is_key: false is_nullable: false read_default_value: "90\000\000" encoding: AUTO_ENCODING compression: DEFAULT_COMPRESSION cfile_block_size: 0 } } num_replicas: 1 split_rows_range_bounds { rows: "\004\001\000\t\000\000\000" } partition_schema { range_schema { columns { name: "key" } } }
I0609 06:56:55.249814 2375 tablet_service.cc:1016] Processing CreateTablet for tablet 0ebea029b13a4906899db6e324571ea1 (table=client-testtb [id=9cfba1e02f454d7fb9d483d338ec4398]), partition=RANGE (key) PARTITION VALUES < 9
I0609 06:56:55.250025 2374 tablet_service.cc:1016] Processing CreateTablet for tablet 4d86f614f1264e65b774caf3946587ae (table=client-testtb [id=9cfba1e02f454d7fb9d483d338ec4398]), partition=RANGE (key) PARTITION VALUES >= 9
I0609 06:56:55.250558 2375 data_dirs.cc:938] Could only allocate 1 dirs of requested 3 for tablet 0ebea029b13a4906899db6e324571ea1. 1 dirs total, 0 dirs full, 0 dirs failed
I0609 06:56:55.250977 2374 data_dirs.cc:938] Could only allocate 1 dirs of requested 3 for tablet 4d86f614f1264e65b774caf3946587ae. 1 dirs total, 0 dirs full, 0 dirs failed
I0609 06:56:55.264420 2420 tablet_bootstrap.cc:439] T 4d86f614f1264e65b774caf3946587ae P bd2c52ff9e9442ff954c8cfa1321e7a6: Bootstrap starting.
I0609 06:56:55.267530 2420 tablet_bootstrap.cc:590] T 4d86f614f1264e65b774caf3946587ae P bd2c52ff9e9442ff954c8cfa1321e7a6: No blocks or log segments found. Creating new log.
I0609 06:56:55.270350 2420 tablet_bootstrap.cc:439] T 4d86f614f1264e65b774caf3946587ae P bd2c52ff9e9442ff954c8cfa1321e7a6: No bootstrap required, opened a new log
I0609 06:56:55.270645 2420 ts_tablet_manager.cc:1054] T 4d86f614f1264e65b774caf3946587ae P bd2c52ff9e9442ff954c8cfa1321e7a6: Time spent bootstrapping tablet: real 0.006s user 0.002s sys 0.003s
I0609 06:56:55.272452 2420 raft_consensus.cc:340] T 4d86f614f1264e65b774caf3946587ae P bd2c52ff9e9442ff954c8cfa1321e7a6 [term 0 FOLLOWER]: Replica starting. Triggering 0 pending transactions. Active config: opid_index: -1 OBSOLETE_local: true peers { permanent_uuid: "bd2c52ff9e9442ff954c8cfa1321e7a6" member_type: VOTER last_known_addr { host: "127.1.23.193" port: 46795 } }
I0609 06:56:55.272856 2420 raft_consensus.cc:366] T 4d86f614f1264e65b774caf3946587ae P bd2c52ff9e9442ff954c8cfa1321e7a6 [term 0 FOLLOWER]: Consensus starting up: Expiring failure detector timer to make a prompt election more likely
I0609 06:56:55.273025 2420 raft_consensus.cc:705] T 4d86f614f1264e65b774caf3946587ae P bd2c52ff9e9442ff954c8cfa1321e7a6 [term 0 FOLLOWER]: Becoming Follower/Learner. State: Replica: bd2c52ff9e9442ff954c8cfa1321e7a6, State: Initialized, Role: FOLLOWER
I0609 06:56:55.273488 2420 consensus_queue.cc:229] T 4d86f614f1264e65b774caf3946587ae P bd2c52ff9e9442ff954c8cfa1321e7a6 [NON_LEADER]: Queue going to NON_LEADER mode. State: All replicated index: 0, Majority replicated index: 0, Committed index: 0, Last appended: 0.0, Last appended by leader: 0, Current term: 0, Majority size: -1, State: 0, Mode: NON_LEADER, active raft config: opid_index: -1 OBSOLETE_local: true peers { permanent_uuid: "bd2c52ff9e9442ff954c8cfa1321e7a6" member_type: VOTER last_known_addr { host: "127.1.23.193" port: 46795 } }
I0609 06:56:55.273919 2420 raft_consensus.cc:380] T 4d86f614f1264e65b774caf3946587ae P bd2c52ff9e9442ff954c8cfa1321e7a6 [term 0 FOLLOWER]: Only one voter in the Raft config. Triggering election immediately
I0609 06:56:55.274101 2420 raft_consensus.cc:472] T 4d86f614f1264e65b774caf3946587ae P bd2c52ff9e9442ff954c8cfa1321e7a6 [term 0 FOLLOWER]: Starting leader election (initial election of a single-replica configuration)
I0609 06:56:55.274327 2420 raft_consensus.cc:2890] T 4d86f614f1264e65b774caf3946587ae P bd2c52ff9e9442ff954c8cfa1321e7a6 [term 0 FOLLOWER]: Advancing to term 1
