I0609 06:56:59.158609 3133 data_dirs.cc:938] Could only allocate 1 dirs of requested 3 for tablet 026f9bffd11c4a39a04a0797228c34d2. 1 dirs total, 0 dirs full, 0 dirs failed
I0609 06:56:59.159312 3132 data_dirs.cc:938] Could only allocate 1 dirs of requested 3 for tablet f78343c1a1d04d86a483cb9a3476c5c9. 1 dirs total, 0 dirs full, 0 dirs failed
I0609 06:56:59.168402 3178 tablet_bootstrap.cc:439] T 026f9bffd11c4a39a04a0797228c34d2 P 0c0ecb57c443435d84a1bd6987c3305d: Bootstrap starting.
I0609 06:56:59.170581 3178 tablet_bootstrap.cc:590] T 026f9bffd11c4a39a04a0797228c34d2 P 0c0ecb57c443435d84a1bd6987c3305d: No blocks or log segments found. Creating new log.
I0609 06:56:59.173633 3178 tablet_bootstrap.cc:439] T 026f9bffd11c4a39a04a0797228c34d2 P 0c0ecb57c443435d84a1bd6987c3305d: No bootstrap required, opened a new log
I0609 06:56:59.174013 3178 ts_tablet_manager.cc:1054] T 026f9bffd11c4a39a04a0797228c34d2 P 0c0ecb57c443435d84a1bd6987c3305d: Time spent bootstrapping tablet: real 0.006s user 0.004s sys 0.000s
I0609 06:56:59.175456 3178 raft_consensus.cc:340] T 026f9bffd11c4a39a04a0797228c34d2 P 0c0ecb57c443435d84a1bd6987c3305d [term 0 FOLLOWER]: Replica starting. Triggering 0 pending transactions. Active config: opid_index: -1 OBSOLETE_local: true peers { permanent_uuid: "0c0ecb57c443435d84a1bd6987c3305d" member_type: VOTER last_known_addr { host: "127.1.23.193" port: 46675 } }
I0609 06:56:59.175817 3178 raft_consensus.cc:366] T 026f9bffd11c4a39a04a0797228c34d2 P 0c0ecb57c443435d84a1bd6987c3305d [term 0 FOLLOWER]: Consensus starting up: Expiring failure detector timer to make a prompt election more likely
I0609 06:56:59.175992 3178 raft_consensus.cc:705] T 026f9bffd11c4a39a04a0797228c34d2 P 0c0ecb57c443435d84a1bd6987c3305d [term 0 FOLLOWER]: Becoming Follower/Learner. State: Replica: 0c0ecb57c443435d84a1bd6987c3305d, State: Initialized, Role: FOLLOWER
I0609 06:56:59.176409 3178 consensus_queue.cc:229] T 026f9bffd11c4a39a04a0797228c34d2 P 0c0ecb57c443435d84a1bd6987c3305d [NON_LEADER]: Queue going to NON_LEADER mode. State: All replicated index: 0, Majority replicated index: 0, Committed index: 0, Last appended: 0.0, Last appended by leader: 0, Current term: 0, Majority size: -1, State: 0, Mode: NON_LEADER, active raft config: opid_index: -1 OBSOLETE_local: true peers { permanent_uuid: "0c0ecb57c443435d84a1bd6987c3305d" member_type: VOTER last_known_addr { host: "127.1.23.193" port: 46675 } }
I0609 06:56:59.176801 3178 raft_consensus.cc:380] T 026f9bffd11c4a39a04a0797228c34d2 P 0c0ecb57c443435d84a1bd6987c3305d [term 0 FOLLOWER]: Only one voter in the Raft config. Triggering election immediately
I0609 06:56:59.176990 3178 raft_consensus.cc:472] T 026f9bffd11c4a39a04a0797228c34d2 P 0c0ecb57c443435d84a1bd6987c3305d [term 0 FOLLOWER]: Starting leader election (initial election of a single-replica configuration)
I0609 06:56:59.177215 3178 raft_consensus.cc:2890] T 026f9bffd11c4a39a04a0797228c34d2 P 0c0ecb57c443435d84a1bd6987c3305d [term 0 FOLLOWER]: Advancing to term 1
I0609 06:56:59.181025 3178 raft_consensus.cc:494] T 026f9bffd11c4a39a04a0797228c34d2 P 0c0ecb57c443435d84a1bd6987c3305d [term 1 FOLLOWER]: Starting leader election with config: opid_index: -1 OBSOLETE_local: true peers { permanent_uuid: "0c0ecb57c443435d84a1bd6987c3305d" member_type: VOTER last_known_addr { host: "127.1.23.193" port: 46675 } }
I0609 06:56:59.181507 3178 leader_election.cc:310] T 026f9bffd11c4a39a04a0797228c34d2 P 0c0ecb57c443435d84a1bd6987c3305d [CANDIDATE]: Term 1 election: Election decided. Result: candidate won. Election summary: received 1 responses out of 1 voters: 1 yes votes; 0 no votes. yes voters: 0c0ecb57c443435d84a1bd6987c3305d; no voters:
I0609 06:56:59.182646 3180 raft_consensus.cc:2644] T 026f9bffd11c4a39a04a0797228c34d2 P 0c0ecb57c443435d84a1bd6987c3305d [term 1 FOLLOWER]: Leader election won for term 1
I0609 06:56:59.183324 3178 leader_election.cc:296] T 026f9bffd11c4a39a04a0797228c34d2 P 0c0ecb57c443435d84a1bd6987c3305d [CANDIDATE]: Term 1 election: Requested vote from peers
I0609 06:56:59.184839 3180 raft_consensus.cc:667] T 026f9bffd11c4a39a04a0797228c34d2 P 0c0ecb57c443435d84a1bd6987c3305d [term 1 LEADER]: Becoming Leader. State: Replica: 0c0ecb57c443435d84a1bd6987c3305d, State: Running, Role: LEADER
I0609 06:56:59.185252 3178 ts_tablet_manager.cc:1082] T 026f9bffd11c4a39a04a0797228c34d2 P 0c0ecb57c443435d84a1bd6987c3305d: Time spent starting tablet: real 0.011s user 0.006s sys 0.003s
I0609 06:56:59.185379 3180 consensus_queue.cc:206] T 026f9bffd11c4a39a04a0797228c34d2 P 0c0ecb57c443435d84a1bd6987c3305d [LEADER]: Queue going to LEADER mode. State: All replicated index: 0, Majority replicated index: 0, Committed index: 0, Last appended: 0.0, Last appended by leader: 0, Current term: 1, Majority size: 1, State: 0, Mode: LEADER, active raft config: opid_index: -1 OBSOLETE_local: true peers { permanent_uuid: "0c0ecb57c443435d84a1bd6987c3305d" member_type: VOTER last_known_addr { host: "127.1.23.193" port: 46675 } }
I0609 06:56:59.185932 3178 tablet_bootstrap.cc:439] T f78343c1a1d04d86a483cb9a3476c5c9 P 0c0ecb57c443435d84a1bd6987c3305d: Bootstrap starting.
I0609 06:56:59.189357 3178 tablet_bootstrap.cc:590] T f78343c1a1d04d86a483cb9a3476c5c9 P 0c0ecb57c443435d84a1bd6987c3305d: No blocks or log segments found. Creating new log.
I0609 06:56:59.190333 3058 catalog_manager.cc:3989] T 026f9bffd11c4a39a04a0797228c34d2 P 0c0ecb57c443435d84a1bd6987c3305d reported cstate change: term changed from 0 to 1, leader changed from to 0c0ecb57c443435d84a1bd6987c3305d (127.1.23.193). New cstate: current_term: 1 leader_uuid: "0c0ecb57c443435d84a1bd6987c3305d" committed_config { opid_index: -1 OBSOLETE_local: true peers { permanent_uuid: "0c0ecb57c443435d84a1bd6987c3305d" member_type: VOTER last_known_addr { host: "127.1.23.193" port: 46675 } health_report { overall_health: HEALTHY } } }
I0609 06:56:59.193141 3178 tablet_bootstrap.cc:439] T f78343c1a1d04d86a483cb9a3476c5c9 P 0c0ecb57c443435d84a1bd6987c3305d: No bootstrap required, opened a new log
I0609 06:56:59.193456 3178 ts_tablet_manager.cc:1054] T f78343c1a1d04d86a483cb9a3476c5c9 P 0c0ecb57c443435d84a1bd6987c3305d: Time spent bootstrapping tablet: real 0.008s user 0.003s sys 0.003s
I0609 06:56:59.194665 3178 raft_consensus.cc:340] T f78343c1a1d04d86a483cb9a3476c5c9 P 0c0ecb57c443435d84a1bd6987c3305d [term 0 FOLLOWER]: Replica starting. Triggering 0 pending transactions. Active config: opid_index: -1 OBSOLETE_local: true peers { permanent_uuid: "0c0ecb57c443435d84a1bd6987c3305d" member_type: VOTER last_known_addr { host: "127.1.23.193" port: 46675 } }
I0609 06:56:59.195323 3178 raft_consensus.cc:366] T f78343c1a1d04d86a483cb9a3476c5c9 P 0c0ecb57c443435d84a1bd6987c3305d [term 0 FOLLOWER]: Consensus starting up: Expiring failure detector timer to make a prompt election more likely
I0609 06:56:59.195546 3178 raft_consensus.cc:705] T f78343c1a1d04d86a483cb9a3476c5c9 P 0c0ecb57c443435d84a1bd6987c3305d [term 0 FOLLOWER]: Becoming Follower/Learner. State: Replica: 0c0ecb57c443435d84a1bd6987c3305d, State: Initialized, Role: FOLLOWER
I0609 06:56:59.196032 3178 consensus_queue.cc:229] T f78343c1a1d04d86a483cb9a3476c5c9 P 0c0ecb57c443435d84a1bd6987c3305d [NON_LEADER]: Queue going to NON_LEADER mode. State: All replicated index: 0, Majority replicated index: 0, Committed index: 0, Last appended: 0.0, Last appended by leader: 0, Current term: 0, Majority size: -1, State: 0, Mode: NON_LEADER, active raft config: opid_index: -1 OBSOLETE_local: true peers { permanent_uuid: "0c0ecb57c443435d84a1bd6987c3305d" member_type: VOTER last_known_addr { host: "127.1.23.193" port: 46675 } }
I0609 06:56:59.196606 3178 raft_consensus.cc:380] T f78343c1a1d04d86a483cb9a3476c5c9 P 0c0ecb57c443435d84a1bd6987c3305d [term 0 FOLLOWER]: Only one voter in the Raft config. Triggering election immediately
I0609 06:56:59.196799 3178 raft_consensus.cc:472] T f78343c1a1d04d86a483cb9a3476c5c9 P 0c0ecb57c443435d84a1bd6987c3305d [term 0 FOLLOWER]: Starting leader election (initial election of a single-replica configuration)
I0609 06:56:59.197016 3178 raft_consensus.cc:2890] T f78343c1a1d04d86a483cb9a3476c5c9 P 0c0ecb57c443435d84a1bd6987c3305d [term 0 FOLLOWER]: Advancing to term 1
I0609 06:56:59.202039 3178 raft_consensus.cc:494] T f78343c1a1d04d86a483cb9a3476c5c9 P 0c0ecb57c443435d84a1bd6987c3305d [term 1 FOLLOWER]: Starting leader election with config: opid_index: -1 OBSOLETE_local: true peers { permanent_uuid: "0c0ecb57c443435d84a1bd6987c3305d" member_type: VOTER last_known_addr { host: "127.1.23.193" port: 46675 } }
I0609 06:56:59.202539 3178 leader_election.cc:310] T f78343c1a1d04d86a483cb9a3476c5c9 P 0c0ecb57c443435d84a1bd6987c3305d [CANDIDATE]: Term 1 election: Election decided. Result: candidate won. Election summary: received 1 responses out of 1 voters: 1 yes votes; 0 no votes. yes voters: 0c0ecb57c443435d84a1bd6987c3305d; no voters:
I0609 06:56:59.203164 3178 leader_election.cc:296] T f78343c1a1d04d86a483cb9a3476c5c9 P 0c0ecb57c443435d84a1bd6987c3305d [CANDIDATE]: Term 1 election: Requested vote from peers
I0609 06:56:59.203254 3180 raft_consensus.cc:2644] T f78343c1a1d04d86a483cb9a3476c5c9 P 0c0ecb57c443435d84a1bd6987c3305d [term 1 FOLLOWER]: Leader election won for term 1
I0609 06:56:59.203861 3180 raft_consensus.cc:667] T f78343c1a1d04d86a483cb9a3476c5c9 P 0c0ecb57c443435d84a1bd6987c3305d [term 1 LEADER]: Becoming Leader. State: Replica: 0c0ecb57c443435d84a1bd6987c3305d, State: Running, Role: LEADER
I0609 06:56:59.204125 3178 ts_tablet_manager.cc:1082] T f78343c1a1d04d86a483cb9a3476c5c9 P 0c0ecb57c443435d84a1bd6987c3305d: Time spent starting tablet: real 0.011s user 0.010s sys 0.000s
I0609 06:56:59.204198 3180 consensus_queue.cc:206] T f78343c1a1d04d86a483cb9a3476c5c9 P 0c0ecb57c443435d84a1bd6987c3305d [LEADER]: Queue going to LEADER mode. State: All replicated index: 0, Majority replicated index: 0, Committed index: 0, Last appended: 0.0, Last appended by leader: 0, Current term: 1, Majority size: 1, State: 0, Mode: LEADER, active raft config: opid_index: -1 OBSOLETE_local: true peers { permanent_uuid: "0c0ecb57c443435d84a1bd6987c3305d" member_type: VOTER last_known_addr { host: "127.1.23.193" port: 46675 } }
I0609 06:56:59.207933 3058 catalog_manager.cc:3989] T f78343c1a1d04d86a483cb9a3476c5c9 P 0c0ecb57c443435d84a1bd6987c3305d reported cstate change: term changed from 0 to 1, leader changed from to 0c0ecb57c443435d84a1bd6987c3305d (127.1.23.193). New cstate: current_term: 1 leader_uuid: "0c0ecb57c443435d84a1bd6987c3305d" committed_config { opid_index: -1 OBSOLETE_local: true peers { permanent_uuid: "0c0ecb57c443435d84a1bd6987c3305d" member_type: VOTER last_known_addr { host: "127.1.23.193" port: 46675 } health_report { overall_health: HEALTHY } } }
I0609 06:56:59.245196 1119 tablet_server.cc:155] TabletServer shutting down...
I0609 06:56:59.265450 1119 ts_tablet_manager.cc:1128] Shutting down tablet manager...
I0609 06:56:59.265794 1119 tablet_replica.cc:265] T f78343c1a1d04d86a483cb9a3476c5c9 P 0c0ecb57c443435d84a1bd6987c3305d: stopping tablet replica
I0609 06:56:59.266151 1119 raft_consensus.cc:2147] T f78343c1a1d04d86a483cb9a3476c5c9 P 0c0ecb57c443435d84a1bd6987c3305d [term 1 LEADER]: Raft consensus shutting down.
I0609 06:56:59.266446 1119 raft_consensus.cc:2174] T f78343c1a1d04d86a483cb9a3476c5c9 P 0c0ecb57c443435d84a1bd6987c3305d [term 1 FOLLOWER]: Raft consensus is shut down!
I0609 06:56:59.268584 1119 tablet_replica.cc:265] T 026f9bffd11c4a39a04a0797228c34d2 P 0c0ecb57c443435d84a1bd6987c3305d: stopping tablet replica
I0609 06:56:59.268872 1119 raft_consensus.cc:2147] T 026f9bffd11c4a39a04a0797228c34d2 P 0c0ecb57c443435d84a1bd6987c3305d [term 1 LEADER]: Raft consensus shutting down.
I0609 06:56:59.269105 1119 raft_consensus.cc:2174] T 026f9bffd11c4a39a04a0797228c34d2 P 0c0ecb57c443435d84a1bd6987c3305d [term 1 FOLLOWER]: Raft consensus is shut down!
I0609 06:56:59.288609 1119 tablet_server.cc:169] TabletServer shutdown complete.
I0609 06:56:59.288745 1119 tablet_server.cc:155] TabletServer shutting down...
I0609 06:56:59.289026 1119 tablet_server.cc:169] TabletServer shutdown complete.
I0609 06:56:59.295050 1119 master.cc:247] Master@127.1.23.254:39133 shutting down...
I0609 06:56:59.308264 1119 raft_consensus.cc:2147] T 00000000000000000000000000000000 P 027af72dd998430c8b0e30ffb2e47579 [term 1 LEADER]: Raft consensus shutting down.
I0609 06:56:59.308504 1119 raft_consensus.cc:2174] T 00000000000000000000000000000000 P 027af72dd998430c8b0e30ffb2e47579 [term 1 FOLLOWER]: Raft consensus is shut down!
I0609 06:56:59.308861 1119 tablet_replica.cc:265] T 00000000000000000000000000000000 P 027af72dd998430c8b0e30ffb2e47579: stopping tablet replica
I0609 06:56:59.327888 1119 master.cc:258] Master@127.1.23.254:39133 shutdown complete. [ OK ] ClientTest.TestErrorCollector (523 ms) [ RUN ] ClientTest.TestBlockScannerHijackingAttempts
I0609 06:56:59.341583 1119 internal_mini_cluster.cc:146] Creating distributed mini masters. Addrs: 127.1.23.254:46755
I0609 06:56:59.353687 1119 system_ntp.cc:193] NTP initialized. Skew: 500ppm Current error: 96516us
I0609 06:56:59.353976 1119 fs_manager.cc:263] Metadata directory not provided
I0609 06:56:59.354125 1119 fs_manager.cc:269] Using write-ahead log directory (fs_wal_dir) as metadata directory
I0609 06:56:59.354346 1119 server_base.cc:440] Could not load existing FS layout: Not found: could not find a healthy instance file
I0609 06:56:59.354456 1119 server_base.cc:441] Attempting to create new FS layout instead
I0609 06:56:59.355307 1119 fs_manager.cc:602] Generated new instance metadata in path /tmp/dist-test-taskY5QUuL/test-tmp/client-test.3.ClientTest.TestBlockScannerHijackingAttempts.1560063404629499-1119/minicluster-data/master-0-root/instance: uuid: "79487940486d4430a7133dacf260d00f" format_stamp: "Formatted at 2019-06-09 06:56:59 on dist-test-slave-dist-test-slave-9h7f"
I0609 06:56:59.363189 1119 fs_manager.cc:503] Time spent creating directory manager: real 0.008s user 0.009s sys 0.000s
I0609 06:56:59.364430 1119 file_cache.cc:465] Constructed file cache lbm with capacity 419430
I0609 06:56:59.370892 1119 fs_manager.cc:419] Time spent opening block manager: real 0.001s user 0.001s sys 0.000s
I0609 06:56:59.371023 1119 fs_manager.cc:436] Opened local filesystem: /tmp/dist-test-taskY5QUuL/test-tmp/client-test.3.ClientTest.TestBlockScannerHijackingAttempts.1560063404629499-1119/minicluster-data/master-0-root uuid: "79487940486d4430a7133dacf260d00f" format_stamp: "Formatted at 2019-06-09 06:56:59 on dist-test-slave-dist-test-slave-9h7f"
I0609 06:56:59.371323 1119 fs_report.cc:352] FS layout report -------------------- wal directory: /tmp/dist-test-taskY5QUuL/test-tmp/client-test.3.ClientTest.TestBlockScannerHijackingAttempts.1560063404629499-1119/minicluster-data/master-0-root metadata directory: /tmp/dist-test-taskY5QUuL/test-tmp/client-test.3.ClientTest.TestBlockScannerHijackingAttempts.1560063404629499-1119/minicluster-data/master-0-root 1 data directories: /tmp/dist-test-taskY5QUuL/test-tmp/client-test.3.ClientTest.TestBlockScannerHijackingAttempts.1560063404629499-1119/minicluster-data/master-0-root/data Total live blocks: 0 Total live bytes: 0 Total live bytes (after alignment): 0 Total number of LBM containers: 0 (0 full) Did not check for missing blocks Did not check for orphaned blocks Total full LBM containers with extra space: 0 (0 repaired) Total full LBM container extra space in bytes: 0 (0 repaired) Total incomplete LBM containers: 0 (0 repaired) Total LBM partial records: 0 (0 repaired)
I0609 06:56:59.418606 1119 rpc_server.cc:205] RPC server started. Bound to: 127.1.23.254:46755
I0609 06:56:59.420296 1119 webserver.cc:374] Webserver started at http://127.1.23.254:35561/ using document root and password file
I0609 06:56:59.421831 3243 data_dirs.cc:938] Could only allocate 1 dirs of requested 3 for tablet 00000000000000000000000000000000. 1 dirs total, 0 dirs full, 0 dirs failed
I0609 06:56:59.428827 3243 tablet_bootstrap.cc:439] T 00000000000000000000000000000000 P 79487940486d4430a7133dacf260d00f: Bootstrap starting.
I0609 06:56:59.430924 3243 tablet_bootstrap.cc:590] T 00000000000000000000000000000000 P 79487940486d4430a7133dacf260d00f: No blocks or log segments found. Creating new log.
I0609 06:56:59.433516 3243 tablet_bootstrap.cc:439] T 00000000000000000000000000000000 P 79487940486d4430a7133dacf260d00f: No bootstrap required, opened a new log
I0609 06:56:59.434628 3243 raft_consensus.cc:340] T 00000000000000000000000000000000 P 79487940486d4430a7133dacf260d00f [term 0 FOLLOWER]: Replica starting. Triggering 0 pending transactions. Active config: opid_index: -1 OBSOLETE_local: true peers { permanent_uuid: "79487940486d4430a7133dacf260d00f" member_type: VOTER }
I0609 06:56:59.434921 3243 raft_consensus.cc:366] T 00000000000000000000000000000000 P 79487940486d4430a7133dacf260d00f [term 0 FOLLOWER]: Consensus starting up: Expiring failure detector timer to make a prompt election more likely
I0609 06:56:59.435096 3243 raft_consensus.cc:705] T 00000000000000000000000000000000 P 79487940486d4430a7133dacf260d00f [term 0 FOLLOWER]: Becoming Follower/Learner. State: Replica: 79487940486d4430a7133dacf260d00f, State: Initialized, Role: FOLLOWER
I0609 06:56:59.435509 3243 consensus_queue.cc:229] T 00000000000000000000000000000000 P 79487940486d4430a7133dacf260d00f [NON_LEADER]: Queue going to NON_LEADER mode. State: All replicated index: 0, Majority replicated index: 0, Committed index: 0, Last appended: 0.0, Last appended by leader: 0, Current term: 0, Majority size: -1, State: 0, Mode: NON_LEADER, active raft config: opid_index: -1 OBSOLETE_local: true peers { permanent_uuid: "79487940486d4430a7133dacf260d00f" member_type: VOTER }
I0609 06:56:59.435920 3243 raft_consensus.cc:380] T 00000000000000000000000000000000 P 79487940486d4430a7133dacf260d00f [term 0 FOLLOWER]: Only one voter in the Raft config. Triggering election immediately
I0609 06:56:59.436087 3243 raft_consensus.cc:472] T 00000000000000000000000000000000 P 79487940486d4430a7133dacf260d00f [term 0 FOLLOWER]: Starting leader election (initial election of a single-replica configuration)
I0609 06:56:59.436305 3243 raft_consensus.cc:2890] T 00000000000000000000000000000000 P 79487940486d4430a7133dacf260d00f [term 0 FOLLOWER]: Advancing to term 1
I0609 06:56:59.439355 3243 raft_consensus.cc:494] T 00000000000000000000000000000000 P 79487940486d4430a7133dacf260d00f [term 1 FOLLOWER]: Starting leader election with config: opid_index: -1 OBSOLETE_local: true peers { permanent_uuid: "79487940486d4430a7133dacf260d00f" member_type: VOTER }
I0609 06:56:59.439750 3243 leader_election.cc:310] T 00000000000000000000000000000000 P 79487940486d4430a7133dacf260d00f [CANDIDATE]: Term 1 election: Election decided. Result: candidate won. Election summary: received 1 responses out of 1 voters: 1 yes votes; 0 no votes. yes voters: 79487940486d4430a7133dacf260d00f; no voters:
I0609 06:56:59.440935 3243 leader_election.cc:296] T 00000000000000000000000000000000 P 79487940486d4430a7133dacf260d00f [CANDIDATE]: Term 1 election: Requested vote from peers
I0609 06:56:59.441125 3245 raft_consensus.cc:2644] T 00000000000000000000000000000000 P 79487940486d4430a7133dacf260d00f [term 1 FOLLOWER]: Leader election won for term 1
I0609 06:56:59.442764 3245 raft_consensus.cc:667] T 00000000000000000000000000000000 P 79487940486d4430a7133dacf260d00f [term 1 LEADER]: Becoming Leader. State: Replica: 79487940486d4430a7133dacf260d00f, State: Running, Role: LEADER
I0609 06:56:59.443125 3245 consensus_queue.cc:206] T 00000000000000000000000000000000 P 79487940486d4430a7133dacf260d00f [LEADER]: Queue going to LEADER mode. State: All replicated index: 0, Majority replicated index: 0, Committed index: 0, Last appended: 0.0, Last appended by leader: 0, Current term: 1, Majority size: 1, State: 0, Mode: LEADER, active raft config: opid_index: -1 OBSOLETE_local: true peers { permanent_uuid: "79487940486d4430a7133dacf260d00f" member_type: VOTER }
I0609 06:56:59.445327 3243 sys_catalog.cc:338] T 00000000000000000000000000000000 P 79487940486d4430a7133dacf260d00f [sys.catalog]: SysCatalogTable state changed. Reason: Started TabletReplica. Latest consensus state: current_term: 1 leader_uuid: "79487940486d4430a7133dacf260d00f" committed_config { opid_index: -1 OBSOLETE_local: true peers { permanent_uuid: "79487940486d4430a7133dacf260d00f" member_type: VOTER } }
I0609 06:56:59.445524 3246 sys_catalog.cc:338] T 00000000000000000000000000000000 P 79487940486d4430a7133dacf260d00f [sys.catalog]: SysCatalogTable state changed. Reason: RaftConsensus started. Latest consensus state: current_term: 1 leader_uuid: "79487940486d4430a7133dacf260d00f" committed_config { opid_index: -1 OBSOLETE_local: true peers { permanent_uuid: "79487940486d4430a7133dacf260d00f" member_type: VOTER } }
I0609 06:56:59.445982 3243 sys_catalog.cc:341] T 00000000000000000000000000000000 P 79487940486d4430a7133dacf260d00f [sys.catalog]: This master's current role is: LEADER
I0609 06:56:59.446271 3246 sys_catalog.cc:341] T 00000000000000000000000000000000 P 79487940486d4430a7133dacf260d00f [sys.catalog]: This master's current role is: LEADER
I0609 06:56:59.445521 3247 sys_catalog.cc:338] T 00000000000000000000000000000000 P 79487940486d4430a7133dacf260d00f [sys.catalog]: SysCatalogTable state changed. Reason: New leader 79487940486d4430a7133dacf260d00f. Latest consensus state: current_term: 1 leader_uuid: "79487940486d4430a7133dacf260d00f" committed_config { opid_index: -1 OBSOLETE_local: true peers { permanent_uuid: "79487940486d4430a7133dacf260d00f" member_type: VOTER } }
I0609 06:56:59.446799 3247 sys_catalog.cc:341] T 00000000000000000000000000000000 P 79487940486d4430a7133dacf260d00f [sys.catalog]: This master's current role is: LEADER
I0609 06:56:59.448448 3243 sys_catalog.cc:426] T 00000000000000000000000000000000 P 79487940486d4430a7133dacf260d00f [sys.catalog]: configured and running, proceeding with master startup.
I0609 06:56:59.448619 3250 catalog_manager.cc:1056] Loading table and tablet metadata into memory...
I0609 06:56:59.449702 1119 internal_mini_cluster.cc:166] Waiting to initialize catalog manager on master 0
I0609 06:56:59.451234 3250 catalog_manager.cc:1067] Initializing Kudu internal certificate authority...
I0609 06:56:59.495368 3250 catalog_manager.cc:951] Generated new certificate authority record
I0609 06:56:59.496790 3250 catalog_manager.cc:1076] Loading token signing keys...
I0609 06:56:59.508566 3250 catalog_manager.cc:4293] T 00000000000000000000000000000000 P 79487940486d4430a7133dacf260d00f: Generated new TSK 0
I0609 06:56:59.527501 1119 system_ntp.cc:193] NTP initialized. Skew: 500ppm Current error: 96516us
I0609 06:56:59.527822 1119 fs_manager.cc:263] Metadata directory not provided
I0609 06:56:59.527989 1119 fs_manager.cc:269] Using write-ahead log directory (fs_wal_dir) as metadata directory
I0609 06:56:59.528228 1119 server_base.cc:440] Could not load existing FS layout: Not found: could not find a healthy instance file
I0609 06:56:59.528381 1119 server_base.cc:441] Attempting to create new FS layout instead
I0609 06:56:59.529250 1119 fs_manager.cc:602] Generated new instance metadata in path /tmp/dist-test-taskY5QUuL/test-tmp/client-test.3.ClientTest.TestBlockScannerHijackingAttempts.1560063404629499-1119/minicluster-data/ts-0-root/instance: uuid: "37c1ed11cd8c4d7287c87baa7cb3db4d" format_stamp: "Formatted at 2019-06-09 06:56:59 on dist-test-slave-dist-test-slave-9h7f"
I0609 06:56:59.537824 1119 fs_manager.cc:503] Time spent creating directory manager: real 0.008s user 0.008s sys 0.000s
I0609 06:56:59.539150 1119 file_cache.cc:465] Constructed file cache lbm with capacity 419430
I0609 06:56:59.546015 1119 fs_manager.cc:419] Time spent opening block manager: real 0.001s user 0.001s sys 0.000s
I0609 06:56:59.546149 1119 fs_manager.cc:436] Opened local filesystem: /tmp/dist-test-taskY5QUuL/test-tmp/client-test.3.ClientTest.TestBlockScannerHijackingAttempts.1560063404629499-1119/minicluster-data/ts-0-root uuid: "37c1ed11cd8c4d7287c87baa7cb3db4d" format_stamp: "Formatted at 2019-06-09 06:56:59 on dist-test-slave-dist-test-slave-9h7f"
I0609 06:56:59.546361 1119 fs_report.cc:352] FS layout report -------------------- wal directory: /tmp/dist-test-taskY5QUuL/test-tmp/client-test.3.ClientTest.TestBlockScannerHijackingAttempts.1560063404629499-1119/minicluster-data/ts-0-root metadata directory: /tmp/dist-test-taskY5QUuL/test-tmp/client-test.3.ClientTest.TestBlockScannerHijackingAttempts.1560063404629499-1119/minicluster-data/ts-0-root 1 data directories: /tmp/dist-test-taskY5QUuL/test-tmp/client-test.3.ClientTest.TestBlockScannerHijackingAttempts.1560063404629499-1119/minicluster-data/ts-0-root/data Total live blocks: 0 Total live bytes: 0 Total live bytes (after alignment): 0 Total number of LBM containers: 0 (0 full) Did not check for missing blocks Did not check for orphaned blocks Total full LBM containers with extra space: 0 (0 repaired) Total full LBM container extra space in bytes: 0 (0 repaired) Total incomplete LBM containers: 0 (0 repaired) Total LBM partial records: 0 (0 repaired)
I0609 06:56:59.572247 1119 ts_tablet_manager.cc:356] Loaded tablet metadata (0 total tablets, 0 live tablets)
I0609 06:56:59.572403 1119 ts_tablet_manager.cc:376] Registered 0 tablets
I0609 06:56:59.612527 1119 rpc_server.cc:205] RPC server started. Bound to: 127.1.23.193:45363
I0609 06:56:59.614284 1119 webserver.cc:374] Webserver started at http://127.1.23.193:39525/ using document root and password file
I0609 06:56:59.626245 3317 heartbeater.cc:324] Connected to a master server at 127.1.23.254:46755
I0609 06:56:59.626480 3317 heartbeater.cc:405] Registering TS with master...
I0609 06:56:59.626871 3317 heartbeater.cc:454] Master 127.1.23.254:46755 requested a full tablet report, sending...
I0609 06:56:59.628266 3210 ts_manager.cc:161] Registered new tserver with Master: 37c1ed11cd8c4d7287c87baa7cb3db4d (127.1.23.193:45363)
I0609 06:56:59.628707 1119 internal_mini_cluster.cc:328] 1 TS(s) registered with all masters after 0.012523759s
I0609 06:56:59.630039 3210 master_service.cc:274] Signed X509 certificate for tserver {username='slave'} at 127.0.0.1:45092
I0609 06:56:59.642577 3317 heartbeater.cc:446] Master 127.1.23.254:46755 was elected leader, sending a full tablet report...
I0609 06:56:59.645906 3210 catalog_manager.cc:1410] Servicing CreateTable request from {username='slave'} at 127.0.0.1:45094: name: "client-testtb" schema { columns { name: "key" type: INT32 is_key: true is_nullable: false encoding: AUTO_ENCODING compression: DEFAULT_COMPRESSION cfile_block_size: 0 } columns { name: "int_val" type: INT32 is_key: false is_nullable: false encoding: AUTO_ENCODING compression: DEFAULT_COMPRESSION cfile_block_size: 0 } columns { name: "string_val" type: STRING is_key: false is_nullable: true encoding: AUTO_ENCODING compression: DEFAULT_COMPRESSION cfile_block_size: 0 } columns { name: "non_null_with_default" type: INT32 is_key: false is_nullable: false read_default_value: "90\000\000" encoding: AUTO_ENCODING compression: DEFAULT_COMPRESSION cfile_block_size: 0 } } num_replicas: 1 split_rows_range_bounds { rows: "\004\001\000\t\000\000\000" } partition_schema { range_schema { columns { name: "key" } } }
I0609 06:56:59.674556 3284 tablet_service.cc:1016] Processing CreateTablet for tablet 49ea677949a8499480e011d8481e2c6a (table=client-testtb [id=cf0e3acd9a4b4441aeee6a97086eaffe]), partition=RANGE (key) PARTITION VALUES < 9
I0609 06:56:59.675083 3283 tablet_service.cc:1016] Processing CreateTablet for tablet 5964356d13164391b488b81a09e4f9b0 (table=client-testtb [id=cf0e3acd9a4b4441aeee6a97086eaffe]), partition=RANGE (key) PARTITION VALUES >= 9
I0609 06:56:59.675489 3284 data_dirs.cc:938] Could only allocate 1 dirs of requested 3 for tablet 49ea677949a8499480e011d8481e2c6a. 1 dirs total, 0 dirs full, 0 dirs failed
I0609 06:56:59.675942 3283 data_dirs.cc:938] Could only allocate 1 dirs of requested 3 for tablet 5964356d13164391b488b81a09e4f9b0. 1 dirs total, 0 dirs full, 0 dirs failed
I0609 06:56:59.690999 3329 tablet_bootstrap.cc:439] T 5964356d13164391b488b81a09e4f9b0 P 37c1ed11cd8c4d7287c87baa7cb3db4d: Bootstrap starting.
I0609 06:56:59.693431 3329 tablet_bootstrap.cc:590] T 5964356d13164391b488b81a09e4f9b0 P 37c1ed11cd8c4d7287c87baa7cb3db4d: No blocks or log segments found. Creating new log.
I0609 06:56:59.696082 3329 tablet_bootstrap.cc:439] T 5964356d13164391b488b81a09e4f9b0 P 37c1ed11cd8c4d7287c87baa7cb3db4d: No bootstrap required, opened a new log
I0609 06:56:59.696403 3329 ts_tablet_manager.cc:1054] T 5964356d13164391b488b81a09e4f9b0 P 37c1ed11cd8c4d7287c87baa7cb3db4d: Time spent bootstrapping tablet: real 0.005s user 0.000s sys 0.004s
I0609 06:56:59.697820 3329 raft_consensus.cc:340] T 5964356d13164391b488b81a09e4f9b0 P 37c1ed11cd8c4d7287c87baa7cb3db4d [term 0 FOLLOWER]: Replica starting. Triggering 0 pending transactions. Active config: opid_index: -1 OBSOLETE_local: true peers { permanent_uuid: "37c1ed11cd8c4d7287c87baa7cb3db4d" member_type: VOTER last_known_addr { host: "127.1.23.193" port: 45363 } }
I0609 06:56:59.698197 3329 raft_consensus.cc:366] T 5964356d13164391b488b81a09e4f9b0 P 37c1ed11cd8c4d7287c87baa7cb3db4d [term 0 FOLLOWER]: Consensus starting up: Expiring failure detector timer to make a prompt election more likely
I0609 06:56:59.698388 3329 raft_consensus.cc:705] T 5964356d13164391b488b81a09e4f9b0 P 37c1ed11cd8c4d7287c87baa7cb3db4d [term 0 FOLLOWER]: Becoming Follower/Learner. State: Replica: 37c1ed11cd8c4d7287c87baa7cb3db4d, State: Initialized, Role: FOLLOWER
I0609 06:56:59.698859 3329 consensus_queue.cc:229] T 5964356d13164391b488b81a09e4f9b0 P 37c1ed11cd8c4d7287c87baa7cb3db4d [NON_LEADER]: Queue going to NON_LEADER mode. State: All replicated index: 0, Majority replicated index: 0, Committed index: 0, Last appended: 0.0, Last appended by leader: 0, Current term: 0, Majority size: -1, State: 0, Mode: NON_LEADER, active raft config: opid_index: -1 OBSOLETE_local: true peers { permanent_uuid: "37c1ed11cd8c4d7287c87baa7cb3db4d" member_type: VOTER last_known_addr { host: "127.1.23.193" port: 45363 } }
I0609 06:56:59.699307 3329 raft_consensus.cc:380] T 5964356d13164391b488b81a09e4f9b0 P 37c1ed11cd8c4d7287c87baa7cb3db4d [term 0 FOLLOWER]: Only one voter in the Raft config. Triggering election immediately
I0609 06:56:59.699486 3329 raft_consensus.cc:472] T 5964356d13164391b488b81a09e4f9b0 P 37c1ed11cd8c4d7287c87baa7cb3db4d [term 0 FOLLOWER]: Starting leader election (initial election of a single-replica configuration)
I0609 06:56:59.699717 3329 raft_consensus.cc:2890] T 5964356d13164391b488b81a09e4f9b0 P 37c1ed11cd8c4d7287c87baa7cb3db4d [term 0 FOLLOWER]: Advancing to term 1
I0609 06:56:59.703169 3329 raft_consensus.cc:494] T 5964356d13164391b488b81a09e4f9b0 P 37c1ed11cd8c4d7287c87baa7cb3db4d [term 1 FOLLOWER]: Starting leader election with config: opid_index: -1 OBSOLETE_local: true peers { permanent_uuid: "37c1ed11cd8c4d7287c87baa7cb3db4d" member_type: VOTER last_known_addr { host: "127.1.23.193" port: 45363 } }
I0609 06:56:59.703635 3329 leader_election.cc:310] T 5964356d13164391b488b81a09e4f9b0 P 37c1ed11cd8c4d7287c87baa7cb3db4d [CANDIDATE]: Term 1 election: Election decided. Result: candidate won. Election summary: received 1 responses out of 1 voters: 1 yes votes; 0 no votes. yes voters: 37c1ed11cd8c4d7287c87baa7cb3db4d; no voters:
I0609 06:56:59.705096 3329 leader_election.cc:296] T 5964356d13164391b488b81a09e4f9b0 P 37c1ed11cd8c4d7287c87baa7cb3db4d [CANDIDATE]: Term 1 election: Requested vote from peers
I0609 06:56:59.705364 3331 raft_consensus.cc:2644] T 5964356d13164391b488b81a09e4f9b0 P 37c1ed11cd8c4d7287c87baa7cb3db4d [term 1 FOLLOWER]: Leader election won for term 1
I0609 06:56:59.707425 3331 raft_consensus.cc:667] T 5964356d13164391b488b81a09e4f9b0 P 37c1ed11cd8c4d7287c87baa7cb3db4d [term 1 LEADER]: Becoming Leader. State: Replica: 37c1ed11cd8c4d7287c87baa7cb3db4d, State: Running, Role: LEADER
I0609 06:56:59.708014 3329 ts_tablet_manager.cc:1082] T 5964356d13164391b488b81a09e4f9b0 P 37c1ed11cd8c4d7287c87baa7cb3db4d: Time spent starting tablet: real 0.011s user 0.011s sys 0.001s
I0609 06:56:59.707973 3331 consensus_queue.cc:206] T 5964356d13164391b488b81a09e4f9b0 P 37c1ed11cd8c4d7287c87baa7cb3db4d [LEADER]: Queue going to LEADER mode. State: All replicated index: 0, Majority replicated index: 0, Committed index: 0, Last appended: 0.0, Last appended by leader: 0, Current term: 1, Majority size: 1, State: 0, Mode: LEADER, active raft config: opid_index: -1 OBSOLETE_local: true peers { permanent_uuid: "37c1ed11cd8c4d7287c87baa7cb3db4d" member_type: VOTER last_known_addr { host: "127.1.23.193" port: 45363 } }
I0609 06:56:59.708570 3329 tablet_bootstrap.cc:439] T 49ea677949a8499480e011d8481e2c6a P 37c1ed11cd8c4d7287c87baa7cb3db4d: Bootstrap starting.
I0609 06:56:59.711802 3329 tablet_bootstrap.cc:590] T 49ea677949a8499480e011d8481e2c6a P 37c1ed11cd8c4d7287c87baa7cb3db4d: No blocks or log segments found. Creating new log.
I0609 06:56:59.711578 3209 catalog_manager.cc:3989] T 5964356d13164391b488b81a09e4f9b0 P 37c1ed11cd8c4d7287c87baa7cb3db4d reported cstate change: term changed from 0 to 1, leader changed from to 37c1ed11cd8c4d7287c87baa7cb3db4d (127.1.23.193). New cstate: current_term: 1 leader_uuid: "37c1ed11cd8c4d7287c87baa7cb3db4d" committed_config { opid_index: -1 OBSOLETE_local: true peers { permanent_uuid: "37c1ed11cd8c4d7287c87baa7cb3db4d" member_type: VOTER last_known_addr { host: "127.1.23.193" port: 45363 } health_report { overall_health: HEALTHY } } }
I0609 06:56:59.715318 3329 tablet_bootstrap.cc:439] T 49ea677949a8499480e011d8481e2c6a P 37c1ed11cd8c4d7287c87baa7cb3db4d: No bootstrap required, opened a new log
I0609 06:56:59.715708 3329 ts_tablet_manager.cc:1054] T 49ea677949a8499480e011d8481e2c6a P 37c1ed11cd8c4d7287c87baa7cb3db4d: Time spent bootstrapping tablet: real 0.007s user 0.004s sys 0.002s
I0609 06:56:59.716917 3329 raft_consensus.cc:340] T 49ea677949a8499480e011d8481e2c6a P 37c1ed11cd8c4d7287c87baa7cb3db4d [term 0 FOLLOWER]: Replica starting. Triggering 0 pending transactions. Active config: opid_index: -1 OBSOLETE_local: true peers { permanent_uuid: "37c1ed11cd8c4d7287c87baa7cb3db4d" member_type: VOTER last_known_addr { host: "127.1.23.193" port: 45363 } }
I0609 06:56:59.717350 3329 raft_consensus.cc:366] T 49ea677949a8499480e011d8481e2c6a P 37c1ed11cd8c4d7287c87baa7cb3db4d [term 0 FOLLOWER]: Consensus starting up: Expiring failure detector timer to make a prompt election more likely
I0609 06:56:59.717624 3329 raft_consensus.cc:705] T 49ea677949a8499480e011d8481e2c6a P 37c1ed11cd8c4d7287c87baa7cb3db4d [term 0 FOLLOWER]: Becoming Follower/Learner. State: Replica: 37c1ed11cd8c4d7287c87baa7cb3db4d, State: Initialized, Role: FOLLOWER
I0609 06:56:59.718116 3329 consensus_queue.cc:229] T 49ea677949a8499480e011d8481e2c6a P 37c1ed11cd8c4d7287c87baa7cb3db4d [NON_LEADER]: Queue going to NON_LEADER mode. State: All replicated index: 0, Majority replicated index: 0, Committed index: 0, Last appended: 0.0, Last appended by leader: 0, Current term: 0, Majority size: -1, State: 0, Mode: NON_LEADER, active raft config: opid_index: -1 OBSOLETE_local: true peers { permanent_uuid: "37c1ed11cd8c4d7287c87baa7cb3db4d" member_type: VOTER last_known_addr { host: "127.1.23.193" port: 45363 } }
I0609 06:56:59.718830 3329 raft_consensus.cc:380] T 49ea677949a8499480e011d8481e2c6a P 37c1ed11cd8c4d7287c87baa7cb3db4d [term 0 FOLLOWER]: Only one voter in the Raft config. Triggering election immediately
I0609 06:56:59.719027 3329 raft_consensus.cc:472] T 49ea677949a8499480e011d8481e2c6a P 37c1ed11cd8c4d7287c87baa7cb3db4d [term 0 FOLLOWER]: Starting leader election (initial election of a single-replica configuration)
I0609 06:56:59.719305 3329 raft_consensus.cc:2890] T 49ea677949a8499480e011d8481e2c6a P 37c1ed11cd8c4d7287c87baa7cb3db4d [term 0 FOLLOWER]: Advancing to term 1
I0609 06:56:59.723495 3329 raft_consensus.cc:494] T 49ea677949a8499480e011d8481e2c6a P 37c1ed11cd8c4d7287c87baa7cb3db4d [term 1 FOLLOWER]: Starting leader election with config: opid_index: -1 OBSOLETE_local: true peers { permanent_uuid: "37c1ed11cd8c4d7287c87baa7cb3db4d" member_type: VOTER last_known_addr { host: "127.1.23.193" port: 45363 } }
I0609 06:56:59.723917 3329 leader_election.cc:310] T 49ea677949a8499480e011d8481e2c6a P 37c1ed11cd8c4d7287c87baa7cb3db4d [CANDIDATE]: Term 1 election: Election decided. Result: candidate won. Election summary: received 1 responses out of 1 voters: 1 yes votes; 0 no votes. yes voters: 37c1ed11cd8c4d7287c87baa7cb3db4d; no voters:
I0609 06:56:59.724356 3329 leader_election.cc:296] T 49ea677949a8499480e011d8481e2c6a P 37c1ed11cd8c4d7287c87baa7cb3db4d [CANDIDATE]: Term 1 election: Requested vote from peers
I0609 06:56:59.724489 3331 raft_consensus.cc:2644] T 49ea677949a8499480e011d8481e2c6a P 37c1ed11cd8c4d7287c87baa7cb3db4d [term 1 FOLLOWER]: Leader election won for term 1
I0609 06:56:59.724903 3331 raft_consensus.cc:667] T 49ea677949a8499480e011d8481e2c6a P 37c1ed11cd8c4d7287c87baa7cb3db4d [term 1 LEADER]: Becoming Leader. State: Replica: 37c1ed11cd8c4d7287c87baa7cb3db4d, State: Running, Role: LEADER
I0609 06:56:59.725416 3329 ts_tablet_manager.cc:1082] T 49ea677949a8499480e011d8481e2c6a P 37c1ed11cd8c4d7287c87baa7cb3db4d: Time spent starting tablet: real 0.009s user 0.009s sys 0.002s
I0609 06:56:59.725486 3331 consensus_queue.cc:206] T 49ea677949a8499480e011d8481e2c6a P 37c1ed11cd8c4d7287c87baa7cb3db4d [LEADER]: Queue going to LEADER mode. State: All replicated index: 0, Majority replicated index: 0, Committed index: 0, Last appended: 0.0, Last appended by leader: 0, Current term: 1, Majority size: 1, State: 0, Mode: LEADER, active raft config: opid_index: -1 OBSOLETE_local: true peers { permanent_uuid: "37c1ed11cd8c4d7287c87baa7cb3db4d" member_type: VOTER last_known_addr { host: "127.1.23.193" port: 45363 } }
I0609 06:56:59.728930 3210 catalog_manager.cc:3989] T 49ea677949a8499480e011d8481e2c6a P 37c1ed11cd8c4d7287c87baa7cb3db4d reported cstate change: term changed from 0 to 1, leader changed from to 37c1ed11cd8c4d7287c87baa7cb3db4d (127.1.23.193). New cstate: current_term: 1 leader_uuid: "37c1ed11cd8c4d7287c87baa7cb3db4d" committed_config { opid_index: -1 OBSOLETE_local: true peers { permanent_uuid: "37c1ed11cd8c4d7287c87baa7cb3db4d" member_type: VOTER last_known_addr { host: "127.1.23.193" port: 45363 } health_report { overall_health: HEALTHY } } }
I0609 06:56:59.752133 1119 tablet_server.cc:155] TabletServer shutting down...
I0609 06:56:59.769203 1119 ts_tablet_manager.cc:1128] Shutting down tablet manager...
I0609 06:56:59.769570 1119 tablet_replica.cc:265] T 49ea677949a8499480e011d8481e2c6a P 37c1ed11cd8c4d7287c87baa7cb3db4d: stopping tablet replica
I0609 06:56:59.769920 1119 raft_consensus.cc:2147] T 49ea677949a8499480e011d8481e2c6a P 37c1ed11cd8c4d7287c87baa7cb3db4d [term 1 LEADER]: Raft consensus shutting down.
I0609 06:56:59.770205 1119 raft_consensus.cc:2174] T 49ea677949a8499480e011d8481e2c6a P 37c1ed11cd8c4d7287c87baa7cb3db4d [term 1 FOLLOWER]: Raft consensus is shut down!
I0609 06:56:59.772630 1119 tablet_replica.cc:265] T 5964356d13164391b488b81a09e4f9b0 P 37c1ed11cd8c4d7287c87baa7cb3db4d: stopping tablet replica
I0609 06:56:59.772912 1119 raft_consensus.cc:2147] T 5964356d13164391b488b81a09e4f9b0 P 37c1ed11cd8c4d7287c87baa7cb3db4d [term 1 LEADER]: Raft consensus shutting down.
I0609 06:56:59.773149 1119 raft_consensus.cc:2174] T 5964356d13164391b488b81a09e4f9b0 P 37c1ed11cd8c4d7287c87baa7cb3db4d [term 1 FOLLOWER]: Raft consensus is shut down!
I0609 06:56:59.792376 1119 tablet_server.cc:169] TabletServer shutdown complete.
I0609 06:56:59.792513 1119 tablet_server.cc:155] TabletServer shutting down...
I0609 06:56:59.792768 1119 tablet_server.cc:169] TabletServer shutdown complete.
I0609 06:56:59.799093 1119 master.cc:247] Master@127.1.23.254:46755 shutting down...
I0609 06:56:59.811547 1119 raft_consensus.cc:2147] T 00000000000000000000000000000000 P 79487940486d4430a7133dacf260d00f [term 1 LEADER]: Raft consensus shutting down.
I0609 06:56:59.811843 1119 raft_consensus.cc:2174] T 00000000000000000000000000000000 P 79487940486d4430a7133dacf260d00f [term 1 FOLLOWER]: Raft consensus is shut down!
I0609 06:56:59.812175 1119 tablet_replica.cc:265] T 00000000000000000000000000000000 P 79487940486d4430a7133dacf260d00f: stopping tablet replica
I0609 06:56:59.823261 1119 master.cc:258] Master@127.1.23.254:46755 shutdown complete.
I0609 06:56:59.840647 1119 system_ntp.cc:193] NTP initialized. Skew: 500ppm Current error: 96516us
I0609 06:56:59.840946 1119 fs_manager.cc:263] Metadata directory not provided
I0609 06:56:59.841084 1119 fs_manager.cc:266] Using existing metadata directory in first data directory
I0609 06:56:59.843350 1119 fs_manager.cc:399] Time spent opening directory manager: real 0.002s user 0.002s sys 0.000s
I0609 06:56:59.844306 1119 file_cache.cc:465] Constructed file cache lbm with capacity 419430
I0609 06:56:59.850898 1119 fs_manager.cc:419] Time spent opening block manager: real 0.001s user 0.001s sys 0.000s
I0609 06:56:59.851058 1119 fs_manager.cc:436] Opened local filesystem: /tmp/dist-test-taskY5QUuL/test-tmp/client-test.3.ClientTest.TestBlockScannerHijackingAttempts.1560063404629499-1119/minicluster-data/master-0-root uuid: "79487940486d4430a7133dacf260d00f" format_stamp: "Formatted at 2019-06-09 06:56:59 on dist-test-slave-dist-test-slave-9h7f"
I0609 06:56:59.851328 1119 fs_report.cc:352] FS layout report -------------------- wal directory: /tmp/dist-test-taskY5QUuL/test-tmp/client-test.3.ClientTest.TestBlockScannerHijackingAttempts.1560063404629499-1119/minicluster-data/master-0-root metadata directory: /tmp/dist-test-taskY5QUuL/test-tmp/client-test.3.ClientTest.TestBlockScannerHijackingAttempts.1560063404629499-1119/minicluster-data/master-0-root 1 data directories: /tmp/dist-test-taskY5QUuL/test-tmp/client-test.3.ClientTest.TestBlockScannerHijackingAttempts.1560063404629499-1119/minicluster-data/master-0-root/data Total live blocks: 0 Total live bytes: 0 Total live bytes (after alignment): 0 Total number of LBM containers: 0 (0 full) Did not check for missing blocks Did not check for orphaned blocks Total full LBM containers with extra space: 0 (0 repaired) Total full LBM container extra space in bytes: 0 (0 repaired) Total incomplete LBM containers: 0 (0 repaired) Total LBM partial records: 0 (0 repaired)
I0609 06:56:59.902797 1119 rpc_server.cc:205] RPC server started. Bound to: 127.1.23.254:46755
I0609 06:56:59.904728 1119 webserver.cc:374] Webserver started at http://127.1.23.254:42435/ using document root and password file
I0609 06:56:59.913362 3392 tablet_bootstrap.cc:439] T 00000000000000000000000000000000 P 79487940486d4430a7133dacf260d00f: Bootstrap starting.
I0609 06:56:59.930063 3392 tablet_bootstrap.cc:439] T 00000000000000000000000000000000 P 79487940486d4430a7133dacf260d00f: Bootstrap replayed 1/1 log segments. Stats: ops{read=7 overwritten=0 applied=7 ignored=0} inserts{seen=5 ignored=0} mutations{seen=4 ignored=0} orphaned_commits=0. Pending: 0 replicates
I0609 06:56:59.930650 3392 tablet_bootstrap.cc:439] T 00000000000000000000000000000000 P 79487940486d4430a7133dacf260d00f: Bootstrap complete.
I0609 06:56:59.931937 3392 raft_consensus.cc:340] T 00000000000000000000000000000000 P 79487940486d4430a7133dacf260d00f [term 1 FOLLOWER]: Replica starting. Triggering 0 pending transactions. Active config: opid_index: -1 OBSOLETE_local: true peers { permanent_uuid: "79487940486d4430a7133dacf260d00f" member_type: VOTER }
I0609 06:56:59.932309 3392 raft_consensus.cc:705] T 00000000000000000000000000000000 P 79487940486d4430a7133dacf260d00f [term 1 FOLLOWER]: Becoming Follower/Learner. State: Replica: 79487940486d4430a7133dacf260d00f, State: Initialized, Role: FOLLOWER
I0609 06:56:59.932683 3392 consensus_queue.cc:229] T 00000000000000000000000000000000 P 79487940486d4430a7133dacf260d00f [NON_LEADER]: Queue going to NON_LEADER mode. State: All replicated index: 0, Majority replicated index: 0, Committed index: 7, Last appended: 1.7, Last appended by leader: 7, Current term: 0, Majority size: -1, State: 0, Mode: NON_LEADER, active raft config: opid_index: -1 OBSOLETE_local: true peers { permanent_uuid: "79487940486d4430a7133dacf260d00f" member_type: VOTER }
I0609 06:56:59.933034 3392 raft_consensus.cc:380] T 00000000000000000000000000000000 P 79487940486d4430a7133dacf260d00f [term 1 FOLLOWER]: Only one voter in the Raft config. Triggering election immediately
I0609 06:56:59.933190 3392 raft_consensus.cc:472] T 00000000000000000000000000000000 P 79487940486d4430a7133dacf260d00f [term 1 FOLLOWER]: Starting leader election (initial election of a single-replica configuration)
I0609 06:56:59.933413 3392 raft_consensus.cc:2890] T 00000000000000000000000000000000 P 79487940486d4430a7133dacf260d00f [term 1 FOLLOWER]: Advancing to term 2
I0609 06:56:59.936787 3392 raft_consensus.cc:494] T 00000000000000000000000000000000 P 79487940486d4430a7133dacf260d00f [term 2 FOLLOWER]: Starting leader election with config: opid_index: -1 OBSOLETE_local: true peers { permanent_uuid: "79487940486d4430a7133dacf260d00f" member_type: VOTER }
I0609 06:56:59.937146 3392 leader_election.cc:310] T 00000000000000000000000000000000 P 79487940486d4430a7133dacf260d00f [CANDIDATE]: Term 2 election: Election decided. Result: candidate won. Election summary: received 1 responses out of 1 voters: 1 yes votes; 0 no votes. yes voters: 79487940486d4430a7133dacf260d00f; no voters:
I0609 06:56:59.938432 3394 raft_consensus.cc:2644] T 00000000000000000000000000000000 P 79487940486d4430a7133dacf260d00f [term 2 FOLLOWER]: Leader election won for term 2
I0609 06:56:59.939028 3392 leader_election.cc:296] T 00000000000000000000000000000000 P 79487940486d4430a7133dacf260d00f [CANDIDATE]: Term 2 election: Requested vote from peers
I0609 06:56:59.939679 3394 raft_consensus.cc:667] T 00000000000000000000000000000000 P 79487940486d4430a7133dacf260d00f [term 2 LEADER]: Becoming Leader. State: Replica: 79487940486d4430a7133dacf260d00f, State: Running, Role: LEADER
I0609 06:56:59.940021 3394 consensus_queue.cc:206] T 00000000000000000000000000000000 P 79487940486d4430a7133dacf260d00f [LEADER]: Queue going to LEADER mode. State: All replicated index: 0, Majority replicated index: 7, Committed index: 7, Last appended: 1.7, Last appended by leader: 7, Current term: 2, Majority size: 1, State: 0, Mode: LEADER, active raft config: opid_index: -1 OBSOLETE_local: true peers { permanent_uuid: "79487940486d4430a7133dacf260d00f" member_type: VOTER }
I0609 06:56:59.941869 3392 sys_catalog.cc:338] T 00000000000000000000000000000000 P 79487940486d4430a7133dacf260d00f [sys.catalog]: SysCatalogTable state changed. Reason: Started TabletReplica. Latest consensus state: current_term: 2 leader_uuid: "79487940486d4430a7133dacf260d00f" committed_config { opid_index: -1 OBSOLETE_local: true peers { permanent_uuid: "79487940486d4430a7133dacf260d00f" member_type: VOTER } }
I0609 06:56:59.942140 3395 sys_catalog.cc:338] T 00000000000000000000000000000000 P 79487940486d4430a7133dacf260d00f [sys.catalog]: SysCatalogTable state changed. Reason: New leader 79487940486d4430a7133dacf260d00f. Latest consensus state: current_term: 2 leader_uuid: "79487940486d4430a7133dacf260d00f" committed_config { opid_index: -1 OBSOLETE_local: true peers { permanent_uuid: "79487940486d4430a7133dacf260d00f" member_type: VOTER } }
I0609 06:56:59.942198 3396 sys_catalog.cc:338] T 00000000000000000000000000000000 P 79487940486d4430a7133dacf260d00f [sys.catalog]: SysCatalogTable state changed. Reason: RaftConsensus started. Latest consensus state: current_term: 2 leader_uuid: "79487940486d4430a7133dacf260d00f" committed_config { opid_index: -1 OBSOLETE_local: true peers { permanent_uuid: "79487940486d4430a7133dacf260d00f" member_type: VOTER } }
I0609 06:56:59.942466 3392 sys_catalog.cc:341] T 00000000000000000000000000000000 P 79487940486d4430a7133dacf260d00f [sys.catalog]: This master's current role is: LEADER
I0609 06:56:59.942749 3396 sys_catalog.cc:341] T 00000000000000000000000000000000 P 79487940486d4430a7133dacf260d00f [sys.catalog]: This master's current role is: LEADER
I0609 06:56:59.942730 3395 sys_catalog.cc:341] T 00000000000000000000000000000000 P 79487940486d4430a7133dacf260d00f [sys.catalog]: This master's current role is: LEADER
I0609 06:56:59.944756 3392 sys_catalog.cc:426] T 00000000000000000000000000000000 P 79487940486d4430a7133dacf260d00f [sys.catalog]: configured and running, proceeding with master startup.
I0609 06:56:59.944947 3399 catalog_manager.cc:1056] Loading table and tablet metadata into memory...
I0609 06:56:59.945894 1119 internal_mini_cluster.cc:166] Waiting to initialize catalog manager on master 0
I0609 06:56:59.947551 3399 catalog_manager.cc:357] Loaded metadata for table client-testtb [id=cf0e3acd9a4b4441aeee6a97086eaffe]
I0609 06:56:59.949825 3399 catalog_manager.cc:411] Loaded metadata for tablet 49ea677949a8499480e011d8481e2c6a (table client-testtb [id=cf0e3acd9a4b4441aeee6a97086eaffe])
I0609 06:56:59.950457 3399 catalog_manager.cc:411] Loaded metadata for tablet 5964356d13164391b488b81a09e4f9b0 (table client-testtb [id=cf0e3acd9a4b4441aeee6a97086eaffe])
I0609 06:56:59.950909 3399 catalog_manager.cc:1067] Initializing Kudu internal certificate authority...
I0609 06:56:59.954725 3399 catalog_manager.cc:1076] Loading token signing keys...
I0609 06:56:59.956413 3399 catalog_manager.cc:4304] T 00000000000000000000000000000000 P 79487940486d4430a7133dacf260d00f: Loaded TSK: 0
I0609 06:56:59.975081 1119 system_ntp.cc:193] NTP initialized. Skew: 500ppm Current error: 96516us
I0609 06:56:59.975399 1119 fs_manager.cc:263] Metadata directory not provided
I0609 06:56:59.975543 1119 fs_manager.cc:266] Using existing metadata directory in first data directory
I0609 06:56:59.978782 1119 fs_manager.cc:399] Time spent opening directory manager: real 0.002s user 0.000s sys 0.004s
