I0609 06:56:58.089390 2877 raft_consensus.cc:380] T f00841bb1ad742d6889363d59594dd4d P 1756ecfbc7ed43e38612ab7e20bb7f22 [term 0 FOLLOWER]: Only one voter in the Raft config. Triggering election immediately
I0609 06:56:58.089706 2877 raft_consensus.cc:472] T f00841bb1ad742d6889363d59594dd4d P 1756ecfbc7ed43e38612ab7e20bb7f22 [term 0 FOLLOWER]: Starting leader election (initial election of a single-replica configuration)
I0609 06:56:58.090049 2877 raft_consensus.cc:2890] T f00841bb1ad742d6889363d59594dd4d P 1756ecfbc7ed43e38612ab7e20bb7f22 [term 0 FOLLOWER]: Advancing to term 1
I0609 06:56:58.094547 2877 raft_consensus.cc:494] T f00841bb1ad742d6889363d59594dd4d P 1756ecfbc7ed43e38612ab7e20bb7f22 [term 1 FOLLOWER]: Starting leader election with config: opid_index: -1 OBSOLETE_local: true peers { permanent_uuid: "1756ecfbc7ed43e38612ab7e20bb7f22" member_type: VOTER last_known_addr { host: "127.1.23.193" port: 38627 } }
I0609 06:56:58.094966 2877 leader_election.cc:310] T f00841bb1ad742d6889363d59594dd4d P 1756ecfbc7ed43e38612ab7e20bb7f22 [CANDIDATE]: Term 1 election: Election decided. Result: candidate won. Election summary: received 1 responses out of 1 voters: 1 yes votes; 0 no votes. yes voters: 1756ecfbc7ed43e38612ab7e20bb7f22; no voters:
I0609 06:56:58.095418 2877 leader_election.cc:296] T f00841bb1ad742d6889363d59594dd4d P 1756ecfbc7ed43e38612ab7e20bb7f22 [CANDIDATE]: Term 1 election: Requested vote from peers
I0609 06:56:58.095538 2879 raft_consensus.cc:2644] T f00841bb1ad742d6889363d59594dd4d P 1756ecfbc7ed43e38612ab7e20bb7f22 [term 1 FOLLOWER]: Leader election won for term 1
I0609 06:56:58.096096 2879 raft_consensus.cc:667] T f00841bb1ad742d6889363d59594dd4d P 1756ecfbc7ed43e38612ab7e20bb7f22 [term 1 LEADER]: Becoming Leader. State: Replica: 1756ecfbc7ed43e38612ab7e20bb7f22, State: Running, Role: LEADER
I0609 06:56:58.096343 2877 ts_tablet_manager.cc:1082] T f00841bb1ad742d6889363d59594dd4d P 1756ecfbc7ed43e38612ab7e20bb7f22: Time spent starting tablet: real 0.010s user 0.008s sys 0.000s
I0609 06:56:58.096567 2879 consensus_queue.cc:206] T f00841bb1ad742d6889363d59594dd4d P 1756ecfbc7ed43e38612ab7e20bb7f22 [LEADER]: Queue going to LEADER mode. State: All replicated index: 0, Majority replicated index: 0, Committed index: 0, Last appended: 0.0, Last appended by leader: 0, Current term: 1, Majority size: 1, State: 0, Mode: LEADER, active raft config: opid_index: -1 OBSOLETE_local: true peers { permanent_uuid: "1756ecfbc7ed43e38612ab7e20bb7f22" member_type: VOTER last_known_addr { host: "127.1.23.193" port: 38627 } }
I0609 06:56:58.100111 2758 catalog_manager.cc:3989] T f00841bb1ad742d6889363d59594dd4d P 1756ecfbc7ed43e38612ab7e20bb7f22 reported cstate change: term changed from 0 to 1, leader changed from to 1756ecfbc7ed43e38612ab7e20bb7f22 (127.1.23.193). New cstate: current_term: 1 leader_uuid: "1756ecfbc7ed43e38612ab7e20bb7f22" committed_config { opid_index: -1 OBSOLETE_local: true peers { permanent_uuid: "1756ecfbc7ed43e38612ab7e20bb7f22" member_type: VOTER last_known_addr { host: "127.1.23.193" port: 38627 } health_report { overall_health: HEALTHY } } }
I0609 06:56:58.109942 2758 catalog_manager.cc:1410] Servicing CreateTable request from {username='slave'} at 127.0.0.1:59008: name: "foobar" schema { columns { name: "xxxxxxxxxxxxxxxxxxxxxxxxxxxxxxxxxxxxxxxxxxxxxxxxxxxxxxxxxxxxxxxxxxxxxxxxxxxxxxxxxxxxxxxxxxxxxxxxxxxxxxxxxxxxxxxxxxxxxxxxxxxxxxxxxxxxxxxxxxxxxxxxxxxxxxxxxxxxxxxxxxxxxxxxxxxxxxxxxxxxxxxxxxxxxxxxxxxxxxxxxxxxxxxxxxxxxxxxxxxxxxxxxxxxxxxxxxxxxxxxxxxxxxxxxxxxxxxxxxxxxxxxxxxxxxxxxxxxxxxxxxxxxxxxxxxxxxxxxxxxxxxxxxxxxxxxxxxxxxxxxxxxxxxxxxxxxxxxxxxxxxxxxxxxxxxxxxxxxxxxxxxxxxxxxxxxxxxxxxxxxxxxxxxxxxxxxxxxxxxxxxxxxxxxxxxxxxxxxxxxxxxxxxxxxxxxxxxxxxxxxxxxxxxxxxxxxxxxxxxxxxxxxxxxxxxxxxxxxxxxxxxxxxxxxxxxxxxxxxxxxxxxxxxxxxxxxxxxxxxxxxxxxxxxxxxxxxxxxxxxxxxxxxxxxxxxxxxxxxxxxxxxxxxxxxxxxxxxxxxxxxxxxxxxxxxxxxxxxxxxxxxxxxxxxxxxxxxxxxxxxxxxxxxxxxxxxxxxxxxxxxxxxxxxxxxxxxxxxxxxxxxxxxxxxxxxxxxxxxxxxxxxxxxxxxxxxxxxxxxxxxxxxxxxxxxxxxxxxxxxxxxxxxxxxxxxxxxxxxxxxxxxxxxxxxxxxxxxxxxxxxxxxxxxxxxxxxxxxxxxxxxxxxxxxxxxxxxxxxxxxxxxxxxxxxxxxxxxxxxxxxxxxxxxxxxxxxxxxxxxxxxxxxxxxxxxxxxxxxxxxxxxxxxxxxxxxxxxxxxxxxxxxxxxxxxxxxxxxxxxxxxxxxxxxxxxxxxxxxxxxxxxxxxxxxxxxxxxxxxxxxxxxxxxxxxxxxxxxxxxxxxxxxxxxxxxxxxxxxxxxxxxxxxxxxxxxxxxxxxx" type: INT32 is_key: true is_nullable: false encoding: AUTO_ENCODING compression: DEFAULT_COMPRESSION cfile_block_size: 0 } } split_rows_range_bounds { } partition_schema { range_schema { columns { name: "xxxxxxxxxxxxxxxxxxxxxxxxxxxxxxxxxxxxxxxxxxxxxxxxxxxxxxxxxxxxxxxxxxxxxxxxxxxxxxxxxxxxxxxxxxxxxxxxxxxxxxxxxxxxxxxxxxxxxxxxxxxxxxxxxxxxxxxxxxxxxxxxxxxxxxxxxxxxxxxxxxxxxxxxxxxxxxxxxxxxxxxxxxxxxxxxxxxxxxxxxxxxxxxxxxxxxxxxxxxxxxxxxxxxxxxxxxxxxxxxxxxxxxxxxxxxxxxxxxxxxxxxxxxxxxxxxxxxxxxxxxxxxxxxxxxxxxxxxxxxxxxxxxxxxxxxxxxxxxxxxxxxxxxxxxxxxxxxxxxxxxxxxxxxxxxxxxxxxxxxxxxxxxxxxxxxxxxxxxxxxxxxxxxxxxxxxxxxxxxxxxxxxxxxxxxxxxxxxxxxxxxxxxxxxxxxxxxxxxxxxxxxxxxxxxxxxxxxxxxxxxxxxxxxxxxxxxxxxxxxxxxxxxxxxxxxxxxxxxxxxxxxxxxxxxxxxxxxxxxxxxxxxxxxxxxxxxxxxxxxxxxxxxxxxxxxxxxxxxxxxxxxxxxxxxxxxxxxxxxxxxxxxxxxxxxxxxxxxxxxxxxxxxxxxxxxxxxxxxxxxxxxxxxxxxxxxxxxxxxxxxxxxxxxxxxxxxxxxxxxxxxxxxxxxxxxxxxxxxxxxxxxxxxxxxxxxxxxxxxxxxxxxxxxxxxxxxxxxxxxxxxxxxxxxxxxxxxxxxxxxxxxxxxxxxxxxxxxxxxxxxxxxxxxxxxxxxxxxxxxxxxxxxxxxxxxxxxxxxxxxxxxxxxxxxxxxxxxxxxxxxxxxxxxxxxxxxxxxxxxxxxxxxxxxxxxxxxxxxxxxxxxxxxxxxxxxxxxxxxxxxxxxxxxxxxxxxxxxxxxxxxxxxxxxxxxxxxxxxxxxxxxxxxxxxxxxxxxxxxxxxxxxxxxxxxxxxxxxxxxxxxxxxxxxxxxxxxxxxxxxxxxxxxxxxxxxxxxxxxx" } } }
I0609 06:56:58.115039 1119 tablet_server.cc:155] TabletServer shutting down...
I0609 06:56:58.134083 1119 ts_tablet_manager.cc:1128] Shutting down tablet manager...
I0609 06:56:58.134455 1119 tablet_replica.cc:265] T f00841bb1ad742d6889363d59594dd4d P 1756ecfbc7ed43e38612ab7e20bb7f22: stopping tablet replica
I0609 06:56:58.134793 1119 raft_consensus.cc:2147] T f00841bb1ad742d6889363d59594dd4d P 1756ecfbc7ed43e38612ab7e20bb7f22 [term 1 LEADER]: Raft consensus shutting down.
I0609 06:56:58.135054 1119 raft_consensus.cc:2174] T f00841bb1ad742d6889363d59594dd4d P 1756ecfbc7ed43e38612ab7e20bb7f22 [term 1 FOLLOWER]: Raft consensus is shut down!
I0609 06:56:58.137403 1119 tablet_replica.cc:265] T d3e8312276f847a09b1fb6fabe20a6a8 P 1756ecfbc7ed43e38612ab7e20bb7f22: stopping tablet replica
I0609 06:56:58.137684 1119 raft_consensus.cc:2147] T d3e8312276f847a09b1fb6fabe20a6a8 P 1756ecfbc7ed43e38612ab7e20bb7f22 [term 1 LEADER]: Raft consensus shutting down.
I0609 06:56:58.137935 1119 raft_consensus.cc:2174] T d3e8312276f847a09b1fb6fabe20a6a8 P 1756ecfbc7ed43e38612ab7e20bb7f22 [term 1 FOLLOWER]: Raft consensus is shut down!
I0609 06:56:58.149479 1119 tablet_server.cc:169] TabletServer shutdown complete.
I0609 06:56:58.149608 1119 tablet_server.cc:155] TabletServer shutting down...
I0609 06:56:58.149852 1119 tablet_server.cc:169] TabletServer shutdown complete.
I0609 06:56:58.155690 1119 master.cc:247] Master@127.1.23.254:41857 shutting down...
I0609 06:56:58.170565 1119 raft_consensus.cc:2147] T 00000000000000000000000000000000 P 4027be6a5c7c403eba03b774485df985 [term 1 LEADER]: Raft consensus shutting down.
I0609 06:56:58.170822 1119 raft_consensus.cc:2174] T 00000000000000000000000000000000 P 4027be6a5c7c403eba03b774485df985 [term 1 FOLLOWER]: Raft consensus is shut down!
I0609 06:56:58.171118 1119 tablet_replica.cc:265] T 00000000000000000000000000000000 P 4027be6a5c7c403eba03b774485df985: stopping tablet replica
I0609 06:56:58.182482 1119 master.cc:258] Master@127.1.23.254:41857 shutdown complete. [ OK ] ClientTest.TestCreateTableWithTooLongColumnName (542 ms) [ RUN ] ClientTest.TestClonePredicates
I0609 06:56:58.196018 1119 internal_mini_cluster.cc:146] Creating distributed mini masters. Addrs: 127.1.23.254:44631
I0609 06:56:58.208144 1119 system_ntp.cc:193] NTP initialized. Skew: 500ppm Current error: 96016us
I0609 06:56:58.208425 1119 fs_manager.cc:263] Metadata directory not provided
I0609 06:56:58.208544 1119 fs_manager.cc:269] Using write-ahead log directory (fs_wal_dir) as metadata directory
I0609 06:56:58.208709 1119 server_base.cc:440] Could not load existing FS layout: Not found: could not find a healthy instance file
I0609 06:56:58.208811 1119 server_base.cc:441] Attempting to create new FS layout instead
I0609 06:56:58.209686 1119 fs_manager.cc:602] Generated new instance metadata in path /tmp/dist-test-taskY5QUuL/test-tmp/client-test.3.ClientTest.TestClonePredicates.1560063404629499-1119/minicluster-data/master-0-root/instance: uuid: "8e44df63d6fa488a9ae3732910781026" format_stamp: "Formatted at 2019-06-09 06:56:58 on dist-test-slave-dist-test-slave-9h7f"
I0609 06:56:58.217471 1119 fs_manager.cc:503] Time spent creating directory manager: real 0.007s user 0.006s sys 0.001s
I0609 06:56:58.218685 1119 file_cache.cc:465] Constructed file cache lbm with capacity 419430
I0609 06:56:58.224908 1119 fs_manager.cc:419] Time spent opening block manager: real 0.001s user 0.000s sys 0.000s
I0609 06:56:58.225049 1119 fs_manager.cc:436] Opened local filesystem: /tmp/dist-test-taskY5QUuL/test-tmp/client-test.3.ClientTest.TestClonePredicates.1560063404629499-1119/minicluster-data/master-0-root uuid: "8e44df63d6fa488a9ae3732910781026" format_stamp: "Formatted at 2019-06-09 06:56:58 on dist-test-slave-dist-test-slave-9h7f"
I0609 06:56:58.225244 1119 fs_report.cc:352] FS layout report -------------------- wal directory: /tmp/dist-test-taskY5QUuL/test-tmp/client-test.3.ClientTest.TestClonePredicates.1560063404629499-1119/minicluster-data/master-0-root metadata directory: /tmp/dist-test-taskY5QUuL/test-tmp/client-test.3.ClientTest.TestClonePredicates.1560063404629499-1119/minicluster-data/master-0-root 1 data directories: /tmp/dist-test-taskY5QUuL/test-tmp/client-test.3.ClientTest.TestClonePredicates.1560063404629499-1119/minicluster-data/master-0-root/data Total live blocks: 0 Total live bytes: 0 Total live bytes (after alignment): 0 Total number of LBM containers: 0 (0 full) Did not check for missing blocks Did not check for orphaned blocks Total full LBM containers with extra space: 0 (0 repaired) Total full LBM container extra space in bytes: 0 (0 repaired) Total incomplete LBM containers: 0 (0 repaired) Total LBM partial records: 0 (0 repaired)
I0609 06:56:58.285387 1119 rpc_server.cc:205] RPC server started. Bound to: 127.1.23.254:44631
I0609 06:56:58.286980 1119 webserver.cc:374] Webserver started at http://127.1.23.254:36373/ using document root and password file
I0609 06:56:58.288441 2940 data_dirs.cc:938] Could only allocate 1 dirs of requested 3 for tablet 00000000000000000000000000000000. 1 dirs total, 0 dirs full, 0 dirs failed
I0609 06:56:58.295434 2940 tablet_bootstrap.cc:439] T 00000000000000000000000000000000 P 8e44df63d6fa488a9ae3732910781026: Bootstrap starting.
I0609 06:56:58.297343 2940 tablet_bootstrap.cc:590] T 00000000000000000000000000000000 P 8e44df63d6fa488a9ae3732910781026: No blocks or log segments found. Creating new log.
I0609 06:56:58.299811 2940 tablet_bootstrap.cc:439] T 00000000000000000000000000000000 P 8e44df63d6fa488a9ae3732910781026: No bootstrap required, opened a new log
I0609 06:56:58.300900 2940 raft_consensus.cc:340] T 00000000000000000000000000000000 P 8e44df63d6fa488a9ae3732910781026 [term 0 FOLLOWER]: Replica starting. Triggering 0 pending transactions. Active config: opid_index: -1 OBSOLETE_local: true peers { permanent_uuid: "8e44df63d6fa488a9ae3732910781026" member_type: VOTER }
I0609 06:56:58.301187 2940 raft_consensus.cc:366] T 00000000000000000000000000000000 P 8e44df63d6fa488a9ae3732910781026 [term 0 FOLLOWER]: Consensus starting up: Expiring failure detector timer to make a prompt election more likely
I0609 06:56:58.301360 2940 raft_consensus.cc:705] T 00000000000000000000000000000000 P 8e44df63d6fa488a9ae3732910781026 [term 0 FOLLOWER]: Becoming Follower/Learner. State: Replica: 8e44df63d6fa488a9ae3732910781026, State: Initialized, Role: FOLLOWER
I0609 06:56:58.301741 2940 consensus_queue.cc:229] T 00000000000000000000000000000000 P 8e44df63d6fa488a9ae3732910781026 [NON_LEADER]: Queue going to NON_LEADER mode. State: All replicated index: 0, Majority replicated index: 0, Committed index: 0, Last appended: 0.0, Last appended by leader: 0, Current term: 0, Majority size: -1, State: 0, Mode: NON_LEADER, active raft config: opid_index: -1 OBSOLETE_local: true peers { permanent_uuid: "8e44df63d6fa488a9ae3732910781026" member_type: VOTER }
I0609 06:56:58.302098 2940 raft_consensus.cc:380] T 00000000000000000000000000000000 P 8e44df63d6fa488a9ae3732910781026 [term 0 FOLLOWER]: Only one voter in the Raft config. Triggering election immediately
I0609 06:56:58.302263 2940 raft_consensus.cc:472] T 00000000000000000000000000000000 P 8e44df63d6fa488a9ae3732910781026 [term 0 FOLLOWER]: Starting leader election (initial election of a single-replica configuration)
I0609 06:56:58.302458 2940 raft_consensus.cc:2890] T 00000000000000000000000000000000 P 8e44df63d6fa488a9ae3732910781026 [term 0 FOLLOWER]: Advancing to term 1
I0609 06:56:58.305513 2940 raft_consensus.cc:494] T 00000000000000000000000000000000 P 8e44df63d6fa488a9ae3732910781026 [term 1 FOLLOWER]: Starting leader election with config: opid_index: -1 OBSOLETE_local: true peers { permanent_uuid: "8e44df63d6fa488a9ae3732910781026" member_type: VOTER }
I0609 06:56:58.305884 2940 leader_election.cc:310] T 00000000000000000000000000000000 P 8e44df63d6fa488a9ae3732910781026 [CANDIDATE]: Term 1 election: Election decided. Result: candidate won. Election summary: received 1 responses out of 1 voters: 1 yes votes; 0 no votes. yes voters: 8e44df63d6fa488a9ae3732910781026; no voters:
I0609 06:56:58.306990 2942 raft_consensus.cc:2644] T 00000000000000000000000000000000 P 8e44df63d6fa488a9ae3732910781026 [term 1 FOLLOWER]: Leader election won for term 1
I0609 06:56:58.307603 2940 leader_election.cc:296] T 00000000000000000000000000000000 P 8e44df63d6fa488a9ae3732910781026 [CANDIDATE]: Term 1 election: Requested vote from peers
I0609 06:56:58.308727 2942 raft_consensus.cc:667] T 00000000000000000000000000000000 P 8e44df63d6fa488a9ae3732910781026 [term 1 LEADER]: Becoming Leader. State: Replica: 8e44df63d6fa488a9ae3732910781026, State: Running, Role: LEADER
I0609 06:56:58.309192 2942 consensus_queue.cc:206] T 00000000000000000000000000000000 P 8e44df63d6fa488a9ae3732910781026 [LEADER]: Queue going to LEADER mode. State: All replicated index: 0, Majority replicated index: 0, Committed index: 0, Last appended: 0.0, Last appended by leader: 0, Current term: 1, Majority size: 1, State: 0, Mode: LEADER, active raft config: opid_index: -1 OBSOLETE_local: true peers { permanent_uuid: "8e44df63d6fa488a9ae3732910781026" member_type: VOTER }
I0609 06:56:58.310959 2940 sys_catalog.cc:338] T 00000000000000000000000000000000 P 8e44df63d6fa488a9ae3732910781026 [sys.catalog]: SysCatalogTable state changed. Reason: Started TabletReplica. Latest consensus state: current_term: 1 leader_uuid: "8e44df63d6fa488a9ae3732910781026" committed_config { opid_index: -1 OBSOLETE_local: true peers { permanent_uuid: "8e44df63d6fa488a9ae3732910781026" member_type: VOTER } }
I0609 06:56:58.311121 2944 sys_catalog.cc:338] T 00000000000000000000000000000000 P 8e44df63d6fa488a9ae3732910781026 [sys.catalog]: SysCatalogTable state changed. Reason: RaftConsensus started. Latest consensus state: current_term: 1 leader_uuid: "8e44df63d6fa488a9ae3732910781026" committed_config { opid_index: -1 OBSOLETE_local: true peers { permanent_uuid: "8e44df63d6fa488a9ae3732910781026" member_type: VOTER } }
I0609 06:56:58.311312 2943 sys_catalog.cc:338] T 00000000000000000000000000000000 P 8e44df63d6fa488a9ae3732910781026 [sys.catalog]: SysCatalogTable state changed. Reason: New leader 8e44df63d6fa488a9ae3732910781026. Latest consensus state: current_term: 1 leader_uuid: "8e44df63d6fa488a9ae3732910781026" committed_config { opid_index: -1 OBSOLETE_local: true peers { permanent_uuid: "8e44df63d6fa488a9ae3732910781026" member_type: VOTER } }
I0609 06:56:58.311591 2940 sys_catalog.cc:341] T 00000000000000000000000000000000 P 8e44df63d6fa488a9ae3732910781026 [sys.catalog]: This master's current role is: LEADER
I0609 06:56:58.311710 2944 sys_catalog.cc:341] T 00000000000000000000000000000000 P 8e44df63d6fa488a9ae3732910781026 [sys.catalog]: This master's current role is: LEADER
I0609 06:56:58.311870 2943 sys_catalog.cc:341] T 00000000000000000000000000000000 P 8e44df63d6fa488a9ae3732910781026 [sys.catalog]: This master's current role is: LEADER
I0609 06:56:58.314172 2940 sys_catalog.cc:426] T 00000000000000000000000000000000 P 8e44df63d6fa488a9ae3732910781026 [sys.catalog]: configured and running, proceeding with master startup.
I0609 06:56:58.314338 2946 catalog_manager.cc:1056] Loading table and tablet metadata into memory...
I0609 06:56:58.316670 2946 catalog_manager.cc:1067] Initializing Kudu internal certificate authority...
I0609 06:56:58.317742 1119 internal_mini_cluster.cc:166] Waiting to initialize catalog manager on master 0
I0609 06:56:58.404171 2946 catalog_manager.cc:951] Generated new certificate authority record
I0609 06:56:58.405563 2946 catalog_manager.cc:1076] Loading token signing keys...
I0609 06:56:58.413074 2946 catalog_manager.cc:4293] T 00000000000000000000000000000000 P 8e44df63d6fa488a9ae3732910781026: Generated new TSK 0
I0609 06:56:58.459614 1119 system_ntp.cc:193] NTP initialized. Skew: 500ppm Current error: 96016us
I0609 06:56:58.459966 1119 fs_manager.cc:263] Metadata directory not provided
I0609 06:56:58.460132 1119 fs_manager.cc:269] Using write-ahead log directory (fs_wal_dir) as metadata directory
I0609 06:56:58.460386 1119 server_base.cc:440] Could not load existing FS layout: Not found: could not find a healthy instance file
I0609 06:56:58.460500 1119 server_base.cc:441] Attempting to create new FS layout instead
I0609 06:56:58.461468 1119 fs_manager.cc:602] Generated new instance metadata in path /tmp/dist-test-taskY5QUuL/test-tmp/client-test.3.ClientTest.TestClonePredicates.1560063404629499-1119/minicluster-data/ts-0-root/instance: uuid: "4c292794ac27412eafb8e03355749e2e" format_stamp: "Formatted at 2019-06-09 06:56:58 on dist-test-slave-dist-test-slave-9h7f"
I0609 06:56:58.470122 1119 fs_manager.cc:503] Time spent creating directory manager: real 0.008s user 0.006s sys 0.002s
I0609 06:56:58.471357 1119 file_cache.cc:465] Constructed file cache lbm with capacity 419430
I0609 06:56:58.478816 1119 fs_manager.cc:419] Time spent opening block manager: real 0.001s user 0.001s sys 0.000s
I0609 06:56:58.478957 1119 fs_manager.cc:436] Opened local filesystem: /tmp/dist-test-taskY5QUuL/test-tmp/client-test.3.ClientTest.TestClonePredicates.1560063404629499-1119/minicluster-data/ts-0-root uuid: "4c292794ac27412eafb8e03355749e2e" format_stamp: "Formatted at 2019-06-09 06:56:58 on dist-test-slave-dist-test-slave-9h7f"
I0609 06:56:58.479187 1119 fs_report.cc:352] FS layout report -------------------- wal directory: /tmp/dist-test-taskY5QUuL/test-tmp/client-test.3.ClientTest.TestClonePredicates.1560063404629499-1119/minicluster-data/ts-0-root metadata directory: /tmp/dist-test-taskY5QUuL/test-tmp/client-test.3.ClientTest.TestClonePredicates.1560063404629499-1119/minicluster-data/ts-0-root 1 data directories: /tmp/dist-test-taskY5QUuL/test-tmp/client-test.3.ClientTest.TestClonePredicates.1560063404629499-1119/minicluster-data/ts-0-root/data Total live blocks: 0 Total live bytes: 0 Total live bytes (after alignment): 0 Total number of LBM containers: 0 (0 full) Did not check for missing blocks Did not check for orphaned blocks Total full LBM containers with extra space: 0 (0 repaired) Total full LBM container extra space in bytes: 0 (0 repaired) Total incomplete LBM containers: 0 (0 repaired) Total LBM partial records: 0 (0 repaired)
I0609 06:56:58.526067 1119 ts_tablet_manager.cc:356] Loaded tablet metadata (0 total tablets, 0 live tablets)
I0609 06:56:58.526232 1119 ts_tablet_manager.cc:376] Registered 0 tablets
I0609 06:56:58.565682 1119 rpc_server.cc:205] RPC server started. Bound to: 127.1.23.193:41293
I0609 06:56:58.567351 1119 webserver.cc:374] Webserver started at http://127.1.23.193:35345/ using document root and password file
I0609 06:56:58.578864 3014 heartbeater.cc:324] Connected to a master server at 127.1.23.254:44631
I0609 06:56:58.579138 3014 heartbeater.cc:405] Registering TS with master...
I0609 06:56:58.579532 3014 heartbeater.cc:454] Master 127.1.23.254:44631 requested a full tablet report, sending...
I0609 06:56:58.580983 2907 ts_manager.cc:161] Registered new tserver with Master: 4c292794ac27412eafb8e03355749e2e (127.1.23.193:41293)
I0609 06:56:58.581538 1119 internal_mini_cluster.cc:328] 1 TS(s) registered with all masters after 0.012775897s
I0609 06:56:58.583578 2907 master_service.cc:274] Signed X509 certificate for tserver {username='slave'} at 127.0.0.1:35426
I0609 06:56:58.596333 3014 heartbeater.cc:446] Master 127.1.23.254:44631 was elected leader, sending a full tablet report...
I0609 06:56:58.600081 2906 catalog_manager.cc:1410] Servicing CreateTable request from {username='slave'} at 127.0.0.1:35428: name: "client-testtb" schema { columns { name: "key" type: INT32 is_key: true is_nullable: false encoding: AUTO_ENCODING compression: DEFAULT_COMPRESSION cfile_block_size: 0 } columns { name: "int_val" type: INT32 is_key: false is_nullable: false encoding: AUTO_ENCODING compression: DEFAULT_COMPRESSION cfile_block_size: 0 } columns { name: "string_val" type: STRING is_key: false is_nullable: true encoding: AUTO_ENCODING compression: DEFAULT_COMPRESSION cfile_block_size: 0 } columns { name: "non_null_with_default" type: INT32 is_key: false is_nullable: false read_default_value: "90\000\000" encoding: AUTO_ENCODING compression: DEFAULT_COMPRESSION cfile_block_size: 0 } } num_replicas: 1 split_rows_range_bounds { rows: "\004\001\000\t\000\000\000" } partition_schema { range_schema { columns { name: "key" } } }
I0609 06:56:58.623809 2981 tablet_service.cc:1016] Processing CreateTablet for tablet c9b7a4f1387045c18a8f94d6e07ea77d (table=client-testtb [id=e481014a611c41a8b2166cb55a77910b]), partition=RANGE (key) PARTITION VALUES < 9
I0609 06:56:58.624120 2980 tablet_service.cc:1016] Processing CreateTablet for tablet fcdd3529526647de93143c70e55bcb56 (table=client-testtb [id=e481014a611c41a8b2166cb55a77910b]), partition=RANGE (key) PARTITION VALUES >= 9
I0609 06:56:58.624568 2981 data_dirs.cc:938] Could only allocate 1 dirs of requested 3 for tablet c9b7a4f1387045c18a8f94d6e07ea77d. 1 dirs total, 0 dirs full, 0 dirs failed
I0609 06:56:58.625027 2980 data_dirs.cc:938] Could only allocate 1 dirs of requested 3 for tablet fcdd3529526647de93143c70e55bcb56. 1 dirs total, 0 dirs full, 0 dirs failed
I0609 06:56:58.633764 3026 tablet_bootstrap.cc:439] T c9b7a4f1387045c18a8f94d6e07ea77d P 4c292794ac27412eafb8e03355749e2e: Bootstrap starting.
I0609 06:56:58.636875 3026 tablet_bootstrap.cc:590] T c9b7a4f1387045c18a8f94d6e07ea77d P 4c292794ac27412eafb8e03355749e2e: No blocks or log segments found. Creating new log.
I0609 06:56:58.639770 3026 tablet_bootstrap.cc:439] T c9b7a4f1387045c18a8f94d6e07ea77d P 4c292794ac27412eafb8e03355749e2e: No bootstrap required, opened a new log
I0609 06:56:58.640056 3026 ts_tablet_manager.cc:1054] T c9b7a4f1387045c18a8f94d6e07ea77d P 4c292794ac27412eafb8e03355749e2e: Time spent bootstrapping tablet: real 0.006s user 0.005s sys 0.000s
I0609 06:56:58.641218 3026 raft_consensus.cc:340] T c9b7a4f1387045c18a8f94d6e07ea77d P 4c292794ac27412eafb8e03355749e2e [term 0 FOLLOWER]: Replica starting. Triggering 0 pending transactions. Active config: opid_index: -1 OBSOLETE_local: true peers { permanent_uuid: "4c292794ac27412eafb8e03355749e2e" member_type: VOTER last_known_addr { host: "127.1.23.193" port: 41293 } }
I0609 06:56:58.641621 3026 raft_consensus.cc:366] T c9b7a4f1387045c18a8f94d6e07ea77d P 4c292794ac27412eafb8e03355749e2e [term 0 FOLLOWER]: Consensus starting up: Expiring failure detector timer to make a prompt election more likely
I0609 06:56:58.641901 3026 raft_consensus.cc:705] T c9b7a4f1387045c18a8f94d6e07ea77d P 4c292794ac27412eafb8e03355749e2e [term 0 FOLLOWER]: Becoming Follower/Learner. State: Replica: 4c292794ac27412eafb8e03355749e2e, State: Initialized, Role: FOLLOWER
I0609 06:56:58.642400 3026 consensus_queue.cc:229] T c9b7a4f1387045c18a8f94d6e07ea77d P 4c292794ac27412eafb8e03355749e2e [NON_LEADER]: Queue going to NON_LEADER mode. State: All replicated index: 0, Majority replicated index: 0, Committed index: 0, Last appended: 0.0, Last appended by leader: 0, Current term: 0, Majority size: -1, State: 0, Mode: NON_LEADER, active raft config: opid_index: -1 OBSOLETE_local: true peers { permanent_uuid: "4c292794ac27412eafb8e03355749e2e" member_type: VOTER last_known_addr { host: "127.1.23.193" port: 41293 } }
I0609 06:56:58.642907 3026 raft_consensus.cc:380] T c9b7a4f1387045c18a8f94d6e07ea77d P 4c292794ac27412eafb8e03355749e2e [term 0 FOLLOWER]: Only one voter in the Raft config. Triggering election immediately
I0609 06:56:58.643201 3026 raft_consensus.cc:472] T c9b7a4f1387045c18a8f94d6e07ea77d P 4c292794ac27412eafb8e03355749e2e [term 0 FOLLOWER]: Starting leader election (initial election of a single-replica configuration)
I0609 06:56:58.643434 3026 raft_consensus.cc:2890] T c9b7a4f1387045c18a8f94d6e07ea77d P 4c292794ac27412eafb8e03355749e2e [term 0 FOLLOWER]: Advancing to term 1
I0609 06:56:58.647119 3026 raft_consensus.cc:494] T c9b7a4f1387045c18a8f94d6e07ea77d P 4c292794ac27412eafb8e03355749e2e [term 1 FOLLOWER]: Starting leader election with config: opid_index: -1 OBSOLETE_local: true peers { permanent_uuid: "4c292794ac27412eafb8e03355749e2e" member_type: VOTER last_known_addr { host: "127.1.23.193" port: 41293 } }
I0609 06:56:58.647753 3026 leader_election.cc:310] T c9b7a4f1387045c18a8f94d6e07ea77d P 4c292794ac27412eafb8e03355749e2e [CANDIDATE]: Term 1 election: Election decided. Result: candidate won. Election summary: received 1 responses out of 1 voters: 1 yes votes; 0 no votes. yes voters: 4c292794ac27412eafb8e03355749e2e; no voters:
I0609 06:56:58.649143 3026 leader_election.cc:296] T c9b7a4f1387045c18a8f94d6e07ea77d P 4c292794ac27412eafb8e03355749e2e [CANDIDATE]: Term 1 election: Requested vote from peers
I0609 06:56:58.649375 3028 raft_consensus.cc:2644] T c9b7a4f1387045c18a8f94d6e07ea77d P 4c292794ac27412eafb8e03355749e2e [term 1 FOLLOWER]: Leader election won for term 1
I0609 06:56:58.650921 3028 raft_consensus.cc:667] T c9b7a4f1387045c18a8f94d6e07ea77d P 4c292794ac27412eafb8e03355749e2e [term 1 LEADER]: Becoming Leader. State: Replica: 4c292794ac27412eafb8e03355749e2e, State: Running, Role: LEADER
I0609 06:56:58.652185 3026 ts_tablet_manager.cc:1082] T c9b7a4f1387045c18a8f94d6e07ea77d P 4c292794ac27412eafb8e03355749e2e: Time spent starting tablet: real 0.012s user 0.012s sys 0.000s
I0609 06:56:58.652140 3028 consensus_queue.cc:206] T c9b7a4f1387045c18a8f94d6e07ea77d P 4c292794ac27412eafb8e03355749e2e [LEADER]: Queue going to LEADER mode. State: All replicated index: 0, Majority replicated index: 0, Committed index: 0, Last appended: 0.0, Last appended by leader: 0, Current term: 1, Majority size: 1, State: 0, Mode: LEADER, active raft config: opid_index: -1 OBSOLETE_local: true peers { permanent_uuid: "4c292794ac27412eafb8e03355749e2e" member_type: VOTER last_known_addr { host: "127.1.23.193" port: 41293 } }
I0609 06:56:58.652700 3026 tablet_bootstrap.cc:439] T fcdd3529526647de93143c70e55bcb56 P 4c292794ac27412eafb8e03355749e2e: Bootstrap starting.
I0609 06:56:58.654615 3026 tablet_bootstrap.cc:590] T fcdd3529526647de93143c70e55bcb56 P 4c292794ac27412eafb8e03355749e2e: No blocks or log segments found. Creating new log.
I0609 06:56:58.657975 3026 tablet_bootstrap.cc:439] T fcdd3529526647de93143c70e55bcb56 P 4c292794ac27412eafb8e03355749e2e: No bootstrap required, opened a new log
I0609 06:56:58.658375 3026 ts_tablet_manager.cc:1054] T fcdd3529526647de93143c70e55bcb56 P 4c292794ac27412eafb8e03355749e2e: Time spent bootstrapping tablet: real 0.006s user 0.005s sys 0.000s
I0609 06:56:58.658939 2906 catalog_manager.cc:3989] T c9b7a4f1387045c18a8f94d6e07ea77d P 4c292794ac27412eafb8e03355749e2e reported cstate change: term changed from 0 to 1, leader changed from to 4c292794ac27412eafb8e03355749e2e (127.1.23.193). New cstate: current_term: 1 leader_uuid: "4c292794ac27412eafb8e03355749e2e" committed_config { opid_index: -1 OBSOLETE_local: true peers { permanent_uuid: "4c292794ac27412eafb8e03355749e2e" member_type: VOTER last_known_addr { host: "127.1.23.193" port: 41293 } health_report { overall_health: HEALTHY } } }
I0609 06:56:58.659598 3026 raft_consensus.cc:340] T fcdd3529526647de93143c70e55bcb56 P 4c292794ac27412eafb8e03355749e2e [term 0 FOLLOWER]: Replica starting. Triggering 0 pending transactions. Active config: opid_index: -1 OBSOLETE_local: true peers { permanent_uuid: "4c292794ac27412eafb8e03355749e2e" member_type: VOTER last_known_addr { host: "127.1.23.193" port: 41293 } }
I0609 06:56:58.660166 3026 raft_consensus.cc:366] T fcdd3529526647de93143c70e55bcb56 P 4c292794ac27412eafb8e03355749e2e [term 0 FOLLOWER]: Consensus starting up: Expiring failure detector timer to make a prompt election more likely
I0609 06:56:58.660475 3026 raft_consensus.cc:705] T fcdd3529526647de93143c70e55bcb56 P 4c292794ac27412eafb8e03355749e2e [term 0 FOLLOWER]: Becoming Follower/Learner. State: Replica: 4c292794ac27412eafb8e03355749e2e, State: Initialized, Role: FOLLOWER
I0609 06:56:58.661170 3026 consensus_queue.cc:229] T fcdd3529526647de93143c70e55bcb56 P 4c292794ac27412eafb8e03355749e2e [NON_LEADER]: Queue going to NON_LEADER mode. State: All replicated index: 0, Majority replicated index: 0, Committed index: 0, Last appended: 0.0, Last appended by leader: 0, Current term: 0, Majority size: -1, State: 0, Mode: NON_LEADER, active raft config: opid_index: -1 OBSOLETE_local: true peers { permanent_uuid: "4c292794ac27412eafb8e03355749e2e" member_type: VOTER last_known_addr { host: "127.1.23.193" port: 41293 } }
I0609 06:56:58.661722 3026 raft_consensus.cc:380] T fcdd3529526647de93143c70e55bcb56 P 4c292794ac27412eafb8e03355749e2e [term 0 FOLLOWER]: Only one voter in the Raft config. Triggering election immediately
I0609 06:56:58.661919 3026 raft_consensus.cc:472] T fcdd3529526647de93143c70e55bcb56 P 4c292794ac27412eafb8e03355749e2e [term 0 FOLLOWER]: Starting leader election (initial election of a single-replica configuration)
I0609 06:56:58.662145 3026 raft_consensus.cc:2890] T fcdd3529526647de93143c70e55bcb56 P 4c292794ac27412eafb8e03355749e2e [term 0 FOLLOWER]: Advancing to term 1
I0609 06:56:58.666700 3026 raft_consensus.cc:494] T fcdd3529526647de93143c70e55bcb56 P 4c292794ac27412eafb8e03355749e2e [term 1 FOLLOWER]: Starting leader election with config: opid_index: -1 OBSOLETE_local: true peers { permanent_uuid: "4c292794ac27412eafb8e03355749e2e" member_type: VOTER last_known_addr { host: "127.1.23.193" port: 41293 } }
I0609 06:56:58.667109 3026 leader_election.cc:310] T fcdd3529526647de93143c70e55bcb56 P 4c292794ac27412eafb8e03355749e2e [CANDIDATE]: Term 1 election: Election decided. Result: candidate won. Election summary: received 1 responses out of 1 voters: 1 yes votes; 0 no votes. yes voters: 4c292794ac27412eafb8e03355749e2e; no voters:
I0609 06:56:58.667526 3026 leader_election.cc:296] T fcdd3529526647de93143c70e55bcb56 P 4c292794ac27412eafb8e03355749e2e [CANDIDATE]: Term 1 election: Requested vote from peers
I0609 06:56:58.667659 3028 raft_consensus.cc:2644] T fcdd3529526647de93143c70e55bcb56 P 4c292794ac27412eafb8e03355749e2e [term 1 FOLLOWER]: Leader election won for term 1
I0609 06:56:58.668145 3028 raft_consensus.cc:667] T fcdd3529526647de93143c70e55bcb56 P 4c292794ac27412eafb8e03355749e2e [term 1 LEADER]: Becoming Leader. State: Replica: 4c292794ac27412eafb8e03355749e2e, State: Running, Role: LEADER
I0609 06:56:58.668382 3026 ts_tablet_manager.cc:1082] T fcdd3529526647de93143c70e55bcb56 P 4c292794ac27412eafb8e03355749e2e: Time spent starting tablet: real 0.010s user 0.007s sys 0.000s
I0609 06:56:58.668656 3028 consensus_queue.cc:206] T fcdd3529526647de93143c70e55bcb56 P 4c292794ac27412eafb8e03355749e2e [LEADER]: Queue going to LEADER mode. State: All replicated index: 0, Majority replicated index: 0, Committed index: 0, Last appended: 0.0, Last appended by leader: 0, Current term: 1, Majority size: 1, State: 0, Mode: LEADER, active raft config: opid_index: -1 OBSOLETE_local: true peers { permanent_uuid: "4c292794ac27412eafb8e03355749e2e" member_type: VOTER last_known_addr { host: "127.1.23.193" port: 41293 } }
I0609 06:56:58.672246 2906 catalog_manager.cc:3989] T fcdd3529526647de93143c70e55bcb56 P 4c292794ac27412eafb8e03355749e2e reported cstate change: term changed from 0 to 1, leader changed from to 4c292794ac27412eafb8e03355749e2e (127.1.23.193). New cstate: current_term: 1 leader_uuid: "4c292794ac27412eafb8e03355749e2e" committed_config { opid_index: -1 OBSOLETE_local: true peers { permanent_uuid: "4c292794ac27412eafb8e03355749e2e" member_type: VOTER last_known_addr { host: "127.1.23.193" port: 41293 } health_report { overall_health: HEALTHY } } }
I0609 06:56:58.719368 1119 tablet_server.cc:155] TabletServer shutting down...
I0609 06:56:58.742995 1119 ts_tablet_manager.cc:1128] Shutting down tablet manager...
I0609 06:56:58.743333 1119 tablet_replica.cc:265] T fcdd3529526647de93143c70e55bcb56 P 4c292794ac27412eafb8e03355749e2e: stopping tablet replica
I0609 06:56:58.743748 1119 raft_consensus.cc:2147] T fcdd3529526647de93143c70e55bcb56 P 4c292794ac27412eafb8e03355749e2e [term 1 LEADER]: Raft consensus shutting down.
I0609 06:56:58.744047 1119 raft_consensus.cc:2174] T fcdd3529526647de93143c70e55bcb56 P 4c292794ac27412eafb8e03355749e2e [term 1 FOLLOWER]: Raft consensus is shut down!
I0609 06:56:58.746412 1119 tablet_replica.cc:265] T c9b7a4f1387045c18a8f94d6e07ea77d P 4c292794ac27412eafb8e03355749e2e: stopping tablet replica
I0609 06:56:58.746747 1119 raft_consensus.cc:2147] T c9b7a4f1387045c18a8f94d6e07ea77d P 4c292794ac27412eafb8e03355749e2e [term 1 LEADER]: Raft consensus shutting down.
I0609 06:56:58.746989 1119 raft_consensus.cc:2174] T c9b7a4f1387045c18a8f94d6e07ea77d P 4c292794ac27412eafb8e03355749e2e [term 1 FOLLOWER]: Raft consensus is shut down!
I0609 06:56:58.766547 1119 tablet_server.cc:169] TabletServer shutdown complete.
I0609 06:56:58.766665 1119 tablet_server.cc:155] TabletServer shutting down...
I0609 06:56:58.766942 1119 tablet_server.cc:169] TabletServer shutdown complete.
I0609 06:56:58.773367 1119 master.cc:247] Master@127.1.23.254:44631 shutting down...
I0609 06:56:58.786013 1119 raft_consensus.cc:2147] T 00000000000000000000000000000000 P 8e44df63d6fa488a9ae3732910781026 [term 1 LEADER]: Raft consensus shutting down.
I0609 06:56:58.786298 1119 raft_consensus.cc:2174] T 00000000000000000000000000000000 P 8e44df63d6fa488a9ae3732910781026 [term 1 FOLLOWER]: Raft consensus is shut down!
I0609 06:56:58.786572 1119 tablet_replica.cc:265] T 00000000000000000000000000000000 P 8e44df63d6fa488a9ae3732910781026: stopping tablet replica
I0609 06:56:58.804744 1119 master.cc:258] Master@127.1.23.254:44631 shutdown complete. [ OK ] ClientTest.TestClonePredicates (622 ms) [ RUN ] ClientTest.TestErrorCollector
I0609 06:56:58.818549 1119 internal_mini_cluster.cc:146] Creating distributed mini masters. Addrs: 127.1.23.254:39133
I0609 06:56:58.830042 1119 system_ntp.cc:193] NTP initialized. Skew: 500ppm Current error: 96016us
I0609 06:56:58.830313 1119 fs_manager.cc:263] Metadata directory not provided
I0609 06:56:58.830451 1119 fs_manager.cc:269] Using write-ahead log directory (fs_wal_dir) as metadata directory
I0609 06:56:58.830622 1119 server_base.cc:440] Could not load existing FS layout: Not found: could not find a healthy instance file
I0609 06:56:58.830744 1119 server_base.cc:441] Attempting to create new FS layout instead
I0609 06:56:58.831527 1119 fs_manager.cc:602] Generated new instance metadata in path /tmp/dist-test-taskY5QUuL/test-tmp/client-test.3.ClientTest.TestErrorCollector.1560063404629499-1119/minicluster-data/master-0-root/instance: uuid: "027af72dd998430c8b0e30ffb2e47579" format_stamp: "Formatted at 2019-06-09 06:56:58 on dist-test-slave-dist-test-slave-9h7f"
I0609 06:56:58.839850 1119 fs_manager.cc:503] Time spent creating directory manager: real 0.008s user 0.009s sys 0.001s
I0609 06:56:58.841099 1119 file_cache.cc:465] Constructed file cache lbm with capacity 419430
I0609 06:56:58.847709 1119 fs_manager.cc:419] Time spent opening block manager: real 0.001s user 0.000s sys 0.000s
I0609 06:56:58.847858 1119 fs_manager.cc:436] Opened local filesystem: /tmp/dist-test-taskY5QUuL/test-tmp/client-test.3.ClientTest.TestErrorCollector.1560063404629499-1119/minicluster-data/master-0-root uuid: "027af72dd998430c8b0e30ffb2e47579" format_stamp: "Formatted at 2019-06-09 06:56:58 on dist-test-slave-dist-test-slave-9h7f"
I0609 06:56:58.848052 1119 fs_report.cc:352] FS layout report -------------------- wal directory: /tmp/dist-test-taskY5QUuL/test-tmp/client-test.3.ClientTest.TestErrorCollector.1560063404629499-1119/minicluster-data/master-0-root metadata directory: /tmp/dist-test-taskY5QUuL/test-tmp/client-test.3.ClientTest.TestErrorCollector.1560063404629499-1119/minicluster-data/master-0-root 1 data directories: /tmp/dist-test-taskY5QUuL/test-tmp/client-test.3.ClientTest.TestErrorCollector.1560063404629499-1119/minicluster-data/master-0-root/data Total live blocks: 0 Total live bytes: 0 Total live bytes (after alignment): 0 Total number of LBM containers: 0 (0 full) Did not check for missing blocks Did not check for orphaned blocks Total full LBM containers with extra space: 0 (0 repaired) Total full LBM container extra space in bytes: 0 (0 repaired) Total incomplete LBM containers: 0 (0 repaired) Total LBM partial records: 0 (0 repaired)
I0609 06:56:58.899291 1119 rpc_server.cc:205] RPC server started. Bound to: 127.1.23.254:39133
I0609 06:56:58.900794 1119 webserver.cc:374] Webserver started at http://127.1.23.254:43959/ using document root and password file
I0609 06:56:58.902328 3091 data_dirs.cc:938] Could only allocate 1 dirs of requested 3 for tablet 00000000000000000000000000000000. 1 dirs total, 0 dirs full, 0 dirs failed
I0609 06:56:58.909633 3091 tablet_bootstrap.cc:439] T 00000000000000000000000000000000 P 027af72dd998430c8b0e30ffb2e47579: Bootstrap starting.
I0609 06:56:58.911656 3091 tablet_bootstrap.cc:590] T 00000000000000000000000000000000 P 027af72dd998430c8b0e30ffb2e47579: No blocks or log segments found. Creating new log.
I0609 06:56:58.914229 3091 tablet_bootstrap.cc:439] T 00000000000000000000000000000000 P 027af72dd998430c8b0e30ffb2e47579: No bootstrap required, opened a new log
I0609 06:56:58.915398 3091 raft_consensus.cc:340] T 00000000000000000000000000000000 P 027af72dd998430c8b0e30ffb2e47579 [term 0 FOLLOWER]: Replica starting. Triggering 0 pending transactions. Active config: opid_index: -1 OBSOLETE_local: true peers { permanent_uuid: "027af72dd998430c8b0e30ffb2e47579" member_type: VOTER }
I0609 06:56:58.915724 3091 raft_consensus.cc:366] T 00000000000000000000000000000000 P 027af72dd998430c8b0e30ffb2e47579 [term 0 FOLLOWER]: Consensus starting up: Expiring failure detector timer to make a prompt election more likely
I0609 06:56:58.915874 3091 raft_consensus.cc:705] T 00000000000000000000000000000000 P 027af72dd998430c8b0e30ffb2e47579 [term 0 FOLLOWER]: Becoming Follower/Learner. State: Replica: 027af72dd998430c8b0e30ffb2e47579, State: Initialized, Role: FOLLOWER
I0609 06:56:58.916256 3091 consensus_queue.cc:229] T 00000000000000000000000000000000 P 027af72dd998430c8b0e30ffb2e47579 [NON_LEADER]: Queue going to NON_LEADER mode. State: All replicated index: 0, Majority replicated index: 0, Committed index: 0, Last appended: 0.0, Last appended by leader: 0, Current term: 0, Majority size: -1, State: 0, Mode: NON_LEADER, active raft config: opid_index: -1 OBSOLETE_local: true peers { permanent_uuid: "027af72dd998430c8b0e30ffb2e47579" member_type: VOTER }
I0609 06:56:58.916606 3091 raft_consensus.cc:380] T 00000000000000000000000000000000 P 027af72dd998430c8b0e30ffb2e47579 [term 0 FOLLOWER]: Only one voter in the Raft config. Triggering election immediately
I0609 06:56:58.916779 3091 raft_consensus.cc:472] T 00000000000000000000000000000000 P 027af72dd998430c8b0e30ffb2e47579 [term 0 FOLLOWER]: Starting leader election (initial election of a single-replica configuration)
I0609 06:56:58.916975 3091 raft_consensus.cc:2890] T 00000000000000000000000000000000 P 027af72dd998430c8b0e30ffb2e47579 [term 0 FOLLOWER]: Advancing to term 1
I0609 06:56:58.920712 3091 raft_consensus.cc:494] T 00000000000000000000000000000000 P 027af72dd998430c8b0e30ffb2e47579 [term 1 FOLLOWER]: Starting leader election with config: opid_index: -1 OBSOLETE_local: true peers { permanent_uuid: "027af72dd998430c8b0e30ffb2e47579" member_type: VOTER }
I0609 06:56:58.921113 3091 leader_election.cc:310] T 00000000000000000000000000000000 P 027af72dd998430c8b0e30ffb2e47579 [CANDIDATE]: Term 1 election: Election decided. Result: candidate won. Election summary: received 1 responses out of 1 voters: 1 yes votes; 0 no votes. yes voters: 027af72dd998430c8b0e30ffb2e47579; no voters:
I0609 06:56:58.922379 3093 raft_consensus.cc:2644] T 00000000000000000000000000000000 P 027af72dd998430c8b0e30ffb2e47579 [term 1 FOLLOWER]: Leader election won for term 1
I0609 06:56:58.923015 3091 leader_election.cc:296] T 00000000000000000000000000000000 P 027af72dd998430c8b0e30ffb2e47579 [CANDIDATE]: Term 1 election: Requested vote from peers
I0609 06:56:58.924110 3093 raft_consensus.cc:667] T 00000000000000000000000000000000 P 027af72dd998430c8b0e30ffb2e47579 [term 1 LEADER]: Becoming Leader. State: Replica: 027af72dd998430c8b0e30ffb2e47579, State: Running, Role: LEADER
I0609 06:56:58.924537 3093 consensus_queue.cc:206] T 00000000000000000000000000000000 P 027af72dd998430c8b0e30ffb2e47579 [LEADER]: Queue going to LEADER mode. State: All replicated index: 0, Majority replicated index: 0, Committed index: 0, Last appended: 0.0, Last appended by leader: 0, Current term: 1, Majority size: 1, State: 0, Mode: LEADER, active raft config: opid_index: -1 OBSOLETE_local: true peers { permanent_uuid: "027af72dd998430c8b0e30ffb2e47579" member_type: VOTER }
I0609 06:56:58.927333 3095 sys_catalog.cc:338] T 00000000000000000000000000000000 P 027af72dd998430c8b0e30ffb2e47579 [sys.catalog]: SysCatalogTable state changed. Reason: New leader 027af72dd998430c8b0e30ffb2e47579. Latest consensus state: current_term: 1 leader_uuid: "027af72dd998430c8b0e30ffb2e47579" committed_config { opid_index: -1 OBSOLETE_local: true peers { permanent_uuid: "027af72dd998430c8b0e30ffb2e47579" member_type: VOTER } }
I0609 06:56:58.927700 3095 sys_catalog.cc:341] T 00000000000000000000000000000000 P 027af72dd998430c8b0e30ffb2e47579 [sys.catalog]: This master's current role is: LEADER
I0609 06:56:58.928963 3091 sys_catalog.cc:338] T 00000000000000000000000000000000 P 027af72dd998430c8b0e30ffb2e47579 [sys.catalog]: SysCatalogTable state changed. Reason: Started TabletReplica. Latest consensus state: current_term: 1 leader_uuid: "027af72dd998430c8b0e30ffb2e47579" committed_config { opid_index: -1 OBSOLETE_local: true peers { permanent_uuid: "027af72dd998430c8b0e30ffb2e47579" member_type: VOTER } }
I0609 06:56:58.929538 3091 sys_catalog.cc:341] T 00000000000000000000000000000000 P 027af72dd998430c8b0e30ffb2e47579 [sys.catalog]: This master's current role is: LEADER
I0609 06:56:58.930598 3091 sys_catalog.cc:426] T 00000000000000000000000000000000 P 027af72dd998430c8b0e30ffb2e47579 [sys.catalog]: configured and running, proceeding with master startup.
I0609 06:56:58.930845 3099 catalog_manager.cc:1056] Loading table and tablet metadata into memory...
I0609 06:56:58.931114 3094 sys_catalog.cc:338] T 00000000000000000000000000000000 P 027af72dd998430c8b0e30ffb2e47579 [sys.catalog]: SysCatalogTable state changed. Reason: RaftConsensus started. Latest consensus state: current_term: 1 leader_uuid: "027af72dd998430c8b0e30ffb2e47579" committed_config { opid_index: -1 OBSOLETE_local: true peers { permanent_uuid: "027af72dd998430c8b0e30ffb2e47579" member_type: VOTER } }
I0609 06:56:58.931788 3094 sys_catalog.cc:341] T 00000000000000000000000000000000 P 027af72dd998430c8b0e30ffb2e47579 [sys.catalog]: This master's current role is: LEADER
I0609 06:56:58.933732 1119 internal_mini_cluster.cc:166] Waiting to initialize catalog manager on master 0
I0609 06:56:58.934111 3099 catalog_manager.cc:1067] Initializing Kudu internal certificate authority...
I0609 06:56:58.972447 3099 catalog_manager.cc:951] Generated new certificate authority record
I0609 06:56:58.973939 3099 catalog_manager.cc:1076] Loading token signing keys...
I0609 06:56:58.986075 3099 catalog_manager.cc:4293] T 00000000000000000000000000000000 P 027af72dd998430c8b0e30ffb2e47579: Generated new TSK 0
I0609 06:56:59.011247 1119 system_ntp.cc:193] NTP initialized. Skew: 500ppm Current error: 96516us
I0609 06:56:59.011536 1119 fs_manager.cc:263] Metadata directory not provided
I0609 06:56:59.011665 1119 fs_manager.cc:269] Using write-ahead log directory (fs_wal_dir) as metadata directory
I0609 06:56:59.011849 1119 server_base.cc:440] Could not load existing FS layout: Not found: could not find a healthy instance file
I0609 06:56:59.011958 1119 server_base.cc:441] Attempting to create new FS layout instead
I0609 06:56:59.012773 1119 fs_manager.cc:602] Generated new instance metadata in path /tmp/dist-test-taskY5QUuL/test-tmp/client-test.3.ClientTest.TestErrorCollector.1560063404629499-1119/minicluster-data/ts-0-root/instance: uuid: "0c0ecb57c443435d84a1bd6987c3305d" format_stamp: "Formatted at 2019-06-09 06:56:59 on dist-test-slave-dist-test-slave-9h7f"
I0609 06:56:59.021826 1119 fs_manager.cc:503] Time spent creating directory manager: real 0.009s user 0.010s sys 0.001s
I0609 06:56:59.023089 1119 file_cache.cc:465] Constructed file cache lbm with capacity 419430
I0609 06:56:59.029976 1119 fs_manager.cc:419] Time spent opening block manager: real 0.001s user 0.000s sys 0.001s
I0609 06:56:59.030117 1119 fs_manager.cc:436] Opened local filesystem: /tmp/dist-test-taskY5QUuL/test-tmp/client-test.3.ClientTest.TestErrorCollector.1560063404629499-1119/minicluster-data/ts-0-root uuid: "0c0ecb57c443435d84a1bd6987c3305d" format_stamp: "Formatted at 2019-06-09 06:56:59 on dist-test-slave-dist-test-slave-9h7f"
I0609 06:56:59.030330 1119 fs_report.cc:352] FS layout report -------------------- wal directory: /tmp/dist-test-taskY5QUuL/test-tmp/client-test.3.ClientTest.TestErrorCollector.1560063404629499-1119/minicluster-data/ts-0-root metadata directory: /tmp/dist-test-taskY5QUuL/test-tmp/client-test.3.ClientTest.TestErrorCollector.1560063404629499-1119/minicluster-data/ts-0-root 1 data directories: /tmp/dist-test-taskY5QUuL/test-tmp/client-test.3.ClientTest.TestErrorCollector.1560063404629499-1119/minicluster-data/ts-0-root/data Total live blocks: 0 Total live bytes: 0 Total live bytes (after alignment): 0 Total number of LBM containers: 0 (0 full) Did not check for missing blocks Did not check for orphaned blocks Total full LBM containers with extra space: 0 (0 repaired) Total full LBM container extra space in bytes: 0 (0 repaired) Total incomplete LBM containers: 0 (0 repaired) Total LBM partial records: 0 (0 repaired)
I0609 06:56:59.055289 1119 ts_tablet_manager.cc:356] Loaded tablet metadata (0 total tablets, 0 live tablets)
I0609 06:56:59.055419 1119 ts_tablet_manager.cc:376] Registered 0 tablets
I0609 06:56:59.091054 1119 rpc_server.cc:205] RPC server started. Bound to: 127.1.23.193:46675
I0609 06:56:59.092839 1119 webserver.cc:374] Webserver started at http://127.1.23.193:39437/ using document root and password file
I0609 06:56:59.104132 3166 heartbeater.cc:324] Connected to a master server at 127.1.23.254:39133
I0609 06:56:59.104442 3166 heartbeater.cc:405] Registering TS with master...
I0609 06:56:59.104856 3166 heartbeater.cc:454] Master 127.1.23.254:39133 requested a full tablet report, sending...
I0609 06:56:59.106215 3058 ts_manager.cc:161] Registered new tserver with Master: 0c0ecb57c443435d84a1bd6987c3305d (127.1.23.193:46675)
I0609 06:56:59.106562 1119 internal_mini_cluster.cc:328] 1 TS(s) registered with all masters after 0.011689078s
I0609 06:56:59.108060 3058 master_service.cc:274] Signed X509 certificate for tserver {username='slave'} at 127.0.0.1:40750
I0609 06:56:59.120859 3166 heartbeater.cc:446] Master 127.1.23.254:39133 was elected leader, sending a full tablet report...
I0609 06:56:59.128469 3058 catalog_manager.cc:1410] Servicing CreateTable request from {username='slave'} at 127.0.0.1:40752: name: "client-testtb" schema { columns { name: "key" type: INT32 is_key: true is_nullable: false encoding: AUTO_ENCODING compression: DEFAULT_COMPRESSION cfile_block_size: 0 } columns { name: "int_val" type: INT32 is_key: false is_nullable: false encoding: AUTO_ENCODING compression: DEFAULT_COMPRESSION cfile_block_size: 0 } columns { name: "string_val" type: STRING is_key: false is_nullable: true encoding: AUTO_ENCODING compression: DEFAULT_COMPRESSION cfile_block_size: 0 } columns { name: "non_null_with_default" type: INT32 is_key: false is_nullable: false read_default_value: "90\000\000" encoding: AUTO_ENCODING compression: DEFAULT_COMPRESSION cfile_block_size: 0 } } num_replicas: 1 split_rows_range_bounds { rows: "\004\001\000\t\000\000\000" } partition_schema { range_schema { columns { name: "key" } } }
I0609 06:56:59.157692 3133 tablet_service.cc:1016] Processing CreateTablet for tablet 026f9bffd11c4a39a04a0797228c34d2 (table=client-testtb [id=ade01509451a498f97f98913a4ad64cb]), partition=RANGE (key) PARTITION VALUES < 9
I0609 06:56:59.158072 3132 tablet_service.cc:1016] Processing CreateTablet for tablet f78343c1a1d04d86a483cb9a3476c5c9 (table=client-testtb [id=ade01509451a498f97f98913a4ad64cb]), partition=RANGE (key) PARTITION VALUES >= 9
