I0609 06:56:56.809669 1119 fs_manager.cc:263] Metadata directory not provided
I0609 06:56:56.809866 1119 fs_manager.cc:269] Using write-ahead log directory (fs_wal_dir) as metadata directory
I0609 06:56:56.810115 1119 server_base.cc:440] Could not load existing FS layout: Not found: could not find a healthy instance file
I0609 06:56:56.810281 1119 server_base.cc:441] Attempting to create new FS layout instead
I0609 06:56:56.811549 1119 fs_manager.cc:602] Generated new instance metadata in path /tmp/dist-test-taskY5QUuL/test-tmp/client-test.3.ClientTest.TestMasterLookupPermits.1560063404629499-1119/minicluster-data/master-0-root/instance: uuid: "9bd45aac38f34cce8c7c85a157a1a38c" format_stamp: "Formatted at 2019-06-09 06:56:56 on dist-test-slave-dist-test-slave-9h7f"
I0609 06:56:56.825700 1119 fs_manager.cc:503] Time spent creating directory manager: real 0.014s user 0.009s sys 0.006s
I0609 06:56:56.828004 1119 file_cache.cc:465] Constructed file cache lbm with capacity 419430
I0609 06:56:56.834573 1119 fs_manager.cc:419] Time spent opening block manager: real 0.001s user 0.001s sys 0.000s
I0609 06:56:56.834717 1119 fs_manager.cc:436] Opened local filesystem: /tmp/dist-test-taskY5QUuL/test-tmp/client-test.3.ClientTest.TestMasterLookupPermits.1560063404629499-1119/minicluster-data/master-0-root uuid: "9bd45aac38f34cce8c7c85a157a1a38c" format_stamp: "Formatted at 2019-06-09 06:56:56 on dist-test-slave-dist-test-slave-9h7f"
I0609 06:56:56.834913 1119 fs_report.cc:352] FS layout report -------------------- wal directory: /tmp/dist-test-taskY5QUuL/test-tmp/client-test.3.ClientTest.TestMasterLookupPermits.1560063404629499-1119/minicluster-data/master-0-root metadata directory: /tmp/dist-test-taskY5QUuL/test-tmp/client-test.3.ClientTest.TestMasterLookupPermits.1560063404629499-1119/minicluster-data/master-0-root 1 data directories: /tmp/dist-test-taskY5QUuL/test-tmp/client-test.3.ClientTest.TestMasterLookupPermits.1560063404629499-1119/minicluster-data/master-0-root/data Total live blocks: 0 Total live bytes: 0 Total live bytes (after alignment): 0 Total number of LBM containers: 0 (0 full) Did not check for missing blocks Did not check for orphaned blocks Total full LBM containers with extra space: 0 (0 repaired) Total full LBM container extra space in bytes: 0 (0 repaired) Total incomplete LBM containers: 0 (0 repaired) Total LBM partial records: 0 (0 repaired)
I0609 06:56:56.898412 1119 rpc_server.cc:205] RPC server started. Bound to: 127.1.23.254:41285
I0609 06:56:56.900079 1119 webserver.cc:374] Webserver started at http://127.1.23.254:43849/ using document root and password file
I0609 06:56:56.901773 2638 data_dirs.cc:938] Could only allocate 1 dirs of requested 3 for tablet 00000000000000000000000000000000. 1 dirs total, 0 dirs full, 0 dirs failed
I0609 06:56:56.908876 2638 tablet_bootstrap.cc:439] T 00000000000000000000000000000000 P 9bd45aac38f34cce8c7c85a157a1a38c: Bootstrap starting.
I0609 06:56:56.910918 2638 tablet_bootstrap.cc:590] T 00000000000000000000000000000000 P 9bd45aac38f34cce8c7c85a157a1a38c: No blocks or log segments found. Creating new log.
I0609 06:56:56.913468 2638 tablet_bootstrap.cc:439] T 00000000000000000000000000000000 P 9bd45aac38f34cce8c7c85a157a1a38c: No bootstrap required, opened a new log
I0609 06:56:56.914599 2638 raft_consensus.cc:340] T 00000000000000000000000000000000 P 9bd45aac38f34cce8c7c85a157a1a38c [term 0 FOLLOWER]: Replica starting. Triggering 0 pending transactions. Active config: opid_index: -1 OBSOLETE_local: true peers { permanent_uuid: "9bd45aac38f34cce8c7c85a157a1a38c" member_type: VOTER }
I0609 06:56:56.914924 2638 raft_consensus.cc:366] T 00000000000000000000000000000000 P 9bd45aac38f34cce8c7c85a157a1a38c [term 0 FOLLOWER]: Consensus starting up: Expiring failure detector timer to make a prompt election more likely
I0609 06:56:56.915102 2638 raft_consensus.cc:705] T 00000000000000000000000000000000 P 9bd45aac38f34cce8c7c85a157a1a38c [term 0 FOLLOWER]: Becoming Follower/Learner. State: Replica: 9bd45aac38f34cce8c7c85a157a1a38c, State: Initialized, Role: FOLLOWER
I0609 06:56:56.915562 2638 consensus_queue.cc:229] T 00000000000000000000000000000000 P 9bd45aac38f34cce8c7c85a157a1a38c [NON_LEADER]: Queue going to NON_LEADER mode. State: All replicated index: 0, Majority replicated index: 0, Committed index: 0, Last appended: 0.0, Last appended by leader: 0, Current term: 0, Majority size: -1, State: 0, Mode: NON_LEADER, active raft config: opid_index: -1 OBSOLETE_local: true peers { permanent_uuid: "9bd45aac38f34cce8c7c85a157a1a38c" member_type: VOTER }
I0609 06:56:56.916049 2638 raft_consensus.cc:380] T 00000000000000000000000000000000 P 9bd45aac38f34cce8c7c85a157a1a38c [term 0 FOLLOWER]: Only one voter in the Raft config. Triggering election immediately
I0609 06:56:56.916224 2638 raft_consensus.cc:472] T 00000000000000000000000000000000 P 9bd45aac38f34cce8c7c85a157a1a38c [term 0 FOLLOWER]: Starting leader election (initial election of a single-replica configuration)
I0609 06:56:56.916450 2638 raft_consensus.cc:2890] T 00000000000000000000000000000000 P 9bd45aac38f34cce8c7c85a157a1a38c [term 0 FOLLOWER]: Advancing to term 1
I0609 06:56:56.919663 2638 raft_consensus.cc:494] T 00000000000000000000000000000000 P 9bd45aac38f34cce8c7c85a157a1a38c [term 1 FOLLOWER]: Starting leader election with config: opid_index: -1 OBSOLETE_local: true peers { permanent_uuid: "9bd45aac38f34cce8c7c85a157a1a38c" member_type: VOTER }
I0609 06:56:56.920130 2638 leader_election.cc:310] T 00000000000000000000000000000000 P 9bd45aac38f34cce8c7c85a157a1a38c [CANDIDATE]: Term 1 election: Election decided. Result: candidate won. Election summary: received 1 responses out of 1 voters: 1 yes votes; 0 no votes. yes voters: 9bd45aac38f34cce8c7c85a157a1a38c; no voters:
I0609 06:56:56.921128 2638 leader_election.cc:296] T 00000000000000000000000000000000 P 9bd45aac38f34cce8c7c85a157a1a38c [CANDIDATE]: Term 1 election: Requested vote from peers
I0609 06:56:56.921370 2640 raft_consensus.cc:2644] T 00000000000000000000000000000000 P 9bd45aac38f34cce8c7c85a157a1a38c [term 1 FOLLOWER]: Leader election won for term 1
I0609 06:56:56.922724 2640 raft_consensus.cc:667] T 00000000000000000000000000000000 P 9bd45aac38f34cce8c7c85a157a1a38c [term 1 LEADER]: Becoming Leader. State: Replica: 9bd45aac38f34cce8c7c85a157a1a38c, State: Running, Role: LEADER
I0609 06:56:56.923164 2640 consensus_queue.cc:206] T 00000000000000000000000000000000 P 9bd45aac38f34cce8c7c85a157a1a38c [LEADER]: Queue going to LEADER mode. State: All replicated index: 0, Majority replicated index: 0, Committed index: 0, Last appended: 0.0, Last appended by leader: 0, Current term: 1, Majority size: 1, State: 0, Mode: LEADER, active raft config: opid_index: -1 OBSOLETE_local: true peers { permanent_uuid: "9bd45aac38f34cce8c7c85a157a1a38c" member_type: VOTER }
I0609 06:56:56.925799 2638 sys_catalog.cc:338] T 00000000000000000000000000000000 P 9bd45aac38f34cce8c7c85a157a1a38c [sys.catalog]: SysCatalogTable state changed. Reason: Started TabletReplica. Latest consensus state: current_term: 1 leader_uuid: "9bd45aac38f34cce8c7c85a157a1a38c" committed_config { opid_index: -1 OBSOLETE_local: true peers { permanent_uuid: "9bd45aac38f34cce8c7c85a157a1a38c" member_type: VOTER } }
I0609 06:56:56.926189 2638 sys_catalog.cc:341] T 00000000000000000000000000000000 P 9bd45aac38f34cce8c7c85a157a1a38c [sys.catalog]: This master's current role is: LEADER
I0609 06:56:56.928038 2642 sys_catalog.cc:338] T 00000000000000000000000000000000 P 9bd45aac38f34cce8c7c85a157a1a38c [sys.catalog]: SysCatalogTable state changed. Reason: New leader 9bd45aac38f34cce8c7c85a157a1a38c. Latest consensus state: current_term: 1 leader_uuid: "9bd45aac38f34cce8c7c85a157a1a38c" committed_config { opid_index: -1 OBSOLETE_local: true peers { permanent_uuid: "9bd45aac38f34cce8c7c85a157a1a38c" member_type: VOTER } }
I0609 06:56:56.928707 2638 sys_catalog.cc:426] T 00000000000000000000000000000000 P 9bd45aac38f34cce8c7c85a157a1a38c [sys.catalog]: configured and running, proceeding with master startup.
I0609 06:56:56.928494 2641 sys_catalog.cc:338] T 00000000000000000000000000000000 P 9bd45aac38f34cce8c7c85a157a1a38c [sys.catalog]: SysCatalogTable state changed. Reason: RaftConsensus started. Latest consensus state: current_term: 1 leader_uuid: "9bd45aac38f34cce8c7c85a157a1a38c" committed_config { opid_index: -1 OBSOLETE_local: true peers { permanent_uuid: "9bd45aac38f34cce8c7c85a157a1a38c" member_type: VOTER } }
I0609 06:56:56.928972 2646 catalog_manager.cc:1056] Loading table and tablet metadata into memory...
I0609 06:56:56.928951 2642 sys_catalog.cc:341] T 00000000000000000000000000000000 P 9bd45aac38f34cce8c7c85a157a1a38c [sys.catalog]: This master's current role is: LEADER
I0609 06:56:56.929208 2641 sys_catalog.cc:341] T 00000000000000000000000000000000 P 9bd45aac38f34cce8c7c85a157a1a38c [sys.catalog]: This master's current role is: LEADER
I0609 06:56:56.929960 1119 internal_mini_cluster.cc:166] Waiting to initialize catalog manager on master 0
I0609 06:56:56.931603 2646 catalog_manager.cc:1067] Initializing Kudu internal certificate authority...
I0609 06:56:56.961467 2646 catalog_manager.cc:951] Generated new certificate authority record
I0609 06:56:56.962934 2646 catalog_manager.cc:1076] Loading token signing keys...
I0609 06:56:56.976598 2646 catalog_manager.cc:4293] T 00000000000000000000000000000000 P 9bd45aac38f34cce8c7c85a157a1a38c: Generated new TSK 0
I0609 06:56:57.007346 1119 system_ntp.cc:193] NTP initialized. Skew: 500ppm Current error: 95516us
I0609 06:56:57.007661 1119 fs_manager.cc:263] Metadata directory not provided
I0609 06:56:57.007809 1119 fs_manager.cc:269] Using write-ahead log directory (fs_wal_dir) as metadata directory
I0609 06:56:57.008026 1119 server_base.cc:440] Could not load existing FS layout: Not found: could not find a healthy instance file
I0609 06:56:57.008141 1119 server_base.cc:441] Attempting to create new FS layout instead
I0609 06:56:57.009109 1119 fs_manager.cc:602] Generated new instance metadata in path /tmp/dist-test-taskY5QUuL/test-tmp/client-test.3.ClientTest.TestMasterLookupPermits.1560063404629499-1119/minicluster-data/ts-0-root/instance: uuid: "9564879d3b7f4a318f5943ce6120319e" format_stamp: "Formatted at 2019-06-09 06:56:57 on dist-test-slave-dist-test-slave-9h7f"
I0609 06:56:57.017856 1119 fs_manager.cc:503] Time spent creating directory manager: real 0.008s user 0.007s sys 0.001s
I0609 06:56:57.019075 1119 file_cache.cc:465] Constructed file cache lbm with capacity 419430
I0609 06:56:57.025753 1119 fs_manager.cc:419] Time spent opening block manager: real 0.001s user 0.001s sys 0.000s
I0609 06:56:57.025882 1119 fs_manager.cc:436] Opened local filesystem: /tmp/dist-test-taskY5QUuL/test-tmp/client-test.3.ClientTest.TestMasterLookupPermits.1560063404629499-1119/minicluster-data/ts-0-root uuid: "9564879d3b7f4a318f5943ce6120319e" format_stamp: "Formatted at 2019-06-09 06:56:57 on dist-test-slave-dist-test-slave-9h7f"
I0609 06:56:57.026109 1119 fs_report.cc:352] FS layout report -------------------- wal directory: /tmp/dist-test-taskY5QUuL/test-tmp/client-test.3.ClientTest.TestMasterLookupPermits.1560063404629499-1119/minicluster-data/ts-0-root metadata directory: /tmp/dist-test-taskY5QUuL/test-tmp/client-test.3.ClientTest.TestMasterLookupPermits.1560063404629499-1119/minicluster-data/ts-0-root 1 data directories: /tmp/dist-test-taskY5QUuL/test-tmp/client-test.3.ClientTest.TestMasterLookupPermits.1560063404629499-1119/minicluster-data/ts-0-root/data Total live blocks: 0 Total live bytes: 0 Total live bytes (after alignment): 0 Total number of LBM containers: 0 (0 full) Did not check for missing blocks Did not check for orphaned blocks Total full LBM containers with extra space: 0 (0 repaired) Total full LBM container extra space in bytes: 0 (0 repaired) Total incomplete LBM containers: 0 (0 repaired) Total LBM partial records: 0 (0 repaired)
I0609 06:56:57.051437 1119 ts_tablet_manager.cc:356] Loaded tablet metadata (0 total tablets, 0 live tablets)
I0609 06:56:57.051570 1119 ts_tablet_manager.cc:376] Registered 0 tablets
I0609 06:56:57.093842 1119 rpc_server.cc:205] RPC server started. Bound to: 127.1.23.193:45367
I0609 06:56:57.095532 1119 webserver.cc:374] Webserver started at http://127.1.23.193:41073/ using document root and password file
I0609 06:56:57.106449 2713 heartbeater.cc:324] Connected to a master server at 127.1.23.254:41285
I0609 06:56:57.106654 2713 heartbeater.cc:405] Registering TS with master...
I0609 06:56:57.107038 2713 heartbeater.cc:454] Master 127.1.23.254:41285 requested a full tablet report, sending...
I0609 06:56:57.108338 2605 ts_manager.cc:161] Registered new tserver with Master: 9564879d3b7f4a318f5943ce6120319e (127.1.23.193:45367)
I0609 06:56:57.109068 1119 internal_mini_cluster.cc:328] 1 TS(s) registered with all masters after 0.012119082s
I0609 06:56:57.109975 2605 master_service.cc:274] Signed X509 certificate for tserver {username='slave'} at 127.0.0.1:44136
I0609 06:56:57.123500 2713 heartbeater.cc:446] Master 127.1.23.254:41285 was elected leader, sending a full tablet report...
I0609 06:56:57.128617 2604 catalog_manager.cc:1410] Servicing CreateTable request from {username='slave'} at 127.0.0.1:44138: name: "client-testtb" schema { columns { name: "key" type: INT32 is_key: true is_nullable: false encoding: AUTO_ENCODING compression: DEFAULT_COMPRESSION cfile_block_size: 0 } columns { name: "int_val" type: INT32 is_key: false is_nullable: false encoding: AUTO_ENCODING compression: DEFAULT_COMPRESSION cfile_block_size: 0 } columns { name: "string_val" type: STRING is_key: false is_nullable: true encoding: AUTO_ENCODING compression: DEFAULT_COMPRESSION cfile_block_size: 0 } columns { name: "non_null_with_default" type: INT32 is_key: false is_nullable: false read_default_value: "90\000\000" encoding: AUTO_ENCODING compression: DEFAULT_COMPRESSION cfile_block_size: 0 } } num_replicas: 1 split_rows_range_bounds { rows: "\004\001\000\t\000\000\000" } partition_schema { range_schema { columns { name: "key" } } }
I0609 06:56:57.154647 2680 tablet_service.cc:1016] Processing CreateTablet for tablet 2450fc3e86c740899f80f39754045222 (table=client-testtb [id=eb96972789004ddf871e8f3d6e7ad421]), partition=RANGE (key) PARTITION VALUES < 9
I0609 06:56:57.154855 2679 tablet_service.cc:1016] Processing CreateTablet for tablet 676c74517fd649188a865c12ae1d49c4 (table=client-testtb [id=eb96972789004ddf871e8f3d6e7ad421]), partition=RANGE (key) PARTITION VALUES >= 9
I0609 06:56:57.155570 2680 data_dirs.cc:938] Could only allocate 1 dirs of requested 3 for tablet 2450fc3e86c740899f80f39754045222. 1 dirs total, 0 dirs full, 0 dirs failed
I0609 06:56:57.155970 2679 data_dirs.cc:938] Could only allocate 1 dirs of requested 3 for tablet 676c74517fd649188a865c12ae1d49c4. 1 dirs total, 0 dirs full, 0 dirs failed
I0609 06:56:57.169178 2725 tablet_bootstrap.cc:439] T 2450fc3e86c740899f80f39754045222 P 9564879d3b7f4a318f5943ce6120319e: Bootstrap starting.
I0609 06:56:57.171564 2725 tablet_bootstrap.cc:590] T 2450fc3e86c740899f80f39754045222 P 9564879d3b7f4a318f5943ce6120319e: No blocks or log segments found. Creating new log.
I0609 06:56:57.174911 2725 tablet_bootstrap.cc:439] T 2450fc3e86c740899f80f39754045222 P 9564879d3b7f4a318f5943ce6120319e: No bootstrap required, opened a new log
I0609 06:56:57.175240 2725 ts_tablet_manager.cc:1054] T 2450fc3e86c740899f80f39754045222 P 9564879d3b7f4a318f5943ce6120319e: Time spent bootstrapping tablet: real 0.006s user 0.000s sys 0.004s
I0609 06:56:57.176401 2725 raft_consensus.cc:340] T 2450fc3e86c740899f80f39754045222 P 9564879d3b7f4a318f5943ce6120319e [term 0 FOLLOWER]: Replica starting. Triggering 0 pending transactions. Active config: opid_index: -1 OBSOLETE_local: true peers { permanent_uuid: "9564879d3b7f4a318f5943ce6120319e" member_type: VOTER last_known_addr { host: "127.1.23.193" port: 45367 } }
I0609 06:56:57.176735 2725 raft_consensus.cc:366] T 2450fc3e86c740899f80f39754045222 P 9564879d3b7f4a318f5943ce6120319e [term 0 FOLLOWER]: Consensus starting up: Expiring failure detector timer to make a prompt election more likely
I0609 06:56:57.176919 2725 raft_consensus.cc:705] T 2450fc3e86c740899f80f39754045222 P 9564879d3b7f4a318f5943ce6120319e [term 0 FOLLOWER]: Becoming Follower/Learner. State: Replica: 9564879d3b7f4a318f5943ce6120319e, State: Initialized, Role: FOLLOWER
I0609 06:56:57.177417 2725 consensus_queue.cc:229] T 2450fc3e86c740899f80f39754045222 P 9564879d3b7f4a318f5943ce6120319e [NON_LEADER]: Queue going to NON_LEADER mode. State: All replicated index: 0, Majority replicated index: 0, Committed index: 0, Last appended: 0.0, Last appended by leader: 0, Current term: 0, Majority size: -1, State: 0, Mode: NON_LEADER, active raft config: opid_index: -1 OBSOLETE_local: true peers { permanent_uuid: "9564879d3b7f4a318f5943ce6120319e" member_type: VOTER last_known_addr { host: "127.1.23.193" port: 45367 } }
I0609 06:56:57.177824 2725 raft_consensus.cc:380] T 2450fc3e86c740899f80f39754045222 P 9564879d3b7f4a318f5943ce6120319e [term 0 FOLLOWER]: Only one voter in the Raft config. Triggering election immediately
I0609 06:56:57.178030 2725 raft_consensus.cc:472] T 2450fc3e86c740899f80f39754045222 P 9564879d3b7f4a318f5943ce6120319e [term 0 FOLLOWER]: Starting leader election (initial election of a single-replica configuration)
I0609 06:56:57.178230 2725 raft_consensus.cc:2890] T 2450fc3e86c740899f80f39754045222 P 9564879d3b7f4a318f5943ce6120319e [term 0 FOLLOWER]: Advancing to term 1
I0609 06:56:57.182399 2725 raft_consensus.cc:494] T 2450fc3e86c740899f80f39754045222 P 9564879d3b7f4a318f5943ce6120319e [term 1 FOLLOWER]: Starting leader election with config: opid_index: -1 OBSOLETE_local: true peers { permanent_uuid: "9564879d3b7f4a318f5943ce6120319e" member_type: VOTER last_known_addr { host: "127.1.23.193" port: 45367 } }
I0609 06:56:57.182871 2725 leader_election.cc:310] T 2450fc3e86c740899f80f39754045222 P 9564879d3b7f4a318f5943ce6120319e [CANDIDATE]: Term 1 election: Election decided. Result: candidate won. Election summary: received 1 responses out of 1 voters: 1 yes votes; 0 no votes. yes voters: 9564879d3b7f4a318f5943ce6120319e; no voters:
I0609 06:56:57.184132 2727 raft_consensus.cc:2644] T 2450fc3e86c740899f80f39754045222 P 9564879d3b7f4a318f5943ce6120319e [term 1 FOLLOWER]: Leader election won for term 1
I0609 06:56:57.184981 2725 leader_election.cc:296] T 2450fc3e86c740899f80f39754045222 P 9564879d3b7f4a318f5943ce6120319e [CANDIDATE]: Term 1 election: Requested vote from peers
I0609 06:56:57.186883 2727 raft_consensus.cc:667] T 2450fc3e86c740899f80f39754045222 P 9564879d3b7f4a318f5943ce6120319e [term 1 LEADER]: Becoming Leader. State: Replica: 9564879d3b7f4a318f5943ce6120319e, State: Running, Role: LEADER
I0609 06:56:57.187438 2725 ts_tablet_manager.cc:1082] T 2450fc3e86c740899f80f39754045222 P 9564879d3b7f4a318f5943ce6120319e: Time spent starting tablet: real 0.012s user 0.006s sys 0.005s
I0609 06:56:57.187574 2727 consensus_queue.cc:206] T 2450fc3e86c740899f80f39754045222 P 9564879d3b7f4a318f5943ce6120319e [LEADER]: Queue going to LEADER mode. State: All replicated index: 0, Majority replicated index: 0, Committed index: 0, Last appended: 0.0, Last appended by leader: 0, Current term: 1, Majority size: 1, State: 0, Mode: LEADER, active raft config: opid_index: -1 OBSOLETE_local: true peers { permanent_uuid: "9564879d3b7f4a318f5943ce6120319e" member_type: VOTER last_known_addr { host: "127.1.23.193" port: 45367 } }
I0609 06:56:57.188062 2725 tablet_bootstrap.cc:439] T 676c74517fd649188a865c12ae1d49c4 P 9564879d3b7f4a318f5943ce6120319e: Bootstrap starting.
I0609 06:56:57.191665 2725 tablet_bootstrap.cc:590] T 676c74517fd649188a865c12ae1d49c4 P 9564879d3b7f4a318f5943ce6120319e: No blocks or log segments found. Creating new log.
I0609 06:56:57.193207 2605 catalog_manager.cc:3989] T 2450fc3e86c740899f80f39754045222 P 9564879d3b7f4a318f5943ce6120319e reported cstate change: term changed from 0 to 1, leader changed from to 9564879d3b7f4a318f5943ce6120319e (127.1.23.193). New cstate: current_term: 1 leader_uuid: "9564879d3b7f4a318f5943ce6120319e" committed_config { opid_index: -1 OBSOLETE_local: true peers { permanent_uuid: "9564879d3b7f4a318f5943ce6120319e" member_type: VOTER last_known_addr { host: "127.1.23.193" port: 45367 } health_report { overall_health: HEALTHY } } }
I0609 06:56:57.194790 2725 tablet_bootstrap.cc:439] T 676c74517fd649188a865c12ae1d49c4 P 9564879d3b7f4a318f5943ce6120319e: No bootstrap required, opened a new log
I0609 06:56:57.195163 2725 ts_tablet_manager.cc:1054] T 676c74517fd649188a865c12ae1d49c4 P 9564879d3b7f4a318f5943ce6120319e: Time spent bootstrapping tablet: real 0.007s user 0.004s sys 0.001s
I0609 06:56:57.196604 2725 raft_consensus.cc:340] T 676c74517fd649188a865c12ae1d49c4 P 9564879d3b7f4a318f5943ce6120319e [term 0 FOLLOWER]: Replica starting. Triggering 0 pending transactions. Active config: opid_index: -1 OBSOLETE_local: true peers { permanent_uuid: "9564879d3b7f4a318f5943ce6120319e" member_type: VOTER last_known_addr { host: "127.1.23.193" port: 45367 } }
I0609 06:56:57.197120 2725 raft_consensus.cc:366] T 676c74517fd649188a865c12ae1d49c4 P 9564879d3b7f4a318f5943ce6120319e [term 0 FOLLOWER]: Consensus starting up: Expiring failure detector timer to make a prompt election more likely
I0609 06:56:57.197376 2725 raft_consensus.cc:705] T 676c74517fd649188a865c12ae1d49c4 P 9564879d3b7f4a318f5943ce6120319e [term 0 FOLLOWER]: Becoming Follower/Learner. State: Replica: 9564879d3b7f4a318f5943ce6120319e, State: Initialized, Role: FOLLOWER
I0609 06:56:57.197845 2725 consensus_queue.cc:229] T 676c74517fd649188a865c12ae1d49c4 P 9564879d3b7f4a318f5943ce6120319e [NON_LEADER]: Queue going to NON_LEADER mode. State: All replicated index: 0, Majority replicated index: 0, Committed index: 0, Last appended: 0.0, Last appended by leader: 0, Current term: 0, Majority size: -1, State: 0, Mode: NON_LEADER, active raft config: opid_index: -1 OBSOLETE_local: true peers { permanent_uuid: "9564879d3b7f4a318f5943ce6120319e" member_type: VOTER last_known_addr { host: "127.1.23.193" port: 45367 } }
I0609 06:56:57.198338 2725 raft_consensus.cc:380] T 676c74517fd649188a865c12ae1d49c4 P 9564879d3b7f4a318f5943ce6120319e [term 0 FOLLOWER]: Only one voter in the Raft config. Triggering election immediately
I0609 06:56:57.198532 2725 raft_consensus.cc:472] T 676c74517fd649188a865c12ae1d49c4 P 9564879d3b7f4a318f5943ce6120319e [term 0 FOLLOWER]: Starting leader election (initial election of a single-replica configuration)
I0609 06:56:57.198837 2725 raft_consensus.cc:2890] T 676c74517fd649188a865c12ae1d49c4 P 9564879d3b7f4a318f5943ce6120319e [term 0 FOLLOWER]: Advancing to term 1
I0609 06:56:57.203271 2725 raft_consensus.cc:494] T 676c74517fd649188a865c12ae1d49c4 P 9564879d3b7f4a318f5943ce6120319e [term 1 FOLLOWER]: Starting leader election with config: opid_index: -1 OBSOLETE_local: true peers { permanent_uuid: "9564879d3b7f4a318f5943ce6120319e" member_type: VOTER last_known_addr { host: "127.1.23.193" port: 45367 } }
I0609 06:56:57.203790 2725 leader_election.cc:310] T 676c74517fd649188a865c12ae1d49c4 P 9564879d3b7f4a318f5943ce6120319e [CANDIDATE]: Term 1 election: Election decided. Result: candidate won. Election summary: received 1 responses out of 1 voters: 1 yes votes; 0 no votes. yes voters: 9564879d3b7f4a318f5943ce6120319e; no voters:
I0609 06:56:57.204255 2725 leader_election.cc:296] T 676c74517fd649188a865c12ae1d49c4 P 9564879d3b7f4a318f5943ce6120319e [CANDIDATE]: Term 1 election: Requested vote from peers
I0609 06:56:57.204391 2727 raft_consensus.cc:2644] T 676c74517fd649188a865c12ae1d49c4 P 9564879d3b7f4a318f5943ce6120319e [term 1 FOLLOWER]: Leader election won for term 1
I0609 06:56:57.204843 2727 raft_consensus.cc:667] T 676c74517fd649188a865c12ae1d49c4 P 9564879d3b7f4a318f5943ce6120319e [term 1 LEADER]: Becoming Leader. State: Replica: 9564879d3b7f4a318f5943ce6120319e, State: Running, Role: LEADER
I0609 06:56:57.205387 2727 consensus_queue.cc:206] T 676c74517fd649188a865c12ae1d49c4 P 9564879d3b7f4a318f5943ce6120319e [LEADER]: Queue going to LEADER mode. State: All replicated index: 0, Majority replicated index: 0, Committed index: 0, Last appended: 0.0, Last appended by leader: 0, Current term: 1, Majority size: 1, State: 0, Mode: LEADER, active raft config: opid_index: -1 OBSOLETE_local: true peers { permanent_uuid: "9564879d3b7f4a318f5943ce6120319e" member_type: VOTER last_known_addr { host: "127.1.23.193" port: 45367 } }
I0609 06:56:57.205796 2725 ts_tablet_manager.cc:1082] T 676c74517fd649188a865c12ae1d49c4 P 9564879d3b7f4a318f5943ce6120319e: Time spent starting tablet: real 0.010s user 0.009s sys 0.002s
I0609 06:56:57.209491 2604 catalog_manager.cc:3989] T 676c74517fd649188a865c12ae1d49c4 P 9564879d3b7f4a318f5943ce6120319e reported cstate change: term changed from 0 to 1, leader changed from to 9564879d3b7f4a318f5943ce6120319e (127.1.23.193). New cstate: current_term: 1 leader_uuid: "9564879d3b7f4a318f5943ce6120319e" committed_config { opid_index: -1 OBSOLETE_local: true peers { permanent_uuid: "9564879d3b7f4a318f5943ce6120319e" member_type: VOTER last_known_addr { host: "127.1.23.193" port: 45367 } health_report { overall_health: HEALTHY } } }
I0609 06:56:57.560395 1119 tablet_server.cc:155] TabletServer shutting down...
I0609 06:56:57.586671 1119 ts_tablet_manager.cc:1128] Shutting down tablet manager...
I0609 06:56:57.587026 1119 tablet_replica.cc:265] T 676c74517fd649188a865c12ae1d49c4 P 9564879d3b7f4a318f5943ce6120319e: stopping tablet replica
I0609 06:56:57.587685 1119 raft_consensus.cc:2147] T 676c74517fd649188a865c12ae1d49c4 P 9564879d3b7f4a318f5943ce6120319e [term 1 LEADER]: Raft consensus shutting down.
I0609 06:56:57.588063 1119 raft_consensus.cc:2174] T 676c74517fd649188a865c12ae1d49c4 P 9564879d3b7f4a318f5943ce6120319e [term 1 FOLLOWER]: Raft consensus is shut down!
I0609 06:56:57.591464 1119 tablet_replica.cc:265] T 2450fc3e86c740899f80f39754045222 P 9564879d3b7f4a318f5943ce6120319e: stopping tablet replica
I0609 06:56:57.591753 1119 raft_consensus.cc:2147] T 2450fc3e86c740899f80f39754045222 P 9564879d3b7f4a318f5943ce6120319e [term 1 LEADER]: Raft consensus shutting down.
I0609 06:56:57.591975 1119 raft_consensus.cc:2174] T 2450fc3e86c740899f80f39754045222 P 9564879d3b7f4a318f5943ce6120319e [term 1 FOLLOWER]: Raft consensus is shut down!
I0609 06:56:57.611776 1119 tablet_server.cc:169] TabletServer shutdown complete.
I0609 06:56:57.611945 1119 tablet_server.cc:155] TabletServer shutting down...
I0609 06:56:57.612248 1119 tablet_server.cc:169] TabletServer shutdown complete.
I0609 06:56:57.618535 1119 master.cc:247] Master@127.1.23.254:41285 shutting down...
I0609 06:56:57.632007 1119 raft_consensus.cc:2147] T 00000000000000000000000000000000 P 9bd45aac38f34cce8c7c85a157a1a38c [term 1 LEADER]: Raft consensus shutting down.
I0609 06:56:57.632278 1119 raft_consensus.cc:2174] T 00000000000000000000000000000000 P 9bd45aac38f34cce8c7c85a157a1a38c [term 1 FOLLOWER]: Raft consensus is shut down!
I0609 06:56:57.632505 1119 tablet_replica.cc:265] T 00000000000000000000000000000000 P 9bd45aac38f34cce8c7c85a157a1a38c: stopping tablet replica
I0609 06:56:57.640830 1119 master.cc:258] Master@127.1.23.254:41285 shutdown complete. [ OK ] ClientTest.TestMasterLookupPermits (870 ms) [ RUN ] ClientTest.TestCreateTableWithTooLongColumnName
I0609 06:56:57.653574 1119 internal_mini_cluster.cc:146] Creating distributed mini masters. Addrs: 127.1.23.254:41857
I0609 06:56:57.664880 1119 system_ntp.cc:193] NTP initialized. Skew: 500ppm Current error: 95516us
I0609 06:56:57.665153 1119 fs_manager.cc:263] Metadata directory not provided
I0609 06:56:57.665289 1119 fs_manager.cc:269] Using write-ahead log directory (fs_wal_dir) as metadata directory
I0609 06:56:57.665485 1119 server_base.cc:440] Could not load existing FS layout: Not found: could not find a healthy instance file
I0609 06:56:57.665583 1119 server_base.cc:441] Attempting to create new FS layout instead
I0609 06:56:57.666360 1119 fs_manager.cc:602] Generated new instance metadata in path /tmp/dist-test-taskY5QUuL/test-tmp/client-test.3.ClientTest.TestCreateTableWithTooLongColumnName.1560063404629499-1119/minicluster-data/master-0-root/instance: uuid: "4027be6a5c7c403eba03b774485df985" format_stamp: "Formatted at 2019-06-09 06:56:57 on dist-test-slave-dist-test-slave-9h7f"
I0609 06:56:57.674389 1119 fs_manager.cc:503] Time spent creating directory manager: real 0.008s user 0.009s sys 0.000s
I0609 06:56:57.675626 1119 file_cache.cc:465] Constructed file cache lbm with capacity 419430
I0609 06:56:57.681826 1119 fs_manager.cc:419] Time spent opening block manager: real 0.001s user 0.001s sys 0.000s
I0609 06:56:57.681957 1119 fs_manager.cc:436] Opened local filesystem: /tmp/dist-test-taskY5QUuL/test-tmp/client-test.3.ClientTest.TestCreateTableWithTooLongColumnName.1560063404629499-1119/minicluster-data/master-0-root uuid: "4027be6a5c7c403eba03b774485df985" format_stamp: "Formatted at 2019-06-09 06:56:57 on dist-test-slave-dist-test-slave-9h7f"
I0609 06:56:57.682145 1119 fs_report.cc:352] FS layout report -------------------- wal directory: /tmp/dist-test-taskY5QUuL/test-tmp/client-test.3.ClientTest.TestCreateTableWithTooLongColumnName.1560063404629499-1119/minicluster-data/master-0-root metadata directory: /tmp/dist-test-taskY5QUuL/test-tmp/client-test.3.ClientTest.TestCreateTableWithTooLongColumnName.1560063404629499-1119/minicluster-data/master-0-root 1 data directories: /tmp/dist-test-taskY5QUuL/test-tmp/client-test.3.ClientTest.TestCreateTableWithTooLongColumnName.1560063404629499-1119/minicluster-data/master-0-root/data Total live blocks: 0 Total live bytes: 0 Total live bytes (after alignment): 0 Total number of LBM containers: 0 (0 full) Did not check for missing blocks Did not check for orphaned blocks Total full LBM containers with extra space: 0 (0 repaired) Total full LBM container extra space in bytes: 0 (0 repaired) Total incomplete LBM containers: 0 (0 repaired) Total LBM partial records: 0 (0 repaired)
I0609 06:56:57.773077 1119 rpc_server.cc:205] RPC server started. Bound to: 127.1.23.254:41857
I0609 06:56:57.774755 1119 webserver.cc:374] Webserver started at http://127.1.23.254:45413/ using document root and password file
I0609 06:56:57.776252 2791 data_dirs.cc:938] Could only allocate 1 dirs of requested 3 for tablet 00000000000000000000000000000000. 1 dirs total, 0 dirs full, 0 dirs failed
I0609 06:56:57.783663 2791 tablet_bootstrap.cc:439] T 00000000000000000000000000000000 P 4027be6a5c7c403eba03b774485df985: Bootstrap starting.
I0609 06:56:57.785699 2791 tablet_bootstrap.cc:590] T 00000000000000000000000000000000 P 4027be6a5c7c403eba03b774485df985: No blocks or log segments found. Creating new log.
I0609 06:56:57.788377 2791 tablet_bootstrap.cc:439] T 00000000000000000000000000000000 P 4027be6a5c7c403eba03b774485df985: No bootstrap required, opened a new log
I0609 06:56:57.789575 2791 raft_consensus.cc:340] T 00000000000000000000000000000000 P 4027be6a5c7c403eba03b774485df985 [term 0 FOLLOWER]: Replica starting. Triggering 0 pending transactions. Active config: opid_index: -1 OBSOLETE_local: true peers { permanent_uuid: "4027be6a5c7c403eba03b774485df985" member_type: VOTER }
I0609 06:56:57.789891 2791 raft_consensus.cc:366] T 00000000000000000000000000000000 P 4027be6a5c7c403eba03b774485df985 [term 0 FOLLOWER]: Consensus starting up: Expiring failure detector timer to make a prompt election more likely
I0609 06:56:57.790122 2791 raft_consensus.cc:705] T 00000000000000000000000000000000 P 4027be6a5c7c403eba03b774485df985 [term 0 FOLLOWER]: Becoming Follower/Learner. State: Replica: 4027be6a5c7c403eba03b774485df985, State: Initialized, Role: FOLLOWER
I0609 06:56:57.790565 2791 consensus_queue.cc:229] T 00000000000000000000000000000000 P 4027be6a5c7c403eba03b774485df985 [NON_LEADER]: Queue going to NON_LEADER mode. State: All replicated index: 0, Majority replicated index: 0, Committed index: 0, Last appended: 0.0, Last appended by leader: 0, Current term: 0, Majority size: -1, State: 0, Mode: NON_LEADER, active raft config: opid_index: -1 OBSOLETE_local: true peers { permanent_uuid: "4027be6a5c7c403eba03b774485df985" member_type: VOTER }
I0609 06:56:57.790926 2791 raft_consensus.cc:380] T 00000000000000000000000000000000 P 4027be6a5c7c403eba03b774485df985 [term 0 FOLLOWER]: Only one voter in the Raft config. Triggering election immediately
I0609 06:56:57.791106 2791 raft_consensus.cc:472] T 00000000000000000000000000000000 P 4027be6a5c7c403eba03b774485df985 [term 0 FOLLOWER]: Starting leader election (initial election of a single-replica configuration)
I0609 06:56:57.791352 2791 raft_consensus.cc:2890] T 00000000000000000000000000000000 P 4027be6a5c7c403eba03b774485df985 [term 0 FOLLOWER]: Advancing to term 1
I0609 06:56:57.794481 2791 raft_consensus.cc:494] T 00000000000000000000000000000000 P 4027be6a5c7c403eba03b774485df985 [term 1 FOLLOWER]: Starting leader election with config: opid_index: -1 OBSOLETE_local: true peers { permanent_uuid: "4027be6a5c7c403eba03b774485df985" member_type: VOTER }
I0609 06:56:57.794857 2791 leader_election.cc:310] T 00000000000000000000000000000000 P 4027be6a5c7c403eba03b774485df985 [CANDIDATE]: Term 1 election: Election decided. Result: candidate won. Election summary: received 1 responses out of 1 voters: 1 yes votes; 0 no votes. yes voters: 4027be6a5c7c403eba03b774485df985; no voters:
I0609 06:56:57.796114 2791 leader_election.cc:296] T 00000000000000000000000000000000 P 4027be6a5c7c403eba03b774485df985 [CANDIDATE]: Term 1 election: Requested vote from peers
I0609 06:56:57.796310 2793 raft_consensus.cc:2644] T 00000000000000000000000000000000 P 4027be6a5c7c403eba03b774485df985 [term 1 FOLLOWER]: Leader election won for term 1
I0609 06:56:57.797813 2793 raft_consensus.cc:667] T 00000000000000000000000000000000 P 4027be6a5c7c403eba03b774485df985 [term 1 LEADER]: Becoming Leader. State: Replica: 4027be6a5c7c403eba03b774485df985, State: Running, Role: LEADER
I0609 06:56:57.798182 2793 consensus_queue.cc:206] T 00000000000000000000000000000000 P 4027be6a5c7c403eba03b774485df985 [LEADER]: Queue going to LEADER mode. State: All replicated index: 0, Majority replicated index: 0, Committed index: 0, Last appended: 0.0, Last appended by leader: 0, Current term: 1, Majority size: 1, State: 0, Mode: LEADER, active raft config: opid_index: -1 OBSOLETE_local: true peers { permanent_uuid: "4027be6a5c7c403eba03b774485df985" member_type: VOTER }
I0609 06:56:57.799959 2791 sys_catalog.cc:338] T 00000000000000000000000000000000 P 4027be6a5c7c403eba03b774485df985 [sys.catalog]: SysCatalogTable state changed. Reason: Started TabletReplica. Latest consensus state: current_term: 1 leader_uuid: "4027be6a5c7c403eba03b774485df985" committed_config { opid_index: -1 OBSOLETE_local: true peers { permanent_uuid: "4027be6a5c7c403eba03b774485df985" member_type: VOTER } }
I0609 06:56:57.800582 2791 sys_catalog.cc:341] T 00000000000000000000000000000000 P 4027be6a5c7c403eba03b774485df985 [sys.catalog]: This master's current role is: LEADER
I0609 06:56:57.800415 2794 sys_catalog.cc:338] T 00000000000000000000000000000000 P 4027be6a5c7c403eba03b774485df985 [sys.catalog]: SysCatalogTable state changed. Reason: RaftConsensus started. Latest consensus state: current_term: 1 leader_uuid: "4027be6a5c7c403eba03b774485df985" committed_config { opid_index: -1 OBSOLETE_local: true peers { permanent_uuid: "4027be6a5c7c403eba03b774485df985" member_type: VOTER } }
I0609 06:56:57.800667 2795 sys_catalog.cc:338] T 00000000000000000000000000000000 P 4027be6a5c7c403eba03b774485df985 [sys.catalog]: SysCatalogTable state changed. Reason: New leader 4027be6a5c7c403eba03b774485df985. Latest consensus state: current_term: 1 leader_uuid: "4027be6a5c7c403eba03b774485df985" committed_config { opid_index: -1 OBSOLETE_local: true peers { permanent_uuid: "4027be6a5c7c403eba03b774485df985" member_type: VOTER } }
I0609 06:56:57.800979 2794 sys_catalog.cc:341] T 00000000000000000000000000000000 P 4027be6a5c7c403eba03b774485df985 [sys.catalog]: This master's current role is: LEADER
I0609 06:56:57.801146 2795 sys_catalog.cc:341] T 00000000000000000000000000000000 P 4027be6a5c7c403eba03b774485df985 [sys.catalog]: This master's current role is: LEADER
I0609 06:56:57.803582 2791 sys_catalog.cc:426] T 00000000000000000000000000000000 P 4027be6a5c7c403eba03b774485df985 [sys.catalog]: configured and running, proceeding with master startup.
I0609 06:56:57.803731 2798 catalog_manager.cc:1056] Loading table and tablet metadata into memory...
I0609 06:56:57.805711 1119 internal_mini_cluster.cc:166] Waiting to initialize catalog manager on master 0
I0609 06:56:57.806440 2798 catalog_manager.cc:1067] Initializing Kudu internal certificate authority...
I0609 06:56:57.839596 2798 catalog_manager.cc:951] Generated new certificate authority record
I0609 06:56:57.841029 2798 catalog_manager.cc:1076] Loading token signing keys...
I0609 06:56:57.849907 2798 catalog_manager.cc:4293] T 00000000000000000000000000000000 P 4027be6a5c7c403eba03b774485df985: Generated new TSK 0
I0609 06:56:57.884181 1119 system_ntp.cc:193] NTP initialized. Skew: 500ppm Current error: 95516us
I0609 06:56:57.884488 1119 fs_manager.cc:263] Metadata directory not provided
I0609 06:56:57.884616 1119 fs_manager.cc:269] Using write-ahead log directory (fs_wal_dir) as metadata directory
I0609 06:56:57.884784 1119 server_base.cc:440] Could not load existing FS layout: Not found: could not find a healthy instance file
I0609 06:56:57.884888 1119 server_base.cc:441] Attempting to create new FS layout instead
I0609 06:56:57.885746 1119 fs_manager.cc:602] Generated new instance metadata in path /tmp/dist-test-taskY5QUuL/test-tmp/client-test.3.ClientTest.TestCreateTableWithTooLongColumnName.1560063404629499-1119/minicluster-data/ts-0-root/instance: uuid: "1756ecfbc7ed43e38612ab7e20bb7f22" format_stamp: "Formatted at 2019-06-09 06:56:57 on dist-test-slave-dist-test-slave-9h7f"
I0609 06:56:57.895256 1119 fs_manager.cc:503] Time spent creating directory manager: real 0.009s user 0.009s sys 0.000s
I0609 06:56:57.896540 1119 file_cache.cc:465] Constructed file cache lbm with capacity 419430
I0609 06:56:57.903978 1119 fs_manager.cc:419] Time spent opening block manager: real 0.001s user 0.001s sys 0.000s
I0609 06:56:57.904120 1119 fs_manager.cc:436] Opened local filesystem: /tmp/dist-test-taskY5QUuL/test-tmp/client-test.3.ClientTest.TestCreateTableWithTooLongColumnName.1560063404629499-1119/minicluster-data/ts-0-root uuid: "1756ecfbc7ed43e38612ab7e20bb7f22" format_stamp: "Formatted at 2019-06-09 06:56:57 on dist-test-slave-dist-test-slave-9h7f"
I0609 06:56:57.904340 1119 fs_report.cc:352] FS layout report -------------------- wal directory: /tmp/dist-test-taskY5QUuL/test-tmp/client-test.3.ClientTest.TestCreateTableWithTooLongColumnName.1560063404629499-1119/minicluster-data/ts-0-root metadata directory: /tmp/dist-test-taskY5QUuL/test-tmp/client-test.3.ClientTest.TestCreateTableWithTooLongColumnName.1560063404629499-1119/minicluster-data/ts-0-root 1 data directories: /tmp/dist-test-taskY5QUuL/test-tmp/client-test.3.ClientTest.TestCreateTableWithTooLongColumnName.1560063404629499-1119/minicluster-data/ts-0-root/data Total live blocks: 0 Total live bytes: 0 Total live bytes (after alignment): 0 Total number of LBM containers: 0 (0 full) Did not check for missing blocks Did not check for orphaned blocks Total full LBM containers with extra space: 0 (0 repaired) Total full LBM container extra space in bytes: 0 (0 repaired) Total incomplete LBM containers: 0 (0 repaired) Total LBM partial records: 0 (0 repaired)
I0609 06:56:57.947679 1119 ts_tablet_manager.cc:356] Loaded tablet metadata (0 total tablets, 0 live tablets)
I0609 06:56:57.947824 1119 ts_tablet_manager.cc:376] Registered 0 tablets
I0609 06:56:57.987004 1119 rpc_server.cc:205] RPC server started. Bound to: 127.1.23.193:38627
I0609 06:56:57.988644 1119 webserver.cc:374] Webserver started at http://127.1.23.193:43677/ using document root and password file
I0609 06:56:57.999929 2865 heartbeater.cc:324] Connected to a master server at 127.1.23.254:41857
I0609 06:56:58.000133 2865 heartbeater.cc:405] Registering TS with master...
I0609 06:56:58.000463 2865 heartbeater.cc:454] Master 127.1.23.254:41857 requested a full tablet report, sending...
I0609 06:56:58.001868 2758 ts_manager.cc:161] Registered new tserver with Master: 1756ecfbc7ed43e38612ab7e20bb7f22 (127.1.23.193:38627)
I0609 06:56:58.002861 1119 internal_mini_cluster.cc:328] 1 TS(s) registered with all masters after 0.012823073s
I0609 06:56:58.004070 2758 master_service.cc:274] Signed X509 certificate for tserver {username='slave'} at 127.0.0.1:59006
I0609 06:56:58.016755 2865 heartbeater.cc:446] Master 127.1.23.254:41857 was elected leader, sending a full tablet report...
I0609 06:56:58.021209 2758 catalog_manager.cc:1410] Servicing CreateTable request from {username='slave'} at 127.0.0.1:59008: name: "client-testtb" schema { columns { name: "key" type: INT32 is_key: true is_nullable: false encoding: AUTO_ENCODING compression: DEFAULT_COMPRESSION cfile_block_size: 0 } columns { name: "int_val" type: INT32 is_key: false is_nullable: false encoding: AUTO_ENCODING compression: DEFAULT_COMPRESSION cfile_block_size: 0 } columns { name: "string_val" type: STRING is_key: false is_nullable: true encoding: AUTO_ENCODING compression: DEFAULT_COMPRESSION cfile_block_size: 0 } columns { name: "non_null_with_default" type: INT32 is_key: false is_nullable: false read_default_value: "90\000\000" encoding: AUTO_ENCODING compression: DEFAULT_COMPRESSION cfile_block_size: 0 } } num_replicas: 1 split_rows_range_bounds { rows: "\004\001\000\t\000\000\000" } partition_schema { range_schema { columns { name: "key" } } }
I0609 06:56:58.044876 2832 tablet_service.cc:1016] Processing CreateTablet for tablet d3e8312276f847a09b1fb6fabe20a6a8 (table=client-testtb [id=737ab9c6f95a4b30b7d1234104ded82b]), partition=RANGE (key) PARTITION VALUES < 9
I0609 06:56:58.045814 2831 tablet_service.cc:1016] Processing CreateTablet for tablet f00841bb1ad742d6889363d59594dd4d (table=client-testtb [id=737ab9c6f95a4b30b7d1234104ded82b]), partition=RANGE (key) PARTITION VALUES >= 9
I0609 06:56:58.046455 2831 data_dirs.cc:938] Could only allocate 1 dirs of requested 3 for tablet f00841bb1ad742d6889363d59594dd4d. 1 dirs total, 0 dirs full, 0 dirs failed
I0609 06:56:58.049666 2832 data_dirs.cc:938] Could only allocate 1 dirs of requested 3 for tablet d3e8312276f847a09b1fb6fabe20a6a8. 1 dirs total, 0 dirs full, 0 dirs failed
I0609 06:56:58.063716 2877 tablet_bootstrap.cc:439] T d3e8312276f847a09b1fb6fabe20a6a8 P 1756ecfbc7ed43e38612ab7e20bb7f22: Bootstrap starting.
I0609 06:56:58.065862 2877 tablet_bootstrap.cc:590] T d3e8312276f847a09b1fb6fabe20a6a8 P 1756ecfbc7ed43e38612ab7e20bb7f22: No blocks or log segments found. Creating new log.
I0609 06:56:58.068538 2877 tablet_bootstrap.cc:439] T d3e8312276f847a09b1fb6fabe20a6a8 P 1756ecfbc7ed43e38612ab7e20bb7f22: No bootstrap required, opened a new log
I0609 06:56:58.068876 2877 ts_tablet_manager.cc:1054] T d3e8312276f847a09b1fb6fabe20a6a8 P 1756ecfbc7ed43e38612ab7e20bb7f22: Time spent bootstrapping tablet: real 0.005s user 0.004s sys 0.000s
I0609 06:56:58.070214 2877 raft_consensus.cc:340] T d3e8312276f847a09b1fb6fabe20a6a8 P 1756ecfbc7ed43e38612ab7e20bb7f22 [term 0 FOLLOWER]: Replica starting. Triggering 0 pending transactions. Active config: opid_index: -1 OBSOLETE_local: true peers { permanent_uuid: "1756ecfbc7ed43e38612ab7e20bb7f22" member_type: VOTER last_known_addr { host: "127.1.23.193" port: 38627 } }
I0609 06:56:58.070595 2877 raft_consensus.cc:366] T d3e8312276f847a09b1fb6fabe20a6a8 P 1756ecfbc7ed43e38612ab7e20bb7f22 [term 0 FOLLOWER]: Consensus starting up: Expiring failure detector timer to make a prompt election more likely
I0609 06:56:58.070835 2877 raft_consensus.cc:705] T d3e8312276f847a09b1fb6fabe20a6a8 P 1756ecfbc7ed43e38612ab7e20bb7f22 [term 0 FOLLOWER]: Becoming Follower/Learner. State: Replica: 1756ecfbc7ed43e38612ab7e20bb7f22, State: Initialized, Role: FOLLOWER
I0609 06:56:58.071213 2877 consensus_queue.cc:229] T d3e8312276f847a09b1fb6fabe20a6a8 P 1756ecfbc7ed43e38612ab7e20bb7f22 [NON_LEADER]: Queue going to NON_LEADER mode. State: All replicated index: 0, Majority replicated index: 0, Committed index: 0, Last appended: 0.0, Last appended by leader: 0, Current term: 0, Majority size: -1, State: 0, Mode: NON_LEADER, active raft config: opid_index: -1 OBSOLETE_local: true peers { permanent_uuid: "1756ecfbc7ed43e38612ab7e20bb7f22" member_type: VOTER last_known_addr { host: "127.1.23.193" port: 38627 } }
I0609 06:56:58.071600 2877 raft_consensus.cc:380] T d3e8312276f847a09b1fb6fabe20a6a8 P 1756ecfbc7ed43e38612ab7e20bb7f22 [term 0 FOLLOWER]: Only one voter in the Raft config. Triggering election immediately
I0609 06:56:58.071801 2877 raft_consensus.cc:472] T d3e8312276f847a09b1fb6fabe20a6a8 P 1756ecfbc7ed43e38612ab7e20bb7f22 [term 0 FOLLOWER]: Starting leader election (initial election of a single-replica configuration)
I0609 06:56:58.072024 2877 raft_consensus.cc:2890] T d3e8312276f847a09b1fb6fabe20a6a8 P 1756ecfbc7ed43e38612ab7e20bb7f22 [term 0 FOLLOWER]: Advancing to term 1
I0609 06:56:58.075220 2877 raft_consensus.cc:494] T d3e8312276f847a09b1fb6fabe20a6a8 P 1756ecfbc7ed43e38612ab7e20bb7f22 [term 1 FOLLOWER]: Starting leader election with config: opid_index: -1 OBSOLETE_local: true peers { permanent_uuid: "1756ecfbc7ed43e38612ab7e20bb7f22" member_type: VOTER last_known_addr { host: "127.1.23.193" port: 38627 } }
I0609 06:56:58.075637 2877 leader_election.cc:310] T d3e8312276f847a09b1fb6fabe20a6a8 P 1756ecfbc7ed43e38612ab7e20bb7f22 [CANDIDATE]: Term 1 election: Election decided. Result: candidate won. Election summary: received 1 responses out of 1 voters: 1 yes votes; 0 no votes. yes voters: 1756ecfbc7ed43e38612ab7e20bb7f22; no voters:
I0609 06:56:58.076665 2877 leader_election.cc:296] T d3e8312276f847a09b1fb6fabe20a6a8 P 1756ecfbc7ed43e38612ab7e20bb7f22 [CANDIDATE]: Term 1 election: Requested vote from peers
I0609 06:56:58.076862 2879 raft_consensus.cc:2644] T d3e8312276f847a09b1fb6fabe20a6a8 P 1756ecfbc7ed43e38612ab7e20bb7f22 [term 1 FOLLOWER]: Leader election won for term 1
I0609 06:56:58.078582 2877 ts_tablet_manager.cc:1082] T d3e8312276f847a09b1fb6fabe20a6a8 P 1756ecfbc7ed43e38612ab7e20bb7f22: Time spent starting tablet: real 0.009s user 0.010s sys 0.000s
I0609 06:56:58.078071 2879 raft_consensus.cc:667] T d3e8312276f847a09b1fb6fabe20a6a8 P 1756ecfbc7ed43e38612ab7e20bb7f22 [term 1 LEADER]: Becoming Leader. State: Replica: 1756ecfbc7ed43e38612ab7e20bb7f22, State: Running, Role: LEADER
I0609 06:56:58.079145 2877 tablet_bootstrap.cc:439] T f00841bb1ad742d6889363d59594dd4d P 1756ecfbc7ed43e38612ab7e20bb7f22: Bootstrap starting.
I0609 06:56:58.079234 2879 consensus_queue.cc:206] T d3e8312276f847a09b1fb6fabe20a6a8 P 1756ecfbc7ed43e38612ab7e20bb7f22 [LEADER]: Queue going to LEADER mode. State: All replicated index: 0, Majority replicated index: 0, Committed index: 0, Last appended: 0.0, Last appended by leader: 0, Current term: 1, Majority size: 1, State: 0, Mode: LEADER, active raft config: opid_index: -1 OBSOLETE_local: true peers { permanent_uuid: "1756ecfbc7ed43e38612ab7e20bb7f22" member_type: VOTER last_known_addr { host: "127.1.23.193" port: 38627 } }
I0609 06:56:58.081853 2877 tablet_bootstrap.cc:590] T f00841bb1ad742d6889363d59594dd4d P 1756ecfbc7ed43e38612ab7e20bb7f22: No blocks or log segments found. Creating new log.
I0609 06:56:58.083169 2757 catalog_manager.cc:3989] T d3e8312276f847a09b1fb6fabe20a6a8 P 1756ecfbc7ed43e38612ab7e20bb7f22 reported cstate change: term changed from 0 to 1, leader changed from to 1756ecfbc7ed43e38612ab7e20bb7f22 (127.1.23.193). New cstate: current_term: 1 leader_uuid: "1756ecfbc7ed43e38612ab7e20bb7f22" committed_config { opid_index: -1 OBSOLETE_local: true peers { permanent_uuid: "1756ecfbc7ed43e38612ab7e20bb7f22" member_type: VOTER last_known_addr { host: "127.1.23.193" port: 38627 } health_report { overall_health: HEALTHY } } }
I0609 06:56:58.085837 2877 tablet_bootstrap.cc:439] T f00841bb1ad742d6889363d59594dd4d P 1756ecfbc7ed43e38612ab7e20bb7f22: No bootstrap required, opened a new log
I0609 06:56:58.086110 2877 ts_tablet_manager.cc:1054] T f00841bb1ad742d6889363d59594dd4d P 1756ecfbc7ed43e38612ab7e20bb7f22: Time spent bootstrapping tablet: real 0.007s user 0.006s sys 0.000s
I0609 06:56:58.087448 2877 raft_consensus.cc:340] T f00841bb1ad742d6889363d59594dd4d P 1756ecfbc7ed43e38612ab7e20bb7f22 [term 0 FOLLOWER]: Replica starting. Triggering 0 pending transactions. Active config: opid_index: -1 OBSOLETE_local: true peers { permanent_uuid: "1756ecfbc7ed43e38612ab7e20bb7f22" member_type: VOTER last_known_addr { host: "127.1.23.193" port: 38627 } }
I0609 06:56:58.087925 2877 raft_consensus.cc:366] T f00841bb1ad742d6889363d59594dd4d P 1756ecfbc7ed43e38612ab7e20bb7f22 [term 0 FOLLOWER]: Consensus starting up: Expiring failure detector timer to make a prompt election more likely
I0609 06:56:58.088150 2877 raft_consensus.cc:705] T f00841bb1ad742d6889363d59594dd4d P 1756ecfbc7ed43e38612ab7e20bb7f22 [term 0 FOLLOWER]: Becoming Follower/Learner. State: Replica: 1756ecfbc7ed43e38612ab7e20bb7f22, State: Initialized, Role: FOLLOWER
I0609 06:56:58.088675 2877 consensus_queue.cc:229] T f00841bb1ad742d6889363d59594dd4d P 1756ecfbc7ed43e38612ab7e20bb7f22 [NON_LEADER]: Queue going to NON_LEADER mode. State: All replicated index: 0, Majority replicated index: 0, Committed index: 0, Last appended: 0.0, Last appended by leader: 0, Current term: 0, Majority size: -1, State: 0, Mode: NON_LEADER, active raft config: opid_index: -1 OBSOLETE_local: true peers { permanent_uuid: "1756ecfbc7ed43e38612ab7e20bb7f22" member_type: VOTER last_known_addr { host: "127.1.23.193" port: 38627 } }
