Note: This is test shard 4 of 8. [==========] Running 16 tests from 3 test cases. [----------] Global test environment set-up. [----------] 14 tests from ClientTest [ RUN ] ClientTest.TestMasterDown WARNING: Logging before InitGoogleLogging() is written to STDERR
I0609 06:56:44.715471 1119 internal_mini_cluster.cc:146] Creating distributed mini masters. Addrs: 127.1.23.254:34767
I0609 06:56:44.736644 1119 system_ntp.cc:193] NTP initialized. Skew: 500ppm Current error: 89016us
I0609 06:56:44.737121 1119 fs_manager.cc:263] Metadata directory not provided
I0609 06:56:44.737287 1119 fs_manager.cc:269] Using write-ahead log directory (fs_wal_dir) as metadata directory
I0609 06:56:44.737612 1119 server_base.cc:440] Could not load existing FS layout: Not found: could not find a healthy instance file
I0609 06:56:44.737787 1119 server_base.cc:441] Attempting to create new FS layout instead
I0609 06:56:44.741210 1119 fs_manager.cc:602] Generated new instance metadata in path /tmp/dist-test-taskY5QUuL/test-tmp/client-test.3.ClientTest.TestMasterDown.1560063404629499-1119/minicluster-data/master-0-root/instance: uuid: "575cfd9b5a7e432a9d45b1299064bec9" format_stamp: "Formatted at 2019-06-09 06:56:44 on dist-test-slave-dist-test-slave-9h7f"
I0609 06:56:44.753020 1119 fs_manager.cc:503] Time spent creating directory manager: real 0.011s user 0.009s sys 0.000s
I0609 06:56:44.754123 1119 env_posix.cc:1676] Not raising this process' open files per process limit of 1048576; it is already as high as it can go
I0609 06:56:44.754717 1119 file_cache.cc:465] Constructed file cache lbm with capacity 419430
I0609 06:56:44.762215 1119 fs_manager.cc:419] Time spent opening block manager: real 0.002s user 0.001s sys 0.000s
I0609 06:56:44.762374 1119 fs_manager.cc:436] Opened local filesystem: /tmp/dist-test-taskY5QUuL/test-tmp/client-test.3.ClientTest.TestMasterDown.1560063404629499-1119/minicluster-data/master-0-root uuid: "575cfd9b5a7e432a9d45b1299064bec9" format_stamp: "Formatted at 2019-06-09 06:56:44 on dist-test-slave-dist-test-slave-9h7f"
I0609 06:56:44.762639 1119 fs_report.cc:352] FS layout report -------------------- wal directory: /tmp/dist-test-taskY5QUuL/test-tmp/client-test.3.ClientTest.TestMasterDown.1560063404629499-1119/minicluster-data/master-0-root metadata directory: /tmp/dist-test-taskY5QUuL/test-tmp/client-test.3.ClientTest.TestMasterDown.1560063404629499-1119/minicluster-data/master-0-root 1 data directories: /tmp/dist-test-taskY5QUuL/test-tmp/client-test.3.ClientTest.TestMasterDown.1560063404629499-1119/minicluster-data/master-0-root/data Total live blocks: 0 Total live bytes: 0 Total live bytes (after alignment): 0 Total number of LBM containers: 0 (0 full) Did not check for missing blocks Did not check for orphaned blocks Total full LBM containers with extra space: 0 (0 repaired) Total full LBM container extra space in bytes: 0 (0 repaired) Total incomplete LBM containers: 0 (0 repaired) Total LBM partial records: 0 (0 repaired)
W0609 06:56:45.884382 1119 thread.cc:599] rpc reactor (reactor) Time spent creating pthread: real 1.091s user 0.419s sys 0.672s
W0609 06:56:45.884601 1119 thread.cc:566] rpc reactor (reactor) Time spent starting thread: real 1.091s user 0.419s sys 0.672s
I0609 06:56:45.960669 1119 env_posix.cc:1676] Not raising this process' running threads per effective uid limit of 18446744073709551615; it is already as high as it can go
I0609 06:56:46.029044 1119 rpc_server.cc:205] RPC server started. Bound to: 127.1.23.254:34767
I0609 06:56:46.031610 1119 webserver.cc:374] Webserver started at http://127.1.23.254:46175/ using document root and password file
I0609 06:56:46.034626 1180 data_dirs.cc:938] Could only allocate 1 dirs of requested 3 for tablet 00000000000000000000000000000000. 1 dirs total, 0 dirs full, 0 dirs failed
I0609 06:56:46.052233 1180 tablet_bootstrap.cc:439] T 00000000000000000000000000000000 P 575cfd9b5a7e432a9d45b1299064bec9: Bootstrap starting.
I0609 06:56:46.055905 1180 tablet_bootstrap.cc:590] T 00000000000000000000000000000000 P 575cfd9b5a7e432a9d45b1299064bec9: No blocks or log segments found. Creating new log.
I0609 06:56:46.057595 1180 log.cc:525] T 00000000000000000000000000000000 P 575cfd9b5a7e432a9d45b1299064bec9: Log is configured to *not* fsync() on all Append() calls
I0609 06:56:46.060467 1180 tablet_bootstrap.cc:439] T 00000000000000000000000000000000 P 575cfd9b5a7e432a9d45b1299064bec9: No bootstrap required, opened a new log
I0609 06:56:46.075260 1180 raft_consensus.cc:340] T 00000000000000000000000000000000 P 575cfd9b5a7e432a9d45b1299064bec9 [term 0 FOLLOWER]: Replica starting. Triggering 0 pending transactions. Active config: opid_index: -1 OBSOLETE_local: true peers { permanent_uuid: "575cfd9b5a7e432a9d45b1299064bec9" member_type: VOTER }
I0609 06:56:46.075713 1180 raft_consensus.cc:366] T 00000000000000000000000000000000 P 575cfd9b5a7e432a9d45b1299064bec9 [term 0 FOLLOWER]: Consensus starting up: Expiring failure detector timer to make a prompt election more likely
I0609 06:56:46.075930 1180 raft_consensus.cc:705] T 00000000000000000000000000000000 P 575cfd9b5a7e432a9d45b1299064bec9 [term 0 FOLLOWER]: Becoming Follower/Learner. State: Replica: 575cfd9b5a7e432a9d45b1299064bec9, State: Initialized, Role: FOLLOWER
I0609 06:56:46.076565 1180 consensus_queue.cc:229] T 00000000000000000000000000000000 P 575cfd9b5a7e432a9d45b1299064bec9 [NON_LEADER]: Queue going to NON_LEADER mode. State: All replicated index: 0, Majority replicated index: 0, Committed index: 0, Last appended: 0.0, Last appended by leader: 0, Current term: 0, Majority size: -1, State: 0, Mode: NON_LEADER, active raft config: opid_index: -1 OBSOLETE_local: true peers { permanent_uuid: "575cfd9b5a7e432a9d45b1299064bec9" member_type: VOTER }
I0609 06:56:46.077029 1180 raft_consensus.cc:380] T 00000000000000000000000000000000 P 575cfd9b5a7e432a9d45b1299064bec9 [term 0 FOLLOWER]: Only one voter in the Raft config. Triggering election immediately
I0609 06:56:46.077273 1180 raft_consensus.cc:472] T 00000000000000000000000000000000 P 575cfd9b5a7e432a9d45b1299064bec9 [term 0 FOLLOWER]: Starting leader election (initial election of a single-replica configuration)
I0609 06:56:46.077603 1180 raft_consensus.cc:2890] T 00000000000000000000000000000000 P 575cfd9b5a7e432a9d45b1299064bec9 [term 0 FOLLOWER]: Advancing to term 1
I0609 06:56:46.080667 1180 raft_consensus.cc:494] T 00000000000000000000000000000000 P 575cfd9b5a7e432a9d45b1299064bec9 [term 1 FOLLOWER]: Starting leader election with config: opid_index: -1 OBSOLETE_local: true peers { permanent_uuid: "575cfd9b5a7e432a9d45b1299064bec9" member_type: VOTER }
I0609 06:56:46.081248 1180 leader_election.cc:310] T 00000000000000000000000000000000 P 575cfd9b5a7e432a9d45b1299064bec9 [CANDIDATE]: Term 1 election: Election decided. Result: candidate won. Election summary: received 1 responses out of 1 voters: 1 yes votes; 0 no votes. yes voters: 575cfd9b5a7e432a9d45b1299064bec9; no voters:
I0609 06:56:46.083317 1182 raft_consensus.cc:2644] T 00000000000000000000000000000000 P 575cfd9b5a7e432a9d45b1299064bec9 [term 1 FOLLOWER]: Leader election won for term 1
I0609 06:56:46.084645 1180 leader_election.cc:296] T 00000000000000000000000000000000 P 575cfd9b5a7e432a9d45b1299064bec9 [CANDIDATE]: Term 1 election: Requested vote from peers
I0609 06:56:46.158927 1182 raft_consensus.cc:667] T 00000000000000000000000000000000 P 575cfd9b5a7e432a9d45b1299064bec9 [term 1 LEADER]: Becoming Leader. State: Replica: 575cfd9b5a7e432a9d45b1299064bec9, State: Running, Role: LEADER
I0609 06:56:46.159477 1182 consensus_queue.cc:206] T 00000000000000000000000000000000 P 575cfd9b5a7e432a9d45b1299064bec9 [LEADER]: Queue going to LEADER mode. State: All replicated index: 0, Majority replicated index: 0, Committed index: 0, Last appended: 0.0, Last appended by leader: 0, Current term: 1, Majority size: 1, State: 0, Mode: LEADER, active raft config: opid_index: -1 OBSOLETE_local: true peers { permanent_uuid: "575cfd9b5a7e432a9d45b1299064bec9" member_type: VOTER }
I0609 06:56:46.164420 1180 sys_catalog.cc:338] T 00000000000000000000000000000000 P 575cfd9b5a7e432a9d45b1299064bec9 [sys.catalog]: SysCatalogTable state changed. Reason: Started TabletReplica. Latest consensus state: current_term: 1 leader_uuid: "575cfd9b5a7e432a9d45b1299064bec9" committed_config { opid_index: -1 OBSOLETE_local: true peers { permanent_uuid: "575cfd9b5a7e432a9d45b1299064bec9" member_type: VOTER } }
I0609 06:56:46.164357 1184 sys_catalog.cc:338] T 00000000000000000000000000000000 P 575cfd9b5a7e432a9d45b1299064bec9 [sys.catalog]: SysCatalogTable state changed. Reason: RaftConsensus started. Latest consensus state: current_term: 1 leader_uuid: "575cfd9b5a7e432a9d45b1299064bec9" committed_config { opid_index: -1 OBSOLETE_local: true peers { permanent_uuid: "575cfd9b5a7e432a9d45b1299064bec9" member_type: VOTER } }
I0609 06:56:46.165091 1184 sys_catalog.cc:341] T 00000000000000000000000000000000 P 575cfd9b5a7e432a9d45b1299064bec9 [sys.catalog]: This master's current role is: LEADER
I0609 06:56:46.165046 1180 sys_catalog.cc:341] T 00000000000000000000000000000000 P 575cfd9b5a7e432a9d45b1299064bec9 [sys.catalog]: This master's current role is: LEADER
I0609 06:56:46.164299 1183 sys_catalog.cc:338] T 00000000000000000000000000000000 P 575cfd9b5a7e432a9d45b1299064bec9 [sys.catalog]: SysCatalogTable state changed. Reason: New leader 575cfd9b5a7e432a9d45b1299064bec9. Latest consensus state: current_term: 1 leader_uuid: "575cfd9b5a7e432a9d45b1299064bec9" committed_config { opid_index: -1 OBSOLETE_local: true peers { permanent_uuid: "575cfd9b5a7e432a9d45b1299064bec9" member_type: VOTER } }
I0609 06:56:46.165477 1183 sys_catalog.cc:341] T 00000000000000000000000000000000 P 575cfd9b5a7e432a9d45b1299064bec9 [sys.catalog]: This master's current role is: LEADER
I0609 06:56:46.168596 1180 sys_catalog.cc:426] T 00000000000000000000000000000000 P 575cfd9b5a7e432a9d45b1299064bec9 [sys.catalog]: configured and running, proceeding with master startup.
I0609 06:56:46.169368 1187 catalog_manager.cc:1056] Loading table and tablet metadata into memory...
I0609 06:56:46.170460 1119 internal_mini_cluster.cc:166] Waiting to initialize catalog manager on master 0
I0609 06:56:46.179515 1187 catalog_manager.cc:1067] Initializing Kudu internal certificate authority...
I0609 06:56:46.274646 1187 catalog_manager.cc:951] Generated new certificate authority record
I0609 06:56:46.276348 1187 catalog_manager.cc:1076] Loading token signing keys...
I0609 06:56:46.293720 1187 catalog_manager.cc:4293] T 00000000000000000000000000000000 P 575cfd9b5a7e432a9d45b1299064bec9: Generated new TSK 0
I0609 06:56:46.335104 1119 system_ntp.cc:193] NTP initialized. Skew: 500ppm Current error: 90016us
I0609 06:56:46.336520 1119 fs_manager.cc:263] Metadata directory not provided
I0609 06:56:46.336738 1119 fs_manager.cc:269] Using write-ahead log directory (fs_wal_dir) as metadata directory
I0609 06:56:46.337033 1119 server_base.cc:440] Could not load existing FS layout: Not found: could not find a healthy instance file
I0609 06:56:46.337234 1119 server_base.cc:441] Attempting to create new FS layout instead
I0609 06:56:46.338974 1119 fs_manager.cc:602] Generated new instance metadata in path /tmp/dist-test-taskY5QUuL/test-tmp/client-test.3.ClientTest.TestMasterDown.1560063404629499-1119/minicluster-data/ts-0-root/instance: uuid: "62db0506113d4f9589a07e0cd364234b" format_stamp: "Formatted at 2019-06-09 06:56:46 on dist-test-slave-dist-test-slave-9h7f"
I0609 06:56:46.358861 1119 fs_manager.cc:503] Time spent creating directory manager: real 0.019s user 0.017s sys 0.004s
I0609 06:56:46.360915 1119 file_cache.cc:465] Constructed file cache lbm with capacity 419430
I0609 06:56:46.375488 1119 fs_manager.cc:419] Time spent opening block manager: real 0.002s user 0.002s sys 0.000s
I0609 06:56:46.375705 1119 fs_manager.cc:436] Opened local filesystem: /tmp/dist-test-taskY5QUuL/test-tmp/client-test.3.ClientTest.TestMasterDown.1560063404629499-1119/minicluster-data/ts-0-root uuid: "62db0506113d4f9589a07e0cd364234b" format_stamp: "Formatted at 2019-06-09 06:56:46 on dist-test-slave-dist-test-slave-9h7f"
I0609 06:56:46.376029 1119 fs_report.cc:352] FS layout report -------------------- wal directory: /tmp/dist-test-taskY5QUuL/test-tmp/client-test.3.ClientTest.TestMasterDown.1560063404629499-1119/minicluster-data/ts-0-root metadata directory: /tmp/dist-test-taskY5QUuL/test-tmp/client-test.3.ClientTest.TestMasterDown.1560063404629499-1119/minicluster-data/ts-0-root 1 data directories: /tmp/dist-test-taskY5QUuL/test-tmp/client-test.3.ClientTest.TestMasterDown.1560063404629499-1119/minicluster-data/ts-0-root/data Total live blocks: 0 Total live bytes: 0 Total live bytes (after alignment): 0 Total number of LBM containers: 0 (0 full) Did not check for missing blocks Did not check for orphaned blocks Total full LBM containers with extra space: 0 (0 repaired) Total full LBM container extra space in bytes: 0 (0 repaired) Total incomplete LBM containers: 0 (0 repaired) Total LBM partial records: 0 (0 repaired)
I0609 06:56:46.430977 1119 ts_tablet_manager.cc:356] Loaded tablet metadata (0 total tablets, 0 live tablets)
I0609 06:56:46.431268 1119 ts_tablet_manager.cc:376] Registered 0 tablets
I0609 06:56:46.568553 1119 rpc_server.cc:205] RPC server started. Bound to: 127.1.23.193:37861
I0609 06:56:46.571106 1119 webserver.cc:374] Webserver started at http://127.1.23.193:35419/ using document root and password file
I0609 06:56:46.592844 1255 heartbeater.cc:324] Connected to a master server at 127.1.23.254:34767
I0609 06:56:46.593256 1255 heartbeater.cc:405] Registering TS with master...
I0609 06:56:46.594002 1255 heartbeater.cc:454] Master 127.1.23.254:34767 requested a full tablet report, sending...
I0609 06:56:46.596271 1147 ts_manager.cc:161] Registered new tserver with Master: 62db0506113d4f9589a07e0cd364234b (127.1.23.193:37861)
I0609 06:56:46.596683 1119 internal_mini_cluster.cc:328] 1 TS(s) registered with all masters after 0.022159296s
I0609 06:56:46.599649 1147 master_service.cc:274] Signed X509 certificate for tserver {username='slave'} at 127.0.0.1:53128
I0609 06:56:46.612650 1255 heartbeater.cc:446] Master 127.1.23.254:34767 was elected leader, sending a full tablet report...
I0609 06:56:46.641985 1147 catalog_manager.cc:1410] Servicing CreateTable request from {username='slave'} at 127.0.0.1:53130: name: "client-testtb" schema { columns { name: "key" type: INT32 is_key: true is_nullable: false encoding: AUTO_ENCODING compression: DEFAULT_COMPRESSION cfile_block_size: 0 } columns { name: "int_val" type: INT32 is_key: false is_nullable: false encoding: AUTO_ENCODING compression: DEFAULT_COMPRESSION cfile_block_size: 0 } columns { name: "string_val" type: STRING is_key: false is_nullable: true encoding: AUTO_ENCODING compression: DEFAULT_COMPRESSION cfile_block_size: 0 } columns { name: "non_null_with_default" type: INT32 is_key: false is_nullable: false read_default_value: "90\000\000" encoding: AUTO_ENCODING compression: DEFAULT_COMPRESSION cfile_block_size: 0 } } num_replicas: 1 split_rows_range_bounds { rows: "\004\001\000\t\000\000\000" } partition_schema { range_schema { columns { name: "key" } } }
I0609 06:56:46.687839 1221 tablet_service.cc:1016] Processing CreateTablet for tablet 44165c667eae4380868247fea6c55c7a (table=client-testtb [id=f573193e52ce4230816a6cc68590dff3]), partition=RANGE (key) PARTITION VALUES >= 9
I0609 06:56:46.687116 1222 tablet_service.cc:1016] Processing CreateTablet for tablet be2443e0b85446128a6f59df07fff719 (table=client-testtb [id=f573193e52ce4230816a6cc68590dff3]), partition=RANGE (key) PARTITION VALUES < 9
I0609 06:56:46.689060 1221 data_dirs.cc:938] Could only allocate 1 dirs of requested 3 for tablet 44165c667eae4380868247fea6c55c7a. 1 dirs total, 0 dirs full, 0 dirs failed
I0609 06:56:46.689524 1222 data_dirs.cc:938] Could only allocate 1 dirs of requested 3 for tablet be2443e0b85446128a6f59df07fff719. 1 dirs total, 0 dirs full, 0 dirs failed
I0609 06:56:46.701984 1267 tablet_bootstrap.cc:439] T 44165c667eae4380868247fea6c55c7a P 62db0506113d4f9589a07e0cd364234b: Bootstrap starting.
I0609 06:56:46.706120 1267 tablet_bootstrap.cc:590] T 44165c667eae4380868247fea6c55c7a P 62db0506113d4f9589a07e0cd364234b: No blocks or log segments found. Creating new log.
I0609 06:56:46.710381 1267 tablet_bootstrap.cc:439] T 44165c667eae4380868247fea6c55c7a P 62db0506113d4f9589a07e0cd364234b: No bootstrap required, opened a new log
I0609 06:56:46.710762 1267 ts_tablet_manager.cc:1054] T 44165c667eae4380868247fea6c55c7a P 62db0506113d4f9589a07e0cd364234b: Time spent bootstrapping tablet: real 0.009s user 0.005s sys 0.003s
I0609 06:56:46.712625 1267 raft_consensus.cc:340] T 44165c667eae4380868247fea6c55c7a P 62db0506113d4f9589a07e0cd364234b [term 0 FOLLOWER]: Replica starting. Triggering 0 pending transactions. Active config: opid_index: -1 OBSOLETE_local: true peers { permanent_uuid: "62db0506113d4f9589a07e0cd364234b" member_type: VOTER last_known_addr { host: "127.1.23.193" port: 37861 } }
I0609 06:56:46.713014 1267 raft_consensus.cc:366] T 44165c667eae4380868247fea6c55c7a P 62db0506113d4f9589a07e0cd364234b [term 0 FOLLOWER]: Consensus starting up: Expiring failure detector timer to make a prompt election more likely
I0609 06:56:46.713279 1267 raft_consensus.cc:705] T 44165c667eae4380868247fea6c55c7a P 62db0506113d4f9589a07e0cd364234b [term 0 FOLLOWER]: Becoming Follower/Learner. State: Replica: 62db0506113d4f9589a07e0cd364234b, State: Initialized, Role: FOLLOWER
I0609 06:56:46.713853 1267 consensus_queue.cc:229] T 44165c667eae4380868247fea6c55c7a P 62db0506113d4f9589a07e0cd364234b [NON_LEADER]: Queue going to NON_LEADER mode. State: All replicated index: 0, Majority replicated index: 0, Committed index: 0, Last appended: 0.0, Last appended by leader: 0, Current term: 0, Majority size: -1, State: 0, Mode: NON_LEADER, active raft config: opid_index: -1 OBSOLETE_local: true peers { permanent_uuid: "62db0506113d4f9589a07e0cd364234b" member_type: VOTER last_known_addr { host: "127.1.23.193" port: 37861 } }
I0609 06:56:46.714256 1267 raft_consensus.cc:380] T 44165c667eae4380868247fea6c55c7a P 62db0506113d4f9589a07e0cd364234b [term 0 FOLLOWER]: Only one voter in the Raft config. Triggering election immediately
I0609 06:56:46.714429 1267 raft_consensus.cc:472] T 44165c667eae4380868247fea6c55c7a P 62db0506113d4f9589a07e0cd364234b [term 0 FOLLOWER]: Starting leader election (initial election of a single-replica configuration)
I0609 06:56:46.714661 1267 raft_consensus.cc:2890] T 44165c667eae4380868247fea6c55c7a P 62db0506113d4f9589a07e0cd364234b [term 0 FOLLOWER]: Advancing to term 1
I0609 06:56:46.717932 1267 raft_consensus.cc:494] T 44165c667eae4380868247fea6c55c7a P 62db0506113d4f9589a07e0cd364234b [term 1 FOLLOWER]: Starting leader election with config: opid_index: -1 OBSOLETE_local: true peers { permanent_uuid: "62db0506113d4f9589a07e0cd364234b" member_type: VOTER last_known_addr { host: "127.1.23.193" port: 37861 } }
I0609 06:56:46.718484 1267 leader_election.cc:310] T 44165c667eae4380868247fea6c55c7a P 62db0506113d4f9589a07e0cd364234b [CANDIDATE]: Term 1 election: Election decided. Result: candidate won. Election summary: received 1 responses out of 1 voters: 1 yes votes; 0 no votes. yes voters: 62db0506113d4f9589a07e0cd364234b; no voters:
I0609 06:56:46.720495 1267 leader_election.cc:296] T 44165c667eae4380868247fea6c55c7a P 62db0506113d4f9589a07e0cd364234b [CANDIDATE]: Term 1 election: Requested vote from peers
I0609 06:56:46.721094 1269 raft_consensus.cc:2644] T 44165c667eae4380868247fea6c55c7a P 62db0506113d4f9589a07e0cd364234b [term 1 FOLLOWER]: Leader election won for term 1
I0609 06:56:46.723748 1267 ts_tablet_manager.cc:1082] T 44165c667eae4380868247fea6c55c7a P 62db0506113d4f9589a07e0cd364234b: Time spent starting tablet: real 0.013s user 0.009s sys 0.004s
I0609 06:56:46.724567 1267 tablet_bootstrap.cc:439] T be2443e0b85446128a6f59df07fff719 P 62db0506113d4f9589a07e0cd364234b: Bootstrap starting.
I0609 06:56:46.725049 1269 raft_consensus.cc:667] T 44165c667eae4380868247fea6c55c7a P 62db0506113d4f9589a07e0cd364234b [term 1 LEADER]: Becoming Leader. State: Replica: 62db0506113d4f9589a07e0cd364234b, State: Running, Role: LEADER
I0609 06:56:46.725594 1269 consensus_queue.cc:206] T 44165c667eae4380868247fea6c55c7a P 62db0506113d4f9589a07e0cd364234b [LEADER]: Queue going to LEADER mode. State: All replicated index: 0, Majority replicated index: 0, Committed index: 0, Last appended: 0.0, Last appended by leader: 0, Current term: 1, Majority size: 1, State: 0, Mode: LEADER, active raft config: opid_index: -1 OBSOLETE_local: true peers { permanent_uuid: "62db0506113d4f9589a07e0cd364234b" member_type: VOTER last_known_addr { host: "127.1.23.193" port: 37861 } }
I0609 06:56:46.727262 1267 tablet_bootstrap.cc:590] T be2443e0b85446128a6f59df07fff719 P 62db0506113d4f9589a07e0cd364234b: No blocks or log segments found. Creating new log.
I0609 06:56:46.734481 1146 catalog_manager.cc:3989] T 44165c667eae4380868247fea6c55c7a P 62db0506113d4f9589a07e0cd364234b reported cstate change: term changed from 0 to 1, leader changed from to 62db0506113d4f9589a07e0cd364234b (127.1.23.193). New cstate: current_term: 1 leader_uuid: "62db0506113d4f9589a07e0cd364234b" committed_config { opid_index: -1 OBSOLETE_local: true peers { permanent_uuid: "62db0506113d4f9589a07e0cd364234b" member_type: VOTER last_known_addr { host: "127.1.23.193" port: 37861 } health_report { overall_health: HEALTHY } } }
I0609 06:56:46.740352 1267 tablet_bootstrap.cc:439] T be2443e0b85446128a6f59df07fff719 P 62db0506113d4f9589a07e0cd364234b: No bootstrap required, opened a new log
I0609 06:56:46.740785 1267 ts_tablet_manager.cc:1054] T be2443e0b85446128a6f59df07fff719 P 62db0506113d4f9589a07e0cd364234b: Time spent bootstrapping tablet: real 0.016s user 0.003s sys 0.012s
I0609 06:56:46.744052 1267 raft_consensus.cc:340] T be2443e0b85446128a6f59df07fff719 P 62db0506113d4f9589a07e0cd364234b [term 0 FOLLOWER]: Replica starting. Triggering 0 pending transactions. Active config: opid_index: -1 OBSOLETE_local: true peers { permanent_uuid: "62db0506113d4f9589a07e0cd364234b" member_type: VOTER last_known_addr { host: "127.1.23.193" port: 37861 } }
I0609 06:56:46.744421 1267 raft_consensus.cc:366] T be2443e0b85446128a6f59df07fff719 P 62db0506113d4f9589a07e0cd364234b [term 0 FOLLOWER]: Consensus starting up: Expiring failure detector timer to make a prompt election more likely
I0609 06:56:46.744603 1267 raft_consensus.cc:705] T be2443e0b85446128a6f59df07fff719 P 62db0506113d4f9589a07e0cd364234b [term 0 FOLLOWER]: Becoming Follower/Learner. State: Replica: 62db0506113d4f9589a07e0cd364234b, State: Initialized, Role: FOLLOWER
I0609 06:56:46.745081 1267 consensus_queue.cc:229] T be2443e0b85446128a6f59df07fff719 P 62db0506113d4f9589a07e0cd364234b [NON_LEADER]: Queue going to NON_LEADER mode. State: All replicated index: 0, Majority replicated index: 0, Committed index: 0, Last appended: 0.0, Last appended by leader: 0, Current term: 0, Majority size: -1, State: 0, Mode: NON_LEADER, active raft config: opid_index: -1 OBSOLETE_local: true peers { permanent_uuid: "62db0506113d4f9589a07e0cd364234b" member_type: VOTER last_known_addr { host: "127.1.23.193" port: 37861 } }
I0609 06:56:46.745575 1267 raft_consensus.cc:380] T be2443e0b85446128a6f59df07fff719 P 62db0506113d4f9589a07e0cd364234b [term 0 FOLLOWER]: Only one voter in the Raft config. Triggering election immediately
I0609 06:56:46.745762 1267 raft_consensus.cc:472] T be2443e0b85446128a6f59df07fff719 P 62db0506113d4f9589a07e0cd364234b [term 0 FOLLOWER]: Starting leader election (initial election of a single-replica configuration)
I0609 06:56:46.746001 1267 raft_consensus.cc:2890] T be2443e0b85446128a6f59df07fff719 P 62db0506113d4f9589a07e0cd364234b [term 0 FOLLOWER]: Advancing to term 1
I0609 06:56:46.749783 1267 raft_consensus.cc:494] T be2443e0b85446128a6f59df07fff719 P 62db0506113d4f9589a07e0cd364234b [term 1 FOLLOWER]: Starting leader election with config: opid_index: -1 OBSOLETE_local: true peers { permanent_uuid: "62db0506113d4f9589a07e0cd364234b" member_type: VOTER last_known_addr { host: "127.1.23.193" port: 37861 } }
I0609 06:56:46.750218 1267 leader_election.cc:310] T be2443e0b85446128a6f59df07fff719 P 62db0506113d4f9589a07e0cd364234b [CANDIDATE]: Term 1 election: Election decided. Result: candidate won. Election summary: received 1 responses out of 1 voters: 1 yes votes; 0 no votes. yes voters: 62db0506113d4f9589a07e0cd364234b; no voters:
I0609 06:56:46.750692 1267 leader_election.cc:296] T be2443e0b85446128a6f59df07fff719 P 62db0506113d4f9589a07e0cd364234b [CANDIDATE]: Term 1 election: Requested vote from peers
I0609 06:56:46.750844 1269 raft_consensus.cc:2644] T be2443e0b85446128a6f59df07fff719 P 62db0506113d4f9589a07e0cd364234b [term 1 FOLLOWER]: Leader election won for term 1
I0609 06:56:46.751710 1267 ts_tablet_manager.cc:1082] T be2443e0b85446128a6f59df07fff719 P 62db0506113d4f9589a07e0cd364234b: Time spent starting tablet: real 0.011s user 0.009s sys 0.000s
I0609 06:56:46.751957 1269 raft_consensus.cc:667] T be2443e0b85446128a6f59df07fff719 P 62db0506113d4f9589a07e0cd364234b [term 1 LEADER]: Becoming Leader. State: Replica: 62db0506113d4f9589a07e0cd364234b, State: Running, Role: LEADER
I0609 06:56:46.752470 1269 consensus_queue.cc:206] T be2443e0b85446128a6f59df07fff719 P 62db0506113d4f9589a07e0cd364234b [LEADER]: Queue going to LEADER mode. State: All replicated index: 0, Majority replicated index: 0, Committed index: 0, Last appended: 0.0, Last appended by leader: 0, Current term: 1, Majority size: 1, State: 0, Mode: LEADER, active raft config: opid_index: -1 OBSOLETE_local: true peers { permanent_uuid: "62db0506113d4f9589a07e0cd364234b" member_type: VOTER last_known_addr { host: "127.1.23.193" port: 37861 } }
I0609 06:56:46.757138 1146 catalog_manager.cc:3989] T be2443e0b85446128a6f59df07fff719 P 62db0506113d4f9589a07e0cd364234b reported cstate change: term changed from 0 to 1, leader changed from to 62db0506113d4f9589a07e0cd364234b (127.1.23.193). New cstate: current_term: 1 leader_uuid: "62db0506113d4f9589a07e0cd364234b" committed_config { opid_index: -1 OBSOLETE_local: true peers { permanent_uuid: "62db0506113d4f9589a07e0cd364234b" member_type: VOTER last_known_addr { host: "127.1.23.193" port: 37861 } health_report { overall_health: HEALTHY } } }
I0609 06:56:46.769556 1119 master.cc:247] Master@127.1.23.254:34767 shutting down...
I0609 06:56:46.777088 1129 messenger.cc:381] Service unavailable: service kudu.master.MasterService not registered on Master
W0609 06:56:46.779047 1255 heartbeater.cc:566] Failed to heartbeat to 127.1.23.254:34767 (0 consecutive failures): Remote error: Failed to send heartbeat to master: Service unavailable: service kudu.master.MasterService not registered on Master
I0609 06:56:46.790421 1129 messenger.cc:381] Service unavailable: service kudu.master.MasterService not registered on Master
I0609 06:56:46.802285 1129 messenger.cc:381] Service unavailable: service kudu.master.MasterService not registered on Master
I0609 06:56:46.814276 1129 messenger.cc:381] Service unavailable: service kudu.master.MasterService not registered on Master
I0609 06:56:46.821084 1119 raft_consensus.cc:2147] T 00000000000000000000000000000000 P 575cfd9b5a7e432a9d45b1299064bec9 [term 1 LEADER]: Raft consensus shutting down.
I0609 06:56:46.821642 1119 raft_consensus.cc:2174] T 00000000000000000000000000000000 P 575cfd9b5a7e432a9d45b1299064bec9 [term 1 FOLLOWER]: Raft consensus is shut down!
I0609 06:56:46.821993 1119 tablet_replica.cc:265] T 00000000000000000000000000000000 P 575cfd9b5a7e432a9d45b1299064bec9: stopping tablet replica
I0609 06:56:46.827476 1129 messenger.cc:381] Service unavailable: service kudu.master.MasterService not registered on Master
I0609 06:56:46.867189 1119 master.cc:258] Master@127.1.23.254:34767 shutdown complete.
I0609 06:56:46.877602 1119 tablet_server.cc:155] TabletServer shutting down...
I0609 06:56:46.946616 1119 ts_tablet_manager.cc:1128] Shutting down tablet manager...
I0609 06:56:46.947199 1119 tablet_replica.cc:265] T be2443e0b85446128a6f59df07fff719 P 62db0506113d4f9589a07e0cd364234b: stopping tablet replica
I0609 06:56:46.947769 1119 raft_consensus.cc:2147] T be2443e0b85446128a6f59df07fff719 P 62db0506113d4f9589a07e0cd364234b [term 1 LEADER]: Raft consensus shutting down.
I0609 06:56:46.948132 1119 raft_consensus.cc:2174] T be2443e0b85446128a6f59df07fff719 P 62db0506113d4f9589a07e0cd364234b [term 1 FOLLOWER]: Raft consensus is shut down!
I0609 06:56:46.951473 1119 tablet_replica.cc:265] T 44165c667eae4380868247fea6c55c7a P 62db0506113d4f9589a07e0cd364234b: stopping tablet replica
I0609 06:56:46.951877 1119 raft_consensus.cc:2147] T 44165c667eae4380868247fea6c55c7a P 62db0506113d4f9589a07e0cd364234b [term 1 LEADER]: Raft consensus shutting down.
I0609 06:56:46.952209 1119 raft_consensus.cc:2174] T 44165c667eae4380868247fea6c55c7a P 62db0506113d4f9589a07e0cd364234b [term 1 FOLLOWER]: Raft consensus is shut down!
I0609 06:56:46.985324 1119 tablet_server.cc:169] TabletServer shutdown complete.
I0609 06:56:46.985536 1119 tablet_server.cc:155] TabletServer shutting down...
I0609 06:56:46.985947 1119 tablet_server.cc:169] TabletServer shutdown complete. [ OK ] ClientTest.TestMasterDown (2292 ms) [ RUN ] ClientTest.TestProjectInvalidColumn
I0609 06:56:47.006089 1119 internal_mini_cluster.cc:146] Creating distributed mini masters. Addrs: 127.1.23.254:45235
I0609 06:56:47.029554 1119 system_ntp.cc:193] NTP initialized. Skew: 500ppm Current error: 90516us
I0609 06:56:47.030016 1119 fs_manager.cc:263] Metadata directory not provided
I0609 06:56:47.030211 1119 fs_manager.cc:269] Using write-ahead log directory (fs_wal_dir) as metadata directory
I0609 06:56:47.030519 1119 server_base.cc:440] Could not load existing FS layout: Not found: could not find a healthy instance file
I0609 06:56:47.030707 1119 server_base.cc:441] Attempting to create new FS layout instead
I0609 06:56:47.031916 1119 fs_manager.cc:602] Generated new instance metadata in path /tmp/dist-test-taskY5QUuL/test-tmp/client-test.3.ClientTest.TestProjectInvalidColumn.1560063404629499-1119/minicluster-data/master-0-root/instance: uuid: "d9b1c9252ced4de2ab1575f6e2c43e29" format_stamp: "Formatted at 2019-06-09 06:56:47 on dist-test-slave-dist-test-slave-9h7f"
I0609 06:56:47.046028 1119 fs_manager.cc:503] Time spent creating directory manager: real 0.014s user 0.016s sys 0.001s
I0609 06:56:47.047878 1119 file_cache.cc:465] Constructed file cache lbm with capacity 419430
I0609 06:56:47.060570 1119 fs_manager.cc:419] Time spent opening block manager: real 0.001s user 0.001s sys 0.000s
I0609 06:56:47.060782 1119 fs_manager.cc:436] Opened local filesystem: /tmp/dist-test-taskY5QUuL/test-tmp/client-test.3.ClientTest.TestProjectInvalidColumn.1560063404629499-1119/minicluster-data/master-0-root uuid: "d9b1c9252ced4de2ab1575f6e2c43e29" format_stamp: "Formatted at 2019-06-09 06:56:47 on dist-test-slave-dist-test-slave-9h7f"
I0609 06:56:47.061050 1119 fs_report.cc:352] FS layout report -------------------- wal directory: /tmp/dist-test-taskY5QUuL/test-tmp/client-test.3.ClientTest.TestProjectInvalidColumn.1560063404629499-1119/minicluster-data/master-0-root metadata directory: /tmp/dist-test-taskY5QUuL/test-tmp/client-test.3.ClientTest.TestProjectInvalidColumn.1560063404629499-1119/minicluster-data/master-0-root 1 data directories: /tmp/dist-test-taskY5QUuL/test-tmp/client-test.3.ClientTest.TestProjectInvalidColumn.1560063404629499-1119/minicluster-data/master-0-root/data Total live blocks: 0 Total live bytes: 0 Total live bytes (after alignment): 0 Total number of LBM containers: 0 (0 full) Did not check for missing blocks Did not check for orphaned blocks Total full LBM containers with extra space: 0 (0 repaired) Total full LBM container extra space in bytes: 0 (0 repaired) Total incomplete LBM containers: 0 (0 repaired) Total LBM partial records: 0 (0 repaired)
I0609 06:56:47.186825 1119 rpc_server.cc:205] RPC server started. Bound to: 127.1.23.254:45235
I0609 06:56:47.189910 1119 webserver.cc:374] Webserver started at http://127.1.23.254:35595/ using document root and password file
I0609 06:56:47.194504 1330 data_dirs.cc:938] Could only allocate 1 dirs of requested 3 for tablet 00000000000000000000000000000000. 1 dirs total, 0 dirs full, 0 dirs failed
I0609 06:56:47.206423 1330 tablet_bootstrap.cc:439] T 00000000000000000000000000000000 P d9b1c9252ced4de2ab1575f6e2c43e29: Bootstrap starting.
I0609 06:56:47.208361 1330 tablet_bootstrap.cc:590] T 00000000000000000000000000000000 P d9b1c9252ced4de2ab1575f6e2c43e29: No blocks or log segments found. Creating new log.
I0609 06:56:47.218307 1330 tablet_bootstrap.cc:439] T 00000000000000000000000000000000 P d9b1c9252ced4de2ab1575f6e2c43e29: No bootstrap required, opened a new log
I0609 06:56:47.219729 1330 raft_consensus.cc:340] T 00000000000000000000000000000000 P d9b1c9252ced4de2ab1575f6e2c43e29 [term 0 FOLLOWER]: Replica starting. Triggering 0 pending transactions. Active config: opid_index: -1 OBSOLETE_local: true peers { permanent_uuid: "d9b1c9252ced4de2ab1575f6e2c43e29" member_type: VOTER }
I0609 06:56:47.220070 1330 raft_consensus.cc:366] T 00000000000000000000000000000000 P d9b1c9252ced4de2ab1575f6e2c43e29 [term 0 FOLLOWER]: Consensus starting up: Expiring failure detector timer to make a prompt election more likely
I0609 06:56:47.220315 1330 raft_consensus.cc:705] T 00000000000000000000000000000000 P d9b1c9252ced4de2ab1575f6e2c43e29 [term 0 FOLLOWER]: Becoming Follower/Learner. State: Replica: d9b1c9252ced4de2ab1575f6e2c43e29, State: Initialized, Role: FOLLOWER
I0609 06:56:47.220810 1330 consensus_queue.cc:229] T 00000000000000000000000000000000 P d9b1c9252ced4de2ab1575f6e2c43e29 [NON_LEADER]: Queue going to NON_LEADER mode. State: All replicated index: 0, Majority replicated index: 0, Committed index: 0, Last appended: 0.0, Last appended by leader: 0, Current term: 0, Majority size: -1, State: 0, Mode: NON_LEADER, active raft config: opid_index: -1 OBSOLETE_local: true peers { permanent_uuid: "d9b1c9252ced4de2ab1575f6e2c43e29" member_type: VOTER }
I0609 06:56:47.221201 1330 raft_consensus.cc:380] T 00000000000000000000000000000000 P d9b1c9252ced4de2ab1575f6e2c43e29 [term 0 FOLLOWER]: Only one voter in the Raft config. Triggering election immediately
I0609 06:56:47.221441 1330 raft_consensus.cc:472] T 00000000000000000000000000000000 P d9b1c9252ced4de2ab1575f6e2c43e29 [term 0 FOLLOWER]: Starting leader election (initial election of a single-replica configuration)
I0609 06:56:47.221699 1330 raft_consensus.cc:2890] T 00000000000000000000000000000000 P d9b1c9252ced4de2ab1575f6e2c43e29 [term 0 FOLLOWER]: Advancing to term 1
I0609 06:56:47.224858 1330 raft_consensus.cc:494] T 00000000000000000000000000000000 P d9b1c9252ced4de2ab1575f6e2c43e29 [term 1 FOLLOWER]: Starting leader election with config: opid_index: -1 OBSOLETE_local: true peers { permanent_uuid: "d9b1c9252ced4de2ab1575f6e2c43e29" member_type: VOTER }
I0609 06:56:47.225250 1330 leader_election.cc:310] T 00000000000000000000000000000000 P d9b1c9252ced4de2ab1575f6e2c43e29 [CANDIDATE]: Term 1 election: Election decided. Result: candidate won. Election summary: received 1 responses out of 1 voters: 1 yes votes; 0 no votes. yes voters: d9b1c9252ced4de2ab1575f6e2c43e29; no voters:
I0609 06:56:47.229629 1330 leader_election.cc:296] T 00000000000000000000000000000000 P d9b1c9252ced4de2ab1575f6e2c43e29 [CANDIDATE]: Term 1 election: Requested vote from peers
I0609 06:56:47.229781 1332 raft_consensus.cc:2644] T 00000000000000000000000000000000 P d9b1c9252ced4de2ab1575f6e2c43e29 [term 1 FOLLOWER]: Leader election won for term 1
I0609 06:56:47.231065 1332 raft_consensus.cc:667] T 00000000000000000000000000000000 P d9b1c9252ced4de2ab1575f6e2c43e29 [term 1 LEADER]: Becoming Leader. State: Replica: d9b1c9252ced4de2ab1575f6e2c43e29, State: Running, Role: LEADER
I0609 06:56:47.231571 1332 consensus_queue.cc:206] T 00000000000000000000000000000000 P d9b1c9252ced4de2ab1575f6e2c43e29 [LEADER]: Queue going to LEADER mode. State: All replicated index: 0, Majority replicated index: 0, Committed index: 0, Last appended: 0.0, Last appended by leader: 0, Current term: 1, Majority size: 1, State: 0, Mode: LEADER, active raft config: opid_index: -1 OBSOLETE_local: true peers { permanent_uuid: "d9b1c9252ced4de2ab1575f6e2c43e29" member_type: VOTER }
I0609 06:56:47.234452 1334 sys_catalog.cc:338] T 00000000000000000000000000000000 P d9b1c9252ced4de2ab1575f6e2c43e29 [sys.catalog]: SysCatalogTable state changed. Reason: RaftConsensus started. Latest consensus state: current_term: 1 leader_uuid: "d9b1c9252ced4de2ab1575f6e2c43e29" committed_config { opid_index: -1 OBSOLETE_local: true peers { permanent_uuid: "d9b1c9252ced4de2ab1575f6e2c43e29" member_type: VOTER } }
I0609 06:56:47.235030 1334 sys_catalog.cc:341] T 00000000000000000000000000000000 P d9b1c9252ced4de2ab1575f6e2c43e29 [sys.catalog]: This master's current role is: LEADER
I0609 06:56:47.235502 1333 sys_catalog.cc:338] T 00000000000000000000000000000000 P d9b1c9252ced4de2ab1575f6e2c43e29 [sys.catalog]: SysCatalogTable state changed. Reason: New leader d9b1c9252ced4de2ab1575f6e2c43e29. Latest consensus state: current_term: 1 leader_uuid: "d9b1c9252ced4de2ab1575f6e2c43e29" committed_config { opid_index: -1 OBSOLETE_local: true peers { permanent_uuid: "d9b1c9252ced4de2ab1575f6e2c43e29" member_type: VOTER } }
I0609 06:56:47.236315 1333 sys_catalog.cc:341] T 00000000000000000000000000000000 P d9b1c9252ced4de2ab1575f6e2c43e29 [sys.catalog]: This master's current role is: LEADER
I0609 06:56:47.236057 1330 sys_catalog.cc:338] T 00000000000000000000000000000000 P d9b1c9252ced4de2ab1575f6e2c43e29 [sys.catalog]: SysCatalogTable state changed. Reason: Started TabletReplica. Latest consensus state: current_term: 1 leader_uuid: "d9b1c9252ced4de2ab1575f6e2c43e29" committed_config { opid_index: -1 OBSOLETE_local: true peers { permanent_uuid: "d9b1c9252ced4de2ab1575f6e2c43e29" member_type: VOTER } }
I0609 06:56:47.236690 1330 sys_catalog.cc:341] T 00000000000000000000000000000000 P d9b1c9252ced4de2ab1575f6e2c43e29 [sys.catalog]: This master's current role is: LEADER
I0609 06:56:47.239235 1330 sys_catalog.cc:426] T 00000000000000000000000000000000 P d9b1c9252ced4de2ab1575f6e2c43e29 [sys.catalog]: configured and running, proceeding with master startup.
I0609 06:56:47.240377 1119 internal_mini_cluster.cc:166] Waiting to initialize catalog manager on master 0
W0609 06:56:47.241971 1338 catalog_manager.cc:1114] T 00000000000000000000000000000000 P d9b1c9252ced4de2ab1575f6e2c43e29: acquiring CA information for follower catalog manager: Not found: root CA entry not found
W0609 06:56:47.242152 1338 catalog_manager.cc:597] Not found: root CA entry not found: failed to prepare follower catalog manager, will retry
I0609 06:56:47.245481 1336 catalog_manager.cc:1056] Loading table and tablet metadata into memory...
I0609 06:56:47.247738 1336 catalog_manager.cc:1067] Initializing Kudu internal certificate authority...
I0609 06:56:47.284121 1336 catalog_manager.cc:951] Generated new certificate authority record
I0609 06:56:47.285559 1336 catalog_manager.cc:1076] Loading token signing keys...
I0609 06:56:47.293227 1336 catalog_manager.cc:4293] T 00000000000000000000000000000000 P d9b1c9252ced4de2ab1575f6e2c43e29: Generated new TSK 0
I0609 06:56:47.318584 1119 system_ntp.cc:193] NTP initialized. Skew: 500ppm Current error: 90516us
I0609 06:56:47.318925 1119 fs_manager.cc:263] Metadata directory not provided
I0609 06:56:47.319070 1119 fs_manager.cc:269] Using write-ahead log directory (fs_wal_dir) as metadata directory
I0609 06:56:47.319284 1119 server_base.cc:440] Could not load existing FS layout: Not found: could not find a healthy instance file
I0609 06:56:47.319401 1119 server_base.cc:441] Attempting to create new FS layout instead
I0609 06:56:47.320322 1119 fs_manager.cc:602] Generated new instance metadata in path /tmp/dist-test-taskY5QUuL/test-tmp/client-test.3.ClientTest.TestProjectInvalidColumn.1560063404629499-1119/minicluster-data/ts-0-root/instance: uuid: "0b0d461ecc4847069a52d4969c9bea54" format_stamp: "Formatted at 2019-06-09 06:56:47 on dist-test-slave-dist-test-slave-9h7f"
I0609 06:56:47.330358 1119 fs_manager.cc:503] Time spent creating directory manager: real 0.010s user 0.011s sys 0.000s
I0609 06:56:47.331657 1119 file_cache.cc:465] Constructed file cache lbm with capacity 419430
I0609 06:56:47.342205 1119 fs_manager.cc:419] Time spent opening block manager: real 0.005s user 0.001s sys 0.004s
I0609 06:56:47.342372 1119 fs_manager.cc:436] Opened local filesystem: /tmp/dist-test-taskY5QUuL/test-tmp/client-test.3.ClientTest.TestProjectInvalidColumn.1560063404629499-1119/minicluster-data/ts-0-root uuid: "0b0d461ecc4847069a52d4969c9bea54" format_stamp: "Formatted at 2019-06-09 06:56:47 on dist-test-slave-dist-test-slave-9h7f"
I0609 06:56:47.342623 1119 fs_report.cc:352] FS layout report -------------------- wal directory: /tmp/dist-test-taskY5QUuL/test-tmp/client-test.3.ClientTest.TestProjectInvalidColumn.1560063404629499-1119/minicluster-data/ts-0-root metadata directory: /tmp/dist-test-taskY5QUuL/test-tmp/client-test.3.ClientTest.TestProjectInvalidColumn.1560063404629499-1119/minicluster-data/ts-0-root 1 data directories: /tmp/dist-test-taskY5QUuL/test-tmp/client-test.3.ClientTest.TestProjectInvalidColumn.1560063404629499-1119/minicluster-data/ts-0-root/data Total live blocks: 0 Total live bytes: 0 Total live bytes (after alignment): 0 Total number of LBM containers: 0 (0 full) Did not check for missing blocks Did not check for orphaned blocks Total full LBM containers with extra space: 0 (0 repaired) Total full LBM container extra space in bytes: 0 (0 repaired) Total incomplete LBM containers: 0 (0 repaired) Total LBM partial records: 0 (0 repaired)
I0609 06:56:47.422056 1119 ts_tablet_manager.cc:356] Loaded tablet metadata (0 total tablets, 0 live tablets)
I0609 06:56:47.422201 1119 ts_tablet_manager.cc:376] Registered 0 tablets
I0609 06:56:47.537636 1119 rpc_server.cc:205] RPC server started. Bound to: 127.1.23.193:44503
I0609 06:56:47.539391 1119 webserver.cc:374] Webserver started at http://127.1.23.193:44009/ using document root and password file
I0609 06:56:47.569241 1404 heartbeater.cc:324] Connected to a master server at 127.1.23.254:45235
I0609 06:56:47.569545 1404 heartbeater.cc:405] Registering TS with master...
I0609 06:56:47.569967 1404 heartbeater.cc:454] Master 127.1.23.254:45235 requested a full tablet report, sending...
I0609 06:56:47.571477 1297 ts_manager.cc:161] Registered new tserver with Master: 0b0d461ecc4847069a52d4969c9bea54 (127.1.23.193:44503)
I0609 06:56:47.572008 1119 internal_mini_cluster.cc:328] 1 TS(s) registered with all masters after 0.021814238s
I0609 06:56:47.573119 1297 master_service.cc:274] Signed X509 certificate for tserver {username='slave'} at 127.0.0.1:58552
I0609 06:56:47.586081 1404 heartbeater.cc:446] Master 127.1.23.254:45235 was elected leader, sending a full tablet report...
I0609 06:56:47.601953 1297 catalog_manager.cc:1410] Servicing CreateTable request from {username='slave'} at 127.0.0.1:58554: name: "client-testtb" schema { columns { name: "key" type: INT32 is_key: true is_nullable: false encoding: AUTO_ENCODING compression: DEFAULT_COMPRESSION cfile_block_size: 0 } columns { name: "int_val" type: INT32 is_key: false is_nullable: false encoding: AUTO_ENCODING compression: DEFAULT_COMPRESSION cfile_block_size: 0 } columns { name: "string_val" type: STRING is_key: false is_nullable: true encoding: AUTO_ENCODING compression: DEFAULT_COMPRESSION cfile_block_size: 0 } columns { name: "non_null_with_default" type: INT32 is_key: false is_nullable: false read_default_value: "90\000\000" encoding: AUTO_ENCODING compression: DEFAULT_COMPRESSION cfile_block_size: 0 } } num_replicas: 1 split_rows_range_bounds { rows: "\004\001\000\t\000\000\000" } partition_schema { range_schema { columns { name: "key" } } }
I0609 06:56:47.630028 1371 tablet_service.cc:1016] Processing CreateTablet for tablet e3ce89a2f6484512a12922471c794f74 (table=client-testtb [id=074a9e1a7b69419a81db13a68be55b0f]), partition=RANGE (key) PARTITION VALUES < 9
I0609 06:56:47.630342 1370 tablet_service.cc:1016] Processing CreateTablet for tablet 0b57d9438b9f42008bfaf6dc9d7d2aef (table=client-testtb [id=074a9e1a7b69419a81db13a68be55b0f]), partition=RANGE (key) PARTITION VALUES >= 9
I0609 06:56:47.630998 1371 data_dirs.cc:938] Could only allocate 1 dirs of requested 3 for tablet e3ce89a2f6484512a12922471c794f74. 1 dirs total, 0 dirs full, 0 dirs failed
I0609 06:56:47.631470 1370 data_dirs.cc:938] Could only allocate 1 dirs of requested 3 for tablet 0b57d9438b9f42008bfaf6dc9d7d2aef. 1 dirs total, 0 dirs full, 0 dirs failed
I0609 06:56:47.643045 1416 tablet_bootstrap.cc:439] T e3ce89a2f6484512a12922471c794f74 P 0b0d461ecc4847069a52d4969c9bea54: Bootstrap starting.
I0609 06:56:47.645956 1416 tablet_bootstrap.cc:590] T e3ce89a2f6484512a12922471c794f74 P 0b0d461ecc4847069a52d4969c9bea54: No blocks or log segments found. Creating new log.
I0609 06:56:47.649677 1416 tablet_bootstrap.cc:439] T e3ce89a2f6484512a12922471c794f74 P 0b0d461ecc4847069a52d4969c9bea54: No bootstrap required, opened a new log
I0609 06:56:47.649996 1416 ts_tablet_manager.cc:1054] T e3ce89a2f6484512a12922471c794f74 P 0b0d461ecc4847069a52d4969c9bea54: Time spent bootstrapping tablet: real 0.007s user 0.002s sys 0.004s
I0609 06:56:47.651480 1416 raft_consensus.cc:340] T e3ce89a2f6484512a12922471c794f74 P 0b0d461ecc4847069a52d4969c9bea54 [term 0 FOLLOWER]: Replica starting. Triggering 0 pending transactions. Active config: opid_index: -1 OBSOLETE_local: true peers { permanent_uuid: "0b0d461ecc4847069a52d4969c9bea54" member_type: VOTER last_known_addr { host: "127.1.23.193" port: 44503 } }
I0609 06:56:47.652060 1416 raft_consensus.cc:366] T e3ce89a2f6484512a12922471c794f74 P 0b0d461ecc4847069a52d4969c9bea54 [term 0 FOLLOWER]: Consensus starting up: Expiring failure detector timer to make a prompt election more likely
I0609 06:56:47.652297 1416 raft_consensus.cc:705] T e3ce89a2f6484512a12922471c794f74 P 0b0d461ecc4847069a52d4969c9bea54 [term 0 FOLLOWER]: Becoming Follower/Learner. State: Replica: 0b0d461ecc4847069a52d4969c9bea54, State: Initialized, Role: FOLLOWER
I0609 06:56:47.652840 1416 consensus_queue.cc:229] T e3ce89a2f6484512a12922471c794f74 P 0b0d461ecc4847069a52d4969c9bea54 [NON_LEADER]: Queue going to NON_LEADER mode. State: All replicated index: 0, Majority replicated index: 0, Committed index: 0, Last appended: 0.0, Last appended by leader: 0, Current term: 0, Majority size: -1, State: 0, Mode: NON_LEADER, active raft config: opid_index: -1 OBSOLETE_local: true peers { permanent_uuid: "0b0d461ecc4847069a52d4969c9bea54" member_type: VOTER last_known_addr { host: "127.1.23.193" port: 44503 } }
I0609 06:56:47.653256 1416 raft_consensus.cc:380] T e3ce89a2f6484512a12922471c794f74 P 0b0d461ecc4847069a52d4969c9bea54 [term 0 FOLLOWER]: Only one voter in the Raft config. Triggering election immediately
I0609 06:56:47.653486 1416 raft_consensus.cc:472] T e3ce89a2f6484512a12922471c794f74 P 0b0d461ecc4847069a52d4969c9bea54 [term 0 FOLLOWER]: Starting leader election (initial election of a single-replica configuration)
I0609 06:56:47.653733 1416 raft_consensus.cc:2890] T e3ce89a2f6484512a12922471c794f74 P 0b0d461ecc4847069a52d4969c9bea54 [term 0 FOLLOWER]: Advancing to term 1
I0609 06:56:47.657773 1416 raft_consensus.cc:494] T e3ce89a2f6484512a12922471c794f74 P 0b0d461ecc4847069a52d4969c9bea54 [term 1 FOLLOWER]: Starting leader election with config: opid_index: -1 OBSOLETE_local: true peers { permanent_uuid: "0b0d461ecc4847069a52d4969c9bea54" member_type: VOTER last_known_addr { host: "127.1.23.193" port: 44503 } }
I0609 06:56:47.658195 1416 leader_election.cc:310] T e3ce89a2f6484512a12922471c794f74 P 0b0d461ecc4847069a52d4969c9bea54 [CANDIDATE]: Term 1 election: Election decided. Result: candidate won. Election summary: received 1 responses out of 1 voters: 1 yes votes; 0 no votes. yes voters: 0b0d461ecc4847069a52d4969c9bea54; no voters:
I0609 06:56:47.659940 1418 raft_consensus.cc:2644] T e3ce89a2f6484512a12922471c794f74 P 0b0d461ecc4847069a52d4969c9bea54 [term 1 FOLLOWER]: Leader election won for term 1
I0609 06:56:47.661006 1416 leader_election.cc:296] T e3ce89a2f6484512a12922471c794f74 P 0b0d461ecc4847069a52d4969c9bea54 [CANDIDATE]: Term 1 election: Requested vote from peers
I0609 06:56:47.663357 1418 raft_consensus.cc:667] T e3ce89a2f6484512a12922471c794f74 P 0b0d461ecc4847069a52d4969c9bea54 [term 1 LEADER]: Becoming Leader. State: Replica: 0b0d461ecc4847069a52d4969c9bea54, State: Running, Role: LEADER
I0609 06:56:47.663969 1416 ts_tablet_manager.cc:1082] T e3ce89a2f6484512a12922471c794f74 P 0b0d461ecc4847069a52d4969c9bea54: Time spent starting tablet: real 0.014s user 0.008s sys 0.003s
I0609 06:56:47.663936 1418 consensus_queue.cc:206] T e3ce89a2f6484512a12922471c794f74 P 0b0d461ecc4847069a52d4969c9bea54 [LEADER]: Queue going to LEADER mode. State: All replicated index: 0, Majority replicated index: 0, Committed index: 0, Last appended: 0.0, Last appended by leader: 0, Current term: 1, Majority size: 1, State: 0, Mode: LEADER, active raft config: opid_index: -1 OBSOLETE_local: true peers { permanent_uuid: "0b0d461ecc4847069a52d4969c9bea54" member_type: VOTER last_known_addr { host: "127.1.23.193" port: 44503 } }
I0609 06:56:47.664908 1416 tablet_bootstrap.cc:439] T 0b57d9438b9f42008bfaf6dc9d7d2aef P 0b0d461ecc4847069a52d4969c9bea54: Bootstrap starting.
I0609 06:56:47.667466 1416 tablet_bootstrap.cc:590] T 0b57d9438b9f42008bfaf6dc9d7d2aef P 0b0d461ecc4847069a52d4969c9bea54: No blocks or log segments found. Creating new log.
