I0609 06:56:48.981994 1589 consensus_queue.cc:229] T bec08078408245a9be6e31bd01edb05c P 1ef76c1b102746218f66b3fde5ddbc37 [NON_LEADER]: Queue going to NON_LEADER mode. State: All replicated index: 0, Majority replicated index: 0, Committed index: 1, Last appended: 1.1, Last appended by leader: 1, Current term: 0, Majority size: -1, State: 0, Mode: NON_LEADER, active raft config: opid_index: -1 OBSOLETE_local: true peers { permanent_uuid: "1ef76c1b102746218f66b3fde5ddbc37" member_type: VOTER last_known_addr { host: "127.1.23.193" port: 39929 } }
I0609 06:56:48.982674 1589 raft_consensus.cc:380] T bec08078408245a9be6e31bd01edb05c P 1ef76c1b102746218f66b3fde5ddbc37 [term 1 FOLLOWER]: Only one voter in the Raft config. Triggering election immediately
I0609 06:56:48.982949 1589 raft_consensus.cc:472] T bec08078408245a9be6e31bd01edb05c P 1ef76c1b102746218f66b3fde5ddbc37 [term 1 FOLLOWER]: Starting leader election (initial election of a single-replica configuration)
I0609 06:56:48.983347 1589 raft_consensus.cc:2890] T bec08078408245a9be6e31bd01edb05c P 1ef76c1b102746218f66b3fde5ddbc37 [term 1 FOLLOWER]: Advancing to term 2
I0609 06:56:48.989645 1589 raft_consensus.cc:494] T bec08078408245a9be6e31bd01edb05c P 1ef76c1b102746218f66b3fde5ddbc37 [term 2 FOLLOWER]: Starting leader election with config: opid_index: -1 OBSOLETE_local: true peers { permanent_uuid: "1ef76c1b102746218f66b3fde5ddbc37" member_type: VOTER last_known_addr { host: "127.1.23.193" port: 39929 } }
I0609 06:56:48.990290 1589 leader_election.cc:310] T bec08078408245a9be6e31bd01edb05c P 1ef76c1b102746218f66b3fde5ddbc37 [CANDIDATE]: Term 2 election: Election decided. Result: candidate won. Election summary: received 1 responses out of 1 voters: 1 yes votes; 0 no votes. yes voters: 1ef76c1b102746218f66b3fde5ddbc37; no voters:
I0609 06:56:48.990949 1589 leader_election.cc:296] T bec08078408245a9be6e31bd01edb05c P 1ef76c1b102746218f66b3fde5ddbc37 [CANDIDATE]: Term 2 election: Requested vote from peers
I0609 06:56:48.991091 1598 raft_consensus.cc:2644] T bec08078408245a9be6e31bd01edb05c P 1ef76c1b102746218f66b3fde5ddbc37 [term 2 FOLLOWER]: Leader election won for term 2
I0609 06:56:48.991641 1598 raft_consensus.cc:667] T bec08078408245a9be6e31bd01edb05c P 1ef76c1b102746218f66b3fde5ddbc37 [term 2 LEADER]: Becoming Leader. State: Replica: 1ef76c1b102746218f66b3fde5ddbc37, State: Running, Role: LEADER
I0609 06:56:48.992252 1589 ts_tablet_manager.cc:1082] T bec08078408245a9be6e31bd01edb05c P 1ef76c1b102746218f66b3fde5ddbc37: Time spent starting tablet: real 0.013s user 0.013s sys 0.000s
I0609 06:56:48.992197 1598 consensus_queue.cc:206] T bec08078408245a9be6e31bd01edb05c P 1ef76c1b102746218f66b3fde5ddbc37 [LEADER]: Queue going to LEADER mode. State: All replicated index: 0, Majority replicated index: 1, Committed index: 1, Last appended: 1.1, Last appended by leader: 1, Current term: 2, Majority size: 1, State: 0, Mode: LEADER, active raft config: opid_index: -1 OBSOLETE_local: true peers { permanent_uuid: "1ef76c1b102746218f66b3fde5ddbc37" member_type: VOTER last_known_addr { host: "127.1.23.193" port: 39929 } }
I0609 06:56:48.992813 1589 tablet_bootstrap.cc:439] T c6181f8c492242c49c55a418cdca32da P 1ef76c1b102746218f66b3fde5ddbc37: Bootstrap starting.
I0609 06:56:49.061743 1119 rpc_server.cc:205] RPC server started. Bound to: 127.1.23.193:39929
I0609 06:56:49.065729 1119 webserver.cc:374] Webserver started at http://127.1.23.193:42205/ using document root and password file
I0609 06:56:49.070906 1119 client-test.cc:656] Waiting for TS 127.1.23.193:39929 to finish bootstrapping
I0609 06:56:49.093118 1653 heartbeater.cc:324] Connected to a master server at 127.1.23.254:40485
I0609 06:56:49.093456 1653 heartbeater.cc:405] Registering TS with master...
I0609 06:56:49.093973 1653 heartbeater.cc:454] Master 127.1.23.254:40485 requested a full tablet report, sending...
I0609 06:56:49.096709 1444 ts_manager.cc:161] Re-registered known tserver with Master: 1ef76c1b102746218f66b3fde5ddbc37 (127.1.23.193:39929)
I0609 06:56:49.098078 1444 catalog_manager.cc:3989] T e3536a1a17a04767ada7f39efb2c2f3a P 1ef76c1b102746218f66b3fde5ddbc37 reported cstate change: term changed from 1 to 2. New cstate: current_term: 2 leader_uuid: "1ef76c1b102746218f66b3fde5ddbc37" committed_config { opid_index: -1 OBSOLETE_local: true peers { permanent_uuid: "1ef76c1b102746218f66b3fde5ddbc37" member_type: VOTER last_known_addr { host: "127.1.23.193" port: 39929 } health_report { overall_health: HEALTHY } } }
I0609 06:56:49.099118 1444 catalog_manager.cc:3989] T bec08078408245a9be6e31bd01edb05c P 1ef76c1b102746218f66b3fde5ddbc37 reported cstate change: term changed from 1 to 2. New cstate: current_term: 2 leader_uuid: "1ef76c1b102746218f66b3fde5ddbc37" committed_config { opid_index: -1 OBSOLETE_local: true peers { permanent_uuid: "1ef76c1b102746218f66b3fde5ddbc37" member_type: VOTER last_known_addr { host: "127.1.23.193" port: 39929 } health_report { overall_health: HEALTHY } } }
I0609 06:56:49.117342 1444 master_service.cc:274] Signed X509 certificate for tserver {username='slave'} at 127.0.0.1:36316
I0609 06:56:49.130353 1653 heartbeater.cc:446] Master 127.1.23.254:40485 was elected leader, sending a full tablet report...
I0609 06:56:49.228212 1589 tablet_bootstrap.cc:439] T c6181f8c492242c49c55a418cdca32da P 1ef76c1b102746218f66b3fde5ddbc37: Bootstrap replayed 1/1 log segments. Stats: ops{read=2 overwritten=0 applied=2 ignored=0} inserts{seen=1000 ignored=0} mutations{seen=0 ignored=0} orphaned_commits=0. Pending: 0 replicates
I0609 06:56:49.228910 1589 tablet_bootstrap.cc:439] T c6181f8c492242c49c55a418cdca32da P 1ef76c1b102746218f66b3fde5ddbc37: Bootstrap complete.
I0609 06:56:49.229363 1589 ts_tablet_manager.cc:1054] T c6181f8c492242c49c55a418cdca32da P 1ef76c1b102746218f66b3fde5ddbc37: Time spent bootstrapping tablet: real 0.237s user 0.207s sys 0.014s
I0609 06:56:49.230435 1589 raft_consensus.cc:340] T c6181f8c492242c49c55a418cdca32da P 1ef76c1b102746218f66b3fde5ddbc37 [term 1 FOLLOWER]: Replica starting. Triggering 0 pending transactions. Active config: opid_index: -1 OBSOLETE_local: true peers { permanent_uuid: "1ef76c1b102746218f66b3fde5ddbc37" member_type: VOTER last_known_addr { host: "127.1.23.193" port: 39929 } }
I0609 06:56:49.230801 1589 raft_consensus.cc:705] T c6181f8c492242c49c55a418cdca32da P 1ef76c1b102746218f66b3fde5ddbc37 [term 1 FOLLOWER]: Becoming Follower/Learner. State: Replica: 1ef76c1b102746218f66b3fde5ddbc37, State: Initialized, Role: FOLLOWER
I0609 06:56:49.231281 1589 consensus_queue.cc:229] T c6181f8c492242c49c55a418cdca32da P 1ef76c1b102746218f66b3fde5ddbc37 [NON_LEADER]: Queue going to NON_LEADER mode. State: All replicated index: 0, Majority replicated index: 0, Committed index: 2, Last appended: 1.2, Last appended by leader: 2, Current term: 0, Majority size: -1, State: 0, Mode: NON_LEADER, active raft config: opid_index: -1 OBSOLETE_local: true peers { permanent_uuid: "1ef76c1b102746218f66b3fde5ddbc37" member_type: VOTER last_known_addr { host: "127.1.23.193" port: 39929 } }
I0609 06:56:49.231693 1589 raft_consensus.cc:380] T c6181f8c492242c49c55a418cdca32da P 1ef76c1b102746218f66b3fde5ddbc37 [term 1 FOLLOWER]: Only one voter in the Raft config. Triggering election immediately
I0609 06:56:49.231873 1589 raft_consensus.cc:472] T c6181f8c492242c49c55a418cdca32da P 1ef76c1b102746218f66b3fde5ddbc37 [term 1 FOLLOWER]: Starting leader election (initial election of a single-replica configuration)
I0609 06:56:49.232113 1589 raft_consensus.cc:2890] T c6181f8c492242c49c55a418cdca32da P 1ef76c1b102746218f66b3fde5ddbc37 [term 1 FOLLOWER]: Advancing to term 2
I0609 06:56:49.235994 1589 raft_consensus.cc:494] T c6181f8c492242c49c55a418cdca32da P 1ef76c1b102746218f66b3fde5ddbc37 [term 2 FOLLOWER]: Starting leader election with config: opid_index: -1 OBSOLETE_local: true peers { permanent_uuid: "1ef76c1b102746218f66b3fde5ddbc37" member_type: VOTER last_known_addr { host: "127.1.23.193" port: 39929 } }
I0609 06:56:49.236390 1589 leader_election.cc:310] T c6181f8c492242c49c55a418cdca32da P 1ef76c1b102746218f66b3fde5ddbc37 [CANDIDATE]: Term 2 election: Election decided. Result: candidate won. Election summary: received 1 responses out of 1 voters: 1 yes votes; 0 no votes. yes voters: 1ef76c1b102746218f66b3fde5ddbc37; no voters:
I0609 06:56:49.236796 1589 leader_election.cc:296] T c6181f8c492242c49c55a418cdca32da P 1ef76c1b102746218f66b3fde5ddbc37 [CANDIDATE]: Term 2 election: Requested vote from peers
I0609 06:56:49.236917 1598 raft_consensus.cc:2644] T c6181f8c492242c49c55a418cdca32da P 1ef76c1b102746218f66b3fde5ddbc37 [term 2 FOLLOWER]: Leader election won for term 2
I0609 06:56:49.237381 1598 raft_consensus.cc:667] T c6181f8c492242c49c55a418cdca32da P 1ef76c1b102746218f66b3fde5ddbc37 [term 2 LEADER]: Becoming Leader. State: Replica: 1ef76c1b102746218f66b3fde5ddbc37, State: Running, Role: LEADER
I0609 06:56:49.237924 1589 ts_tablet_manager.cc:1082] T c6181f8c492242c49c55a418cdca32da P 1ef76c1b102746218f66b3fde5ddbc37: Time spent starting tablet: real 0.008s user 0.008s sys 0.000s
I0609 06:56:49.237854 1598 consensus_queue.cc:206] T c6181f8c492242c49c55a418cdca32da P 1ef76c1b102746218f66b3fde5ddbc37 [LEADER]: Queue going to LEADER mode. State: All replicated index: 0, Majority replicated index: 2, Committed index: 2, Last appended: 1.2, Last appended by leader: 2, Current term: 2, Majority size: 1, State: 0, Mode: LEADER, active raft config: opid_index: -1 OBSOLETE_local: true peers { permanent_uuid: "1ef76c1b102746218f66b3fde5ddbc37" member_type: VOTER last_known_addr { host: "127.1.23.193" port: 39929 } }
I0609 06:56:49.248103 1444 catalog_manager.cc:3989] T c6181f8c492242c49c55a418cdca32da P 1ef76c1b102746218f66b3fde5ddbc37 reported cstate change: term changed from 1 to 2. New cstate: current_term: 2 leader_uuid: "1ef76c1b102746218f66b3fde5ddbc37" committed_config { opid_index: -1 OBSOLETE_local: true peers { permanent_uuid: "1ef76c1b102746218f66b3fde5ddbc37" member_type: VOTER last_known_addr { host: "127.1.23.193" port: 39929 } health_report { overall_health: HEALTHY } } }
I0609 06:56:49.259812 1606 tablet_service.cc:2505] Scan: Not found: Scanner 1d860289b41c4a659d5d2b89551faa08 not found (it may have expired): call sequence id=1, remote={username='slave'} at 127.0.0.1:56630
I0609 06:56:49.263203 1119 tablet_server.cc:155] TabletServer shutting down...
W0609 06:56:49.263262 1560 client.cc:1440] Couldn't close scanner 1d860289b41c4a659d5d2b89551faa08: Service unavailable: reactor is shutting down (error 108)
W0609 06:56:49.271795 1584 connection.cc:647] server connection from 127.0.0.1:56630 recv error: Network error: recv error from 0.0.0.0:0: Transport endpoint is not connected (error 107)
I0609 06:56:49.295591 1119 ts_tablet_manager.cc:1128] Shutting down tablet manager...
I0609 06:56:49.296094 1119 tablet_replica.cc:265] T c6181f8c492242c49c55a418cdca32da P 1ef76c1b102746218f66b3fde5ddbc37: stopping tablet replica
I0609 06:56:49.296577 1119 raft_consensus.cc:2147] T c6181f8c492242c49c55a418cdca32da P 1ef76c1b102746218f66b3fde5ddbc37 [term 2 LEADER]: Raft consensus shutting down.
I0609 06:56:49.296937 1119 raft_consensus.cc:2174] T c6181f8c492242c49c55a418cdca32da P 1ef76c1b102746218f66b3fde5ddbc37 [term 2 FOLLOWER]: Raft consensus is shut down!
I0609 06:56:49.301666 1119 tablet_replica.cc:265] T bec08078408245a9be6e31bd01edb05c P 1ef76c1b102746218f66b3fde5ddbc37: stopping tablet replica
I0609 06:56:49.302084 1119 raft_consensus.cc:2147] T bec08078408245a9be6e31bd01edb05c P 1ef76c1b102746218f66b3fde5ddbc37 [term 2 LEADER]: Raft consensus shutting down.
I0609 06:56:49.302433 1119 raft_consensus.cc:2174] T bec08078408245a9be6e31bd01edb05c P 1ef76c1b102746218f66b3fde5ddbc37 [term 2 FOLLOWER]: Raft consensus is shut down!
I0609 06:56:49.305217 1119 tablet_replica.cc:265] T e3536a1a17a04767ada7f39efb2c2f3a P 1ef76c1b102746218f66b3fde5ddbc37: stopping tablet replica
I0609 06:56:49.305637 1119 raft_consensus.cc:2147] T e3536a1a17a04767ada7f39efb2c2f3a P 1ef76c1b102746218f66b3fde5ddbc37 [term 2 LEADER]: Raft consensus shutting down.
I0609 06:56:49.305961 1119 raft_consensus.cc:2174] T e3536a1a17a04767ada7f39efb2c2f3a P 1ef76c1b102746218f66b3fde5ddbc37 [term 2 FOLLOWER]: Raft consensus is shut down!
I0609 06:56:49.321462 1119 tablet_server.cc:169] TabletServer shutdown complete.
I0609 06:56:49.321607 1119 tablet_server.cc:155] TabletServer shutting down...
I0609 06:56:49.321919 1119 tablet_server.cc:169] TabletServer shutdown complete.
I0609 06:56:49.329254 1119 master.cc:247] Master@127.1.23.254:40485 shutting down...
I0609 06:56:49.346165 1119 raft_consensus.cc:2147] T 00000000000000000000000000000000 P 9c563af166844998a91fd07b50277c01 [term 1 LEADER]: Raft consensus shutting down.
I0609 06:56:49.346427 1119 raft_consensus.cc:2174] T 00000000000000000000000000000000 P 9c563af166844998a91fd07b50277c01 [term 1 FOLLOWER]: Raft consensus is shut down!
I0609 06:56:49.346690 1119 tablet_replica.cc:265] T 00000000000000000000000000000000 P 9c563af166844998a91fd07b50277c01: stopping tablet replica
I0609 06:56:49.356722 1119 master.cc:258] Master@127.1.23.254:40485 shutdown complete. [ OK ] ClientTest.TestNonFaultTolerantScannerExpired (1560 ms) [ RUN ] ClientTest.TestMinMaxRangeBounds
I0609 06:56:49.370496 1119 internal_mini_cluster.cc:146] Creating distributed mini masters. Addrs: 127.1.23.254:45405
I0609 06:56:49.382620 1119 system_ntp.cc:193] NTP initialized. Skew: 500ppm Current error: 91516us
I0609 06:56:49.382946 1119 fs_manager.cc:263] Metadata directory not provided
I0609 06:56:49.383093 1119 fs_manager.cc:269] Using write-ahead log directory (fs_wal_dir) as metadata directory
I0609 06:56:49.383304 1119 server_base.cc:440] Could not load existing FS layout: Not found: could not find a healthy instance file
I0609 06:56:49.383428 1119 server_base.cc:441] Attempting to create new FS layout instead
I0609 06:56:49.384299 1119 fs_manager.cc:602] Generated new instance metadata in path /tmp/dist-test-taskY5QUuL/test-tmp/client-test.3.ClientTest.TestMinMaxRangeBounds.1560063404629499-1119/minicluster-data/master-0-root/instance: uuid: "58538d5211d24f628c7c3bdce9bb8e0c" format_stamp: "Formatted at 2019-06-09 06:56:49 on dist-test-slave-dist-test-slave-9h7f"
I0609 06:56:49.392294 1119 fs_manager.cc:503] Time spent creating directory manager: real 0.008s user 0.010s sys 0.000s
I0609 06:56:49.393642 1119 file_cache.cc:465] Constructed file cache lbm with capacity 419430
I0609 06:56:49.400096 1119 fs_manager.cc:419] Time spent opening block manager: real 0.001s user 0.000s sys 0.000s
I0609 06:56:49.400252 1119 fs_manager.cc:436] Opened local filesystem: /tmp/dist-test-taskY5QUuL/test-tmp/client-test.3.ClientTest.TestMinMaxRangeBounds.1560063404629499-1119/minicluster-data/master-0-root uuid: "58538d5211d24f628c7c3bdce9bb8e0c" format_stamp: "Formatted at 2019-06-09 06:56:49 on dist-test-slave-dist-test-slave-9h7f"
I0609 06:56:49.400473 1119 fs_report.cc:352] FS layout report -------------------- wal directory: /tmp/dist-test-taskY5QUuL/test-tmp/client-test.3.ClientTest.TestMinMaxRangeBounds.1560063404629499-1119/minicluster-data/master-0-root metadata directory: /tmp/dist-test-taskY5QUuL/test-tmp/client-test.3.ClientTest.TestMinMaxRangeBounds.1560063404629499-1119/minicluster-data/master-0-root 1 data directories: /tmp/dist-test-taskY5QUuL/test-tmp/client-test.3.ClientTest.TestMinMaxRangeBounds.1560063404629499-1119/minicluster-data/master-0-root/data Total live blocks: 0 Total live bytes: 0 Total live bytes (after alignment): 0 Total number of LBM containers: 0 (0 full) Did not check for missing blocks Did not check for orphaned blocks Total full LBM containers with extra space: 0 (0 repaired) Total full LBM container extra space in bytes: 0 (0 repaired) Total incomplete LBM containers: 0 (0 repaired) Total LBM partial records: 0 (0 repaired)
I0609 06:56:49.625679 1119 rpc_server.cc:205] RPC server started. Bound to: 127.1.23.254:45405
I0609 06:56:49.627688 1119 webserver.cc:374] Webserver started at http://127.1.23.254:41305/ using document root and password file
I0609 06:56:49.629714 1717 data_dirs.cc:938] Could only allocate 1 dirs of requested 3 for tablet 00000000000000000000000000000000. 1 dirs total, 0 dirs full, 0 dirs failed
I0609 06:56:49.636785 1717 tablet_bootstrap.cc:439] T 00000000000000000000000000000000 P 58538d5211d24f628c7c3bdce9bb8e0c: Bootstrap starting.
I0609 06:56:49.638833 1717 tablet_bootstrap.cc:590] T 00000000000000000000000000000000 P 58538d5211d24f628c7c3bdce9bb8e0c: No blocks or log segments found. Creating new log.
I0609 06:56:49.642426 1717 tablet_bootstrap.cc:439] T 00000000000000000000000000000000 P 58538d5211d24f628c7c3bdce9bb8e0c: No bootstrap required, opened a new log
I0609 06:56:49.643599 1717 raft_consensus.cc:340] T 00000000000000000000000000000000 P 58538d5211d24f628c7c3bdce9bb8e0c [term 0 FOLLOWER]: Replica starting. Triggering 0 pending transactions. Active config: opid_index: -1 OBSOLETE_local: true peers { permanent_uuid: "58538d5211d24f628c7c3bdce9bb8e0c" member_type: VOTER }
I0609 06:56:49.643908 1717 raft_consensus.cc:366] T 00000000000000000000000000000000 P 58538d5211d24f628c7c3bdce9bb8e0c [term 0 FOLLOWER]: Consensus starting up: Expiring failure detector timer to make a prompt election more likely
I0609 06:56:49.644129 1717 raft_consensus.cc:705] T 00000000000000000000000000000000 P 58538d5211d24f628c7c3bdce9bb8e0c [term 0 FOLLOWER]: Becoming Follower/Learner. State: Replica: 58538d5211d24f628c7c3bdce9bb8e0c, State: Initialized, Role: FOLLOWER
I0609 06:56:49.644560 1717 consensus_queue.cc:229] T 00000000000000000000000000000000 P 58538d5211d24f628c7c3bdce9bb8e0c [NON_LEADER]: Queue going to NON_LEADER mode. State: All replicated index: 0, Majority replicated index: 0, Committed index: 0, Last appended: 0.0, Last appended by leader: 0, Current term: 0, Majority size: -1, State: 0, Mode: NON_LEADER, active raft config: opid_index: -1 OBSOLETE_local: true peers { permanent_uuid: "58538d5211d24f628c7c3bdce9bb8e0c" member_type: VOTER }
I0609 06:56:49.644929 1717 raft_consensus.cc:380] T 00000000000000000000000000000000 P 58538d5211d24f628c7c3bdce9bb8e0c [term 0 FOLLOWER]: Only one voter in the Raft config. Triggering election immediately
I0609 06:56:49.645112 1717 raft_consensus.cc:472] T 00000000000000000000000000000000 P 58538d5211d24f628c7c3bdce9bb8e0c [term 0 FOLLOWER]: Starting leader election (initial election of a single-replica configuration)
I0609 06:56:49.645395 1717 raft_consensus.cc:2890] T 00000000000000000000000000000000 P 58538d5211d24f628c7c3bdce9bb8e0c [term 0 FOLLOWER]: Advancing to term 1
I0609 06:56:49.648285 1717 raft_consensus.cc:494] T 00000000000000000000000000000000 P 58538d5211d24f628c7c3bdce9bb8e0c [term 1 FOLLOWER]: Starting leader election with config: opid_index: -1 OBSOLETE_local: true peers { permanent_uuid: "58538d5211d24f628c7c3bdce9bb8e0c" member_type: VOTER }
I0609 06:56:49.648670 1717 leader_election.cc:310] T 00000000000000000000000000000000 P 58538d5211d24f628c7c3bdce9bb8e0c [CANDIDATE]: Term 1 election: Election decided. Result: candidate won. Election summary: received 1 responses out of 1 voters: 1 yes votes; 0 no votes. yes voters: 58538d5211d24f628c7c3bdce9bb8e0c; no voters:
I0609 06:56:49.653602 1717 leader_election.cc:296] T 00000000000000000000000000000000 P 58538d5211d24f628c7c3bdce9bb8e0c [CANDIDATE]: Term 1 election: Requested vote from peers
I0609 06:56:49.653759 1719 raft_consensus.cc:2644] T 00000000000000000000000000000000 P 58538d5211d24f628c7c3bdce9bb8e0c [term 1 FOLLOWER]: Leader election won for term 1
I0609 06:56:49.655318 1719 raft_consensus.cc:667] T 00000000000000000000000000000000 P 58538d5211d24f628c7c3bdce9bb8e0c [term 1 LEADER]: Becoming Leader. State: Replica: 58538d5211d24f628c7c3bdce9bb8e0c, State: Running, Role: LEADER
I0609 06:56:49.655776 1719 consensus_queue.cc:206] T 00000000000000000000000000000000 P 58538d5211d24f628c7c3bdce9bb8e0c [LEADER]: Queue going to LEADER mode. State: All replicated index: 0, Majority replicated index: 0, Committed index: 0, Last appended: 0.0, Last appended by leader: 0, Current term: 1, Majority size: 1, State: 0, Mode: LEADER, active raft config: opid_index: -1 OBSOLETE_local: true peers { permanent_uuid: "58538d5211d24f628c7c3bdce9bb8e0c" member_type: VOTER }
I0609 06:56:49.657954 1720 sys_catalog.cc:338] T 00000000000000000000000000000000 P 58538d5211d24f628c7c3bdce9bb8e0c [sys.catalog]: SysCatalogTable state changed. Reason: RaftConsensus started. Latest consensus state: current_term: 1 leader_uuid: "58538d5211d24f628c7c3bdce9bb8e0c" committed_config { opid_index: -1 OBSOLETE_local: true peers { permanent_uuid: "58538d5211d24f628c7c3bdce9bb8e0c" member_type: VOTER } }
I0609 06:56:49.658535 1720 sys_catalog.cc:341] T 00000000000000000000000000000000 P 58538d5211d24f628c7c3bdce9bb8e0c [sys.catalog]: This master's current role is: LEADER
I0609 06:56:49.658588 1717 sys_catalog.cc:338] T 00000000000000000000000000000000 P 58538d5211d24f628c7c3bdce9bb8e0c [sys.catalog]: SysCatalogTable state changed. Reason: Started TabletReplica. Latest consensus state: current_term: 1 leader_uuid: "58538d5211d24f628c7c3bdce9bb8e0c" committed_config { opid_index: -1 OBSOLETE_local: true peers { permanent_uuid: "58538d5211d24f628c7c3bdce9bb8e0c" member_type: VOTER } }
I0609 06:56:49.658979 1721 sys_catalog.cc:338] T 00000000000000000000000000000000 P 58538d5211d24f628c7c3bdce9bb8e0c [sys.catalog]: SysCatalogTable state changed. Reason: New leader 58538d5211d24f628c7c3bdce9bb8e0c. Latest consensus state: current_term: 1 leader_uuid: "58538d5211d24f628c7c3bdce9bb8e0c" committed_config { opid_index: -1 OBSOLETE_local: true peers { permanent_uuid: "58538d5211d24f628c7c3bdce9bb8e0c" member_type: VOTER } }
I0609 06:56:49.659289 1717 sys_catalog.cc:341] T 00000000000000000000000000000000 P 58538d5211d24f628c7c3bdce9bb8e0c [sys.catalog]: This master's current role is: LEADER
I0609 06:56:49.659484 1721 sys_catalog.cc:341] T 00000000000000000000000000000000 P 58538d5211d24f628c7c3bdce9bb8e0c [sys.catalog]: This master's current role is: LEADER
I0609 06:56:49.666432 1723 catalog_manager.cc:1056] Loading table and tablet metadata into memory...
I0609 06:56:49.668587 1723 catalog_manager.cc:1067] Initializing Kudu internal certificate authority...
I0609 06:56:49.673449 1717 sys_catalog.cc:426] T 00000000000000000000000000000000 P 58538d5211d24f628c7c3bdce9bb8e0c [sys.catalog]: configured and running, proceeding with master startup.
I0609 06:56:49.677753 1119 internal_mini_cluster.cc:166] Waiting to initialize catalog manager on master 0
I0609 06:56:49.703024 1723 catalog_manager.cc:951] Generated new certificate authority record
I0609 06:56:49.704509 1723 catalog_manager.cc:1076] Loading token signing keys...
I0609 06:56:49.712607 1723 catalog_manager.cc:4293] T 00000000000000000000000000000000 P 58538d5211d24f628c7c3bdce9bb8e0c: Generated new TSK 0
I0609 06:56:49.756155 1119 system_ntp.cc:193] NTP initialized. Skew: 500ppm Current error: 91516us
I0609 06:56:49.756649 1119 fs_manager.cc:263] Metadata directory not provided
I0609 06:56:49.756862 1119 fs_manager.cc:269] Using write-ahead log directory (fs_wal_dir) as metadata directory
I0609 06:56:49.757144 1119 server_base.cc:440] Could not load existing FS layout: Not found: could not find a healthy instance file
I0609 06:56:49.757333 1119 server_base.cc:441] Attempting to create new FS layout instead
I0609 06:56:49.758466 1119 fs_manager.cc:602] Generated new instance metadata in path /tmp/dist-test-taskY5QUuL/test-tmp/client-test.3.ClientTest.TestMinMaxRangeBounds.1560063404629499-1119/minicluster-data/ts-0-root/instance: uuid: "bad01a6e9aa649e18994bfa51c1bbd94" format_stamp: "Formatted at 2019-06-09 06:56:49 on dist-test-slave-dist-test-slave-9h7f"
I0609 06:56:49.768345 1119 fs_manager.cc:503] Time spent creating directory manager: real 0.009s user 0.006s sys 0.004s
I0609 06:56:49.769693 1119 file_cache.cc:465] Constructed file cache lbm with capacity 419430
I0609 06:56:49.777029 1119 fs_manager.cc:419] Time spent opening block manager: real 0.001s user 0.001s sys 0.000s
I0609 06:56:49.777184 1119 fs_manager.cc:436] Opened local filesystem: /tmp/dist-test-taskY5QUuL/test-tmp/client-test.3.ClientTest.TestMinMaxRangeBounds.1560063404629499-1119/minicluster-data/ts-0-root uuid: "bad01a6e9aa649e18994bfa51c1bbd94" format_stamp: "Formatted at 2019-06-09 06:56:49 on dist-test-slave-dist-test-slave-9h7f"
I0609 06:56:49.777472 1119 fs_report.cc:352] FS layout report -------------------- wal directory: /tmp/dist-test-taskY5QUuL/test-tmp/client-test.3.ClientTest.TestMinMaxRangeBounds.1560063404629499-1119/minicluster-data/ts-0-root metadata directory: /tmp/dist-test-taskY5QUuL/test-tmp/client-test.3.ClientTest.TestMinMaxRangeBounds.1560063404629499-1119/minicluster-data/ts-0-root 1 data directories: /tmp/dist-test-taskY5QUuL/test-tmp/client-test.3.ClientTest.TestMinMaxRangeBounds.1560063404629499-1119/minicluster-data/ts-0-root/data Total live blocks: 0 Total live bytes: 0 Total live bytes (after alignment): 0 Total number of LBM containers: 0 (0 full) Did not check for missing blocks Did not check for orphaned blocks Total full LBM containers with extra space: 0 (0 repaired) Total full LBM container extra space in bytes: 0 (0 repaired) Total incomplete LBM containers: 0 (0 repaired) Total LBM partial records: 0 (0 repaired)
I0609 06:56:49.832191 1119 ts_tablet_manager.cc:356] Loaded tablet metadata (0 total tablets, 0 live tablets)
I0609 06:56:49.832365 1119 ts_tablet_manager.cc:376] Registered 0 tablets
I0609 06:56:50.009068 1119 rpc_server.cc:205] RPC server started. Bound to: 127.1.23.193:42979
I0609 06:56:50.021728 1119 webserver.cc:374] Webserver started at http://127.1.23.193:35713/ using document root and password file
I0609 06:56:50.038425 1791 heartbeater.cc:324] Connected to a master server at 127.1.23.254:45405
I0609 06:56:50.038659 1791 heartbeater.cc:405] Registering TS with master...
I0609 06:56:50.039047 1791 heartbeater.cc:454] Master 127.1.23.254:45405 requested a full tablet report, sending...
I0609 06:56:50.040565 1684 ts_manager.cc:161] Registered new tserver with Master: bad01a6e9aa649e18994bfa51c1bbd94 (127.1.23.193:42979)
I0609 06:56:50.041231 1119 internal_mini_cluster.cc:328] 1 TS(s) registered with all masters after 0.003624063s
I0609 06:56:50.042302 1684 master_service.cc:274] Signed X509 certificate for tserver {username='slave'} at 127.0.0.1:60770
I0609 06:56:50.054445 1791 heartbeater.cc:446] Master 127.1.23.254:45405 was elected leader, sending a full tablet report...
I0609 06:56:50.081779 1684 catalog_manager.cc:1410] Servicing CreateTable request from {username='slave'} at 127.0.0.1:60772: name: "client-testtb" schema { columns { name: "key" type: INT32 is_key: true is_nullable: false encoding: AUTO_ENCODING compression: DEFAULT_COMPRESSION cfile_block_size: 0 } columns { name: "int_val" type: INT32 is_key: false is_nullable: false encoding: AUTO_ENCODING compression: DEFAULT_COMPRESSION cfile_block_size: 0 } columns { name: "string_val" type: STRING is_key: false is_nullable: true encoding: AUTO_ENCODING compression: DEFAULT_COMPRESSION cfile_block_size: 0 } columns { name: "non_null_with_default" type: INT32 is_key: false is_nullable: false read_default_value: "90\000\000" encoding: AUTO_ENCODING compression: DEFAULT_COMPRESSION cfile_block_size: 0 } } num_replicas: 1 split_rows_range_bounds { rows: "\004\001\000\t\000\000\000" } partition_schema { range_schema { columns { name: "key" } } }
I0609 06:56:50.110759 1758 tablet_service.cc:1016] Processing CreateTablet for tablet 759a30de014344b0b003240a7a906123 (table=client-testtb [id=062d103cfab049c795c7a2303c7b2fba]), partition=RANGE (key) PARTITION VALUES < 9
I0609 06:56:50.111515 1758 data_dirs.cc:938] Could only allocate 1 dirs of requested 3 for tablet 759a30de014344b0b003240a7a906123. 1 dirs total, 0 dirs full, 0 dirs failed
I0609 06:56:50.111243 1757 tablet_service.cc:1016] Processing CreateTablet for tablet 299b3859605e459a92cf0cb49e452f33 (table=client-testtb [id=062d103cfab049c795c7a2303c7b2fba]), partition=RANGE (key) PARTITION VALUES >= 9
I0609 06:56:50.112156 1757 data_dirs.cc:938] Could only allocate 1 dirs of requested 3 for tablet 299b3859605e459a92cf0cb49e452f33. 1 dirs total, 0 dirs full, 0 dirs failed
I0609 06:56:50.126034 1803 tablet_bootstrap.cc:439] T 759a30de014344b0b003240a7a906123 P bad01a6e9aa649e18994bfa51c1bbd94: Bootstrap starting.
I0609 06:56:50.128557 1803 tablet_bootstrap.cc:590] T 759a30de014344b0b003240a7a906123 P bad01a6e9aa649e18994bfa51c1bbd94: No blocks or log segments found. Creating new log.
I0609 06:56:50.138521 1803 tablet_bootstrap.cc:439] T 759a30de014344b0b003240a7a906123 P bad01a6e9aa649e18994bfa51c1bbd94: No bootstrap required, opened a new log
I0609 06:56:50.138905 1803 ts_tablet_manager.cc:1054] T 759a30de014344b0b003240a7a906123 P bad01a6e9aa649e18994bfa51c1bbd94: Time spent bootstrapping tablet: real 0.013s user 0.004s sys 0.000s
I0609 06:56:50.140678 1803 raft_consensus.cc:340] T 759a30de014344b0b003240a7a906123 P bad01a6e9aa649e18994bfa51c1bbd94 [term 0 FOLLOWER]: Replica starting. Triggering 0 pending transactions. Active config: opid_index: -1 OBSOLETE_local: true peers { permanent_uuid: "bad01a6e9aa649e18994bfa51c1bbd94" member_type: VOTER last_known_addr { host: "127.1.23.193" port: 42979 } }
I0609 06:56:50.141250 1803 raft_consensus.cc:366] T 759a30de014344b0b003240a7a906123 P bad01a6e9aa649e18994bfa51c1bbd94 [term 0 FOLLOWER]: Consensus starting up: Expiring failure detector timer to make a prompt election more likely
I0609 06:56:50.141525 1803 raft_consensus.cc:705] T 759a30de014344b0b003240a7a906123 P bad01a6e9aa649e18994bfa51c1bbd94 [term 0 FOLLOWER]: Becoming Follower/Learner. State: Replica: bad01a6e9aa649e18994bfa51c1bbd94, State: Initialized, Role: FOLLOWER
I0609 06:56:50.142153 1803 consensus_queue.cc:229] T 759a30de014344b0b003240a7a906123 P bad01a6e9aa649e18994bfa51c1bbd94 [NON_LEADER]: Queue going to NON_LEADER mode. State: All replicated index: 0, Majority replicated index: 0, Committed index: 0, Last appended: 0.0, Last appended by leader: 0, Current term: 0, Majority size: -1, State: 0, Mode: NON_LEADER, active raft config: opid_index: -1 OBSOLETE_local: true peers { permanent_uuid: "bad01a6e9aa649e18994bfa51c1bbd94" member_type: VOTER last_known_addr { host: "127.1.23.193" port: 42979 } }
I0609 06:56:50.143157 1803 raft_consensus.cc:380] T 759a30de014344b0b003240a7a906123 P bad01a6e9aa649e18994bfa51c1bbd94 [term 0 FOLLOWER]: Only one voter in the Raft config. Triggering election immediately
I0609 06:56:50.143388 1803 raft_consensus.cc:472] T 759a30de014344b0b003240a7a906123 P bad01a6e9aa649e18994bfa51c1bbd94 [term 0 FOLLOWER]: Starting leader election (initial election of a single-replica configuration)
I0609 06:56:50.143661 1803 raft_consensus.cc:2890] T 759a30de014344b0b003240a7a906123 P bad01a6e9aa649e18994bfa51c1bbd94 [term 0 FOLLOWER]: Advancing to term 1
I0609 06:56:50.147538 1803 raft_consensus.cc:494] T 759a30de014344b0b003240a7a906123 P bad01a6e9aa649e18994bfa51c1bbd94 [term 1 FOLLOWER]: Starting leader election with config: opid_index: -1 OBSOLETE_local: true peers { permanent_uuid: "bad01a6e9aa649e18994bfa51c1bbd94" member_type: VOTER last_known_addr { host: "127.1.23.193" port: 42979 } }
I0609 06:56:50.148053 1803 leader_election.cc:310] T 759a30de014344b0b003240a7a906123 P bad01a6e9aa649e18994bfa51c1bbd94 [CANDIDATE]: Term 1 election: Election decided. Result: candidate won. Election summary: received 1 responses out of 1 voters: 1 yes votes; 0 no votes. yes voters: bad01a6e9aa649e18994bfa51c1bbd94; no voters:
I0609 06:56:50.149605 1803 leader_election.cc:296] T 759a30de014344b0b003240a7a906123 P bad01a6e9aa649e18994bfa51c1bbd94 [CANDIDATE]: Term 1 election: Requested vote from peers
I0609 06:56:50.149878 1805 raft_consensus.cc:2644] T 759a30de014344b0b003240a7a906123 P bad01a6e9aa649e18994bfa51c1bbd94 [term 1 FOLLOWER]: Leader election won for term 1
I0609 06:56:50.151707 1803 ts_tablet_manager.cc:1082] T 759a30de014344b0b003240a7a906123 P bad01a6e9aa649e18994bfa51c1bbd94: Time spent starting tablet: real 0.013s user 0.009s sys 0.005s
I0609 06:56:50.152127 1803 tablet_bootstrap.cc:439] T 299b3859605e459a92cf0cb49e452f33 P bad01a6e9aa649e18994bfa51c1bbd94: Bootstrap starting.
I0609 06:56:50.153944 1805 raft_consensus.cc:667] T 759a30de014344b0b003240a7a906123 P bad01a6e9aa649e18994bfa51c1bbd94 [term 1 LEADER]: Becoming Leader. State: Replica: bad01a6e9aa649e18994bfa51c1bbd94, State: Running, Role: LEADER
I0609 06:56:50.154170 1803 tablet_bootstrap.cc:590] T 299b3859605e459a92cf0cb49e452f33 P bad01a6e9aa649e18994bfa51c1bbd94: No blocks or log segments found. Creating new log.
I0609 06:56:50.154522 1805 consensus_queue.cc:206] T 759a30de014344b0b003240a7a906123 P bad01a6e9aa649e18994bfa51c1bbd94 [LEADER]: Queue going to LEADER mode. State: All replicated index: 0, Majority replicated index: 0, Committed index: 0, Last appended: 0.0, Last appended by leader: 0, Current term: 1, Majority size: 1, State: 0, Mode: LEADER, active raft config: opid_index: -1 OBSOLETE_local: true peers { permanent_uuid: "bad01a6e9aa649e18994bfa51c1bbd94" member_type: VOTER last_known_addr { host: "127.1.23.193" port: 42979 } }
I0609 06:56:50.159826 1803 tablet_bootstrap.cc:439] T 299b3859605e459a92cf0cb49e452f33 P bad01a6e9aa649e18994bfa51c1bbd94: No bootstrap required, opened a new log
I0609 06:56:50.160255 1803 ts_tablet_manager.cc:1054] T 299b3859605e459a92cf0cb49e452f33 P bad01a6e9aa649e18994bfa51c1bbd94: Time spent bootstrapping tablet: real 0.008s user 0.005s sys 0.000s
I0609 06:56:50.160264 1684 catalog_manager.cc:3989] T 759a30de014344b0b003240a7a906123 P bad01a6e9aa649e18994bfa51c1bbd94 reported cstate change: term changed from 0 to 1, leader changed from to bad01a6e9aa649e18994bfa51c1bbd94 (127.1.23.193). New cstate: current_term: 1 leader_uuid: "bad01a6e9aa649e18994bfa51c1bbd94" committed_config { opid_index: -1 OBSOLETE_local: true peers { permanent_uuid: "bad01a6e9aa649e18994bfa51c1bbd94" member_type: VOTER last_known_addr { host: "127.1.23.193" port: 42979 } health_report { overall_health: HEALTHY } } }
I0609 06:56:50.163561 1803 raft_consensus.cc:340] T 299b3859605e459a92cf0cb49e452f33 P bad01a6e9aa649e18994bfa51c1bbd94 [term 0 FOLLOWER]: Replica starting. Triggering 0 pending transactions. Active config: opid_index: -1 OBSOLETE_local: true peers { permanent_uuid: "bad01a6e9aa649e18994bfa51c1bbd94" member_type: VOTER last_known_addr { host: "127.1.23.193" port: 42979 } }
I0609 06:56:50.164072 1803 raft_consensus.cc:366] T 299b3859605e459a92cf0cb49e452f33 P bad01a6e9aa649e18994bfa51c1bbd94 [term 0 FOLLOWER]: Consensus starting up: Expiring failure detector timer to make a prompt election more likely
I0609 06:56:50.164337 1803 raft_consensus.cc:705] T 299b3859605e459a92cf0cb49e452f33 P bad01a6e9aa649e18994bfa51c1bbd94 [term 0 FOLLOWER]: Becoming Follower/Learner. State: Replica: bad01a6e9aa649e18994bfa51c1bbd94, State: Initialized, Role: FOLLOWER
I0609 06:56:50.165087 1803 consensus_queue.cc:229] T 299b3859605e459a92cf0cb49e452f33 P bad01a6e9aa649e18994bfa51c1bbd94 [NON_LEADER]: Queue going to NON_LEADER mode. State: All replicated index: 0, Majority replicated index: 0, Committed index: 0, Last appended: 0.0, Last appended by leader: 0, Current term: 0, Majority size: -1, State: 0, Mode: NON_LEADER, active raft config: opid_index: -1 OBSOLETE_local: true peers { permanent_uuid: "bad01a6e9aa649e18994bfa51c1bbd94" member_type: VOTER last_known_addr { host: "127.1.23.193" port: 42979 } }
I0609 06:56:50.165750 1803 raft_consensus.cc:380] T 299b3859605e459a92cf0cb49e452f33 P bad01a6e9aa649e18994bfa51c1bbd94 [term 0 FOLLOWER]: Only one voter in the Raft config. Triggering election immediately
I0609 06:56:50.166028 1803 raft_consensus.cc:472] T 299b3859605e459a92cf0cb49e452f33 P bad01a6e9aa649e18994bfa51c1bbd94 [term 0 FOLLOWER]: Starting leader election (initial election of a single-replica configuration)
I0609 06:56:50.166378 1803 raft_consensus.cc:2890] T 299b3859605e459a92cf0cb49e452f33 P bad01a6e9aa649e18994bfa51c1bbd94 [term 0 FOLLOWER]: Advancing to term 1
I0609 06:56:50.172260 1803 raft_consensus.cc:494] T 299b3859605e459a92cf0cb49e452f33 P bad01a6e9aa649e18994bfa51c1bbd94 [term 1 FOLLOWER]: Starting leader election with config: opid_index: -1 OBSOLETE_local: true peers { permanent_uuid: "bad01a6e9aa649e18994bfa51c1bbd94" member_type: VOTER last_known_addr { host: "127.1.23.193" port: 42979 } }
I0609 06:56:50.172694 1803 leader_election.cc:310] T 299b3859605e459a92cf0cb49e452f33 P bad01a6e9aa649e18994bfa51c1bbd94 [CANDIDATE]: Term 1 election: Election decided. Result: candidate won. Election summary: received 1 responses out of 1 voters: 1 yes votes; 0 no votes. yes voters: bad01a6e9aa649e18994bfa51c1bbd94; no voters:
I0609 06:56:50.173154 1803 leader_election.cc:296] T 299b3859605e459a92cf0cb49e452f33 P bad01a6e9aa649e18994bfa51c1bbd94 [CANDIDATE]: Term 1 election: Requested vote from peers
I0609 06:56:50.173347 1807 raft_consensus.cc:2644] T 299b3859605e459a92cf0cb49e452f33 P bad01a6e9aa649e18994bfa51c1bbd94 [term 1 FOLLOWER]: Leader election won for term 1
I0609 06:56:50.173835 1807 raft_consensus.cc:667] T 299b3859605e459a92cf0cb49e452f33 P bad01a6e9aa649e18994bfa51c1bbd94 [term 1 LEADER]: Becoming Leader. State: Replica: bad01a6e9aa649e18994bfa51c1bbd94, State: Running, Role: LEADER
I0609 06:56:50.174353 1803 ts_tablet_manager.cc:1082] T 299b3859605e459a92cf0cb49e452f33 P bad01a6e9aa649e18994bfa51c1bbd94: Time spent starting tablet: real 0.014s user 0.011s sys 0.000s
I0609 06:56:50.174523 1807 consensus_queue.cc:206] T 299b3859605e459a92cf0cb49e452f33 P bad01a6e9aa649e18994bfa51c1bbd94 [LEADER]: Queue going to LEADER mode. State: All replicated index: 0, Majority replicated index: 0, Committed index: 0, Last appended: 0.0, Last appended by leader: 0, Current term: 1, Majority size: 1, State: 0, Mode: LEADER, active raft config: opid_index: -1 OBSOLETE_local: true peers { permanent_uuid: "bad01a6e9aa649e18994bfa51c1bbd94" member_type: VOTER last_known_addr { host: "127.1.23.193" port: 42979 } }
I0609 06:56:50.178458 1684 catalog_manager.cc:3989] T 299b3859605e459a92cf0cb49e452f33 P bad01a6e9aa649e18994bfa51c1bbd94 reported cstate change: term changed from 0 to 1, leader changed from to bad01a6e9aa649e18994bfa51c1bbd94 (127.1.23.193). New cstate: current_term: 1 leader_uuid: "bad01a6e9aa649e18994bfa51c1bbd94" committed_config { opid_index: -1 OBSOLETE_local: true peers { permanent_uuid: "bad01a6e9aa649e18994bfa51c1bbd94" member_type: VOTER last_known_addr { host: "127.1.23.193" port: 42979 } health_report { overall_health: HEALTHY } } }
I0609 06:56:50.193418 1684 catalog_manager.cc:1410] Servicing CreateTable request from {username='slave'} at 127.0.0.1:60772: name: "TestMinMaxRangeBounds" schema { columns { name: "key" type: INT32 is_key: true is_nullable: false encoding: AUTO_ENCODING compression: DEFAULT_COMPRESSION cfile_block_size: 0 } columns { name: "value" type: INT32 is_key: false is_nullable: false encoding: AUTO_ENCODING compression: DEFAULT_COMPRESSION cfile_block_size: 0 } } num_replicas: 1 split_rows_range_bounds { rows: "\010\001\000\000\000\200\t\001\377\377\377\177" } partition_schema { range_schema { columns { name: "key" } } }
I0609 06:56:50.207790 1758 tablet_service.cc:1016] Processing CreateTablet for tablet 112649f2817345279bb899b96a6c26d1 (table=TestMinMaxRangeBounds [id=0defa11903f040a1824925f5e55ad909]), partition=RANGE (key) PARTITION VALUES >= -2147483647
I0609 06:56:50.208719 1758 data_dirs.cc:938] Could only allocate 1 dirs of requested 3 for tablet 112649f2817345279bb899b96a6c26d1. 1 dirs total, 0 dirs full, 0 dirs failed
I0609 06:56:50.220219 1803 tablet_bootstrap.cc:439] T 112649f2817345279bb899b96a6c26d1 P bad01a6e9aa649e18994bfa51c1bbd94: Bootstrap starting.
I0609 06:56:50.222360 1803 tablet_bootstrap.cc:590] T 112649f2817345279bb899b96a6c26d1 P bad01a6e9aa649e18994bfa51c1bbd94: No blocks or log segments found. Creating new log.
I0609 06:56:50.226157 1803 tablet_bootstrap.cc:439] T 112649f2817345279bb899b96a6c26d1 P bad01a6e9aa649e18994bfa51c1bbd94: No bootstrap required, opened a new log
I0609 06:56:50.226469 1803 ts_tablet_manager.cc:1054] T 112649f2817345279bb899b96a6c26d1 P bad01a6e9aa649e18994bfa51c1bbd94: Time spent bootstrapping tablet: real 0.006s user 0.005s sys 0.000s
I0609 06:56:50.227664 1803 raft_consensus.cc:340] T 112649f2817345279bb899b96a6c26d1 P bad01a6e9aa649e18994bfa51c1bbd94 [term 0 FOLLOWER]: Replica starting. Triggering 0 pending transactions. Active config: opid_index: -1 OBSOLETE_local: true peers { permanent_uuid: "bad01a6e9aa649e18994bfa51c1bbd94" member_type: VOTER last_known_addr { host: "127.1.23.193" port: 42979 } }
I0609 06:56:50.228057 1803 raft_consensus.cc:366] T 112649f2817345279bb899b96a6c26d1 P bad01a6e9aa649e18994bfa51c1bbd94 [term 0 FOLLOWER]: Consensus starting up: Expiring failure detector timer to make a prompt election more likely
I0609 06:56:50.228226 1803 raft_consensus.cc:705] T 112649f2817345279bb899b96a6c26d1 P bad01a6e9aa649e18994bfa51c1bbd94 [term 0 FOLLOWER]: Becoming Follower/Learner. State: Replica: bad01a6e9aa649e18994bfa51c1bbd94, State: Initialized, Role: FOLLOWER
I0609 06:56:50.228706 1803 consensus_queue.cc:229] T 112649f2817345279bb899b96a6c26d1 P bad01a6e9aa649e18994bfa51c1bbd94 [NON_LEADER]: Queue going to NON_LEADER mode. State: All replicated index: 0, Majority replicated index: 0, Committed index: 0, Last appended: 0.0, Last appended by leader: 0, Current term: 0, Majority size: -1, State: 0, Mode: NON_LEADER, active raft config: opid_index: -1 OBSOLETE_local: true peers { permanent_uuid: "bad01a6e9aa649e18994bfa51c1bbd94" member_type: VOTER last_known_addr { host: "127.1.23.193" port: 42979 } }
I0609 06:56:50.229127 1803 raft_consensus.cc:380] T 112649f2817345279bb899b96a6c26d1 P bad01a6e9aa649e18994bfa51c1bbd94 [term 0 FOLLOWER]: Only one voter in the Raft config. Triggering election immediately
I0609 06:56:50.229395 1803 raft_consensus.cc:472] T 112649f2817345279bb899b96a6c26d1 P bad01a6e9aa649e18994bfa51c1bbd94 [term 0 FOLLOWER]: Starting leader election (initial election of a single-replica configuration)
I0609 06:56:50.229655 1803 raft_consensus.cc:2890] T 112649f2817345279bb899b96a6c26d1 P bad01a6e9aa649e18994bfa51c1bbd94 [term 0 FOLLOWER]: Advancing to term 1
I0609 06:56:50.233022 1803 raft_consensus.cc:494] T 112649f2817345279bb899b96a6c26d1 P bad01a6e9aa649e18994bfa51c1bbd94 [term 1 FOLLOWER]: Starting leader election with config: opid_index: -1 OBSOLETE_local: true peers { permanent_uuid: "bad01a6e9aa649e18994bfa51c1bbd94" member_type: VOTER last_known_addr { host: "127.1.23.193" port: 42979 } }
I0609 06:56:50.233466 1803 leader_election.cc:310] T 112649f2817345279bb899b96a6c26d1 P bad01a6e9aa649e18994bfa51c1bbd94 [CANDIDATE]: Term 1 election: Election decided. Result: candidate won. Election summary: received 1 responses out of 1 voters: 1 yes votes; 0 no votes. yes voters: bad01a6e9aa649e18994bfa51c1bbd94; no voters:
I0609 06:56:50.233909 1803 leader_election.cc:296] T 112649f2817345279bb899b96a6c26d1 P bad01a6e9aa649e18994bfa51c1bbd94 [CANDIDATE]: Term 1 election: Requested vote from peers
I0609 06:56:50.234051 1807 raft_consensus.cc:2644] T 112649f2817345279bb899b96a6c26d1 P bad01a6e9aa649e18994bfa51c1bbd94 [term 1 FOLLOWER]: Leader election won for term 1
I0609 06:56:50.234462 1807 raft_consensus.cc:667] T 112649f2817345279bb899b96a6c26d1 P bad01a6e9aa649e18994bfa51c1bbd94 [term 1 LEADER]: Becoming Leader. State: Replica: bad01a6e9aa649e18994bfa51c1bbd94, State: Running, Role: LEADER
I0609 06:56:50.235110 1803 ts_tablet_manager.cc:1082] T 112649f2817345279bb899b96a6c26d1 P bad01a6e9aa649e18994bfa51c1bbd94: Time spent starting tablet: real 0.008s user 0.004s sys 0.004s
I0609 06:56:50.234946 1807 consensus_queue.cc:206] T 112649f2817345279bb899b96a6c26d1 P bad01a6e9aa649e18994bfa51c1bbd94 [LEADER]: Queue going to LEADER mode. State: All replicated index: 0, Majority replicated index: 0, Committed index: 0, Last appended: 0.0, Last appended by leader: 0, Current term: 1, Majority size: 1, State: 0, Mode: LEADER, active raft config: opid_index: -1 OBSOLETE_local: true peers { permanent_uuid: "bad01a6e9aa649e18994bfa51c1bbd94" member_type: VOTER last_known_addr { host: "127.1.23.193" port: 42979 } }
I0609 06:56:50.239105 1683 catalog_manager.cc:3989] T 112649f2817345279bb899b96a6c26d1 P bad01a6e9aa649e18994bfa51c1bbd94 reported cstate change: term changed from 0 to 1, leader changed from to bad01a6e9aa649e18994bfa51c1bbd94 (127.1.23.193). New cstate: current_term: 1 leader_uuid: "bad01a6e9aa649e18994bfa51c1bbd94" committed_config { opid_index: -1 OBSOLETE_local: true peers { permanent_uuid: "bad01a6e9aa649e18994bfa51c1bbd94" member_type: VOTER last_known_addr { host: "127.1.23.193" port: 42979 } health_report { overall_health: HEALTHY } } }
I0609 06:56:50.248864 1119 tablet_server.cc:155] TabletServer shutting down...
I0609 06:56:50.273018 1119 ts_tablet_manager.cc:1128] Shutting down tablet manager...
I0609 06:56:50.273586 1119 tablet_replica.cc:265] T 112649f2817345279bb899b96a6c26d1 P bad01a6e9aa649e18994bfa51c1bbd94: stopping tablet replica
I0609 06:56:50.274085 1119 raft_consensus.cc:2147] T 112649f2817345279bb899b96a6c26d1 P bad01a6e9aa649e18994bfa51c1bbd94 [term 1 LEADER]: Raft consensus shutting down.
I0609 06:56:50.274426 1119 raft_consensus.cc:2174] T 112649f2817345279bb899b96a6c26d1 P bad01a6e9aa649e18994bfa51c1bbd94 [term 1 FOLLOWER]: Raft consensus is shut down!
I0609 06:56:50.277371 1119 tablet_replica.cc:265] T 299b3859605e459a92cf0cb49e452f33 P bad01a6e9aa649e18994bfa51c1bbd94: stopping tablet replica
I0609 06:56:50.277849 1119 raft_consensus.cc:2147] T 299b3859605e459a92cf0cb49e452f33 P bad01a6e9aa649e18994bfa51c1bbd94 [term 1 LEADER]: Raft consensus shutting down.
I0609 06:56:50.278188 1119 raft_consensus.cc:2174] T 299b3859605e459a92cf0cb49e452f33 P bad01a6e9aa649e18994bfa51c1bbd94 [term 1 FOLLOWER]: Raft consensus is shut down!
I0609 06:56:50.281018 1119 tablet_replica.cc:265] T 759a30de014344b0b003240a7a906123 P bad01a6e9aa649e18994bfa51c1bbd94: stopping tablet replica
I0609 06:56:50.281453 1119 raft_consensus.cc:2147] T 759a30de014344b0b003240a7a906123 P bad01a6e9aa649e18994bfa51c1bbd94 [term 1 LEADER]: Raft consensus shutting down.
I0609 06:56:50.281770 1119 raft_consensus.cc:2174] T 759a30de014344b0b003240a7a906123 P bad01a6e9aa649e18994bfa51c1bbd94 [term 1 FOLLOWER]: Raft consensus is shut down!
I0609 06:56:50.296690 1119 tablet_server.cc:169] TabletServer shutdown complete.
I0609 06:56:50.296845 1119 tablet_server.cc:155] TabletServer shutting down...
I0609 06:56:50.297122 1119 tablet_server.cc:169] TabletServer shutdown complete.
I0609 06:56:50.303210 1119 master.cc:247] Master@127.1.23.254:45405 shutting down...
I0609 06:56:50.320876 1119 raft_consensus.cc:2147] T 00000000000000000000000000000000 P 58538d5211d24f628c7c3bdce9bb8e0c [term 1 LEADER]: Raft consensus shutting down.
I0609 06:56:50.321133 1119 raft_consensus.cc:2174] T 00000000000000000000000000000000 P 58538d5211d24f628c7c3bdce9bb8e0c [term 1 FOLLOWER]: Raft consensus is shut down!
I0609 06:56:50.321382 1119 tablet_replica.cc:265] T 00000000000000000000000000000000 P 58538d5211d24f628c7c3bdce9bb8e0c: stopping tablet replica
I0609 06:56:50.332306 1119 master.cc:258] Master@127.1.23.254:45405 shutdown complete. [ OK ] ClientTest.TestMinMaxRangeBounds (975 ms) [ RUN ] ClientTest.TestInsertAutoFlushSync
I0609 06:56:50.345141 1119 internal_mini_cluster.cc:146] Creating distributed mini masters. Addrs: 127.1.23.254:42461
I0609 06:56:50.357235 1119 system_ntp.cc:193] NTP initialized. Skew: 500ppm Current error: 92016us
I0609 06:56:50.357544 1119 fs_manager.cc:263] Metadata directory not provided
I0609 06:56:50.357712 1119 fs_manager.cc:269] Using write-ahead log directory (fs_wal_dir) as metadata directory
I0609 06:56:50.357901 1119 server_base.cc:440] Could not load existing FS layout: Not found: could not find a healthy instance file
I0609 06:56:50.358022 1119 server_base.cc:441] Attempting to create new FS layout instead
I0609 06:56:50.358942 1119 fs_manager.cc:602] Generated new instance metadata in path /tmp/dist-test-taskY5QUuL/test-tmp/client-test.3.ClientTest.TestInsertAutoFlushSync.1560063404629499-1119/minicluster-data/master-0-root/instance: uuid: "2f1d15ef884540a39de34977b2c2b45f" format_stamp: "Formatted at 2019-06-09 06:56:50 on dist-test-slave-dist-test-slave-9h7f"
I0609 06:56:50.367471 1119 fs_manager.cc:503] Time spent creating directory manager: real 0.008s user 0.009s sys 0.000s
I0609 06:56:50.368970 1119 file_cache.cc:465] Constructed file cache lbm with capacity 419430
I0609 06:56:50.386108 1119 fs_manager.cc:419] Time spent opening block manager: real 0.011s user 0.004s sys 0.007s
I0609 06:56:50.386255 1119 fs_manager.cc:436] Opened local filesystem: /tmp/dist-test-taskY5QUuL/test-tmp/client-test.3.ClientTest.TestInsertAutoFlushSync.1560063404629499-1119/minicluster-data/master-0-root uuid: "2f1d15ef884540a39de34977b2c2b45f" format_stamp: "Formatted at 2019-06-09 06:56:50 on dist-test-slave-dist-test-slave-9h7f"
