I0609 06:56:55.278106 2420 raft_consensus.cc:494] T 4d86f614f1264e65b774caf3946587ae P bd2c52ff9e9442ff954c8cfa1321e7a6 [term 1 FOLLOWER]: Starting leader election with config: opid_index: -1 OBSOLETE_local: true peers { permanent_uuid: "bd2c52ff9e9442ff954c8cfa1321e7a6" member_type: VOTER last_known_addr { host: "127.1.23.193" port: 46795 } }
I0609 06:56:55.278682 2420 leader_election.cc:310] T 4d86f614f1264e65b774caf3946587ae P bd2c52ff9e9442ff954c8cfa1321e7a6 [CANDIDATE]: Term 1 election: Election decided. Result: candidate won. Election summary: received 1 responses out of 1 voters: 1 yes votes; 0 no votes. yes voters: bd2c52ff9e9442ff954c8cfa1321e7a6; no voters:
I0609 06:56:55.279688 2420 leader_election.cc:296] T 4d86f614f1264e65b774caf3946587ae P bd2c52ff9e9442ff954c8cfa1321e7a6 [CANDIDATE]: Term 1 election: Requested vote from peers
I0609 06:56:55.279959 2422 raft_consensus.cc:2644] T 4d86f614f1264e65b774caf3946587ae P bd2c52ff9e9442ff954c8cfa1321e7a6 [term 1 FOLLOWER]: Leader election won for term 1
I0609 06:56:55.281232 2422 raft_consensus.cc:667] T 4d86f614f1264e65b774caf3946587ae P bd2c52ff9e9442ff954c8cfa1321e7a6 [term 1 LEADER]: Becoming Leader. State: Replica: bd2c52ff9e9442ff954c8cfa1321e7a6, State: Running, Role: LEADER
I0609 06:56:55.282130 2422 consensus_queue.cc:206] T 4d86f614f1264e65b774caf3946587ae P bd2c52ff9e9442ff954c8cfa1321e7a6 [LEADER]: Queue going to LEADER mode. State: All replicated index: 0, Majority replicated index: 0, Committed index: 0, Last appended: 0.0, Last appended by leader: 0, Current term: 1, Majority size: 1, State: 0, Mode: LEADER, active raft config: opid_index: -1 OBSOLETE_local: true peers { permanent_uuid: "bd2c52ff9e9442ff954c8cfa1321e7a6" member_type: VOTER last_known_addr { host: "127.1.23.193" port: 46795 } }
I0609 06:56:55.282706 2420 ts_tablet_manager.cc:1082] T 4d86f614f1264e65b774caf3946587ae P bd2c52ff9e9442ff954c8cfa1321e7a6: Time spent starting tablet: real 0.012s user 0.009s sys 0.003s
I0609 06:56:55.283138 2420 tablet_bootstrap.cc:439] T 0ebea029b13a4906899db6e324571ea1 P bd2c52ff9e9442ff954c8cfa1321e7a6: Bootstrap starting.
I0609 06:56:55.286754 2420 tablet_bootstrap.cc:590] T 0ebea029b13a4906899db6e324571ea1 P bd2c52ff9e9442ff954c8cfa1321e7a6: No blocks or log segments found. Creating new log.
I0609 06:56:55.288575 2300 catalog_manager.cc:3989] T 4d86f614f1264e65b774caf3946587ae P bd2c52ff9e9442ff954c8cfa1321e7a6 reported cstate change: term changed from 0 to 1, leader changed from to bd2c52ff9e9442ff954c8cfa1321e7a6 (127.1.23.193). New cstate: current_term: 1 leader_uuid: "bd2c52ff9e9442ff954c8cfa1321e7a6" committed_config { opid_index: -1 OBSOLETE_local: true peers { permanent_uuid: "bd2c52ff9e9442ff954c8cfa1321e7a6" member_type: VOTER last_known_addr { host: "127.1.23.193" port: 46795 } health_report { overall_health: HEALTHY } } }
I0609 06:56:55.290431 2420 tablet_bootstrap.cc:439] T 0ebea029b13a4906899db6e324571ea1 P bd2c52ff9e9442ff954c8cfa1321e7a6: No bootstrap required, opened a new log
I0609 06:56:55.290711 2420 ts_tablet_manager.cc:1054] T 0ebea029b13a4906899db6e324571ea1 P bd2c52ff9e9442ff954c8cfa1321e7a6: Time spent bootstrapping tablet: real 0.008s user 0.002s sys 0.002s
I0609 06:56:55.291873 2420 raft_consensus.cc:340] T 0ebea029b13a4906899db6e324571ea1 P bd2c52ff9e9442ff954c8cfa1321e7a6 [term 0 FOLLOWER]: Replica starting. Triggering 0 pending transactions. Active config: opid_index: -1 OBSOLETE_local: true peers { permanent_uuid: "bd2c52ff9e9442ff954c8cfa1321e7a6" member_type: VOTER last_known_addr { host: "127.1.23.193" port: 46795 } }
I0609 06:56:55.292291 2420 raft_consensus.cc:366] T 0ebea029b13a4906899db6e324571ea1 P bd2c52ff9e9442ff954c8cfa1321e7a6 [term 0 FOLLOWER]: Consensus starting up: Expiring failure detector timer to make a prompt election more likely
I0609 06:56:55.292552 2420 raft_consensus.cc:705] T 0ebea029b13a4906899db6e324571ea1 P bd2c52ff9e9442ff954c8cfa1321e7a6 [term 0 FOLLOWER]: Becoming Follower/Learner. State: Replica: bd2c52ff9e9442ff954c8cfa1321e7a6, State: Initialized, Role: FOLLOWER
I0609 06:56:55.293223 2420 consensus_queue.cc:229] T 0ebea029b13a4906899db6e324571ea1 P bd2c52ff9e9442ff954c8cfa1321e7a6 [NON_LEADER]: Queue going to NON_LEADER mode. State: All replicated index: 0, Majority replicated index: 0, Committed index: 0, Last appended: 0.0, Last appended by leader: 0, Current term: 0, Majority size: -1, State: 0, Mode: NON_LEADER, active raft config: opid_index: -1 OBSOLETE_local: true peers { permanent_uuid: "bd2c52ff9e9442ff954c8cfa1321e7a6" member_type: VOTER last_known_addr { host: "127.1.23.193" port: 46795 } }
I0609 06:56:55.293848 2420 raft_consensus.cc:380] T 0ebea029b13a4906899db6e324571ea1 P bd2c52ff9e9442ff954c8cfa1321e7a6 [term 0 FOLLOWER]: Only one voter in the Raft config. Triggering election immediately
I0609 06:56:55.294131 2420 raft_consensus.cc:472] T 0ebea029b13a4906899db6e324571ea1 P bd2c52ff9e9442ff954c8cfa1321e7a6 [term 0 FOLLOWER]: Starting leader election (initial election of a single-replica configuration)
I0609 06:56:55.294428 2420 raft_consensus.cc:2890] T 0ebea029b13a4906899db6e324571ea1 P bd2c52ff9e9442ff954c8cfa1321e7a6 [term 0 FOLLOWER]: Advancing to term 1
I0609 06:56:55.298221 2420 raft_consensus.cc:494] T 0ebea029b13a4906899db6e324571ea1 P bd2c52ff9e9442ff954c8cfa1321e7a6 [term 1 FOLLOWER]: Starting leader election with config: opid_index: -1 OBSOLETE_local: true peers { permanent_uuid: "bd2c52ff9e9442ff954c8cfa1321e7a6" member_type: VOTER last_known_addr { host: "127.1.23.193" port: 46795 } }
I0609 06:56:55.298660 2420 leader_election.cc:310] T 0ebea029b13a4906899db6e324571ea1 P bd2c52ff9e9442ff954c8cfa1321e7a6 [CANDIDATE]: Term 1 election: Election decided. Result: candidate won. Election summary: received 1 responses out of 1 voters: 1 yes votes; 0 no votes. yes voters: bd2c52ff9e9442ff954c8cfa1321e7a6; no voters:
I0609 06:56:55.299080 2420 leader_election.cc:296] T 0ebea029b13a4906899db6e324571ea1 P bd2c52ff9e9442ff954c8cfa1321e7a6 [CANDIDATE]: Term 1 election: Requested vote from peers
I0609 06:56:55.299201 2422 raft_consensus.cc:2644] T 0ebea029b13a4906899db6e324571ea1 P bd2c52ff9e9442ff954c8cfa1321e7a6 [term 1 FOLLOWER]: Leader election won for term 1
I0609 06:56:55.299662 2422 raft_consensus.cc:667] T 0ebea029b13a4906899db6e324571ea1 P bd2c52ff9e9442ff954c8cfa1321e7a6 [term 1 LEADER]: Becoming Leader. State: Replica: bd2c52ff9e9442ff954c8cfa1321e7a6, State: Running, Role: LEADER
I0609 06:56:55.299993 2420 ts_tablet_manager.cc:1082] T 0ebea029b13a4906899db6e324571ea1 P bd2c52ff9e9442ff954c8cfa1321e7a6: Time spent starting tablet: real 0.009s user 0.005s sys 0.005s
I0609 06:56:55.300102 2422 consensus_queue.cc:206] T 0ebea029b13a4906899db6e324571ea1 P bd2c52ff9e9442ff954c8cfa1321e7a6 [LEADER]: Queue going to LEADER mode. State: All replicated index: 0, Majority replicated index: 0, Committed index: 0, Last appended: 0.0, Last appended by leader: 0, Current term: 1, Majority size: 1, State: 0, Mode: LEADER, active raft config: opid_index: -1 OBSOLETE_local: true peers { permanent_uuid: "bd2c52ff9e9442ff954c8cfa1321e7a6" member_type: VOTER last_known_addr { host: "127.1.23.193" port: 46795 } }
I0609 06:56:55.303702 2300 catalog_manager.cc:3989] T 0ebea029b13a4906899db6e324571ea1 P bd2c52ff9e9442ff954c8cfa1321e7a6 reported cstate change: term changed from 0 to 1, leader changed from to bd2c52ff9e9442ff954c8cfa1321e7a6 (127.1.23.193). New cstate: current_term: 1 leader_uuid: "bd2c52ff9e9442ff954c8cfa1321e7a6" committed_config { opid_index: -1 OBSOLETE_local: true peers { permanent_uuid: "bd2c52ff9e9442ff954c8cfa1321e7a6" member_type: VOTER last_known_addr { host: "127.1.23.193" port: 46795 } health_report { overall_health: HEALTHY } } }
I0609 06:56:55.369082 1119 tablet_server.cc:155] TabletServer shutting down...
I0609 06:56:55.401268 1119 ts_tablet_manager.cc:1128] Shutting down tablet manager...
I0609 06:56:55.401836 1119 tablet_replica.cc:265] T 0ebea029b13a4906899db6e324571ea1 P bd2c52ff9e9442ff954c8cfa1321e7a6: stopping tablet replica
I0609 06:56:55.402617 1119 raft_consensus.cc:2147] T 0ebea029b13a4906899db6e324571ea1 P bd2c52ff9e9442ff954c8cfa1321e7a6 [term 1 LEADER]: Raft consensus shutting down.
I0609 06:56:55.403036 1119 raft_consensus.cc:2174] T 0ebea029b13a4906899db6e324571ea1 P bd2c52ff9e9442ff954c8cfa1321e7a6 [term 1 FOLLOWER]: Raft consensus is shut down!
I0609 06:56:55.406116 1119 tablet_replica.cc:265] T 4d86f614f1264e65b774caf3946587ae P bd2c52ff9e9442ff954c8cfa1321e7a6: stopping tablet replica
I0609 06:56:55.406512 1119 raft_consensus.cc:2147] T 4d86f614f1264e65b774caf3946587ae P bd2c52ff9e9442ff954c8cfa1321e7a6 [term 1 LEADER]: Raft consensus shutting down.
I0609 06:56:55.406846 1119 raft_consensus.cc:2174] T 4d86f614f1264e65b774caf3946587ae P bd2c52ff9e9442ff954c8cfa1321e7a6 [term 1 FOLLOWER]: Raft consensus is shut down!
I0609 06:56:55.428501 1119 tablet_server.cc:169] TabletServer shutdown complete.
I0609 06:56:55.428624 1119 tablet_server.cc:155] TabletServer shutting down...
I0609 06:56:55.428915 1119 tablet_server.cc:169] TabletServer shutdown complete.
I0609 06:56:55.435883 1119 master.cc:247] Master@127.1.23.254:42483 shutting down...
I0609 06:56:55.456471 1119 raft_consensus.cc:2147] T 00000000000000000000000000000000 P 38d853691b6846ccbd2fc27b95f691c9 [term 1 LEADER]: Raft consensus shutting down.
I0609 06:56:55.456759 1119 raft_consensus.cc:2174] T 00000000000000000000000000000000 P 38d853691b6846ccbd2fc27b95f691c9 [term 1 FOLLOWER]: Raft consensus is shut down!
I0609 06:56:55.457084 1119 tablet_replica.cc:265] T 00000000000000000000000000000000 P 38d853691b6846ccbd2fc27b95f691c9: stopping tablet replica
I0609 06:56:55.468509 1119 master.cc:258] Master@127.1.23.254:42483 shutdown complete. [ OK ] ClientTest.TestAutoFlushBackgroundPreFlush (670 ms) [ RUN ] ClientTest.TestBasicAlterOperations
I0609 06:56:55.483875 1119 internal_mini_cluster.cc:146] Creating distributed mini masters. Addrs: 127.1.23.254:35257
I0609 06:56:55.496551 1119 system_ntp.cc:193] NTP initialized. Skew: 500ppm Current error: 94516us
I0609 06:56:55.496848 1119 fs_manager.cc:263] Metadata directory not provided
I0609 06:56:55.497001 1119 fs_manager.cc:269] Using write-ahead log directory (fs_wal_dir) as metadata directory
I0609 06:56:55.497233 1119 server_base.cc:440] Could not load existing FS layout: Not found: could not find a healthy instance file
I0609 06:56:55.497470 1119 server_base.cc:441] Attempting to create new FS layout instead
I0609 06:56:55.498409 1119 fs_manager.cc:602] Generated new instance metadata in path /tmp/dist-test-taskY5QUuL/test-tmp/client-test.3.ClientTest.TestBasicAlterOperations.1560063404629499-1119/minicluster-data/master-0-root/instance: uuid: "da9e629263c34a098be6bdb73a3157ff" format_stamp: "Formatted at 2019-06-09 06:56:55 on dist-test-slave-dist-test-slave-9h7f"
I0609 06:56:55.507247 1119 fs_manager.cc:503] Time spent creating directory manager: real 0.008s user 0.008s sys 0.001s
I0609 06:56:55.508569 1119 file_cache.cc:465] Constructed file cache lbm with capacity 419430
I0609 06:56:55.515172 1119 fs_manager.cc:419] Time spent opening block manager: real 0.001s user 0.001s sys 0.000s
I0609 06:56:55.515327 1119 fs_manager.cc:436] Opened local filesystem: /tmp/dist-test-taskY5QUuL/test-tmp/client-test.3.ClientTest.TestBasicAlterOperations.1560063404629499-1119/minicluster-data/master-0-root uuid: "da9e629263c34a098be6bdb73a3157ff" format_stamp: "Formatted at 2019-06-09 06:56:55 on dist-test-slave-dist-test-slave-9h7f"
I0609 06:56:55.515560 1119 fs_report.cc:352] FS layout report -------------------- wal directory: /tmp/dist-test-taskY5QUuL/test-tmp/client-test.3.ClientTest.TestBasicAlterOperations.1560063404629499-1119/minicluster-data/master-0-root metadata directory: /tmp/dist-test-taskY5QUuL/test-tmp/client-test.3.ClientTest.TestBasicAlterOperations.1560063404629499-1119/minicluster-data/master-0-root 1 data directories: /tmp/dist-test-taskY5QUuL/test-tmp/client-test.3.ClientTest.TestBasicAlterOperations.1560063404629499-1119/minicluster-data/master-0-root/data Total live blocks: 0 Total live bytes: 0 Total live bytes (after alignment): 0 Total number of LBM containers: 0 (0 full) Did not check for missing blocks Did not check for orphaned blocks Total full LBM containers with extra space: 0 (0 repaired) Total full LBM container extra space in bytes: 0 (0 repaired) Total incomplete LBM containers: 0 (0 repaired) Total LBM partial records: 0 (0 repaired)
I0609 06:56:55.610483 1119 rpc_server.cc:205] RPC server started. Bound to: 127.1.23.254:35257
I0609 06:56:55.612114 1119 webserver.cc:374] Webserver started at http://127.1.23.254:37049/ using document root and password file
I0609 06:56:55.614166 2486 data_dirs.cc:938] Could only allocate 1 dirs of requested 3 for tablet 00000000000000000000000000000000. 1 dirs total, 0 dirs full, 0 dirs failed
I0609 06:56:55.625933 2486 tablet_bootstrap.cc:439] T 00000000000000000000000000000000 P da9e629263c34a098be6bdb73a3157ff: Bootstrap starting.
I0609 06:56:55.628911 2486 tablet_bootstrap.cc:590] T 00000000000000000000000000000000 P da9e629263c34a098be6bdb73a3157ff: No blocks or log segments found. Creating new log.
I0609 06:56:55.632352 2486 tablet_bootstrap.cc:439] T 00000000000000000000000000000000 P da9e629263c34a098be6bdb73a3157ff: No bootstrap required, opened a new log
I0609 06:56:55.634089 2486 raft_consensus.cc:340] T 00000000000000000000000000000000 P da9e629263c34a098be6bdb73a3157ff [term 0 FOLLOWER]: Replica starting. Triggering 0 pending transactions. Active config: opid_index: -1 OBSOLETE_local: true peers { permanent_uuid: "da9e629263c34a098be6bdb73a3157ff" member_type: VOTER }
I0609 06:56:55.634553 2486 raft_consensus.cc:366] T 00000000000000000000000000000000 P da9e629263c34a098be6bdb73a3157ff [term 0 FOLLOWER]: Consensus starting up: Expiring failure detector timer to make a prompt election more likely
I0609 06:56:55.634784 2486 raft_consensus.cc:705] T 00000000000000000000000000000000 P da9e629263c34a098be6bdb73a3157ff [term 0 FOLLOWER]: Becoming Follower/Learner. State: Replica: da9e629263c34a098be6bdb73a3157ff, State: Initialized, Role: FOLLOWER
I0609 06:56:55.635339 2486 consensus_queue.cc:229] T 00000000000000000000000000000000 P da9e629263c34a098be6bdb73a3157ff [NON_LEADER]: Queue going to NON_LEADER mode. State: All replicated index: 0, Majority replicated index: 0, Committed index: 0, Last appended: 0.0, Last appended by leader: 0, Current term: 0, Majority size: -1, State: 0, Mode: NON_LEADER, active raft config: opid_index: -1 OBSOLETE_local: true peers { permanent_uuid: "da9e629263c34a098be6bdb73a3157ff" member_type: VOTER }
I0609 06:56:55.635864 2486 raft_consensus.cc:380] T 00000000000000000000000000000000 P da9e629263c34a098be6bdb73a3157ff [term 0 FOLLOWER]: Only one voter in the Raft config. Triggering election immediately
I0609 06:56:55.636104 2486 raft_consensus.cc:472] T 00000000000000000000000000000000 P da9e629263c34a098be6bdb73a3157ff [term 0 FOLLOWER]: Starting leader election (initial election of a single-replica configuration)
I0609 06:56:55.636399 2486 raft_consensus.cc:2890] T 00000000000000000000000000000000 P da9e629263c34a098be6bdb73a3157ff [term 0 FOLLOWER]: Advancing to term 1
I0609 06:56:55.641743 2486 raft_consensus.cc:494] T 00000000000000000000000000000000 P da9e629263c34a098be6bdb73a3157ff [term 1 FOLLOWER]: Starting leader election with config: opid_index: -1 OBSOLETE_local: true peers { permanent_uuid: "da9e629263c34a098be6bdb73a3157ff" member_type: VOTER }
I0609 06:56:55.642268 2486 leader_election.cc:310] T 00000000000000000000000000000000 P da9e629263c34a098be6bdb73a3157ff [CANDIDATE]: Term 1 election: Election decided. Result: candidate won. Election summary: received 1 responses out of 1 voters: 1 yes votes; 0 no votes. yes voters: da9e629263c34a098be6bdb73a3157ff; no voters:
I0609 06:56:55.643508 2486 leader_election.cc:296] T 00000000000000000000000000000000 P da9e629263c34a098be6bdb73a3157ff [CANDIDATE]: Term 1 election: Requested vote from peers
I0609 06:56:55.643697 2488 raft_consensus.cc:2644] T 00000000000000000000000000000000 P da9e629263c34a098be6bdb73a3157ff [term 1 FOLLOWER]: Leader election won for term 1
I0609 06:56:55.645584 2488 raft_consensus.cc:667] T 00000000000000000000000000000000 P da9e629263c34a098be6bdb73a3157ff [term 1 LEADER]: Becoming Leader. State: Replica: da9e629263c34a098be6bdb73a3157ff, State: Running, Role: LEADER
I0609 06:56:55.646133 2488 consensus_queue.cc:206] T 00000000000000000000000000000000 P da9e629263c34a098be6bdb73a3157ff [LEADER]: Queue going to LEADER mode. State: All replicated index: 0, Majority replicated index: 0, Committed index: 0, Last appended: 0.0, Last appended by leader: 0, Current term: 1, Majority size: 1, State: 0, Mode: LEADER, active raft config: opid_index: -1 OBSOLETE_local: true peers { permanent_uuid: "da9e629263c34a098be6bdb73a3157ff" member_type: VOTER }
I0609 06:56:55.648115 2486 sys_catalog.cc:338] T 00000000000000000000000000000000 P da9e629263c34a098be6bdb73a3157ff [sys.catalog]: SysCatalogTable state changed. Reason: Started TabletReplica. Latest consensus state: current_term: 1 leader_uuid: "da9e629263c34a098be6bdb73a3157ff" committed_config { opid_index: -1 OBSOLETE_local: true peers { permanent_uuid: "da9e629263c34a098be6bdb73a3157ff" member_type: VOTER } }
I0609 06:56:55.649412 2486 sys_catalog.cc:341] T 00000000000000000000000000000000 P da9e629263c34a098be6bdb73a3157ff [sys.catalog]: This master's current role is: LEADER
I0609 06:56:55.648353 2489 sys_catalog.cc:338] T 00000000000000000000000000000000 P da9e629263c34a098be6bdb73a3157ff [sys.catalog]: SysCatalogTable state changed. Reason: RaftConsensus started. Latest consensus state: current_term: 1 leader_uuid: "da9e629263c34a098be6bdb73a3157ff" committed_config { opid_index: -1 OBSOLETE_local: true peers { permanent_uuid: "da9e629263c34a098be6bdb73a3157ff" member_type: VOTER } }
I0609 06:56:55.648830 2490 sys_catalog.cc:338] T 00000000000000000000000000000000 P da9e629263c34a098be6bdb73a3157ff [sys.catalog]: SysCatalogTable state changed. Reason: New leader da9e629263c34a098be6bdb73a3157ff. Latest consensus state: current_term: 1 leader_uuid: "da9e629263c34a098be6bdb73a3157ff" committed_config { opid_index: -1 OBSOLETE_local: true peers { permanent_uuid: "da9e629263c34a098be6bdb73a3157ff" member_type: VOTER } }
I0609 06:56:55.649930 2489 sys_catalog.cc:341] T 00000000000000000000000000000000 P da9e629263c34a098be6bdb73a3157ff [sys.catalog]: This master's current role is: LEADER
I0609 06:56:55.650899 2490 sys_catalog.cc:341] T 00000000000000000000000000000000 P da9e629263c34a098be6bdb73a3157ff [sys.catalog]: This master's current role is: LEADER
I0609 06:56:55.652220 2486 sys_catalog.cc:426] T 00000000000000000000000000000000 P da9e629263c34a098be6bdb73a3157ff [sys.catalog]: configured and running, proceeding with master startup.
I0609 06:56:55.652431 2493 catalog_manager.cc:1056] Loading table and tablet metadata into memory...
I0609 06:56:55.653720 1119 internal_mini_cluster.cc:166] Waiting to initialize catalog manager on master 0
I0609 06:56:55.655441 2493 catalog_manager.cc:1067] Initializing Kudu internal certificate authority...
I0609 06:56:55.729080 2493 catalog_manager.cc:951] Generated new certificate authority record
I0609 06:56:55.730547 2493 catalog_manager.cc:1076] Loading token signing keys...
I0609 06:56:55.739161 2493 catalog_manager.cc:4293] T 00000000000000000000000000000000 P da9e629263c34a098be6bdb73a3157ff: Generated new TSK 0
I0609 06:56:55.806963 1119 system_ntp.cc:193] NTP initialized. Skew: 500ppm Current error: 94516us
I0609 06:56:55.807466 1119 fs_manager.cc:263] Metadata directory not provided
I0609 06:56:55.807684 1119 fs_manager.cc:269] Using write-ahead log directory (fs_wal_dir) as metadata directory
I0609 06:56:55.807957 1119 server_base.cc:440] Could not load existing FS layout: Not found: could not find a healthy instance file
I0609 06:56:55.808123 1119 server_base.cc:441] Attempting to create new FS layout instead
I0609 06:56:55.809389 1119 fs_manager.cc:602] Generated new instance metadata in path /tmp/dist-test-taskY5QUuL/test-tmp/client-test.3.ClientTest.TestBasicAlterOperations.1560063404629499-1119/minicluster-data/ts-0-root/instance: uuid: "5c32c752daa24dd482c8455f2e4a158c" format_stamp: "Formatted at 2019-06-09 06:56:55 on dist-test-slave-dist-test-slave-9h7f"
I0609 06:56:55.826573 1119 fs_manager.cc:503] Time spent creating directory manager: real 0.017s user 0.012s sys 0.005s
I0609 06:56:55.828042 1119 file_cache.cc:465] Constructed file cache lbm with capacity 419430
I0609 06:56:55.838193 1119 fs_manager.cc:419] Time spent opening block manager: real 0.004s user 0.000s sys 0.004s
I0609 06:56:55.838378 1119 fs_manager.cc:436] Opened local filesystem: /tmp/dist-test-taskY5QUuL/test-tmp/client-test.3.ClientTest.TestBasicAlterOperations.1560063404629499-1119/minicluster-data/ts-0-root uuid: "5c32c752daa24dd482c8455f2e4a158c" format_stamp: "Formatted at 2019-06-09 06:56:55 on dist-test-slave-dist-test-slave-9h7f"
I0609 06:56:55.838613 1119 fs_report.cc:352] FS layout report -------------------- wal directory: /tmp/dist-test-taskY5QUuL/test-tmp/client-test.3.ClientTest.TestBasicAlterOperations.1560063404629499-1119/minicluster-data/ts-0-root metadata directory: /tmp/dist-test-taskY5QUuL/test-tmp/client-test.3.ClientTest.TestBasicAlterOperations.1560063404629499-1119/minicluster-data/ts-0-root 1 data directories: /tmp/dist-test-taskY5QUuL/test-tmp/client-test.3.ClientTest.TestBasicAlterOperations.1560063404629499-1119/minicluster-data/ts-0-root/data Total live blocks: 0 Total live bytes: 0 Total live bytes (after alignment): 0 Total number of LBM containers: 0 (0 full) Did not check for missing blocks Did not check for orphaned blocks Total full LBM containers with extra space: 0 (0 repaired) Total full LBM container extra space in bytes: 0 (0 repaired) Total incomplete LBM containers: 0 (0 repaired) Total LBM partial records: 0 (0 repaired)
I0609 06:56:55.894070 1119 ts_tablet_manager.cc:356] Loaded tablet metadata (0 total tablets, 0 live tablets)
I0609 06:56:55.894265 1119 ts_tablet_manager.cc:376] Registered 0 tablets
I0609 06:56:56.008052 1119 rpc_server.cc:205] RPC server started. Bound to: 127.1.23.193:45725
I0609 06:56:56.009774 1119 webserver.cc:374] Webserver started at http://127.1.23.193:35633/ using document root and password file
I0609 06:56:56.023453 2560 heartbeater.cc:324] Connected to a master server at 127.1.23.254:35257
I0609 06:56:56.023806 2560 heartbeater.cc:405] Registering TS with master...
I0609 06:56:56.024282 2560 heartbeater.cc:454] Master 127.1.23.254:35257 requested a full tablet report, sending...
I0609 06:56:56.025841 2453 ts_manager.cc:161] Registered new tserver with Master: 5c32c752daa24dd482c8455f2e4a158c (127.1.23.193:45725)
I0609 06:56:56.026337 1119 internal_mini_cluster.cc:328] 1 TS(s) registered with all masters after 0.015201828s
I0609 06:56:56.028261 2453 master_service.cc:274] Signed X509 certificate for tserver {username='slave'} at 127.0.0.1:42998
I0609 06:56:56.042152 2560 heartbeater.cc:446] Master 127.1.23.254:35257 was elected leader, sending a full tablet report...
I0609 06:56:56.047336 2453 catalog_manager.cc:1410] Servicing CreateTable request from {username='slave'} at 127.0.0.1:43000: name: "client-testtb" schema { columns { name: "key" type: INT32 is_key: true is_nullable: false encoding: AUTO_ENCODING compression: DEFAULT_COMPRESSION cfile_block_size: 0 } columns { name: "int_val" type: INT32 is_key: false is_nullable: false encoding: AUTO_ENCODING compression: DEFAULT_COMPRESSION cfile_block_size: 0 } columns { name: "string_val" type: STRING is_key: false is_nullable: true encoding: AUTO_ENCODING compression: DEFAULT_COMPRESSION cfile_block_size: 0 } columns { name: "non_null_with_default" type: INT32 is_key: false is_nullable: false read_default_value: "90\000\000" encoding: AUTO_ENCODING compression: DEFAULT_COMPRESSION cfile_block_size: 0 } } num_replicas: 1 split_rows_range_bounds { rows: "\004\001\000\t\000\000\000" } partition_schema { range_schema { columns { name: "key" } } }
I0609 06:56:56.075145 2527 tablet_service.cc:1016] Processing CreateTablet for tablet f4cb1f8a0e404a918d16e7179fd08a04 (table=client-testtb [id=0681d8e9404c400599d8020786aad7fb]), partition=RANGE (key) PARTITION VALUES < 9
I0609 06:56:56.075469 2526 tablet_service.cc:1016] Processing CreateTablet for tablet c79f64bd0cc346f586d0baee5ff19d6c (table=client-testtb [id=0681d8e9404c400599d8020786aad7fb]), partition=RANGE (key) PARTITION VALUES >= 9
I0609 06:56:56.076032 2527 data_dirs.cc:938] Could only allocate 1 dirs of requested 3 for tablet f4cb1f8a0e404a918d16e7179fd08a04. 1 dirs total, 0 dirs full, 0 dirs failed
I0609 06:56:56.076524 2526 data_dirs.cc:938] Could only allocate 1 dirs of requested 3 for tablet c79f64bd0cc346f586d0baee5ff19d6c. 1 dirs total, 0 dirs full, 0 dirs failed
I0609 06:56:56.086443 2572 tablet_bootstrap.cc:439] T f4cb1f8a0e404a918d16e7179fd08a04 P 5c32c752daa24dd482c8455f2e4a158c: Bootstrap starting.
I0609 06:56:56.089865 2572 tablet_bootstrap.cc:590] T f4cb1f8a0e404a918d16e7179fd08a04 P 5c32c752daa24dd482c8455f2e4a158c: No blocks or log segments found. Creating new log.
I0609 06:56:56.092811 2572 tablet_bootstrap.cc:439] T f4cb1f8a0e404a918d16e7179fd08a04 P 5c32c752daa24dd482c8455f2e4a158c: No bootstrap required, opened a new log
I0609 06:56:56.093255 2572 ts_tablet_manager.cc:1054] T f4cb1f8a0e404a918d16e7179fd08a04 P 5c32c752daa24dd482c8455f2e4a158c: Time spent bootstrapping tablet: real 0.007s user 0.005s sys 0.000s
I0609 06:56:56.095180 2572 raft_consensus.cc:340] T f4cb1f8a0e404a918d16e7179fd08a04 P 5c32c752daa24dd482c8455f2e4a158c [term 0 FOLLOWER]: Replica starting. Triggering 0 pending transactions. Active config: opid_index: -1 OBSOLETE_local: true peers { permanent_uuid: "5c32c752daa24dd482c8455f2e4a158c" member_type: VOTER last_known_addr { host: "127.1.23.193" port: 45725 } }
I0609 06:56:56.095721 2572 raft_consensus.cc:366] T f4cb1f8a0e404a918d16e7179fd08a04 P 5c32c752daa24dd482c8455f2e4a158c [term 0 FOLLOWER]: Consensus starting up: Expiring failure detector timer to make a prompt election more likely
I0609 06:56:56.095980 2572 raft_consensus.cc:705] T f4cb1f8a0e404a918d16e7179fd08a04 P 5c32c752daa24dd482c8455f2e4a158c [term 0 FOLLOWER]: Becoming Follower/Learner. State: Replica: 5c32c752daa24dd482c8455f2e4a158c, State: Initialized, Role: FOLLOWER
I0609 06:56:56.096491 2572 consensus_queue.cc:229] T f4cb1f8a0e404a918d16e7179fd08a04 P 5c32c752daa24dd482c8455f2e4a158c [NON_LEADER]: Queue going to NON_LEADER mode. State: All replicated index: 0, Majority replicated index: 0, Committed index: 0, Last appended: 0.0, Last appended by leader: 0, Current term: 0, Majority size: -1, State: 0, Mode: NON_LEADER, active raft config: opid_index: -1 OBSOLETE_local: true peers { permanent_uuid: "5c32c752daa24dd482c8455f2e4a158c" member_type: VOTER last_known_addr { host: "127.1.23.193" port: 45725 } }
I0609 06:56:56.097090 2572 raft_consensus.cc:380] T f4cb1f8a0e404a918d16e7179fd08a04 P 5c32c752daa24dd482c8455f2e4a158c [term 0 FOLLOWER]: Only one voter in the Raft config. Triggering election immediately
I0609 06:56:56.097378 2572 raft_consensus.cc:472] T f4cb1f8a0e404a918d16e7179fd08a04 P 5c32c752daa24dd482c8455f2e4a158c [term 0 FOLLOWER]: Starting leader election (initial election of a single-replica configuration)
I0609 06:56:56.097687 2572 raft_consensus.cc:2890] T f4cb1f8a0e404a918d16e7179fd08a04 P 5c32c752daa24dd482c8455f2e4a158c [term 0 FOLLOWER]: Advancing to term 1
I0609 06:56:56.102627 2572 raft_consensus.cc:494] T f4cb1f8a0e404a918d16e7179fd08a04 P 5c32c752daa24dd482c8455f2e4a158c [term 1 FOLLOWER]: Starting leader election with config: opid_index: -1 OBSOLETE_local: true peers { permanent_uuid: "5c32c752daa24dd482c8455f2e4a158c" member_type: VOTER last_known_addr { host: "127.1.23.193" port: 45725 } }
I0609 06:56:56.103235 2572 leader_election.cc:310] T f4cb1f8a0e404a918d16e7179fd08a04 P 5c32c752daa24dd482c8455f2e4a158c [CANDIDATE]: Term 1 election: Election decided. Result: candidate won. Election summary: received 1 responses out of 1 voters: 1 yes votes; 0 no votes. yes voters: 5c32c752daa24dd482c8455f2e4a158c; no voters:
I0609 06:56:56.104579 2572 leader_election.cc:296] T f4cb1f8a0e404a918d16e7179fd08a04 P 5c32c752daa24dd482c8455f2e4a158c [CANDIDATE]: Term 1 election: Requested vote from peers
I0609 06:56:56.104876 2574 raft_consensus.cc:2644] T f4cb1f8a0e404a918d16e7179fd08a04 P 5c32c752daa24dd482c8455f2e4a158c [term 1 FOLLOWER]: Leader election won for term 1
I0609 06:56:56.107226 2572 ts_tablet_manager.cc:1082] T f4cb1f8a0e404a918d16e7179fd08a04 P 5c32c752daa24dd482c8455f2e4a158c: Time spent starting tablet: real 0.014s user 0.011s sys 0.002s
I0609 06:56:56.107807 2572 tablet_bootstrap.cc:439] T c79f64bd0cc346f586d0baee5ff19d6c P 5c32c752daa24dd482c8455f2e4a158c: Bootstrap starting.
I0609 06:56:56.110421 2572 tablet_bootstrap.cc:590] T c79f64bd0cc346f586d0baee5ff19d6c P 5c32c752daa24dd482c8455f2e4a158c: No blocks or log segments found. Creating new log.
I0609 06:56:56.112905 2574 raft_consensus.cc:667] T f4cb1f8a0e404a918d16e7179fd08a04 P 5c32c752daa24dd482c8455f2e4a158c [term 1 LEADER]: Becoming Leader. State: Replica: 5c32c752daa24dd482c8455f2e4a158c, State: Running, Role: LEADER
I0609 06:56:56.113648 2574 consensus_queue.cc:206] T f4cb1f8a0e404a918d16e7179fd08a04 P 5c32c752daa24dd482c8455f2e4a158c [LEADER]: Queue going to LEADER mode. State: All replicated index: 0, Majority replicated index: 0, Committed index: 0, Last appended: 0.0, Last appended by leader: 0, Current term: 1, Majority size: 1, State: 0, Mode: LEADER, active raft config: opid_index: -1 OBSOLETE_local: true peers { permanent_uuid: "5c32c752daa24dd482c8455f2e4a158c" member_type: VOTER last_known_addr { host: "127.1.23.193" port: 45725 } }
I0609 06:56:56.114984 2572 tablet_bootstrap.cc:439] T c79f64bd0cc346f586d0baee5ff19d6c P 5c32c752daa24dd482c8455f2e4a158c: No bootstrap required, opened a new log
I0609 06:56:56.115377 2572 ts_tablet_manager.cc:1054] T c79f64bd0cc346f586d0baee5ff19d6c P 5c32c752daa24dd482c8455f2e4a158c: Time spent bootstrapping tablet: real 0.008s user 0.000s sys 0.006s
I0609 06:56:56.118688 2572 raft_consensus.cc:340] T c79f64bd0cc346f586d0baee5ff19d6c P 5c32c752daa24dd482c8455f2e4a158c [term 0 FOLLOWER]: Replica starting. Triggering 0 pending transactions. Active config: opid_index: -1 OBSOLETE_local: true peers { permanent_uuid: "5c32c752daa24dd482c8455f2e4a158c" member_type: VOTER last_known_addr { host: "127.1.23.193" port: 45725 } }
I0609 06:56:56.119266 2572 raft_consensus.cc:366] T c79f64bd0cc346f586d0baee5ff19d6c P 5c32c752daa24dd482c8455f2e4a158c [term 0 FOLLOWER]: Consensus starting up: Expiring failure detector timer to make a prompt election more likely
I0609 06:56:56.119554 2572 raft_consensus.cc:705] T c79f64bd0cc346f586d0baee5ff19d6c P 5c32c752daa24dd482c8455f2e4a158c [term 0 FOLLOWER]: Becoming Follower/Learner. State: Replica: 5c32c752daa24dd482c8455f2e4a158c, State: Initialized, Role: FOLLOWER
I0609 06:56:56.120077 2453 catalog_manager.cc:3989] T f4cb1f8a0e404a918d16e7179fd08a04 P 5c32c752daa24dd482c8455f2e4a158c reported cstate change: term changed from 0 to 1, leader changed from to 5c32c752daa24dd482c8455f2e4a158c (127.1.23.193). New cstate: current_term: 1 leader_uuid: "5c32c752daa24dd482c8455f2e4a158c" committed_config { opid_index: -1 OBSOLETE_local: true peers { permanent_uuid: "5c32c752daa24dd482c8455f2e4a158c" member_type: VOTER last_known_addr { host: "127.1.23.193" port: 45725 } health_report { overall_health: HEALTHY } } }
I0609 06:56:56.120291 2572 consensus_queue.cc:229] T c79f64bd0cc346f586d0baee5ff19d6c P 5c32c752daa24dd482c8455f2e4a158c [NON_LEADER]: Queue going to NON_LEADER mode. State: All replicated index: 0, Majority replicated index: 0, Committed index: 0, Last appended: 0.0, Last appended by leader: 0, Current term: 0, Majority size: -1, State: 0, Mode: NON_LEADER, active raft config: opid_index: -1 OBSOLETE_local: true peers { permanent_uuid: "5c32c752daa24dd482c8455f2e4a158c" member_type: VOTER last_known_addr { host: "127.1.23.193" port: 45725 } }
I0609 06:56:56.121459 2572 raft_consensus.cc:380] T c79f64bd0cc346f586d0baee5ff19d6c P 5c32c752daa24dd482c8455f2e4a158c [term 0 FOLLOWER]: Only one voter in the Raft config. Triggering election immediately
I0609 06:56:56.122272 2572 raft_consensus.cc:472] T c79f64bd0cc346f586d0baee5ff19d6c P 5c32c752daa24dd482c8455f2e4a158c [term 0 FOLLOWER]: Starting leader election (initial election of a single-replica configuration)
I0609 06:56:56.122628 2572 raft_consensus.cc:2890] T c79f64bd0cc346f586d0baee5ff19d6c P 5c32c752daa24dd482c8455f2e4a158c [term 0 FOLLOWER]: Advancing to term 1
I0609 06:56:56.127966 2572 raft_consensus.cc:494] T c79f64bd0cc346f586d0baee5ff19d6c P 5c32c752daa24dd482c8455f2e4a158c [term 1 FOLLOWER]: Starting leader election with config: opid_index: -1 OBSOLETE_local: true peers { permanent_uuid: "5c32c752daa24dd482c8455f2e4a158c" member_type: VOTER last_known_addr { host: "127.1.23.193" port: 45725 } }
I0609 06:56:56.128607 2572 leader_election.cc:310] T c79f64bd0cc346f586d0baee5ff19d6c P 5c32c752daa24dd482c8455f2e4a158c [CANDIDATE]: Term 1 election: Election decided. Result: candidate won. Election summary: received 1 responses out of 1 voters: 1 yes votes; 0 no votes. yes voters: 5c32c752daa24dd482c8455f2e4a158c; no voters:
I0609 06:56:56.129369 2572 leader_election.cc:296] T c79f64bd0cc346f586d0baee5ff19d6c P 5c32c752daa24dd482c8455f2e4a158c [CANDIDATE]: Term 1 election: Requested vote from peers
I0609 06:56:56.129531 2574 raft_consensus.cc:2644] T c79f64bd0cc346f586d0baee5ff19d6c P 5c32c752daa24dd482c8455f2e4a158c [term 1 FOLLOWER]: Leader election won for term 1
I0609 06:56:56.130219 2574 raft_consensus.cc:667] T c79f64bd0cc346f586d0baee5ff19d6c P 5c32c752daa24dd482c8455f2e4a158c [term 1 LEADER]: Becoming Leader. State: Replica: 5c32c752daa24dd482c8455f2e4a158c, State: Running, Role: LEADER
I0609 06:56:56.130609 2572 ts_tablet_manager.cc:1082] T c79f64bd0cc346f586d0baee5ff19d6c P 5c32c752daa24dd482c8455f2e4a158c: Time spent starting tablet: real 0.015s user 0.010s sys 0.002s
I0609 06:56:56.130774 2574 consensus_queue.cc:206] T c79f64bd0cc346f586d0baee5ff19d6c P 5c32c752daa24dd482c8455f2e4a158c [LEADER]: Queue going to LEADER mode. State: All replicated index: 0, Majority replicated index: 0, Committed index: 0, Last appended: 0.0, Last appended by leader: 0, Current term: 1, Majority size: 1, State: 0, Mode: LEADER, active raft config: opid_index: -1 OBSOLETE_local: true peers { permanent_uuid: "5c32c752daa24dd482c8455f2e4a158c" member_type: VOTER last_known_addr { host: "127.1.23.193" port: 45725 } }
I0609 06:56:56.135010 2453 catalog_manager.cc:3989] T c79f64bd0cc346f586d0baee5ff19d6c P 5c32c752daa24dd482c8455f2e4a158c reported cstate change: term changed from 0 to 1, leader changed from to 5c32c752daa24dd482c8455f2e4a158c (127.1.23.193). New cstate: current_term: 1 leader_uuid: "5c32c752daa24dd482c8455f2e4a158c" committed_config { opid_index: -1 OBSOLETE_local: true peers { permanent_uuid: "5c32c752daa24dd482c8455f2e4a158c" member_type: VOTER last_known_addr { host: "127.1.23.193" port: 45725 } health_report { overall_health: HEALTHY } } }
I0609 06:56:56.145561 2453 catalog_manager.cc:2315] Servicing AlterTable request from {username='slave'} at 127.0.0.1:43000: table { table_name: "client-testtb" } alter_schema_steps { type: RENAME_COLUMN rename_column { old_name: "int_val" new_name: "" } } modify_external_catalogs: true
I0609 06:56:56.149161 2453 catalog_manager.cc:2315] Servicing AlterTable request from {username='slave'} at 127.0.0.1:43000: table { table_name: "client-testtb" } alter_schema_steps { type: RENAME_COLUMN rename_column { old_name: "int_val" new_name: "xxxxxxxxxxxxxxxxxxxxxxxxxxxxxxxxxxxxxxxxxxxxxxxxxxxxxxxxxxxxxxxxxxxxxxxxxxxxxxxxxxxxxxxxxxxxxxxxxxxxxxxxxxxxxxxxxxxxxxxxxxxxxxxxxxxxxxxxxxxxxxxxxxxxxxxxxxxxxxxxxxxxxxxxxxxxxxxxxxxxxxxxxxxxxxxxxxxxxxxxxxxxxxxxxxxxxxxxxxxxxxxxxxxxxxxxxxxxxxxxxxxxxxxxxxxxxxxxxxxxxxxxxxxxxxxxxxxxxxxxxxxxxxxxxxxxxxxxxxxxxxxxxxxxxxxxxxxxxxxxxxxxxxxxxxxxxxxxxxxxxxxxxxxxxxxxxxxxxxxxxxxxxxxxxxxxxxxxxxxxxxxxxxxxxxxxxxxxxxxxxxxxxxxxxxxxxxxxxxxxxxxxxxxxxxxxxxxxxxxxxxxxxxxxxxxxxxxxxxxxxxxxxxxxxxxxxxxxxxxxxxxxxxxxxxxxxxxxxxxxxxxxxxxxxxxxxxxxxxxxxxxxxxxxxxxxxxxxxxxxxxxxxxxxxxxxxxxxxxxxxxxxxxxxxxxxxxxxxxxxxxxxxxxxxxxxxxxxxxxxxxxxxxxxxxxxxxxxxxxxxxxxxxxxxxxxxxxxxxxxxxxxxxxxxxxxxxxxxxxxxxxxxxxxxxxxxxxxxxxxxxxxxxxxxxxxxxxxxxxxxxxxxxxxxxxxxxxxxxxxxxxxxxxxxxxxxxxxxxxxxxxxxxxxxxxxxxxxxxxxxxxxxxxxxxxxxxxxxxxxxxxxxxxxxxxxxxxxxxxxxxxxxxxxxxxxxxxxxxxxxxxxxxxxxxxxxxxxxxxxxxxxxxxxxxxxxxxxxxxxxxxxxxxxxxxxxxxxxxxxxxxxxxxxxxxxxxxxxxxxxxxxxxxxxxxxxxxxxxxxxxxxxxxxxxxxxxxxxxxxxxxxxxxxxxxxxxxxxxxxxxxxxxxxxxxxxxxxxxxxxxxxxxxxxxxxxxxxxxxx" } } modify_external_catalogs: true
I0609 06:56:56.153658 2453 catalog_manager.cc:2315] Servicing AlterTable request from {username='slave'} at 127.0.0.1:43000: table { table_name: "client-testtb" } new_table_name: "" modify_external_catalogs: true
I0609 06:56:56.156695 2453 catalog_manager.cc:2315] Servicing AlterTable request from {username='slave'} at 127.0.0.1:43000: table { table_name: "client-testtb" } new_table_name: "xxxxxxxxxxxxxxxxxxxxxxxxxxxxxxxxxxxxxxxxxxxxxxxxxxxxxxxxxxxxxxxxxxxxxxxxxxxxxxxxxxxxxxxxxxxxxxxxxxxxxxxxxxxxxxxxxxxxxxxxxxxxxxxxxxxxxxxxxxxxxxxxxxxxxxxxxxxxxxxxxxxxxxxxxxxxxxxxxxxxxxxxxxxxxxxxxxxxxxxxxxxxxxxxxxxxxxxxxxxxxxxxxxxxxxxxxxxxxxxxxxxxxxxxxxxxxxxxxxxxxxxxxxxxxxxxxxxxxxxxxxxxxxxxxxxxxxxxxxxxxxxxxxxxxxxxxxxxxxxxxxxxxxxxxxxxxxxxxxxxxxxxxxxxxxxxxxxxxxxxxxxxxxxxxxxxxxxxxxxxxxxxxxxxxxxxxxxxxxxxxxxxxxxxxxxxxxxxxxxxxxxxxxxxxxxxxxxxxxxxxxxxxxxxxxxxxxxxxxxxxxxxxxxxxxxxxxxxxxxxxxxxxxxxxxxxxxxxxxxxxxxxxxxxxxxxxxxxxxxxxxxxxxxxxxxxxxxxxxxxxxxxxxxxxxxxxxxxxxxxxxxxxxxxxxxxxxxxxxxxxxxxxxxxxxxxxxxxxxxxxxxxxxxxxxxxxxxxxxxxxxxxxxxxxxxxxxxxxxxxxxxxxxxxxxxxxxxxxxxxxxxxxxxxxxxxxxxxxxxxxxxxxxxxxxxxxxxxxxxxxxxxxxxxxxxxxxxxxxxxxxxxxxxxxxxxxxxxxxxxxxxxxxxxxxxxxxxxxxxxxxxxxxxxxxxxxxxxxxxxxxxxxxxxxxxxxxxxxxxxxxxxxxxxxxxxxxxxxxxxxxxxxxxxxxxxxxxxxxxxxxxxxxxxxxxxxxxxxxxxxxxxxxxxxxxxxxxxxxxxxxxxxxxxxxxxxxxxxxxxxxxxxxxxxxxxxxxxxxxxxxxxxxxxxxxxxxxxxxxxxxxxxxxxxxxxxxxxxxxxxxxxxxxxxxxxxxxxxxxxxxxxxxxxxxxxxxxxxxxx" modify_external_catalogs: true
