I0609 06:57:01.215744 3516 catalog_manager.cc:3989] T e00972ff4d784272b146ab2694ee9019 P 2a1f0c0920a04df79adefd68e0f1d2b8 reported cstate change: term changed from 0 to 1, leader changed from to 2a1f0c0920a04df79adefd68e0f1d2b8 (127.1.23.193). New cstate: current_term: 1 leader_uuid: "2a1f0c0920a04df79adefd68e0f1d2b8" committed_config { opid_index: -1 OBSOLETE_local: true peers { permanent_uuid: "2a1f0c0920a04df79adefd68e0f1d2b8" member_type: VOTER last_known_addr { host: "127.1.23.193" port: 45235 } health_report { overall_health: HEALTHY } } }
I0609 06:57:01.219331 3637 tablet_bootstrap.cc:439] T 703faee379e140249eac87642c0cc3b9 P 2a1f0c0920a04df79adefd68e0f1d2b8: No bootstrap required, opened a new log
I0609 06:57:01.219614 3637 ts_tablet_manager.cc:1054] T 703faee379e140249eac87642c0cc3b9 P 2a1f0c0920a04df79adefd68e0f1d2b8: Time spent bootstrapping tablet: real 0.009s user 0.006s sys 0.001s
I0609 06:57:01.220799 3637 raft_consensus.cc:340] T 703faee379e140249eac87642c0cc3b9 P 2a1f0c0920a04df79adefd68e0f1d2b8 [term 0 FOLLOWER]: Replica starting. Triggering 0 pending transactions. Active config: opid_index: -1 OBSOLETE_local: true peers { permanent_uuid: "2a1f0c0920a04df79adefd68e0f1d2b8" member_type: VOTER last_known_addr { host: "127.1.23.193" port: 45235 } }
I0609 06:57:01.221127 3637 raft_consensus.cc:366] T 703faee379e140249eac87642c0cc3b9 P 2a1f0c0920a04df79adefd68e0f1d2b8 [term 0 FOLLOWER]: Consensus starting up: Expiring failure detector timer to make a prompt election more likely
I0609 06:57:01.221334 3637 raft_consensus.cc:705] T 703faee379e140249eac87642c0cc3b9 P 2a1f0c0920a04df79adefd68e0f1d2b8 [term 0 FOLLOWER]: Becoming Follower/Learner. State: Replica: 2a1f0c0920a04df79adefd68e0f1d2b8, State: Initialized, Role: FOLLOWER
I0609 06:57:01.221771 3637 consensus_queue.cc:229] T 703faee379e140249eac87642c0cc3b9 P 2a1f0c0920a04df79adefd68e0f1d2b8 [NON_LEADER]: Queue going to NON_LEADER mode. State: All replicated index: 0, Majority replicated index: 0, Committed index: 0, Last appended: 0.0, Last appended by leader: 0, Current term: 0, Majority size: -1, State: 0, Mode: NON_LEADER, active raft config: opid_index: -1 OBSOLETE_local: true peers { permanent_uuid: "2a1f0c0920a04df79adefd68e0f1d2b8" member_type: VOTER last_known_addr { host: "127.1.23.193" port: 45235 } }
I0609 06:57:01.222296 3637 raft_consensus.cc:380] T 703faee379e140249eac87642c0cc3b9 P 2a1f0c0920a04df79adefd68e0f1d2b8 [term 0 FOLLOWER]: Only one voter in the Raft config. Triggering election immediately
I0609 06:57:01.222534 3637 raft_consensus.cc:472] T 703faee379e140249eac87642c0cc3b9 P 2a1f0c0920a04df79adefd68e0f1d2b8 [term 0 FOLLOWER]: Starting leader election (initial election of a single-replica configuration)
I0609 06:57:01.222746 3637 raft_consensus.cc:2890] T 703faee379e140249eac87642c0cc3b9 P 2a1f0c0920a04df79adefd68e0f1d2b8 [term 0 FOLLOWER]: Advancing to term 1
I0609 06:57:01.226577 3637 raft_consensus.cc:494] T 703faee379e140249eac87642c0cc3b9 P 2a1f0c0920a04df79adefd68e0f1d2b8 [term 1 FOLLOWER]: Starting leader election with config: opid_index: -1 OBSOLETE_local: true peers { permanent_uuid: "2a1f0c0920a04df79adefd68e0f1d2b8" member_type: VOTER last_known_addr { host: "127.1.23.193" port: 45235 } }
I0609 06:57:01.227085 3637 leader_election.cc:310] T 703faee379e140249eac87642c0cc3b9 P 2a1f0c0920a04df79adefd68e0f1d2b8 [CANDIDATE]: Term 1 election: Election decided. Result: candidate won. Election summary: received 1 responses out of 1 voters: 1 yes votes; 0 no votes. yes voters: 2a1f0c0920a04df79adefd68e0f1d2b8; no voters:
I0609 06:57:01.227543 3637 leader_election.cc:296] T 703faee379e140249eac87642c0cc3b9 P 2a1f0c0920a04df79adefd68e0f1d2b8 [CANDIDATE]: Term 1 election: Requested vote from peers
I0609 06:57:01.227706 3639 raft_consensus.cc:2644] T 703faee379e140249eac87642c0cc3b9 P 2a1f0c0920a04df79adefd68e0f1d2b8 [term 1 FOLLOWER]: Leader election won for term 1
I0609 06:57:01.228250 3639 raft_consensus.cc:667] T 703faee379e140249eac87642c0cc3b9 P 2a1f0c0920a04df79adefd68e0f1d2b8 [term 1 LEADER]: Becoming Leader. State: Replica: 2a1f0c0920a04df79adefd68e0f1d2b8, State: Running, Role: LEADER
I0609 06:57:01.228546 3637 ts_tablet_manager.cc:1082] T 703faee379e140249eac87642c0cc3b9 P 2a1f0c0920a04df79adefd68e0f1d2b8: Time spent starting tablet: real 0.009s user 0.009s sys 0.000s
I0609 06:57:01.228698 3639 consensus_queue.cc:206] T 703faee379e140249eac87642c0cc3b9 P 2a1f0c0920a04df79adefd68e0f1d2b8 [LEADER]: Queue going to LEADER mode. State: All replicated index: 0, Majority replicated index: 0, Committed index: 0, Last appended: 0.0, Last appended by leader: 0, Current term: 1, Majority size: 1, State: 0, Mode: LEADER, active raft config: opid_index: -1 OBSOLETE_local: true peers { permanent_uuid: "2a1f0c0920a04df79adefd68e0f1d2b8" member_type: VOTER last_known_addr { host: "127.1.23.193" port: 45235 } }
I0609 06:57:01.232211 3516 catalog_manager.cc:3989] T 703faee379e140249eac87642c0cc3b9 P 2a1f0c0920a04df79adefd68e0f1d2b8 reported cstate change: term changed from 0 to 1, leader changed from to 2a1f0c0920a04df79adefd68e0f1d2b8 (127.1.23.193). New cstate: current_term: 1 leader_uuid: "2a1f0c0920a04df79adefd68e0f1d2b8" committed_config { opid_index: -1 OBSOLETE_local: true peers { permanent_uuid: "2a1f0c0920a04df79adefd68e0f1d2b8" member_type: VOTER last_known_addr { host: "127.1.23.193" port: 45235 } health_report { overall_health: HEALTHY } } }
I0609 06:57:01.246099 3516 catalog_manager.cc:1410] Servicing CreateTable request from {username='slave'} at 127.0.0.1:37002: name: "TestScanMultiTablet" schema { columns { name: "key" type: INT32 is_key: true is_nullable: false encoding: AUTO_ENCODING compression: DEFAULT_COMPRESSION cfile_block_size: 0 } columns { name: "int_val" type: INT32 is_key: false is_nullable: false encoding: AUTO_ENCODING compression: DEFAULT_COMPRESSION cfile_block_size: 0 } columns { name: "string_val" type: STRING is_key: false is_nullable: true encoding: AUTO_ENCODING compression: DEFAULT_COMPRESSION cfile_block_size: 0 } columns { name: "non_null_with_default" type: INT32 is_key: false is_nullable: false read_default_value: "90\000\000" encoding: AUTO_ENCODING compression: DEFAULT_COMPRESSION cfile_block_size: 0 } } num_replicas: 1 split_rows_range_bounds { rows: "\004\001\000\n\000\000\000\004\001\000\024\000\000\000\004\001\000\036\000\000\000\004\001\000(\000\000\000" } partition_schema { range_schema { columns { name: "key" } } }
I0609 06:57:01.262207 3592 tablet_service.cc:1016] Processing CreateTablet for tablet e27814c97ad142728984045431b44bb8 (table=TestScanMultiTablet [id=af1e878a408a468bbcb6410d0236d58f]), partition=RANGE (key) PARTITION VALUES < 10
I0609 06:57:01.262615 3591 tablet_service.cc:1016] Processing CreateTablet for tablet c51a1b626caf42ec94229bef431c08ff (table=TestScanMultiTablet [id=af1e878a408a468bbcb6410d0236d58f]), partition=RANGE (key) PARTITION 10 <= VALUES < 20
I0609 06:57:01.263061 3592 data_dirs.cc:938] Could only allocate 1 dirs of requested 3 for tablet e27814c97ad142728984045431b44bb8. 1 dirs total, 0 dirs full, 0 dirs failed
I0609 06:57:01.263440 3591 data_dirs.cc:938] Could only allocate 1 dirs of requested 3 for tablet c51a1b626caf42ec94229bef431c08ff. 1 dirs total, 0 dirs full, 0 dirs failed
I0609 06:57:01.263216 3590 tablet_service.cc:1016] Processing CreateTablet for tablet 1bf7a6e9ef474eb89d19bc3be65bec26 (table=TestScanMultiTablet [id=af1e878a408a468bbcb6410d0236d58f]), partition=RANGE (key) PARTITION 20 <= VALUES < 30
I0609 06:57:01.264175 3590 data_dirs.cc:938] Could only allocate 1 dirs of requested 3 for tablet 1bf7a6e9ef474eb89d19bc3be65bec26. 1 dirs total, 0 dirs full, 0 dirs failed
I0609 06:57:01.266088 3589 tablet_service.cc:1016] Processing CreateTablet for tablet 84f53102d5fb45449c8e0e6d4bdac917 (table=TestScanMultiTablet [id=af1e878a408a468bbcb6410d0236d58f]), partition=RANGE (key) PARTITION 30 <= VALUES < 40
I0609 06:57:01.266996 3589 data_dirs.cc:938] Could only allocate 1 dirs of requested 3 for tablet 84f53102d5fb45449c8e0e6d4bdac917. 1 dirs total, 0 dirs full, 0 dirs failed
I0609 06:57:01.274168 3588 tablet_service.cc:1016] Processing CreateTablet for tablet 0fff0a7c5ecd45d58452c6e42b7395e9 (table=TestScanMultiTablet [id=af1e878a408a468bbcb6410d0236d58f]), partition=RANGE (key) PARTITION VALUES >= 40
I0609 06:57:01.275069 3588 data_dirs.cc:938] Could only allocate 1 dirs of requested 3 for tablet 0fff0a7c5ecd45d58452c6e42b7395e9. 1 dirs total, 0 dirs full, 0 dirs failed
I0609 06:57:01.275272 3637 tablet_bootstrap.cc:439] T c51a1b626caf42ec94229bef431c08ff P 2a1f0c0920a04df79adefd68e0f1d2b8: Bootstrap starting.
I0609 06:57:01.278300 3637 tablet_bootstrap.cc:590] T c51a1b626caf42ec94229bef431c08ff P 2a1f0c0920a04df79adefd68e0f1d2b8: No blocks or log segments found. Creating new log.
I0609 06:57:01.285365 3637 tablet_bootstrap.cc:439] T c51a1b626caf42ec94229bef431c08ff P 2a1f0c0920a04df79adefd68e0f1d2b8: No bootstrap required, opened a new log
I0609 06:57:01.285763 3637 ts_tablet_manager.cc:1054] T c51a1b626caf42ec94229bef431c08ff P 2a1f0c0920a04df79adefd68e0f1d2b8: Time spent bootstrapping tablet: real 0.011s user 0.006s sys 0.000s
I0609 06:57:01.287586 3637 raft_consensus.cc:340] T c51a1b626caf42ec94229bef431c08ff P 2a1f0c0920a04df79adefd68e0f1d2b8 [term 0 FOLLOWER]: Replica starting. Triggering 0 pending transactions. Active config: opid_index: -1 OBSOLETE_local: true peers { permanent_uuid: "2a1f0c0920a04df79adefd68e0f1d2b8" member_type: VOTER last_known_addr { host: "127.1.23.193" port: 45235 } }
I0609 06:57:01.288110 3637 raft_consensus.cc:366] T c51a1b626caf42ec94229bef431c08ff P 2a1f0c0920a04df79adefd68e0f1d2b8 [term 0 FOLLOWER]: Consensus starting up: Expiring failure detector timer to make a prompt election more likely
I0609 06:57:01.288324 3637 raft_consensus.cc:705] T c51a1b626caf42ec94229bef431c08ff P 2a1f0c0920a04df79adefd68e0f1d2b8 [term 0 FOLLOWER]: Becoming Follower/Learner. State: Replica: 2a1f0c0920a04df79adefd68e0f1d2b8, State: Initialized, Role: FOLLOWER
I0609 06:57:01.288779 3637 consensus_queue.cc:229] T c51a1b626caf42ec94229bef431c08ff P 2a1f0c0920a04df79adefd68e0f1d2b8 [NON_LEADER]: Queue going to NON_LEADER mode. State: All replicated index: 0, Majority replicated index: 0, Committed index: 0, Last appended: 0.0, Last appended by leader: 0, Current term: 0, Majority size: -1, State: 0, Mode: NON_LEADER, active raft config: opid_index: -1 OBSOLETE_local: true peers { permanent_uuid: "2a1f0c0920a04df79adefd68e0f1d2b8" member_type: VOTER last_known_addr { host: "127.1.23.193" port: 45235 } }
I0609 06:57:01.289227 3637 raft_consensus.cc:380] T c51a1b626caf42ec94229bef431c08ff P 2a1f0c0920a04df79adefd68e0f1d2b8 [term 0 FOLLOWER]: Only one voter in the Raft config. Triggering election immediately
I0609 06:57:01.289458 3637 raft_consensus.cc:472] T c51a1b626caf42ec94229bef431c08ff P 2a1f0c0920a04df79adefd68e0f1d2b8 [term 0 FOLLOWER]: Starting leader election (initial election of a single-replica configuration)
I0609 06:57:01.289686 3637 raft_consensus.cc:2890] T c51a1b626caf42ec94229bef431c08ff P 2a1f0c0920a04df79adefd68e0f1d2b8 [term 0 FOLLOWER]: Advancing to term 1
I0609 06:57:01.293220 3637 raft_consensus.cc:494] T c51a1b626caf42ec94229bef431c08ff P 2a1f0c0920a04df79adefd68e0f1d2b8 [term 1 FOLLOWER]: Starting leader election with config: opid_index: -1 OBSOLETE_local: true peers { permanent_uuid: "2a1f0c0920a04df79adefd68e0f1d2b8" member_type: VOTER last_known_addr { host: "127.1.23.193" port: 45235 } }
I0609 06:57:01.293658 3637 leader_election.cc:310] T c51a1b626caf42ec94229bef431c08ff P 2a1f0c0920a04df79adefd68e0f1d2b8 [CANDIDATE]: Term 1 election: Election decided. Result: candidate won. Election summary: received 1 responses out of 1 voters: 1 yes votes; 0 no votes. yes voters: 2a1f0c0920a04df79adefd68e0f1d2b8; no voters:
I0609 06:57:01.294132 3637 leader_election.cc:296] T c51a1b626caf42ec94229bef431c08ff P 2a1f0c0920a04df79adefd68e0f1d2b8 [CANDIDATE]: Term 1 election: Requested vote from peers
I0609 06:57:01.294275 3639 raft_consensus.cc:2644] T c51a1b626caf42ec94229bef431c08ff P 2a1f0c0920a04df79adefd68e0f1d2b8 [term 1 FOLLOWER]: Leader election won for term 1
I0609 06:57:01.294675 3639 raft_consensus.cc:667] T c51a1b626caf42ec94229bef431c08ff P 2a1f0c0920a04df79adefd68e0f1d2b8 [term 1 LEADER]: Becoming Leader. State: Replica: 2a1f0c0920a04df79adefd68e0f1d2b8, State: Running, Role: LEADER
I0609 06:57:01.295167 3637 ts_tablet_manager.cc:1082] T c51a1b626caf42ec94229bef431c08ff P 2a1f0c0920a04df79adefd68e0f1d2b8: Time spent starting tablet: real 0.009s user 0.009s sys 0.000s
I0609 06:57:01.295120 3639 consensus_queue.cc:206] T c51a1b626caf42ec94229bef431c08ff P 2a1f0c0920a04df79adefd68e0f1d2b8 [LEADER]: Queue going to LEADER mode. State: All replicated index: 0, Majority replicated index: 0, Committed index: 0, Last appended: 0.0, Last appended by leader: 0, Current term: 1, Majority size: 1, State: 0, Mode: LEADER, active raft config: opid_index: -1 OBSOLETE_local: true peers { permanent_uuid: "2a1f0c0920a04df79adefd68e0f1d2b8" member_type: VOTER last_known_addr { host: "127.1.23.193" port: 45235 } }
I0609 06:57:01.295572 3637 tablet_bootstrap.cc:439] T e27814c97ad142728984045431b44bb8 P 2a1f0c0920a04df79adefd68e0f1d2b8: Bootstrap starting.
I0609 06:57:01.299057 3637 tablet_bootstrap.cc:590] T e27814c97ad142728984045431b44bb8 P 2a1f0c0920a04df79adefd68e0f1d2b8: No blocks or log segments found. Creating new log.
I0609 06:57:01.299111 3516 catalog_manager.cc:3989] T c51a1b626caf42ec94229bef431c08ff P 2a1f0c0920a04df79adefd68e0f1d2b8 reported cstate change: term changed from 0 to 1, leader changed from to 2a1f0c0920a04df79adefd68e0f1d2b8 (127.1.23.193). New cstate: current_term: 1 leader_uuid: "2a1f0c0920a04df79adefd68e0f1d2b8" committed_config { opid_index: -1 OBSOLETE_local: true peers { permanent_uuid: "2a1f0c0920a04df79adefd68e0f1d2b8" member_type: VOTER last_known_addr { host: "127.1.23.193" port: 45235 } health_report { overall_health: HEALTHY } } }
I0609 06:57:01.304797 3637 tablet_bootstrap.cc:439] T e27814c97ad142728984045431b44bb8 P 2a1f0c0920a04df79adefd68e0f1d2b8: No bootstrap required, opened a new log
I0609 06:57:01.305173 3637 ts_tablet_manager.cc:1054] T e27814c97ad142728984045431b44bb8 P 2a1f0c0920a04df79adefd68e0f1d2b8: Time spent bootstrapping tablet: real 0.010s user 0.002s sys 0.004s
I0609 06:57:01.306550 3637 raft_consensus.cc:340] T e27814c97ad142728984045431b44bb8 P 2a1f0c0920a04df79adefd68e0f1d2b8 [term 0 FOLLOWER]: Replica starting. Triggering 0 pending transactions. Active config: opid_index: -1 OBSOLETE_local: true peers { permanent_uuid: "2a1f0c0920a04df79adefd68e0f1d2b8" member_type: VOTER last_known_addr { host: "127.1.23.193" port: 45235 } }
I0609 06:57:01.308229 3637 raft_consensus.cc:366] T e27814c97ad142728984045431b44bb8 P 2a1f0c0920a04df79adefd68e0f1d2b8 [term 0 FOLLOWER]: Consensus starting up: Expiring failure detector timer to make a prompt election more likely
I0609 06:57:01.308472 3637 raft_consensus.cc:705] T e27814c97ad142728984045431b44bb8 P 2a1f0c0920a04df79adefd68e0f1d2b8 [term 0 FOLLOWER]: Becoming Follower/Learner. State: Replica: 2a1f0c0920a04df79adefd68e0f1d2b8, State: Initialized, Role: FOLLOWER
I0609 06:57:01.308959 3637 consensus_queue.cc:229] T e27814c97ad142728984045431b44bb8 P 2a1f0c0920a04df79adefd68e0f1d2b8 [NON_LEADER]: Queue going to NON_LEADER mode. State: All replicated index: 0, Majority replicated index: 0, Committed index: 0, Last appended: 0.0, Last appended by leader: 0, Current term: 0, Majority size: -1, State: 0, Mode: NON_LEADER, active raft config: opid_index: -1 OBSOLETE_local: true peers { permanent_uuid: "2a1f0c0920a04df79adefd68e0f1d2b8" member_type: VOTER last_known_addr { host: "127.1.23.193" port: 45235 } }
I0609 06:57:01.309442 3637 raft_consensus.cc:380] T e27814c97ad142728984045431b44bb8 P 2a1f0c0920a04df79adefd68e0f1d2b8 [term 0 FOLLOWER]: Only one voter in the Raft config. Triggering election immediately
I0609 06:57:01.309621 3637 raft_consensus.cc:472] T e27814c97ad142728984045431b44bb8 P 2a1f0c0920a04df79adefd68e0f1d2b8 [term 0 FOLLOWER]: Starting leader election (initial election of a single-replica configuration)
I0609 06:57:01.309826 3637 raft_consensus.cc:2890] T e27814c97ad142728984045431b44bb8 P 2a1f0c0920a04df79adefd68e0f1d2b8 [term 0 FOLLOWER]: Advancing to term 1
I0609 06:57:01.313753 3637 raft_consensus.cc:494] T e27814c97ad142728984045431b44bb8 P 2a1f0c0920a04df79adefd68e0f1d2b8 [term 1 FOLLOWER]: Starting leader election with config: opid_index: -1 OBSOLETE_local: true peers { permanent_uuid: "2a1f0c0920a04df79adefd68e0f1d2b8" member_type: VOTER last_known_addr { host: "127.1.23.193" port: 45235 } }
I0609 06:57:01.314133 3637 leader_election.cc:310] T e27814c97ad142728984045431b44bb8 P 2a1f0c0920a04df79adefd68e0f1d2b8 [CANDIDATE]: Term 1 election: Election decided. Result: candidate won. Election summary: received 1 responses out of 1 voters: 1 yes votes; 0 no votes. yes voters: 2a1f0c0920a04df79adefd68e0f1d2b8; no voters:
I0609 06:57:01.314558 3637 leader_election.cc:296] T e27814c97ad142728984045431b44bb8 P 2a1f0c0920a04df79adefd68e0f1d2b8 [CANDIDATE]: Term 1 election: Requested vote from peers
I0609 06:57:01.314656 3639 raft_consensus.cc:2644] T e27814c97ad142728984045431b44bb8 P 2a1f0c0920a04df79adefd68e0f1d2b8 [term 1 FOLLOWER]: Leader election won for term 1
I0609 06:57:01.315062 3639 raft_consensus.cc:667] T e27814c97ad142728984045431b44bb8 P 2a1f0c0920a04df79adefd68e0f1d2b8 [term 1 LEADER]: Becoming Leader. State: Replica: 2a1f0c0920a04df79adefd68e0f1d2b8, State: Running, Role: LEADER
I0609 06:57:01.315479 3637 ts_tablet_manager.cc:1082] T e27814c97ad142728984045431b44bb8 P 2a1f0c0920a04df79adefd68e0f1d2b8: Time spent starting tablet: real 0.010s user 0.008s sys 0.000s
I0609 06:57:01.315527 3639 consensus_queue.cc:206] T e27814c97ad142728984045431b44bb8 P 2a1f0c0920a04df79adefd68e0f1d2b8 [LEADER]: Queue going to LEADER mode. State: All replicated index: 0, Majority replicated index: 0, Committed index: 0, Last appended: 0.0, Last appended by leader: 0, Current term: 1, Majority size: 1, State: 0, Mode: LEADER, active raft config: opid_index: -1 OBSOLETE_local: true peers { permanent_uuid: "2a1f0c0920a04df79adefd68e0f1d2b8" member_type: VOTER last_known_addr { host: "127.1.23.193" port: 45235 } }
I0609 06:57:01.316007 3637 tablet_bootstrap.cc:439] T 1bf7a6e9ef474eb89d19bc3be65bec26 P 2a1f0c0920a04df79adefd68e0f1d2b8: Bootstrap starting.
I0609 06:57:01.318816 3637 tablet_bootstrap.cc:590] T 1bf7a6e9ef474eb89d19bc3be65bec26 P 2a1f0c0920a04df79adefd68e0f1d2b8: No blocks or log segments found. Creating new log.
I0609 06:57:01.319763 3517 catalog_manager.cc:3989] T e27814c97ad142728984045431b44bb8 P 2a1f0c0920a04df79adefd68e0f1d2b8 reported cstate change: term changed from 0 to 1, leader changed from to 2a1f0c0920a04df79adefd68e0f1d2b8 (127.1.23.193). New cstate: current_term: 1 leader_uuid: "2a1f0c0920a04df79adefd68e0f1d2b8" committed_config { opid_index: -1 OBSOLETE_local: true peers { permanent_uuid: "2a1f0c0920a04df79adefd68e0f1d2b8" member_type: VOTER last_known_addr { host: "127.1.23.193" port: 45235 } health_report { overall_health: HEALTHY } } }
I0609 06:57:01.324031 3637 tablet_bootstrap.cc:439] T 1bf7a6e9ef474eb89d19bc3be65bec26 P 2a1f0c0920a04df79adefd68e0f1d2b8: No bootstrap required, opened a new log
I0609 06:57:01.324285 3637 ts_tablet_manager.cc:1054] T 1bf7a6e9ef474eb89d19bc3be65bec26 P 2a1f0c0920a04df79adefd68e0f1d2b8: Time spent bootstrapping tablet: real 0.008s user 0.002s sys 0.004s
I0609 06:57:01.325914 3637 raft_consensus.cc:340] T 1bf7a6e9ef474eb89d19bc3be65bec26 P 2a1f0c0920a04df79adefd68e0f1d2b8 [term 0 FOLLOWER]: Replica starting. Triggering 0 pending transactions. Active config: opid_index: -1 OBSOLETE_local: true peers { permanent_uuid: "2a1f0c0920a04df79adefd68e0f1d2b8" member_type: VOTER last_known_addr { host: "127.1.23.193" port: 45235 } }
I0609 06:57:01.326314 3637 raft_consensus.cc:366] T 1bf7a6e9ef474eb89d19bc3be65bec26 P 2a1f0c0920a04df79adefd68e0f1d2b8 [term 0 FOLLOWER]: Consensus starting up: Expiring failure detector timer to make a prompt election more likely
I0609 06:57:01.326570 3637 raft_consensus.cc:705] T 1bf7a6e9ef474eb89d19bc3be65bec26 P 2a1f0c0920a04df79adefd68e0f1d2b8 [term 0 FOLLOWER]: Becoming Follower/Learner. State: Replica: 2a1f0c0920a04df79adefd68e0f1d2b8, State: Initialized, Role: FOLLOWER
I0609 06:57:01.327060 3637 consensus_queue.cc:229] T 1bf7a6e9ef474eb89d19bc3be65bec26 P 2a1f0c0920a04df79adefd68e0f1d2b8 [NON_LEADER]: Queue going to NON_LEADER mode. State: All replicated index: 0, Majority replicated index: 0, Committed index: 0, Last appended: 0.0, Last appended by leader: 0, Current term: 0, Majority size: -1, State: 0, Mode: NON_LEADER, active raft config: opid_index: -1 OBSOLETE_local: true peers { permanent_uuid: "2a1f0c0920a04df79adefd68e0f1d2b8" member_type: VOTER last_known_addr { host: "127.1.23.193" port: 45235 } }
I0609 06:57:01.327489 3637 raft_consensus.cc:380] T 1bf7a6e9ef474eb89d19bc3be65bec26 P 2a1f0c0920a04df79adefd68e0f1d2b8 [term 0 FOLLOWER]: Only one voter in the Raft config. Triggering election immediately
I0609 06:57:01.327731 3637 raft_consensus.cc:472] T 1bf7a6e9ef474eb89d19bc3be65bec26 P 2a1f0c0920a04df79adefd68e0f1d2b8 [term 0 FOLLOWER]: Starting leader election (initial election of a single-replica configuration)
I0609 06:57:01.327960 3637 raft_consensus.cc:2890] T 1bf7a6e9ef474eb89d19bc3be65bec26 P 2a1f0c0920a04df79adefd68e0f1d2b8 [term 0 FOLLOWER]: Advancing to term 1
I0609 06:57:01.331277 3637 raft_consensus.cc:494] T 1bf7a6e9ef474eb89d19bc3be65bec26 P 2a1f0c0920a04df79adefd68e0f1d2b8 [term 1 FOLLOWER]: Starting leader election with config: opid_index: -1 OBSOLETE_local: true peers { permanent_uuid: "2a1f0c0920a04df79adefd68e0f1d2b8" member_type: VOTER last_known_addr { host: "127.1.23.193" port: 45235 } }
I0609 06:57:01.331670 3637 leader_election.cc:310] T 1bf7a6e9ef474eb89d19bc3be65bec26 P 2a1f0c0920a04df79adefd68e0f1d2b8 [CANDIDATE]: Term 1 election: Election decided. Result: candidate won. Election summary: received 1 responses out of 1 voters: 1 yes votes; 0 no votes. yes voters: 2a1f0c0920a04df79adefd68e0f1d2b8; no voters:
I0609 06:57:01.332084 3637 leader_election.cc:296] T 1bf7a6e9ef474eb89d19bc3be65bec26 P 2a1f0c0920a04df79adefd68e0f1d2b8 [CANDIDATE]: Term 1 election: Requested vote from peers
I0609 06:57:01.332233 3639 raft_consensus.cc:2644] T 1bf7a6e9ef474eb89d19bc3be65bec26 P 2a1f0c0920a04df79adefd68e0f1d2b8 [term 1 FOLLOWER]: Leader election won for term 1
I0609 06:57:01.332798 3639 raft_consensus.cc:667] T 1bf7a6e9ef474eb89d19bc3be65bec26 P 2a1f0c0920a04df79adefd68e0f1d2b8 [term 1 LEADER]: Becoming Leader. State: Replica: 2a1f0c0920a04df79adefd68e0f1d2b8, State: Running, Role: LEADER
I0609 06:57:01.332938 3637 ts_tablet_manager.cc:1082] T 1bf7a6e9ef474eb89d19bc3be65bec26 P 2a1f0c0920a04df79adefd68e0f1d2b8: Time spent starting tablet: real 0.009s user 0.006s sys 0.000s
I0609 06:57:01.333689 3637 tablet_bootstrap.cc:439] T 84f53102d5fb45449c8e0e6d4bdac917 P 2a1f0c0920a04df79adefd68e0f1d2b8: Bootstrap starting.
I0609 06:57:01.333511 3639 consensus_queue.cc:206] T 1bf7a6e9ef474eb89d19bc3be65bec26 P 2a1f0c0920a04df79adefd68e0f1d2b8 [LEADER]: Queue going to LEADER mode. State: All replicated index: 0, Majority replicated index: 0, Committed index: 0, Last appended: 0.0, Last appended by leader: 0, Current term: 1, Majority size: 1, State: 0, Mode: LEADER, active raft config: opid_index: -1 OBSOLETE_local: true peers { permanent_uuid: "2a1f0c0920a04df79adefd68e0f1d2b8" member_type: VOTER last_known_addr { host: "127.1.23.193" port: 45235 } }
I0609 06:57:01.336846 3637 tablet_bootstrap.cc:590] T 84f53102d5fb45449c8e0e6d4bdac917 P 2a1f0c0920a04df79adefd68e0f1d2b8: No blocks or log segments found. Creating new log.
I0609 06:57:01.340559 3517 catalog_manager.cc:3989] T 1bf7a6e9ef474eb89d19bc3be65bec26 P 2a1f0c0920a04df79adefd68e0f1d2b8 reported cstate change: term changed from 0 to 1, leader changed from to 2a1f0c0920a04df79adefd68e0f1d2b8 (127.1.23.193). New cstate: current_term: 1 leader_uuid: "2a1f0c0920a04df79adefd68e0f1d2b8" committed_config { opid_index: -1 OBSOLETE_local: true peers { permanent_uuid: "2a1f0c0920a04df79adefd68e0f1d2b8" member_type: VOTER last_known_addr { host: "127.1.23.193" port: 45235 } health_report { overall_health: HEALTHY } } }
I0609 06:57:01.341854 3637 tablet_bootstrap.cc:439] T 84f53102d5fb45449c8e0e6d4bdac917 P 2a1f0c0920a04df79adefd68e0f1d2b8: No bootstrap required, opened a new log
I0609 06:57:01.342140 3637 ts_tablet_manager.cc:1054] T 84f53102d5fb45449c8e0e6d4bdac917 P 2a1f0c0920a04df79adefd68e0f1d2b8: Time spent bootstrapping tablet: real 0.009s user 0.007s sys 0.000s
I0609 06:57:01.343823 3637 raft_consensus.cc:340] T 84f53102d5fb45449c8e0e6d4bdac917 P 2a1f0c0920a04df79adefd68e0f1d2b8 [term 0 FOLLOWER]: Replica starting. Triggering 0 pending transactions. Active config: opid_index: -1 OBSOLETE_local: true peers { permanent_uuid: "2a1f0c0920a04df79adefd68e0f1d2b8" member_type: VOTER last_known_addr { host: "127.1.23.193" port: 45235 } }
I0609 06:57:01.344168 3637 raft_consensus.cc:366] T 84f53102d5fb45449c8e0e6d4bdac917 P 2a1f0c0920a04df79adefd68e0f1d2b8 [term 0 FOLLOWER]: Consensus starting up: Expiring failure detector timer to make a prompt election more likely
I0609 06:57:01.344347 3637 raft_consensus.cc:705] T 84f53102d5fb45449c8e0e6d4bdac917 P 2a1f0c0920a04df79adefd68e0f1d2b8 [term 0 FOLLOWER]: Becoming Follower/Learner. State: Replica: 2a1f0c0920a04df79adefd68e0f1d2b8, State: Initialized, Role: FOLLOWER
I0609 06:57:01.344779 3637 consensus_queue.cc:229] T 84f53102d5fb45449c8e0e6d4bdac917 P 2a1f0c0920a04df79adefd68e0f1d2b8 [NON_LEADER]: Queue going to NON_LEADER mode. State: All replicated index: 0, Majority replicated index: 0, Committed index: 0, Last appended: 0.0, Last appended by leader: 0, Current term: 0, Majority size: -1, State: 0, Mode: NON_LEADER, active raft config: opid_index: -1 OBSOLETE_local: true peers { permanent_uuid: "2a1f0c0920a04df79adefd68e0f1d2b8" member_type: VOTER last_known_addr { host: "127.1.23.193" port: 45235 } }
I0609 06:57:01.345255 3637 raft_consensus.cc:380] T 84f53102d5fb45449c8e0e6d4bdac917 P 2a1f0c0920a04df79adefd68e0f1d2b8 [term 0 FOLLOWER]: Only one voter in the Raft config. Triggering election immediately
I0609 06:57:01.345538 3637 raft_consensus.cc:472] T 84f53102d5fb45449c8e0e6d4bdac917 P 2a1f0c0920a04df79adefd68e0f1d2b8 [term 0 FOLLOWER]: Starting leader election (initial election of a single-replica configuration)
I0609 06:57:01.345762 3637 raft_consensus.cc:2890] T 84f53102d5fb45449c8e0e6d4bdac917 P 2a1f0c0920a04df79adefd68e0f1d2b8 [term 0 FOLLOWER]: Advancing to term 1
I0609 06:57:01.350237 3637 raft_consensus.cc:494] T 84f53102d5fb45449c8e0e6d4bdac917 P 2a1f0c0920a04df79adefd68e0f1d2b8 [term 1 FOLLOWER]: Starting leader election with config: opid_index: -1 OBSOLETE_local: true peers { permanent_uuid: "2a1f0c0920a04df79adefd68e0f1d2b8" member_type: VOTER last_known_addr { host: "127.1.23.193" port: 45235 } }
I0609 06:57:01.350637 3637 leader_election.cc:310] T 84f53102d5fb45449c8e0e6d4bdac917 P 2a1f0c0920a04df79adefd68e0f1d2b8 [CANDIDATE]: Term 1 election: Election decided. Result: candidate won. Election summary: received 1 responses out of 1 voters: 1 yes votes; 0 no votes. yes voters: 2a1f0c0920a04df79adefd68e0f1d2b8; no voters:
I0609 06:57:01.351053 3637 leader_election.cc:296] T 84f53102d5fb45449c8e0e6d4bdac917 P 2a1f0c0920a04df79adefd68e0f1d2b8 [CANDIDATE]: Term 1 election: Requested vote from peers
I0609 06:57:01.351155 3639 raft_consensus.cc:2644] T 84f53102d5fb45449c8e0e6d4bdac917 P 2a1f0c0920a04df79adefd68e0f1d2b8 [term 1 FOLLOWER]: Leader election won for term 1
I0609 06:57:01.351578 3639 raft_consensus.cc:667] T 84f53102d5fb45449c8e0e6d4bdac917 P 2a1f0c0920a04df79adefd68e0f1d2b8 [term 1 LEADER]: Becoming Leader. State: Replica: 2a1f0c0920a04df79adefd68e0f1d2b8, State: Running, Role: LEADER
I0609 06:57:01.352042 3637 ts_tablet_manager.cc:1082] T 84f53102d5fb45449c8e0e6d4bdac917 P 2a1f0c0920a04df79adefd68e0f1d2b8: Time spent starting tablet: real 0.010s user 0.008s sys 0.000s
I0609 06:57:01.352056 3639 consensus_queue.cc:206] T 84f53102d5fb45449c8e0e6d4bdac917 P 2a1f0c0920a04df79adefd68e0f1d2b8 [LEADER]: Queue going to LEADER mode. State: All replicated index: 0, Majority replicated index: 0, Committed index: 0, Last appended: 0.0, Last appended by leader: 0, Current term: 1, Majority size: 1, State: 0, Mode: LEADER, active raft config: opid_index: -1 OBSOLETE_local: true peers { permanent_uuid: "2a1f0c0920a04df79adefd68e0f1d2b8" member_type: VOTER last_known_addr { host: "127.1.23.193" port: 45235 } }
I0609 06:57:01.352558 3637 tablet_bootstrap.cc:439] T 0fff0a7c5ecd45d58452c6e42b7395e9 P 2a1f0c0920a04df79adefd68e0f1d2b8: Bootstrap starting.
I0609 06:57:01.355717 3637 tablet_bootstrap.cc:590] T 0fff0a7c5ecd45d58452c6e42b7395e9 P 2a1f0c0920a04df79adefd68e0f1d2b8: No blocks or log segments found. Creating new log.
I0609 06:57:01.355530 3517 catalog_manager.cc:3989] T 84f53102d5fb45449c8e0e6d4bdac917 P 2a1f0c0920a04df79adefd68e0f1d2b8 reported cstate change: term changed from 0 to 1, leader changed from to 2a1f0c0920a04df79adefd68e0f1d2b8 (127.1.23.193). New cstate: current_term: 1 leader_uuid: "2a1f0c0920a04df79adefd68e0f1d2b8" committed_config { opid_index: -1 OBSOLETE_local: true peers { permanent_uuid: "2a1f0c0920a04df79adefd68e0f1d2b8" member_type: VOTER last_known_addr { host: "127.1.23.193" port: 45235 } health_report { overall_health: HEALTHY } } }
I0609 06:57:01.359756 3637 tablet_bootstrap.cc:439] T 0fff0a7c5ecd45d58452c6e42b7395e9 P 2a1f0c0920a04df79adefd68e0f1d2b8: No bootstrap required, opened a new log
I0609 06:57:01.360060 3637 ts_tablet_manager.cc:1054] T 0fff0a7c5ecd45d58452c6e42b7395e9 P 2a1f0c0920a04df79adefd68e0f1d2b8: Time spent bootstrapping tablet: real 0.008s user 0.006s sys 0.000s
I0609 06:57:01.361666 3637 raft_consensus.cc:340] T 0fff0a7c5ecd45d58452c6e42b7395e9 P 2a1f0c0920a04df79adefd68e0f1d2b8 [term 0 FOLLOWER]: Replica starting. Triggering 0 pending transactions. Active config: opid_index: -1 OBSOLETE_local: true peers { permanent_uuid: "2a1f0c0920a04df79adefd68e0f1d2b8" member_type: VOTER last_known_addr { host: "127.1.23.193" port: 45235 } }
I0609 06:57:01.362011 3637 raft_consensus.cc:366] T 0fff0a7c5ecd45d58452c6e42b7395e9 P 2a1f0c0920a04df79adefd68e0f1d2b8 [term 0 FOLLOWER]: Consensus starting up: Expiring failure detector timer to make a prompt election more likely
I0609 06:57:01.362248 3637 raft_consensus.cc:705] T 0fff0a7c5ecd45d58452c6e42b7395e9 P 2a1f0c0920a04df79adefd68e0f1d2b8 [term 0 FOLLOWER]: Becoming Follower/Learner. State: Replica: 2a1f0c0920a04df79adefd68e0f1d2b8, State: Initialized, Role: FOLLOWER
I0609 06:57:01.362761 3637 consensus_queue.cc:229] T 0fff0a7c5ecd45d58452c6e42b7395e9 P 2a1f0c0920a04df79adefd68e0f1d2b8 [NON_LEADER]: Queue going to NON_LEADER mode. State: All replicated index: 0, Majority replicated index: 0, Committed index: 0, Last appended: 0.0, Last appended by leader: 0, Current term: 0, Majority size: -1, State: 0, Mode: NON_LEADER, active raft config: opid_index: -1 OBSOLETE_local: true peers { permanent_uuid: "2a1f0c0920a04df79adefd68e0f1d2b8" member_type: VOTER last_known_addr { host: "127.1.23.193" port: 45235 } }
I0609 06:57:01.363212 3637 raft_consensus.cc:380] T 0fff0a7c5ecd45d58452c6e42b7395e9 P 2a1f0c0920a04df79adefd68e0f1d2b8 [term 0 FOLLOWER]: Only one voter in the Raft config. Triggering election immediately
I0609 06:57:01.363400 3637 raft_consensus.cc:472] T 0fff0a7c5ecd45d58452c6e42b7395e9 P 2a1f0c0920a04df79adefd68e0f1d2b8 [term 0 FOLLOWER]: Starting leader election (initial election of a single-replica configuration)
I0609 06:57:01.363574 3637 raft_consensus.cc:2890] T 0fff0a7c5ecd45d58452c6e42b7395e9 P 2a1f0c0920a04df79adefd68e0f1d2b8 [term 0 FOLLOWER]: Advancing to term 1
I0609 06:57:01.367182 3637 raft_consensus.cc:494] T 0fff0a7c5ecd45d58452c6e42b7395e9 P 2a1f0c0920a04df79adefd68e0f1d2b8 [term 1 FOLLOWER]: Starting leader election with config: opid_index: -1 OBSOLETE_local: true peers { permanent_uuid: "2a1f0c0920a04df79adefd68e0f1d2b8" member_type: VOTER last_known_addr { host: "127.1.23.193" port: 45235 } }
I0609 06:57:01.367558 3637 leader_election.cc:310] T 0fff0a7c5ecd45d58452c6e42b7395e9 P 2a1f0c0920a04df79adefd68e0f1d2b8 [CANDIDATE]: Term 1 election: Election decided. Result: candidate won. Election summary: received 1 responses out of 1 voters: 1 yes votes; 0 no votes. yes voters: 2a1f0c0920a04df79adefd68e0f1d2b8; no voters:
I0609 06:57:01.367928 3637 leader_election.cc:296] T 0fff0a7c5ecd45d58452c6e42b7395e9 P 2a1f0c0920a04df79adefd68e0f1d2b8 [CANDIDATE]: Term 1 election: Requested vote from peers
I0609 06:57:01.368036 3639 raft_consensus.cc:2644] T 0fff0a7c5ecd45d58452c6e42b7395e9 P 2a1f0c0920a04df79adefd68e0f1d2b8 [term 1 FOLLOWER]: Leader election won for term 1
I0609 06:57:01.368448 3639 raft_consensus.cc:667] T 0fff0a7c5ecd45d58452c6e42b7395e9 P 2a1f0c0920a04df79adefd68e0f1d2b8 [term 1 LEADER]: Becoming Leader. State: Replica: 2a1f0c0920a04df79adefd68e0f1d2b8, State: Running, Role: LEADER
I0609 06:57:01.368827 3637 ts_tablet_manager.cc:1082] T 0fff0a7c5ecd45d58452c6e42b7395e9 P 2a1f0c0920a04df79adefd68e0f1d2b8: Time spent starting tablet: real 0.009s user 0.009s sys 0.000s
I0609 06:57:01.368904 3639 consensus_queue.cc:206] T 0fff0a7c5ecd45d58452c6e42b7395e9 P 2a1f0c0920a04df79adefd68e0f1d2b8 [LEADER]: Queue going to LEADER mode. State: All replicated index: 0, Majority replicated index: 0, Committed index: 0, Last appended: 0.0, Last appended by leader: 0, Current term: 1, Majority size: 1, State: 0, Mode: LEADER, active raft config: opid_index: -1 OBSOLETE_local: true peers { permanent_uuid: "2a1f0c0920a04df79adefd68e0f1d2b8" member_type: VOTER last_known_addr { host: "127.1.23.193" port: 45235 } }
I0609 06:57:01.372489 3517 catalog_manager.cc:3989] T 0fff0a7c5ecd45d58452c6e42b7395e9 P 2a1f0c0920a04df79adefd68e0f1d2b8 reported cstate change: term changed from 0 to 1, leader changed from to 2a1f0c0920a04df79adefd68e0f1d2b8 (127.1.23.193). New cstate: current_term: 1 leader_uuid: "2a1f0c0920a04df79adefd68e0f1d2b8" committed_config { opid_index: -1 OBSOLETE_local: true peers { permanent_uuid: "2a1f0c0920a04df79adefd68e0f1d2b8" member_type: VOTER last_known_addr { host: "127.1.23.193" port: 45235 } health_report { overall_health: HEALTHY } } }
I0609 06:57:02.008775 1119 tablet_server.cc:155] TabletServer shutting down...
I0609 06:57:02.037986 1119 ts_tablet_manager.cc:1128] Shutting down tablet manager...
I0609 06:57:02.038228 1119 tablet_replica.cc:265] T 0fff0a7c5ecd45d58452c6e42b7395e9 P 2a1f0c0920a04df79adefd68e0f1d2b8: stopping tablet replica
I0609 06:57:02.038552 1119 raft_consensus.cc:2147] T 0fff0a7c5ecd45d58452c6e42b7395e9 P 2a1f0c0920a04df79adefd68e0f1d2b8 [term 1 LEADER]: Raft consensus shutting down.
I0609 06:57:02.038872 1119 raft_consensus.cc:2174] T 0fff0a7c5ecd45d58452c6e42b7395e9 P 2a1f0c0920a04df79adefd68e0f1d2b8 [term 1 FOLLOWER]: Raft consensus is shut down!
I0609 06:57:02.041460 1119 tablet_replica.cc:265] T 84f53102d5fb45449c8e0e6d4bdac917 P 2a1f0c0920a04df79adefd68e0f1d2b8: stopping tablet replica
I0609 06:57:02.041836 1119 raft_consensus.cc:2147] T 84f53102d5fb45449c8e0e6d4bdac917 P 2a1f0c0920a04df79adefd68e0f1d2b8 [term 1 LEADER]: Raft consensus shutting down.
I0609 06:57:02.042104 1119 raft_consensus.cc:2174] T 84f53102d5fb45449c8e0e6d4bdac917 P 2a1f0c0920a04df79adefd68e0f1d2b8 [term 1 FOLLOWER]: Raft consensus is shut down!
I0609 06:57:02.044354 1119 tablet_replica.cc:265] T 703faee379e140249eac87642c0cc3b9 P 2a1f0c0920a04df79adefd68e0f1d2b8: stopping tablet replica
I0609 06:57:02.044740 1119 raft_consensus.cc:2147] T 703faee379e140249eac87642c0cc3b9 P 2a1f0c0920a04df79adefd68e0f1d2b8 [term 1 LEADER]: Raft consensus shutting down.
I0609 06:57:02.045006 1119 raft_consensus.cc:2174] T 703faee379e140249eac87642c0cc3b9 P 2a1f0c0920a04df79adefd68e0f1d2b8 [term 1 FOLLOWER]: Raft consensus is shut down!
I0609 06:57:02.047173 1119 tablet_replica.cc:265] T c51a1b626caf42ec94229bef431c08ff P 2a1f0c0920a04df79adefd68e0f1d2b8: stopping tablet replica
I0609 06:57:02.047515 1119 raft_consensus.cc:2147] T c51a1b626caf42ec94229bef431c08ff P 2a1f0c0920a04df79adefd68e0f1d2b8 [term 1 LEADER]: Raft consensus shutting down.
I0609 06:57:02.047791 1119 raft_consensus.cc:2174] T c51a1b626caf42ec94229bef431c08ff P 2a1f0c0920a04df79adefd68e0f1d2b8 [term 1 FOLLOWER]: Raft consensus is shut down!
I0609 06:57:02.050015 1119 tablet_replica.cc:265] T 1bf7a6e9ef474eb89d19bc3be65bec26 P 2a1f0c0920a04df79adefd68e0f1d2b8: stopping tablet replica
I0609 06:57:02.050338 1119 raft_consensus.cc:2147] T 1bf7a6e9ef474eb89d19bc3be65bec26 P 2a1f0c0920a04df79adefd68e0f1d2b8 [term 1 LEADER]: Raft consensus shutting down.
I0609 06:57:02.050592 1119 raft_consensus.cc:2174] T 1bf7a6e9ef474eb89d19bc3be65bec26 P 2a1f0c0920a04df79adefd68e0f1d2b8 [term 1 FOLLOWER]: Raft consensus is shut down!
I0609 06:57:02.052892 1119 tablet_replica.cc:265] T e27814c97ad142728984045431b44bb8 P 2a1f0c0920a04df79adefd68e0f1d2b8: stopping tablet replica
I0609 06:57:02.053194 1119 raft_consensus.cc:2147] T e27814c97ad142728984045431b44bb8 P 2a1f0c0920a04df79adefd68e0f1d2b8 [term 1 LEADER]: Raft consensus shutting down.
I0609 06:57:02.053476 1119 raft_consensus.cc:2174] T e27814c97ad142728984045431b44bb8 P 2a1f0c0920a04df79adefd68e0f1d2b8 [term 1 FOLLOWER]: Raft consensus is shut down!
I0609 06:57:02.055450 1119 tablet_replica.cc:265] T e00972ff4d784272b146ab2694ee9019 P 2a1f0c0920a04df79adefd68e0f1d2b8: stopping tablet replica
I0609 06:57:02.055737 1119 raft_consensus.cc:2147] T e00972ff4d784272b146ab2694ee9019 P 2a1f0c0920a04df79adefd68e0f1d2b8 [term 1 LEADER]: Raft consensus shutting down.
I0609 06:57:02.055989 1119 raft_consensus.cc:2174] T e00972ff4d784272b146ab2694ee9019 P 2a1f0c0920a04df79adefd68e0f1d2b8 [term 1 FOLLOWER]: Raft consensus is shut down!
I0609 06:57:02.080457 1119 tablet_server.cc:169] TabletServer shutdown complete.
I0609 06:57:02.080595 1119 tablet_server.cc:155] TabletServer shutting down...
I0609 06:57:02.080869 1119 tablet_server.cc:169] TabletServer shutdown complete.
I0609 06:57:02.090041 1119 master.cc:247] Master@127.1.23.254:38801 shutting down...
I0609 06:57:02.107857 1119 raft_consensus.cc:2147] T 00000000000000000000000000000000 P 2eebfc224be545298d093ed3424ee92a [term 1 LEADER]: Raft consensus shutting down.
I0609 06:57:02.108119 1119 raft_consensus.cc:2174] T 00000000000000000000000000000000 P 2eebfc224be545298d093ed3424ee92a [term 1 FOLLOWER]: Raft consensus is shut down!
I0609 06:57:02.108374 1119 tablet_replica.cc:265] T 00000000000000000000000000000000 P 2eebfc224be545298d093ed3424ee92a: stopping tablet replica
I0609 06:57:02.125210 1119 master.cc:258] Master@127.1.23.254:38801 shutdown complete. [ OK ] Params/ScanMultiTabletParamTest.Test/1 (1331 ms) [----------] 1 test from Params/ScanMultiTabletParamTest (1331 ms total) [----------] 1 test from IntColEncodings/IntEncodingNullPredicatesTest [ RUN ] IntColEncodings/IntEncodingNullPredicatesTest.TestIntEncodings/1
I0609 06:57:02.141687 1119 internal_mini_cluster.cc:146] Creating distributed mini masters. Addrs: 127.1.23.254:38771
I0609 06:57:02.152938 1119 system_ntp.cc:193] NTP initialized. Skew: 500ppm Current error: 98016us
I0609 06:57:02.153223 1119 fs_manager.cc:263] Metadata directory not provided
I0609 06:57:02.153394 1119 fs_manager.cc:269] Using write-ahead log directory (fs_wal_dir) as metadata directory
I0609 06:57:02.153584 1119 server_base.cc:440] Could not load existing FS layout: Not found: could not find a healthy instance file
I0609 06:57:02.153707 1119 server_base.cc:441] Attempting to create new FS layout instead
I0609 06:57:02.154548 1119 fs_manager.cc:602] Generated new instance metadata in path /tmp/dist-test-taskY5QUuL/test-tmp/client-test.3.IntColEncodings_IntEncodingNullPredicatesTest.TestIntEncodings_1.1560063404629499-1119/minicluster-data/master-0-root/instance: uuid: "e50f705491984a28ab5fc8bd217d5f89" format_stamp: "Formatted at 2019-06-09 06:57:02 on dist-test-slave-dist-test-slave-9h7f"
I0609 06:57:02.162303 1119 fs_manager.cc:503] Time spent creating directory manager: real 0.007s user 0.008s sys 0.000s
I0609 06:57:02.163561 1119 file_cache.cc:465] Constructed file cache lbm with capacity 419430
I0609 06:57:02.169764 1119 fs_manager.cc:419] Time spent opening block manager: real 0.001s user 0.001s sys 0.000s
I0609 06:57:02.169960 1119 fs_manager.cc:436] Opened local filesystem: /tmp/dist-test-taskY5QUuL/test-tmp/client-test.3.IntColEncodings_IntEncodingNullPredicatesTest.TestIntEncodings_1.1560063404629499-1119/minicluster-data/master-0-root uuid: "e50f705491984a28ab5fc8bd217d5f89" format_stamp: "Formatted at 2019-06-09 06:57:02 on dist-test-slave-dist-test-slave-9h7f"
I0609 06:57:02.170190 1119 fs_report.cc:352] FS layout report -------------------- wal directory: /tmp/dist-test-taskY5QUuL/test-tmp/client-test.3.IntColEncodings_IntEncodingNullPredicatesTest.TestIntEncodings_1.1560063404629499-1119/minicluster-data/master-0-root metadata directory: /tmp/dist-test-taskY5QUuL/test-tmp/client-test.3.IntColEncodings_IntEncodingNullPredicatesTest.TestIntEncodings_1.1560063404629499-1119/minicluster-data/master-0-root 1 data directories: /tmp/dist-test-taskY5QUuL/test-tmp/client-test.3.IntColEncodings_IntEncodingNullPredicatesTest.TestIntEncodings_1.1560063404629499-1119/minicluster-data/master-0-root/data Total live blocks: 0 Total live bytes: 0 Total live bytes (after alignment): 0 Total number of LBM containers: 0 (0 full) Did not check for missing blocks Did not check for orphaned blocks Total full LBM containers with extra space: 0 (0 repaired) Total full LBM container extra space in bytes: 0 (0 repaired) Total incomplete LBM containers: 0 (0 repaired) Total LBM partial records: 0 (0 repaired)
I0609 06:57:02.237951 1119 rpc_server.cc:205] RPC server started. Bound to: 127.1.23.254:38771
I0609 06:57:02.239532 1119 webserver.cc:374] Webserver started at http://127.1.23.254:37989/ using document root and password file
I0609 06:57:02.241039 3719 data_dirs.cc:938] Could only allocate 1 dirs of requested 3 for tablet 00000000000000000000000000000000. 1 dirs total, 0 dirs full, 0 dirs failed
I0609 06:57:02.248248 3719 tablet_bootstrap.cc:439] T 00000000000000000000000000000000 P e50f705491984a28ab5fc8bd217d5f89: Bootstrap starting.
I0609 06:57:02.250356 3719 tablet_bootstrap.cc:590] T 00000000000000000000000000000000 P e50f705491984a28ab5fc8bd217d5f89: No blocks or log segments found. Creating new log.
I0609 06:57:02.252928 3719 tablet_bootstrap.cc:439] T 00000000000000000000000000000000 P e50f705491984a28ab5fc8bd217d5f89: No bootstrap required, opened a new log
I0609 06:57:02.254189 3719 raft_consensus.cc:340] T 00000000000000000000000000000000 P e50f705491984a28ab5fc8bd217d5f89 [term 0 FOLLOWER]: Replica starting. Triggering 0 pending transactions. Active config: opid_index: -1 OBSOLETE_local: true peers { permanent_uuid: "e50f705491984a28ab5fc8bd217d5f89" member_type: VOTER }
I0609 06:57:02.254511 3719 raft_consensus.cc:366] T 00000000000000000000000000000000 P e50f705491984a28ab5fc8bd217d5f89 [term 0 FOLLOWER]: Consensus starting up: Expiring failure detector timer to make a prompt election more likely
I0609 06:57:02.254688 3719 raft_consensus.cc:705] T 00000000000000000000000000000000 P e50f705491984a28ab5fc8bd217d5f89 [term 0 FOLLOWER]: Becoming Follower/Learner. State: Replica: e50f705491984a28ab5fc8bd217d5f89, State: Initialized, Role: FOLLOWER
I0609 06:57:02.255076 3719 consensus_queue.cc:229] T 00000000000000000000000000000000 P e50f705491984a28ab5fc8bd217d5f89 [NON_LEADER]: Queue going to NON_LEADER mode. State: All replicated index: 0, Majority replicated index: 0, Committed index: 0, Last appended: 0.0, Last appended by leader: 0, Current term: 0, Majority size: -1, State: 0, Mode: NON_LEADER, active raft config: opid_index: -1 OBSOLETE_local: true peers { permanent_uuid: "e50f705491984a28ab5fc8bd217d5f89" member_type: VOTER }
I0609 06:57:02.255445 3719 raft_consensus.cc:380] T 00000000000000000000000000000000 P e50f705491984a28ab5fc8bd217d5f89 [term 0 FOLLOWER]: Only one voter in the Raft config. Triggering election immediately
I0609 06:57:02.255632 3719 raft_consensus.cc:472] T 00000000000000000000000000000000 P e50f705491984a28ab5fc8bd217d5f89 [term 0 FOLLOWER]: Starting leader election (initial election of a single-replica configuration)
I0609 06:57:02.255839 3719 raft_consensus.cc:2890] T 00000000000000000000000000000000 P e50f705491984a28ab5fc8bd217d5f89 [term 0 FOLLOWER]: Advancing to term 1
I0609 06:57:02.259006 3719 raft_consensus.cc:494] T 00000000000000000000000000000000 P e50f705491984a28ab5fc8bd217d5f89 [term 1 FOLLOWER]: Starting leader election with config: opid_index: -1 OBSOLETE_local: true peers { permanent_uuid: "e50f705491984a28ab5fc8bd217d5f89" member_type: VOTER }
I0609 06:57:02.259382 3719 leader_election.cc:310] T 00000000000000000000000000000000 P e50f705491984a28ab5fc8bd217d5f89 [CANDIDATE]: Term 1 election: Election decided. Result: candidate won. Election summary: received 1 responses out of 1 voters: 1 yes votes; 0 no votes. yes voters: e50f705491984a28ab5fc8bd217d5f89; no voters:
I0609 06:57:02.260519 3721 raft_consensus.cc:2644] T 00000000000000000000000000000000 P e50f705491984a28ab5fc8bd217d5f89 [term 1 FOLLOWER]: Leader election won for term 1
I0609 06:57:02.261116 3719 leader_election.cc:296] T 00000000000000000000000000000000 P e50f705491984a28ab5fc8bd217d5f89 [CANDIDATE]: Term 1 election: Requested vote from peers
I0609 06:57:02.262205 3721 raft_consensus.cc:667] T 00000000000000000000000000000000 P e50f705491984a28ab5fc8bd217d5f89 [term 1 LEADER]: Becoming Leader. State: Replica: e50f705491984a28ab5fc8bd217d5f89, State: Running, Role: LEADER
I0609 06:57:02.262607 3721 consensus_queue.cc:206] T 00000000000000000000000000000000 P e50f705491984a28ab5fc8bd217d5f89 [LEADER]: Queue going to LEADER mode. State: All replicated index: 0, Majority replicated index: 0, Committed index: 0, Last appended: 0.0, Last appended by leader: 0, Current term: 1, Majority size: 1, State: 0, Mode: LEADER, active raft config: opid_index: -1 OBSOLETE_local: true peers { permanent_uuid: "e50f705491984a28ab5fc8bd217d5f89" member_type: VOTER }
I0609 06:57:02.265352 3721 sys_catalog.cc:338] T 00000000000000000000000000000000 P e50f705491984a28ab5fc8bd217d5f89 [sys.catalog]: SysCatalogTable state changed. Reason: RaftConsensus started. Latest consensus state: current_term: 1 leader_uuid: "e50f705491984a28ab5fc8bd217d5f89" committed_config { opid_index: -1 OBSOLETE_local: true peers { permanent_uuid: "e50f705491984a28ab5fc8bd217d5f89" member_type: VOTER } }
I0609 06:57:02.265944 3721 sys_catalog.cc:341] T 00000000000000000000000000000000 P e50f705491984a28ab5fc8bd217d5f89 [sys.catalog]: This master's current role is: LEADER
I0609 06:57:02.265591 3722 sys_catalog.cc:338] T 00000000000000000000000000000000 P e50f705491984a28ab5fc8bd217d5f89 [sys.catalog]: SysCatalogTable state changed. Reason: New leader e50f705491984a28ab5fc8bd217d5f89. Latest consensus state: current_term: 1 leader_uuid: "e50f705491984a28ab5fc8bd217d5f89" committed_config { opid_index: -1 OBSOLETE_local: true peers { permanent_uuid: "e50f705491984a28ab5fc8bd217d5f89" member_type: VOTER } }
I0609 06:57:02.266217 3722 sys_catalog.cc:341] T 00000000000000000000000000000000 P e50f705491984a28ab5fc8bd217d5f89 [sys.catalog]: This master's current role is: LEADER
I0609 06:57:02.269892 3719 sys_catalog.cc:338] T 00000000000000000000000000000000 P e50f705491984a28ab5fc8bd217d5f89 [sys.catalog]: SysCatalogTable state changed. Reason: Started TabletReplica. Latest consensus state: current_term: 1 leader_uuid: "e50f705491984a28ab5fc8bd217d5f89" committed_config { opid_index: -1 OBSOLETE_local: true peers { permanent_uuid: "e50f705491984a28ab5fc8bd217d5f89" member_type: VOTER } }
I0609 06:57:02.270474 3719 sys_catalog.cc:341] T 00000000000000000000000000000000 P e50f705491984a28ab5fc8bd217d5f89 [sys.catalog]: This master's current role is: LEADER
I0609 06:57:02.271621 3719 sys_catalog.cc:426] T 00000000000000000000000000000000 P e50f705491984a28ab5fc8bd217d5f89 [sys.catalog]: configured and running, proceeding with master startup.
I0609 06:57:02.271906 3726 catalog_manager.cc:1056] Loading table and tablet metadata into memory...
I0609 06:57:02.272990 1119 internal_mini_cluster.cc:166] Waiting to initialize catalog manager on master 0
I0609 06:57:02.276043 3726 catalog_manager.cc:1067] Initializing Kudu internal certificate authority...
I0609 06:57:02.315243 3726 catalog_manager.cc:951] Generated new certificate authority record
I0609 06:57:02.317507 3726 catalog_manager.cc:1076] Loading token signing keys...
I0609 06:57:02.328764 3726 catalog_manager.cc:4293] T 00000000000000000000000000000000 P e50f705491984a28ab5fc8bd217d5f89: Generated new TSK 0
I0609 06:57:02.350756 1119 system_ntp.cc:193] NTP initialized. Skew: 500ppm Current error: 98016us
I0609 06:57:02.351104 1119 fs_manager.cc:263] Metadata directory not provided
I0609 06:57:02.351267 1119 fs_manager.cc:269] Using write-ahead log directory (fs_wal_dir) as metadata directory
I0609 06:57:02.351475 1119 server_base.cc:440] Could not load existing FS layout: Not found: could not find a healthy instance file
I0609 06:57:02.351599 1119 server_base.cc:441] Attempting to create new FS layout instead
I0609 06:57:02.352499 1119 fs_manager.cc:602] Generated new instance metadata in path /tmp/dist-test-taskY5QUuL/test-tmp/client-test.3.IntColEncodings_IntEncodingNullPredicatesTest.TestIntEncodings_1.1560063404629499-1119/minicluster-data/ts-0-root/instance: uuid: "9e8e91cee81e41949dc8a8c1bf5c45ce" format_stamp: "Formatted at 2019-06-09 06:57:02 on dist-test-slave-dist-test-slave-9h7f"
