I0609 06:56:50.386472 1119 fs_report.cc:352] FS layout report -------------------- wal directory: /tmp/dist-test-taskY5QUuL/test-tmp/client-test.3.ClientTest.TestInsertAutoFlushSync.1560063404629499-1119/minicluster-data/master-0-root metadata directory: /tmp/dist-test-taskY5QUuL/test-tmp/client-test.3.ClientTest.TestInsertAutoFlushSync.1560063404629499-1119/minicluster-data/master-0-root 1 data directories: /tmp/dist-test-taskY5QUuL/test-tmp/client-test.3.ClientTest.TestInsertAutoFlushSync.1560063404629499-1119/minicluster-data/master-0-root/data Total live blocks: 0 Total live bytes: 0 Total live bytes (after alignment): 0 Total number of LBM containers: 0 (0 full) Did not check for missing blocks Did not check for orphaned blocks Total full LBM containers with extra space: 0 (0 repaired) Total full LBM container extra space in bytes: 0 (0 repaired) Total incomplete LBM containers: 0 (0 repaired) Total LBM partial records: 0 (0 repaired)
I0609 06:56:50.521406 1119 rpc_server.cc:205] RPC server started. Bound to: 127.1.23.254:42461
I0609 06:56:50.523806 1119 webserver.cc:374] Webserver started at http://127.1.23.254:45857/ using document root and password file
I0609 06:56:50.526343 1868 data_dirs.cc:938] Could only allocate 1 dirs of requested 3 for tablet 00000000000000000000000000000000. 1 dirs total, 0 dirs full, 0 dirs failed
I0609 06:56:50.541402 1868 tablet_bootstrap.cc:439] T 00000000000000000000000000000000 P 2f1d15ef884540a39de34977b2c2b45f: Bootstrap starting.
I0609 06:56:50.543395 1868 tablet_bootstrap.cc:590] T 00000000000000000000000000000000 P 2f1d15ef884540a39de34977b2c2b45f: No blocks or log segments found. Creating new log.
I0609 06:56:50.554538 1868 tablet_bootstrap.cc:439] T 00000000000000000000000000000000 P 2f1d15ef884540a39de34977b2c2b45f: No bootstrap required, opened a new log
I0609 06:56:50.557067 1868 raft_consensus.cc:340] T 00000000000000000000000000000000 P 2f1d15ef884540a39de34977b2c2b45f [term 0 FOLLOWER]: Replica starting. Triggering 0 pending transactions. Active config: opid_index: -1 OBSOLETE_local: true peers { permanent_uuid: "2f1d15ef884540a39de34977b2c2b45f" member_type: VOTER }
I0609 06:56:50.557598 1868 raft_consensus.cc:366] T 00000000000000000000000000000000 P 2f1d15ef884540a39de34977b2c2b45f [term 0 FOLLOWER]: Consensus starting up: Expiring failure detector timer to make a prompt election more likely
I0609 06:56:50.557902 1868 raft_consensus.cc:705] T 00000000000000000000000000000000 P 2f1d15ef884540a39de34977b2c2b45f [term 0 FOLLOWER]: Becoming Follower/Learner. State: Replica: 2f1d15ef884540a39de34977b2c2b45f, State: Initialized, Role: FOLLOWER
I0609 06:56:50.558490 1868 consensus_queue.cc:229] T 00000000000000000000000000000000 P 2f1d15ef884540a39de34977b2c2b45f [NON_LEADER]: Queue going to NON_LEADER mode. State: All replicated index: 0, Majority replicated index: 0, Committed index: 0, Last appended: 0.0, Last appended by leader: 0, Current term: 0, Majority size: -1, State: 0, Mode: NON_LEADER, active raft config: opid_index: -1 OBSOLETE_local: true peers { permanent_uuid: "2f1d15ef884540a39de34977b2c2b45f" member_type: VOTER }
I0609 06:56:50.559098 1868 raft_consensus.cc:380] T 00000000000000000000000000000000 P 2f1d15ef884540a39de34977b2c2b45f [term 0 FOLLOWER]: Only one voter in the Raft config. Triggering election immediately
I0609 06:56:50.559353 1868 raft_consensus.cc:472] T 00000000000000000000000000000000 P 2f1d15ef884540a39de34977b2c2b45f [term 0 FOLLOWER]: Starting leader election (initial election of a single-replica configuration)
I0609 06:56:50.559669 1868 raft_consensus.cc:2890] T 00000000000000000000000000000000 P 2f1d15ef884540a39de34977b2c2b45f [term 0 FOLLOWER]: Advancing to term 1
I0609 06:56:50.564435 1868 raft_consensus.cc:494] T 00000000000000000000000000000000 P 2f1d15ef884540a39de34977b2c2b45f [term 1 FOLLOWER]: Starting leader election with config: opid_index: -1 OBSOLETE_local: true peers { permanent_uuid: "2f1d15ef884540a39de34977b2c2b45f" member_type: VOTER }
I0609 06:56:50.564929 1868 leader_election.cc:310] T 00000000000000000000000000000000 P 2f1d15ef884540a39de34977b2c2b45f [CANDIDATE]: Term 1 election: Election decided. Result: candidate won. Election summary: received 1 responses out of 1 voters: 1 yes votes; 0 no votes. yes voters: 2f1d15ef884540a39de34977b2c2b45f; no voters:
I0609 06:56:50.566412 1868 leader_election.cc:296] T 00000000000000000000000000000000 P 2f1d15ef884540a39de34977b2c2b45f [CANDIDATE]: Term 1 election: Requested vote from peers
I0609 06:56:50.566578 1870 raft_consensus.cc:2644] T 00000000000000000000000000000000 P 2f1d15ef884540a39de34977b2c2b45f [term 1 FOLLOWER]: Leader election won for term 1
I0609 06:56:50.569566 1870 raft_consensus.cc:667] T 00000000000000000000000000000000 P 2f1d15ef884540a39de34977b2c2b45f [term 1 LEADER]: Becoming Leader. State: Replica: 2f1d15ef884540a39de34977b2c2b45f, State: Running, Role: LEADER
I0609 06:56:50.569964 1870 consensus_queue.cc:206] T 00000000000000000000000000000000 P 2f1d15ef884540a39de34977b2c2b45f [LEADER]: Queue going to LEADER mode. State: All replicated index: 0, Majority replicated index: 0, Committed index: 0, Last appended: 0.0, Last appended by leader: 0, Current term: 1, Majority size: 1, State: 0, Mode: LEADER, active raft config: opid_index: -1 OBSOLETE_local: true peers { permanent_uuid: "2f1d15ef884540a39de34977b2c2b45f" member_type: VOTER }
I0609 06:56:50.574563 1871 sys_catalog.cc:338] T 00000000000000000000000000000000 P 2f1d15ef884540a39de34977b2c2b45f [sys.catalog]: SysCatalogTable state changed. Reason: RaftConsensus started. Latest consensus state: current_term: 1 leader_uuid: "2f1d15ef884540a39de34977b2c2b45f" committed_config { opid_index: -1 OBSOLETE_local: true peers { permanent_uuid: "2f1d15ef884540a39de34977b2c2b45f" member_type: VOTER } }
I0609 06:56:50.574625 1872 sys_catalog.cc:338] T 00000000000000000000000000000000 P 2f1d15ef884540a39de34977b2c2b45f [sys.catalog]: SysCatalogTable state changed. Reason: New leader 2f1d15ef884540a39de34977b2c2b45f. Latest consensus state: current_term: 1 leader_uuid: "2f1d15ef884540a39de34977b2c2b45f" committed_config { opid_index: -1 OBSOLETE_local: true peers { permanent_uuid: "2f1d15ef884540a39de34977b2c2b45f" member_type: VOTER } }
I0609 06:56:50.575160 1872 sys_catalog.cc:341] T 00000000000000000000000000000000 P 2f1d15ef884540a39de34977b2c2b45f [sys.catalog]: This master's current role is: LEADER
I0609 06:56:50.575181 1871 sys_catalog.cc:341] T 00000000000000000000000000000000 P 2f1d15ef884540a39de34977b2c2b45f [sys.catalog]: This master's current role is: LEADER
I0609 06:56:50.575785 1868 sys_catalog.cc:338] T 00000000000000000000000000000000 P 2f1d15ef884540a39de34977b2c2b45f [sys.catalog]: SysCatalogTable state changed. Reason: Started TabletReplica. Latest consensus state: current_term: 1 leader_uuid: "2f1d15ef884540a39de34977b2c2b45f" committed_config { opid_index: -1 OBSOLETE_local: true peers { permanent_uuid: "2f1d15ef884540a39de34977b2c2b45f" member_type: VOTER } }
I0609 06:56:50.576424 1868 sys_catalog.cc:341] T 00000000000000000000000000000000 P 2f1d15ef884540a39de34977b2c2b45f [sys.catalog]: This master's current role is: LEADER
I0609 06:56:50.578480 1868 sys_catalog.cc:426] T 00000000000000000000000000000000 P 2f1d15ef884540a39de34977b2c2b45f [sys.catalog]: configured and running, proceeding with master startup.
I0609 06:56:50.579084 1875 catalog_manager.cc:1056] Loading table and tablet metadata into memory...
I0609 06:56:50.581120 1875 catalog_manager.cc:1067] Initializing Kudu internal certificate authority...
I0609 06:56:50.581914 1119 internal_mini_cluster.cc:166] Waiting to initialize catalog manager on master 0
I0609 06:56:50.611049 1875 catalog_manager.cc:951] Generated new certificate authority record
I0609 06:56:50.612449 1875 catalog_manager.cc:1076] Loading token signing keys...
I0609 06:56:50.623675 1875 catalog_manager.cc:4293] T 00000000000000000000000000000000 P 2f1d15ef884540a39de34977b2c2b45f: Generated new TSK 0
I0609 06:56:50.660789 1119 system_ntp.cc:193] NTP initialized. Skew: 500ppm Current error: 92016us
I0609 06:56:50.661101 1119 fs_manager.cc:263] Metadata directory not provided
I0609 06:56:50.661242 1119 fs_manager.cc:269] Using write-ahead log directory (fs_wal_dir) as metadata directory
I0609 06:56:50.661502 1119 server_base.cc:440] Could not load existing FS layout: Not found: could not find a healthy instance file
I0609 06:56:50.661614 1119 server_base.cc:441] Attempting to create new FS layout instead
I0609 06:56:50.662500 1119 fs_manager.cc:602] Generated new instance metadata in path /tmp/dist-test-taskY5QUuL/test-tmp/client-test.3.ClientTest.TestInsertAutoFlushSync.1560063404629499-1119/minicluster-data/ts-0-root/instance: uuid: "a0f414e4d6f64a8c9af10f8dafef1faa" format_stamp: "Formatted at 2019-06-09 06:56:50 on dist-test-slave-dist-test-slave-9h7f"
I0609 06:56:50.671061 1119 fs_manager.cc:503] Time spent creating directory manager: real 0.008s user 0.009s sys 0.000s
I0609 06:56:50.672292 1119 file_cache.cc:465] Constructed file cache lbm with capacity 419430
I0609 06:56:50.679592 1119 fs_manager.cc:419] Time spent opening block manager: real 0.001s user 0.001s sys 0.000s
I0609 06:56:50.679744 1119 fs_manager.cc:436] Opened local filesystem: /tmp/dist-test-taskY5QUuL/test-tmp/client-test.3.ClientTest.TestInsertAutoFlushSync.1560063404629499-1119/minicluster-data/ts-0-root uuid: "a0f414e4d6f64a8c9af10f8dafef1faa" format_stamp: "Formatted at 2019-06-09 06:56:50 on dist-test-slave-dist-test-slave-9h7f"
I0609 06:56:50.679966 1119 fs_report.cc:352] FS layout report -------------------- wal directory: /tmp/dist-test-taskY5QUuL/test-tmp/client-test.3.ClientTest.TestInsertAutoFlushSync.1560063404629499-1119/minicluster-data/ts-0-root metadata directory: /tmp/dist-test-taskY5QUuL/test-tmp/client-test.3.ClientTest.TestInsertAutoFlushSync.1560063404629499-1119/minicluster-data/ts-0-root 1 data directories: /tmp/dist-test-taskY5QUuL/test-tmp/client-test.3.ClientTest.TestInsertAutoFlushSync.1560063404629499-1119/minicluster-data/ts-0-root/data Total live blocks: 0 Total live bytes: 0 Total live bytes (after alignment): 0 Total number of LBM containers: 0 (0 full) Did not check for missing blocks Did not check for orphaned blocks Total full LBM containers with extra space: 0 (0 repaired) Total full LBM container extra space in bytes: 0 (0 repaired) Total incomplete LBM containers: 0 (0 repaired) Total LBM partial records: 0 (0 repaired)
I0609 06:56:50.696662 1119 ts_tablet_manager.cc:356] Loaded tablet metadata (0 total tablets, 0 live tablets)
I0609 06:56:50.696830 1119 ts_tablet_manager.cc:376] Registered 0 tablets
I0609 06:56:50.731113 1119 rpc_server.cc:205] RPC server started. Bound to: 127.1.23.193:44979
I0609 06:56:50.732797 1119 webserver.cc:374] Webserver started at http://127.1.23.193:43321/ using document root and password file
I0609 06:56:50.743718 1942 heartbeater.cc:324] Connected to a master server at 127.1.23.254:42461
I0609 06:56:50.743954 1942 heartbeater.cc:405] Registering TS with master...
I0609 06:56:50.744287 1942 heartbeater.cc:454] Master 127.1.23.254:42461 requested a full tablet report, sending...
I0609 06:56:50.745584 1835 ts_manager.cc:161] Registered new tserver with Master: a0f414e4d6f64a8c9af10f8dafef1faa (127.1.23.193:44979)
I0609 06:56:50.745674 1119 internal_mini_cluster.cc:328] 1 TS(s) registered with all masters after 0.011521052s
I0609 06:56:50.747248 1835 master_service.cc:274] Signed X509 certificate for tserver {username='slave'} at 127.0.0.1:53206
I0609 06:56:50.759434 1942 heartbeater.cc:446] Master 127.1.23.254:42461 was elected leader, sending a full tablet report...
I0609 06:56:50.763259 1834 catalog_manager.cc:1410] Servicing CreateTable request from {username='slave'} at 127.0.0.1:53208: name: "client-testtb" schema { columns { name: "key" type: INT32 is_key: true is_nullable: false encoding: AUTO_ENCODING compression: DEFAULT_COMPRESSION cfile_block_size: 0 } columns { name: "int_val" type: INT32 is_key: false is_nullable: false encoding: AUTO_ENCODING compression: DEFAULT_COMPRESSION cfile_block_size: 0 } columns { name: "string_val" type: STRING is_key: false is_nullable: true encoding: AUTO_ENCODING compression: DEFAULT_COMPRESSION cfile_block_size: 0 } columns { name: "non_null_with_default" type: INT32 is_key: false is_nullable: false read_default_value: "90\000\000" encoding: AUTO_ENCODING compression: DEFAULT_COMPRESSION cfile_block_size: 0 } } num_replicas: 1 split_rows_range_bounds { rows: "\004\001\000\t\000\000\000" } partition_schema { range_schema { columns { name: "key" } } }
I0609 06:56:50.786206 1909 tablet_service.cc:1016] Processing CreateTablet for tablet 4032f27a369f49d7914e13c9354a9aa1 (table=client-testtb [id=47d76e3afb3943e5bf5ccac7ae359eb0]), partition=RANGE (key) PARTITION VALUES < 9
I0609 06:56:50.786610 1908 tablet_service.cc:1016] Processing CreateTablet for tablet f51c5b2f1a304bd38892d3d76596cb14 (table=client-testtb [id=47d76e3afb3943e5bf5ccac7ae359eb0]), partition=RANGE (key) PARTITION VALUES >= 9
I0609 06:56:50.787147 1909 data_dirs.cc:938] Could only allocate 1 dirs of requested 3 for tablet 4032f27a369f49d7914e13c9354a9aa1. 1 dirs total, 0 dirs full, 0 dirs failed
I0609 06:56:50.787614 1908 data_dirs.cc:938] Could only allocate 1 dirs of requested 3 for tablet f51c5b2f1a304bd38892d3d76596cb14. 1 dirs total, 0 dirs full, 0 dirs failed
I0609 06:56:50.800185 1954 tablet_bootstrap.cc:439] T f51c5b2f1a304bd38892d3d76596cb14 P a0f414e4d6f64a8c9af10f8dafef1faa: Bootstrap starting.
I0609 06:56:50.802482 1954 tablet_bootstrap.cc:590] T f51c5b2f1a304bd38892d3d76596cb14 P a0f414e4d6f64a8c9af10f8dafef1faa: No blocks or log segments found. Creating new log.
I0609 06:56:50.805083 1954 tablet_bootstrap.cc:439] T f51c5b2f1a304bd38892d3d76596cb14 P a0f414e4d6f64a8c9af10f8dafef1faa: No bootstrap required, opened a new log
I0609 06:56:50.805611 1954 ts_tablet_manager.cc:1054] T f51c5b2f1a304bd38892d3d76596cb14 P a0f414e4d6f64a8c9af10f8dafef1faa: Time spent bootstrapping tablet: real 0.006s user 0.005s sys 0.000s
I0609 06:56:50.806823 1954 raft_consensus.cc:340] T f51c5b2f1a304bd38892d3d76596cb14 P a0f414e4d6f64a8c9af10f8dafef1faa [term 0 FOLLOWER]: Replica starting. Triggering 0 pending transactions. Active config: opid_index: -1 OBSOLETE_local: true peers { permanent_uuid: "a0f414e4d6f64a8c9af10f8dafef1faa" member_type: VOTER last_known_addr { host: "127.1.23.193" port: 44979 } }
I0609 06:56:50.807178 1954 raft_consensus.cc:366] T f51c5b2f1a304bd38892d3d76596cb14 P a0f414e4d6f64a8c9af10f8dafef1faa [term 0 FOLLOWER]: Consensus starting up: Expiring failure detector timer to make a prompt election more likely
I0609 06:56:50.807359 1954 raft_consensus.cc:705] T f51c5b2f1a304bd38892d3d76596cb14 P a0f414e4d6f64a8c9af10f8dafef1faa [term 0 FOLLOWER]: Becoming Follower/Learner. State: Replica: a0f414e4d6f64a8c9af10f8dafef1faa, State: Initialized, Role: FOLLOWER
I0609 06:56:50.807754 1954 consensus_queue.cc:229] T f51c5b2f1a304bd38892d3d76596cb14 P a0f414e4d6f64a8c9af10f8dafef1faa [NON_LEADER]: Queue going to NON_LEADER mode. State: All replicated index: 0, Majority replicated index: 0, Committed index: 0, Last appended: 0.0, Last appended by leader: 0, Current term: 0, Majority size: -1, State: 0, Mode: NON_LEADER, active raft config: opid_index: -1 OBSOLETE_local: true peers { permanent_uuid: "a0f414e4d6f64a8c9af10f8dafef1faa" member_type: VOTER last_known_addr { host: "127.1.23.193" port: 44979 } }
I0609 06:56:50.808189 1954 raft_consensus.cc:380] T f51c5b2f1a304bd38892d3d76596cb14 P a0f414e4d6f64a8c9af10f8dafef1faa [term 0 FOLLOWER]: Only one voter in the Raft config. Triggering election immediately
I0609 06:56:50.808411 1954 raft_consensus.cc:472] T f51c5b2f1a304bd38892d3d76596cb14 P a0f414e4d6f64a8c9af10f8dafef1faa [term 0 FOLLOWER]: Starting leader election (initial election of a single-replica configuration)
I0609 06:56:50.808678 1954 raft_consensus.cc:2890] T f51c5b2f1a304bd38892d3d76596cb14 P a0f414e4d6f64a8c9af10f8dafef1faa [term 0 FOLLOWER]: Advancing to term 1
I0609 06:56:50.812700 1954 raft_consensus.cc:494] T f51c5b2f1a304bd38892d3d76596cb14 P a0f414e4d6f64a8c9af10f8dafef1faa [term 1 FOLLOWER]: Starting leader election with config: opid_index: -1 OBSOLETE_local: true peers { permanent_uuid: "a0f414e4d6f64a8c9af10f8dafef1faa" member_type: VOTER last_known_addr { host: "127.1.23.193" port: 44979 } }
I0609 06:56:50.813277 1954 leader_election.cc:310] T f51c5b2f1a304bd38892d3d76596cb14 P a0f414e4d6f64a8c9af10f8dafef1faa [CANDIDATE]: Term 1 election: Election decided. Result: candidate won. Election summary: received 1 responses out of 1 voters: 1 yes votes; 0 no votes. yes voters: a0f414e4d6f64a8c9af10f8dafef1faa; no voters:
I0609 06:56:50.814504 1956 raft_consensus.cc:2644] T f51c5b2f1a304bd38892d3d76596cb14 P a0f414e4d6f64a8c9af10f8dafef1faa [term 1 FOLLOWER]: Leader election won for term 1
I0609 06:56:50.815177 1954 leader_election.cc:296] T f51c5b2f1a304bd38892d3d76596cb14 P a0f414e4d6f64a8c9af10f8dafef1faa [CANDIDATE]: Term 1 election: Requested vote from peers
I0609 06:56:50.816709 1956 raft_consensus.cc:667] T f51c5b2f1a304bd38892d3d76596cb14 P a0f414e4d6f64a8c9af10f8dafef1faa [term 1 LEADER]: Becoming Leader. State: Replica: a0f414e4d6f64a8c9af10f8dafef1faa, State: Running, Role: LEADER
I0609 06:56:50.817083 1956 consensus_queue.cc:206] T f51c5b2f1a304bd38892d3d76596cb14 P a0f414e4d6f64a8c9af10f8dafef1faa [LEADER]: Queue going to LEADER mode. State: All replicated index: 0, Majority replicated index: 0, Committed index: 0, Last appended: 0.0, Last appended by leader: 0, Current term: 1, Majority size: 1, State: 0, Mode: LEADER, active raft config: opid_index: -1 OBSOLETE_local: true peers { permanent_uuid: "a0f414e4d6f64a8c9af10f8dafef1faa" member_type: VOTER last_known_addr { host: "127.1.23.193" port: 44979 } }
I0609 06:56:50.818578 1954 ts_tablet_manager.cc:1082] T f51c5b2f1a304bd38892d3d76596cb14 P a0f414e4d6f64a8c9af10f8dafef1faa: Time spent starting tablet: real 0.013s user 0.009s sys 0.000s
I0609 06:56:50.819003 1954 tablet_bootstrap.cc:439] T 4032f27a369f49d7914e13c9354a9aa1 P a0f414e4d6f64a8c9af10f8dafef1faa: Bootstrap starting.
I0609 06:56:50.820822 1954 tablet_bootstrap.cc:590] T 4032f27a369f49d7914e13c9354a9aa1 P a0f414e4d6f64a8c9af10f8dafef1faa: No blocks or log segments found. Creating new log.
I0609 06:56:50.824319 1834 catalog_manager.cc:3989] T f51c5b2f1a304bd38892d3d76596cb14 P a0f414e4d6f64a8c9af10f8dafef1faa reported cstate change: term changed from 0 to 1, leader changed from to a0f414e4d6f64a8c9af10f8dafef1faa (127.1.23.193). New cstate: current_term: 1 leader_uuid: "a0f414e4d6f64a8c9af10f8dafef1faa" committed_config { opid_index: -1 OBSOLETE_local: true peers { permanent_uuid: "a0f414e4d6f64a8c9af10f8dafef1faa" member_type: VOTER last_known_addr { host: "127.1.23.193" port: 44979 } health_report { overall_health: HEALTHY } } }
I0609 06:56:50.824961 1954 tablet_bootstrap.cc:439] T 4032f27a369f49d7914e13c9354a9aa1 P a0f414e4d6f64a8c9af10f8dafef1faa: No bootstrap required, opened a new log
I0609 06:56:50.825378 1954 ts_tablet_manager.cc:1054] T 4032f27a369f49d7914e13c9354a9aa1 P a0f414e4d6f64a8c9af10f8dafef1faa: Time spent bootstrapping tablet: real 0.006s user 0.005s sys 0.000s
I0609 06:56:50.827000 1954 raft_consensus.cc:340] T 4032f27a369f49d7914e13c9354a9aa1 P a0f414e4d6f64a8c9af10f8dafef1faa [term 0 FOLLOWER]: Replica starting. Triggering 0 pending transactions. Active config: opid_index: -1 OBSOLETE_local: true peers { permanent_uuid: "a0f414e4d6f64a8c9af10f8dafef1faa" member_type: VOTER last_known_addr { host: "127.1.23.193" port: 44979 } }
I0609 06:56:50.827345 1954 raft_consensus.cc:366] T 4032f27a369f49d7914e13c9354a9aa1 P a0f414e4d6f64a8c9af10f8dafef1faa [term 0 FOLLOWER]: Consensus starting up: Expiring failure detector timer to make a prompt election more likely
I0609 06:56:50.827540 1954 raft_consensus.cc:705] T 4032f27a369f49d7914e13c9354a9aa1 P a0f414e4d6f64a8c9af10f8dafef1faa [term 0 FOLLOWER]: Becoming Follower/Learner. State: Replica: a0f414e4d6f64a8c9af10f8dafef1faa, State: Initialized, Role: FOLLOWER
I0609 06:56:50.827946 1954 consensus_queue.cc:229] T 4032f27a369f49d7914e13c9354a9aa1 P a0f414e4d6f64a8c9af10f8dafef1faa [NON_LEADER]: Queue going to NON_LEADER mode. State: All replicated index: 0, Majority replicated index: 0, Committed index: 0, Last appended: 0.0, Last appended by leader: 0, Current term: 0, Majority size: -1, State: 0, Mode: NON_LEADER, active raft config: opid_index: -1 OBSOLETE_local: true peers { permanent_uuid: "a0f414e4d6f64a8c9af10f8dafef1faa" member_type: VOTER last_known_addr { host: "127.1.23.193" port: 44979 } }
I0609 06:56:50.828519 1954 raft_consensus.cc:380] T 4032f27a369f49d7914e13c9354a9aa1 P a0f414e4d6f64a8c9af10f8dafef1faa [term 0 FOLLOWER]: Only one voter in the Raft config. Triggering election immediately
I0609 06:56:50.828814 1954 raft_consensus.cc:472] T 4032f27a369f49d7914e13c9354a9aa1 P a0f414e4d6f64a8c9af10f8dafef1faa [term 0 FOLLOWER]: Starting leader election (initial election of a single-replica configuration)
I0609 06:56:50.829094 1954 raft_consensus.cc:2890] T 4032f27a369f49d7914e13c9354a9aa1 P a0f414e4d6f64a8c9af10f8dafef1faa [term 0 FOLLOWER]: Advancing to term 1
I0609 06:56:50.832875 1954 raft_consensus.cc:494] T 4032f27a369f49d7914e13c9354a9aa1 P a0f414e4d6f64a8c9af10f8dafef1faa [term 1 FOLLOWER]: Starting leader election with config: opid_index: -1 OBSOLETE_local: true peers { permanent_uuid: "a0f414e4d6f64a8c9af10f8dafef1faa" member_type: VOTER last_known_addr { host: "127.1.23.193" port: 44979 } }
I0609 06:56:50.833364 1954 leader_election.cc:310] T 4032f27a369f49d7914e13c9354a9aa1 P a0f414e4d6f64a8c9af10f8dafef1faa [CANDIDATE]: Term 1 election: Election decided. Result: candidate won. Election summary: received 1 responses out of 1 voters: 1 yes votes; 0 no votes. yes voters: a0f414e4d6f64a8c9af10f8dafef1faa; no voters:
I0609 06:56:50.833971 1954 leader_election.cc:296] T 4032f27a369f49d7914e13c9354a9aa1 P a0f414e4d6f64a8c9af10f8dafef1faa [CANDIDATE]: Term 1 election: Requested vote from peers
I0609 06:56:50.834076 1956 raft_consensus.cc:2644] T 4032f27a369f49d7914e13c9354a9aa1 P a0f414e4d6f64a8c9af10f8dafef1faa [term 1 FOLLOWER]: Leader election won for term 1
I0609 06:56:50.834537 1956 raft_consensus.cc:667] T 4032f27a369f49d7914e13c9354a9aa1 P a0f414e4d6f64a8c9af10f8dafef1faa [term 1 LEADER]: Becoming Leader. State: Replica: a0f414e4d6f64a8c9af10f8dafef1faa, State: Running, Role: LEADER
I0609 06:56:50.835021 1956 consensus_queue.cc:206] T 4032f27a369f49d7914e13c9354a9aa1 P a0f414e4d6f64a8c9af10f8dafef1faa [LEADER]: Queue going to LEADER mode. State: All replicated index: 0, Majority replicated index: 0, Committed index: 0, Last appended: 0.0, Last appended by leader: 0, Current term: 1, Majority size: 1, State: 0, Mode: LEADER, active raft config: opid_index: -1 OBSOLETE_local: true peers { permanent_uuid: "a0f414e4d6f64a8c9af10f8dafef1faa" member_type: VOTER last_known_addr { host: "127.1.23.193" port: 44979 } }
I0609 06:56:50.834997 1954 ts_tablet_manager.cc:1082] T 4032f27a369f49d7914e13c9354a9aa1 P a0f414e4d6f64a8c9af10f8dafef1faa: Time spent starting tablet: real 0.009s user 0.009s sys 0.000s
I0609 06:56:50.841279 1834 catalog_manager.cc:3989] T 4032f27a369f49d7914e13c9354a9aa1 P a0f414e4d6f64a8c9af10f8dafef1faa reported cstate change: term changed from 0 to 1, leader changed from to a0f414e4d6f64a8c9af10f8dafef1faa (127.1.23.193). New cstate: current_term: 1 leader_uuid: "a0f414e4d6f64a8c9af10f8dafef1faa" committed_config { opid_index: -1 OBSOLETE_local: true peers { permanent_uuid: "a0f414e4d6f64a8c9af10f8dafef1faa" member_type: VOTER last_known_addr { host: "127.1.23.193" port: 44979 } health_report { overall_health: HEALTHY } } }
I0609 06:56:51.404199 1119 tablet_server.cc:155] TabletServer shutting down...
I0609 06:56:51.423861 1119 ts_tablet_manager.cc:1128] Shutting down tablet manager...
I0609 06:56:51.424113 1119 tablet_replica.cc:265] T 4032f27a369f49d7914e13c9354a9aa1 P a0f414e4d6f64a8c9af10f8dafef1faa: stopping tablet replica
I0609 06:56:51.424396 1119 raft_consensus.cc:2147] T 4032f27a369f49d7914e13c9354a9aa1 P a0f414e4d6f64a8c9af10f8dafef1faa [term 1 LEADER]: Raft consensus shutting down.
I0609 06:56:51.424661 1119 raft_consensus.cc:2174] T 4032f27a369f49d7914e13c9354a9aa1 P a0f414e4d6f64a8c9af10f8dafef1faa [term 1 FOLLOWER]: Raft consensus is shut down!
I0609 06:56:51.426784 1119 tablet_replica.cc:265] T f51c5b2f1a304bd38892d3d76596cb14 P a0f414e4d6f64a8c9af10f8dafef1faa: stopping tablet replica
I0609 06:56:51.427103 1119 raft_consensus.cc:2147] T f51c5b2f1a304bd38892d3d76596cb14 P a0f414e4d6f64a8c9af10f8dafef1faa [term 1 LEADER]: Raft consensus shutting down.
I0609 06:56:51.427414 1119 raft_consensus.cc:2174] T f51c5b2f1a304bd38892d3d76596cb14 P a0f414e4d6f64a8c9af10f8dafef1faa [term 1 FOLLOWER]: Raft consensus is shut down!
I0609 06:56:51.437288 1119 tablet_server.cc:169] TabletServer shutdown complete.
I0609 06:56:51.437474 1119 tablet_server.cc:155] TabletServer shutting down...
I0609 06:56:51.437767 1119 tablet_server.cc:169] TabletServer shutdown complete.
I0609 06:56:51.443418 1119 master.cc:247] Master@127.1.23.254:42461 shutting down...
I0609 06:56:51.457679 1119 raft_consensus.cc:2147] T 00000000000000000000000000000000 P 2f1d15ef884540a39de34977b2c2b45f [term 1 LEADER]: Raft consensus shutting down.
I0609 06:56:51.457953 1119 raft_consensus.cc:2174] T 00000000000000000000000000000000 P 2f1d15ef884540a39de34977b2c2b45f [term 1 FOLLOWER]: Raft consensus is shut down!
I0609 06:56:51.458168 1119 tablet_replica.cc:265] T 00000000000000000000000000000000 P 2f1d15ef884540a39de34977b2c2b45f: stopping tablet replica
I0609 06:56:51.473799 1119 master.cc:258] Master@127.1.23.254:42461 shutdown complete. [ OK ] ClientTest.TestInsertAutoFlushSync (1141 ms) [ RUN ] ClientTest.TestWriteWithDeadTabletServer
I0609 06:56:51.486852 1119 internal_mini_cluster.cc:146] Creating distributed mini masters. Addrs: 127.1.23.254:46433
I0609 06:56:51.498433 1119 system_ntp.cc:193] NTP initialized. Skew: 500ppm Current error: 92516us
I0609 06:56:51.498757 1119 fs_manager.cc:263] Metadata directory not provided
I0609 06:56:51.498914 1119 fs_manager.cc:269] Using write-ahead log directory (fs_wal_dir) as metadata directory
I0609 06:56:51.499110 1119 server_base.cc:440] Could not load existing FS layout: Not found: could not find a healthy instance file
I0609 06:56:51.499244 1119 server_base.cc:441] Attempting to create new FS layout instead
I0609 06:56:51.500068 1119 fs_manager.cc:602] Generated new instance metadata in path /tmp/dist-test-taskY5QUuL/test-tmp/client-test.3.ClientTest.TestWriteWithDeadTabletServer.1560063404629499-1119/minicluster-data/master-0-root/instance: uuid: "38a585c4199f4a8982834c0d9801452a" format_stamp: "Formatted at 2019-06-09 06:56:51 on dist-test-slave-dist-test-slave-9h7f"
I0609 06:56:51.508127 1119 fs_manager.cc:503] Time spent creating directory manager: real 0.008s user 0.009s sys 0.001s
I0609 06:56:51.509426 1119 file_cache.cc:465] Constructed file cache lbm with capacity 419430
I0609 06:56:51.515573 1119 fs_manager.cc:419] Time spent opening block manager: real 0.001s user 0.001s sys 0.000s
I0609 06:56:51.515744 1119 fs_manager.cc:436] Opened local filesystem: /tmp/dist-test-taskY5QUuL/test-tmp/client-test.3.ClientTest.TestWriteWithDeadTabletServer.1560063404629499-1119/minicluster-data/master-0-root uuid: "38a585c4199f4a8982834c0d9801452a" format_stamp: "Formatted at 2019-06-09 06:56:51 on dist-test-slave-dist-test-slave-9h7f"
I0609 06:56:51.515957 1119 fs_report.cc:352] FS layout report -------------------- wal directory: /tmp/dist-test-taskY5QUuL/test-tmp/client-test.3.ClientTest.TestWriteWithDeadTabletServer.1560063404629499-1119/minicluster-data/master-0-root metadata directory: /tmp/dist-test-taskY5QUuL/test-tmp/client-test.3.ClientTest.TestWriteWithDeadTabletServer.1560063404629499-1119/minicluster-data/master-0-root 1 data directories: /tmp/dist-test-taskY5QUuL/test-tmp/client-test.3.ClientTest.TestWriteWithDeadTabletServer.1560063404629499-1119/minicluster-data/master-0-root/data Total live blocks: 0 Total live bytes: 0 Total live bytes (after alignment): 0 Total number of LBM containers: 0 (0 full) Did not check for missing blocks Did not check for orphaned blocks Total full LBM containers with extra space: 0 (0 repaired) Total full LBM container extra space in bytes: 0 (0 repaired) Total incomplete LBM containers: 0 (0 repaired) Total LBM partial records: 0 (0 repaired)
I0609 06:56:51.576604 1119 rpc_server.cc:205] RPC server started. Bound to: 127.1.23.254:46433
I0609 06:56:51.578291 1119 webserver.cc:374] Webserver started at http://127.1.23.254:46625/ using document root and password file
I0609 06:56:51.579835 2019 data_dirs.cc:938] Could only allocate 1 dirs of requested 3 for tablet 00000000000000000000000000000000. 1 dirs total, 0 dirs full, 0 dirs failed
I0609 06:56:51.587074 2019 tablet_bootstrap.cc:439] T 00000000000000000000000000000000 P 38a585c4199f4a8982834c0d9801452a: Bootstrap starting.
I0609 06:56:51.589020 2019 tablet_bootstrap.cc:590] T 00000000000000000000000000000000 P 38a585c4199f4a8982834c0d9801452a: No blocks or log segments found. Creating new log.
I0609 06:56:51.591675 2019 tablet_bootstrap.cc:439] T 00000000000000000000000000000000 P 38a585c4199f4a8982834c0d9801452a: No bootstrap required, opened a new log
I0609 06:56:51.592789 2019 raft_consensus.cc:340] T 00000000000000000000000000000000 P 38a585c4199f4a8982834c0d9801452a [term 0 FOLLOWER]: Replica starting. Triggering 0 pending transactions. Active config: opid_index: -1 OBSOLETE_local: true peers { permanent_uuid: "38a585c4199f4a8982834c0d9801452a" member_type: VOTER }
I0609 06:56:51.593084 2019 raft_consensus.cc:366] T 00000000000000000000000000000000 P 38a585c4199f4a8982834c0d9801452a [term 0 FOLLOWER]: Consensus starting up: Expiring failure detector timer to make a prompt election more likely
I0609 06:56:51.593279 2019 raft_consensus.cc:705] T 00000000000000000000000000000000 P 38a585c4199f4a8982834c0d9801452a [term 0 FOLLOWER]: Becoming Follower/Learner. State: Replica: 38a585c4199f4a8982834c0d9801452a, State: Initialized, Role: FOLLOWER
I0609 06:56:51.593719 2019 consensus_queue.cc:229] T 00000000000000000000000000000000 P 38a585c4199f4a8982834c0d9801452a [NON_LEADER]: Queue going to NON_LEADER mode. State: All replicated index: 0, Majority replicated index: 0, Committed index: 0, Last appended: 0.0, Last appended by leader: 0, Current term: 0, Majority size: -1, State: 0, Mode: NON_LEADER, active raft config: opid_index: -1 OBSOLETE_local: true peers { permanent_uuid: "38a585c4199f4a8982834c0d9801452a" member_type: VOTER }
I0609 06:56:51.594079 2019 raft_consensus.cc:380] T 00000000000000000000000000000000 P 38a585c4199f4a8982834c0d9801452a [term 0 FOLLOWER]: Only one voter in the Raft config. Triggering election immediately
I0609 06:56:51.594300 2019 raft_consensus.cc:472] T 00000000000000000000000000000000 P 38a585c4199f4a8982834c0d9801452a [term 0 FOLLOWER]: Starting leader election (initial election of a single-replica configuration)
I0609 06:56:51.594516 2019 raft_consensus.cc:2890] T 00000000000000000000000000000000 P 38a585c4199f4a8982834c0d9801452a [term 0 FOLLOWER]: Advancing to term 1
I0609 06:56:51.597517 2019 raft_consensus.cc:494] T 00000000000000000000000000000000 P 38a585c4199f4a8982834c0d9801452a [term 1 FOLLOWER]: Starting leader election with config: opid_index: -1 OBSOLETE_local: true peers { permanent_uuid: "38a585c4199f4a8982834c0d9801452a" member_type: VOTER }
I0609 06:56:51.597915 2019 leader_election.cc:310] T 00000000000000000000000000000000 P 38a585c4199f4a8982834c0d9801452a [CANDIDATE]: Term 1 election: Election decided. Result: candidate won. Election summary: received 1 responses out of 1 voters: 1 yes votes; 0 no votes. yes voters: 38a585c4199f4a8982834c0d9801452a; no voters:
I0609 06:56:51.598984 2021 raft_consensus.cc:2644] T 00000000000000000000000000000000 P 38a585c4199f4a8982834c0d9801452a [term 1 FOLLOWER]: Leader election won for term 1
I0609 06:56:51.599630 2019 leader_election.cc:296] T 00000000000000000000000000000000 P 38a585c4199f4a8982834c0d9801452a [CANDIDATE]: Term 1 election: Requested vote from peers
I0609 06:56:51.601119 2021 raft_consensus.cc:667] T 00000000000000000000000000000000 P 38a585c4199f4a8982834c0d9801452a [term 1 LEADER]: Becoming Leader. State: Replica: 38a585c4199f4a8982834c0d9801452a, State: Running, Role: LEADER
I0609 06:56:51.601471 2021 consensus_queue.cc:206] T 00000000000000000000000000000000 P 38a585c4199f4a8982834c0d9801452a [LEADER]: Queue going to LEADER mode. State: All replicated index: 0, Majority replicated index: 0, Committed index: 0, Last appended: 0.0, Last appended by leader: 0, Current term: 1, Majority size: 1, State: 0, Mode: LEADER, active raft config: opid_index: -1 OBSOLETE_local: true peers { permanent_uuid: "38a585c4199f4a8982834c0d9801452a" member_type: VOTER }
I0609 06:56:51.604307 2023 sys_catalog.cc:338] T 00000000000000000000000000000000 P 38a585c4199f4a8982834c0d9801452a [sys.catalog]: SysCatalogTable state changed. Reason: New leader 38a585c4199f4a8982834c0d9801452a. Latest consensus state: current_term: 1 leader_uuid: "38a585c4199f4a8982834c0d9801452a" committed_config { opid_index: -1 OBSOLETE_local: true peers { permanent_uuid: "38a585c4199f4a8982834c0d9801452a" member_type: VOTER } }
I0609 06:56:51.604705 2023 sys_catalog.cc:341] T 00000000000000000000000000000000 P 38a585c4199f4a8982834c0d9801452a [sys.catalog]: This master's current role is: LEADER
I0609 06:56:51.606058 2022 sys_catalog.cc:338] T 00000000000000000000000000000000 P 38a585c4199f4a8982834c0d9801452a [sys.catalog]: SysCatalogTable state changed. Reason: RaftConsensus started. Latest consensus state: current_term: 1 leader_uuid: "38a585c4199f4a8982834c0d9801452a" committed_config { opid_index: -1 OBSOLETE_local: true peers { permanent_uuid: "38a585c4199f4a8982834c0d9801452a" member_type: VOTER } }
I0609 06:56:51.606065 2019 sys_catalog.cc:338] T 00000000000000000000000000000000 P 38a585c4199f4a8982834c0d9801452a [sys.catalog]: SysCatalogTable state changed. Reason: Started TabletReplica. Latest consensus state: current_term: 1 leader_uuid: "38a585c4199f4a8982834c0d9801452a" committed_config { opid_index: -1 OBSOLETE_local: true peers { permanent_uuid: "38a585c4199f4a8982834c0d9801452a" member_type: VOTER } }
I0609 06:56:51.606698 2022 sys_catalog.cc:341] T 00000000000000000000000000000000 P 38a585c4199f4a8982834c0d9801452a [sys.catalog]: This master's current role is: LEADER
I0609 06:56:51.606782 2019 sys_catalog.cc:341] T 00000000000000000000000000000000 P 38a585c4199f4a8982834c0d9801452a [sys.catalog]: This master's current role is: LEADER
I0609 06:56:51.607836 2019 sys_catalog.cc:426] T 00000000000000000000000000000000 P 38a585c4199f4a8982834c0d9801452a [sys.catalog]: configured and running, proceeding with master startup.
I0609 06:56:51.608006 2027 catalog_manager.cc:1056] Loading table and tablet metadata into memory...
I0609 06:56:51.609714 1119 internal_mini_cluster.cc:166] Waiting to initialize catalog manager on master 0
I0609 06:56:51.610901 2027 catalog_manager.cc:1067] Initializing Kudu internal certificate authority...
I0609 06:56:51.642449 2027 catalog_manager.cc:951] Generated new certificate authority record
I0609 06:56:51.643944 2027 catalog_manager.cc:1076] Loading token signing keys...
I0609 06:56:51.653592 2027 catalog_manager.cc:4293] T 00000000000000000000000000000000 P 38a585c4199f4a8982834c0d9801452a: Generated new TSK 0
I0609 06:56:51.688221 1119 system_ntp.cc:193] NTP initialized. Skew: 500ppm Current error: 92516us
I0609 06:56:51.688496 1119 fs_manager.cc:263] Metadata directory not provided
I0609 06:56:51.688616 1119 fs_manager.cc:269] Using write-ahead log directory (fs_wal_dir) as metadata directory
I0609 06:56:51.688802 1119 server_base.cc:440] Could not load existing FS layout: Not found: could not find a healthy instance file
I0609 06:56:51.688920 1119 server_base.cc:441] Attempting to create new FS layout instead
I0609 06:56:51.689834 1119 fs_manager.cc:602] Generated new instance metadata in path /tmp/dist-test-taskY5QUuL/test-tmp/client-test.3.ClientTest.TestWriteWithDeadTabletServer.1560063404629499-1119/minicluster-data/ts-0-root/instance: uuid: "470ca18b1ee94cb49eee7cc632c7272a" format_stamp: "Formatted at 2019-06-09 06:56:51 on dist-test-slave-dist-test-slave-9h7f"
I0609 06:56:51.698207 1119 fs_manager.cc:503] Time spent creating directory manager: real 0.008s user 0.006s sys 0.002s
I0609 06:56:51.699379 1119 file_cache.cc:465] Constructed file cache lbm with capacity 419430
I0609 06:56:51.706202 1119 fs_manager.cc:419] Time spent opening block manager: real 0.001s user 0.000s sys 0.001s
I0609 06:56:51.706336 1119 fs_manager.cc:436] Opened local filesystem: /tmp/dist-test-taskY5QUuL/test-tmp/client-test.3.ClientTest.TestWriteWithDeadTabletServer.1560063404629499-1119/minicluster-data/ts-0-root uuid: "470ca18b1ee94cb49eee7cc632c7272a" format_stamp: "Formatted at 2019-06-09 06:56:51 on dist-test-slave-dist-test-slave-9h7f"
I0609 06:56:51.706524 1119 fs_report.cc:352] FS layout report -------------------- wal directory: /tmp/dist-test-taskY5QUuL/test-tmp/client-test.3.ClientTest.TestWriteWithDeadTabletServer.1560063404629499-1119/minicluster-data/ts-0-root metadata directory: /tmp/dist-test-taskY5QUuL/test-tmp/client-test.3.ClientTest.TestWriteWithDeadTabletServer.1560063404629499-1119/minicluster-data/ts-0-root 1 data directories: /tmp/dist-test-taskY5QUuL/test-tmp/client-test.3.ClientTest.TestWriteWithDeadTabletServer.1560063404629499-1119/minicluster-data/ts-0-root/data Total live blocks: 0 Total live bytes: 0 Total live bytes (after alignment): 0 Total number of LBM containers: 0 (0 full) Did not check for missing blocks Did not check for orphaned blocks Total full LBM containers with extra space: 0 (0 repaired) Total full LBM container extra space in bytes: 0 (0 repaired) Total incomplete LBM containers: 0 (0 repaired) Total LBM partial records: 0 (0 repaired)
I0609 06:56:51.722803 1119 ts_tablet_manager.cc:356] Loaded tablet metadata (0 total tablets, 0 live tablets)
I0609 06:56:51.722935 1119 ts_tablet_manager.cc:376] Registered 0 tablets
I0609 06:56:51.758051 1119 rpc_server.cc:205] RPC server started. Bound to: 127.1.23.193:41067
I0609 06:56:51.759604 1119 webserver.cc:374] Webserver started at http://127.1.23.193:46227/ using document root and password file
I0609 06:56:51.770429 2094 heartbeater.cc:324] Connected to a master server at 127.1.23.254:46433
I0609 06:56:51.770632 2094 heartbeater.cc:405] Registering TS with master...
I0609 06:56:51.770954 2094 heartbeater.cc:454] Master 127.1.23.254:46433 requested a full tablet report, sending...
I0609 06:56:51.772533 1986 ts_manager.cc:161] Registered new tserver with Master: 470ca18b1ee94cb49eee7cc632c7272a (127.1.23.193:41067)
I0609 06:56:51.772851 1119 internal_mini_cluster.cc:328] 1 TS(s) registered with all masters after 0.011666344s
I0609 06:56:51.774472 1986 master_service.cc:274] Signed X509 certificate for tserver {username='slave'} at 127.0.0.1:55460
I0609 06:56:51.787668 2094 heartbeater.cc:446] Master 127.1.23.254:46433 was elected leader, sending a full tablet report...
I0609 06:56:51.791483 1985 catalog_manager.cc:1410] Servicing CreateTable request from {username='slave'} at 127.0.0.1:55462: name: "client-testtb" schema { columns { name: "key" type: INT32 is_key: true is_nullable: false encoding: AUTO_ENCODING compression: DEFAULT_COMPRESSION cfile_block_size: 0 } columns { name: "int_val" type: INT32 is_key: false is_nullable: false encoding: AUTO_ENCODING compression: DEFAULT_COMPRESSION cfile_block_size: 0 } columns { name: "string_val" type: STRING is_key: false is_nullable: true encoding: AUTO_ENCODING compression: DEFAULT_COMPRESSION cfile_block_size: 0 } columns { name: "non_null_with_default" type: INT32 is_key: false is_nullable: false read_default_value: "90\000\000" encoding: AUTO_ENCODING compression: DEFAULT_COMPRESSION cfile_block_size: 0 } } num_replicas: 1 split_rows_range_bounds { rows: "\004\001\000\t\000\000\000" } partition_schema { range_schema { columns { name: "key" } } }
I0609 06:56:51.815562 2061 tablet_service.cc:1016] Processing CreateTablet for tablet 9895ab7d7e7e4c7397ac2059799b2d8a (table=client-testtb [id=7ce2ba23f20c4d0cbeb16d674c43b1c4]), partition=RANGE (key) PARTITION VALUES < 9
I0609 06:56:51.815991 2060 tablet_service.cc:1016] Processing CreateTablet for tablet 22d97a7080d94e4dbc4af93e099b7a6a (table=client-testtb [id=7ce2ba23f20c4d0cbeb16d674c43b1c4]), partition=RANGE (key) PARTITION VALUES >= 9
I0609 06:56:51.816520 2061 data_dirs.cc:938] Could only allocate 1 dirs of requested 3 for tablet 9895ab7d7e7e4c7397ac2059799b2d8a. 1 dirs total, 0 dirs full, 0 dirs failed
I0609 06:56:51.816978 2060 data_dirs.cc:938] Could only allocate 1 dirs of requested 3 for tablet 22d97a7080d94e4dbc4af93e099b7a6a. 1 dirs total, 0 dirs full, 0 dirs failed
I0609 06:56:51.826679 2106 tablet_bootstrap.cc:439] T 22d97a7080d94e4dbc4af93e099b7a6a P 470ca18b1ee94cb49eee7cc632c7272a: Bootstrap starting.
I0609 06:56:51.828972 2106 tablet_bootstrap.cc:590] T 22d97a7080d94e4dbc4af93e099b7a6a P 470ca18b1ee94cb49eee7cc632c7272a: No blocks or log segments found. Creating new log.
I0609 06:56:51.831516 2106 tablet_bootstrap.cc:439] T 22d97a7080d94e4dbc4af93e099b7a6a P 470ca18b1ee94cb49eee7cc632c7272a: No bootstrap required, opened a new log
I0609 06:56:51.831805 2106 ts_tablet_manager.cc:1054] T 22d97a7080d94e4dbc4af93e099b7a6a P 470ca18b1ee94cb49eee7cc632c7272a: Time spent bootstrapping tablet: real 0.005s user 0.000s sys 0.004s
I0609 06:56:51.832953 2106 raft_consensus.cc:340] T 22d97a7080d94e4dbc4af93e099b7a6a P 470ca18b1ee94cb49eee7cc632c7272a [term 0 FOLLOWER]: Replica starting. Triggering 0 pending transactions. Active config: opid_index: -1 OBSOLETE_local: true peers { permanent_uuid: "470ca18b1ee94cb49eee7cc632c7272a" member_type: VOTER last_known_addr { host: "127.1.23.193" port: 41067 } }
I0609 06:56:51.833288 2106 raft_consensus.cc:366] T 22d97a7080d94e4dbc4af93e099b7a6a P 470ca18b1ee94cb49eee7cc632c7272a [term 0 FOLLOWER]: Consensus starting up: Expiring failure detector timer to make a prompt election more likely
I0609 06:56:51.833613 2106 raft_consensus.cc:705] T 22d97a7080d94e4dbc4af93e099b7a6a P 470ca18b1ee94cb49eee7cc632c7272a [term 0 FOLLOWER]: Becoming Follower/Learner. State: Replica: 470ca18b1ee94cb49eee7cc632c7272a, State: Initialized, Role: FOLLOWER
I0609 06:56:51.834107 2106 consensus_queue.cc:229] T 22d97a7080d94e4dbc4af93e099b7a6a P 470ca18b1ee94cb49eee7cc632c7272a [NON_LEADER]: Queue going to NON_LEADER mode. State: All replicated index: 0, Majority replicated index: 0, Committed index: 0, Last appended: 0.0, Last appended by leader: 0, Current term: 0, Majority size: -1, State: 0, Mode: NON_LEADER, active raft config: opid_index: -1 OBSOLETE_local: true peers { permanent_uuid: "470ca18b1ee94cb49eee7cc632c7272a" member_type: VOTER last_known_addr { host: "127.1.23.193" port: 41067 } }
I0609 06:56:51.834540 2106 raft_consensus.cc:380] T 22d97a7080d94e4dbc4af93e099b7a6a P 470ca18b1ee94cb49eee7cc632c7272a [term 0 FOLLOWER]: Only one voter in the Raft config. Triggering election immediately
I0609 06:56:51.834722 2106 raft_consensus.cc:472] T 22d97a7080d94e4dbc4af93e099b7a6a P 470ca18b1ee94cb49eee7cc632c7272a [term 0 FOLLOWER]: Starting leader election (initial election of a single-replica configuration)
I0609 06:56:51.835011 2106 raft_consensus.cc:2890] T 22d97a7080d94e4dbc4af93e099b7a6a P 470ca18b1ee94cb49eee7cc632c7272a [term 0 FOLLOWER]: Advancing to term 1
I0609 06:56:51.838655 2106 raft_consensus.cc:494] T 22d97a7080d94e4dbc4af93e099b7a6a P 470ca18b1ee94cb49eee7cc632c7272a [term 1 FOLLOWER]: Starting leader election with config: opid_index: -1 OBSOLETE_local: true peers { permanent_uuid: "470ca18b1ee94cb49eee7cc632c7272a" member_type: VOTER last_known_addr { host: "127.1.23.193" port: 41067 } }
I0609 06:56:51.839089 2106 leader_election.cc:310] T 22d97a7080d94e4dbc4af93e099b7a6a P 470ca18b1ee94cb49eee7cc632c7272a [CANDIDATE]: Term 1 election: Election decided. Result: candidate won. Election summary: received 1 responses out of 1 voters: 1 yes votes; 0 no votes. yes voters: 470ca18b1ee94cb49eee7cc632c7272a; no voters:
I0609 06:56:51.840342 2108 raft_consensus.cc:2644] T 22d97a7080d94e4dbc4af93e099b7a6a P 470ca18b1ee94cb49eee7cc632c7272a [term 1 FOLLOWER]: Leader election won for term 1
I0609 06:56:51.840960 2106 leader_election.cc:296] T 22d97a7080d94e4dbc4af93e099b7a6a P 470ca18b1ee94cb49eee7cc632c7272a [CANDIDATE]: Term 1 election: Requested vote from peers
I0609 06:56:51.842576 2106 ts_tablet_manager.cc:1082] T 22d97a7080d94e4dbc4af93e099b7a6a P 470ca18b1ee94cb49eee7cc632c7272a: Time spent starting tablet: real 0.011s user 0.008s sys 0.001s
I0609 06:56:51.843160 2106 tablet_bootstrap.cc:439] T 9895ab7d7e7e4c7397ac2059799b2d8a P 470ca18b1ee94cb49eee7cc632c7272a: Bootstrap starting.
I0609 06:56:51.845402 2108 raft_consensus.cc:667] T 22d97a7080d94e4dbc4af93e099b7a6a P 470ca18b1ee94cb49eee7cc632c7272a [term 1 LEADER]: Becoming Leader. State: Replica: 470ca18b1ee94cb49eee7cc632c7272a, State: Running, Role: LEADER
I0609 06:56:51.845906 2108 consensus_queue.cc:206] T 22d97a7080d94e4dbc4af93e099b7a6a P 470ca18b1ee94cb49eee7cc632c7272a [LEADER]: Queue going to LEADER mode. State: All replicated index: 0, Majority replicated index: 0, Committed index: 0, Last appended: 0.0, Last appended by leader: 0, Current term: 1, Majority size: 1, State: 0, Mode: LEADER, active raft config: opid_index: -1 OBSOLETE_local: true peers { permanent_uuid: "470ca18b1ee94cb49eee7cc632c7272a" member_type: VOTER last_known_addr { host: "127.1.23.193" port: 41067 } }
I0609 06:56:51.848624 2106 tablet_bootstrap.cc:590] T 9895ab7d7e7e4c7397ac2059799b2d8a P 470ca18b1ee94cb49eee7cc632c7272a: No blocks or log segments found. Creating new log.
I0609 06:56:51.851836 2106 tablet_bootstrap.cc:439] T 9895ab7d7e7e4c7397ac2059799b2d8a P 470ca18b1ee94cb49eee7cc632c7272a: No bootstrap required, opened a new log
I0609 06:56:51.852295 2106 ts_tablet_manager.cc:1054] T 9895ab7d7e7e4c7397ac2059799b2d8a P 470ca18b1ee94cb49eee7cc632c7272a: Time spent bootstrapping tablet: real 0.009s user 0.005s sys 0.001s
I0609 06:56:51.852604 1985 catalog_manager.cc:3989] T 22d97a7080d94e4dbc4af93e099b7a6a P 470ca18b1ee94cb49eee7cc632c7272a reported cstate change: term changed from 0 to 1, leader changed from to 470ca18b1ee94cb49eee7cc632c7272a (127.1.23.193). New cstate: current_term: 1 leader_uuid: "470ca18b1ee94cb49eee7cc632c7272a" committed_config { opid_index: -1 OBSOLETE_local: true peers { permanent_uuid: "470ca18b1ee94cb49eee7cc632c7272a" member_type: VOTER last_known_addr { host: "127.1.23.193" port: 41067 } health_report { overall_health: HEALTHY } } }
I0609 06:56:51.854084 2106 raft_consensus.cc:340] T 9895ab7d7e7e4c7397ac2059799b2d8a P 470ca18b1ee94cb49eee7cc632c7272a [term 0 FOLLOWER]: Replica starting. Triggering 0 pending transactions. Active config: opid_index: -1 OBSOLETE_local: true peers { permanent_uuid: "470ca18b1ee94cb49eee7cc632c7272a" member_type: VOTER last_known_addr { host: "127.1.23.193" port: 41067 } }
I0609 06:56:51.854605 2106 raft_consensus.cc:366] T 9895ab7d7e7e4c7397ac2059799b2d8a P 470ca18b1ee94cb49eee7cc632c7272a [term 0 FOLLOWER]: Consensus starting up: Expiring failure detector timer to make a prompt election more likely
I0609 06:56:51.854878 2106 raft_consensus.cc:705] T 9895ab7d7e7e4c7397ac2059799b2d8a P 470ca18b1ee94cb49eee7cc632c7272a [term 0 FOLLOWER]: Becoming Follower/Learner. State: Replica: 470ca18b1ee94cb49eee7cc632c7272a, State: Initialized, Role: FOLLOWER
I0609 06:56:51.855334 2106 consensus_queue.cc:229] T 9895ab7d7e7e4c7397ac2059799b2d8a P 470ca18b1ee94cb49eee7cc632c7272a [NON_LEADER]: Queue going to NON_LEADER mode. State: All replicated index: 0, Majority replicated index: 0, Committed index: 0, Last appended: 0.0, Last appended by leader: 0, Current term: 0, Majority size: -1, State: 0, Mode: NON_LEADER, active raft config: opid_index: -1 OBSOLETE_local: true peers { permanent_uuid: "470ca18b1ee94cb49eee7cc632c7272a" member_type: VOTER last_known_addr { host: "127.1.23.193" port: 41067 } }
I0609 06:56:51.855746 2106 raft_consensus.cc:380] T 9895ab7d7e7e4c7397ac2059799b2d8a P 470ca18b1ee94cb49eee7cc632c7272a [term 0 FOLLOWER]: Only one voter in the Raft config. Triggering election immediately
I0609 06:56:51.855924 2106 raft_consensus.cc:472] T 9895ab7d7e7e4c7397ac2059799b2d8a P 470ca18b1ee94cb49eee7cc632c7272a [term 0 FOLLOWER]: Starting leader election (initial election of a single-replica configuration)
I0609 06:56:51.856209 2106 raft_consensus.cc:2890] T 9895ab7d7e7e4c7397ac2059799b2d8a P 470ca18b1ee94cb49eee7cc632c7272a [term 0 FOLLOWER]: Advancing to term 1
I0609 06:56:51.860409 2106 raft_consensus.cc:494] T 9895ab7d7e7e4c7397ac2059799b2d8a P 470ca18b1ee94cb49eee7cc632c7272a [term 1 FOLLOWER]: Starting leader election with config: opid_index: -1 OBSOLETE_local: true peers { permanent_uuid: "470ca18b1ee94cb49eee7cc632c7272a" member_type: VOTER last_known_addr { host: "127.1.23.193" port: 41067 } }
I0609 06:56:51.860826 2106 leader_election.cc:310] T 9895ab7d7e7e4c7397ac2059799b2d8a P 470ca18b1ee94cb49eee7cc632c7272a [CANDIDATE]: Term 1 election: Election decided. Result: candidate won. Election summary: received 1 responses out of 1 voters: 1 yes votes; 0 no votes. yes voters: 470ca18b1ee94cb49eee7cc632c7272a; no voters:
I0609 06:56:51.861284 2106 leader_election.cc:296] T 9895ab7d7e7e4c7397ac2059799b2d8a P 470ca18b1ee94cb49eee7cc632c7272a [CANDIDATE]: Term 1 election: Requested vote from peers
I0609 06:56:51.861441 2110 raft_consensus.cc:2644] T 9895ab7d7e7e4c7397ac2059799b2d8a P 470ca18b1ee94cb49eee7cc632c7272a [term 1 FOLLOWER]: Leader election won for term 1
