I0609 06:57:02.362273 1119 fs_manager.cc:503] Time spent creating directory manager: real 0.009s user 0.010s sys 0.001s
I0609 06:57:02.363620 1119 file_cache.cc:465] Constructed file cache lbm with capacity 419430
I0609 06:57:02.374161 1119 fs_manager.cc:419] Time spent opening block manager: real 0.004s user 0.004s sys 0.000s
I0609 06:57:02.374325 1119 fs_manager.cc:436] Opened local filesystem: /tmp/dist-test-taskY5QUuL/test-tmp/client-test.3.IntColEncodings_IntEncodingNullPredicatesTest.TestIntEncodings_1.1560063404629499-1119/minicluster-data/ts-0-root uuid: "9e8e91cee81e41949dc8a8c1bf5c45ce" format_stamp: "Formatted at 2019-06-09 06:57:02 on dist-test-slave-dist-test-slave-9h7f"
I0609 06:57:02.374590 1119 fs_report.cc:352] FS layout report -------------------- wal directory: /tmp/dist-test-taskY5QUuL/test-tmp/client-test.3.IntColEncodings_IntEncodingNullPredicatesTest.TestIntEncodings_1.1560063404629499-1119/minicluster-data/ts-0-root metadata directory: /tmp/dist-test-taskY5QUuL/test-tmp/client-test.3.IntColEncodings_IntEncodingNullPredicatesTest.TestIntEncodings_1.1560063404629499-1119/minicluster-data/ts-0-root 1 data directories: /tmp/dist-test-taskY5QUuL/test-tmp/client-test.3.IntColEncodings_IntEncodingNullPredicatesTest.TestIntEncodings_1.1560063404629499-1119/minicluster-data/ts-0-root/data Total live blocks: 0 Total live bytes: 0 Total live bytes (after alignment): 0 Total number of LBM containers: 0 (0 full) Did not check for missing blocks Did not check for orphaned blocks Total full LBM containers with extra space: 0 (0 repaired) Total full LBM container extra space in bytes: 0 (0 repaired) Total incomplete LBM containers: 0 (0 repaired) Total LBM partial records: 0 (0 repaired)
I0609 06:57:02.417145 1119 ts_tablet_manager.cc:356] Loaded tablet metadata (0 total tablets, 0 live tablets)
I0609 06:57:02.417377 1119 ts_tablet_manager.cc:376] Registered 0 tablets
I0609 06:57:02.540693 1119 rpc_server.cc:205] RPC server started. Bound to: 127.1.23.193:36499
I0609 06:57:02.542603 1119 webserver.cc:374] Webserver started at http://127.1.23.193:43205/ using document root and password file
I0609 06:57:02.556546 3794 heartbeater.cc:324] Connected to a master server at 127.1.23.254:38771
I0609 06:57:02.556792 3794 heartbeater.cc:405] Registering TS with master...
I0609 06:57:02.557209 3794 heartbeater.cc:454] Master 127.1.23.254:38771 requested a full tablet report, sending...
I0609 06:57:02.558635 3686 ts_manager.cc:161] Registered new tserver with Master: 9e8e91cee81e41949dc8a8c1bf5c45ce (127.1.23.193:36499)
I0609 06:57:02.559502 1119 internal_mini_cluster.cc:328] 1 TS(s) registered with all masters after 0.01499052s
I0609 06:57:02.560276 3686 master_service.cc:274] Signed X509 certificate for tserver {username='slave'} at 127.0.0.1:53664
I0609 06:57:02.572659 3794 heartbeater.cc:446] Master 127.1.23.254:38771 was elected leader, sending a full tablet report...
I0609 06:57:02.583748 3686 catalog_manager.cc:1410] Servicing CreateTable request from {username='slave'} at 127.0.0.1:53666: name: "client-testtb" schema { columns { name: "key" type: INT32 is_key: true is_nullable: false encoding: AUTO_ENCODING compression: DEFAULT_COMPRESSION cfile_block_size: 0 } columns { name: "int_val" type: INT32 is_key: false is_nullable: false encoding: AUTO_ENCODING compression: DEFAULT_COMPRESSION cfile_block_size: 0 } columns { name: "string_val" type: STRING is_key: false is_nullable: true encoding: AUTO_ENCODING compression: DEFAULT_COMPRESSION cfile_block_size: 0 } columns { name: "non_null_with_default" type: INT32 is_key: false is_nullable: false read_default_value: "90\000\000" encoding: AUTO_ENCODING compression: DEFAULT_COMPRESSION cfile_block_size: 0 } } num_replicas: 1 split_rows_range_bounds { rows: "\004\001\000\t\000\000\000" } partition_schema { range_schema { columns { name: "key" } } }
I0609 06:57:02.617324 3761 tablet_service.cc:1016] Processing CreateTablet for tablet 04ee444de7ff4da5a677ff23770f71d7 (table=client-testtb [id=feee23b3888943c4b41c8e5d189ade3d]), partition=RANGE (key) PARTITION VALUES < 9
I0609 06:57:02.617879 3760 tablet_service.cc:1016] Processing CreateTablet for tablet d88e19b65a02410786c209cbb05d0d18 (table=client-testtb [id=feee23b3888943c4b41c8e5d189ade3d]), partition=RANGE (key) PARTITION VALUES >= 9
I0609 06:57:02.618232 3761 data_dirs.cc:938] Could only allocate 1 dirs of requested 3 for tablet 04ee444de7ff4da5a677ff23770f71d7. 1 dirs total, 0 dirs full, 0 dirs failed
I0609 06:57:02.619383 3760 data_dirs.cc:938] Could only allocate 1 dirs of requested 3 for tablet d88e19b65a02410786c209cbb05d0d18. 1 dirs total, 0 dirs full, 0 dirs failed
I0609 06:57:02.630748 3806 tablet_bootstrap.cc:439] T d88e19b65a02410786c209cbb05d0d18 P 9e8e91cee81e41949dc8a8c1bf5c45ce: Bootstrap starting.
I0609 06:57:02.634837 3806 tablet_bootstrap.cc:590] T d88e19b65a02410786c209cbb05d0d18 P 9e8e91cee81e41949dc8a8c1bf5c45ce: No blocks or log segments found. Creating new log.
I0609 06:57:02.638203 3806 tablet_bootstrap.cc:439] T d88e19b65a02410786c209cbb05d0d18 P 9e8e91cee81e41949dc8a8c1bf5c45ce: No bootstrap required, opened a new log
I0609 06:57:02.638631 3806 ts_tablet_manager.cc:1054] T d88e19b65a02410786c209cbb05d0d18 P 9e8e91cee81e41949dc8a8c1bf5c45ce: Time spent bootstrapping tablet: real 0.008s user 0.006s sys 0.000s
I0609 06:57:02.640365 3806 raft_consensus.cc:340] T d88e19b65a02410786c209cbb05d0d18 P 9e8e91cee81e41949dc8a8c1bf5c45ce [term 0 FOLLOWER]: Replica starting. Triggering 0 pending transactions. Active config: opid_index: -1 OBSOLETE_local: true peers { permanent_uuid: "9e8e91cee81e41949dc8a8c1bf5c45ce" member_type: VOTER last_known_addr { host: "127.1.23.193" port: 36499 } }
I0609 06:57:02.640954 3806 raft_consensus.cc:366] T d88e19b65a02410786c209cbb05d0d18 P 9e8e91cee81e41949dc8a8c1bf5c45ce [term 0 FOLLOWER]: Consensus starting up: Expiring failure detector timer to make a prompt election more likely
I0609 06:57:02.641189 3806 raft_consensus.cc:705] T d88e19b65a02410786c209cbb05d0d18 P 9e8e91cee81e41949dc8a8c1bf5c45ce [term 0 FOLLOWER]: Becoming Follower/Learner. State: Replica: 9e8e91cee81e41949dc8a8c1bf5c45ce, State: Initialized, Role: FOLLOWER
I0609 06:57:02.641763 3806 consensus_queue.cc:229] T d88e19b65a02410786c209cbb05d0d18 P 9e8e91cee81e41949dc8a8c1bf5c45ce [NON_LEADER]: Queue going to NON_LEADER mode. State: All replicated index: 0, Majority replicated index: 0, Committed index: 0, Last appended: 0.0, Last appended by leader: 0, Current term: 0, Majority size: -1, State: 0, Mode: NON_LEADER, active raft config: opid_index: -1 OBSOLETE_local: true peers { permanent_uuid: "9e8e91cee81e41949dc8a8c1bf5c45ce" member_type: VOTER last_known_addr { host: "127.1.23.193" port: 36499 } }
I0609 06:57:02.642349 3806 raft_consensus.cc:380] T d88e19b65a02410786c209cbb05d0d18 P 9e8e91cee81e41949dc8a8c1bf5c45ce [term 0 FOLLOWER]: Only one voter in the Raft config. Triggering election immediately
I0609 06:57:02.642575 3806 raft_consensus.cc:472] T d88e19b65a02410786c209cbb05d0d18 P 9e8e91cee81e41949dc8a8c1bf5c45ce [term 0 FOLLOWER]: Starting leader election (initial election of a single-replica configuration)
I0609 06:57:02.642889 3806 raft_consensus.cc:2890] T d88e19b65a02410786c209cbb05d0d18 P 9e8e91cee81e41949dc8a8c1bf5c45ce [term 0 FOLLOWER]: Advancing to term 1
I0609 06:57:02.648442 3806 raft_consensus.cc:494] T d88e19b65a02410786c209cbb05d0d18 P 9e8e91cee81e41949dc8a8c1bf5c45ce [term 1 FOLLOWER]: Starting leader election with config: opid_index: -1 OBSOLETE_local: true peers { permanent_uuid: "9e8e91cee81e41949dc8a8c1bf5c45ce" member_type: VOTER last_known_addr { host: "127.1.23.193" port: 36499 } }
I0609 06:57:02.649019 3806 leader_election.cc:310] T d88e19b65a02410786c209cbb05d0d18 P 9e8e91cee81e41949dc8a8c1bf5c45ce [CANDIDATE]: Term 1 election: Election decided. Result: candidate won. Election summary: received 1 responses out of 1 voters: 1 yes votes; 0 no votes. yes voters: 9e8e91cee81e41949dc8a8c1bf5c45ce; no voters:
I0609 06:57:02.650490 3806 leader_election.cc:296] T d88e19b65a02410786c209cbb05d0d18 P 9e8e91cee81e41949dc8a8c1bf5c45ce [CANDIDATE]: Term 1 election: Requested vote from peers
I0609 06:57:02.650640 3808 raft_consensus.cc:2644] T d88e19b65a02410786c209cbb05d0d18 P 9e8e91cee81e41949dc8a8c1bf5c45ce [term 1 FOLLOWER]: Leader election won for term 1
I0609 06:57:02.652814 3806 ts_tablet_manager.cc:1082] T d88e19b65a02410786c209cbb05d0d18 P 9e8e91cee81e41949dc8a8c1bf5c45ce: Time spent starting tablet: real 0.014s user 0.015s sys 0.000s
I0609 06:57:02.652842 3808 raft_consensus.cc:667] T d88e19b65a02410786c209cbb05d0d18 P 9e8e91cee81e41949dc8a8c1bf5c45ce [term 1 LEADER]: Becoming Leader. State: Replica: 9e8e91cee81e41949dc8a8c1bf5c45ce, State: Running, Role: LEADER
I0609 06:57:02.653424 3806 tablet_bootstrap.cc:439] T 04ee444de7ff4da5a677ff23770f71d7 P 9e8e91cee81e41949dc8a8c1bf5c45ce: Bootstrap starting.
I0609 06:57:02.653662 3808 consensus_queue.cc:206] T d88e19b65a02410786c209cbb05d0d18 P 9e8e91cee81e41949dc8a8c1bf5c45ce [LEADER]: Queue going to LEADER mode. State: All replicated index: 0, Majority replicated index: 0, Committed index: 0, Last appended: 0.0, Last appended by leader: 0, Current term: 1, Majority size: 1, State: 0, Mode: LEADER, active raft config: opid_index: -1 OBSOLETE_local: true peers { permanent_uuid: "9e8e91cee81e41949dc8a8c1bf5c45ce" member_type: VOTER last_known_addr { host: "127.1.23.193" port: 36499 } }
I0609 06:57:02.655732 3806 tablet_bootstrap.cc:590] T 04ee444de7ff4da5a677ff23770f71d7 P 9e8e91cee81e41949dc8a8c1bf5c45ce: No blocks or log segments found. Creating new log.
I0609 06:57:02.660836 3806 tablet_bootstrap.cc:439] T 04ee444de7ff4da5a677ff23770f71d7 P 9e8e91cee81e41949dc8a8c1bf5c45ce: No bootstrap required, opened a new log
I0609 06:57:02.661464 3806 ts_tablet_manager.cc:1054] T 04ee444de7ff4da5a677ff23770f71d7 P 9e8e91cee81e41949dc8a8c1bf5c45ce: Time spent bootstrapping tablet: real 0.008s user 0.003s sys 0.004s
I0609 06:57:02.660928 3686 catalog_manager.cc:3989] T d88e19b65a02410786c209cbb05d0d18 P 9e8e91cee81e41949dc8a8c1bf5c45ce reported cstate change: term changed from 0 to 1, leader changed from to 9e8e91cee81e41949dc8a8c1bf5c45ce (127.1.23.193). New cstate: current_term: 1 leader_uuid: "9e8e91cee81e41949dc8a8c1bf5c45ce" committed_config { opid_index: -1 OBSOLETE_local: true peers { permanent_uuid: "9e8e91cee81e41949dc8a8c1bf5c45ce" member_type: VOTER last_known_addr { host: "127.1.23.193" port: 36499 } health_report { overall_health: HEALTHY } } }
I0609 06:57:02.662881 3806 raft_consensus.cc:340] T 04ee444de7ff4da5a677ff23770f71d7 P 9e8e91cee81e41949dc8a8c1bf5c45ce [term 0 FOLLOWER]: Replica starting. Triggering 0 pending transactions. Active config: opid_index: -1 OBSOLETE_local: true peers { permanent_uuid: "9e8e91cee81e41949dc8a8c1bf5c45ce" member_type: VOTER last_known_addr { host: "127.1.23.193" port: 36499 } }
I0609 06:57:02.663950 3806 raft_consensus.cc:366] T 04ee444de7ff4da5a677ff23770f71d7 P 9e8e91cee81e41949dc8a8c1bf5c45ce [term 0 FOLLOWER]: Consensus starting up: Expiring failure detector timer to make a prompt election more likely
I0609 06:57:02.664374 3806 raft_consensus.cc:705] T 04ee444de7ff4da5a677ff23770f71d7 P 9e8e91cee81e41949dc8a8c1bf5c45ce [term 0 FOLLOWER]: Becoming Follower/Learner. State: Replica: 9e8e91cee81e41949dc8a8c1bf5c45ce, State: Initialized, Role: FOLLOWER
I0609 06:57:02.665119 3806 consensus_queue.cc:229] T 04ee444de7ff4da5a677ff23770f71d7 P 9e8e91cee81e41949dc8a8c1bf5c45ce [NON_LEADER]: Queue going to NON_LEADER mode. State: All replicated index: 0, Majority replicated index: 0, Committed index: 0, Last appended: 0.0, Last appended by leader: 0, Current term: 0, Majority size: -1, State: 0, Mode: NON_LEADER, active raft config: opid_index: -1 OBSOLETE_local: true peers { permanent_uuid: "9e8e91cee81e41949dc8a8c1bf5c45ce" member_type: VOTER last_known_addr { host: "127.1.23.193" port: 36499 } }
I0609 06:57:02.665625 3806 raft_consensus.cc:380] T 04ee444de7ff4da5a677ff23770f71d7 P 9e8e91cee81e41949dc8a8c1bf5c45ce [term 0 FOLLOWER]: Only one voter in the Raft config. Triggering election immediately
I0609 06:57:02.665879 3806 raft_consensus.cc:472] T 04ee444de7ff4da5a677ff23770f71d7 P 9e8e91cee81e41949dc8a8c1bf5c45ce [term 0 FOLLOWER]: Starting leader election (initial election of a single-replica configuration)
I0609 06:57:02.666090 3806 raft_consensus.cc:2890] T 04ee444de7ff4da5a677ff23770f71d7 P 9e8e91cee81e41949dc8a8c1bf5c45ce [term 0 FOLLOWER]: Advancing to term 1
I0609 06:57:02.670315 3806 raft_consensus.cc:494] T 04ee444de7ff4da5a677ff23770f71d7 P 9e8e91cee81e41949dc8a8c1bf5c45ce [term 1 FOLLOWER]: Starting leader election with config: opid_index: -1 OBSOLETE_local: true peers { permanent_uuid: "9e8e91cee81e41949dc8a8c1bf5c45ce" member_type: VOTER last_known_addr { host: "127.1.23.193" port: 36499 } }
I0609 06:57:02.671046 3806 leader_election.cc:310] T 04ee444de7ff4da5a677ff23770f71d7 P 9e8e91cee81e41949dc8a8c1bf5c45ce [CANDIDATE]: Term 1 election: Election decided. Result: candidate won. Election summary: received 1 responses out of 1 voters: 1 yes votes; 0 no votes. yes voters: 9e8e91cee81e41949dc8a8c1bf5c45ce; no voters:
I0609 06:57:02.671669 3806 leader_election.cc:296] T 04ee444de7ff4da5a677ff23770f71d7 P 9e8e91cee81e41949dc8a8c1bf5c45ce [CANDIDATE]: Term 1 election: Requested vote from peers
I0609 06:57:02.671798 3808 raft_consensus.cc:2644] T 04ee444de7ff4da5a677ff23770f71d7 P 9e8e91cee81e41949dc8a8c1bf5c45ce [term 1 FOLLOWER]: Leader election won for term 1
I0609 06:57:02.672538 3808 raft_consensus.cc:667] T 04ee444de7ff4da5a677ff23770f71d7 P 9e8e91cee81e41949dc8a8c1bf5c45ce [term 1 LEADER]: Becoming Leader. State: Replica: 9e8e91cee81e41949dc8a8c1bf5c45ce, State: Running, Role: LEADER
I0609 06:57:02.672969 3806 ts_tablet_manager.cc:1082] T 04ee444de7ff4da5a677ff23770f71d7 P 9e8e91cee81e41949dc8a8c1bf5c45ce: Time spent starting tablet: real 0.011s user 0.010s sys 0.000s
I0609 06:57:02.673243 3808 consensus_queue.cc:206] T 04ee444de7ff4da5a677ff23770f71d7 P 9e8e91cee81e41949dc8a8c1bf5c45ce [LEADER]: Queue going to LEADER mode. State: All replicated index: 0, Majority replicated index: 0, Committed index: 0, Last appended: 0.0, Last appended by leader: 0, Current term: 1, Majority size: 1, State: 0, Mode: LEADER, active raft config: opid_index: -1 OBSOLETE_local: true peers { permanent_uuid: "9e8e91cee81e41949dc8a8c1bf5c45ce" member_type: VOTER last_known_addr { host: "127.1.23.193" port: 36499 } }
I0609 06:57:02.679395 3686 catalog_manager.cc:3989] T 04ee444de7ff4da5a677ff23770f71d7 P 9e8e91cee81e41949dc8a8c1bf5c45ce reported cstate change: term changed from 0 to 1, leader changed from to 9e8e91cee81e41949dc8a8c1bf5c45ce (127.1.23.193). New cstate: current_term: 1 leader_uuid: "9e8e91cee81e41949dc8a8c1bf5c45ce" committed_config { opid_index: -1 OBSOLETE_local: true peers { permanent_uuid: "9e8e91cee81e41949dc8a8c1bf5c45ce" member_type: VOTER last_known_addr { host: "127.1.23.193" port: 36499 } health_report { overall_health: HEALTHY } } }
I0609 06:57:02.690219 3685 catalog_manager.cc:1410] Servicing CreateTable request from {username='slave'} at 127.0.0.1:53666: name: "IntEncodingNullPredicatesTestTable" schema { columns { name: "key" type: INT32 is_key: true is_nullable: false encoding: AUTO_ENCODING compression: DEFAULT_COMPRESSION cfile_block_size: 0 } columns { name: "int_val" type: INT32 is_key: false is_nullable: true encoding: BIT_SHUFFLE compression: DEFAULT_COMPRESSION cfile_block_size: 0 } } num_replicas: 1 split_rows_range_bounds { } partition_schema { range_schema { columns { name: "key" } } }
I0609 06:57:02.704295 3761 tablet_service.cc:1016] Processing CreateTablet for tablet 4b7fe0f1e5ef4fbfb71cd3e3944c2894 (table=IntEncodingNullPredicatesTestTable [id=eddcb6c79fe940728fbf45be9d1972d2]), partition=RANGE (key) PARTITION UNBOUNDED
I0609 06:57:02.704896 3761 data_dirs.cc:938] Could only allocate 1 dirs of requested 3 for tablet 4b7fe0f1e5ef4fbfb71cd3e3944c2894. 1 dirs total, 0 dirs full, 0 dirs failed
I0609 06:57:02.714531 3806 tablet_bootstrap.cc:439] T 4b7fe0f1e5ef4fbfb71cd3e3944c2894 P 9e8e91cee81e41949dc8a8c1bf5c45ce: Bootstrap starting.
I0609 06:57:02.717393 3806 tablet_bootstrap.cc:590] T 4b7fe0f1e5ef4fbfb71cd3e3944c2894 P 9e8e91cee81e41949dc8a8c1bf5c45ce: No blocks or log segments found. Creating new log.
I0609 06:57:02.722848 3806 tablet_bootstrap.cc:439] T 4b7fe0f1e5ef4fbfb71cd3e3944c2894 P 9e8e91cee81e41949dc8a8c1bf5c45ce: No bootstrap required, opened a new log
I0609 06:57:02.723131 3806 ts_tablet_manager.cc:1054] T 4b7fe0f1e5ef4fbfb71cd3e3944c2894 P 9e8e91cee81e41949dc8a8c1bf5c45ce: Time spent bootstrapping tablet: real 0.009s user 0.004s sys 0.003s
I0609 06:57:02.724294 3806 raft_consensus.cc:340] T 4b7fe0f1e5ef4fbfb71cd3e3944c2894 P 9e8e91cee81e41949dc8a8c1bf5c45ce [term 0 FOLLOWER]: Replica starting. Triggering 0 pending transactions. Active config: opid_index: -1 OBSOLETE_local: true peers { permanent_uuid: "9e8e91cee81e41949dc8a8c1bf5c45ce" member_type: VOTER last_known_addr { host: "127.1.23.193" port: 36499 } }
I0609 06:57:02.724754 3806 raft_consensus.cc:366] T 4b7fe0f1e5ef4fbfb71cd3e3944c2894 P 9e8e91cee81e41949dc8a8c1bf5c45ce [term 0 FOLLOWER]: Consensus starting up: Expiring failure detector timer to make a prompt election more likely
I0609 06:57:02.724925 3806 raft_consensus.cc:705] T 4b7fe0f1e5ef4fbfb71cd3e3944c2894 P 9e8e91cee81e41949dc8a8c1bf5c45ce [term 0 FOLLOWER]: Becoming Follower/Learner. State: Replica: 9e8e91cee81e41949dc8a8c1bf5c45ce, State: Initialized, Role: FOLLOWER
I0609 06:57:02.727463 3806 consensus_queue.cc:229] T 4b7fe0f1e5ef4fbfb71cd3e3944c2894 P 9e8e91cee81e41949dc8a8c1bf5c45ce [NON_LEADER]: Queue going to NON_LEADER mode. State: All replicated index: 0, Majority replicated index: 0, Committed index: 0, Last appended: 0.0, Last appended by leader: 0, Current term: 0, Majority size: -1, State: 0, Mode: NON_LEADER, active raft config: opid_index: -1 OBSOLETE_local: true peers { permanent_uuid: "9e8e91cee81e41949dc8a8c1bf5c45ce" member_type: VOTER last_known_addr { host: "127.1.23.193" port: 36499 } }
I0609 06:57:02.728055 3806 raft_consensus.cc:380] T 4b7fe0f1e5ef4fbfb71cd3e3944c2894 P 9e8e91cee81e41949dc8a8c1bf5c45ce [term 0 FOLLOWER]: Only one voter in the Raft config. Triggering election immediately
I0609 06:57:02.728261 3806 raft_consensus.cc:472] T 4b7fe0f1e5ef4fbfb71cd3e3944c2894 P 9e8e91cee81e41949dc8a8c1bf5c45ce [term 0 FOLLOWER]: Starting leader election (initial election of a single-replica configuration)
I0609 06:57:02.728540 3806 raft_consensus.cc:2890] T 4b7fe0f1e5ef4fbfb71cd3e3944c2894 P 9e8e91cee81e41949dc8a8c1bf5c45ce [term 0 FOLLOWER]: Advancing to term 1
I0609 06:57:02.732260 3806 raft_consensus.cc:494] T 4b7fe0f1e5ef4fbfb71cd3e3944c2894 P 9e8e91cee81e41949dc8a8c1bf5c45ce [term 1 FOLLOWER]: Starting leader election with config: opid_index: -1 OBSOLETE_local: true peers { permanent_uuid: "9e8e91cee81e41949dc8a8c1bf5c45ce" member_type: VOTER last_known_addr { host: "127.1.23.193" port: 36499 } }
I0609 06:57:02.732828 3806 leader_election.cc:310] T 4b7fe0f1e5ef4fbfb71cd3e3944c2894 P 9e8e91cee81e41949dc8a8c1bf5c45ce [CANDIDATE]: Term 1 election: Election decided. Result: candidate won. Election summary: received 1 responses out of 1 voters: 1 yes votes; 0 no votes. yes voters: 9e8e91cee81e41949dc8a8c1bf5c45ce; no voters:
I0609 06:57:02.733645 3808 raft_consensus.cc:2644] T 4b7fe0f1e5ef4fbfb71cd3e3944c2894 P 9e8e91cee81e41949dc8a8c1bf5c45ce [term 1 FOLLOWER]: Leader election won for term 1
I0609 06:57:02.734053 3808 raft_consensus.cc:667] T 4b7fe0f1e5ef4fbfb71cd3e3944c2894 P 9e8e91cee81e41949dc8a8c1bf5c45ce [term 1 LEADER]: Becoming Leader. State: Replica: 9e8e91cee81e41949dc8a8c1bf5c45ce, State: Running, Role: LEADER
I0609 06:57:02.734596 3808 consensus_queue.cc:206] T 4b7fe0f1e5ef4fbfb71cd3e3944c2894 P 9e8e91cee81e41949dc8a8c1bf5c45ce [LEADER]: Queue going to LEADER mode. State: All replicated index: 0, Majority replicated index: 0, Committed index: 0, Last appended: 0.0, Last appended by leader: 0, Current term: 1, Majority size: 1, State: 0, Mode: LEADER, active raft config: opid_index: -1 OBSOLETE_local: true peers { permanent_uuid: "9e8e91cee81e41949dc8a8c1bf5c45ce" member_type: VOTER last_known_addr { host: "127.1.23.193" port: 36499 } }
I0609 06:57:02.737782 3806 leader_election.cc:296] T 4b7fe0f1e5ef4fbfb71cd3e3944c2894 P 9e8e91cee81e41949dc8a8c1bf5c45ce [CANDIDATE]: Term 1 election: Requested vote from peers
I0609 06:57:02.738950 3806 ts_tablet_manager.cc:1082] T 4b7fe0f1e5ef4fbfb71cd3e3944c2894 P 9e8e91cee81e41949dc8a8c1bf5c45ce: Time spent starting tablet: real 0.016s user 0.010s sys 0.000s
I0609 06:57:02.740092 3685 catalog_manager.cc:3989] T 4b7fe0f1e5ef4fbfb71cd3e3944c2894 P 9e8e91cee81e41949dc8a8c1bf5c45ce reported cstate change: term changed from 0 to 1, leader changed from to 9e8e91cee81e41949dc8a8c1bf5c45ce (127.1.23.193). New cstate: current_term: 1 leader_uuid: "9e8e91cee81e41949dc8a8c1bf5c45ce" committed_config { opid_index: -1 OBSOLETE_local: true peers { permanent_uuid: "9e8e91cee81e41949dc8a8c1bf5c45ce" member_type: VOTER last_known_addr { host: "127.1.23.193" port: 36499 } health_report { overall_health: HEALTHY } } }
I0609 06:57:03.250028 1119 tablet_server.cc:155] TabletServer shutting down...
I0609 06:57:03.277907 1119 ts_tablet_manager.cc:1128] Shutting down tablet manager...
I0609 06:57:03.278198 1119 tablet_replica.cc:265] T 4b7fe0f1e5ef4fbfb71cd3e3944c2894 P 9e8e91cee81e41949dc8a8c1bf5c45ce: stopping tablet replica
I0609 06:57:03.278504 1119 raft_consensus.cc:2147] T 4b7fe0f1e5ef4fbfb71cd3e3944c2894 P 9e8e91cee81e41949dc8a8c1bf5c45ce [term 1 LEADER]: Raft consensus shutting down.
I0609 06:57:03.278789 1119 raft_consensus.cc:2174] T 4b7fe0f1e5ef4fbfb71cd3e3944c2894 P 9e8e91cee81e41949dc8a8c1bf5c45ce [term 1 FOLLOWER]: Raft consensus is shut down!
I0609 06:57:03.282244 1119 tablet_replica.cc:265] T 04ee444de7ff4da5a677ff23770f71d7 P 9e8e91cee81e41949dc8a8c1bf5c45ce: stopping tablet replica
I0609 06:57:03.282547 1119 raft_consensus.cc:2147] T 04ee444de7ff4da5a677ff23770f71d7 P 9e8e91cee81e41949dc8a8c1bf5c45ce [term 1 LEADER]: Raft consensus shutting down.
I0609 06:57:03.282812 1119 raft_consensus.cc:2174] T 04ee444de7ff4da5a677ff23770f71d7 P 9e8e91cee81e41949dc8a8c1bf5c45ce [term 1 FOLLOWER]: Raft consensus is shut down!
I0609 06:57:03.284899 1119 tablet_replica.cc:265] T d88e19b65a02410786c209cbb05d0d18 P 9e8e91cee81e41949dc8a8c1bf5c45ce: stopping tablet replica
I0609 06:57:03.285209 1119 raft_consensus.cc:2147] T d88e19b65a02410786c209cbb05d0d18 P 9e8e91cee81e41949dc8a8c1bf5c45ce [term 1 LEADER]: Raft consensus shutting down.
I0609 06:57:03.285503 1119 raft_consensus.cc:2174] T d88e19b65a02410786c209cbb05d0d18 P 9e8e91cee81e41949dc8a8c1bf5c45ce [term 1 FOLLOWER]: Raft consensus is shut down!
I0609 06:57:03.298257 1119 tablet_server.cc:169] TabletServer shutdown complete.
I0609 06:57:03.298393 1119 tablet_server.cc:155] TabletServer shutting down...
I0609 06:57:03.298648 1119 tablet_server.cc:169] TabletServer shutdown complete.
I0609 06:57:03.305244 1119 master.cc:247] Master@127.1.23.254:38771 shutting down...
I0609 06:57:03.324723 1119 raft_consensus.cc:2147] T 00000000000000000000000000000000 P e50f705491984a28ab5fc8bd217d5f89 [term 1 LEADER]: Raft consensus shutting down.
I0609 06:57:03.325037 1119 raft_consensus.cc:2174] T 00000000000000000000000000000000 P e50f705491984a28ab5fc8bd217d5f89 [term 1 FOLLOWER]: Raft consensus is shut down!
I0609 06:57:03.325273 1119 tablet_replica.cc:265] T 00000000000000000000000000000000 P e50f705491984a28ab5fc8bd217d5f89: stopping tablet replica
I0609 06:57:03.342337 1119 master.cc:258] Master@127.1.23.254:38771 shutdown complete. [ OK ] IntColEncodings/IntEncodingNullPredicatesTest.TestIntEncodings/1 (1215 ms) [----------] 1 test from IntColEncodings/IntEncodingNullPredicatesTest (1215 ms total) [----------] Global test environment tear-down [==========] 16 tests from 3 test cases ran. (18645 ms total) [ PASSED ] 16 tests. ThreadSanitizer: reported 4 warnings