I0513 22:33:16.301143 988 consensus_queue.cc:229] T a40718aa091247438d353d8c7739041e P 75a5cb20b56443639cfe49c47274d76b [NON_LEADER]: Queue going to NON_LEADER mode. State: All replicated index: 0, Majority replicated index: 0, Committed index: 0, Last appended: 0.0, Last appended by leader: 0, Current term: 0, Majority size: -1, State: 0, Mode: NON_LEADER, active raft config: opid_index: -1 OBSOLETE_local: false peers { permanent_uuid: "75a5cb20b56443639cfe49c47274d76b" member_type: VOTER last_known_addr { host: "127.0.116.130" port: 35393 } } peers { permanent_uuid: "6fe2349260fd4c51a94a6bc60fa6043b" member_type: VOTER last_known_addr { host: "127.0.116.129" port: 34317 } } peers { permanent_uuid: "fb91e39117a5489e85c5a494ee14bcc3" member_type: VOTER last_known_addr { host: "127.0.116.131" port: 36837 } }
I0513 22:33:16.301386 989 ts_tablet_manager.cc:1053] T c1cbbc2b2f22460aa0617e7a5c823a57 P fb91e39117a5489e85c5a494ee14bcc3: Time spent bootstrapping tablet: real 0.024s user 0.005s sys 0.001s
I0513 22:33:16.301723 988 ts_tablet_manager.cc:1081] T a40718aa091247438d353d8c7739041e P 75a5cb20b56443639cfe49c47274d76b: Time spent starting tablet: real 0.003s user 0.000s sys 0.001s
I0513 22:33:16.301818 990 tablet_bootstrap.cc:439] T 3c141683c43f4fb78c4489e7904b28e8 P 6fe2349260fd4c51a94a6bc60fa6043b: No bootstrap required, opened a new log
I0513 22:33:16.302006 990 ts_tablet_manager.cc:1053] T 3c141683c43f4fb78c4489e7904b28e8 P 6fe2349260fd4c51a94a6bc60fa6043b: Time spent bootstrapping tablet: real 0.008s user 0.002s sys 0.002s
I0513 22:33:16.302083 989 raft_consensus.cc:340] T c1cbbc2b2f22460aa0617e7a5c823a57 P fb91e39117a5489e85c5a494ee14bcc3 [term 0 FOLLOWER]: Replica starting. Triggering 0 pending transactions. Active config: opid_index: -1 OBSOLETE_local: false peers { permanent_uuid: "75a5cb20b56443639cfe49c47274d76b" member_type: VOTER last_known_addr { host: "127.0.116.130" port: 35393 } } peers { permanent_uuid: "6fe2349260fd4c51a94a6bc60fa6043b" member_type: VOTER last_known_addr { host: "127.0.116.129" port: 34317 } } peers { permanent_uuid: "fb91e39117a5489e85c5a494ee14bcc3" member_type: VOTER last_known_addr { host: "127.0.116.131" port: 36837 } }
I0513 22:33:16.302306 989 raft_consensus.cc:366] T c1cbbc2b2f22460aa0617e7a5c823a57 P fb91e39117a5489e85c5a494ee14bcc3 [term 0 FOLLOWER]: Consensus starting up: Expiring failure detector timer to make a prompt election more likely
I0513 22:33:16.302353 989 raft_consensus.cc:705] T c1cbbc2b2f22460aa0617e7a5c823a57 P fb91e39117a5489e85c5a494ee14bcc3 [term 0 FOLLOWER]: Becoming Follower/Learner. State: Replica: fb91e39117a5489e85c5a494ee14bcc3, State: Initialized, Role: FOLLOWER
I0513 22:33:16.302517 989 consensus_queue.cc:229] T c1cbbc2b2f22460aa0617e7a5c823a57 P fb91e39117a5489e85c5a494ee14bcc3 [NON_LEADER]: Queue going to NON_LEADER mode. State: All replicated index: 0, Majority replicated index: 0, Committed index: 0, Last appended: 0.0, Last appended by leader: 0, Current term: 0, Majority size: -1, State: 0, Mode: NON_LEADER, active raft config: opid_index: -1 OBSOLETE_local: false peers { permanent_uuid: "75a5cb20b56443639cfe49c47274d76b" member_type: VOTER last_known_addr { host: "127.0.116.130" port: 35393 } } peers { permanent_uuid: "6fe2349260fd4c51a94a6bc60fa6043b" member_type: VOTER last_known_addr { host: "127.0.116.129" port: 34317 } } peers { permanent_uuid: "fb91e39117a5489e85c5a494ee14bcc3" member_type: VOTER last_known_addr { host: "127.0.116.131" port: 36837 } }
I0513 22:33:16.302603 990 raft_consensus.cc:340] T 3c141683c43f4fb78c4489e7904b28e8 P 6fe2349260fd4c51a94a6bc60fa6043b [term 0 FOLLOWER]: Replica starting. Triggering 0 pending transactions. Active config: opid_index: -1 OBSOLETE_local: false peers { permanent_uuid: "75a5cb20b56443639cfe49c47274d76b" member_type: VOTER last_known_addr { host: "127.0.116.130" port: 35393 } } peers { permanent_uuid: "6fe2349260fd4c51a94a6bc60fa6043b" member_type: VOTER last_known_addr { host: "127.0.116.129" port: 34317 } } peers { permanent_uuid: "fb91e39117a5489e85c5a494ee14bcc3" member_type: VOTER last_known_addr { host: "127.0.116.131" port: 36837 } }
I0513 22:33:16.302778 990 raft_consensus.cc:366] T 3c141683c43f4fb78c4489e7904b28e8 P 6fe2349260fd4c51a94a6bc60fa6043b [term 0 FOLLOWER]: Consensus starting up: Expiring failure detector timer to make a prompt election more likely
I0513 22:33:16.302832 990 raft_consensus.cc:705] T 3c141683c43f4fb78c4489e7904b28e8 P 6fe2349260fd4c51a94a6bc60fa6043b [term 0 FOLLOWER]: Becoming Follower/Learner. State: Replica: 6fe2349260fd4c51a94a6bc60fa6043b, State: Initialized, Role: FOLLOWER
I0513 22:33:16.303011 990 consensus_queue.cc:229] T 3c141683c43f4fb78c4489e7904b28e8 P 6fe2349260fd4c51a94a6bc60fa6043b [NON_LEADER]: Queue going to NON_LEADER mode. State: All replicated index: 0, Majority replicated index: 0, Committed index: 0, Last appended: 0.0, Last appended by leader: 0, Current term: 0, Majority size: -1, State: 0, Mode: NON_LEADER, active raft config: opid_index: -1 OBSOLETE_local: false peers { permanent_uuid: "75a5cb20b56443639cfe49c47274d76b" member_type: VOTER last_known_addr { host: "127.0.116.130" port: 35393 } } peers { permanent_uuid: "6fe2349260fd4c51a94a6bc60fa6043b" member_type: VOTER last_known_addr { host: "127.0.116.129" port: 34317 } } peers { permanent_uuid: "fb91e39117a5489e85c5a494ee14bcc3" member_type: VOTER last_known_addr { host: "127.0.116.131" port: 36837 } }
I0513 22:33:16.303192 989 ts_tablet_manager.cc:1081] T c1cbbc2b2f22460aa0617e7a5c823a57 P fb91e39117a5489e85c5a494ee14bcc3: Time spent starting tablet: real 0.002s user 0.002s sys 0.000s
I0513 22:33:16.303715 990 ts_tablet_manager.cc:1081] T 3c141683c43f4fb78c4489e7904b28e8 P 6fe2349260fd4c51a94a6bc60fa6043b: Time spent starting tablet: real 0.002s user 0.001s sys 0.000s
I0513 22:33:16.304014 990 tablet_bootstrap.cc:439] T c1cbbc2b2f22460aa0617e7a5c823a57 P 6fe2349260fd4c51a94a6bc60fa6043b: Bootstrap starting.
I0513 22:33:16.305202 990 tablet_bootstrap.cc:590] T c1cbbc2b2f22460aa0617e7a5c823a57 P 6fe2349260fd4c51a94a6bc60fa6043b: No blocks or log segments found. Creating new log.
I0513 22:33:16.306632 990 tablet_bootstrap.cc:439] T c1cbbc2b2f22460aa0617e7a5c823a57 P 6fe2349260fd4c51a94a6bc60fa6043b: No bootstrap required, opened a new log
I0513 22:33:16.306787 990 ts_tablet_manager.cc:1053] T c1cbbc2b2f22460aa0617e7a5c823a57 P 6fe2349260fd4c51a94a6bc60fa6043b: Time spent bootstrapping tablet: real 0.003s user 0.003s sys 0.000s
I0513 22:33:16.306962 1027 raft_consensus.cc:472] T 73f1725c5aa04760a9d5e43d09f66e9e P 75a5cb20b56443639cfe49c47274d76b [term 0 FOLLOWER]: Starting pre-election (no leader contacted us within the election timeout)
I0513 22:33:16.307085 1027 raft_consensus.cc:494] T 73f1725c5aa04760a9d5e43d09f66e9e P 75a5cb20b56443639cfe49c47274d76b [term 0 FOLLOWER]: Starting pre-election with config: opid_index: -1 OBSOLETE_local: false peers { permanent_uuid: "6fe2349260fd4c51a94a6bc60fa6043b" member_type: VOTER last_known_addr { host: "127.0.116.129" port: 34317 } } peers { permanent_uuid: "75a5cb20b56443639cfe49c47274d76b" member_type: VOTER last_known_addr { host: "127.0.116.130" port: 35393 } } peers { permanent_uuid: "fb91e39117a5489e85c5a494ee14bcc3" member_type: VOTER last_known_addr { host: "127.0.116.131" port: 36837 } }
I0513 22:33:16.308210 990 raft_consensus.cc:340] T c1cbbc2b2f22460aa0617e7a5c823a57 P 6fe2349260fd4c51a94a6bc60fa6043b [term 0 FOLLOWER]: Replica starting. Triggering 0 pending transactions. Active config: opid_index: -1 OBSOLETE_local: false peers { permanent_uuid: "75a5cb20b56443639cfe49c47274d76b" member_type: VOTER last_known_addr { host: "127.0.116.130" port: 35393 } } peers { permanent_uuid: "6fe2349260fd4c51a94a6bc60fa6043b" member_type: VOTER last_known_addr { host: "127.0.116.129" port: 34317 } } peers { permanent_uuid: "fb91e39117a5489e85c5a494ee14bcc3" member_type: VOTER last_known_addr { host: "127.0.116.131" port: 36837 } }
I0513 22:33:16.308347 1027 leader_election.cc:296] T 73f1725c5aa04760a9d5e43d09f66e9e P 75a5cb20b56443639cfe49c47274d76b [CANDIDATE]: Term 1 pre-election: Requested pre-vote from peers 6fe2349260fd4c51a94a6bc60fa6043b (127.0.116.129:34317), fb91e39117a5489e85c5a494ee14bcc3 (127.0.116.131:36837)
I0513 22:33:16.308404 990 raft_consensus.cc:366] T c1cbbc2b2f22460aa0617e7a5c823a57 P 6fe2349260fd4c51a94a6bc60fa6043b [term 0 FOLLOWER]: Consensus starting up: Expiring failure detector timer to make a prompt election more likely
I0513 22:33:16.308444 990 raft_consensus.cc:705] T c1cbbc2b2f22460aa0617e7a5c823a57 P 6fe2349260fd4c51a94a6bc60fa6043b [term 0 FOLLOWER]: Becoming Follower/Learner. State: Replica: 6fe2349260fd4c51a94a6bc60fa6043b, State: Initialized, Role: FOLLOWER
I0513 22:33:16.308601 990 consensus_queue.cc:229] T c1cbbc2b2f22460aa0617e7a5c823a57 P 6fe2349260fd4c51a94a6bc60fa6043b [NON_LEADER]: Queue going to NON_LEADER mode. State: All replicated index: 0, Majority replicated index: 0, Committed index: 0, Last appended: 0.0, Last appended by leader: 0, Current term: 0, Majority size: -1, State: 0, Mode: NON_LEADER, active raft config: opid_index: -1 OBSOLETE_local: false peers { permanent_uuid: "75a5cb20b56443639cfe49c47274d76b" member_type: VOTER last_known_addr { host: "127.0.116.130" port: 35393 } } peers { permanent_uuid: "6fe2349260fd4c51a94a6bc60fa6043b" member_type: VOTER last_known_addr { host: "127.0.116.129" port: 34317 } } peers { permanent_uuid: "fb91e39117a5489e85c5a494ee14bcc3" member_type: VOTER last_known_addr { host: "127.0.116.131" port: 36837 } }
I0513 22:33:16.308802 809 tablet_service.cc:1286] Received RequestConsensusVote() RPC: tablet_id: "73f1725c5aa04760a9d5e43d09f66e9e" candidate_uuid: "75a5cb20b56443639cfe49c47274d76b" candidate_term: 1 candidate_status { last_received { term: 0 index: 0 } } ignore_live_leader: false dest_uuid: "6fe2349260fd4c51a94a6bc60fa6043b" is_pre_election: true
I0513 22:33:16.308890 944 tablet_service.cc:1286] Received RequestConsensusVote() RPC: tablet_id: "73f1725c5aa04760a9d5e43d09f66e9e" candidate_uuid: "75a5cb20b56443639cfe49c47274d76b" candidate_term: 1 candidate_status { last_received { term: 0 index: 0 } } ignore_live_leader: false dest_uuid: "fb91e39117a5489e85c5a494ee14bcc3" is_pre_election: true
I0513 22:33:16.309013 809 raft_consensus.cc:2346] T 73f1725c5aa04760a9d5e43d09f66e9e P 6fe2349260fd4c51a94a6bc60fa6043b [term 0 FOLLOWER]: Leader pre-election vote request: Granting yes vote for candidate 75a5cb20b56443639cfe49c47274d76b in term 0.
I0513 22:33:16.309039 990 ts_tablet_manager.cc:1081] T c1cbbc2b2f22460aa0617e7a5c823a57 P 6fe2349260fd4c51a94a6bc60fa6043b: Time spent starting tablet: real 0.002s user 0.002s sys 0.000s
I0513 22:33:16.309082 944 raft_consensus.cc:2346] T 73f1725c5aa04760a9d5e43d09f66e9e P fb91e39117a5489e85c5a494ee14bcc3 [term 0 FOLLOWER]: Leader pre-election vote request: Granting yes vote for candidate 75a5cb20b56443639cfe49c47274d76b in term 0.
I0513 22:33:16.309314 841 leader_election.cc:310] T 73f1725c5aa04760a9d5e43d09f66e9e P 75a5cb20b56443639cfe49c47274d76b [CANDIDATE]: Term 1 pre-election: Election decided. Result: candidate won. Election summary: received 2 responses out of 3 voters: 2 yes votes; 0 no votes. yes voters: 6fe2349260fd4c51a94a6bc60fa6043b, 75a5cb20b56443639cfe49c47274d76b; no voters:
I0513 22:33:16.309643 1027 raft_consensus.cc:2640] T 73f1725c5aa04760a9d5e43d09f66e9e P 75a5cb20b56443639cfe49c47274d76b [term 0 FOLLOWER]: Leader pre-election won for term 1
I0513 22:33:16.309700 1027 raft_consensus.cc:472] T 73f1725c5aa04760a9d5e43d09f66e9e P 75a5cb20b56443639cfe49c47274d76b [term 0 FOLLOWER]: Starting leader election (no leader contacted us within the election timeout)
I0513 22:33:16.309744 1027 raft_consensus.cc:2886] T 73f1725c5aa04760a9d5e43d09f66e9e P 75a5cb20b56443639cfe49c47274d76b [term 0 FOLLOWER]: Advancing to term 1
I0513 22:33:16.311308 1027 raft_consensus.cc:494] T 73f1725c5aa04760a9d5e43d09f66e9e P 75a5cb20b56443639cfe49c47274d76b [term 1 FOLLOWER]: Starting leader election with config: opid_index: -1 OBSOLETE_local: false peers { permanent_uuid: "6fe2349260fd4c51a94a6bc60fa6043b" member_type: VOTER last_known_addr { host: "127.0.116.129" port: 34317 } } peers { permanent_uuid: "75a5cb20b56443639cfe49c47274d76b" member_type: VOTER last_known_addr { host: "127.0.116.130" port: 35393 } } peers { permanent_uuid: "fb91e39117a5489e85c5a494ee14bcc3" member_type: VOTER last_known_addr { host: "127.0.116.131" port: 36837 } }
I0513 22:33:16.311784 1027 leader_election.cc:296] T 73f1725c5aa04760a9d5e43d09f66e9e P 75a5cb20b56443639cfe49c47274d76b [CANDIDATE]: Term 1 election: Requested vote from peers 6fe2349260fd4c51a94a6bc60fa6043b (127.0.116.129:34317), fb91e39117a5489e85c5a494ee14bcc3 (127.0.116.131:36837)
I0513 22:33:16.312116 809 tablet_service.cc:1286] Received RequestConsensusVote() RPC: tablet_id: "73f1725c5aa04760a9d5e43d09f66e9e" candidate_uuid: "75a5cb20b56443639cfe49c47274d76b" candidate_term: 1 candidate_status { last_received { term: 0 index: 0 } } ignore_live_leader: false dest_uuid: "6fe2349260fd4c51a94a6bc60fa6043b"
I0513 22:33:16.312212 944 tablet_service.cc:1286] Received RequestConsensusVote() RPC: tablet_id: "73f1725c5aa04760a9d5e43d09f66e9e" candidate_uuid: "75a5cb20b56443639cfe49c47274d76b" candidate_term: 1 candidate_status { last_received { term: 0 index: 0 } } ignore_live_leader: false dest_uuid: "fb91e39117a5489e85c5a494ee14bcc3"
I0513 22:33:16.312291 809 raft_consensus.cc:2886] T 73f1725c5aa04760a9d5e43d09f66e9e P 6fe2349260fd4c51a94a6bc60fa6043b [term 0 FOLLOWER]: Advancing to term 1
I0513 22:33:16.312422 944 raft_consensus.cc:2886] T 73f1725c5aa04760a9d5e43d09f66e9e P fb91e39117a5489e85c5a494ee14bcc3 [term 0 FOLLOWER]: Advancing to term 1
I0513 22:33:16.314541 809 raft_consensus.cc:2346] T 73f1725c5aa04760a9d5e43d09f66e9e P 6fe2349260fd4c51a94a6bc60fa6043b [term 1 FOLLOWER]: Leader election vote request: Granting yes vote for candidate 75a5cb20b56443639cfe49c47274d76b in term 1.
I0513 22:33:16.314857 944 raft_consensus.cc:2346] T 73f1725c5aa04760a9d5e43d09f66e9e P fb91e39117a5489e85c5a494ee14bcc3 [term 1 FOLLOWER]: Leader election vote request: Granting yes vote for candidate 75a5cb20b56443639cfe49c47274d76b in term 1.
I0513 22:33:16.315006 841 leader_election.cc:310] T 73f1725c5aa04760a9d5e43d09f66e9e P 75a5cb20b56443639cfe49c47274d76b [CANDIDATE]: Term 1 election: Election decided. Result: candidate won. Election summary: received 2 responses out of 3 voters: 2 yes votes; 0 no votes. yes voters: 6fe2349260fd4c51a94a6bc60fa6043b, 75a5cb20b56443639cfe49c47274d76b; no voters:
I0513 22:33:16.315263 1027 raft_consensus.cc:2640] T 73f1725c5aa04760a9d5e43d09f66e9e P 75a5cb20b56443639cfe49c47274d76b [term 1 FOLLOWER]: Leader election won for term 1
I0513 22:33:16.315456 1027 raft_consensus.cc:667] T 73f1725c5aa04760a9d5e43d09f66e9e P 75a5cb20b56443639cfe49c47274d76b [term 1 LEADER]: Becoming Leader. State: Replica: 75a5cb20b56443639cfe49c47274d76b, State: Running, Role: LEADER
I0513 22:33:16.315646 1027 consensus_queue.cc:206] T 73f1725c5aa04760a9d5e43d09f66e9e P 75a5cb20b56443639cfe49c47274d76b [LEADER]: Queue going to LEADER mode. State: All replicated index: 0, Majority replicated index: 0, Committed index: 0, Last appended: 0.0, Last appended by leader: 0, Current term: 1, Majority size: 2, State: 0, Mode: LEADER, active raft config: opid_index: -1 OBSOLETE_local: false peers { permanent_uuid: "6fe2349260fd4c51a94a6bc60fa6043b" member_type: VOTER last_known_addr { host: "127.0.116.129" port: 34317 } } peers { permanent_uuid: "75a5cb20b56443639cfe49c47274d76b" member_type: VOTER last_known_addr { host: "127.0.116.130" port: 35393 } } peers { permanent_uuid: "fb91e39117a5489e85c5a494ee14bcc3" member_type: VOTER last_known_addr { host: "127.0.116.131" port: 36837 } }
I0513 22:33:16.317498 722 catalog_manager.cc:3988] T 73f1725c5aa04760a9d5e43d09f66e9e P 75a5cb20b56443639cfe49c47274d76b reported cstate change: term changed from 0 to 1, leader changed from to 75a5cb20b56443639cfe49c47274d76b (127.0.116.130). New cstate: current_term: 1 leader_uuid: "75a5cb20b56443639cfe49c47274d76b" committed_config { opid_index: -1 OBSOLETE_local: false peers { permanent_uuid: "6fe2349260fd4c51a94a6bc60fa6043b" member_type: VOTER last_known_addr { host: "127.0.116.129" port: 34317 } health_report { overall_health: UNKNOWN } } peers { permanent_uuid: "75a5cb20b56443639cfe49c47274d76b" member_type: VOTER last_known_addr { host: "127.0.116.130" port: 35393 } health_report { overall_health: HEALTHY } } peers { permanent_uuid: "fb91e39117a5489e85c5a494ee14bcc3" member_type: VOTER last_known_addr { host: "127.0.116.131" port: 36837 } health_report { overall_health: UNKNOWN } } }
I0513 22:33:16.382858 1016 raft_consensus.cc:472] T 9fa827071e4246508d2690d2c1fbef4f P fb91e39117a5489e85c5a494ee14bcc3 [term 0 FOLLOWER]: Starting pre-election (no leader contacted us within the election timeout)
I0513 22:33:16.383070 1016 raft_consensus.cc:494] T 9fa827071e4246508d2690d2c1fbef4f P fb91e39117a5489e85c5a494ee14bcc3 [term 0 FOLLOWER]: Starting pre-election with config: opid_index: -1 OBSOLETE_local: false peers { permanent_uuid: "6fe2349260fd4c51a94a6bc60fa6043b" member_type: VOTER last_known_addr { host: "127.0.116.129" port: 34317 } } peers { permanent_uuid: "75a5cb20b56443639cfe49c47274d76b" member_type: VOTER last_known_addr { host: "127.0.116.130" port: 35393 } } peers { permanent_uuid: "fb91e39117a5489e85c5a494ee14bcc3" member_type: VOTER last_known_addr { host: "127.0.116.131" port: 36837 } }
I0513 22:33:16.383680 1016 leader_election.cc:296] T 9fa827071e4246508d2690d2c1fbef4f P fb91e39117a5489e85c5a494ee14bcc3 [CANDIDATE]: Term 1 pre-election: Requested pre-vote from peers 6fe2349260fd4c51a94a6bc60fa6043b (127.0.116.129:34317), 75a5cb20b56443639cfe49c47274d76b (127.0.116.130:35393)
I0513 22:33:16.384253 877 tablet_service.cc:1286] Received RequestConsensusVote() RPC: tablet_id: "9fa827071e4246508d2690d2c1fbef4f" candidate_uuid: "fb91e39117a5489e85c5a494ee14bcc3" candidate_term: 1 candidate_status { last_received { term: 0 index: 0 } } ignore_live_leader: false dest_uuid: "75a5cb20b56443639cfe49c47274d76b" is_pre_election: true
I0513 22:33:16.384282 809 tablet_service.cc:1286] Received RequestConsensusVote() RPC: tablet_id: "9fa827071e4246508d2690d2c1fbef4f" candidate_uuid: "fb91e39117a5489e85c5a494ee14bcc3" candidate_term: 1 candidate_status { last_received { term: 0 index: 0 } } ignore_live_leader: false dest_uuid: "6fe2349260fd4c51a94a6bc60fa6043b" is_pre_election: true
I0513 22:33:16.384483 809 raft_consensus.cc:2346] T 9fa827071e4246508d2690d2c1fbef4f P 6fe2349260fd4c51a94a6bc60fa6043b [term 0 FOLLOWER]: Leader pre-election vote request: Granting yes vote for candidate fb91e39117a5489e85c5a494ee14bcc3 in term 0.
I0513 22:33:16.384482 877 raft_consensus.cc:2346] T 9fa827071e4246508d2690d2c1fbef4f P 75a5cb20b56443639cfe49c47274d76b [term 0 FOLLOWER]: Leader pre-election vote request: Granting yes vote for candidate fb91e39117a5489e85c5a494ee14bcc3 in term 0.
I0513 22:33:16.384817 908 leader_election.cc:310] T 9fa827071e4246508d2690d2c1fbef4f P fb91e39117a5489e85c5a494ee14bcc3 [CANDIDATE]: Term 1 pre-election: Election decided. Result: candidate won. Election summary: received 2 responses out of 3 voters: 2 yes votes; 0 no votes. yes voters: 6fe2349260fd4c51a94a6bc60fa6043b, fb91e39117a5489e85c5a494ee14bcc3; no voters:
I0513 22:33:16.385071 1016 raft_consensus.cc:2640] T 9fa827071e4246508d2690d2c1fbef4f P fb91e39117a5489e85c5a494ee14bcc3 [term 0 FOLLOWER]: Leader pre-election won for term 1
I0513 22:33:16.385123 1016 raft_consensus.cc:472] T 9fa827071e4246508d2690d2c1fbef4f P fb91e39117a5489e85c5a494ee14bcc3 [term 0 FOLLOWER]: Starting leader election (no leader contacted us within the election timeout)
I0513 22:33:16.385165 1016 raft_consensus.cc:2886] T 9fa827071e4246508d2690d2c1fbef4f P fb91e39117a5489e85c5a494ee14bcc3 [term 0 FOLLOWER]: Advancing to term 1
I0513 22:33:16.386690 1016 raft_consensus.cc:494] T 9fa827071e4246508d2690d2c1fbef4f P fb91e39117a5489e85c5a494ee14bcc3 [term 1 FOLLOWER]: Starting leader election with config: opid_index: -1 OBSOLETE_local: false peers { permanent_uuid: "6fe2349260fd4c51a94a6bc60fa6043b" member_type: VOTER last_known_addr { host: "127.0.116.129" port: 34317 } } peers { permanent_uuid: "75a5cb20b56443639cfe49c47274d76b" member_type: VOTER last_known_addr { host: "127.0.116.130" port: 35393 } } peers { permanent_uuid: "fb91e39117a5489e85c5a494ee14bcc3" member_type: VOTER last_known_addr { host: "127.0.116.131" port: 36837 } }
I0513 22:33:16.387140 1016 leader_election.cc:296] T 9fa827071e4246508d2690d2c1fbef4f P fb91e39117a5489e85c5a494ee14bcc3 [CANDIDATE]: Term 1 election: Requested vote from peers 6fe2349260fd4c51a94a6bc60fa6043b (127.0.116.129:34317), 75a5cb20b56443639cfe49c47274d76b (127.0.116.130:35393)
I0513 22:33:16.387562 809 tablet_service.cc:1286] Received RequestConsensusVote() RPC: tablet_id: "9fa827071e4246508d2690d2c1fbef4f" candidate_uuid: "fb91e39117a5489e85c5a494ee14bcc3" candidate_term: 1 candidate_status { last_received { term: 0 index: 0 } } ignore_live_leader: false dest_uuid: "6fe2349260fd4c51a94a6bc60fa6043b"
I0513 22:33:16.387631 877 tablet_service.cc:1286] Received RequestConsensusVote() RPC: tablet_id: "9fa827071e4246508d2690d2c1fbef4f" candidate_uuid: "fb91e39117a5489e85c5a494ee14bcc3" candidate_term: 1 candidate_status { last_received { term: 0 index: 0 } } ignore_live_leader: false dest_uuid: "75a5cb20b56443639cfe49c47274d76b"
I0513 22:33:16.387753 809 raft_consensus.cc:2886] T 9fa827071e4246508d2690d2c1fbef4f P 6fe2349260fd4c51a94a6bc60fa6043b [term 0 FOLLOWER]: Advancing to term 1
I0513 22:33:16.387753 877 raft_consensus.cc:2886] T 9fa827071e4246508d2690d2c1fbef4f P 75a5cb20b56443639cfe49c47274d76b [term 0 FOLLOWER]: Advancing to term 1
I0513 22:33:16.389840 877 raft_consensus.cc:2346] T 9fa827071e4246508d2690d2c1fbef4f P 75a5cb20b56443639cfe49c47274d76b [term 1 FOLLOWER]: Leader election vote request: Granting yes vote for candidate fb91e39117a5489e85c5a494ee14bcc3 in term 1.
I0513 22:33:16.389827 809 raft_consensus.cc:2346] T 9fa827071e4246508d2690d2c1fbef4f P 6fe2349260fd4c51a94a6bc60fa6043b [term 1 FOLLOWER]: Leader election vote request: Granting yes vote for candidate fb91e39117a5489e85c5a494ee14bcc3 in term 1.
I0513 22:33:16.390156 908 leader_election.cc:310] T 9fa827071e4246508d2690d2c1fbef4f P fb91e39117a5489e85c5a494ee14bcc3 [CANDIDATE]: Term 1 election: Election decided. Result: candidate won. Election summary: received 2 responses out of 3 voters: 2 yes votes; 0 no votes. yes voters: 6fe2349260fd4c51a94a6bc60fa6043b, fb91e39117a5489e85c5a494ee14bcc3; no voters:
I0513 22:33:16.390408 1016 raft_consensus.cc:2640] T 9fa827071e4246508d2690d2c1fbef4f P fb91e39117a5489e85c5a494ee14bcc3 [term 1 FOLLOWER]: Leader election won for term 1
I0513 22:33:16.390568 1016 raft_consensus.cc:667] T 9fa827071e4246508d2690d2c1fbef4f P fb91e39117a5489e85c5a494ee14bcc3 [term 1 LEADER]: Becoming Leader. State: Replica: fb91e39117a5489e85c5a494ee14bcc3, State: Running, Role: LEADER
I0513 22:33:16.390748 1016 consensus_queue.cc:206] T 9fa827071e4246508d2690d2c1fbef4f P fb91e39117a5489e85c5a494ee14bcc3 [LEADER]: Queue going to LEADER mode. State: All replicated index: 0, Majority replicated index: 0, Committed index: 0, Last appended: 0.0, Last appended by leader: 0, Current term: 1, Majority size: 2, State: 0, Mode: LEADER, active raft config: opid_index: -1 OBSOLETE_local: false peers { permanent_uuid: "6fe2349260fd4c51a94a6bc60fa6043b" member_type: VOTER last_known_addr { host: "127.0.116.129" port: 34317 } } peers { permanent_uuid: "75a5cb20b56443639cfe49c47274d76b" member_type: VOTER last_known_addr { host: "127.0.116.130" port: 35393 } } peers { permanent_uuid: "fb91e39117a5489e85c5a494ee14bcc3" member_type: VOTER last_known_addr { host: "127.0.116.131" port: 36837 } }
I0513 22:33:16.392603 722 catalog_manager.cc:3988] T 9fa827071e4246508d2690d2c1fbef4f P fb91e39117a5489e85c5a494ee14bcc3 reported cstate change: term changed from 0 to 1, leader changed from to fb91e39117a5489e85c5a494ee14bcc3 (127.0.116.131). New cstate: current_term: 1 leader_uuid: "fb91e39117a5489e85c5a494ee14bcc3" committed_config { opid_index: -1 OBSOLETE_local: false peers { permanent_uuid: "6fe2349260fd4c51a94a6bc60fa6043b" member_type: VOTER last_known_addr { host: "127.0.116.129" port: 34317 } health_report { overall_health: UNKNOWN } } peers { permanent_uuid: "75a5cb20b56443639cfe49c47274d76b" member_type: VOTER last_known_addr { host: "127.0.116.130" port: 35393 } health_report { overall_health: UNKNOWN } } peers { permanent_uuid: "fb91e39117a5489e85c5a494ee14bcc3" member_type: VOTER last_known_addr { host: "127.0.116.131" port: 36837 } health_report { overall_health: HEALTHY } } }
I0513 22:33:16.405498 1029 raft_consensus.cc:472] T c1cbbc2b2f22460aa0617e7a5c823a57 P 6fe2349260fd4c51a94a6bc60fa6043b [term 0 FOLLOWER]: Starting pre-election (no leader contacted us within the election timeout)
I0513 22:33:16.405656 1029 raft_consensus.cc:494] T c1cbbc2b2f22460aa0617e7a5c823a57 P 6fe2349260fd4c51a94a6bc60fa6043b [term 0 FOLLOWER]: Starting pre-election with config: opid_index: -1 OBSOLETE_local: false peers { permanent_uuid: "75a5cb20b56443639cfe49c47274d76b" member_type: VOTER last_known_addr { host: "127.0.116.130" port: 35393 } } peers { permanent_uuid: "6fe2349260fd4c51a94a6bc60fa6043b" member_type: VOTER last_known_addr { host: "127.0.116.129" port: 34317 } } peers { permanent_uuid: "fb91e39117a5489e85c5a494ee14bcc3" member_type: VOTER last_known_addr { host: "127.0.116.131" port: 36837 } }
I0513 22:33:16.406199 1029 leader_election.cc:296] T c1cbbc2b2f22460aa0617e7a5c823a57 P 6fe2349260fd4c51a94a6bc60fa6043b [CANDIDATE]: Term 1 pre-election: Requested pre-vote from peers 75a5cb20b56443639cfe49c47274d76b (127.0.116.130:35393), fb91e39117a5489e85c5a494ee14bcc3 (127.0.116.131:36837)
I0513 22:33:16.406626 944 tablet_service.cc:1286] Received RequestConsensusVote() RPC: tablet_id: "c1cbbc2b2f22460aa0617e7a5c823a57" candidate_uuid: "6fe2349260fd4c51a94a6bc60fa6043b" candidate_term: 1 candidate_status { last_received { term: 0 index: 0 } } ignore_live_leader: false dest_uuid: "fb91e39117a5489e85c5a494ee14bcc3" is_pre_election: true
I0513 22:33:16.406625 877 tablet_service.cc:1286] Received RequestConsensusVote() RPC: tablet_id: "c1cbbc2b2f22460aa0617e7a5c823a57" candidate_uuid: "6fe2349260fd4c51a94a6bc60fa6043b" candidate_term: 1 candidate_status { last_received { term: 0 index: 0 } } ignore_live_leader: false dest_uuid: "75a5cb20b56443639cfe49c47274d76b" is_pre_election: true
I0513 22:33:16.407519 944 raft_consensus.cc:2346] T c1cbbc2b2f22460aa0617e7a5c823a57 P fb91e39117a5489e85c5a494ee14bcc3 [term 0 FOLLOWER]: Leader pre-election vote request: Granting yes vote for candidate 6fe2349260fd4c51a94a6bc60fa6043b in term 0.
I0513 22:33:16.407580 877 raft_consensus.cc:2346] T c1cbbc2b2f22460aa0617e7a5c823a57 P 75a5cb20b56443639cfe49c47274d76b [term 0 FOLLOWER]: Leader pre-election vote request: Granting yes vote for candidate 6fe2349260fd4c51a94a6bc60fa6043b in term 0.
I0513 22:33:16.407832 773 leader_election.cc:310] T c1cbbc2b2f22460aa0617e7a5c823a57 P 6fe2349260fd4c51a94a6bc60fa6043b [CANDIDATE]: Term 1 pre-election: Election decided. Result: candidate won. Election summary: received 2 responses out of 3 voters: 2 yes votes; 0 no votes. yes voters: 6fe2349260fd4c51a94a6bc60fa6043b, fb91e39117a5489e85c5a494ee14bcc3; no voters:
I0513 22:33:16.408144 1029 raft_consensus.cc:2640] T c1cbbc2b2f22460aa0617e7a5c823a57 P 6fe2349260fd4c51a94a6bc60fa6043b [term 0 FOLLOWER]: Leader pre-election won for term 1
I0513 22:33:16.408223 1029 raft_consensus.cc:472] T c1cbbc2b2f22460aa0617e7a5c823a57 P 6fe2349260fd4c51a94a6bc60fa6043b [term 0 FOLLOWER]: Starting leader election (no leader contacted us within the election timeout)
I0513 22:33:16.408277 1029 raft_consensus.cc:2886] T c1cbbc2b2f22460aa0617e7a5c823a57 P 6fe2349260fd4c51a94a6bc60fa6043b [term 0 FOLLOWER]: Advancing to term 1
I0513 22:33:16.410017 1029 raft_consensus.cc:494] T c1cbbc2b2f22460aa0617e7a5c823a57 P 6fe2349260fd4c51a94a6bc60fa6043b [term 1 FOLLOWER]: Starting leader election with config: opid_index: -1 OBSOLETE_local: false peers { permanent_uuid: "75a5cb20b56443639cfe49c47274d76b" member_type: VOTER last_known_addr { host: "127.0.116.130" port: 35393 } } peers { permanent_uuid: "6fe2349260fd4c51a94a6bc60fa6043b" member_type: VOTER last_known_addr { host: "127.0.116.129" port: 34317 } } peers { permanent_uuid: "fb91e39117a5489e85c5a494ee14bcc3" member_type: VOTER last_known_addr { host: "127.0.116.131" port: 36837 } }
I0513 22:33:16.410622 1029 leader_election.cc:296] T c1cbbc2b2f22460aa0617e7a5c823a57 P 6fe2349260fd4c51a94a6bc60fa6043b [CANDIDATE]: Term 1 election: Requested vote from peers 75a5cb20b56443639cfe49c47274d76b (127.0.116.130:35393), fb91e39117a5489e85c5a494ee14bcc3 (127.0.116.131:36837)
I0513 22:33:16.411046 944 tablet_service.cc:1286] Received RequestConsensusVote() RPC: tablet_id: "c1cbbc2b2f22460aa0617e7a5c823a57" candidate_uuid: "6fe2349260fd4c51a94a6bc60fa6043b" candidate_term: 1 candidate_status { last_received { term: 0 index: 0 } } ignore_live_leader: false dest_uuid: "fb91e39117a5489e85c5a494ee14bcc3"
I0513 22:33:16.411051 877 tablet_service.cc:1286] Received RequestConsensusVote() RPC: tablet_id: "c1cbbc2b2f22460aa0617e7a5c823a57" candidate_uuid: "6fe2349260fd4c51a94a6bc60fa6043b" candidate_term: 1 candidate_status { last_received { term: 0 index: 0 } } ignore_live_leader: false dest_uuid: "75a5cb20b56443639cfe49c47274d76b"
I0513 22:33:16.411207 944 raft_consensus.cc:2886] T c1cbbc2b2f22460aa0617e7a5c823a57 P fb91e39117a5489e85c5a494ee14bcc3 [term 0 FOLLOWER]: Advancing to term 1
I0513 22:33:16.411255 877 raft_consensus.cc:2886] T c1cbbc2b2f22460aa0617e7a5c823a57 P 75a5cb20b56443639cfe49c47274d76b [term 0 FOLLOWER]: Advancing to term 1
I0513 22:33:16.412905 944 raft_consensus.cc:2346] T c1cbbc2b2f22460aa0617e7a5c823a57 P fb91e39117a5489e85c5a494ee14bcc3 [term 1 FOLLOWER]: Leader election vote request: Granting yes vote for candidate 6fe2349260fd4c51a94a6bc60fa6043b in term 1.
I0513 22:33:16.413190 877 raft_consensus.cc:2346] T c1cbbc2b2f22460aa0617e7a5c823a57 P 75a5cb20b56443639cfe49c47274d76b [term 1 FOLLOWER]: Leader election vote request: Granting yes vote for candidate 6fe2349260fd4c51a94a6bc60fa6043b in term 1.
I0513 22:33:16.413265 773 leader_election.cc:310] T c1cbbc2b2f22460aa0617e7a5c823a57 P 6fe2349260fd4c51a94a6bc60fa6043b [CANDIDATE]: Term 1 election: Election decided. Result: candidate won. Election summary: received 2 responses out of 3 voters: 2 yes votes; 0 no votes. yes voters: 6fe2349260fd4c51a94a6bc60fa6043b, fb91e39117a5489e85c5a494ee14bcc3; no voters:
I0513 22:33:16.413522 1029 raft_consensus.cc:2640] T c1cbbc2b2f22460aa0617e7a5c823a57 P 6fe2349260fd4c51a94a6bc60fa6043b [term 1 FOLLOWER]: Leader election won for term 1
I0513 22:33:16.413642 1029 raft_consensus.cc:667] T c1cbbc2b2f22460aa0617e7a5c823a57 P 6fe2349260fd4c51a94a6bc60fa6043b [term 1 LEADER]: Becoming Leader. State: Replica: 6fe2349260fd4c51a94a6bc60fa6043b, State: Running, Role: LEADER
I0513 22:33:16.413830 1029 consensus_queue.cc:206] T c1cbbc2b2f22460aa0617e7a5c823a57 P 6fe2349260fd4c51a94a6bc60fa6043b [LEADER]: Queue going to LEADER mode. State: All replicated index: 0, Majority replicated index: 0, Committed index: 0, Last appended: 0.0, Last appended by leader: 0, Current term: 1, Majority size: 2, State: 0, Mode: LEADER, active raft config: opid_index: -1 OBSOLETE_local: false peers { permanent_uuid: "75a5cb20b56443639cfe49c47274d76b" member_type: VOTER last_known_addr { host: "127.0.116.130" port: 35393 } } peers { permanent_uuid: "6fe2349260fd4c51a94a6bc60fa6043b" member_type: VOTER last_known_addr { host: "127.0.116.129" port: 34317 } } peers { permanent_uuid: "fb91e39117a5489e85c5a494ee14bcc3" member_type: VOTER last_known_addr { host: "127.0.116.131" port: 36837 } }
I0513 22:33:16.417708 722 catalog_manager.cc:3988] T c1cbbc2b2f22460aa0617e7a5c823a57 P 6fe2349260fd4c51a94a6bc60fa6043b reported cstate change: term changed from 0 to 1, leader changed from to 6fe2349260fd4c51a94a6bc60fa6043b (127.0.116.129). New cstate: current_term: 1 leader_uuid: "6fe2349260fd4c51a94a6bc60fa6043b" committed_config { opid_index: -1 OBSOLETE_local: false peers { permanent_uuid: "75a5cb20b56443639cfe49c47274d76b" member_type: VOTER last_known_addr { host: "127.0.116.130" port: 35393 } health_report { overall_health: UNKNOWN } } peers { permanent_uuid: "6fe2349260fd4c51a94a6bc60fa6043b" member_type: VOTER last_known_addr { host: "127.0.116.129" port: 34317 } health_report { overall_health: HEALTHY } } peers { permanent_uuid: "fb91e39117a5489e85c5a494ee14bcc3" member_type: VOTER last_known_addr { host: "127.0.116.131" port: 36837 } health_report { overall_health: UNKNOWN } } }
I0513 22:33:16.462265 809 tablet_service.cc:1403] Received Run Leader Election RPC: tablet_id: "c1cbbc2b2f22460aa0617e7a5c823a57" dest_uuid: "6fe2349260fd4c51a94a6bc60fa6043b" from {username='slave'} at 127.0.0.1:57614
I0513 22:33:16.462272 808 tablet_service.cc:1403] Received Run Leader Election RPC: tablet_id: "73f1725c5aa04760a9d5e43d09f66e9e" dest_uuid: "6fe2349260fd4c51a94a6bc60fa6043b" from {username='slave'} at 127.0.0.1:57614
I0513 22:33:16.462610 806 tablet_service.cc:1403] Received Run Leader Election RPC: tablet_id: "3c141683c43f4fb78c4489e7904b28e8" dest_uuid: "6fe2349260fd4c51a94a6bc60fa6043b" from {username='slave'} at 127.0.0.1:57614
I0513 22:33:16.462761 808 raft_consensus.cc:472] T 73f1725c5aa04760a9d5e43d09f66e9e P 6fe2349260fd4c51a94a6bc60fa6043b [term 1 FOLLOWER]: Starting forced leader election (received explicit request)
I0513 22:33:16.462738 805 tablet_service.cc:1403] Received Run Leader Election RPC: tablet_id: "9fa827071e4246508d2690d2c1fbef4f" dest_uuid: "6fe2349260fd4c51a94a6bc60fa6043b" from {username='slave'} at 127.0.0.1:57614
I0513 22:33:16.462910 808 raft_consensus.cc:2886] T 73f1725c5aa04760a9d5e43d09f66e9e P 6fe2349260fd4c51a94a6bc60fa6043b [term 1 FOLLOWER]: Advancing to term 2
I0513 22:33:16.462929 806 raft_consensus.cc:472] T 3c141683c43f4fb78c4489e7904b28e8 P 6fe2349260fd4c51a94a6bc60fa6043b [term 0 FOLLOWER]: Starting forced leader election (received explicit request)
I0513 22:33:16.463114 805 raft_consensus.cc:472] T 9fa827071e4246508d2690d2c1fbef4f P 6fe2349260fd4c51a94a6bc60fa6043b [term 1 FOLLOWER]: Starting forced leader election (received explicit request)
I0513 22:33:16.463845 809 raft_consensus.cc:455] T c1cbbc2b2f22460aa0617e7a5c823a57 P 6fe2349260fd4c51a94a6bc60fa6043b [term 1 LEADER]: Not starting forced leader election -- already a leader
I0513 22:33:16.462437 807 tablet_service.cc:1403] Received Run Leader Election RPC: tablet_id: "01c2af1f12034771ba026a1fac9203df" dest_uuid: "6fe2349260fd4c51a94a6bc60fa6043b" from {username='slave'} at 127.0.0.1:57614
I0513 22:33:16.463811 804 tablet_service.cc:1403] Received Run Leader Election RPC: tablet_id: "e1484634c50f45f28345fdc882a61cf5" dest_uuid: "6fe2349260fd4c51a94a6bc60fa6043b" from {username='slave'} at 127.0.0.1:57614
I0513 22:33:16.464043 804 raft_consensus.cc:472] T e1484634c50f45f28345fdc882a61cf5 P 6fe2349260fd4c51a94a6bc60fa6043b [term 1 FOLLOWER]: Starting forced leader election (received explicit request)
I0513 22:33:16.464224 804 raft_consensus.cc:2886] T e1484634c50f45f28345fdc882a61cf5 P 6fe2349260fd4c51a94a6bc60fa6043b [term 1 FOLLOWER]: Advancing to term 2
I0513 22:33:16.464303 807 raft_consensus.cc:472] T 01c2af1f12034771ba026a1fac9203df P 6fe2349260fd4c51a94a6bc60fa6043b [term 1 FOLLOWER]: Starting forced leader election (received explicit request)
I0513 22:33:16.464484 805 raft_consensus.cc:2886] T 9fa827071e4246508d2690d2c1fbef4f P 6fe2349260fd4c51a94a6bc60fa6043b [term 1 FOLLOWER]: Advancing to term 2
I0513 22:33:16.464509 803 tablet_service.cc:1403] Received Run Leader Election RPC: tablet_id: "7e57e922f3a84a2e99667b5eacf7c18e" dest_uuid: "6fe2349260fd4c51a94a6bc60fa6043b" from {username='slave'} at 127.0.0.1:57614
I0513 22:33:16.464776 801 tablet_service.cc:1403] Received Run Leader Election RPC: tablet_id: "8002a0fb94514f77a8601f629424436e" dest_uuid: "6fe2349260fd4c51a94a6bc60fa6043b" from {username='slave'} at 127.0.0.1:57614
I0513 22:33:16.464929 803 raft_consensus.cc:472] T 7e57e922f3a84a2e99667b5eacf7c18e P 6fe2349260fd4c51a94a6bc60fa6043b [term 1 FOLLOWER]: Starting forced leader election (received explicit request)
I0513 22:33:16.464995 799 tablet_service.cc:1057] Processing DeleteTablet for tablet c1cbbc2b2f22460aa0617e7a5c823a57 with delete_type TABLET_DATA_DELETED from {username='slave'} at 127.0.0.1:57614
I0513 22:33:16.464962 801 raft_consensus.cc:472] T 8002a0fb94514f77a8601f629424436e P 6fe2349260fd4c51a94a6bc60fa6043b [term 1 FOLLOWER]: Starting forced leader election (received explicit request)
I0513 22:33:16.465530 801 raft_consensus.cc:2886] T 8002a0fb94514f77a8601f629424436e P 6fe2349260fd4c51a94a6bc60fa6043b [term 1 FOLLOWER]: Advancing to term 2
I0513 22:33:16.465646 809 tablet_service.cc:1403] Received Run Leader Election RPC: tablet_id: "c1cbbc2b2f22460aa0617e7a5c823a57" dest_uuid: "6fe2349260fd4c51a94a6bc60fa6043b" from {username='slave'} at 127.0.0.1:57614
I0513 22:33:16.465505 802 tablet_service.cc:1403] Received Run Leader Election RPC: tablet_id: "9ce2cd8e3814425b86d4ef0b5309b05c" dest_uuid: "6fe2349260fd4c51a94a6bc60fa6043b" from {username='slave'} at 127.0.0.1:57614
I0513 22:33:16.467568 806 raft_consensus.cc:2886] T 3c141683c43f4fb78c4489e7904b28e8 P 6fe2349260fd4c51a94a6bc60fa6043b [term 0 FOLLOWER]: Advancing to term 1
I0513 22:33:16.467725 807 raft_consensus.cc:2886] T 01c2af1f12034771ba026a1fac9203df P 6fe2349260fd4c51a94a6bc60fa6043b [term 1 FOLLOWER]: Advancing to term 2
I0513 22:33:16.468046 803 raft_consensus.cc:2886] T 7e57e922f3a84a2e99667b5eacf7c18e P 6fe2349260fd4c51a94a6bc60fa6043b [term 1 FOLLOWER]: Advancing to term 2
I0513 22:33:16.467537 802 raft_consensus.cc:472] T 9ce2cd8e3814425b86d4ef0b5309b05c P 6fe2349260fd4c51a94a6bc60fa6043b [term 1 FOLLOWER]: Starting forced leader election (received explicit request)
I0513 22:33:16.468319 800 tablet_service.cc:1403] Received Run Leader Election RPC: tablet_id: "a40718aa091247438d353d8c7739041e" dest_uuid: "6fe2349260fd4c51a94a6bc60fa6043b" from {username='slave'} at 127.0.0.1:57614
I0513 22:33:16.468478 800 raft_consensus.cc:455] T a40718aa091247438d353d8c7739041e P 6fe2349260fd4c51a94a6bc60fa6043b [term 1 LEADER]: Not starting forced leader election -- already a leader
I0513 22:33:16.470077 809 raft_consensus.cc:455] T c1cbbc2b2f22460aa0617e7a5c823a57 P 6fe2349260fd4c51a94a6bc60fa6043b [term 1 LEADER]: Not starting forced leader election -- already a leader
I0513 22:33:16.470393 808 raft_consensus.cc:494] T 73f1725c5aa04760a9d5e43d09f66e9e P 6fe2349260fd4c51a94a6bc60fa6043b [term 2 FOLLOWER]: Starting forced leader election with config: opid_index: -1 OBSOLETE_local: false peers { permanent_uuid: "6fe2349260fd4c51a94a6bc60fa6043b" member_type: VOTER last_known_addr { host: "127.0.116.129" port: 34317 } } peers { permanent_uuid: "75a5cb20b56443639cfe49c47274d76b" member_type: VOTER last_known_addr { host: "127.0.116.130" port: 35393 } } peers { permanent_uuid: "fb91e39117a5489e85c5a494ee14bcc3" member_type: VOTER last_known_addr { host: "127.0.116.131" port: 36837 } }
I0513 22:33:16.470791 809 tablet_service.cc:1403] Received Run Leader Election RPC: tablet_id: "c1cbbc2b2f22460aa0617e7a5c823a57" dest_uuid: "6fe2349260fd4c51a94a6bc60fa6043b" from {username='slave'} at 127.0.0.1:57614
I0513 22:33:16.471128 800 tablet_service.cc:1403] Received Run Leader Election RPC: tablet_id: "a40718aa091247438d353d8c7739041e" dest_uuid: "6fe2349260fd4c51a94a6bc60fa6043b" from {username='slave'} at 127.0.0.1:57614
I0513 22:33:16.471256 800 raft_consensus.cc:455] T a40718aa091247438d353d8c7739041e P 6fe2349260fd4c51a94a6bc60fa6043b [term 1 LEADER]: Not starting forced leader election -- already a leader
I0513 22:33:16.471397 802 raft_consensus.cc:2886] T 9ce2cd8e3814425b86d4ef0b5309b05c P 6fe2349260fd4c51a94a6bc60fa6043b [term 1 FOLLOWER]: Advancing to term 2
I0513 22:33:16.473067 1057 tablet_replica.cc:264] T c1cbbc2b2f22460aa0617e7a5c823a57 P 6fe2349260fd4c51a94a6bc60fa6043b: stopping tablet replica
I0513 22:33:16.473122 800 tablet_service.cc:1403] Received Run Leader Election RPC: tablet_id: "a40718aa091247438d353d8c7739041e" dest_uuid: "6fe2349260fd4c51a94a6bc60fa6043b" from {username='slave'} at 127.0.0.1:57614
I0513 22:33:16.473245 800 raft_consensus.cc:455] T a40718aa091247438d353d8c7739041e P 6fe2349260fd4c51a94a6bc60fa6043b [term 1 LEADER]: Not starting forced leader election -- already a leader
I0513 22:33:16.473647 1057 raft_consensus.cc:2143] T c1cbbc2b2f22460aa0617e7a5c823a57 P 6fe2349260fd4c51a94a6bc60fa6043b [term 1 LEADER]: Raft consensus shutting down.
I0513 22:33:16.473654 877 tablet_service.cc:1286] Received RequestConsensusVote() RPC: tablet_id: "73f1725c5aa04760a9d5e43d09f66e9e" candidate_uuid: "6fe2349260fd4c51a94a6bc60fa6043b" candidate_term: 2 candidate_status { last_received { term: 0 index: 0 } } ignore_live_leader: true dest_uuid: "75a5cb20b56443639cfe49c47274d76b"
I0513 22:33:16.473817 877 raft_consensus.cc:2881] T 73f1725c5aa04760a9d5e43d09f66e9e P 75a5cb20b56443639cfe49c47274d76b [term 1 LEADER]: Stepping down as leader of term 1
I0513 22:33:16.486735 944 tablet_service.cc:1286] Received RequestConsensusVote() RPC: tablet_id: "73f1725c5aa04760a9d5e43d09f66e9e" candidate_uuid: "6fe2349260fd4c51a94a6bc60fa6043b" candidate_term: 2 candidate_status { last_received { term: 0 index: 0 } } ignore_live_leader: true dest_uuid: "fb91e39117a5489e85c5a494ee14bcc3"
I0513 22:33:16.487939 800 tablet_service.cc:1403] Received Run Leader Election RPC: tablet_id: "a40718aa091247438d353d8c7739041e" dest_uuid: "6fe2349260fd4c51a94a6bc60fa6043b" from {username='slave'} at 127.0.0.1:57614
I0513 22:33:16.488993 800 raft_consensus.cc:455] T a40718aa091247438d353d8c7739041e P 6fe2349260fd4c51a94a6bc60fa6043b [term 1 LEADER]: Not starting forced leader election -- already a leader
I0513 22:33:16.488996 877 raft_consensus.cc:705] T 73f1725c5aa04760a9d5e43d09f66e9e P 75a5cb20b56443639cfe49c47274d76b [term 1 LEADER]: Becoming Follower/Learner. State: Replica: 75a5cb20b56443639cfe49c47274d76b, State: Running, Role: LEADER
I0513 22:33:16.489014 944 raft_consensus.cc:2886] T 73f1725c5aa04760a9d5e43d09f66e9e P fb91e39117a5489e85c5a494ee14bcc3 [term 1 FOLLOWER]: Advancing to term 2
I0513 22:33:16.488760 808 leader_election.cc:296] T 73f1725c5aa04760a9d5e43d09f66e9e P 6fe2349260fd4c51a94a6bc60fa6043b [CANDIDATE]: Term 2 election: Requested vote from peers 75a5cb20b56443639cfe49c47274d76b (127.0.116.130:35393), fb91e39117a5489e85c5a494ee14bcc3 (127.0.116.131:36837)
I0513 22:33:16.489970 808 tablet_service.cc:1403] Received Run Leader Election RPC: tablet_id: "a40718aa091247438d353d8c7739041e" dest_uuid: "6fe2349260fd4c51a94a6bc60fa6043b" from {username='slave'} at 127.0.0.1:57614
I0513 22:33:16.489409 807 raft_consensus.cc:494] T 01c2af1f12034771ba026a1fac9203df P 6fe2349260fd4c51a94a6bc60fa6043b [term 2 FOLLOWER]: Starting forced leader election with config: opid_index: -1 OBSOLETE_local: false peers { permanent_uuid: "75a5cb20b56443639cfe49c47274d76b" member_type: VOTER last_known_addr { host: "127.0.116.130" port: 35393 } } peers { permanent_uuid: "6fe2349260fd4c51a94a6bc60fa6043b" member_type: VOTER last_known_addr { host: "127.0.116.129" port: 34317 } } peers { permanent_uuid: "fb91e39117a5489e85c5a494ee14bcc3" member_type: VOTER last_known_addr { host: "127.0.116.131" port: 36837 } }
I0513 22:33:16.490504 808 raft_consensus.cc:455] T a40718aa091247438d353d8c7739041e P 6fe2349260fd4c51a94a6bc60fa6043b [term 1 LEADER]: Not starting forced leader election -- already a leader
I0513 22:33:16.491098 800 tablet_service.cc:1403] Received Run Leader Election RPC: tablet_id: "73f1725c5aa04760a9d5e43d09f66e9e" dest_uuid: "6fe2349260fd4c51a94a6bc60fa6043b" from {username='slave'} at 127.0.0.1:57614
I0513 22:33:16.491247 800 raft_consensus.cc:472] T 73f1725c5aa04760a9d5e43d09f66e9e P 6fe2349260fd4c51a94a6bc60fa6043b [term 2 FOLLOWER]: Starting forced leader election (received explicit request)
I0513 22:33:16.491961 800 raft_consensus.cc:2886] T 73f1725c5aa04760a9d5e43d09f66e9e P 6fe2349260fd4c51a94a6bc60fa6043b [term 2 FOLLOWER]: Advancing to term 3
I0513 22:33:16.493453 876 tablet_service.cc:1286] Received RequestConsensusVote() RPC: tablet_id: "01c2af1f12034771ba026a1fac9203df" candidate_uuid: "6fe2349260fd4c51a94a6bc60fa6043b" candidate_term: 2 candidate_status { last_received { term: 0 index: 0 } } ignore_live_leader: true dest_uuid: "75a5cb20b56443639cfe49c47274d76b"
I0513 22:33:16.493727 943 tablet_service.cc:1286] Received RequestConsensusVote() RPC: tablet_id: "01c2af1f12034771ba026a1fac9203df" candidate_uuid: "6fe2349260fd4c51a94a6bc60fa6043b" candidate_term: 2 candidate_status { last_received { term: 0 index: 0 } } ignore_live_leader: true dest_uuid: "fb91e39117a5489e85c5a494ee14bcc3"
I0513 22:33:16.493867 943 raft_consensus.cc:2886] T 01c2af1f12034771ba026a1fac9203df P fb91e39117a5489e85c5a494ee14bcc3 [term 1 FOLLOWER]: Advancing to term 2
I0513 22:33:16.493849 805 raft_consensus.cc:494] T 9fa827071e4246508d2690d2c1fbef4f P 6fe2349260fd4c51a94a6bc60fa6043b [term 2 FOLLOWER]: Starting forced leader election with config: opid_index: -1 OBSOLETE_local: false peers { permanent_uuid: "6fe2349260fd4c51a94a6bc60fa6043b" member_type: VOTER last_known_addr { host: "127.0.116.129" port: 34317 } } peers { permanent_uuid: "75a5cb20b56443639cfe49c47274d76b" member_type: VOTER last_known_addr { host: "127.0.116.130" port: 35393 } } peers { permanent_uuid: "fb91e39117a5489e85c5a494ee14bcc3" member_type: VOTER last_known_addr { host: "127.0.116.131" port: 36837 } }
I0513 22:33:16.491961 877 consensus_queue.cc:229] T 73f1725c5aa04760a9d5e43d09f66e9e P 75a5cb20b56443639cfe49c47274d76b [NON_LEADER]: Queue going to NON_LEADER mode. State: All replicated index: 0, Majority replicated index: 0, Committed index: 0, Last appended: 1.1, Last appended by leader: 1, Current term: 1, Majority size: -1, State: 0, Mode: NON_LEADER, active raft config: opid_index: -1 OBSOLETE_local: false peers { permanent_uuid: "6fe2349260fd4c51a94a6bc60fa6043b" member_type: VOTER last_known_addr { host: "127.0.116.129" port: 34317 } } peers { permanent_uuid: "75a5cb20b56443639cfe49c47274d76b" member_type: VOTER last_known_addr { host: "127.0.116.130" port: 35393 } } peers { permanent_uuid: "fb91e39117a5489e85c5a494ee14bcc3" member_type: VOTER last_known_addr { host: "127.0.116.131" port: 36837 } }
I0513 22:33:16.494635 808 tablet_service.cc:1403] Received Run Leader Election RPC: tablet_id: "c1cbbc2b2f22460aa0617e7a5c823a57" dest_uuid: "6fe2349260fd4c51a94a6bc60fa6043b" from {username='slave'} at 127.0.0.1:57614
I0513 22:33:16.497560 807 leader_election.cc:296] T 01c2af1f12034771ba026a1fac9203df P 6fe2349260fd4c51a94a6bc60fa6043b [CANDIDATE]: Term 2 election: Requested vote from peers 75a5cb20b56443639cfe49c47274d76b (127.0.116.130:35393), fb91e39117a5489e85c5a494ee14bcc3 (127.0.116.131:36837)
I0513 22:33:16.497582 876 raft_consensus.cc:2881] T 01c2af1f12034771ba026a1fac9203df P 75a5cb20b56443639cfe49c47274d76b [term 1 LEADER]: Stepping down as leader of term 1
I0513 22:33:16.497864 1057 pending_rounds.cc:64] T c1cbbc2b2f22460aa0617e7a5c823a57 P 6fe2349260fd4c51a94a6bc60fa6043b: Trying to abort 1 pending transactions.
I0513 22:33:16.497984 876 raft_consensus.cc:705] T 01c2af1f12034771ba026a1fac9203df P 75a5cb20b56443639cfe49c47274d76b [term 1 LEADER]: Becoming Follower/Learner. State: Replica: 75a5cb20b56443639cfe49c47274d76b, State: Running, Role: LEADER
I0513 22:33:16.498096 877 raft_consensus.cc:2886] T 73f1725c5aa04760a9d5e43d09f66e9e P 75a5cb20b56443639cfe49c47274d76b [term 1 FOLLOWER]: Advancing to term 2
I0513 22:33:16.497372 809 tablet_service.cc:1403] Received Run Leader Election RPC: tablet_id: "a40718aa091247438d353d8c7739041e" dest_uuid: "6fe2349260fd4c51a94a6bc60fa6043b" from {username='slave'} at 127.0.0.1:57614
I0513 22:33:16.495482 803 raft_consensus.cc:494] T 7e57e922f3a84a2e99667b5eacf7c18e P 6fe2349260fd4c51a94a6bc60fa6043b [term 2 FOLLOWER]: Starting forced leader election with config: opid_index: -1 OBSOLETE_local: false peers { permanent_uuid: "75a5cb20b56443639cfe49c47274d76b" member_type: VOTER last_known_addr { host: "127.0.116.130" port: 35393 } } peers { permanent_uuid: "6fe2349260fd4c51a94a6bc60fa6043b" member_type: VOTER last_known_addr { host: "127.0.116.129" port: 34317 } } peers { permanent_uuid: "fb91e39117a5489e85c5a494ee14bcc3" member_type: VOTER last_known_addr { host: "127.0.116.131" port: 36837 } }
I0513 22:33:16.498757 807 tablet_service.cc:1403] Received Run Leader Election RPC: tablet_id: "01c2af1f12034771ba026a1fac9203df" dest_uuid: "6fe2349260fd4c51a94a6bc60fa6043b" from {username='slave'} at 127.0.0.1:57614
I0513 22:33:16.496650 801 raft_consensus.cc:494] T 8002a0fb94514f77a8601f629424436e P 6fe2349260fd4c51a94a6bc60fa6043b [term 2 FOLLOWER]: Starting forced leader election with config: opid_index: -1 OBSOLETE_local: false peers { permanent_uuid: "6fe2349260fd4c51a94a6bc60fa6043b" member_type: VOTER last_known_addr { host: "127.0.116.129" port: 34317 } } peers { permanent_uuid: "75a5cb20b56443639cfe49c47274d76b" member_type: VOTER last_known_addr { host: "127.0.116.130" port: 35393 } } peers { permanent_uuid: "fb91e39117a5489e85c5a494ee14bcc3" member_type: VOTER last_known_addr { host: "127.0.116.131" port: 36837 } }
I0513 22:33:16.500113 809 raft_consensus.cc:455] T a40718aa091247438d353d8c7739041e P 6fe2349260fd4c51a94a6bc60fa6043b [term 1 LEADER]: Not starting forced leader election -- already a leader
