I0513 22:33:16.199793 943 raft_consensus.cc:2346] T a40718aa091247438d353d8c7739041e P fb91e39117a5489e85c5a494ee14bcc3 [term 0 FOLLOWER]: Leader pre-election vote request: Granting yes vote for candidate 6fe2349260fd4c51a94a6bc60fa6043b in term 0.
I0513 22:33:16.200734 988 tablet_bootstrap.cc:590] T e1484634c50f45f28345fdc882a61cf5 P 75a5cb20b56443639cfe49c47274d76b: No blocks or log segments found. Creating new log.
I0513 22:33:16.200655 995 raft_consensus.cc:494] T 01c2af1f12034771ba026a1fac9203df P 75a5cb20b56443639cfe49c47274d76b [term 1 FOLLOWER]: Starting leader election with config: opid_index: -1 OBSOLETE_local: false peers { permanent_uuid: "75a5cb20b56443639cfe49c47274d76b" member_type: VOTER last_known_addr { host: "127.0.116.130" port: 35393 } } peers { permanent_uuid: "6fe2349260fd4c51a94a6bc60fa6043b" member_type: VOTER last_known_addr { host: "127.0.116.129" port: 34317 } } peers { permanent_uuid: "fb91e39117a5489e85c5a494ee14bcc3" member_type: VOTER last_known_addr { host: "127.0.116.131" port: 36837 } }
I0513 22:33:16.202597 990 raft_consensus.cc:705] T e1484634c50f45f28345fdc882a61cf5 P 6fe2349260fd4c51a94a6bc60fa6043b [term 0 FOLLOWER]: Becoming Follower/Learner. State: Replica: 6fe2349260fd4c51a94a6bc60fa6043b, State: Initialized, Role: FOLLOWER
I0513 22:33:16.200294 1016 raft_consensus.cc:494] T e1484634c50f45f28345fdc882a61cf5 P fb91e39117a5489e85c5a494ee14bcc3 [term 0 FOLLOWER]: Starting pre-election with config: opid_index: -1 OBSOLETE_local: false peers { permanent_uuid: "6fe2349260fd4c51a94a6bc60fa6043b" member_type: VOTER last_known_addr { host: "127.0.116.129" port: 34317 } } peers { permanent_uuid: "75a5cb20b56443639cfe49c47274d76b" member_type: VOTER last_known_addr { host: "127.0.116.130" port: 35393 } } peers { permanent_uuid: "fb91e39117a5489e85c5a494ee14bcc3" member_type: VOTER last_known_addr { host: "127.0.116.131" port: 36837 } }
I0513 22:33:16.203131 809 tablet_service.cc:1286] Received RequestConsensusVote() RPC: tablet_id: "01c2af1f12034771ba026a1fac9203df" candidate_uuid: "75a5cb20b56443639cfe49c47274d76b" candidate_term: 1 candidate_status { last_received { term: 0 index: 0 } } ignore_live_leader: false dest_uuid: "6fe2349260fd4c51a94a6bc60fa6043b"
I0513 22:33:16.203397 995 leader_election.cc:296] T 01c2af1f12034771ba026a1fac9203df P 75a5cb20b56443639cfe49c47274d76b [CANDIDATE]: Term 1 election: Requested vote from peers 6fe2349260fd4c51a94a6bc60fa6043b (127.0.116.129:34317), fb91e39117a5489e85c5a494ee14bcc3 (127.0.116.131:36837)
I0513 22:33:16.197994 723 catalog_manager.cc:3988] T 7e57e922f3a84a2e99667b5eacf7c18e P fb91e39117a5489e85c5a494ee14bcc3 reported cstate change: term changed from 0 to 1, leader changed from to fb91e39117a5489e85c5a494ee14bcc3 (127.0.116.131). New cstate: current_term: 1 leader_uuid: "fb91e39117a5489e85c5a494ee14bcc3" committed_config { opid_index: -1 OBSOLETE_local: false peers { permanent_uuid: "75a5cb20b56443639cfe49c47274d76b" member_type: VOTER last_known_addr { host: "127.0.116.130" port: 35393 } health_report { overall_health: UNKNOWN } } peers { permanent_uuid: "6fe2349260fd4c51a94a6bc60fa6043b" member_type: VOTER last_known_addr { host: "127.0.116.129" port: 34317 } health_report { overall_health: UNKNOWN } } peers { permanent_uuid: "fb91e39117a5489e85c5a494ee14bcc3" member_type: VOTER last_known_addr { host: "127.0.116.131" port: 36837 } health_report { overall_health: HEALTHY } } }
I0513 22:33:16.204059 773 leader_election.cc:310] T a40718aa091247438d353d8c7739041e P 6fe2349260fd4c51a94a6bc60fa6043b [CANDIDATE]: Term 1 pre-election: Election decided. Result: candidate won. Election summary: received 2 responses out of 3 voters: 2 yes votes; 0 no votes. yes voters: 6fe2349260fd4c51a94a6bc60fa6043b, fb91e39117a5489e85c5a494ee14bcc3; no voters:
I0513 22:33:16.204989 989 tablet_bootstrap.cc:590] T 73f1725c5aa04760a9d5e43d09f66e9e P fb91e39117a5489e85c5a494ee14bcc3: No blocks or log segments found. Creating new log.
I0513 22:33:16.205034 907 leader_election.cc:310] T 3c141683c43f4fb78c4489e7904b28e8 P fb91e39117a5489e85c5a494ee14bcc3 [CANDIDATE]: Term 1 pre-election: Election decided. Result: candidate won. Election summary: received 3 responses out of 3 voters: 2 yes votes; 1 no votes. yes voters: 75a5cb20b56443639cfe49c47274d76b, fb91e39117a5489e85c5a494ee14bcc3; no voters: 6fe2349260fd4c51a94a6bc60fa6043b
I0513 22:33:16.206300 809 raft_consensus.cc:2886] T 01c2af1f12034771ba026a1fac9203df P 6fe2349260fd4c51a94a6bc60fa6043b [term 0 FOLLOWER]: Advancing to term 1
I0513 22:33:16.203891 990 consensus_queue.cc:229] T e1484634c50f45f28345fdc882a61cf5 P 6fe2349260fd4c51a94a6bc60fa6043b [NON_LEADER]: Queue going to NON_LEADER mode. State: All replicated index: 0, Majority replicated index: 0, Committed index: 0, Last appended: 0.0, Last appended by leader: 0, Current term: 0, Majority size: -1, State: 0, Mode: NON_LEADER, active raft config: opid_index: -1 OBSOLETE_local: false peers { permanent_uuid: "6fe2349260fd4c51a94a6bc60fa6043b" member_type: VOTER last_known_addr { host: "127.0.116.129" port: 34317 } } peers { permanent_uuid: "75a5cb20b56443639cfe49c47274d76b" member_type: VOTER last_known_addr { host: "127.0.116.130" port: 35393 } } peers { permanent_uuid: "fb91e39117a5489e85c5a494ee14bcc3" member_type: VOTER last_known_addr { host: "127.0.116.131" port: 36837 } }
I0513 22:33:16.207324 943 tablet_service.cc:1286] Received RequestConsensusVote() RPC: tablet_id: "01c2af1f12034771ba026a1fac9203df" candidate_uuid: "75a5cb20b56443639cfe49c47274d76b" candidate_term: 1 candidate_status { last_received { term: 0 index: 0 } } ignore_live_leader: false dest_uuid: "fb91e39117a5489e85c5a494ee14bcc3"
I0513 22:33:16.207537 1016 leader_election.cc:296] T e1484634c50f45f28345fdc882a61cf5 P fb91e39117a5489e85c5a494ee14bcc3 [CANDIDATE]: Term 1 pre-election: Requested pre-vote from peers 6fe2349260fd4c51a94a6bc60fa6043b (127.0.116.129:34317), 75a5cb20b56443639cfe49c47274d76b (127.0.116.130:35393)
I0513 22:33:16.207955 997 raft_consensus.cc:2640] T a40718aa091247438d353d8c7739041e P 6fe2349260fd4c51a94a6bc60fa6043b [term 0 FOLLOWER]: Leader pre-election won for term 1
I0513 22:33:16.208032 997 raft_consensus.cc:472] T a40718aa091247438d353d8c7739041e P 6fe2349260fd4c51a94a6bc60fa6043b [term 0 FOLLOWER]: Starting leader election (no leader contacted us within the election timeout)
I0513 22:33:16.208019 808 tablet_service.cc:1286] Received RequestConsensusVote() RPC: tablet_id: "e1484634c50f45f28345fdc882a61cf5" candidate_uuid: "fb91e39117a5489e85c5a494ee14bcc3" candidate_term: 1 candidate_status { last_received { term: 0 index: 0 } } ignore_live_leader: false dest_uuid: "6fe2349260fd4c51a94a6bc60fa6043b" is_pre_election: true
I0513 22:33:16.208525 808 raft_consensus.cc:2346] T e1484634c50f45f28345fdc882a61cf5 P 6fe2349260fd4c51a94a6bc60fa6043b [term 0 FOLLOWER]: Leader pre-election vote request: Granting yes vote for candidate fb91e39117a5489e85c5a494ee14bcc3 in term 0.
I0513 22:33:16.208619 997 raft_consensus.cc:2886] T a40718aa091247438d353d8c7739041e P 6fe2349260fd4c51a94a6bc60fa6043b [term 0 FOLLOWER]: Advancing to term 1
I0513 22:33:16.208735 943 raft_consensus.cc:2886] T 01c2af1f12034771ba026a1fac9203df P fb91e39117a5489e85c5a494ee14bcc3 [term 0 FOLLOWER]: Advancing to term 1
I0513 22:33:16.209866 873 tablet_service.cc:1286] Received RequestConsensusVote() RPC: tablet_id: "e1484634c50f45f28345fdc882a61cf5" candidate_uuid: "fb91e39117a5489e85c5a494ee14bcc3" candidate_term: 1 candidate_status { last_received { term: 0 index: 0 } } ignore_live_leader: false dest_uuid: "75a5cb20b56443639cfe49c47274d76b" is_pre_election: true
I0513 22:33:16.210992 993 raft_consensus.cc:2640] T 3c141683c43f4fb78c4489e7904b28e8 P fb91e39117a5489e85c5a494ee14bcc3 [term 0 FOLLOWER]: Leader pre-election won for term 1
I0513 22:33:16.211068 993 raft_consensus.cc:472] T 3c141683c43f4fb78c4489e7904b28e8 P fb91e39117a5489e85c5a494ee14bcc3 [term 0 FOLLOWER]: Starting leader election (no leader contacted us within the election timeout)
I0513 22:33:16.207481 1027 raft_consensus.cc:472] T 8002a0fb94514f77a8601f629424436e P 75a5cb20b56443639cfe49c47274d76b [term 0 FOLLOWER]: Starting pre-election (no leader contacted us within the election timeout)
I0513 22:33:16.210651 908 leader_election.cc:310] T e1484634c50f45f28345fdc882a61cf5 P fb91e39117a5489e85c5a494ee14bcc3 [CANDIDATE]: Term 1 pre-election: Election decided. Result: candidate won. Election summary: received 2 responses out of 3 voters: 2 yes votes; 0 no votes. yes voters: 6fe2349260fd4c51a94a6bc60fa6043b, fb91e39117a5489e85c5a494ee14bcc3; no voters:
I0513 22:33:16.214275 993 raft_consensus.cc:2886] T 3c141683c43f4fb78c4489e7904b28e8 P fb91e39117a5489e85c5a494ee14bcc3 [term 0 FOLLOWER]: Advancing to term 1
W0513 22:33:16.215034 907 leader_election.cc:348] T e1484634c50f45f28345fdc882a61cf5 P fb91e39117a5489e85c5a494ee14bcc3 [CANDIDATE]: Term 1 pre-election: Tablet error from VoteRequest() call to peer 75a5cb20b56443639cfe49c47274d76b (127.0.116.130:35393): Illegal state: must be running to vote when last-logged opid is not known
I0513 22:33:16.215446 1016 raft_consensus.cc:2640] T e1484634c50f45f28345fdc882a61cf5 P fb91e39117a5489e85c5a494ee14bcc3 [term 0 FOLLOWER]: Leader pre-election won for term 1
I0513 22:33:16.216111 875 raft_consensus.cc:2346] T 7e57e922f3a84a2e99667b5eacf7c18e P 75a5cb20b56443639cfe49c47274d76b [term 1 FOLLOWER]: Leader election vote request: Granting yes vote for candidate fb91e39117a5489e85c5a494ee14bcc3 in term 1.
I0513 22:33:16.217306 877 raft_consensus.cc:2321] T 7e57e922f3a84a2e99667b5eacf7c18e P 75a5cb20b56443639cfe49c47274d76b [term 1 FOLLOWER]: Leader pre-election vote request: Denying vote to candidate fb91e39117a5489e85c5a494ee14bcc3 for term 1 because replica is already servicing an update from a current leader or another vote.
I0513 22:33:16.219446 943 raft_consensus.cc:2346] T 01c2af1f12034771ba026a1fac9203df P fb91e39117a5489e85c5a494ee14bcc3 [term 1 FOLLOWER]: Leader election vote request: Granting yes vote for candidate 75a5cb20b56443639cfe49c47274d76b in term 1.
I0513 22:33:16.219446 874 raft_consensus.cc:2346] T 9ce2cd8e3814425b86d4ef0b5309b05c P 75a5cb20b56443639cfe49c47274d76b [term 1 FOLLOWER]: Leader election vote request: Granting yes vote for candidate fb91e39117a5489e85c5a494ee14bcc3 in term 1.
I0513 22:33:16.219574 876 raft_consensus.cc:2321] T 9ce2cd8e3814425b86d4ef0b5309b05c P 75a5cb20b56443639cfe49c47274d76b [term 1 FOLLOWER]: Leader pre-election vote request: Denying vote to candidate fb91e39117a5489e85c5a494ee14bcc3 for term 1 because replica is already servicing an update from a current leader or another vote.
I0513 22:33:16.219795 1016 raft_consensus.cc:472] T e1484634c50f45f28345fdc882a61cf5 P fb91e39117a5489e85c5a494ee14bcc3 [term 0 FOLLOWER]: Starting leader election (no leader contacted us within the election timeout)
I0513 22:33:16.221508 809 raft_consensus.cc:2346] T 01c2af1f12034771ba026a1fac9203df P 6fe2349260fd4c51a94a6bc60fa6043b [term 1 FOLLOWER]: Leader election vote request: Granting yes vote for candidate 75a5cb20b56443639cfe49c47274d76b in term 1.
I0513 22:33:16.223237 993 raft_consensus.cc:494] T 3c141683c43f4fb78c4489e7904b28e8 P fb91e39117a5489e85c5a494ee14bcc3 [term 1 FOLLOWER]: Starting leader election with config: opid_index: -1 OBSOLETE_local: false peers { permanent_uuid: "75a5cb20b56443639cfe49c47274d76b" member_type: VOTER last_known_addr { host: "127.0.116.130" port: 35393 } } peers { permanent_uuid: "6fe2349260fd4c51a94a6bc60fa6043b" member_type: VOTER last_known_addr { host: "127.0.116.129" port: 34317 } } peers { permanent_uuid: "fb91e39117a5489e85c5a494ee14bcc3" member_type: VOTER last_known_addr { host: "127.0.116.131" port: 36837 } }
I0513 22:33:16.223835 993 leader_election.cc:296] T 3c141683c43f4fb78c4489e7904b28e8 P fb91e39117a5489e85c5a494ee14bcc3 [CANDIDATE]: Term 1 election: Requested vote from peers 75a5cb20b56443639cfe49c47274d76b (127.0.116.130:35393), 6fe2349260fd4c51a94a6bc60fa6043b (127.0.116.129:34317)
I0513 22:33:16.224083 877 tablet_service.cc:1286] Received RequestConsensusVote() RPC: tablet_id: "3c141683c43f4fb78c4489e7904b28e8" candidate_uuid: "fb91e39117a5489e85c5a494ee14bcc3" candidate_term: 1 candidate_status { last_received { term: 0 index: 0 } } ignore_live_leader: false dest_uuid: "75a5cb20b56443639cfe49c47274d76b"
I0513 22:33:16.224201 877 raft_consensus.cc:2886] T 3c141683c43f4fb78c4489e7904b28e8 P 75a5cb20b56443639cfe49c47274d76b [term 0 FOLLOWER]: Advancing to term 1
I0513 22:33:16.226447 877 raft_consensus.cc:2346] T 3c141683c43f4fb78c4489e7904b28e8 P 75a5cb20b56443639cfe49c47274d76b [term 1 FOLLOWER]: Leader election vote request: Granting yes vote for candidate fb91e39117a5489e85c5a494ee14bcc3 in term 1.
I0513 22:33:16.227108 907 leader_election.cc:310] T 3c141683c43f4fb78c4489e7904b28e8 P fb91e39117a5489e85c5a494ee14bcc3 [CANDIDATE]: Term 1 election: Election decided. Result: candidate won. Election summary: received 2 responses out of 3 voters: 2 yes votes; 0 no votes. yes voters: 75a5cb20b56443639cfe49c47274d76b, fb91e39117a5489e85c5a494ee14bcc3; no voters:
I0513 22:33:16.227588 809 tablet_service.cc:1286] Received RequestConsensusVote() RPC: tablet_id: "3c141683c43f4fb78c4489e7904b28e8" candidate_uuid: "fb91e39117a5489e85c5a494ee14bcc3" candidate_term: 1 candidate_status { last_received { term: 0 index: 0 } } ignore_live_leader: false dest_uuid: "6fe2349260fd4c51a94a6bc60fa6043b"
W0513 22:33:16.228054 908 leader_election.cc:348] T 3c141683c43f4fb78c4489e7904b28e8 P fb91e39117a5489e85c5a494ee14bcc3 [CANDIDATE]: Term 1 election: Tablet error from VoteRequest() call to peer 6fe2349260fd4c51a94a6bc60fa6043b (127.0.116.129:34317): Illegal state: must be running to vote when last-logged opid is not known
I0513 22:33:16.228693 997 raft_consensus.cc:494] T a40718aa091247438d353d8c7739041e P 6fe2349260fd4c51a94a6bc60fa6043b [term 1 FOLLOWER]: Starting leader election with config: opid_index: -1 OBSOLETE_local: false peers { permanent_uuid: "75a5cb20b56443639cfe49c47274d76b" member_type: VOTER last_known_addr { host: "127.0.116.130" port: 35393 } } peers { permanent_uuid: "6fe2349260fd4c51a94a6bc60fa6043b" member_type: VOTER last_known_addr { host: "127.0.116.129" port: 34317 } } peers { permanent_uuid: "fb91e39117a5489e85c5a494ee14bcc3" member_type: VOTER last_known_addr { host: "127.0.116.131" port: 36837 } }
I0513 22:33:16.229341 997 leader_election.cc:296] T a40718aa091247438d353d8c7739041e P 6fe2349260fd4c51a94a6bc60fa6043b [CANDIDATE]: Term 1 election: Requested vote from peers 75a5cb20b56443639cfe49c47274d76b (127.0.116.130:35393), fb91e39117a5489e85c5a494ee14bcc3 (127.0.116.131:36837)
I0513 22:33:16.229523 993 raft_consensus.cc:2640] T 3c141683c43f4fb78c4489e7904b28e8 P fb91e39117a5489e85c5a494ee14bcc3 [term 1 FOLLOWER]: Leader election won for term 1
I0513 22:33:16.229863 993 raft_consensus.cc:667] T 3c141683c43f4fb78c4489e7904b28e8 P fb91e39117a5489e85c5a494ee14bcc3 [term 1 LEADER]: Becoming Leader. State: Replica: fb91e39117a5489e85c5a494ee14bcc3, State: Running, Role: LEADER
I0513 22:33:16.230099 841 leader_election.cc:310] T 01c2af1f12034771ba026a1fac9203df P 75a5cb20b56443639cfe49c47274d76b [CANDIDATE]: Term 1 election: Election decided. Result: candidate won. Election summary: received 2 responses out of 3 voters: 2 yes votes; 0 no votes. yes voters: 75a5cb20b56443639cfe49c47274d76b, fb91e39117a5489e85c5a494ee14bcc3; no voters:
I0513 22:33:16.230548 995 raft_consensus.cc:2640] T 01c2af1f12034771ba026a1fac9203df P 75a5cb20b56443639cfe49c47274d76b [term 1 FOLLOWER]: Leader election won for term 1
I0513 22:33:16.231649 944 raft_consensus.cc:2307] T 9ce2cd8e3814425b86d4ef0b5309b05c P fb91e39117a5489e85c5a494ee14bcc3 [term 1 LEADER]: Leader pre-election vote request: Denying vote to candidate 6fe2349260fd4c51a94a6bc60fa6043b for term 1 because replica is either leader or believes a valid leader to be alive.
I0513 22:33:16.232019 943 tablet_service.cc:1286] Received RequestConsensusVote() RPC: tablet_id: "a40718aa091247438d353d8c7739041e" candidate_uuid: "6fe2349260fd4c51a94a6bc60fa6043b" candidate_term: 1 candidate_status { last_received { term: 0 index: 0 } } ignore_live_leader: false dest_uuid: "fb91e39117a5489e85c5a494ee14bcc3"
I0513 22:33:16.239218 943 raft_consensus.cc:2886] T a40718aa091247438d353d8c7739041e P fb91e39117a5489e85c5a494ee14bcc3 [term 0 FOLLOWER]: Advancing to term 1
I0513 22:33:16.239346 1016 raft_consensus.cc:2886] T e1484634c50f45f28345fdc882a61cf5 P fb91e39117a5489e85c5a494ee14bcc3 [term 0 FOLLOWER]: Advancing to term 1
I0513 22:33:16.211436 1027 raft_consensus.cc:494] T 8002a0fb94514f77a8601f629424436e P 75a5cb20b56443639cfe49c47274d76b [term 0 FOLLOWER]: Starting pre-election with config: opid_index: -1 OBSOLETE_local: false peers { permanent_uuid: "6fe2349260fd4c51a94a6bc60fa6043b" member_type: VOTER last_known_addr { host: "127.0.116.129" port: 34317 } } peers { permanent_uuid: "75a5cb20b56443639cfe49c47274d76b" member_type: VOTER last_known_addr { host: "127.0.116.130" port: 35393 } } peers { permanent_uuid: "fb91e39117a5489e85c5a494ee14bcc3" member_type: VOTER last_known_addr { host: "127.0.116.131" port: 36837 } }
I0513 22:33:16.232412 993 consensus_queue.cc:206] T 3c141683c43f4fb78c4489e7904b28e8 P fb91e39117a5489e85c5a494ee14bcc3 [LEADER]: Queue going to LEADER mode. State: All replicated index: 0, Majority replicated index: 0, Committed index: 0, Last appended: 0.0, Last appended by leader: 0, Current term: 1, Majority size: 2, State: 0, Mode: LEADER, active raft config: opid_index: -1 OBSOLETE_local: false peers { permanent_uuid: "75a5cb20b56443639cfe49c47274d76b" member_type: VOTER last_known_addr { host: "127.0.116.130" port: 35393 } } peers { permanent_uuid: "6fe2349260fd4c51a94a6bc60fa6043b" member_type: VOTER last_known_addr { host: "127.0.116.129" port: 34317 } } peers { permanent_uuid: "fb91e39117a5489e85c5a494ee14bcc3" member_type: VOTER last_known_addr { host: "127.0.116.131" port: 36837 } }
I0513 22:33:16.240768 725 catalog_manager.cc:3988] T 9ce2cd8e3814425b86d4ef0b5309b05c P fb91e39117a5489e85c5a494ee14bcc3 reported cstate change: term changed from 0 to 1, leader changed from to fb91e39117a5489e85c5a494ee14bcc3 (127.0.116.131). New cstate: current_term: 1 leader_uuid: "fb91e39117a5489e85c5a494ee14bcc3" committed_config { opid_index: -1 OBSOLETE_local: false peers { permanent_uuid: "6fe2349260fd4c51a94a6bc60fa6043b" member_type: VOTER last_known_addr { host: "127.0.116.129" port: 34317 } health_report { overall_health: UNKNOWN } } peers { permanent_uuid: "75a5cb20b56443639cfe49c47274d76b" member_type: VOTER last_known_addr { host: "127.0.116.130" port: 35393 } health_report { overall_health: UNKNOWN } } peers { permanent_uuid: "fb91e39117a5489e85c5a494ee14bcc3" member_type: VOTER last_known_addr { host: "127.0.116.131" port: 36837 } health_report { overall_health: HEALTHY } } }
I0513 22:33:16.243958 995 raft_consensus.cc:667] T 01c2af1f12034771ba026a1fac9203df P 75a5cb20b56443639cfe49c47274d76b [term 1 LEADER]: Becoming Leader. State: Replica: 75a5cb20b56443639cfe49c47274d76b, State: Running, Role: LEADER
I0513 22:33:16.251803 809 tablet_service.cc:1286] Received RequestConsensusVote() RPC: tablet_id: "8002a0fb94514f77a8601f629424436e" candidate_uuid: "75a5cb20b56443639cfe49c47274d76b" candidate_term: 1 candidate_status { last_received { term: 0 index: 0 } } ignore_live_leader: false dest_uuid: "6fe2349260fd4c51a94a6bc60fa6043b" is_pre_election: true
I0513 22:33:16.257403 943 raft_consensus.cc:2346] T a40718aa091247438d353d8c7739041e P fb91e39117a5489e85c5a494ee14bcc3 [term 1 FOLLOWER]: Leader election vote request: Granting yes vote for candidate 6fe2349260fd4c51a94a6bc60fa6043b in term 1.
I0513 22:33:16.257865 773 leader_election.cc:310] T a40718aa091247438d353d8c7739041e P 6fe2349260fd4c51a94a6bc60fa6043b [CANDIDATE]: Term 1 election: Election decided. Result: candidate won. Election summary: received 2 responses out of 3 voters: 2 yes votes; 0 no votes. yes voters: 6fe2349260fd4c51a94a6bc60fa6043b, fb91e39117a5489e85c5a494ee14bcc3; no voters:
I0513 22:33:16.258486 877 tablet_service.cc:1286] Received RequestConsensusVote() RPC: tablet_id: "9ce2cd8e3814425b86d4ef0b5309b05c" candidate_uuid: "6fe2349260fd4c51a94a6bc60fa6043b" candidate_term: 1 candidate_status { last_received { term: 0 index: 0 } } ignore_live_leader: false dest_uuid: "75a5cb20b56443639cfe49c47274d76b" is_pre_election: true
I0513 22:33:16.258781 990 ts_tablet_manager.cc:1081] T e1484634c50f45f28345fdc882a61cf5 P 6fe2349260fd4c51a94a6bc60fa6043b: Time spent starting tablet: real 0.084s user 0.008s sys 0.024s
I0513 22:33:16.258855 874 tablet_service.cc:1286] Received RequestConsensusVote() RPC: tablet_id: "a40718aa091247438d353d8c7739041e" candidate_uuid: "6fe2349260fd4c51a94a6bc60fa6043b" candidate_term: 1 candidate_status { last_received { term: 0 index: 0 } } ignore_live_leader: false dest_uuid: "75a5cb20b56443639cfe49c47274d76b"
I0513 22:33:16.259325 990 tablet_bootstrap.cc:439] T 73f1725c5aa04760a9d5e43d09f66e9e P 6fe2349260fd4c51a94a6bc60fa6043b: Bootstrap starting.
I0513 22:33:16.259332 944 tablet_service.cc:1286] Received RequestConsensusVote() RPC: tablet_id: "8002a0fb94514f77a8601f629424436e" candidate_uuid: "75a5cb20b56443639cfe49c47274d76b" candidate_term: 1 candidate_status { last_received { term: 0 index: 0 } } ignore_live_leader: false dest_uuid: "fb91e39117a5489e85c5a494ee14bcc3" is_pre_election: true
I0513 22:33:16.259500 944 raft_consensus.cc:2346] T 8002a0fb94514f77a8601f629424436e P fb91e39117a5489e85c5a494ee14bcc3 [term 0 FOLLOWER]: Leader pre-election vote request: Granting yes vote for candidate 75a5cb20b56443639cfe49c47274d76b in term 0.
I0513 22:33:16.260037 1027 leader_election.cc:296] T 8002a0fb94514f77a8601f629424436e P 75a5cb20b56443639cfe49c47274d76b [CANDIDATE]: Term 1 pre-election: Requested pre-vote from peers 6fe2349260fd4c51a94a6bc60fa6043b (127.0.116.129:34317), fb91e39117a5489e85c5a494ee14bcc3 (127.0.116.131:36837)
I0513 22:33:16.260648 841 leader_election.cc:310] T 8002a0fb94514f77a8601f629424436e P 75a5cb20b56443639cfe49c47274d76b [CANDIDATE]: Term 1 pre-election: Election decided. Result: candidate won. Election summary: received 2 responses out of 3 voters: 2 yes votes; 0 no votes. yes voters: 75a5cb20b56443639cfe49c47274d76b, fb91e39117a5489e85c5a494ee14bcc3; no voters:
I0513 22:33:16.260944 1027 raft_consensus.cc:2640] T 8002a0fb94514f77a8601f629424436e P 75a5cb20b56443639cfe49c47274d76b [term 0 FOLLOWER]: Leader pre-election won for term 1
I0513 22:33:16.255234 995 consensus_queue.cc:206] T 01c2af1f12034771ba026a1fac9203df P 75a5cb20b56443639cfe49c47274d76b [LEADER]: Queue going to LEADER mode. State: All replicated index: 0, Majority replicated index: 0, Committed index: 0, Last appended: 0.0, Last appended by leader: 0, Current term: 1, Majority size: 2, State: 0, Mode: LEADER, active raft config: opid_index: -1 OBSOLETE_local: false peers { permanent_uuid: "75a5cb20b56443639cfe49c47274d76b" member_type: VOTER last_known_addr { host: "127.0.116.130" port: 35393 } } peers { permanent_uuid: "6fe2349260fd4c51a94a6bc60fa6043b" member_type: VOTER last_known_addr { host: "127.0.116.129" port: 34317 } } peers { permanent_uuid: "fb91e39117a5489e85c5a494ee14bcc3" member_type: VOTER last_known_addr { host: "127.0.116.131" port: 36837 } }
I0513 22:33:16.261240 988 tablet_bootstrap.cc:439] T e1484634c50f45f28345fdc882a61cf5 P 75a5cb20b56443639cfe49c47274d76b: No bootstrap required, opened a new log
I0513 22:33:16.261363 988 ts_tablet_manager.cc:1053] T e1484634c50f45f28345fdc882a61cf5 P 75a5cb20b56443639cfe49c47274d76b: Time spent bootstrapping tablet: real 0.108s user 0.007s sys 0.017s
I0513 22:33:16.261335 876 tablet_service.cc:1286] Received RequestConsensusVote() RPC: tablet_id: "a40718aa091247438d353d8c7739041e" candidate_uuid: "6fe2349260fd4c51a94a6bc60fa6043b" candidate_term: 1 candidate_status { last_received { term: 0 index: 0 } } ignore_live_leader: false dest_uuid: "75a5cb20b56443639cfe49c47274d76b" is_pre_election: true
I0513 22:33:16.261286 725 catalog_manager.cc:3988] T 3c141683c43f4fb78c4489e7904b28e8 P fb91e39117a5489e85c5a494ee14bcc3 reported cstate change: term changed from 0 to 1, leader changed from to fb91e39117a5489e85c5a494ee14bcc3 (127.0.116.131). New cstate: current_term: 1 leader_uuid: "fb91e39117a5489e85c5a494ee14bcc3" committed_config { opid_index: -1 OBSOLETE_local: false peers { permanent_uuid: "75a5cb20b56443639cfe49c47274d76b" member_type: VOTER last_known_addr { host: "127.0.116.130" port: 35393 } health_report { overall_health: UNKNOWN } } peers { permanent_uuid: "6fe2349260fd4c51a94a6bc60fa6043b" member_type: VOTER last_known_addr { host: "127.0.116.129" port: 34317 } health_report { overall_health: UNKNOWN } } peers { permanent_uuid: "fb91e39117a5489e85c5a494ee14bcc3" member_type: VOTER last_known_addr { host: "127.0.116.131" port: 36837 } health_report { overall_health: HEALTHY } } }
I0513 22:33:16.261710 877 raft_consensus.cc:2276] T 9ce2cd8e3814425b86d4ef0b5309b05c P 75a5cb20b56443639cfe49c47274d76b [term 1 FOLLOWER]: Leader pre-election vote request: Denying vote to candidate 6fe2349260fd4c51a94a6bc60fa6043b in current term 1: Already voted for candidate fb91e39117a5489e85c5a494ee14bcc3 in this term.
I0513 22:33:16.262054 809 raft_consensus.cc:2346] T 8002a0fb94514f77a8601f629424436e P 6fe2349260fd4c51a94a6bc60fa6043b [term 0 FOLLOWER]: Leader pre-election vote request: Granting yes vote for candidate 75a5cb20b56443639cfe49c47274d76b in term 0.
W0513 22:33:16.262243 772 leader_election.cc:348] T a40718aa091247438d353d8c7739041e P 6fe2349260fd4c51a94a6bc60fa6043b [CANDIDATE]: Term 1 election: Tablet error from VoteRequest() call to peer 75a5cb20b56443639cfe49c47274d76b (127.0.116.130:35393): Illegal state: must be running to vote when last-logged opid is not known
W0513 22:33:16.262603 772 leader_election.cc:348] T a40718aa091247438d353d8c7739041e P 6fe2349260fd4c51a94a6bc60fa6043b [CANDIDATE]: Term 1 pre-election: Tablet error from VoteRequest() call to peer 75a5cb20b56443639cfe49c47274d76b (127.0.116.130:35393): Illegal state: must be running to vote when last-logged opid is not known
I0513 22:33:16.262517 988 raft_consensus.cc:340] T e1484634c50f45f28345fdc882a61cf5 P 75a5cb20b56443639cfe49c47274d76b [term 0 FOLLOWER]: Replica starting. Triggering 0 pending transactions. Active config: opid_index: -1 OBSOLETE_local: false peers { permanent_uuid: "6fe2349260fd4c51a94a6bc60fa6043b" member_type: VOTER last_known_addr { host: "127.0.116.129" port: 34317 } } peers { permanent_uuid: "75a5cb20b56443639cfe49c47274d76b" member_type: VOTER last_known_addr { host: "127.0.116.130" port: 35393 } } peers { permanent_uuid: "fb91e39117a5489e85c5a494ee14bcc3" member_type: VOTER last_known_addr { host: "127.0.116.131" port: 36837 } }
I0513 22:33:16.262711 988 raft_consensus.cc:366] T e1484634c50f45f28345fdc882a61cf5 P 75a5cb20b56443639cfe49c47274d76b [term 0 FOLLOWER]: Consensus starting up: Expiring failure detector timer to make a prompt election more likely
I0513 22:33:16.262953 772 leader_election.cc:310] T 9ce2cd8e3814425b86d4ef0b5309b05c P 6fe2349260fd4c51a94a6bc60fa6043b [CANDIDATE]: Term 1 pre-election: Election decided. Result: candidate lost. Election summary: received 3 responses out of 3 voters: 1 yes votes; 2 no votes. yes voters: 6fe2349260fd4c51a94a6bc60fa6043b; no voters: 75a5cb20b56443639cfe49c47274d76b, fb91e39117a5489e85c5a494ee14bcc3
I0513 22:33:16.263197 997 raft_consensus.cc:2588] T 9ce2cd8e3814425b86d4ef0b5309b05c P 6fe2349260fd4c51a94a6bc60fa6043b [term 1 FOLLOWER]: Leader pre-election lost for term 1. Reason: could not achieve majority
I0513 22:33:16.262764 988 raft_consensus.cc:705] T e1484634c50f45f28345fdc882a61cf5 P 75a5cb20b56443639cfe49c47274d76b [term 0 FOLLOWER]: Becoming Follower/Learner. State: Replica: 75a5cb20b56443639cfe49c47274d76b, State: Initialized, Role: FOLLOWER
I0513 22:33:16.263290 1029 raft_consensus.cc:2640] T a40718aa091247438d353d8c7739041e P 6fe2349260fd4c51a94a6bc60fa6043b [term 1 FOLLOWER]: Leader election won for term 1
I0513 22:33:16.264505 1029 raft_consensus.cc:667] T a40718aa091247438d353d8c7739041e P 6fe2349260fd4c51a94a6bc60fa6043b [term 1 LEADER]: Becoming Leader. State: Replica: 6fe2349260fd4c51a94a6bc60fa6043b, State: Running, Role: LEADER
I0513 22:33:16.264801 990 tablet_bootstrap.cc:590] T 73f1725c5aa04760a9d5e43d09f66e9e P 6fe2349260fd4c51a94a6bc60fa6043b: No blocks or log segments found. Creating new log.
I0513 22:33:16.265116 1027 raft_consensus.cc:472] T 8002a0fb94514f77a8601f629424436e P 75a5cb20b56443639cfe49c47274d76b [term 0 FOLLOWER]: Starting leader election (no leader contacted us within the election timeout)
I0513 22:33:16.265194 989 tablet_bootstrap.cc:439] T 73f1725c5aa04760a9d5e43d09f66e9e P fb91e39117a5489e85c5a494ee14bcc3: No bootstrap required, opened a new log
I0513 22:33:16.264932 1016 raft_consensus.cc:494] T e1484634c50f45f28345fdc882a61cf5 P fb91e39117a5489e85c5a494ee14bcc3 [term 1 FOLLOWER]: Starting leader election with config: opid_index: -1 OBSOLETE_local: false peers { permanent_uuid: "6fe2349260fd4c51a94a6bc60fa6043b" member_type: VOTER last_known_addr { host: "127.0.116.129" port: 34317 } } peers { permanent_uuid: "75a5cb20b56443639cfe49c47274d76b" member_type: VOTER last_known_addr { host: "127.0.116.130" port: 35393 } } peers { permanent_uuid: "fb91e39117a5489e85c5a494ee14bcc3" member_type: VOTER last_known_addr { host: "127.0.116.131" port: 36837 } }
I0513 22:33:16.265440 988 consensus_queue.cc:229] T e1484634c50f45f28345fdc882a61cf5 P 75a5cb20b56443639cfe49c47274d76b [NON_LEADER]: Queue going to NON_LEADER mode. State: All replicated index: 0, Majority replicated index: 0, Committed index: 0, Last appended: 0.0, Last appended by leader: 0, Current term: 0, Majority size: -1, State: 0, Mode: NON_LEADER, active raft config: opid_index: -1 OBSOLETE_local: false peers { permanent_uuid: "6fe2349260fd4c51a94a6bc60fa6043b" member_type: VOTER last_known_addr { host: "127.0.116.129" port: 34317 } } peers { permanent_uuid: "75a5cb20b56443639cfe49c47274d76b" member_type: VOTER last_known_addr { host: "127.0.116.130" port: 35393 } } peers { permanent_uuid: "fb91e39117a5489e85c5a494ee14bcc3" member_type: VOTER last_known_addr { host: "127.0.116.131" port: 36837 } }
I0513 22:33:16.265774 1027 raft_consensus.cc:2886] T 8002a0fb94514f77a8601f629424436e P 75a5cb20b56443639cfe49c47274d76b [term 0 FOLLOWER]: Advancing to term 1
I0513 22:33:16.265874 989 ts_tablet_manager.cc:1053] T 73f1725c5aa04760a9d5e43d09f66e9e P fb91e39117a5489e85c5a494ee14bcc3: Time spent bootstrapping tablet: real 0.098s user 0.006s sys 0.011s
I0513 22:33:16.266917 809 tablet_service.cc:1286] Received RequestConsensusVote() RPC: tablet_id: "e1484634c50f45f28345fdc882a61cf5" candidate_uuid: "fb91e39117a5489e85c5a494ee14bcc3" candidate_term: 1 candidate_status { last_received { term: 0 index: 0 } } ignore_live_leader: false dest_uuid: "6fe2349260fd4c51a94a6bc60fa6043b"
I0513 22:33:16.267560 1016 leader_election.cc:296] T e1484634c50f45f28345fdc882a61cf5 P fb91e39117a5489e85c5a494ee14bcc3 [CANDIDATE]: Term 1 election: Requested vote from peers 6fe2349260fd4c51a94a6bc60fa6043b (127.0.116.129:34317), 75a5cb20b56443639cfe49c47274d76b (127.0.116.130:35393)
I0513 22:33:16.267745 988 ts_tablet_manager.cc:1081] T e1484634c50f45f28345fdc882a61cf5 P 75a5cb20b56443639cfe49c47274d76b: Time spent starting tablet: real 0.005s user 0.001s sys 0.001s
I0513 22:33:16.267848 809 raft_consensus.cc:2886] T e1484634c50f45f28345fdc882a61cf5 P 6fe2349260fd4c51a94a6bc60fa6043b [term 0 FOLLOWER]: Advancing to term 1
I0513 22:33:16.267117 877 tablet_service.cc:1286] Received RequestConsensusVote() RPC: tablet_id: "e1484634c50f45f28345fdc882a61cf5" candidate_uuid: "fb91e39117a5489e85c5a494ee14bcc3" candidate_term: 1 candidate_status { last_received { term: 0 index: 0 } } ignore_live_leader: false dest_uuid: "75a5cb20b56443639cfe49c47274d76b"
I0513 22:33:16.269179 877 raft_consensus.cc:2886] T e1484634c50f45f28345fdc882a61cf5 P 75a5cb20b56443639cfe49c47274d76b [term 0 FOLLOWER]: Advancing to term 1
I0513 22:33:16.269269 988 tablet_bootstrap.cc:439] T a40718aa091247438d353d8c7739041e P 75a5cb20b56443639cfe49c47274d76b: Bootstrap starting.
I0513 22:33:16.269757 725 catalog_manager.cc:3988] T 01c2af1f12034771ba026a1fac9203df P 75a5cb20b56443639cfe49c47274d76b reported cstate change: term changed from 0 to 1, leader changed from to 75a5cb20b56443639cfe49c47274d76b (127.0.116.130). New cstate: current_term: 1 leader_uuid: "75a5cb20b56443639cfe49c47274d76b" committed_config { opid_index: -1 OBSOLETE_local: false peers { permanent_uuid: "75a5cb20b56443639cfe49c47274d76b" member_type: VOTER last_known_addr { host: "127.0.116.130" port: 35393 } health_report { overall_health: HEALTHY } } peers { permanent_uuid: "6fe2349260fd4c51a94a6bc60fa6043b" member_type: VOTER last_known_addr { host: "127.0.116.129" port: 34317 } health_report { overall_health: UNKNOWN } } peers { permanent_uuid: "fb91e39117a5489e85c5a494ee14bcc3" member_type: VOTER last_known_addr { host: "127.0.116.131" port: 36837 } health_report { overall_health: UNKNOWN } } }
I0513 22:33:16.266659 1029 consensus_queue.cc:206] T a40718aa091247438d353d8c7739041e P 6fe2349260fd4c51a94a6bc60fa6043b [LEADER]: Queue going to LEADER mode. State: All replicated index: 0, Majority replicated index: 0, Committed index: 0, Last appended: 0.0, Last appended by leader: 0, Current term: 1, Majority size: 2, State: 0, Mode: LEADER, active raft config: opid_index: -1 OBSOLETE_local: false peers { permanent_uuid: "75a5cb20b56443639cfe49c47274d76b" member_type: VOTER last_known_addr { host: "127.0.116.130" port: 35393 } } peers { permanent_uuid: "6fe2349260fd4c51a94a6bc60fa6043b" member_type: VOTER last_known_addr { host: "127.0.116.129" port: 34317 } } peers { permanent_uuid: "fb91e39117a5489e85c5a494ee14bcc3" member_type: VOTER last_known_addr { host: "127.0.116.131" port: 36837 } }
I0513 22:33:16.272364 989 raft_consensus.cc:340] T 73f1725c5aa04760a9d5e43d09f66e9e P fb91e39117a5489e85c5a494ee14bcc3 [term 0 FOLLOWER]: Replica starting. Triggering 0 pending transactions. Active config: opid_index: -1 OBSOLETE_local: false peers { permanent_uuid: "6fe2349260fd4c51a94a6bc60fa6043b" member_type: VOTER last_known_addr { host: "127.0.116.129" port: 34317 } } peers { permanent_uuid: "75a5cb20b56443639cfe49c47274d76b" member_type: VOTER last_known_addr { host: "127.0.116.130" port: 35393 } } peers { permanent_uuid: "fb91e39117a5489e85c5a494ee14bcc3" member_type: VOTER last_known_addr { host: "127.0.116.131" port: 36837 } }
I0513 22:33:16.273952 989 raft_consensus.cc:366] T 73f1725c5aa04760a9d5e43d09f66e9e P fb91e39117a5489e85c5a494ee14bcc3 [term 0 FOLLOWER]: Consensus starting up: Expiring failure detector timer to make a prompt election more likely
I0513 22:33:16.274785 989 raft_consensus.cc:705] T 73f1725c5aa04760a9d5e43d09f66e9e P fb91e39117a5489e85c5a494ee14bcc3 [term 0 FOLLOWER]: Becoming Follower/Learner. State: Replica: fb91e39117a5489e85c5a494ee14bcc3, State: Initialized, Role: FOLLOWER
I0513 22:33:16.275434 989 consensus_queue.cc:229] T 73f1725c5aa04760a9d5e43d09f66e9e P fb91e39117a5489e85c5a494ee14bcc3 [NON_LEADER]: Queue going to NON_LEADER mode. State: All replicated index: 0, Majority replicated index: 0, Committed index: 0, Last appended: 0.0, Last appended by leader: 0, Current term: 0, Majority size: -1, State: 0, Mode: NON_LEADER, active raft config: opid_index: -1 OBSOLETE_local: false peers { permanent_uuid: "6fe2349260fd4c51a94a6bc60fa6043b" member_type: VOTER last_known_addr { host: "127.0.116.129" port: 34317 } } peers { permanent_uuid: "75a5cb20b56443639cfe49c47274d76b" member_type: VOTER last_known_addr { host: "127.0.116.130" port: 35393 } } peers { permanent_uuid: "fb91e39117a5489e85c5a494ee14bcc3" member_type: VOTER last_known_addr { host: "127.0.116.131" port: 36837 } }
I0513 22:33:16.275920 877 raft_consensus.cc:2346] T e1484634c50f45f28345fdc882a61cf5 P 75a5cb20b56443639cfe49c47274d76b [term 1 FOLLOWER]: Leader election vote request: Granting yes vote for candidate fb91e39117a5489e85c5a494ee14bcc3 in term 1.
I0513 22:33:16.276926 989 ts_tablet_manager.cc:1081] T 73f1725c5aa04760a9d5e43d09f66e9e P fb91e39117a5489e85c5a494ee14bcc3: Time spent starting tablet: real 0.010s user 0.001s sys 0.001s
I0513 22:33:16.276926 907 leader_election.cc:310] T e1484634c50f45f28345fdc882a61cf5 P fb91e39117a5489e85c5a494ee14bcc3 [CANDIDATE]: Term 1 election: Election decided. Result: candidate won. Election summary: received 2 responses out of 3 voters: 2 yes votes; 0 no votes. yes voters: 75a5cb20b56443639cfe49c47274d76b, fb91e39117a5489e85c5a494ee14bcc3; no voters:
I0513 22:33:16.277200 989 tablet_bootstrap.cc:439] T c1cbbc2b2f22460aa0617e7a5c823a57 P fb91e39117a5489e85c5a494ee14bcc3: Bootstrap starting.
I0513 22:33:16.278012 809 raft_consensus.cc:2346] T e1484634c50f45f28345fdc882a61cf5 P 6fe2349260fd4c51a94a6bc60fa6043b [term 1 FOLLOWER]: Leader election vote request: Granting yes vote for candidate fb91e39117a5489e85c5a494ee14bcc3 in term 1.
I0513 22:33:16.279289 1016 raft_consensus.cc:2640] T e1484634c50f45f28345fdc882a61cf5 P fb91e39117a5489e85c5a494ee14bcc3 [term 1 FOLLOWER]: Leader election won for term 1
I0513 22:33:16.279678 1016 raft_consensus.cc:667] T e1484634c50f45f28345fdc882a61cf5 P fb91e39117a5489e85c5a494ee14bcc3 [term 1 LEADER]: Becoming Leader. State: Replica: fb91e39117a5489e85c5a494ee14bcc3, State: Running, Role: LEADER
I0513 22:33:16.280747 1016 consensus_queue.cc:206] T e1484634c50f45f28345fdc882a61cf5 P fb91e39117a5489e85c5a494ee14bcc3 [LEADER]: Queue going to LEADER mode. State: All replicated index: 0, Majority replicated index: 0, Committed index: 0, Last appended: 0.0, Last appended by leader: 0, Current term: 1, Majority size: 2, State: 0, Mode: LEADER, active raft config: opid_index: -1 OBSOLETE_local: false peers { permanent_uuid: "6fe2349260fd4c51a94a6bc60fa6043b" member_type: VOTER last_known_addr { host: "127.0.116.129" port: 34317 } } peers { permanent_uuid: "75a5cb20b56443639cfe49c47274d76b" member_type: VOTER last_known_addr { host: "127.0.116.130" port: 35393 } } peers { permanent_uuid: "fb91e39117a5489e85c5a494ee14bcc3" member_type: VOTER last_known_addr { host: "127.0.116.131" port: 36837 } }
I0513 22:33:16.281401 1027 raft_consensus.cc:494] T 8002a0fb94514f77a8601f629424436e P 75a5cb20b56443639cfe49c47274d76b [term 1 FOLLOWER]: Starting leader election with config: opid_index: -1 OBSOLETE_local: false peers { permanent_uuid: "6fe2349260fd4c51a94a6bc60fa6043b" member_type: VOTER last_known_addr { host: "127.0.116.129" port: 34317 } } peers { permanent_uuid: "75a5cb20b56443639cfe49c47274d76b" member_type: VOTER last_known_addr { host: "127.0.116.130" port: 35393 } } peers { permanent_uuid: "fb91e39117a5489e85c5a494ee14bcc3" member_type: VOTER last_known_addr { host: "127.0.116.131" port: 36837 } }
I0513 22:33:16.281913 988 tablet_bootstrap.cc:590] T a40718aa091247438d353d8c7739041e P 75a5cb20b56443639cfe49c47274d76b: No blocks or log segments found. Creating new log.
I0513 22:33:16.282272 1027 leader_election.cc:296] T 8002a0fb94514f77a8601f629424436e P 75a5cb20b56443639cfe49c47274d76b [CANDIDATE]: Term 1 election: Requested vote from peers 6fe2349260fd4c51a94a6bc60fa6043b (127.0.116.129:34317), fb91e39117a5489e85c5a494ee14bcc3 (127.0.116.131:36837)
I0513 22:33:16.282785 944 tablet_service.cc:1286] Received RequestConsensusVote() RPC: tablet_id: "8002a0fb94514f77a8601f629424436e" candidate_uuid: "75a5cb20b56443639cfe49c47274d76b" candidate_term: 1 candidate_status { last_received { term: 0 index: 0 } } ignore_live_leader: false dest_uuid: "fb91e39117a5489e85c5a494ee14bcc3"
I0513 22:33:16.283069 944 raft_consensus.cc:2886] T 8002a0fb94514f77a8601f629424436e P fb91e39117a5489e85c5a494ee14bcc3 [term 0 FOLLOWER]: Advancing to term 1
I0513 22:33:16.283391 990 tablet_bootstrap.cc:439] T 73f1725c5aa04760a9d5e43d09f66e9e P 6fe2349260fd4c51a94a6bc60fa6043b: No bootstrap required, opened a new log
I0513 22:33:16.283089 809 tablet_service.cc:1286] Received RequestConsensusVote() RPC: tablet_id: "8002a0fb94514f77a8601f629424436e" candidate_uuid: "75a5cb20b56443639cfe49c47274d76b" candidate_term: 1 candidate_status { last_received { term: 0 index: 0 } } ignore_live_leader: false dest_uuid: "6fe2349260fd4c51a94a6bc60fa6043b"
I0513 22:33:16.284662 990 ts_tablet_manager.cc:1053] T 73f1725c5aa04760a9d5e43d09f66e9e P 6fe2349260fd4c51a94a6bc60fa6043b: Time spent bootstrapping tablet: real 0.025s user 0.005s sys 0.004s
I0513 22:33:16.284946 809 raft_consensus.cc:2886] T 8002a0fb94514f77a8601f629424436e P 6fe2349260fd4c51a94a6bc60fa6043b [term 0 FOLLOWER]: Advancing to term 1
I0513 22:33:16.285310 725 catalog_manager.cc:3988] T a40718aa091247438d353d8c7739041e P 6fe2349260fd4c51a94a6bc60fa6043b reported cstate change: term changed from 0 to 1, leader changed from to 6fe2349260fd4c51a94a6bc60fa6043b (127.0.116.129). New cstate: current_term: 1 leader_uuid: "6fe2349260fd4c51a94a6bc60fa6043b" committed_config { opid_index: -1 OBSOLETE_local: false peers { permanent_uuid: "75a5cb20b56443639cfe49c47274d76b" member_type: VOTER last_known_addr { host: "127.0.116.130" port: 35393 } health_report { overall_health: UNKNOWN } } peers { permanent_uuid: "6fe2349260fd4c51a94a6bc60fa6043b" member_type: VOTER last_known_addr { host: "127.0.116.129" port: 34317 } health_report { overall_health: HEALTHY } } peers { permanent_uuid: "fb91e39117a5489e85c5a494ee14bcc3" member_type: VOTER last_known_addr { host: "127.0.116.131" port: 36837 } health_report { overall_health: UNKNOWN } } }
I0513 22:33:16.287873 944 raft_consensus.cc:2346] T 8002a0fb94514f77a8601f629424436e P fb91e39117a5489e85c5a494ee14bcc3 [term 1 FOLLOWER]: Leader election vote request: Granting yes vote for candidate 75a5cb20b56443639cfe49c47274d76b in term 1.
I0513 22:33:16.288373 841 leader_election.cc:310] T 8002a0fb94514f77a8601f629424436e P 75a5cb20b56443639cfe49c47274d76b [CANDIDATE]: Term 1 election: Election decided. Result: candidate won. Election summary: received 2 responses out of 3 voters: 2 yes votes; 0 no votes. yes voters: 75a5cb20b56443639cfe49c47274d76b, fb91e39117a5489e85c5a494ee14bcc3; no voters:
I0513 22:33:16.288597 809 raft_consensus.cc:2346] T 8002a0fb94514f77a8601f629424436e P 6fe2349260fd4c51a94a6bc60fa6043b [term 1 FOLLOWER]: Leader election vote request: Granting yes vote for candidate 75a5cb20b56443639cfe49c47274d76b in term 1.
I0513 22:33:16.289232 990 raft_consensus.cc:340] T 73f1725c5aa04760a9d5e43d09f66e9e P 6fe2349260fd4c51a94a6bc60fa6043b [term 0 FOLLOWER]: Replica starting. Triggering 0 pending transactions. Active config: opid_index: -1 OBSOLETE_local: false peers { permanent_uuid: "6fe2349260fd4c51a94a6bc60fa6043b" member_type: VOTER last_known_addr { host: "127.0.116.129" port: 34317 } } peers { permanent_uuid: "75a5cb20b56443639cfe49c47274d76b" member_type: VOTER last_known_addr { host: "127.0.116.130" port: 35393 } } peers { permanent_uuid: "fb91e39117a5489e85c5a494ee14bcc3" member_type: VOTER last_known_addr { host: "127.0.116.131" port: 36837 } }
I0513 22:33:16.289525 1027 raft_consensus.cc:2640] T 8002a0fb94514f77a8601f629424436e P 75a5cb20b56443639cfe49c47274d76b [term 1 FOLLOWER]: Leader election won for term 1
I0513 22:33:16.289839 990 raft_consensus.cc:366] T 73f1725c5aa04760a9d5e43d09f66e9e P 6fe2349260fd4c51a94a6bc60fa6043b [term 0 FOLLOWER]: Consensus starting up: Expiring failure detector timer to make a prompt election more likely
I0513 22:33:16.289914 1027 raft_consensus.cc:667] T 8002a0fb94514f77a8601f629424436e P 75a5cb20b56443639cfe49c47274d76b [term 1 LEADER]: Becoming Leader. State: Replica: 75a5cb20b56443639cfe49c47274d76b, State: Running, Role: LEADER
I0513 22:33:16.290922 1027 consensus_queue.cc:206] T 8002a0fb94514f77a8601f629424436e P 75a5cb20b56443639cfe49c47274d76b [LEADER]: Queue going to LEADER mode. State: All replicated index: 0, Majority replicated index: 0, Committed index: 0, Last appended: 0.0, Last appended by leader: 0, Current term: 1, Majority size: 2, State: 0, Mode: LEADER, active raft config: opid_index: -1 OBSOLETE_local: false peers { permanent_uuid: "6fe2349260fd4c51a94a6bc60fa6043b" member_type: VOTER last_known_addr { host: "127.0.116.129" port: 34317 } } peers { permanent_uuid: "75a5cb20b56443639cfe49c47274d76b" member_type: VOTER last_known_addr { host: "127.0.116.130" port: 35393 } } peers { permanent_uuid: "fb91e39117a5489e85c5a494ee14bcc3" member_type: VOTER last_known_addr { host: "127.0.116.131" port: 36837 } }
I0513 22:33:16.291858 990 raft_consensus.cc:705] T 73f1725c5aa04760a9d5e43d09f66e9e P 6fe2349260fd4c51a94a6bc60fa6043b [term 0 FOLLOWER]: Becoming Follower/Learner. State: Replica: 6fe2349260fd4c51a94a6bc60fa6043b, State: Initialized, Role: FOLLOWER
I0513 22:33:16.292238 990 consensus_queue.cc:229] T 73f1725c5aa04760a9d5e43d09f66e9e P 6fe2349260fd4c51a94a6bc60fa6043b [NON_LEADER]: Queue going to NON_LEADER mode. State: All replicated index: 0, Majority replicated index: 0, Committed index: 0, Last appended: 0.0, Last appended by leader: 0, Current term: 0, Majority size: -1, State: 0, Mode: NON_LEADER, active raft config: opid_index: -1 OBSOLETE_local: false peers { permanent_uuid: "6fe2349260fd4c51a94a6bc60fa6043b" member_type: VOTER last_known_addr { host: "127.0.116.129" port: 34317 } } peers { permanent_uuid: "75a5cb20b56443639cfe49c47274d76b" member_type: VOTER last_known_addr { host: "127.0.116.130" port: 35393 } } peers { permanent_uuid: "fb91e39117a5489e85c5a494ee14bcc3" member_type: VOTER last_known_addr { host: "127.0.116.131" port: 36837 } }
I0513 22:33:16.293202 989 tablet_bootstrap.cc:590] T c1cbbc2b2f22460aa0617e7a5c823a57 P fb91e39117a5489e85c5a494ee14bcc3: No blocks or log segments found. Creating new log.
I0513 22:33:16.293778 990 ts_tablet_manager.cc:1081] T 73f1725c5aa04760a9d5e43d09f66e9e P 6fe2349260fd4c51a94a6bc60fa6043b: Time spent starting tablet: real 0.009s user 0.002s sys 0.000s
I0513 22:33:16.294361 988 tablet_bootstrap.cc:439] T a40718aa091247438d353d8c7739041e P 75a5cb20b56443639cfe49c47274d76b: No bootstrap required, opened a new log
I0513 22:33:16.294670 723 catalog_manager.cc:3988] T 8002a0fb94514f77a8601f629424436e P 75a5cb20b56443639cfe49c47274d76b reported cstate change: term changed from 0 to 1, leader changed from to 75a5cb20b56443639cfe49c47274d76b (127.0.116.130). New cstate: current_term: 1 leader_uuid: "75a5cb20b56443639cfe49c47274d76b" committed_config { opid_index: -1 OBSOLETE_local: false peers { permanent_uuid: "6fe2349260fd4c51a94a6bc60fa6043b" member_type: VOTER last_known_addr { host: "127.0.116.129" port: 34317 } health_report { overall_health: UNKNOWN } } peers { permanent_uuid: "75a5cb20b56443639cfe49c47274d76b" member_type: VOTER last_known_addr { host: "127.0.116.130" port: 35393 } health_report { overall_health: HEALTHY } } peers { permanent_uuid: "fb91e39117a5489e85c5a494ee14bcc3" member_type: VOTER last_known_addr { host: "127.0.116.131" port: 36837 } health_report { overall_health: UNKNOWN } } }
I0513 22:33:16.295670 725 catalog_manager.cc:3988] T e1484634c50f45f28345fdc882a61cf5 P fb91e39117a5489e85c5a494ee14bcc3 reported cstate change: term changed from 0 to 1, leader changed from to fb91e39117a5489e85c5a494ee14bcc3 (127.0.116.131). New cstate: current_term: 1 leader_uuid: "fb91e39117a5489e85c5a494ee14bcc3" committed_config { opid_index: -1 OBSOLETE_local: false peers { permanent_uuid: "6fe2349260fd4c51a94a6bc60fa6043b" member_type: VOTER last_known_addr { host: "127.0.116.129" port: 34317 } health_report { overall_health: UNKNOWN } } peers { permanent_uuid: "75a5cb20b56443639cfe49c47274d76b" member_type: VOTER last_known_addr { host: "127.0.116.130" port: 35393 } health_report { overall_health: UNKNOWN } } peers { permanent_uuid: "fb91e39117a5489e85c5a494ee14bcc3" member_type: VOTER last_known_addr { host: "127.0.116.131" port: 36837 } health_report { overall_health: HEALTHY } } }
I0513 22:33:16.296063 990 tablet_bootstrap.cc:439] T 3c141683c43f4fb78c4489e7904b28e8 P 6fe2349260fd4c51a94a6bc60fa6043b: Bootstrap starting.
I0513 22:33:16.298720 988 ts_tablet_manager.cc:1053] T a40718aa091247438d353d8c7739041e P 75a5cb20b56443639cfe49c47274d76b: Time spent bootstrapping tablet: real 0.025s user 0.002s sys 0.004s
I0513 22:33:16.300176 990 tablet_bootstrap.cc:590] T 3c141683c43f4fb78c4489e7904b28e8 P 6fe2349260fd4c51a94a6bc60fa6043b: No blocks or log segments found. Creating new log.
I0513 22:33:16.300546 988 raft_consensus.cc:340] T a40718aa091247438d353d8c7739041e P 75a5cb20b56443639cfe49c47274d76b [term 0 FOLLOWER]: Replica starting. Triggering 0 pending transactions. Active config: opid_index: -1 OBSOLETE_local: false peers { permanent_uuid: "75a5cb20b56443639cfe49c47274d76b" member_type: VOTER last_known_addr { host: "127.0.116.130" port: 35393 } } peers { permanent_uuid: "6fe2349260fd4c51a94a6bc60fa6043b" member_type: VOTER last_known_addr { host: "127.0.116.129" port: 34317 } } peers { permanent_uuid: "fb91e39117a5489e85c5a494ee14bcc3" member_type: VOTER last_known_addr { host: "127.0.116.131" port: 36837 } }
I0513 22:33:16.300812 988 raft_consensus.cc:366] T a40718aa091247438d353d8c7739041e P 75a5cb20b56443639cfe49c47274d76b [term 0 FOLLOWER]: Consensus starting up: Expiring failure detector timer to make a prompt election more likely
I0513 22:33:16.300866 988 raft_consensus.cc:705] T a40718aa091247438d353d8c7739041e P 75a5cb20b56443639cfe49c47274d76b [term 0 FOLLOWER]: Becoming Follower/Learner. State: Replica: 75a5cb20b56443639cfe49c47274d76b, State: Initialized, Role: FOLLOWER
I0513 22:33:16.301141 989 tablet_bootstrap.cc:439] T c1cbbc2b2f22460aa0617e7a5c823a57 P fb91e39117a5489e85c5a494ee14bcc3: No bootstrap required, opened a new log
