I0513 22:33:15.816946 725 catalog_manager.cc:1409] Servicing CreateTable request from {username='slave'} at 127.0.0.1:58346: name: "test-workload" schema { columns { name: "key" type: INT32 is_key: true is_nullable: false encoding: AUTO_ENCODING compression: DEFAULT_COMPRESSION cfile_block_size: 0 } columns { name: "int_val" type: INT32 is_key: false is_nullable: false encoding: AUTO_ENCODING compression: DEFAULT_COMPRESSION cfile_block_size: 0 } columns { name: "string_val" type: STRING is_key: false is_nullable: true encoding: AUTO_ENCODING compression: DEFAULT_COMPRESSION cfile_block_size: 0 } } num_replicas: 3 split_rows_range_bounds { rows: "\004\001\000\314\314\314\014\004\001\000\230\231\231\031\004\001\000dff&\004\001\0000333\004\001\000\374\377\377?\004\001\000\310\314\314L\004\001\000\224\231\231Y\004\001\000`fff\004\001\000,33s" } partition_schema { range_schema { columns { name: "key" } } }
W0513 22:33:15.818118 725 catalog_manager.cc:1574] The number of live tablet servers is not enough to re-replicate a tablet replica of the newly created table test-workload in case of a server failure: 4 tablet servers would be needed, 3 are available. Consider bringing up more tablet servers.
I0513 22:33:15.868602 866 tablet_service.cc:1016] Processing CreateTablet for tablet 9ce2cd8e3814425b86d4ef0b5309b05c (table=test-workload [id=168ff535840b4f83bfba5ca5121fb568]), partition=RANGE (key) PARTITION 214748364 <= VALUES < 429496728
I0513 22:33:15.868602 867 tablet_service.cc:1016] Processing CreateTablet for tablet c1cbbc2b2f22460aa0617e7a5c823a57 (table=test-workload [id=168ff535840b4f83bfba5ca5121fb568]), partition=RANGE (key) PARTITION VALUES < 214748364
I0513 22:33:15.871299 866 data_dirs.cc:938] Could only allocate 1 dirs of requested 3 for tablet 9ce2cd8e3814425b86d4ef0b5309b05c. 1 dirs total, 0 dirs full, 0 dirs failed
I0513 22:33:15.871958 865 tablet_service.cc:1016] Processing CreateTablet for tablet 8002a0fb94514f77a8601f629424436e (table=test-workload [id=168ff535840b4f83bfba5ca5121fb568]), partition=RANGE (key) PARTITION 429496728 <= VALUES < 644245092
I0513 22:33:15.872654 863 tablet_service.cc:1016] Processing CreateTablet for tablet a40718aa091247438d353d8c7739041e (table=test-workload [id=168ff535840b4f83bfba5ca5121fb568]), partition=RANGE (key) PARTITION 858993456 <= VALUES < 1073741820
I0513 22:33:15.874440 867 data_dirs.cc:938] Could only allocate 1 dirs of requested 3 for tablet c1cbbc2b2f22460aa0617e7a5c823a57. 1 dirs total, 0 dirs full, 0 dirs failed
I0513 22:33:15.874533 861 tablet_service.cc:1016] Processing CreateTablet for tablet 7e57e922f3a84a2e99667b5eacf7c18e (table=test-workload [id=168ff535840b4f83bfba5ca5121fb568]), partition=RANGE (key) PARTITION 1288490184 <= VALUES < 1503238548
I0513 22:33:15.875488 862 tablet_service.cc:1016] Processing CreateTablet for tablet e1484634c50f45f28345fdc882a61cf5 (table=test-workload [id=168ff535840b4f83bfba5ca5121fb568]), partition=RANGE (key) PARTITION 1073741820 <= VALUES < 1288490184
I0513 22:33:15.875727 858 tablet_service.cc:1016] Processing CreateTablet for tablet 9fa827071e4246508d2690d2c1fbef4f (table=test-workload [id=168ff535840b4f83bfba5ca5121fb568]), partition=RANGE (key) PARTITION VALUES >= 1932735276
I0513 22:33:15.875061 864 tablet_service.cc:1016] Processing CreateTablet for tablet 3c141683c43f4fb78c4489e7904b28e8 (table=test-workload [id=168ff535840b4f83bfba5ca5121fb568]), partition=RANGE (key) PARTITION 644245092 <= VALUES < 858993456
I0513 22:33:15.876953 865 data_dirs.cc:938] Could only allocate 1 dirs of requested 3 for tablet 8002a0fb94514f77a8601f629424436e. 1 dirs total, 0 dirs full, 0 dirs failed
I0513 22:33:15.876910 859 tablet_service.cc:1016] Processing CreateTablet for tablet 01c2af1f12034771ba026a1fac9203df (table=test-workload [id=168ff535840b4f83bfba5ca5121fb568]), partition=RANGE (key) PARTITION 1717986912 <= VALUES < 1932735276
I0513 22:33:15.876812 860 tablet_service.cc:1016] Processing CreateTablet for tablet 73f1725c5aa04760a9d5e43d09f66e9e (table=test-workload [id=168ff535840b4f83bfba5ca5121fb568]), partition=RANGE (key) PARTITION 1503238548 <= VALUES < 1717986912
I0513 22:33:15.878696 863 data_dirs.cc:938] Could only allocate 1 dirs of requested 3 for tablet a40718aa091247438d353d8c7739041e. 1 dirs total, 0 dirs full, 0 dirs failed
I0513 22:33:15.880508 932 tablet_service.cc:1016] Processing CreateTablet for tablet 8002a0fb94514f77a8601f629424436e (table=test-workload [id=168ff535840b4f83bfba5ca5121fb568]), partition=RANGE (key) PARTITION 429496728 <= VALUES < 644245092
I0513 22:33:15.882467 858 data_dirs.cc:938] Could only allocate 1 dirs of requested 3 for tablet 9fa827071e4246508d2690d2c1fbef4f. 1 dirs total, 0 dirs full, 0 dirs failed
I0513 22:33:15.883226 859 data_dirs.cc:938] Could only allocate 1 dirs of requested 3 for tablet 01c2af1f12034771ba026a1fac9203df. 1 dirs total, 0 dirs full, 0 dirs failed
I0513 22:33:15.882673 794 tablet_service.cc:1016] Processing CreateTablet for tablet e1484634c50f45f28345fdc882a61cf5 (table=test-workload [id=168ff535840b4f83bfba5ca5121fb568]), partition=RANGE (key) PARTITION 1073741820 <= VALUES < 1288490184
I0513 22:33:15.883545 797 tablet_service.cc:1016] Processing CreateTablet for tablet 8002a0fb94514f77a8601f629424436e (table=test-workload [id=168ff535840b4f83bfba5ca5121fb568]), partition=RANGE (key) PARTITION 429496728 <= VALUES < 644245092
I0513 22:33:15.884101 928 tablet_service.cc:1016] Processing CreateTablet for tablet 7e57e922f3a84a2e99667b5eacf7c18e (table=test-workload [id=168ff535840b4f83bfba5ca5121fb568]), partition=RANGE (key) PARTITION 1288490184 <= VALUES < 1503238548
I0513 22:33:15.884129 931 tablet_service.cc:1016] Processing CreateTablet for tablet 3c141683c43f4fb78c4489e7904b28e8 (table=test-workload [id=168ff535840b4f83bfba5ca5121fb568]), partition=RANGE (key) PARTITION 644245092 <= VALUES < 858993456
I0513 22:33:15.885607 864 data_dirs.cc:938] Could only allocate 1 dirs of requested 3 for tablet 3c141683c43f4fb78c4489e7904b28e8. 1 dirs total, 0 dirs full, 0 dirs failed
I0513 22:33:15.884682 798 tablet_service.cc:1016] Processing CreateTablet for tablet 9ce2cd8e3814425b86d4ef0b5309b05c (table=test-workload [id=168ff535840b4f83bfba5ca5121fb568]), partition=RANGE (key) PARTITION 214748364 <= VALUES < 429496728
I0513 22:33:15.884919 929 tablet_service.cc:1016] Processing CreateTablet for tablet e1484634c50f45f28345fdc882a61cf5 (table=test-workload [id=168ff535840b4f83bfba5ca5121fb568]), partition=RANGE (key) PARTITION 1073741820 <= VALUES < 1288490184
I0513 22:33:15.885460 933 tablet_service.cc:1016] Processing CreateTablet for tablet 9ce2cd8e3814425b86d4ef0b5309b05c (table=test-workload [id=168ff535840b4f83bfba5ca5121fb568]), partition=RANGE (key) PARTITION 214748364 <= VALUES < 429496728
I0513 22:33:15.887454 794 data_dirs.cc:938] Could only allocate 1 dirs of requested 3 for tablet e1484634c50f45f28345fdc882a61cf5. 1 dirs total, 0 dirs full, 0 dirs failed
I0513 22:33:15.888211 932 data_dirs.cc:938] Could only allocate 1 dirs of requested 3 for tablet 8002a0fb94514f77a8601f629424436e. 1 dirs total, 0 dirs full, 0 dirs failed
I0513 22:33:15.887506 795 tablet_service.cc:1016] Processing CreateTablet for tablet a40718aa091247438d353d8c7739041e (table=test-workload [id=168ff535840b4f83bfba5ca5121fb568]), partition=RANGE (key) PARTITION 858993456 <= VALUES < 1073741820
I0513 22:33:15.889420 862 data_dirs.cc:938] Could only allocate 1 dirs of requested 3 for tablet e1484634c50f45f28345fdc882a61cf5. 1 dirs total, 0 dirs full, 0 dirs failed
I0513 22:33:15.888870 793 tablet_service.cc:1016] Processing CreateTablet for tablet 7e57e922f3a84a2e99667b5eacf7c18e (table=test-workload [id=168ff535840b4f83bfba5ca5121fb568]), partition=RANGE (key) PARTITION 1288490184 <= VALUES < 1503238548
I0513 22:33:15.887506 796 tablet_service.cc:1016] Processing CreateTablet for tablet 3c141683c43f4fb78c4489e7904b28e8 (table=test-workload [id=168ff535840b4f83bfba5ca5121fb568]), partition=RANGE (key) PARTITION 644245092 <= VALUES < 858993456
I0513 22:33:15.890446 928 data_dirs.cc:938] Could only allocate 1 dirs of requested 3 for tablet 7e57e922f3a84a2e99667b5eacf7c18e. 1 dirs total, 0 dirs full, 0 dirs failed
I0513 22:33:15.889432 927 tablet_service.cc:1016] Processing CreateTablet for tablet 73f1725c5aa04760a9d5e43d09f66e9e (table=test-workload [id=168ff535840b4f83bfba5ca5121fb568]), partition=RANGE (key) PARTITION 1503238548 <= VALUES < 1717986912
I0513 22:33:15.890043 934 tablet_service.cc:1016] Processing CreateTablet for tablet c1cbbc2b2f22460aa0617e7a5c823a57 (table=test-workload [id=168ff535840b4f83bfba5ca5121fb568]), partition=RANGE (key) PARTITION VALUES < 214748364
I0513 22:33:15.891687 797 data_dirs.cc:938] Could only allocate 1 dirs of requested 3 for tablet 8002a0fb94514f77a8601f629424436e. 1 dirs total, 0 dirs full, 0 dirs failed
I0513 22:33:15.892166 860 data_dirs.cc:938] Could only allocate 1 dirs of requested 3 for tablet 73f1725c5aa04760a9d5e43d09f66e9e. 1 dirs total, 0 dirs full, 0 dirs failed
I0513 22:33:15.892792 798 data_dirs.cc:938] Could only allocate 1 dirs of requested 3 for tablet 9ce2cd8e3814425b86d4ef0b5309b05c. 1 dirs total, 0 dirs full, 0 dirs failed
I0513 22:33:15.891912 925 tablet_service.cc:1016] Processing CreateTablet for tablet 9fa827071e4246508d2690d2c1fbef4f (table=test-workload [id=168ff535840b4f83bfba5ca5121fb568]), partition=RANGE (key) PARTITION VALUES >= 1932735276
I0513 22:33:15.893803 929 data_dirs.cc:938] Could only allocate 1 dirs of requested 3 for tablet e1484634c50f45f28345fdc882a61cf5. 1 dirs total, 0 dirs full, 0 dirs failed
I0513 22:33:15.894479 861 data_dirs.cc:938] Could only allocate 1 dirs of requested 3 for tablet 7e57e922f3a84a2e99667b5eacf7c18e. 1 dirs total, 0 dirs full, 0 dirs failed
I0513 22:33:15.894663 791 tablet_service.cc:1016] Processing CreateTablet for tablet 01c2af1f12034771ba026a1fac9203df (table=test-workload [id=168ff535840b4f83bfba5ca5121fb568]), partition=RANGE (key) PARTITION 1717986912 <= VALUES < 1932735276
I0513 22:33:15.893127 926 tablet_service.cc:1016] Processing CreateTablet for tablet 01c2af1f12034771ba026a1fac9203df (table=test-workload [id=168ff535840b4f83bfba5ca5121fb568]), partition=RANGE (key) PARTITION 1717986912 <= VALUES < 1932735276
I0513 22:33:15.893719 799 tablet_service.cc:1016] Processing CreateTablet for tablet c1cbbc2b2f22460aa0617e7a5c823a57 (table=test-workload [id=168ff535840b4f83bfba5ca5121fb568]), partition=RANGE (key) PARTITION VALUES < 214748364
I0513 22:33:15.892876 792 tablet_service.cc:1016] Processing CreateTablet for tablet 73f1725c5aa04760a9d5e43d09f66e9e (table=test-workload [id=168ff535840b4f83bfba5ca5121fb568]), partition=RANGE (key) PARTITION 1503238548 <= VALUES < 1717986912
I0513 22:33:15.896159 933 data_dirs.cc:938] Could only allocate 1 dirs of requested 3 for tablet 9ce2cd8e3814425b86d4ef0b5309b05c. 1 dirs total, 0 dirs full, 0 dirs failed
I0513 22:33:15.896914 793 data_dirs.cc:938] Could only allocate 1 dirs of requested 3 for tablet 7e57e922f3a84a2e99667b5eacf7c18e. 1 dirs total, 0 dirs full, 0 dirs failed
I0513 22:33:15.895956 790 tablet_service.cc:1016] Processing CreateTablet for tablet 9fa827071e4246508d2690d2c1fbef4f (table=test-workload [id=168ff535840b4f83bfba5ca5121fb568]), partition=RANGE (key) PARTITION VALUES >= 1932735276
I0513 22:33:15.898705 927 data_dirs.cc:938] Could only allocate 1 dirs of requested 3 for tablet 73f1725c5aa04760a9d5e43d09f66e9e. 1 dirs total, 0 dirs full, 0 dirs failed
I0513 22:33:15.899233 795 data_dirs.cc:938] Could only allocate 1 dirs of requested 3 for tablet a40718aa091247438d353d8c7739041e. 1 dirs total, 0 dirs full, 0 dirs failed
I0513 22:33:15.898507 930 tablet_service.cc:1016] Processing CreateTablet for tablet a40718aa091247438d353d8c7739041e (table=test-workload [id=168ff535840b4f83bfba5ca5121fb568]), partition=RANGE (key) PARTITION 858993456 <= VALUES < 1073741820
I0513 22:33:15.903159 925 data_dirs.cc:938] Could only allocate 1 dirs of requested 3 for tablet 9fa827071e4246508d2690d2c1fbef4f. 1 dirs total, 0 dirs full, 0 dirs failed
I0513 22:33:15.904953 796 data_dirs.cc:938] Could only allocate 1 dirs of requested 3 for tablet 3c141683c43f4fb78c4489e7904b28e8. 1 dirs total, 0 dirs full, 0 dirs failed
I0513 22:33:15.905494 799 data_dirs.cc:938] Could only allocate 1 dirs of requested 3 for tablet c1cbbc2b2f22460aa0617e7a5c823a57. 1 dirs total, 0 dirs full, 0 dirs failed
I0513 22:33:15.906183 790 data_dirs.cc:938] Could only allocate 1 dirs of requested 3 for tablet 9fa827071e4246508d2690d2c1fbef4f. 1 dirs total, 0 dirs full, 0 dirs failed
I0513 22:33:15.907194 791 data_dirs.cc:938] Could only allocate 1 dirs of requested 3 for tablet 01c2af1f12034771ba026a1fac9203df. 1 dirs total, 0 dirs full, 0 dirs failed
I0513 22:33:15.908326 926 data_dirs.cc:938] Could only allocate 1 dirs of requested 3 for tablet 01c2af1f12034771ba026a1fac9203df. 1 dirs total, 0 dirs full, 0 dirs failed
I0513 22:33:15.908962 930 data_dirs.cc:938] Could only allocate 1 dirs of requested 3 for tablet a40718aa091247438d353d8c7739041e. 1 dirs total, 0 dirs full, 0 dirs failed
I0513 22:33:15.909526 934 data_dirs.cc:938] Could only allocate 1 dirs of requested 3 for tablet c1cbbc2b2f22460aa0617e7a5c823a57. 1 dirs total, 0 dirs full, 0 dirs failed
I0513 22:33:15.909835 792 data_dirs.cc:938] Could only allocate 1 dirs of requested 3 for tablet 73f1725c5aa04760a9d5e43d09f66e9e. 1 dirs total, 0 dirs full, 0 dirs failed
I0513 22:33:15.913362 931 data_dirs.cc:938] Could only allocate 1 dirs of requested 3 for tablet 3c141683c43f4fb78c4489e7904b28e8. 1 dirs total, 0 dirs full, 0 dirs failed
I0513 22:33:15.995400 989 tablet_bootstrap.cc:439] T 7e57e922f3a84a2e99667b5eacf7c18e P fb91e39117a5489e85c5a494ee14bcc3: Bootstrap starting.
I0513 22:33:16.010082 988 tablet_bootstrap.cc:439] T 9ce2cd8e3814425b86d4ef0b5309b05c P 75a5cb20b56443639cfe49c47274d76b: Bootstrap starting.
I0513 22:33:16.013193 990 tablet_bootstrap.cc:439] T 8002a0fb94514f77a8601f629424436e P 6fe2349260fd4c51a94a6bc60fa6043b: Bootstrap starting.
I0513 22:33:16.016765 989 tablet_bootstrap.cc:590] T 7e57e922f3a84a2e99667b5eacf7c18e P fb91e39117a5489e85c5a494ee14bcc3: No blocks or log segments found. Creating new log.
I0513 22:33:16.019582 989 tablet_bootstrap.cc:439] T 7e57e922f3a84a2e99667b5eacf7c18e P fb91e39117a5489e85c5a494ee14bcc3: No bootstrap required, opened a new log
I0513 22:33:16.019735 989 ts_tablet_manager.cc:1053] T 7e57e922f3a84a2e99667b5eacf7c18e P fb91e39117a5489e85c5a494ee14bcc3: Time spent bootstrapping tablet: real 0.030s user 0.000s sys 0.005s
I0513 22:33:16.020154 988 tablet_bootstrap.cc:590] T 9ce2cd8e3814425b86d4ef0b5309b05c P 75a5cb20b56443639cfe49c47274d76b: No blocks or log segments found. Creating new log.
I0513 22:33:16.020362 990 tablet_bootstrap.cc:590] T 8002a0fb94514f77a8601f629424436e P 6fe2349260fd4c51a94a6bc60fa6043b: No blocks or log segments found. Creating new log.
I0513 22:33:16.020705 989 raft_consensus.cc:340] T 7e57e922f3a84a2e99667b5eacf7c18e P fb91e39117a5489e85c5a494ee14bcc3 [term 0 FOLLOWER]: Replica starting. Triggering 0 pending transactions. Active config: opid_index: -1 OBSOLETE_local: false peers { permanent_uuid: "75a5cb20b56443639cfe49c47274d76b" member_type: VOTER last_known_addr { host: "127.0.116.130" port: 35393 } } peers { permanent_uuid: "6fe2349260fd4c51a94a6bc60fa6043b" member_type: VOTER last_known_addr { host: "127.0.116.129" port: 34317 } } peers { permanent_uuid: "fb91e39117a5489e85c5a494ee14bcc3" member_type: VOTER last_known_addr { host: "127.0.116.131" port: 36837 } }
I0513 22:33:16.020948 989 raft_consensus.cc:366] T 7e57e922f3a84a2e99667b5eacf7c18e P fb91e39117a5489e85c5a494ee14bcc3 [term 0 FOLLOWER]: Consensus starting up: Expiring failure detector timer to make a prompt election more likely
I0513 22:33:16.021030 989 raft_consensus.cc:705] T 7e57e922f3a84a2e99667b5eacf7c18e P fb91e39117a5489e85c5a494ee14bcc3 [term 0 FOLLOWER]: Becoming Follower/Learner. State: Replica: fb91e39117a5489e85c5a494ee14bcc3, State: Initialized, Role: FOLLOWER
I0513 22:33:16.021200 989 consensus_queue.cc:229] T 7e57e922f3a84a2e99667b5eacf7c18e P fb91e39117a5489e85c5a494ee14bcc3 [NON_LEADER]: Queue going to NON_LEADER mode. State: All replicated index: 0, Majority replicated index: 0, Committed index: 0, Last appended: 0.0, Last appended by leader: 0, Current term: 0, Majority size: -1, State: 0, Mode: NON_LEADER, active raft config: opid_index: -1 OBSOLETE_local: false peers { permanent_uuid: "75a5cb20b56443639cfe49c47274d76b" member_type: VOTER last_known_addr { host: "127.0.116.130" port: 35393 } } peers { permanent_uuid: "6fe2349260fd4c51a94a6bc60fa6043b" member_type: VOTER last_known_addr { host: "127.0.116.129" port: 34317 } } peers { permanent_uuid: "fb91e39117a5489e85c5a494ee14bcc3" member_type: VOTER last_known_addr { host: "127.0.116.131" port: 36837 } }
I0513 22:33:16.021878 967 heartbeater.cc:467] Master 127.0.116.190:38039 was elected leader, sending a full tablet report...
I0513 22:33:16.022392 989 ts_tablet_manager.cc:1081] T 7e57e922f3a84a2e99667b5eacf7c18e P fb91e39117a5489e85c5a494ee14bcc3: Time spent starting tablet: real 0.002s user 0.000s sys 0.003s
I0513 22:33:16.022668 989 tablet_bootstrap.cc:439] T 9fa827071e4246508d2690d2c1fbef4f P fb91e39117a5489e85c5a494ee14bcc3: Bootstrap starting.
I0513 22:33:16.024207 988 tablet_bootstrap.cc:439] T 9ce2cd8e3814425b86d4ef0b5309b05c P 75a5cb20b56443639cfe49c47274d76b: No bootstrap required, opened a new log
I0513 22:33:16.025151 988 ts_tablet_manager.cc:1053] T 9ce2cd8e3814425b86d4ef0b5309b05c P 75a5cb20b56443639cfe49c47274d76b: Time spent bootstrapping tablet: real 0.019s user 0.000s sys 0.005s
I0513 22:33:16.025360 990 tablet_bootstrap.cc:439] T 8002a0fb94514f77a8601f629424436e P 6fe2349260fd4c51a94a6bc60fa6043b: No bootstrap required, opened a new log
I0513 22:33:16.025524 990 ts_tablet_manager.cc:1053] T 8002a0fb94514f77a8601f629424436e P 6fe2349260fd4c51a94a6bc60fa6043b: Time spent bootstrapping tablet: real 0.015s user 0.006s sys 0.000s
I0513 22:33:16.025843 989 tablet_bootstrap.cc:590] T 9fa827071e4246508d2690d2c1fbef4f P fb91e39117a5489e85c5a494ee14bcc3: No blocks or log segments found. Creating new log.
I0513 22:33:16.025776 988 raft_consensus.cc:340] T 9ce2cd8e3814425b86d4ef0b5309b05c P 75a5cb20b56443639cfe49c47274d76b [term 0 FOLLOWER]: Replica starting. Triggering 0 pending transactions. Active config: opid_index: -1 OBSOLETE_local: false peers { permanent_uuid: "6fe2349260fd4c51a94a6bc60fa6043b" member_type: VOTER last_known_addr { host: "127.0.116.129" port: 34317 } } peers { permanent_uuid: "75a5cb20b56443639cfe49c47274d76b" member_type: VOTER last_known_addr { host: "127.0.116.130" port: 35393 } } peers { permanent_uuid: "fb91e39117a5489e85c5a494ee14bcc3" member_type: VOTER last_known_addr { host: "127.0.116.131" port: 36837 } }
I0513 22:33:16.025961 988 raft_consensus.cc:366] T 9ce2cd8e3814425b86d4ef0b5309b05c P 75a5cb20b56443639cfe49c47274d76b [term 0 FOLLOWER]: Consensus starting up: Expiring failure detector timer to make a prompt election more likely
I0513 22:33:16.026015 988 raft_consensus.cc:705] T 9ce2cd8e3814425b86d4ef0b5309b05c P 75a5cb20b56443639cfe49c47274d76b [term 0 FOLLOWER]: Becoming Follower/Learner. State: Replica: 75a5cb20b56443639cfe49c47274d76b, State: Initialized, Role: FOLLOWER
I0513 22:33:16.026196 988 consensus_queue.cc:229] T 9ce2cd8e3814425b86d4ef0b5309b05c P 75a5cb20b56443639cfe49c47274d76b [NON_LEADER]: Queue going to NON_LEADER mode. State: All replicated index: 0, Majority replicated index: 0, Committed index: 0, Last appended: 0.0, Last appended by leader: 0, Current term: 0, Majority size: -1, State: 0, Mode: NON_LEADER, active raft config: opid_index: -1 OBSOLETE_local: false peers { permanent_uuid: "6fe2349260fd4c51a94a6bc60fa6043b" member_type: VOTER last_known_addr { host: "127.0.116.129" port: 34317 } } peers { permanent_uuid: "75a5cb20b56443639cfe49c47274d76b" member_type: VOTER last_known_addr { host: "127.0.116.130" port: 35393 } } peers { permanent_uuid: "fb91e39117a5489e85c5a494ee14bcc3" member_type: VOTER last_known_addr { host: "127.0.116.131" port: 36837 } }
I0513 22:33:16.027168 900 heartbeater.cc:467] Master 127.0.116.190:38039 was elected leader, sending a full tablet report...
I0513 22:33:16.026715 990 raft_consensus.cc:340] T 8002a0fb94514f77a8601f629424436e P 6fe2349260fd4c51a94a6bc60fa6043b [term 0 FOLLOWER]: Replica starting. Triggering 0 pending transactions. Active config: opid_index: -1 OBSOLETE_local: false peers { permanent_uuid: "6fe2349260fd4c51a94a6bc60fa6043b" member_type: VOTER last_known_addr { host: "127.0.116.129" port: 34317 } } peers { permanent_uuid: "75a5cb20b56443639cfe49c47274d76b" member_type: VOTER last_known_addr { host: "127.0.116.130" port: 35393 } } peers { permanent_uuid: "fb91e39117a5489e85c5a494ee14bcc3" member_type: VOTER last_known_addr { host: "127.0.116.131" port: 36837 } }
W0513 22:33:16.028033 968 tablet.cc:1791] T 7e57e922f3a84a2e99667b5eacf7c18e P fb91e39117a5489e85c5a494ee14bcc3: Can't schedule compaction. Clean time has not been advanced past its initial value.
I0513 22:33:16.028378 990 raft_consensus.cc:366] T 8002a0fb94514f77a8601f629424436e P 6fe2349260fd4c51a94a6bc60fa6043b [term 0 FOLLOWER]: Consensus starting up: Expiring failure detector timer to make a prompt election more likely
I0513 22:33:16.028478 988 ts_tablet_manager.cc:1081] T 9ce2cd8e3814425b86d4ef0b5309b05c P 75a5cb20b56443639cfe49c47274d76b: Time spent starting tablet: real 0.002s user 0.000s sys 0.002s
I0513 22:33:16.028811 990 raft_consensus.cc:705] T 8002a0fb94514f77a8601f629424436e P 6fe2349260fd4c51a94a6bc60fa6043b [term 0 FOLLOWER]: Becoming Follower/Learner. State: Replica: 6fe2349260fd4c51a94a6bc60fa6043b, State: Initialized, Role: FOLLOWER
I0513 22:33:16.029115 988 tablet_bootstrap.cc:439] T c1cbbc2b2f22460aa0617e7a5c823a57 P 75a5cb20b56443639cfe49c47274d76b: Bootstrap starting.
I0513 22:33:16.029088 990 consensus_queue.cc:229] T 8002a0fb94514f77a8601f629424436e P 6fe2349260fd4c51a94a6bc60fa6043b [NON_LEADER]: Queue going to NON_LEADER mode. State: All replicated index: 0, Majority replicated index: 0, Committed index: 0, Last appended: 0.0, Last appended by leader: 0, Current term: 0, Majority size: -1, State: 0, Mode: NON_LEADER, active raft config: opid_index: -1 OBSOLETE_local: false peers { permanent_uuid: "6fe2349260fd4c51a94a6bc60fa6043b" member_type: VOTER last_known_addr { host: "127.0.116.129" port: 34317 } } peers { permanent_uuid: "75a5cb20b56443639cfe49c47274d76b" member_type: VOTER last_known_addr { host: "127.0.116.130" port: 35393 } } peers { permanent_uuid: "fb91e39117a5489e85c5a494ee14bcc3" member_type: VOTER last_known_addr { host: "127.0.116.131" port: 36837 } }
I0513 22:33:16.029580 989 tablet_bootstrap.cc:439] T 9fa827071e4246508d2690d2c1fbef4f P fb91e39117a5489e85c5a494ee14bcc3: No bootstrap required, opened a new log
I0513 22:33:16.029709 989 ts_tablet_manager.cc:1053] T 9fa827071e4246508d2690d2c1fbef4f P fb91e39117a5489e85c5a494ee14bcc3: Time spent bootstrapping tablet: real 0.007s user 0.005s sys 0.000s
I0513 22:33:16.030272 989 raft_consensus.cc:340] T 9fa827071e4246508d2690d2c1fbef4f P fb91e39117a5489e85c5a494ee14bcc3 [term 0 FOLLOWER]: Replica starting. Triggering 0 pending transactions. Active config: opid_index: -1 OBSOLETE_local: false peers { permanent_uuid: "6fe2349260fd4c51a94a6bc60fa6043b" member_type: VOTER last_known_addr { host: "127.0.116.129" port: 34317 } } peers { permanent_uuid: "75a5cb20b56443639cfe49c47274d76b" member_type: VOTER last_known_addr { host: "127.0.116.130" port: 35393 } } peers { permanent_uuid: "fb91e39117a5489e85c5a494ee14bcc3" member_type: VOTER last_known_addr { host: "127.0.116.131" port: 36837 } }
I0513 22:33:16.030462 989 raft_consensus.cc:366] T 9fa827071e4246508d2690d2c1fbef4f P fb91e39117a5489e85c5a494ee14bcc3 [term 0 FOLLOWER]: Consensus starting up: Expiring failure detector timer to make a prompt election more likely
I0513 22:33:16.030509 989 raft_consensus.cc:705] T 9fa827071e4246508d2690d2c1fbef4f P fb91e39117a5489e85c5a494ee14bcc3 [term 0 FOLLOWER]: Becoming Follower/Learner. State: Replica: fb91e39117a5489e85c5a494ee14bcc3, State: Initialized, Role: FOLLOWER
I0513 22:33:16.030923 989 consensus_queue.cc:229] T 9fa827071e4246508d2690d2c1fbef4f P fb91e39117a5489e85c5a494ee14bcc3 [NON_LEADER]: Queue going to NON_LEADER mode. State: All replicated index: 0, Majority replicated index: 0, Committed index: 0, Last appended: 0.0, Last appended by leader: 0, Current term: 0, Majority size: -1, State: 0, Mode: NON_LEADER, active raft config: opid_index: -1 OBSOLETE_local: false peers { permanent_uuid: "6fe2349260fd4c51a94a6bc60fa6043b" member_type: VOTER last_known_addr { host: "127.0.116.129" port: 34317 } } peers { permanent_uuid: "75a5cb20b56443639cfe49c47274d76b" member_type: VOTER last_known_addr { host: "127.0.116.130" port: 35393 } } peers { permanent_uuid: "fb91e39117a5489e85c5a494ee14bcc3" member_type: VOTER last_known_addr { host: "127.0.116.131" port: 36837 } }
I0513 22:33:16.031163 988 tablet_bootstrap.cc:590] T c1cbbc2b2f22460aa0617e7a5c823a57 P 75a5cb20b56443639cfe49c47274d76b: No blocks or log segments found. Creating new log.
I0513 22:33:16.032263 989 ts_tablet_manager.cc:1081] T 9fa827071e4246508d2690d2c1fbef4f P fb91e39117a5489e85c5a494ee14bcc3: Time spent starting tablet: real 0.002s user 0.000s sys 0.002s
I0513 22:33:16.032476 989 tablet_bootstrap.cc:439] T 3c141683c43f4fb78c4489e7904b28e8 P fb91e39117a5489e85c5a494ee14bcc3: Bootstrap starting.
I0513 22:33:16.034042 832 heartbeater.cc:467] Master 127.0.116.190:38039 was elected leader, sending a full tablet report...
I0513 22:33:16.034472 990 ts_tablet_manager.cc:1081] T 8002a0fb94514f77a8601f629424436e P 6fe2349260fd4c51a94a6bc60fa6043b: Time spent starting tablet: real 0.008s user 0.002s sys 0.004s
I0513 22:33:16.035071 989 tablet_bootstrap.cc:590] T 3c141683c43f4fb78c4489e7904b28e8 P fb91e39117a5489e85c5a494ee14bcc3: No blocks or log segments found. Creating new log.
I0513 22:33:16.035387 990 tablet_bootstrap.cc:439] T a40718aa091247438d353d8c7739041e P 6fe2349260fd4c51a94a6bc60fa6043b: Bootstrap starting.
I0513 22:33:16.036325 988 tablet_bootstrap.cc:439] T c1cbbc2b2f22460aa0617e7a5c823a57 P 75a5cb20b56443639cfe49c47274d76b: No bootstrap required, opened a new log
I0513 22:33:16.036482 988 ts_tablet_manager.cc:1053] T c1cbbc2b2f22460aa0617e7a5c823a57 P 75a5cb20b56443639cfe49c47274d76b: Time spent bootstrapping tablet: real 0.008s user 0.000s sys 0.005s
I0513 22:33:16.037119 988 raft_consensus.cc:340] T c1cbbc2b2f22460aa0617e7a5c823a57 P 75a5cb20b56443639cfe49c47274d76b [term 0 FOLLOWER]: Replica starting. Triggering 0 pending transactions. Active config: opid_index: -1 OBSOLETE_local: false peers { permanent_uuid: "75a5cb20b56443639cfe49c47274d76b" member_type: VOTER last_known_addr { host: "127.0.116.130" port: 35393 } } peers { permanent_uuid: "6fe2349260fd4c51a94a6bc60fa6043b" member_type: VOTER last_known_addr { host: "127.0.116.129" port: 34317 } } peers { permanent_uuid: "fb91e39117a5489e85c5a494ee14bcc3" member_type: VOTER last_known_addr { host: "127.0.116.131" port: 36837 } }
I0513 22:33:16.037324 988 raft_consensus.cc:366] T c1cbbc2b2f22460aa0617e7a5c823a57 P 75a5cb20b56443639cfe49c47274d76b [term 0 FOLLOWER]: Consensus starting up: Expiring failure detector timer to make a prompt election more likely
I0513 22:33:16.037361 988 raft_consensus.cc:705] T c1cbbc2b2f22460aa0617e7a5c823a57 P 75a5cb20b56443639cfe49c47274d76b [term 0 FOLLOWER]: Becoming Follower/Learner. State: Replica: 75a5cb20b56443639cfe49c47274d76b, State: Initialized, Role: FOLLOWER
I0513 22:33:16.037736 988 consensus_queue.cc:229] T c1cbbc2b2f22460aa0617e7a5c823a57 P 75a5cb20b56443639cfe49c47274d76b [NON_LEADER]: Queue going to NON_LEADER mode. State: All replicated index: 0, Majority replicated index: 0, Committed index: 0, Last appended: 0.0, Last appended by leader: 0, Current term: 0, Majority size: -1, State: 0, Mode: NON_LEADER, active raft config: opid_index: -1 OBSOLETE_local: false peers { permanent_uuid: "75a5cb20b56443639cfe49c47274d76b" member_type: VOTER last_known_addr { host: "127.0.116.130" port: 35393 } } peers { permanent_uuid: "6fe2349260fd4c51a94a6bc60fa6043b" member_type: VOTER last_known_addr { host: "127.0.116.129" port: 34317 } } peers { permanent_uuid: "fb91e39117a5489e85c5a494ee14bcc3" member_type: VOTER last_known_addr { host: "127.0.116.131" port: 36837 } }
I0513 22:33:16.037981 990 tablet_bootstrap.cc:590] T a40718aa091247438d353d8c7739041e P 6fe2349260fd4c51a94a6bc60fa6043b: No blocks or log segments found. Creating new log.
I0513 22:33:16.038815 988 ts_tablet_manager.cc:1081] T c1cbbc2b2f22460aa0617e7a5c823a57 P 75a5cb20b56443639cfe49c47274d76b: Time spent starting tablet: real 0.002s user 0.000s sys 0.001s
I0513 22:33:16.039021 988 tablet_bootstrap.cc:439] T 9fa827071e4246508d2690d2c1fbef4f P 75a5cb20b56443639cfe49c47274d76b: Bootstrap starting.
I0513 22:33:16.040164 988 tablet_bootstrap.cc:590] T 9fa827071e4246508d2690d2c1fbef4f P 75a5cb20b56443639cfe49c47274d76b: No blocks or log segments found. Creating new log.
I0513 22:33:16.041900 990 tablet_bootstrap.cc:439] T a40718aa091247438d353d8c7739041e P 6fe2349260fd4c51a94a6bc60fa6043b: No bootstrap required, opened a new log
I0513 22:33:16.042076 990 ts_tablet_manager.cc:1053] T a40718aa091247438d353d8c7739041e P 6fe2349260fd4c51a94a6bc60fa6043b: Time spent bootstrapping tablet: real 0.007s user 0.001s sys 0.002s
I0513 22:33:16.042295 989 tablet_bootstrap.cc:439] T 3c141683c43f4fb78c4489e7904b28e8 P fb91e39117a5489e85c5a494ee14bcc3: No bootstrap required, opened a new log
I0513 22:33:16.042374 988 tablet_bootstrap.cc:439] T 9fa827071e4246508d2690d2c1fbef4f P 75a5cb20b56443639cfe49c47274d76b: No bootstrap required, opened a new log
I0513 22:33:16.042445 989 ts_tablet_manager.cc:1053] T 3c141683c43f4fb78c4489e7904b28e8 P fb91e39117a5489e85c5a494ee14bcc3: Time spent bootstrapping tablet: real 0.010s user 0.000s sys 0.007s
I0513 22:33:16.042492 988 ts_tablet_manager.cc:1053] T 9fa827071e4246508d2690d2c1fbef4f P 75a5cb20b56443639cfe49c47274d76b: Time spent bootstrapping tablet: real 0.004s user 0.003s sys 0.000s
I0513 22:33:16.042838 990 raft_consensus.cc:340] T a40718aa091247438d353d8c7739041e P 6fe2349260fd4c51a94a6bc60fa6043b [term 0 FOLLOWER]: Replica starting. Triggering 0 pending transactions. Active config: opid_index: -1 OBSOLETE_local: false peers { permanent_uuid: "75a5cb20b56443639cfe49c47274d76b" member_type: VOTER last_known_addr { host: "127.0.116.130" port: 35393 } } peers { permanent_uuid: "6fe2349260fd4c51a94a6bc60fa6043b" member_type: VOTER last_known_addr { host: "127.0.116.129" port: 34317 } } peers { permanent_uuid: "fb91e39117a5489e85c5a494ee14bcc3" member_type: VOTER last_known_addr { host: "127.0.116.131" port: 36837 } }
I0513 22:33:16.044039 990 raft_consensus.cc:366] T a40718aa091247438d353d8c7739041e P 6fe2349260fd4c51a94a6bc60fa6043b [term 0 FOLLOWER]: Consensus starting up: Expiring failure detector timer to make a prompt election more likely
I0513 22:33:16.044018 988 raft_consensus.cc:340] T 9fa827071e4246508d2690d2c1fbef4f P 75a5cb20b56443639cfe49c47274d76b [term 0 FOLLOWER]: Replica starting. Triggering 0 pending transactions. Active config: opid_index: -1 OBSOLETE_local: false peers { permanent_uuid: "6fe2349260fd4c51a94a6bc60fa6043b" member_type: VOTER last_known_addr { host: "127.0.116.129" port: 34317 } } peers { permanent_uuid: "75a5cb20b56443639cfe49c47274d76b" member_type: VOTER last_known_addr { host: "127.0.116.130" port: 35393 } } peers { permanent_uuid: "fb91e39117a5489e85c5a494ee14bcc3" member_type: VOTER last_known_addr { host: "127.0.116.131" port: 36837 } }
I0513 22:33:16.044139 990 raft_consensus.cc:705] T a40718aa091247438d353d8c7739041e P 6fe2349260fd4c51a94a6bc60fa6043b [term 0 FOLLOWER]: Becoming Follower/Learner. State: Replica: 6fe2349260fd4c51a94a6bc60fa6043b, State: Initialized, Role: FOLLOWER
I0513 22:33:16.044152 988 raft_consensus.cc:366] T 9fa827071e4246508d2690d2c1fbef4f P 75a5cb20b56443639cfe49c47274d76b [term 0 FOLLOWER]: Consensus starting up: Expiring failure detector timer to make a prompt election more likely
I0513 22:33:16.044085 989 raft_consensus.cc:340] T 3c141683c43f4fb78c4489e7904b28e8 P fb91e39117a5489e85c5a494ee14bcc3 [term 0 FOLLOWER]: Replica starting. Triggering 0 pending transactions. Active config: opid_index: -1 OBSOLETE_local: false peers { permanent_uuid: "75a5cb20b56443639cfe49c47274d76b" member_type: VOTER last_known_addr { host: "127.0.116.130" port: 35393 } } peers { permanent_uuid: "6fe2349260fd4c51a94a6bc60fa6043b" member_type: VOTER last_known_addr { host: "127.0.116.129" port: 34317 } } peers { permanent_uuid: "fb91e39117a5489e85c5a494ee14bcc3" member_type: VOTER last_known_addr { host: "127.0.116.131" port: 36837 } }
I0513 22:33:16.044226 988 raft_consensus.cc:705] T 9fa827071e4246508d2690d2c1fbef4f P 75a5cb20b56443639cfe49c47274d76b [term 0 FOLLOWER]: Becoming Follower/Learner. State: Replica: 75a5cb20b56443639cfe49c47274d76b, State: Initialized, Role: FOLLOWER
I0513 22:33:16.044270 989 raft_consensus.cc:366] T 3c141683c43f4fb78c4489e7904b28e8 P fb91e39117a5489e85c5a494ee14bcc3 [term 0 FOLLOWER]: Consensus starting up: Expiring failure detector timer to make a prompt election more likely
I0513 22:33:16.044365 989 raft_consensus.cc:705] T 3c141683c43f4fb78c4489e7904b28e8 P fb91e39117a5489e85c5a494ee14bcc3 [term 0 FOLLOWER]: Becoming Follower/Learner. State: Replica: fb91e39117a5489e85c5a494ee14bcc3, State: Initialized, Role: FOLLOWER
I0513 22:33:16.044402 990 consensus_queue.cc:229] T a40718aa091247438d353d8c7739041e P 6fe2349260fd4c51a94a6bc60fa6043b [NON_LEADER]: Queue going to NON_LEADER mode. State: All replicated index: 0, Majority replicated index: 0, Committed index: 0, Last appended: 0.0, Last appended by leader: 0, Current term: 0, Majority size: -1, State: 0, Mode: NON_LEADER, active raft config: opid_index: -1 OBSOLETE_local: false peers { permanent_uuid: "75a5cb20b56443639cfe49c47274d76b" member_type: VOTER last_known_addr { host: "127.0.116.130" port: 35393 } } peers { permanent_uuid: "6fe2349260fd4c51a94a6bc60fa6043b" member_type: VOTER last_known_addr { host: "127.0.116.129" port: 34317 } } peers { permanent_uuid: "fb91e39117a5489e85c5a494ee14bcc3" member_type: VOTER last_known_addr { host: "127.0.116.131" port: 36837 } }
I0513 22:33:16.044443 988 consensus_queue.cc:229] T 9fa827071e4246508d2690d2c1fbef4f P 75a5cb20b56443639cfe49c47274d76b [NON_LEADER]: Queue going to NON_LEADER mode. State: All replicated index: 0, Majority replicated index: 0, Committed index: 0, Last appended: 0.0, Last appended by leader: 0, Current term: 0, Majority size: -1, State: 0, Mode: NON_LEADER, active raft config: opid_index: -1 OBSOLETE_local: false peers { permanent_uuid: "6fe2349260fd4c51a94a6bc60fa6043b" member_type: VOTER last_known_addr { host: "127.0.116.129" port: 34317 } } peers { permanent_uuid: "75a5cb20b56443639cfe49c47274d76b" member_type: VOTER last_known_addr { host: "127.0.116.130" port: 35393 } } peers { permanent_uuid: "fb91e39117a5489e85c5a494ee14bcc3" member_type: VOTER last_known_addr { host: "127.0.116.131" port: 36837 } }
I0513 22:33:16.044569 989 consensus_queue.cc:229] T 3c141683c43f4fb78c4489e7904b28e8 P fb91e39117a5489e85c5a494ee14bcc3 [NON_LEADER]: Queue going to NON_LEADER mode. State: All replicated index: 0, Majority replicated index: 0, Committed index: 0, Last appended: 0.0, Last appended by leader: 0, Current term: 0, Majority size: -1, State: 0, Mode: NON_LEADER, active raft config: opid_index: -1 OBSOLETE_local: false peers { permanent_uuid: "75a5cb20b56443639cfe49c47274d76b" member_type: VOTER last_known_addr { host: "127.0.116.130" port: 35393 } } peers { permanent_uuid: "6fe2349260fd4c51a94a6bc60fa6043b" member_type: VOTER last_known_addr { host: "127.0.116.129" port: 34317 } } peers { permanent_uuid: "fb91e39117a5489e85c5a494ee14bcc3" member_type: VOTER last_known_addr { host: "127.0.116.131" port: 36837 } }
I0513 22:33:16.044919 990 ts_tablet_manager.cc:1081] T a40718aa091247438d353d8c7739041e P 6fe2349260fd4c51a94a6bc60fa6043b: Time spent starting tablet: real 0.003s user 0.003s sys 0.000s
I0513 22:33:16.045106 990 tablet_bootstrap.cc:439] T 7e57e922f3a84a2e99667b5eacf7c18e P 6fe2349260fd4c51a94a6bc60fa6043b: Bootstrap starting.
I0513 22:33:16.045783 989 ts_tablet_manager.cc:1081] T 3c141683c43f4fb78c4489e7904b28e8 P fb91e39117a5489e85c5a494ee14bcc3: Time spent starting tablet: real 0.003s user 0.003s sys 0.000s
I0513 22:33:16.045971 989 tablet_bootstrap.cc:439] T e1484634c50f45f28345fdc882a61cf5 P fb91e39117a5489e85c5a494ee14bcc3: Bootstrap starting.
I0513 22:33:16.046559 990 tablet_bootstrap.cc:590] T 7e57e922f3a84a2e99667b5eacf7c18e P 6fe2349260fd4c51a94a6bc60fa6043b: No blocks or log segments found. Creating new log.
I0513 22:33:16.047083 988 ts_tablet_manager.cc:1081] T 9fa827071e4246508d2690d2c1fbef4f P 75a5cb20b56443639cfe49c47274d76b: Time spent starting tablet: real 0.004s user 0.002s sys 0.000s
I0513 22:33:16.047253 989 tablet_bootstrap.cc:590] T e1484634c50f45f28345fdc882a61cf5 P fb91e39117a5489e85c5a494ee14bcc3: No blocks or log segments found. Creating new log.
I0513 22:33:16.047279 988 tablet_bootstrap.cc:439] T 8002a0fb94514f77a8601f629424436e P 75a5cb20b56443639cfe49c47274d76b: Bootstrap starting.
I0513 22:33:16.048728 988 tablet_bootstrap.cc:590] T 8002a0fb94514f77a8601f629424436e P 75a5cb20b56443639cfe49c47274d76b: No blocks or log segments found. Creating new log.
I0513 22:33:16.049850 990 tablet_bootstrap.cc:439] T 7e57e922f3a84a2e99667b5eacf7c18e P 6fe2349260fd4c51a94a6bc60fa6043b: No bootstrap required, opened a new log
I0513 22:33:16.050180 989 tablet_bootstrap.cc:439] T e1484634c50f45f28345fdc882a61cf5 P fb91e39117a5489e85c5a494ee14bcc3: No bootstrap required, opened a new log
I0513 22:33:16.050921 990 ts_tablet_manager.cc:1053] T 7e57e922f3a84a2e99667b5eacf7c18e P 6fe2349260fd4c51a94a6bc60fa6043b: Time spent bootstrapping tablet: real 0.005s user 0.001s sys 0.004s
I0513 22:33:16.051087 989 ts_tablet_manager.cc:1053] T e1484634c50f45f28345fdc882a61cf5 P fb91e39117a5489e85c5a494ee14bcc3: Time spent bootstrapping tablet: real 0.005s user 0.004s sys 0.001s
I0513 22:33:16.051534 990 raft_consensus.cc:340] T 7e57e922f3a84a2e99667b5eacf7c18e P 6fe2349260fd4c51a94a6bc60fa6043b [term 0 FOLLOWER]: Replica starting. Triggering 0 pending transactions. Active config: opid_index: -1 OBSOLETE_local: false peers { permanent_uuid: "75a5cb20b56443639cfe49c47274d76b" member_type: VOTER last_known_addr { host: "127.0.116.130" port: 35393 } } peers { permanent_uuid: "6fe2349260fd4c51a94a6bc60fa6043b" member_type: VOTER last_known_addr { host: "127.0.116.129" port: 34317 } } peers { permanent_uuid: "fb91e39117a5489e85c5a494ee14bcc3" member_type: VOTER last_known_addr { host: "127.0.116.131" port: 36837 } }
I0513 22:33:16.051630 988 tablet_bootstrap.cc:439] T 8002a0fb94514f77a8601f629424436e P 75a5cb20b56443639cfe49c47274d76b: No bootstrap required, opened a new log
I0513 22:33:16.051713 990 raft_consensus.cc:366] T 7e57e922f3a84a2e99667b5eacf7c18e P 6fe2349260fd4c51a94a6bc60fa6043b [term 0 FOLLOWER]: Consensus starting up: Expiring failure detector timer to make a prompt election more likely
I0513 22:33:16.051648 989 raft_consensus.cc:340] T e1484634c50f45f28345fdc882a61cf5 P fb91e39117a5489e85c5a494ee14bcc3 [term 0 FOLLOWER]: Replica starting. Triggering 0 pending transactions. Active config: opid_index: -1 OBSOLETE_local: false peers { permanent_uuid: "6fe2349260fd4c51a94a6bc60fa6043b" member_type: VOTER last_known_addr { host: "127.0.116.129" port: 34317 } } peers { permanent_uuid: "75a5cb20b56443639cfe49c47274d76b" member_type: VOTER last_known_addr { host: "127.0.116.130" port: 35393 } } peers { permanent_uuid: "fb91e39117a5489e85c5a494ee14bcc3" member_type: VOTER last_known_addr { host: "127.0.116.131" port: 36837 } }
I0513 22:33:16.051818 990 raft_consensus.cc:705] T 7e57e922f3a84a2e99667b5eacf7c18e P 6fe2349260fd4c51a94a6bc60fa6043b [term 0 FOLLOWER]: Becoming Follower/Learner. State: Replica: 6fe2349260fd4c51a94a6bc60fa6043b, State: Initialized, Role: FOLLOWER
I0513 22:33:16.051836 988 ts_tablet_manager.cc:1053] T 8002a0fb94514f77a8601f629424436e P 75a5cb20b56443639cfe49c47274d76b: Time spent bootstrapping tablet: real 0.005s user 0.003s sys 0.000s
I0513 22:33:16.051879 989 raft_consensus.cc:366] T e1484634c50f45f28345fdc882a61cf5 P fb91e39117a5489e85c5a494ee14bcc3 [term 0 FOLLOWER]: Consensus starting up: Expiring failure detector timer to make a prompt election more likely
I0513 22:33:16.051934 989 raft_consensus.cc:705] T e1484634c50f45f28345fdc882a61cf5 P fb91e39117a5489e85c5a494ee14bcc3 [term 0 FOLLOWER]: Becoming Follower/Learner. State: Replica: fb91e39117a5489e85c5a494ee14bcc3, State: Initialized, Role: FOLLOWER
I0513 22:33:16.052021 990 consensus_queue.cc:229] T 7e57e922f3a84a2e99667b5eacf7c18e P 6fe2349260fd4c51a94a6bc60fa6043b [NON_LEADER]: Queue going to NON_LEADER mode. State: All replicated index: 0, Majority replicated index: 0, Committed index: 0, Last appended: 0.0, Last appended by leader: 0, Current term: 0, Majority size: -1, State: 0, Mode: NON_LEADER, active raft config: opid_index: -1 OBSOLETE_local: false peers { permanent_uuid: "75a5cb20b56443639cfe49c47274d76b" member_type: VOTER last_known_addr { host: "127.0.116.130" port: 35393 } } peers { permanent_uuid: "6fe2349260fd4c51a94a6bc60fa6043b" member_type: VOTER last_known_addr { host: "127.0.116.129" port: 34317 } } peers { permanent_uuid: "fb91e39117a5489e85c5a494ee14bcc3" member_type: VOTER last_known_addr { host: "127.0.116.131" port: 36837 } }
I0513 22:33:16.052150 989 consensus_queue.cc:229] T e1484634c50f45f28345fdc882a61cf5 P fb91e39117a5489e85c5a494ee14bcc3 [NON_LEADER]: Queue going to NON_LEADER mode. State: All replicated index: 0, Majority replicated index: 0, Committed index: 0, Last appended: 0.0, Last appended by leader: 0, Current term: 0, Majority size: -1, State: 0, Mode: NON_LEADER, active raft config: opid_index: -1 OBSOLETE_local: false peers { permanent_uuid: "6fe2349260fd4c51a94a6bc60fa6043b" member_type: VOTER last_known_addr { host: "127.0.116.129" port: 34317 } } peers { permanent_uuid: "75a5cb20b56443639cfe49c47274d76b" member_type: VOTER last_known_addr { host: "127.0.116.130" port: 35393 } } peers { permanent_uuid: "fb91e39117a5489e85c5a494ee14bcc3" member_type: VOTER last_known_addr { host: "127.0.116.131" port: 36837 } }
I0513 22:33:16.052526 988 raft_consensus.cc:340] T 8002a0fb94514f77a8601f629424436e P 75a5cb20b56443639cfe49c47274d76b [term 0 FOLLOWER]: Replica starting. Triggering 0 pending transactions. Active config: opid_index: -1 OBSOLETE_local: false peers { permanent_uuid: "6fe2349260fd4c51a94a6bc60fa6043b" member_type: VOTER last_known_addr { host: "127.0.116.129" port: 34317 } } peers { permanent_uuid: "75a5cb20b56443639cfe49c47274d76b" member_type: VOTER last_known_addr { host: "127.0.116.130" port: 35393 } } peers { permanent_uuid: "fb91e39117a5489e85c5a494ee14bcc3" member_type: VOTER last_known_addr { host: "127.0.116.131" port: 36837 } }
I0513 22:33:16.052678 988 raft_consensus.cc:366] T 8002a0fb94514f77a8601f629424436e P 75a5cb20b56443639cfe49c47274d76b [term 0 FOLLOWER]: Consensus starting up: Expiring failure detector timer to make a prompt election more likely
I0513 22:33:16.052717 988 raft_consensus.cc:705] T 8002a0fb94514f77a8601f629424436e P 75a5cb20b56443639cfe49c47274d76b [term 0 FOLLOWER]: Becoming Follower/Learner. State: Replica: 75a5cb20b56443639cfe49c47274d76b, State: Initialized, Role: FOLLOWER
I0513 22:33:16.052940 988 consensus_queue.cc:229] T 8002a0fb94514f77a8601f629424436e P 75a5cb20b56443639cfe49c47274d76b [NON_LEADER]: Queue going to NON_LEADER mode. State: All replicated index: 0, Majority replicated index: 0, Committed index: 0, Last appended: 0.0, Last appended by leader: 0, Current term: 0, Majority size: -1, State: 0, Mode: NON_LEADER, active raft config: opid_index: -1 OBSOLETE_local: false peers { permanent_uuid: "6fe2349260fd4c51a94a6bc60fa6043b" member_type: VOTER last_known_addr { host: "127.0.116.129" port: 34317 } } peers { permanent_uuid: "75a5cb20b56443639cfe49c47274d76b" member_type: VOTER last_known_addr { host: "127.0.116.130" port: 35393 } } peers { permanent_uuid: "fb91e39117a5489e85c5a494ee14bcc3" member_type: VOTER last_known_addr { host: "127.0.116.131" port: 36837 } }
I0513 22:33:16.053217 989 ts_tablet_manager.cc:1081] T e1484634c50f45f28345fdc882a61cf5 P fb91e39117a5489e85c5a494ee14bcc3: Time spent starting tablet: real 0.002s user 0.001s sys 0.001s
I0513 22:33:16.053473 989 tablet_bootstrap.cc:439] T a40718aa091247438d353d8c7739041e P fb91e39117a5489e85c5a494ee14bcc3: Bootstrap starting.
I0513 22:33:16.054823 990 ts_tablet_manager.cc:1081] T 7e57e922f3a84a2e99667b5eacf7c18e P 6fe2349260fd4c51a94a6bc60fa6043b: Time spent starting tablet: real 0.004s user 0.000s sys 0.001s
I0513 22:33:16.054996 989 tablet_bootstrap.cc:590] T a40718aa091247438d353d8c7739041e P fb91e39117a5489e85c5a494ee14bcc3: No blocks or log segments found. Creating new log.
I0513 22:33:16.055029 990 tablet_bootstrap.cc:439] T 9fa827071e4246508d2690d2c1fbef4f P 6fe2349260fd4c51a94a6bc60fa6043b: Bootstrap starting.
I0513 22:33:16.055618 988 ts_tablet_manager.cc:1081] T 8002a0fb94514f77a8601f629424436e P 75a5cb20b56443639cfe49c47274d76b: Time spent starting tablet: real 0.004s user 0.001s sys 0.000s
I0513 22:33:16.055860 988 tablet_bootstrap.cc:439] T 7e57e922f3a84a2e99667b5eacf7c18e P 75a5cb20b56443639cfe49c47274d76b: Bootstrap starting.
I0513 22:33:16.056118 990 tablet_bootstrap.cc:590] T 9fa827071e4246508d2690d2c1fbef4f P 6fe2349260fd4c51a94a6bc60fa6043b: No blocks or log segments found. Creating new log.
I0513 22:33:16.057356 988 tablet_bootstrap.cc:590] T 7e57e922f3a84a2e99667b5eacf7c18e P 75a5cb20b56443639cfe49c47274d76b: No blocks or log segments found. Creating new log.
I0513 22:33:16.058447 989 tablet_bootstrap.cc:439] T a40718aa091247438d353d8c7739041e P fb91e39117a5489e85c5a494ee14bcc3: No bootstrap required, opened a new log
I0513 22:33:16.058574 989 ts_tablet_manager.cc:1053] T a40718aa091247438d353d8c7739041e P fb91e39117a5489e85c5a494ee14bcc3: Time spent bootstrapping tablet: real 0.005s user 0.003s sys 0.000s
I0513 22:33:16.059402 990 tablet_bootstrap.cc:439] T 9fa827071e4246508d2690d2c1fbef4f P 6fe2349260fd4c51a94a6bc60fa6043b: No bootstrap required, opened a new log
I0513 22:33:16.059612 990 ts_tablet_manager.cc:1053] T 9fa827071e4246508d2690d2c1fbef4f P 6fe2349260fd4c51a94a6bc60fa6043b: Time spent bootstrapping tablet: real 0.005s user 0.002s sys 0.002s
I0513 22:33:16.059546 989 raft_consensus.cc:340] T a40718aa091247438d353d8c7739041e P fb91e39117a5489e85c5a494ee14bcc3 [term 0 FOLLOWER]: Replica starting. Triggering 0 pending transactions. Active config: opid_index: -1 OBSOLETE_local: false peers { permanent_uuid: "75a5cb20b56443639cfe49c47274d76b" member_type: VOTER last_known_addr { host: "127.0.116.130" port: 35393 } } peers { permanent_uuid: "6fe2349260fd4c51a94a6bc60fa6043b" member_type: VOTER last_known_addr { host: "127.0.116.129" port: 34317 } } peers { permanent_uuid: "fb91e39117a5489e85c5a494ee14bcc3" member_type: VOTER last_known_addr { host: "127.0.116.131" port: 36837 } }
I0513 22:33:16.059818 989 raft_consensus.cc:366] T a40718aa091247438d353d8c7739041e P fb91e39117a5489e85c5a494ee14bcc3 [term 0 FOLLOWER]: Consensus starting up: Expiring failure detector timer to make a prompt election more likely
I0513 22:33:16.059896 989 raft_consensus.cc:705] T a40718aa091247438d353d8c7739041e P fb91e39117a5489e85c5a494ee14bcc3 [term 0 FOLLOWER]: Becoming Follower/Learner. State: Replica: fb91e39117a5489e85c5a494ee14bcc3, State: Initialized, Role: FOLLOWER
I0513 22:33:16.060124 988 tablet_bootstrap.cc:439] T 7e57e922f3a84a2e99667b5eacf7c18e P 75a5cb20b56443639cfe49c47274d76b: No bootstrap required, opened a new log
I0513 22:33:16.060228 988 ts_tablet_manager.cc:1053] T 7e57e922f3a84a2e99667b5eacf7c18e P 75a5cb20b56443639cfe49c47274d76b: Time spent bootstrapping tablet: real 0.004s user 0.003s sys 0.001s
I0513 22:33:16.060122 989 consensus_queue.cc:229] T a40718aa091247438d353d8c7739041e P fb91e39117a5489e85c5a494ee14bcc3 [NON_LEADER]: Queue going to NON_LEADER mode. State: All replicated index: 0, Majority replicated index: 0, Committed index: 0, Last appended: 0.0, Last appended by leader: 0, Current term: 0, Majority size: -1, State: 0, Mode: NON_LEADER, active raft config: opid_index: -1 OBSOLETE_local: false peers { permanent_uuid: "75a5cb20b56443639cfe49c47274d76b" member_type: VOTER last_known_addr { host: "127.0.116.130" port: 35393 } } peers { permanent_uuid: "6fe2349260fd4c51a94a6bc60fa6043b" member_type: VOTER last_known_addr { host: "127.0.116.129" port: 34317 } } peers { permanent_uuid: "fb91e39117a5489e85c5a494ee14bcc3" member_type: VOTER last_known_addr { host: "127.0.116.131" port: 36837 } }
I0513 22:33:16.060308 990 raft_consensus.cc:340] T 9fa827071e4246508d2690d2c1fbef4f P 6fe2349260fd4c51a94a6bc60fa6043b [term 0 FOLLOWER]: Replica starting. Triggering 0 pending transactions. Active config: opid_index: -1 OBSOLETE_local: false peers { permanent_uuid: "6fe2349260fd4c51a94a6bc60fa6043b" member_type: VOTER last_known_addr { host: "127.0.116.129" port: 34317 } } peers { permanent_uuid: "75a5cb20b56443639cfe49c47274d76b" member_type: VOTER last_known_addr { host: "127.0.116.130" port: 35393 } } peers { permanent_uuid: "fb91e39117a5489e85c5a494ee14bcc3" member_type: VOTER last_known_addr { host: "127.0.116.131" port: 36837 } }
I0513 22:33:16.060518 990 raft_consensus.cc:366] T 9fa827071e4246508d2690d2c1fbef4f P 6fe2349260fd4c51a94a6bc60fa6043b [term 0 FOLLOWER]: Consensus starting up: Expiring failure detector timer to make a prompt election more likely
