I0513 22:33:16.563647 802 leader_election.cc:296] T 9ce2cd8e3814425b86d4ef0b5309b05c P 6fe2349260fd4c51a94a6bc60fa6043b [CANDIDATE]: Term 3 election: Requested vote from peers 75a5cb20b56443639cfe49c47274d76b (127.0.116.130:35393), fb91e39117a5489e85c5a494ee14bcc3 (127.0.116.131:36837)
I0513 22:33:16.563807 801 tablet_service.cc:1403] Received Run Leader Election RPC: tablet_id: "a40718aa091247438d353d8c7739041e" dest_uuid: "6fe2349260fd4c51a94a6bc60fa6043b" from {username='slave'} at 127.0.0.1:57614
I0513 22:33:16.564250 872 raft_consensus.cc:2346] T 9fa827071e4246508d2690d2c1fbef4f P 75a5cb20b56443639cfe49c47274d76b [term 3 FOLLOWER]: Leader election vote request: Granting yes vote for candidate 6fe2349260fd4c51a94a6bc60fa6043b in term 3.
I0513 22:33:16.564729 1058 raft_consensus.cc:2603] T 73f1725c5aa04760a9d5e43d09f66e9e P 6fe2349260fd4c51a94a6bc60fa6043b [term 4 FOLLOWER]: Leader election decision vote started in defunct term 3: won
I0513 22:33:16.565441 800 raft_consensus.cc:472] T 73f1725c5aa04760a9d5e43d09f66e9e P 6fe2349260fd4c51a94a6bc60fa6043b [term 4 FOLLOWER]: Starting forced leader election (received explicit request)
I0513 22:33:16.565492 1027 raft_consensus.cc:472] T a40718aa091247438d353d8c7739041e P 75a5cb20b56443639cfe49c47274d76b [term 0 FOLLOWER]: Starting pre-election (no leader contacted us within the election timeout)
I0513 22:33:16.565794 1027 raft_consensus.cc:494] T a40718aa091247438d353d8c7739041e P 75a5cb20b56443639cfe49c47274d76b [term 0 FOLLOWER]: Starting pre-election with config: opid_index: -1 OBSOLETE_local: false peers { permanent_uuid: "75a5cb20b56443639cfe49c47274d76b" member_type: VOTER last_known_addr { host: "127.0.116.130" port: 35393 } } peers { permanent_uuid: "6fe2349260fd4c51a94a6bc60fa6043b" member_type: VOTER last_known_addr { host: "127.0.116.129" port: 34317 } } peers { permanent_uuid: "fb91e39117a5489e85c5a494ee14bcc3" member_type: VOTER last_known_addr { host: "127.0.116.131" port: 36837 } }
I0513 22:33:16.566378 1057 ts_tablet_manager.cc:1390] T c1cbbc2b2f22460aa0617e7a5c823a57 P 6fe2349260fd4c51a94a6bc60fa6043b: tablet deleted with delete type TABLET_DATA_DELETED: last-logged OpId 1.1
I0513 22:33:16.567167 808 tablet_service.cc:1403] Received Run Leader Election RPC: tablet_id: "c1cbbc2b2f22460aa0617e7a5c823a57" dest_uuid: "6fe2349260fd4c51a94a6bc60fa6043b" from {username='slave'} at 127.0.0.1:57614
I0513 22:33:16.567564 808 tablet_service.cc:1286] Received RequestConsensusVote() RPC: tablet_id: "a40718aa091247438d353d8c7739041e" candidate_uuid: "75a5cb20b56443639cfe49c47274d76b" candidate_term: 1 candidate_status { last_received { term: 0 index: 0 } } ignore_live_leader: false dest_uuid: "6fe2349260fd4c51a94a6bc60fa6043b" is_pre_election: true
I0513 22:33:16.567876 871 raft_consensus.cc:2886] T 73f1725c5aa04760a9d5e43d09f66e9e P 75a5cb20b56443639cfe49c47274d76b [term 3 FOLLOWER]: Advancing to term 4
I0513 22:33:16.568480 869 tablet_service.cc:1286] Received RequestConsensusVote() RPC: tablet_id: "e1484634c50f45f28345fdc882a61cf5" candidate_uuid: "6fe2349260fd4c51a94a6bc60fa6043b" candidate_term: 3 candidate_status { last_received { term: 0 index: 0 } } ignore_live_leader: true dest_uuid: "75a5cb20b56443639cfe49c47274d76b"
I0513 22:33:16.568603 869 raft_consensus.cc:2886] T e1484634c50f45f28345fdc882a61cf5 P 75a5cb20b56443639cfe49c47274d76b [term 2 FOLLOWER]: Advancing to term 3
I0513 22:33:16.568574 942 tablet_service.cc:1286] Received RequestConsensusVote() RPC: tablet_id: "8002a0fb94514f77a8601f629424436e" candidate_uuid: "6fe2349260fd4c51a94a6bc60fa6043b" candidate_term: 3 candidate_status { last_received { term: 0 index: 0 } } ignore_live_leader: true dest_uuid: "fb91e39117a5489e85c5a494ee14bcc3"
I0513 22:33:16.568601 940 tablet_service.cc:1286] Received RequestConsensusVote() RPC: tablet_id: "9fa827071e4246508d2690d2c1fbef4f" candidate_uuid: "6fe2349260fd4c51a94a6bc60fa6043b" candidate_term: 3 candidate_status { last_received { term: 0 index: 0 } } ignore_live_leader: true dest_uuid: "fb91e39117a5489e85c5a494ee14bcc3"
I0513 22:33:16.568738 942 raft_consensus.cc:2886] T 8002a0fb94514f77a8601f629424436e P fb91e39117a5489e85c5a494ee14bcc3 [term 2 FOLLOWER]: Advancing to term 3
I0513 22:33:16.568771 940 raft_consensus.cc:2886] T 9fa827071e4246508d2690d2c1fbef4f P fb91e39117a5489e85c5a494ee14bcc3 [term 2 FOLLOWER]: Advancing to term 3
I0513 22:33:16.567785 809 leader_election.cc:296] T 8002a0fb94514f77a8601f629424436e P 6fe2349260fd4c51a94a6bc60fa6043b [CANDIDATE]: Term 3 election: Requested vote from peers 75a5cb20b56443639cfe49c47274d76b (127.0.116.130:35393), fb91e39117a5489e85c5a494ee14bcc3 (127.0.116.131:36837)
I0513 22:33:16.569553 809 tablet_service.cc:1403] Received Run Leader Election RPC: tablet_id: "c1cbbc2b2f22460aa0617e7a5c823a57" dest_uuid: "6fe2349260fd4c51a94a6bc60fa6043b" from {username='slave'} at 127.0.0.1:57614
I0513 22:33:16.571346 803 raft_consensus.cc:2886] T 7e57e922f3a84a2e99667b5eacf7c18e P 6fe2349260fd4c51a94a6bc60fa6043b [term 3 FOLLOWER]: Advancing to term 4
I0513 22:33:16.571990 939 raft_consensus.cc:2346] T 73f1725c5aa04760a9d5e43d09f66e9e P fb91e39117a5489e85c5a494ee14bcc3 [term 4 FOLLOWER]: Leader election vote request: Granting yes vote for candidate 6fe2349260fd4c51a94a6bc60fa6043b in term 4.
I0513 22:33:16.573313 806 raft_consensus.cc:494] T 3c141683c43f4fb78c4489e7904b28e8 P 6fe2349260fd4c51a94a6bc60fa6043b [term 2 FOLLOWER]: Starting forced leader election with config: opid_index: -1 OBSOLETE_local: false peers { permanent_uuid: "75a5cb20b56443639cfe49c47274d76b" member_type: VOTER last_known_addr { host: "127.0.116.130" port: 35393 } } peers { permanent_uuid: "6fe2349260fd4c51a94a6bc60fa6043b" member_type: VOTER last_known_addr { host: "127.0.116.129" port: 34317 } } peers { permanent_uuid: "fb91e39117a5489e85c5a494ee14bcc3" member_type: VOTER last_known_addr { host: "127.0.116.131" port: 36837 } }
I0513 22:33:16.571238 941 tablet_service.cc:1286] Received RequestConsensusVote() RPC: tablet_id: "a40718aa091247438d353d8c7739041e" candidate_uuid: "75a5cb20b56443639cfe49c47274d76b" candidate_term: 1 candidate_status { last_received { term: 0 index: 0 } } ignore_live_leader: false dest_uuid: "fb91e39117a5489e85c5a494ee14bcc3" is_pre_election: true
I0513 22:33:16.574156 871 raft_consensus.cc:2293] T 73f1725c5aa04760a9d5e43d09f66e9e P 75a5cb20b56443639cfe49c47274d76b [term 4 FOLLOWER]: Leader election vote request: Denying vote to candidate 6fe2349260fd4c51a94a6bc60fa6043b for term 4 because replica has last-logged OpId of term: 1 index: 1, which is greater than that of the candidate, which has last-logged OpId of term: 0 index: 0.
I0513 22:33:16.574154 806 leader_election.cc:296] T 3c141683c43f4fb78c4489e7904b28e8 P 6fe2349260fd4c51a94a6bc60fa6043b [CANDIDATE]: Term 2 election: Requested vote from peers 75a5cb20b56443639cfe49c47274d76b (127.0.116.130:35393), fb91e39117a5489e85c5a494ee14bcc3 (127.0.116.131:36837)
I0513 22:33:16.575644 875 tablet_service.cc:1286] Received RequestConsensusVote() RPC: tablet_id: "8002a0fb94514f77a8601f629424436e" candidate_uuid: "6fe2349260fd4c51a94a6bc60fa6043b" candidate_term: 3 candidate_status { last_received { term: 0 index: 0 } } ignore_live_leader: true dest_uuid: "75a5cb20b56443639cfe49c47274d76b"
I0513 22:33:16.575673 803 raft_consensus.cc:494] T 7e57e922f3a84a2e99667b5eacf7c18e P 6fe2349260fd4c51a94a6bc60fa6043b [term 4 FOLLOWER]: Starting forced leader election with config: opid_index: -1 OBSOLETE_local: false peers { permanent_uuid: "75a5cb20b56443639cfe49c47274d76b" member_type: VOTER last_known_addr { host: "127.0.116.130" port: 35393 } } peers { permanent_uuid: "6fe2349260fd4c51a94a6bc60fa6043b" member_type: VOTER last_known_addr { host: "127.0.116.129" port: 34317 } } peers { permanent_uuid: "fb91e39117a5489e85c5a494ee14bcc3" member_type: VOTER last_known_addr { host: "127.0.116.131" port: 36837 } }
I0513 22:33:16.575794 875 raft_consensus.cc:2886] T 8002a0fb94514f77a8601f629424436e P 75a5cb20b56443639cfe49c47274d76b [term 2 FOLLOWER]: Advancing to term 3
I0513 22:33:16.576238 869 raft_consensus.cc:2346] T e1484634c50f45f28345fdc882a61cf5 P 75a5cb20b56443639cfe49c47274d76b [term 3 FOLLOWER]: Leader election vote request: Granting yes vote for candidate 6fe2349260fd4c51a94a6bc60fa6043b in term 3.
I0513 22:33:16.576745 805 raft_consensus.cc:494] T 9fa827071e4246508d2690d2c1fbef4f P 6fe2349260fd4c51a94a6bc60fa6043b [term 4 FOLLOWER]: Starting forced leader election with config: opid_index: -1 OBSOLETE_local: false peers { permanent_uuid: "6fe2349260fd4c51a94a6bc60fa6043b" member_type: VOTER last_known_addr { host: "127.0.116.129" port: 34317 } } peers { permanent_uuid: "75a5cb20b56443639cfe49c47274d76b" member_type: VOTER last_known_addr { host: "127.0.116.130" port: 35393 } } peers { permanent_uuid: "fb91e39117a5489e85c5a494ee14bcc3" member_type: VOTER last_known_addr { host: "127.0.116.131" port: 36837 } }
I0513 22:33:16.577939 876 raft_consensus.cc:2886] T 9ce2cd8e3814425b86d4ef0b5309b05c P 75a5cb20b56443639cfe49c47274d76b [term 2 FOLLOWER]: Advancing to term 3
I0513 22:33:16.578418 870 raft_consensus.cc:2346] T 7e57e922f3a84a2e99667b5eacf7c18e P 75a5cb20b56443639cfe49c47274d76b [term 3 FOLLOWER]: Leader election vote request: Granting yes vote for candidate 6fe2349260fd4c51a94a6bc60fa6043b in term 3.
I0513 22:33:16.578410 807 raft_consensus.cc:494] T 01c2af1f12034771ba026a1fac9203df P 6fe2349260fd4c51a94a6bc60fa6043b [term 4 FOLLOWER]: Starting forced leader election with config: opid_index: -1 OBSOLETE_local: false peers { permanent_uuid: "75a5cb20b56443639cfe49c47274d76b" member_type: VOTER last_known_addr { host: "127.0.116.130" port: 35393 } } peers { permanent_uuid: "6fe2349260fd4c51a94a6bc60fa6043b" member_type: VOTER last_known_addr { host: "127.0.116.129" port: 34317 } } peers { permanent_uuid: "fb91e39117a5489e85c5a494ee14bcc3" member_type: VOTER last_known_addr { host: "127.0.116.131" port: 36837 } }
I0513 22:33:16.578830 802 tablet_service.cc:1403] Received Run Leader Election RPC: tablet_id: "9ce2cd8e3814425b86d4ef0b5309b05c" dest_uuid: "6fe2349260fd4c51a94a6bc60fa6043b" from {username='slave'} at 127.0.0.1:57614
I0513 22:33:16.579113 801 raft_consensus.cc:455] T a40718aa091247438d353d8c7739041e P 6fe2349260fd4c51a94a6bc60fa6043b [term 1 LEADER]: Not starting forced leader election -- already a leader
I0513 22:33:16.577415 1059 raft_consensus.cc:2603] T 9ce2cd8e3814425b86d4ef0b5309b05c P 6fe2349260fd4c51a94a6bc60fa6043b [term 3 FOLLOWER]: Leader election decision vote started in defunct term 2: won
I0513 22:33:16.579670 802 raft_consensus.cc:472] T 9ce2cd8e3814425b86d4ef0b5309b05c P 6fe2349260fd4c51a94a6bc60fa6043b [term 3 FOLLOWER]: Starting forced leader election (received explicit request)
I0513 22:33:16.580153 808 raft_consensus.cc:2307] T a40718aa091247438d353d8c7739041e P 6fe2349260fd4c51a94a6bc60fa6043b [term 1 LEADER]: Leader pre-election vote request: Denying vote to candidate 75a5cb20b56443639cfe49c47274d76b for term 1 because replica is either leader or believes a valid leader to be alive.
I0513 22:33:16.581472 801 tablet_service.cc:1403] Received Run Leader Election RPC: tablet_id: "3c141683c43f4fb78c4489e7904b28e8" dest_uuid: "6fe2349260fd4c51a94a6bc60fa6043b" from {username='slave'} at 127.0.0.1:57614
I0513 22:33:16.582011 800 raft_consensus.cc:2886] T 73f1725c5aa04760a9d5e43d09f66e9e P 6fe2349260fd4c51a94a6bc60fa6043b [term 4 FOLLOWER]: Advancing to term 5
I0513 22:33:16.582299 805 leader_election.cc:296] T 9fa827071e4246508d2690d2c1fbef4f P 6fe2349260fd4c51a94a6bc60fa6043b [CANDIDATE]: Term 4 election: Requested vote from peers 75a5cb20b56443639cfe49c47274d76b (127.0.116.130:35393), fb91e39117a5489e85c5a494ee14bcc3 (127.0.116.131:36837)
I0513 22:33:16.582495 1027 leader_election.cc:296] T a40718aa091247438d353d8c7739041e P 75a5cb20b56443639cfe49c47274d76b [CANDIDATE]: Term 1 pre-election: Requested pre-vote from peers 6fe2349260fd4c51a94a6bc60fa6043b (127.0.116.129:34317), fb91e39117a5489e85c5a494ee14bcc3 (127.0.116.131:36837)
I0513 22:33:16.583659 876 raft_consensus.cc:2346] T 9ce2cd8e3814425b86d4ef0b5309b05c P 75a5cb20b56443639cfe49c47274d76b [term 3 FOLLOWER]: Leader election vote request: Granting yes vote for candidate 6fe2349260fd4c51a94a6bc60fa6043b in term 3.
I0513 22:33:16.584264 808 tablet_service.cc:1403] Received Run Leader Election RPC: tablet_id: "a40718aa091247438d353d8c7739041e" dest_uuid: "6fe2349260fd4c51a94a6bc60fa6043b" from {username='slave'} at 127.0.0.1:57614
I0513 22:33:16.584365 1057 log.cc:990] T c1cbbc2b2f22460aa0617e7a5c823a57 P 6fe2349260fd4c51a94a6bc60fa6043b: Deleting WAL directory at /tmp/dist-test-taskxM53nH/test-tmp/delete_tablet-itest.0.DeleteTabletITest.TestLeaderElectionDuringDeleteTablet.1557786794576917-466/minicluster-data/ts-0-root/wals/c1cbbc2b2f22460aa0617e7a5c823a57
I0513 22:33:16.584528 938 raft_consensus.cc:2346] T 01c2af1f12034771ba026a1fac9203df P fb91e39117a5489e85c5a494ee14bcc3 [term 3 FOLLOWER]: Leader election vote request: Granting yes vote for candidate 6fe2349260fd4c51a94a6bc60fa6043b in term 3.
I0513 22:33:16.584774 773 leader_election.cc:310] T 73f1725c5aa04760a9d5e43d09f66e9e P 6fe2349260fd4c51a94a6bc60fa6043b [CANDIDATE]: Term 4 election: Election decided. Result: candidate won. Election summary: received 2 responses out of 3 voters: 2 yes votes; 0 no votes. yes voters: 6fe2349260fd4c51a94a6bc60fa6043b, fb91e39117a5489e85c5a494ee14bcc3; no voters:
I0513 22:33:16.584985 1057 ts_tablet_manager.cc:1411] T c1cbbc2b2f22460aa0617e7a5c823a57 P 6fe2349260fd4c51a94a6bc60fa6043b: Deleting consensus metadata
I0513 22:33:16.585690 773 leader_election.cc:310] T 01c2af1f12034771ba026a1fac9203df P 6fe2349260fd4c51a94a6bc60fa6043b [CANDIDATE]: Term 3 election: Election decided. Result: candidate won. Election summary: received 3 responses out of 3 voters: 2 yes votes; 1 no votes. yes voters: 6fe2349260fd4c51a94a6bc60fa6043b, fb91e39117a5489e85c5a494ee14bcc3; no voters: 75a5cb20b56443639cfe49c47274d76b
I0513 22:33:16.586051 808 raft_consensus.cc:455] T a40718aa091247438d353d8c7739041e P 6fe2349260fd4c51a94a6bc60fa6043b [term 1 LEADER]: Not starting forced leader election -- already a leader
I0513 22:33:16.586241 997 raft_consensus.cc:2588] T 3c141683c43f4fb78c4489e7904b28e8 P 6fe2349260fd4c51a94a6bc60fa6043b [term 2 FOLLOWER]: Leader election lost for term 1. Reason: could not achieve majority
I0513 22:33:16.586668 941 raft_consensus.cc:2276] T a40718aa091247438d353d8c7739041e P fb91e39117a5489e85c5a494ee14bcc3 [term 1 FOLLOWER]: Leader pre-election vote request: Denying vote to candidate 75a5cb20b56443639cfe49c47274d76b in current term 1: Already voted for candidate 6fe2349260fd4c51a94a6bc60fa6043b in this term.
I0513 22:33:16.585886 800 raft_consensus.cc:494] T 73f1725c5aa04760a9d5e43d09f66e9e P 6fe2349260fd4c51a94a6bc60fa6043b [term 5 FOLLOWER]: Starting forced leader election with config: opid_index: -1 OBSOLETE_local: false peers { permanent_uuid: "6fe2349260fd4c51a94a6bc60fa6043b" member_type: VOTER last_known_addr { host: "127.0.116.129" port: 34317 } } peers { permanent_uuid: "75a5cb20b56443639cfe49c47274d76b" member_type: VOTER last_known_addr { host: "127.0.116.130" port: 35393 } } peers { permanent_uuid: "fb91e39117a5489e85c5a494ee14bcc3" member_type: VOTER last_known_addr { host: "127.0.116.131" port: 36837 } }
I0513 22:33:16.586998 804 raft_consensus.cc:2886] T e1484634c50f45f28345fdc882a61cf5 P 6fe2349260fd4c51a94a6bc60fa6043b [term 3 FOLLOWER]: Advancing to term 4
I0513 22:33:16.587294 1059 raft_consensus.cc:2603] T 73f1725c5aa04760a9d5e43d09f66e9e P 6fe2349260fd4c51a94a6bc60fa6043b [term 5 FOLLOWER]: Leader election decision vote started in defunct term 4: won
I0513 22:33:16.587265 806 tablet_service.cc:1403] Received Run Leader Election RPC: tablet_id: "c1cbbc2b2f22460aa0617e7a5c823a57" dest_uuid: "6fe2349260fd4c51a94a6bc60fa6043b" from {username='slave'} at 127.0.0.1:57614
I0513 22:33:16.587255 938 tablet_service.cc:1286] Received RequestConsensusVote() RPC: tablet_id: "3c141683c43f4fb78c4489e7904b28e8" candidate_uuid: "6fe2349260fd4c51a94a6bc60fa6043b" candidate_term: 2 candidate_status { last_received { term: 0 index: 0 } } ignore_live_leader: true dest_uuid: "fb91e39117a5489e85c5a494ee14bcc3"
I0513 22:33:16.587518 1058 raft_consensus.cc:2603] T 01c2af1f12034771ba026a1fac9203df P 6fe2349260fd4c51a94a6bc60fa6043b [term 4 FOLLOWER]: Leader election decision vote started in defunct term 3: won
I0513 22:33:16.587656 941 tablet_service.cc:1286] Received RequestConsensusVote() RPC: tablet_id: "7e57e922f3a84a2e99667b5eacf7c18e" candidate_uuid: "6fe2349260fd4c51a94a6bc60fa6043b" candidate_term: 4 candidate_status { last_received { term: 0 index: 0 } } ignore_live_leader: true dest_uuid: "fb91e39117a5489e85c5a494ee14bcc3"
I0513 22:33:16.587630 939 tablet_service.cc:1286] Received RequestConsensusVote() RPC: tablet_id: "9fa827071e4246508d2690d2c1fbef4f" candidate_uuid: "6fe2349260fd4c51a94a6bc60fa6043b" candidate_term: 4 candidate_status { last_received { term: 0 index: 0 } } ignore_live_leader: true dest_uuid: "fb91e39117a5489e85c5a494ee14bcc3"
I0513 22:33:16.587846 941 raft_consensus.cc:2886] T 7e57e922f3a84a2e99667b5eacf7c18e P fb91e39117a5489e85c5a494ee14bcc3 [term 2 FOLLOWER]: Advancing to term 4
I0513 22:33:16.587949 808 tablet_service.cc:1403] Received Run Leader Election RPC: tablet_id: "a40718aa091247438d353d8c7739041e" dest_uuid: "6fe2349260fd4c51a94a6bc60fa6043b" from {username='slave'} at 127.0.0.1:57614
I0513 22:33:16.588294 943 raft_consensus.cc:2293] T e1484634c50f45f28345fdc882a61cf5 P fb91e39117a5489e85c5a494ee14bcc3 [term 3 FOLLOWER]: Leader election vote request: Denying vote to candidate 6fe2349260fd4c51a94a6bc60fa6043b for term 3 because replica has last-logged OpId of term: 1 index: 1, which is greater than that of the candidate, which has last-logged OpId of term: 0 index: 0.
I0513 22:33:16.588196 937 tablet_service.cc:1286] Received RequestConsensusVote() RPC: tablet_id: "01c2af1f12034771ba026a1fac9203df" candidate_uuid: "6fe2349260fd4c51a94a6bc60fa6043b" candidate_term: 4 candidate_status { last_received { term: 0 index: 0 } } ignore_live_leader: true dest_uuid: "fb91e39117a5489e85c5a494ee14bcc3"
I0513 22:33:16.589279 937 raft_consensus.cc:2886] T 01c2af1f12034771ba026a1fac9203df P fb91e39117a5489e85c5a494ee14bcc3 [term 3 FOLLOWER]: Advancing to term 4
I0513 22:33:16.589326 806 tablet_service.cc:1403] Received Run Leader Election RPC: tablet_id: "c1cbbc2b2f22460aa0617e7a5c823a57" dest_uuid: "6fe2349260fd4c51a94a6bc60fa6043b" from {username='slave'} at 127.0.0.1:57614
I0513 22:33:16.589664 799 tablet_service.cc:1057] Processing DeleteTablet for tablet 73f1725c5aa04760a9d5e43d09f66e9e with delete_type TABLET_DATA_DELETED from {username='slave'} at 127.0.0.1:57614
I0513 22:33:16.589581 943 tablet_service.cc:1286] Received RequestConsensusVote() RPC: tablet_id: "73f1725c5aa04760a9d5e43d09f66e9e" candidate_uuid: "6fe2349260fd4c51a94a6bc60fa6043b" candidate_term: 5 candidate_status { last_received { term: 0 index: 0 } } ignore_live_leader: true dest_uuid: "fb91e39117a5489e85c5a494ee14bcc3"
I0513 22:33:16.590821 803 leader_election.cc:296] T 7e57e922f3a84a2e99667b5eacf7c18e P 6fe2349260fd4c51a94a6bc60fa6043b [CANDIDATE]: Term 4 election: Requested vote from peers 75a5cb20b56443639cfe49c47274d76b (127.0.116.130:35393), fb91e39117a5489e85c5a494ee14bcc3 (127.0.116.131:36837)
I0513 22:33:16.590859 802 raft_consensus.cc:2886] T 9ce2cd8e3814425b86d4ef0b5309b05c P 6fe2349260fd4c51a94a6bc60fa6043b [term 3 FOLLOWER]: Advancing to term 4
I0513 22:33:16.591739 942 raft_consensus.cc:2346] T 8002a0fb94514f77a8601f629424436e P fb91e39117a5489e85c5a494ee14bcc3 [term 3 FOLLOWER]: Leader election vote request: Granting yes vote for candidate 6fe2349260fd4c51a94a6bc60fa6043b in term 3.
I0513 22:33:16.591796 941 raft_consensus.cc:2293] T 7e57e922f3a84a2e99667b5eacf7c18e P fb91e39117a5489e85c5a494ee14bcc3 [term 4 FOLLOWER]: Leader election vote request: Denying vote to candidate 6fe2349260fd4c51a94a6bc60fa6043b for term 4 because replica has last-logged OpId of term: 1 index: 1, which is greater than that of the candidate, which has last-logged OpId of term: 0 index: 0.
I0513 22:33:16.592167 807 leader_election.cc:296] T 01c2af1f12034771ba026a1fac9203df P 6fe2349260fd4c51a94a6bc60fa6043b [CANDIDATE]: Term 4 election: Requested vote from peers 75a5cb20b56443639cfe49c47274d76b (127.0.116.130:35393), fb91e39117a5489e85c5a494ee14bcc3 (127.0.116.131:36837)
I0513 22:33:16.592186 773 leader_election.cc:310] T 8002a0fb94514f77a8601f629424436e P 6fe2349260fd4c51a94a6bc60fa6043b [CANDIDATE]: Term 3 election: Election decided. Result: candidate won. Election summary: received 2 responses out of 3 voters: 2 yes votes; 0 no votes. yes voters: 6fe2349260fd4c51a94a6bc60fa6043b, fb91e39117a5489e85c5a494ee14bcc3; no voters:
I0513 22:33:16.592602 937 raft_consensus.cc:2346] T 01c2af1f12034771ba026a1fac9203df P fb91e39117a5489e85c5a494ee14bcc3 [term 4 FOLLOWER]: Leader election vote request: Granting yes vote for candidate 6fe2349260fd4c51a94a6bc60fa6043b in term 4.
I0513 22:33:16.592869 940 raft_consensus.cc:2293] T 9fa827071e4246508d2690d2c1fbef4f P fb91e39117a5489e85c5a494ee14bcc3 [term 3 FOLLOWER]: Leader election vote request: Denying vote to candidate 6fe2349260fd4c51a94a6bc60fa6043b for term 3 because replica has last-logged OpId of term: 1 index: 1, which is greater than that of the candidate, which has last-logged OpId of term: 0 index: 0.
I0513 22:33:16.592924 773 leader_election.cc:310] T 01c2af1f12034771ba026a1fac9203df P 6fe2349260fd4c51a94a6bc60fa6043b [CANDIDATE]: Term 4 election: Election decided. Result: candidate won. Election summary: received 2 responses out of 3 voters: 2 yes votes; 0 no votes. yes voters: 6fe2349260fd4c51a94a6bc60fa6043b, fb91e39117a5489e85c5a494ee14bcc3; no voters:
I0513 22:33:16.593250 939 raft_consensus.cc:2321] T 9fa827071e4246508d2690d2c1fbef4f P fb91e39117a5489e85c5a494ee14bcc3 [term 3 FOLLOWER]: Leader election vote request: Denying vote to candidate 6fe2349260fd4c51a94a6bc60fa6043b for term 4 because replica is already servicing an update from a current leader or another vote.
I0513 22:33:16.593700 801 raft_consensus.cc:472] T 3c141683c43f4fb78c4489e7904b28e8 P 6fe2349260fd4c51a94a6bc60fa6043b [term 2 FOLLOWER]: Starting forced leader election (received explicit request)
I0513 22:33:16.593792 801 raft_consensus.cc:2886] T 3c141683c43f4fb78c4489e7904b28e8 P 6fe2349260fd4c51a94a6bc60fa6043b [term 2 FOLLOWER]: Advancing to term 3
I0513 22:33:16.593839 803 tablet_service.cc:1403] Received Run Leader Election RPC: tablet_id: "01c2af1f12034771ba026a1fac9203df" dest_uuid: "6fe2349260fd4c51a94a6bc60fa6043b" from {username='slave'} at 127.0.0.1:57614
I0513 22:33:16.594267 841 leader_election.cc:310] T a40718aa091247438d353d8c7739041e P 75a5cb20b56443639cfe49c47274d76b [CANDIDATE]: Term 1 pre-election: Election decided. Result: candidate lost. Election summary: received 3 responses out of 3 voters: 1 yes votes; 2 no votes. yes voters: 75a5cb20b56443639cfe49c47274d76b; no voters: 6fe2349260fd4c51a94a6bc60fa6043b, fb91e39117a5489e85c5a494ee14bcc3
I0513 22:33:16.594704 1027 raft_consensus.cc:2886] T a40718aa091247438d353d8c7739041e P 75a5cb20b56443639cfe49c47274d76b [term 0 FOLLOWER]: Advancing to term 1
I0513 22:33:16.594579 804 raft_consensus.cc:494] T e1484634c50f45f28345fdc882a61cf5 P 6fe2349260fd4c51a94a6bc60fa6043b [term 4 FOLLOWER]: Starting forced leader election with config: opid_index: -1 OBSOLETE_local: false peers { permanent_uuid: "6fe2349260fd4c51a94a6bc60fa6043b" member_type: VOTER last_known_addr { host: "127.0.116.129" port: 34317 } } peers { permanent_uuid: "75a5cb20b56443639cfe49c47274d76b" member_type: VOTER last_known_addr { host: "127.0.116.130" port: 35393 } } peers { permanent_uuid: "fb91e39117a5489e85c5a494ee14bcc3" member_type: VOTER last_known_addr { host: "127.0.116.131" port: 36837 } }
I0513 22:33:16.594846 802 raft_consensus.cc:494] T 9ce2cd8e3814425b86d4ef0b5309b05c P 6fe2349260fd4c51a94a6bc60fa6043b [term 4 FOLLOWER]: Starting forced leader election with config: opid_index: -1 OBSOLETE_local: false peers { permanent_uuid: "6fe2349260fd4c51a94a6bc60fa6043b" member_type: VOTER last_known_addr { host: "127.0.116.129" port: 34317 } } peers { permanent_uuid: "75a5cb20b56443639cfe49c47274d76b" member_type: VOTER last_known_addr { host: "127.0.116.130" port: 35393 } } peers { permanent_uuid: "fb91e39117a5489e85c5a494ee14bcc3" member_type: VOTER last_known_addr { host: "127.0.116.131" port: 36837 } }
I0513 22:33:16.595099 938 raft_consensus.cc:2881] T 3c141683c43f4fb78c4489e7904b28e8 P fb91e39117a5489e85c5a494ee14bcc3 [term 1 LEADER]: Stepping down as leader of term 1
I0513 22:33:16.595180 938 raft_consensus.cc:705] T 3c141683c43f4fb78c4489e7904b28e8 P fb91e39117a5489e85c5a494ee14bcc3 [term 1 LEADER]: Becoming Follower/Learner. State: Replica: fb91e39117a5489e85c5a494ee14bcc3, State: Running, Role: LEADER
I0513 22:33:16.595443 802 leader_election.cc:296] T 9ce2cd8e3814425b86d4ef0b5309b05c P 6fe2349260fd4c51a94a6bc60fa6043b [CANDIDATE]: Term 4 election: Requested vote from peers 75a5cb20b56443639cfe49c47274d76b (127.0.116.130:35393), fb91e39117a5489e85c5a494ee14bcc3 (127.0.116.131:36837)
I0513 22:33:16.595522 938 consensus_queue.cc:229] T 3c141683c43f4fb78c4489e7904b28e8 P fb91e39117a5489e85c5a494ee14bcc3 [NON_LEADER]: Queue going to NON_LEADER mode. State: All replicated index: 0, Majority replicated index: 0, Committed index: 0, Last appended: 1.1, Last appended by leader: 1, Current term: 1, Majority size: -1, State: 0, Mode: NON_LEADER, active raft config: opid_index: -1 OBSOLETE_local: false peers { permanent_uuid: "75a5cb20b56443639cfe49c47274d76b" member_type: VOTER last_known_addr { host: "127.0.116.130" port: 35393 } } peers { permanent_uuid: "6fe2349260fd4c51a94a6bc60fa6043b" member_type: VOTER last_known_addr { host: "127.0.116.129" port: 34317 } } peers { permanent_uuid: "fb91e39117a5489e85c5a494ee14bcc3" member_type: VOTER last_known_addr { host: "127.0.116.131" port: 36837 } }
I0513 22:33:16.596767 938 raft_consensus.cc:2886] T 3c141683c43f4fb78c4489e7904b28e8 P fb91e39117a5489e85c5a494ee14bcc3 [term 1 FOLLOWER]: Advancing to term 2
I0513 22:33:16.597295 772 leader_election.cc:310] T 9fa827071e4246508d2690d2c1fbef4f P 6fe2349260fd4c51a94a6bc60fa6043b [CANDIDATE]: Term 3 election: Election decided. Result: candidate won. Election summary: received 2 responses out of 3 voters: 2 yes votes; 0 no votes. yes voters: 6fe2349260fd4c51a94a6bc60fa6043b, 75a5cb20b56443639cfe49c47274d76b; no voters:
I0513 22:33:16.596441 802 tablet_service.cc:1403] Received Run Leader Election RPC: tablet_id: "9ce2cd8e3814425b86d4ef0b5309b05c" dest_uuid: "6fe2349260fd4c51a94a6bc60fa6043b" from {username='slave'} at 127.0.0.1:57614
I0513 22:33:16.597980 1027 raft_consensus.cc:2588] T a40718aa091247438d353d8c7739041e P 75a5cb20b56443639cfe49c47274d76b [term 1 FOLLOWER]: Leader pre-election lost for term 1. Reason: could not achieve majority
I0513 22:33:16.596599 807 tablet_service.cc:1403] Received Run Leader Election RPC: tablet_id: "7e57e922f3a84a2e99667b5eacf7c18e" dest_uuid: "6fe2349260fd4c51a94a6bc60fa6043b" from {username='slave'} at 127.0.0.1:57614
I0513 22:33:16.598704 939 tablet_service.cc:1286] Received RequestConsensusVote() RPC: tablet_id: "9ce2cd8e3814425b86d4ef0b5309b05c" candidate_uuid: "6fe2349260fd4c51a94a6bc60fa6043b" candidate_term: 4 candidate_status { last_received { term: 0 index: 0 } } ignore_live_leader: true dest_uuid: "fb91e39117a5489e85c5a494ee14bcc3"
I0513 22:33:16.599079 808 raft_consensus.cc:455] T a40718aa091247438d353d8c7739041e P 6fe2349260fd4c51a94a6bc60fa6043b [term 1 LEADER]: Not starting forced leader election -- already a leader
I0513 22:33:16.599046 940 tablet_service.cc:1286] Received RequestConsensusVote() RPC: tablet_id: "e1484634c50f45f28345fdc882a61cf5" candidate_uuid: "6fe2349260fd4c51a94a6bc60fa6043b" candidate_term: 4 candidate_status { last_received { term: 0 index: 0 } } ignore_live_leader: true dest_uuid: "fb91e39117a5489e85c5a494ee14bcc3"
I0513 22:33:16.599364 997 raft_consensus.cc:2603] T 9fa827071e4246508d2690d2c1fbef4f P 6fe2349260fd4c51a94a6bc60fa6043b [term 4 FOLLOWER]: Leader election decision vote started in defunct term 3: won
I0513 22:33:16.599894 772 leader_election.cc:310] T e1484634c50f45f28345fdc882a61cf5 P 6fe2349260fd4c51a94a6bc60fa6043b [CANDIDATE]: Term 3 election: Election decided. Result: candidate won. Election summary: received 3 responses out of 3 voters: 2 yes votes; 1 no votes. yes voters: 6fe2349260fd4c51a94a6bc60fa6043b, 75a5cb20b56443639cfe49c47274d76b; no voters: fb91e39117a5489e85c5a494ee14bcc3
I0513 22:33:16.600476 808 tablet_service.cc:1403] Received Run Leader Election RPC: tablet_id: "a40718aa091247438d353d8c7739041e" dest_uuid: "6fe2349260fd4c51a94a6bc60fa6043b" from {username='slave'} at 127.0.0.1:57614
I0513 22:33:16.600744 807 raft_consensus.cc:472] T 7e57e922f3a84a2e99667b5eacf7c18e P 6fe2349260fd4c51a94a6bc60fa6043b [term 4 FOLLOWER]: Starting forced leader election (received explicit request)
I0513 22:33:16.600924 807 raft_consensus.cc:2886] T 7e57e922f3a84a2e99667b5eacf7c18e P 6fe2349260fd4c51a94a6bc60fa6043b [term 4 FOLLOWER]: Advancing to term 5
I0513 22:33:16.600915 876 tablet_service.cc:1286] Received RequestConsensusVote() RPC: tablet_id: "3c141683c43f4fb78c4489e7904b28e8" candidate_uuid: "6fe2349260fd4c51a94a6bc60fa6043b" candidate_term: 2 candidate_status { last_received { term: 0 index: 0 } } ignore_live_leader: true dest_uuid: "75a5cb20b56443639cfe49c47274d76b"
I0513 22:33:16.600994 943 raft_consensus.cc:2886] T 73f1725c5aa04760a9d5e43d09f66e9e P fb91e39117a5489e85c5a494ee14bcc3 [term 4 FOLLOWER]: Advancing to term 5
I0513 22:33:16.601122 875 raft_consensus.cc:2293] T 8002a0fb94514f77a8601f629424436e P 75a5cb20b56443639cfe49c47274d76b [term 3 FOLLOWER]: Leader election vote request: Denying vote to candidate 6fe2349260fd4c51a94a6bc60fa6043b for term 3 because replica has last-logged OpId of term: 1 index: 1, which is greater than that of the candidate, which has last-logged OpId of term: 0 index: 0.
I0513 22:33:16.601342 876 raft_consensus.cc:2886] T 3c141683c43f4fb78c4489e7904b28e8 P 75a5cb20b56443639cfe49c47274d76b [term 1 FOLLOWER]: Advancing to term 2
I0513 22:33:16.601030 806 tablet_service.cc:1403] Received Run Leader Election RPC: tablet_id: "c1cbbc2b2f22460aa0617e7a5c823a57" dest_uuid: "6fe2349260fd4c51a94a6bc60fa6043b" from {username='slave'} at 127.0.0.1:57614
I0513 22:33:16.601701 872 tablet_service.cc:1286] Received RequestConsensusVote() RPC: tablet_id: "9ce2cd8e3814425b86d4ef0b5309b05c" candidate_uuid: "6fe2349260fd4c51a94a6bc60fa6043b" candidate_term: 4 candidate_status { last_received { term: 0 index: 0 } } ignore_live_leader: true dest_uuid: "75a5cb20b56443639cfe49c47274d76b"
I0513 22:33:16.602048 772 leader_election.cc:310] T 7e57e922f3a84a2e99667b5eacf7c18e P 6fe2349260fd4c51a94a6bc60fa6043b [CANDIDATE]: Term 3 election: Election decided. Result: candidate won. Election summary: received 3 responses out of 3 voters: 2 yes votes; 1 no votes. yes voters: 6fe2349260fd4c51a94a6bc60fa6043b, 75a5cb20b56443639cfe49c47274d76b; no voters: fb91e39117a5489e85c5a494ee14bcc3
I0513 22:33:16.602030 875 tablet_service.cc:1286] Received RequestConsensusVote() RPC: tablet_id: "73f1725c5aa04760a9d5e43d09f66e9e" candidate_uuid: "6fe2349260fd4c51a94a6bc60fa6043b" candidate_term: 5 candidate_status { last_received { term: 0 index: 0 } } ignore_live_leader: true dest_uuid: "75a5cb20b56443639cfe49c47274d76b"
I0513 22:33:16.602039 871 tablet_service.cc:1286] Received RequestConsensusVote() RPC: tablet_id: "01c2af1f12034771ba026a1fac9203df" candidate_uuid: "6fe2349260fd4c51a94a6bc60fa6043b" candidate_term: 4 candidate_status { last_received { term: 0 index: 0 } } ignore_live_leader: true dest_uuid: "75a5cb20b56443639cfe49c47274d76b"
I0513 22:33:16.602531 871 raft_consensus.cc:2886] T 01c2af1f12034771ba026a1fac9203df P 75a5cb20b56443639cfe49c47274d76b [term 3 FOLLOWER]: Advancing to term 4
I0513 22:33:16.602511 806 tablet_service.cc:1403] Received Run Leader Election RPC: tablet_id: "c1cbbc2b2f22460aa0617e7a5c823a57" dest_uuid: "6fe2349260fd4c51a94a6bc60fa6043b" from {username='slave'} at 127.0.0.1:57614
I0513 22:33:16.602599 772 leader_election.cc:310] T 9ce2cd8e3814425b86d4ef0b5309b05c P 6fe2349260fd4c51a94a6bc60fa6043b [CANDIDATE]: Term 3 election: Election decided. Result: candidate won. Election summary: received 2 responses out of 3 voters: 2 yes votes; 0 no votes. yes voters: 6fe2349260fd4c51a94a6bc60fa6043b, 75a5cb20b56443639cfe49c47274d76b; no voters:
I0513 22:33:16.602931 869 tablet_service.cc:1286] Received RequestConsensusVote() RPC: tablet_id: "9fa827071e4246508d2690d2c1fbef4f" candidate_uuid: "6fe2349260fd4c51a94a6bc60fa6043b" candidate_term: 4 candidate_status { last_received { term: 0 index: 0 } } ignore_live_leader: true dest_uuid: "75a5cb20b56443639cfe49c47274d76b"
I0513 22:33:16.603018 872 raft_consensus.cc:2886] T 9ce2cd8e3814425b86d4ef0b5309b05c P 75a5cb20b56443639cfe49c47274d76b [term 3 FOLLOWER]: Advancing to term 4
I0513 22:33:16.601884 873 tablet_service.cc:1286] Received RequestConsensusVote() RPC: tablet_id: "e1484634c50f45f28345fdc882a61cf5" candidate_uuid: "6fe2349260fd4c51a94a6bc60fa6043b" candidate_term: 4 candidate_status { last_received { term: 0 index: 0 } } ignore_live_leader: true dest_uuid: "75a5cb20b56443639cfe49c47274d76b"
I0513 22:33:16.603332 873 raft_consensus.cc:2886] T e1484634c50f45f28345fdc882a61cf5 P 75a5cb20b56443639cfe49c47274d76b [term 3 FOLLOWER]: Advancing to term 4
I0513 22:33:16.605554 804 leader_election.cc:296] T e1484634c50f45f28345fdc882a61cf5 P 6fe2349260fd4c51a94a6bc60fa6043b [CANDIDATE]: Term 4 election: Requested vote from peers 75a5cb20b56443639cfe49c47274d76b (127.0.116.130:35393), fb91e39117a5489e85c5a494ee14bcc3 (127.0.116.131:36837)
I0513 22:33:16.605576 944 tablet_service.cc:1286] Received RequestConsensusVote() RPC: tablet_id: "9ce2cd8e3814425b86d4ef0b5309b05c" candidate_uuid: "6fe2349260fd4c51a94a6bc60fa6043b" candidate_term: 3 candidate_status { last_received { term: 0 index: 0 } } ignore_live_leader: true dest_uuid: "fb91e39117a5489e85c5a494ee14bcc3"
I0513 22:33:16.605916 873 raft_consensus.cc:2346] T e1484634c50f45f28345fdc882a61cf5 P 75a5cb20b56443639cfe49c47274d76b [term 4 FOLLOWER]: Leader election vote request: Granting yes vote for candidate 6fe2349260fd4c51a94a6bc60fa6043b in term 4.
I0513 22:33:16.605357 809 tablet_service.cc:1403] Received Run Leader Election RPC: tablet_id: "8002a0fb94514f77a8601f629424436e" dest_uuid: "6fe2349260fd4c51a94a6bc60fa6043b" from {username='slave'} at 127.0.0.1:57614
I0513 22:33:16.606338 872 raft_consensus.cc:2346] T 9ce2cd8e3814425b86d4ef0b5309b05c P 75a5cb20b56443639cfe49c47274d76b [term 4 FOLLOWER]: Leader election vote request: Granting yes vote for candidate 6fe2349260fd4c51a94a6bc60fa6043b in term 4.
I0513 22:33:16.606895 800 leader_election.cc:296] T 73f1725c5aa04760a9d5e43d09f66e9e P 6fe2349260fd4c51a94a6bc60fa6043b [CANDIDATE]: Term 5 election: Requested vote from peers 75a5cb20b56443639cfe49c47274d76b (127.0.116.130:35393), fb91e39117a5489e85c5a494ee14bcc3 (127.0.116.131:36837)
I0513 22:33:16.606493 804 tablet_service.cc:1403] Received Run Leader Election RPC: tablet_id: "e1484634c50f45f28345fdc882a61cf5" dest_uuid: "6fe2349260fd4c51a94a6bc60fa6043b" from {username='slave'} at 127.0.0.1:57614
I0513 22:33:16.607623 871 raft_consensus.cc:2293] T 01c2af1f12034771ba026a1fac9203df P 75a5cb20b56443639cfe49c47274d76b [term 4 FOLLOWER]: Leader election vote request: Denying vote to candidate 6fe2349260fd4c51a94a6bc60fa6043b for term 4 because replica has last-logged OpId of term: 1 index: 1, which is greater than that of the candidate, which has last-logged OpId of term: 0 index: 0.
I0513 22:33:16.607628 800 tablet_service.cc:1403] Received Run Leader Election RPC: tablet_id: "73f1725c5aa04760a9d5e43d09f66e9e" dest_uuid: "6fe2349260fd4c51a94a6bc60fa6043b" from {username='slave'} at 127.0.0.1:57614
I0513 22:33:16.608348 939 raft_consensus.cc:2886] T 9ce2cd8e3814425b86d4ef0b5309b05c P fb91e39117a5489e85c5a494ee14bcc3 [term 2 FOLLOWER]: Advancing to term 4
I0513 22:33:16.608356 876 raft_consensus.cc:2346] T 3c141683c43f4fb78c4489e7904b28e8 P 75a5cb20b56443639cfe49c47274d76b [term 2 FOLLOWER]: Leader election vote request: Granting yes vote for candidate 6fe2349260fd4c51a94a6bc60fa6043b in term 2.
I0513 22:33:16.608528 997 raft_consensus.cc:2603] T e1484634c50f45f28345fdc882a61cf5 P 6fe2349260fd4c51a94a6bc60fa6043b [term 4 FOLLOWER]: Leader election decision vote started in defunct term 3: won
I0513 22:33:16.608649 938 raft_consensus.cc:2293] T 3c141683c43f4fb78c4489e7904b28e8 P fb91e39117a5489e85c5a494ee14bcc3 [term 2 FOLLOWER]: Leader election vote request: Denying vote to candidate 6fe2349260fd4c51a94a6bc60fa6043b for term 2 because replica has last-logged OpId of term: 1 index: 1, which is greater than that of the candidate, which has last-logged OpId of term: 0 index: 0.
I0513 22:33:16.609216 943 raft_consensus.cc:2346] T 73f1725c5aa04760a9d5e43d09f66e9e P fb91e39117a5489e85c5a494ee14bcc3 [term 5 FOLLOWER]: Leader election vote request: Granting yes vote for candidate 6fe2349260fd4c51a94a6bc60fa6043b in term 5.
I0513 22:33:16.609553 773 leader_election.cc:310] T 73f1725c5aa04760a9d5e43d09f66e9e P 6fe2349260fd4c51a94a6bc60fa6043b [CANDIDATE]: Term 5 election: Election decided. Result: candidate won. Election summary: received 2 responses out of 3 voters: 2 yes votes; 0 no votes. yes voters: 6fe2349260fd4c51a94a6bc60fa6043b, fb91e39117a5489e85c5a494ee14bcc3; no voters:
I0513 22:33:16.609836 997 raft_consensus.cc:2640] T 73f1725c5aa04760a9d5e43d09f66e9e P 6fe2349260fd4c51a94a6bc60fa6043b [term 5 FOLLOWER]: Leader election won for term 5
I0513 22:33:16.610049 939 raft_consensus.cc:2293] T 9ce2cd8e3814425b86d4ef0b5309b05c P fb91e39117a5489e85c5a494ee14bcc3 [term 4 FOLLOWER]: Leader election vote request: Denying vote to candidate 6fe2349260fd4c51a94a6bc60fa6043b for term 4 because replica has last-logged OpId of term: 1 index: 1, which is greater than that of the candidate, which has last-logged OpId of term: 0 index: 0.
I0513 22:33:16.610376 808 raft_consensus.cc:455] T a40718aa091247438d353d8c7739041e P 6fe2349260fd4c51a94a6bc60fa6043b [term 1 LEADER]: Not starting forced leader election -- already a leader
I0513 22:33:16.610237 997 raft_consensus.cc:667] T 73f1725c5aa04760a9d5e43d09f66e9e P 6fe2349260fd4c51a94a6bc60fa6043b [term 5 LEADER]: Becoming Leader. State: Replica: 6fe2349260fd4c51a94a6bc60fa6043b, State: Running, Role: LEADER
I0513 22:33:16.610497 944 raft_consensus.cc:2321] T 9ce2cd8e3814425b86d4ef0b5309b05c P fb91e39117a5489e85c5a494ee14bcc3 [term 4 FOLLOWER]: Leader election vote request: Denying vote to candidate 6fe2349260fd4c51a94a6bc60fa6043b for term 3 because replica is already servicing an update from a current leader or another vote.
I0513 22:33:16.610746 805 tablet_service.cc:1403] Received Run Leader Election RPC: tablet_id: "9fa827071e4246508d2690d2c1fbef4f" dest_uuid: "6fe2349260fd4c51a94a6bc60fa6043b" from {username='slave'} at 127.0.0.1:57614
I0513 22:33:16.610744 997 consensus_queue.cc:206] T 73f1725c5aa04760a9d5e43d09f66e9e P 6fe2349260fd4c51a94a6bc60fa6043b [LEADER]: Queue going to LEADER mode. State: All replicated index: 0, Majority replicated index: 0, Committed index: 0, Last appended: 0.0, Last appended by leader: 0, Current term: 5, Majority size: 2, State: 0, Mode: LEADER, active raft config: opid_index: -1 OBSOLETE_local: false peers { permanent_uuid: "6fe2349260fd4c51a94a6bc60fa6043b" member_type: VOTER last_known_addr { host: "127.0.116.129" port: 34317 } } peers { permanent_uuid: "75a5cb20b56443639cfe49c47274d76b" member_type: VOTER last_known_addr { host: "127.0.116.130" port: 35393 } } peers { permanent_uuid: "fb91e39117a5489e85c5a494ee14bcc3" member_type: VOTER last_known_addr { host: "127.0.116.131" port: 36837 } }
I0513 22:33:16.611920 805 raft_consensus.cc:472] T 9fa827071e4246508d2690d2c1fbef4f P 6fe2349260fd4c51a94a6bc60fa6043b [term 4 FOLLOWER]: Starting forced leader election (received explicit request)
I0513 22:33:16.611922 808 tablet_service.cc:1403] Received Run Leader Election RPC: tablet_id: "a40718aa091247438d353d8c7739041e" dest_uuid: "6fe2349260fd4c51a94a6bc60fa6043b" from {username='slave'} at 127.0.0.1:57614
W0513 22:33:16.611901 773 leader_election.cc:405] T 9ce2cd8e3814425b86d4ef0b5309b05c P 6fe2349260fd4c51a94a6bc60fa6043b [CANDIDATE]: Term 3 election: Vote denied by peer fb91e39117a5489e85c5a494ee14bcc3 (127.0.116.131:36837) with higher term. Message: Service unavailable: T 9ce2cd8e3814425b86d4ef0b5309b05c P fb91e39117a5489e85c5a494ee14bcc3 [term 4 FOLLOWER]: Leader election vote request: Denying vote to candidate 6fe2349260fd4c51a94a6bc60fa6043b for term 3 because replica is already servicing an update from a current leader or another vote.
I0513 22:33:16.612841 1059 raft_consensus.cc:2640] T 8002a0fb94514f77a8601f629424436e P 6fe2349260fd4c51a94a6bc60fa6043b [term 3 FOLLOWER]: Leader election won for term 3
I0513 22:33:16.616057 870 tablet_service.cc:1286] Received RequestConsensusVote() RPC: tablet_id: "7e57e922f3a84a2e99667b5eacf7c18e" candidate_uuid: "6fe2349260fd4c51a94a6bc60fa6043b" candidate_term: 4 candidate_status { last_received { term: 0 index: 0 } } ignore_live_leader: true dest_uuid: "75a5cb20b56443639cfe49c47274d76b"
I0513 22:33:16.616062 1059 raft_consensus.cc:667] T 8002a0fb94514f77a8601f629424436e P 6fe2349260fd4c51a94a6bc60fa6043b [term 3 LEADER]: Becoming Leader. State: Replica: 6fe2349260fd4c51a94a6bc60fa6043b, State: Running, Role: LEADER
I0513 22:33:16.616312 870 raft_consensus.cc:2886] T 7e57e922f3a84a2e99667b5eacf7c18e P 75a5cb20b56443639cfe49c47274d76b [term 3 FOLLOWER]: Advancing to term 4
I0513 22:33:16.616314 875 raft_consensus.cc:2886] T 73f1725c5aa04760a9d5e43d09f66e9e P 75a5cb20b56443639cfe49c47274d76b [term 4 FOLLOWER]: Advancing to term 5
I0513 22:33:16.616380 806 tablet_service.cc:1403] Received Run Leader Election RPC: tablet_id: "c1cbbc2b2f22460aa0617e7a5c823a57" dest_uuid: "6fe2349260fd4c51a94a6bc60fa6043b" from {username='slave'} at 127.0.0.1:57614
I0513 22:33:16.616309 869 raft_consensus.cc:2886] T 9fa827071e4246508d2690d2c1fbef4f P 75a5cb20b56443639cfe49c47274d76b [term 3 FOLLOWER]: Advancing to term 4
I0513 22:33:16.617583 802 raft_consensus.cc:472] T 9ce2cd8e3814425b86d4ef0b5309b05c P 6fe2349260fd4c51a94a6bc60fa6043b [term 4 FOLLOWER]: Starting forced leader election (received explicit request)
I0513 22:33:16.617664 802 raft_consensus.cc:2886] T 9ce2cd8e3814425b86d4ef0b5309b05c P 6fe2349260fd4c51a94a6bc60fa6043b [term 4 FOLLOWER]: Advancing to term 5
I0513 22:33:16.617563 801 raft_consensus.cc:494] T 3c141683c43f4fb78c4489e7904b28e8 P 6fe2349260fd4c51a94a6bc60fa6043b [term 3 FOLLOWER]: Starting forced leader election with config: opid_index: -1 OBSOLETE_local: false peers { permanent_uuid: "75a5cb20b56443639cfe49c47274d76b" member_type: VOTER last_known_addr { host: "127.0.116.130" port: 35393 } } peers { permanent_uuid: "6fe2349260fd4c51a94a6bc60fa6043b" member_type: VOTER last_known_addr { host: "127.0.116.129" port: 34317 } } peers { permanent_uuid: "fb91e39117a5489e85c5a494ee14bcc3" member_type: VOTER last_known_addr { host: "127.0.116.131" port: 36837 } }
I0513 22:33:16.618358 801 leader_election.cc:296] T 3c141683c43f4fb78c4489e7904b28e8 P 6fe2349260fd4c51a94a6bc60fa6043b [CANDIDATE]: Term 3 election: Requested vote from peers 75a5cb20b56443639cfe49c47274d76b (127.0.116.130:35393), fb91e39117a5489e85c5a494ee14bcc3 (127.0.116.131:36837)
I0513 22:33:16.619400 1058 raft_consensus.cc:2640] T 01c2af1f12034771ba026a1fac9203df P 6fe2349260fd4c51a94a6bc60fa6043b [term 4 FOLLOWER]: Leader election won for term 4
I0513 22:33:16.616516 1059 consensus_queue.cc:206] T 8002a0fb94514f77a8601f629424436e P 6fe2349260fd4c51a94a6bc60fa6043b [LEADER]: Queue going to LEADER mode. State: All replicated index: 0, Majority replicated index: 0, Committed index: 0, Last appended: 0.0, Last appended by leader: 0, Current term: 3, Majority size: 2, State: 0, Mode: LEADER, active raft config: opid_index: -1 OBSOLETE_local: false peers { permanent_uuid: "6fe2349260fd4c51a94a6bc60fa6043b" member_type: VOTER last_known_addr { host: "127.0.116.129" port: 34317 } } peers { permanent_uuid: "75a5cb20b56443639cfe49c47274d76b" member_type: VOTER last_known_addr { host: "127.0.116.130" port: 35393 } } peers { permanent_uuid: "fb91e39117a5489e85c5a494ee14bcc3" member_type: VOTER last_known_addr { host: "127.0.116.131" port: 36837 } }
I0513 22:33:16.619812 772 leader_election.cc:310] T e1484634c50f45f28345fdc882a61cf5 P 6fe2349260fd4c51a94a6bc60fa6043b [CANDIDATE]: Term 4 election: Election decided. Result: candidate won. Election summary: received 2 responses out of 3 voters: 2 yes votes; 0 no votes. yes voters: 6fe2349260fd4c51a94a6bc60fa6043b, 75a5cb20b56443639cfe49c47274d76b; no voters:
I0513 22:33:16.619818 806 tablet_service.cc:1403] Received Run Leader Election RPC: tablet_id: "c1cbbc2b2f22460aa0617e7a5c823a57" dest_uuid: "6fe2349260fd4c51a94a6bc60fa6043b" from {username='slave'} at 127.0.0.1:57614
I0513 22:33:16.620182 772 leader_election.cc:310] T 9ce2cd8e3814425b86d4ef0b5309b05c P 6fe2349260fd4c51a94a6bc60fa6043b [CANDIDATE]: Term 4 election: Election decided. Result: candidate won. Election summary: received 3 responses out of 3 voters: 2 yes votes; 1 no votes. yes voters: 6fe2349260fd4c51a94a6bc60fa6043b, 75a5cb20b56443639cfe49c47274d76b; no voters: fb91e39117a5489e85c5a494ee14bcc3
I0513 22:33:16.621300 940 raft_consensus.cc:2886] T e1484634c50f45f28345fdc882a61cf5 P fb91e39117a5489e85c5a494ee14bcc3 [term 3 FOLLOWER]: Advancing to term 4
I0513 22:33:16.621680 806 tablet_service.cc:1403] Received Run Leader Election RPC: tablet_id: "c1cbbc2b2f22460aa0617e7a5c823a57" dest_uuid: "6fe2349260fd4c51a94a6bc60fa6043b" from {username='slave'} at 127.0.0.1:57614
I0513 22:33:16.621738 876 tablet_service.cc:1286] Received RequestConsensusVote() RPC: tablet_id: "3c141683c43f4fb78c4489e7904b28e8" candidate_uuid: "6fe2349260fd4c51a94a6bc60fa6043b" candidate_term: 3 candidate_status { last_received { term: 0 index: 0 } } ignore_live_leader: true dest_uuid: "75a5cb20b56443639cfe49c47274d76b"
I0513 22:33:16.622119 876 raft_consensus.cc:2886] T 3c141683c43f4fb78c4489e7904b28e8 P 75a5cb20b56443639cfe49c47274d76b [term 2 FOLLOWER]: Advancing to term 3
I0513 22:33:16.622380 772 leader_election.cc:310] T 3c141683c43f4fb78c4489e7904b28e8 P 6fe2349260fd4c51a94a6bc60fa6043b [CANDIDATE]: Term 2 election: Election decided. Result: candidate won. Election summary: received 3 responses out of 3 voters: 2 yes votes; 1 no votes. yes voters: 6fe2349260fd4c51a94a6bc60fa6043b, 75a5cb20b56443639cfe49c47274d76b; no voters: fb91e39117a5489e85c5a494ee14bcc3
I0513 22:33:16.624245 869 raft_consensus.cc:2346] T 9fa827071e4246508d2690d2c1fbef4f P 75a5cb20b56443639cfe49c47274d76b [term 4 FOLLOWER]: Leader election vote request: Granting yes vote for candidate 6fe2349260fd4c51a94a6bc60fa6043b in term 4.
I0513 22:33:16.624631 806 tablet_service.cc:1403] Received Run Leader Election RPC: tablet_id: "c1cbbc2b2f22460aa0617e7a5c823a57" dest_uuid: "6fe2349260fd4c51a94a6bc60fa6043b" from {username='slave'} at 127.0.0.1:57614
I0513 22:33:16.624677 809 raft_consensus.cc:455] T 8002a0fb94514f77a8601f629424436e P 6fe2349260fd4c51a94a6bc60fa6043b [term 3 LEADER]: Not starting forced leader election -- already a leader
I0513 22:33:16.625142 808 raft_consensus.cc:455] T a40718aa091247438d353d8c7739041e P 6fe2349260fd4c51a94a6bc60fa6043b [term 1 LEADER]: Not starting forced leader election -- already a leader
I0513 22:33:16.626322 944 tablet_service.cc:1286] Received RequestConsensusVote() RPC: tablet_id: "3c141683c43f4fb78c4489e7904b28e8" candidate_uuid: "6fe2349260fd4c51a94a6bc60fa6043b" candidate_term: 3 candidate_status { last_received { term: 0 index: 0 } } ignore_live_leader: true dest_uuid: "fb91e39117a5489e85c5a494ee14bcc3"
I0513 22:33:16.627261 1059 raft_consensus.cc:2603] T 3c141683c43f4fb78c4489e7904b28e8 P 6fe2349260fd4c51a94a6bc60fa6043b [term 3 FOLLOWER]: Leader election decision vote started in defunct term 2: won
I0513 22:33:16.627439 944 raft_consensus.cc:2886] T 3c141683c43f4fb78c4489e7904b28e8 P fb91e39117a5489e85c5a494ee14bcc3 [term 2 FOLLOWER]: Advancing to term 3
I0513 22:33:16.628535 940 raft_consensus.cc:2293] T e1484634c50f45f28345fdc882a61cf5 P fb91e39117a5489e85c5a494ee14bcc3 [term 4 FOLLOWER]: Leader election vote request: Denying vote to candidate 6fe2349260fd4c51a94a6bc60fa6043b for term 4 because replica has last-logged OpId of term: 1 index: 1, which is greater than that of the candidate, which has last-logged OpId of term: 0 index: 0.
I0513 22:33:16.628507 1058 raft_consensus.cc:667] T 01c2af1f12034771ba026a1fac9203df P 6fe2349260fd4c51a94a6bc60fa6043b [term 4 LEADER]: Becoming Leader. State: Replica: 6fe2349260fd4c51a94a6bc60fa6043b, State: Running, Role: LEADER
I0513 22:33:16.629300 875 raft_consensus.cc:2293] T 73f1725c5aa04760a9d5e43d09f66e9e P 75a5cb20b56443639cfe49c47274d76b [term 5 FOLLOWER]: Leader election vote request: Denying vote to candidate 6fe2349260fd4c51a94a6bc60fa6043b for term 5 because replica has last-logged OpId of term: 1 index: 1, which is greater than that of the candidate, which has last-logged OpId of term: 0 index: 0.
I0513 22:33:16.629640 808 tablet_service.cc:1403] Received Run Leader Election RPC: tablet_id: "c1cbbc2b2f22460aa0617e7a5c823a57" dest_uuid: "6fe2349260fd4c51a94a6bc60fa6043b" from {username='slave'} at 127.0.0.1:57614
I0513 22:33:16.630386 870 raft_consensus.cc:2346] T 7e57e922f3a84a2e99667b5eacf7c18e P 75a5cb20b56443639cfe49c47274d76b [term 4 FOLLOWER]: Leader election vote request: Granting yes vote for candidate 6fe2349260fd4c51a94a6bc60fa6043b in term 4.
