I0513 22:33:16.060575 990 raft_consensus.cc:705] T 9fa827071e4246508d2690d2c1fbef4f P 6fe2349260fd4c51a94a6bc60fa6043b [term 0 FOLLOWER]: Becoming Follower/Learner. State: Replica: 6fe2349260fd4c51a94a6bc60fa6043b, State: Initialized, Role: FOLLOWER
I0513 22:33:16.060864 988 raft_consensus.cc:340] T 7e57e922f3a84a2e99667b5eacf7c18e P 75a5cb20b56443639cfe49c47274d76b [term 0 FOLLOWER]: Replica starting. Triggering 0 pending transactions. Active config: opid_index: -1 OBSOLETE_local: false peers { permanent_uuid: "75a5cb20b56443639cfe49c47274d76b" member_type: VOTER last_known_addr { host: "127.0.116.130" port: 35393 } } peers { permanent_uuid: "6fe2349260fd4c51a94a6bc60fa6043b" member_type: VOTER last_known_addr { host: "127.0.116.129" port: 34317 } } peers { permanent_uuid: "fb91e39117a5489e85c5a494ee14bcc3" member_type: VOTER last_known_addr { host: "127.0.116.131" port: 36837 } }
I0513 22:33:16.060861 990 consensus_queue.cc:229] T 9fa827071e4246508d2690d2c1fbef4f P 6fe2349260fd4c51a94a6bc60fa6043b [NON_LEADER]: Queue going to NON_LEADER mode. State: All replicated index: 0, Majority replicated index: 0, Committed index: 0, Last appended: 0.0, Last appended by leader: 0, Current term: 0, Majority size: -1, State: 0, Mode: NON_LEADER, active raft config: opid_index: -1 OBSOLETE_local: false peers { permanent_uuid: "6fe2349260fd4c51a94a6bc60fa6043b" member_type: VOTER last_known_addr { host: "127.0.116.129" port: 34317 } } peers { permanent_uuid: "75a5cb20b56443639cfe49c47274d76b" member_type: VOTER last_known_addr { host: "127.0.116.130" port: 35393 } } peers { permanent_uuid: "fb91e39117a5489e85c5a494ee14bcc3" member_type: VOTER last_known_addr { host: "127.0.116.131" port: 36837 } }
I0513 22:33:16.061076 988 raft_consensus.cc:366] T 7e57e922f3a84a2e99667b5eacf7c18e P 75a5cb20b56443639cfe49c47274d76b [term 0 FOLLOWER]: Consensus starting up: Expiring failure detector timer to make a prompt election more likely
I0513 22:33:16.061143 988 raft_consensus.cc:705] T 7e57e922f3a84a2e99667b5eacf7c18e P 75a5cb20b56443639cfe49c47274d76b [term 0 FOLLOWER]: Becoming Follower/Learner. State: Replica: 75a5cb20b56443639cfe49c47274d76b, State: Initialized, Role: FOLLOWER
I0513 22:33:16.061264 988 consensus_queue.cc:229] T 7e57e922f3a84a2e99667b5eacf7c18e P 75a5cb20b56443639cfe49c47274d76b [NON_LEADER]: Queue going to NON_LEADER mode. State: All replicated index: 0, Majority replicated index: 0, Committed index: 0, Last appended: 0.0, Last appended by leader: 0, Current term: 0, Majority size: -1, State: 0, Mode: NON_LEADER, active raft config: opid_index: -1 OBSOLETE_local: false peers { permanent_uuid: "75a5cb20b56443639cfe49c47274d76b" member_type: VOTER last_known_addr { host: "127.0.116.130" port: 35393 } } peers { permanent_uuid: "6fe2349260fd4c51a94a6bc60fa6043b" member_type: VOTER last_known_addr { host: "127.0.116.129" port: 34317 } } peers { permanent_uuid: "fb91e39117a5489e85c5a494ee14bcc3" member_type: VOTER last_known_addr { host: "127.0.116.131" port: 36837 } }
I0513 22:33:16.061905 988 ts_tablet_manager.cc:1081] T 7e57e922f3a84a2e99667b5eacf7c18e P 75a5cb20b56443639cfe49c47274d76b: Time spent starting tablet: real 0.002s user 0.002s sys 0.000s
I0513 22:33:16.062121 988 tablet_bootstrap.cc:439] T 3c141683c43f4fb78c4489e7904b28e8 P 75a5cb20b56443639cfe49c47274d76b: Bootstrap starting.
I0513 22:33:16.063308 988 tablet_bootstrap.cc:590] T 3c141683c43f4fb78c4489e7904b28e8 P 75a5cb20b56443639cfe49c47274d76b: No blocks or log segments found. Creating new log.
I0513 22:33:16.063551 989 ts_tablet_manager.cc:1081] T a40718aa091247438d353d8c7739041e P fb91e39117a5489e85c5a494ee14bcc3: Time spent starting tablet: real 0.005s user 0.003s sys 0.000s
I0513 22:33:16.063771 990 ts_tablet_manager.cc:1081] T 9fa827071e4246508d2690d2c1fbef4f P 6fe2349260fd4c51a94a6bc60fa6043b: Time spent starting tablet: real 0.004s user 0.001s sys 0.001s
I0513 22:33:16.063817 989 tablet_bootstrap.cc:439] T 9ce2cd8e3814425b86d4ef0b5309b05c P fb91e39117a5489e85c5a494ee14bcc3: Bootstrap starting.
I0513 22:33:16.064026 990 tablet_bootstrap.cc:439] T 9ce2cd8e3814425b86d4ef0b5309b05c P 6fe2349260fd4c51a94a6bc60fa6043b: Bootstrap starting.
I0513 22:33:16.065438 988 tablet_bootstrap.cc:439] T 3c141683c43f4fb78c4489e7904b28e8 P 75a5cb20b56443639cfe49c47274d76b: No bootstrap required, opened a new log
I0513 22:33:16.065563 988 ts_tablet_manager.cc:1053] T 3c141683c43f4fb78c4489e7904b28e8 P 75a5cb20b56443639cfe49c47274d76b: Time spent bootstrapping tablet: real 0.003s user 0.003s sys 0.000s
I0513 22:33:16.066499 989 tablet_bootstrap.cc:590] T 9ce2cd8e3814425b86d4ef0b5309b05c P fb91e39117a5489e85c5a494ee14bcc3: No blocks or log segments found. Creating new log.
I0513 22:33:16.067275 990 tablet_bootstrap.cc:590] T 9ce2cd8e3814425b86d4ef0b5309b05c P 6fe2349260fd4c51a94a6bc60fa6043b: No blocks or log segments found. Creating new log.
I0513 22:33:16.067713 988 raft_consensus.cc:340] T 3c141683c43f4fb78c4489e7904b28e8 P 75a5cb20b56443639cfe49c47274d76b [term 0 FOLLOWER]: Replica starting. Triggering 0 pending transactions. Active config: opid_index: -1 OBSOLETE_local: false peers { permanent_uuid: "75a5cb20b56443639cfe49c47274d76b" member_type: VOTER last_known_addr { host: "127.0.116.130" port: 35393 } } peers { permanent_uuid: "6fe2349260fd4c51a94a6bc60fa6043b" member_type: VOTER last_known_addr { host: "127.0.116.129" port: 34317 } } peers { permanent_uuid: "fb91e39117a5489e85c5a494ee14bcc3" member_type: VOTER last_known_addr { host: "127.0.116.131" port: 36837 } }
I0513 22:33:16.068042 988 raft_consensus.cc:366] T 3c141683c43f4fb78c4489e7904b28e8 P 75a5cb20b56443639cfe49c47274d76b [term 0 FOLLOWER]: Consensus starting up: Expiring failure detector timer to make a prompt election more likely
I0513 22:33:16.068114 988 raft_consensus.cc:705] T 3c141683c43f4fb78c4489e7904b28e8 P 75a5cb20b56443639cfe49c47274d76b [term 0 FOLLOWER]: Becoming Follower/Learner. State: Replica: 75a5cb20b56443639cfe49c47274d76b, State: Initialized, Role: FOLLOWER
I0513 22:33:16.068472 989 tablet_bootstrap.cc:439] T 9ce2cd8e3814425b86d4ef0b5309b05c P fb91e39117a5489e85c5a494ee14bcc3: No bootstrap required, opened a new log
I0513 22:33:16.068444 988 consensus_queue.cc:229] T 3c141683c43f4fb78c4489e7904b28e8 P 75a5cb20b56443639cfe49c47274d76b [NON_LEADER]: Queue going to NON_LEADER mode. State: All replicated index: 0, Majority replicated index: 0, Committed index: 0, Last appended: 0.0, Last appended by leader: 0, Current term: 0, Majority size: -1, State: 0, Mode: NON_LEADER, active raft config: opid_index: -1 OBSOLETE_local: false peers { permanent_uuid: "75a5cb20b56443639cfe49c47274d76b" member_type: VOTER last_known_addr { host: "127.0.116.130" port: 35393 } } peers { permanent_uuid: "6fe2349260fd4c51a94a6bc60fa6043b" member_type: VOTER last_known_addr { host: "127.0.116.129" port: 34317 } } peers { permanent_uuid: "fb91e39117a5489e85c5a494ee14bcc3" member_type: VOTER last_known_addr { host: "127.0.116.131" port: 36837 } }
I0513 22:33:16.068920 989 ts_tablet_manager.cc:1053] T 9ce2cd8e3814425b86d4ef0b5309b05c P fb91e39117a5489e85c5a494ee14bcc3: Time spent bootstrapping tablet: real 0.005s user 0.003s sys 0.000s
I0513 22:33:16.069120 988 ts_tablet_manager.cc:1081] T 3c141683c43f4fb78c4489e7904b28e8 P 75a5cb20b56443639cfe49c47274d76b: Time spent starting tablet: real 0.003s user 0.003s sys 0.000s
I0513 22:33:16.069416 988 tablet_bootstrap.cc:439] T 73f1725c5aa04760a9d5e43d09f66e9e P 75a5cb20b56443639cfe49c47274d76b: Bootstrap starting.
I0513 22:33:16.069687 990 tablet_bootstrap.cc:439] T 9ce2cd8e3814425b86d4ef0b5309b05c P 6fe2349260fd4c51a94a6bc60fa6043b: No bootstrap required, opened a new log
I0513 22:33:16.069823 990 ts_tablet_manager.cc:1053] T 9ce2cd8e3814425b86d4ef0b5309b05c P 6fe2349260fd4c51a94a6bc60fa6043b: Time spent bootstrapping tablet: real 0.006s user 0.002s sys 0.001s
I0513 22:33:16.070032 989 raft_consensus.cc:340] T 9ce2cd8e3814425b86d4ef0b5309b05c P fb91e39117a5489e85c5a494ee14bcc3 [term 0 FOLLOWER]: Replica starting. Triggering 0 pending transactions. Active config: opid_index: -1 OBSOLETE_local: false peers { permanent_uuid: "6fe2349260fd4c51a94a6bc60fa6043b" member_type: VOTER last_known_addr { host: "127.0.116.129" port: 34317 } } peers { permanent_uuid: "75a5cb20b56443639cfe49c47274d76b" member_type: VOTER last_known_addr { host: "127.0.116.130" port: 35393 } } peers { permanent_uuid: "fb91e39117a5489e85c5a494ee14bcc3" member_type: VOTER last_known_addr { host: "127.0.116.131" port: 36837 } }
I0513 22:33:16.070361 989 raft_consensus.cc:366] T 9ce2cd8e3814425b86d4ef0b5309b05c P fb91e39117a5489e85c5a494ee14bcc3 [term 0 FOLLOWER]: Consensus starting up: Expiring failure detector timer to make a prompt election more likely
I0513 22:33:16.070446 989 raft_consensus.cc:705] T 9ce2cd8e3814425b86d4ef0b5309b05c P fb91e39117a5489e85c5a494ee14bcc3 [term 0 FOLLOWER]: Becoming Follower/Learner. State: Replica: fb91e39117a5489e85c5a494ee14bcc3, State: Initialized, Role: FOLLOWER
I0513 22:33:16.070528 990 raft_consensus.cc:340] T 9ce2cd8e3814425b86d4ef0b5309b05c P 6fe2349260fd4c51a94a6bc60fa6043b [term 0 FOLLOWER]: Replica starting. Triggering 0 pending transactions. Active config: opid_index: -1 OBSOLETE_local: false peers { permanent_uuid: "6fe2349260fd4c51a94a6bc60fa6043b" member_type: VOTER last_known_addr { host: "127.0.116.129" port: 34317 } } peers { permanent_uuid: "75a5cb20b56443639cfe49c47274d76b" member_type: VOTER last_known_addr { host: "127.0.116.130" port: 35393 } } peers { permanent_uuid: "fb91e39117a5489e85c5a494ee14bcc3" member_type: VOTER last_known_addr { host: "127.0.116.131" port: 36837 } }
I0513 22:33:16.070716 990 raft_consensus.cc:366] T 9ce2cd8e3814425b86d4ef0b5309b05c P 6fe2349260fd4c51a94a6bc60fa6043b [term 0 FOLLOWER]: Consensus starting up: Expiring failure detector timer to make a prompt election more likely
I0513 22:33:16.070775 990 raft_consensus.cc:705] T 9ce2cd8e3814425b86d4ef0b5309b05c P 6fe2349260fd4c51a94a6bc60fa6043b [term 0 FOLLOWER]: Becoming Follower/Learner. State: Replica: 6fe2349260fd4c51a94a6bc60fa6043b, State: Initialized, Role: FOLLOWER
I0513 22:33:16.070930 989 consensus_queue.cc:229] T 9ce2cd8e3814425b86d4ef0b5309b05c P fb91e39117a5489e85c5a494ee14bcc3 [NON_LEADER]: Queue going to NON_LEADER mode. State: All replicated index: 0, Majority replicated index: 0, Committed index: 0, Last appended: 0.0, Last appended by leader: 0, Current term: 0, Majority size: -1, State: 0, Mode: NON_LEADER, active raft config: opid_index: -1 OBSOLETE_local: false peers { permanent_uuid: "6fe2349260fd4c51a94a6bc60fa6043b" member_type: VOTER last_known_addr { host: "127.0.116.129" port: 34317 } } peers { permanent_uuid: "75a5cb20b56443639cfe49c47274d76b" member_type: VOTER last_known_addr { host: "127.0.116.130" port: 35393 } } peers { permanent_uuid: "fb91e39117a5489e85c5a494ee14bcc3" member_type: VOTER last_known_addr { host: "127.0.116.131" port: 36837 } }
I0513 22:33:16.070982 990 consensus_queue.cc:229] T 9ce2cd8e3814425b86d4ef0b5309b05c P 6fe2349260fd4c51a94a6bc60fa6043b [NON_LEADER]: Queue going to NON_LEADER mode. State: All replicated index: 0, Majority replicated index: 0, Committed index: 0, Last appended: 0.0, Last appended by leader: 0, Current term: 0, Majority size: -1, State: 0, Mode: NON_LEADER, active raft config: opid_index: -1 OBSOLETE_local: false peers { permanent_uuid: "6fe2349260fd4c51a94a6bc60fa6043b" member_type: VOTER last_known_addr { host: "127.0.116.129" port: 34317 } } peers { permanent_uuid: "75a5cb20b56443639cfe49c47274d76b" member_type: VOTER last_known_addr { host: "127.0.116.130" port: 35393 } } peers { permanent_uuid: "fb91e39117a5489e85c5a494ee14bcc3" member_type: VOTER last_known_addr { host: "127.0.116.131" port: 36837 } }
I0513 22:33:16.071226 988 tablet_bootstrap.cc:590] T 73f1725c5aa04760a9d5e43d09f66e9e P 75a5cb20b56443639cfe49c47274d76b: No blocks or log segments found. Creating new log.
I0513 22:33:16.071540 989 ts_tablet_manager.cc:1081] T 9ce2cd8e3814425b86d4ef0b5309b05c P fb91e39117a5489e85c5a494ee14bcc3: Time spent starting tablet: real 0.003s user 0.001s sys 0.001s
I0513 22:33:16.071758 989 tablet_bootstrap.cc:439] T 8002a0fb94514f77a8601f629424436e P fb91e39117a5489e85c5a494ee14bcc3: Bootstrap starting.
I0513 22:33:16.073490 989 tablet_bootstrap.cc:590] T 8002a0fb94514f77a8601f629424436e P fb91e39117a5489e85c5a494ee14bcc3: No blocks or log segments found. Creating new log.
I0513 22:33:16.074419 990 ts_tablet_manager.cc:1081] T 9ce2cd8e3814425b86d4ef0b5309b05c P 6fe2349260fd4c51a94a6bc60fa6043b: Time spent starting tablet: real 0.005s user 0.001s sys 0.001s
I0513 22:33:16.074631 990 tablet_bootstrap.cc:439] T 01c2af1f12034771ba026a1fac9203df P 6fe2349260fd4c51a94a6bc60fa6043b: Bootstrap starting.
I0513 22:33:16.076920 989 tablet_bootstrap.cc:439] T 8002a0fb94514f77a8601f629424436e P fb91e39117a5489e85c5a494ee14bcc3: No bootstrap required, opened a new log
I0513 22:33:16.077044 989 ts_tablet_manager.cc:1053] T 8002a0fb94514f77a8601f629424436e P fb91e39117a5489e85c5a494ee14bcc3: Time spent bootstrapping tablet: real 0.005s user 0.004s sys 0.000s
I0513 22:33:16.077069 988 tablet_bootstrap.cc:439] T 73f1725c5aa04760a9d5e43d09f66e9e P 75a5cb20b56443639cfe49c47274d76b: No bootstrap required, opened a new log
I0513 22:33:16.077119 990 tablet_bootstrap.cc:590] T 01c2af1f12034771ba026a1fac9203df P 6fe2349260fd4c51a94a6bc60fa6043b: No blocks or log segments found. Creating new log.
I0513 22:33:16.077226 988 ts_tablet_manager.cc:1053] T 73f1725c5aa04760a9d5e43d09f66e9e P 75a5cb20b56443639cfe49c47274d76b: Time spent bootstrapping tablet: real 0.008s user 0.005s sys 0.001s
I0513 22:33:16.077711 989 raft_consensus.cc:340] T 8002a0fb94514f77a8601f629424436e P fb91e39117a5489e85c5a494ee14bcc3 [term 0 FOLLOWER]: Replica starting. Triggering 0 pending transactions. Active config: opid_index: -1 OBSOLETE_local: false peers { permanent_uuid: "6fe2349260fd4c51a94a6bc60fa6043b" member_type: VOTER last_known_addr { host: "127.0.116.129" port: 34317 } } peers { permanent_uuid: "75a5cb20b56443639cfe49c47274d76b" member_type: VOTER last_known_addr { host: "127.0.116.130" port: 35393 } } peers { permanent_uuid: "fb91e39117a5489e85c5a494ee14bcc3" member_type: VOTER last_known_addr { host: "127.0.116.131" port: 36837 } }
I0513 22:33:16.077879 989 raft_consensus.cc:366] T 8002a0fb94514f77a8601f629424436e P fb91e39117a5489e85c5a494ee14bcc3 [term 0 FOLLOWER]: Consensus starting up: Expiring failure detector timer to make a prompt election more likely
I0513 22:33:16.077837 988 raft_consensus.cc:340] T 73f1725c5aa04760a9d5e43d09f66e9e P 75a5cb20b56443639cfe49c47274d76b [term 0 FOLLOWER]: Replica starting. Triggering 0 pending transactions. Active config: opid_index: -1 OBSOLETE_local: false peers { permanent_uuid: "6fe2349260fd4c51a94a6bc60fa6043b" member_type: VOTER last_known_addr { host: "127.0.116.129" port: 34317 } } peers { permanent_uuid: "75a5cb20b56443639cfe49c47274d76b" member_type: VOTER last_known_addr { host: "127.0.116.130" port: 35393 } } peers { permanent_uuid: "fb91e39117a5489e85c5a494ee14bcc3" member_type: VOTER last_known_addr { host: "127.0.116.131" port: 36837 } }
I0513 22:33:16.077950 989 raft_consensus.cc:705] T 8002a0fb94514f77a8601f629424436e P fb91e39117a5489e85c5a494ee14bcc3 [term 0 FOLLOWER]: Becoming Follower/Learner. State: Replica: fb91e39117a5489e85c5a494ee14bcc3, State: Initialized, Role: FOLLOWER
I0513 22:33:16.078094 988 raft_consensus.cc:366] T 73f1725c5aa04760a9d5e43d09f66e9e P 75a5cb20b56443639cfe49c47274d76b [term 0 FOLLOWER]: Consensus starting up: Expiring failure detector timer to make a prompt election more likely
I0513 22:33:16.078249 988 raft_consensus.cc:705] T 73f1725c5aa04760a9d5e43d09f66e9e P 75a5cb20b56443639cfe49c47274d76b [term 0 FOLLOWER]: Becoming Follower/Learner. State: Replica: 75a5cb20b56443639cfe49c47274d76b, State: Initialized, Role: FOLLOWER
I0513 22:33:16.078236 989 consensus_queue.cc:229] T 8002a0fb94514f77a8601f629424436e P fb91e39117a5489e85c5a494ee14bcc3 [NON_LEADER]: Queue going to NON_LEADER mode. State: All replicated index: 0, Majority replicated index: 0, Committed index: 0, Last appended: 0.0, Last appended by leader: 0, Current term: 0, Majority size: -1, State: 0, Mode: NON_LEADER, active raft config: opid_index: -1 OBSOLETE_local: false peers { permanent_uuid: "6fe2349260fd4c51a94a6bc60fa6043b" member_type: VOTER last_known_addr { host: "127.0.116.129" port: 34317 } } peers { permanent_uuid: "75a5cb20b56443639cfe49c47274d76b" member_type: VOTER last_known_addr { host: "127.0.116.130" port: 35393 } } peers { permanent_uuid: "fb91e39117a5489e85c5a494ee14bcc3" member_type: VOTER last_known_addr { host: "127.0.116.131" port: 36837 } }
I0513 22:33:16.078410 988 consensus_queue.cc:229] T 73f1725c5aa04760a9d5e43d09f66e9e P 75a5cb20b56443639cfe49c47274d76b [NON_LEADER]: Queue going to NON_LEADER mode. State: All replicated index: 0, Majority replicated index: 0, Committed index: 0, Last appended: 0.0, Last appended by leader: 0, Current term: 0, Majority size: -1, State: 0, Mode: NON_LEADER, active raft config: opid_index: -1 OBSOLETE_local: false peers { permanent_uuid: "6fe2349260fd4c51a94a6bc60fa6043b" member_type: VOTER last_known_addr { host: "127.0.116.129" port: 34317 } } peers { permanent_uuid: "75a5cb20b56443639cfe49c47274d76b" member_type: VOTER last_known_addr { host: "127.0.116.130" port: 35393 } } peers { permanent_uuid: "fb91e39117a5489e85c5a494ee14bcc3" member_type: VOTER last_known_addr { host: "127.0.116.131" port: 36837 } }
I0513 22:33:16.079123 990 tablet_bootstrap.cc:439] T 01c2af1f12034771ba026a1fac9203df P 6fe2349260fd4c51a94a6bc60fa6043b: No bootstrap required, opened a new log
I0513 22:33:16.079152 988 ts_tablet_manager.cc:1081] T 73f1725c5aa04760a9d5e43d09f66e9e P 75a5cb20b56443639cfe49c47274d76b: Time spent starting tablet: real 0.002s user 0.001s sys 0.001s
I0513 22:33:16.079403 988 tablet_bootstrap.cc:439] T 01c2af1f12034771ba026a1fac9203df P 75a5cb20b56443639cfe49c47274d76b: Bootstrap starting.
I0513 22:33:16.079346 990 ts_tablet_manager.cc:1053] T 01c2af1f12034771ba026a1fac9203df P 6fe2349260fd4c51a94a6bc60fa6043b: Time spent bootstrapping tablet: real 0.005s user 0.004s sys 0.000s
I0513 22:33:16.079824 989 ts_tablet_manager.cc:1081] T 8002a0fb94514f77a8601f629424436e P fb91e39117a5489e85c5a494ee14bcc3: Time spent starting tablet: real 0.003s user 0.001s sys 0.001s
I0513 22:33:16.080034 989 tablet_bootstrap.cc:439] T 01c2af1f12034771ba026a1fac9203df P fb91e39117a5489e85c5a494ee14bcc3: Bootstrap starting.
I0513 22:33:16.080241 990 raft_consensus.cc:340] T 01c2af1f12034771ba026a1fac9203df P 6fe2349260fd4c51a94a6bc60fa6043b [term 0 FOLLOWER]: Replica starting. Triggering 0 pending transactions. Active config: opid_index: -1 OBSOLETE_local: false peers { permanent_uuid: "75a5cb20b56443639cfe49c47274d76b" member_type: VOTER last_known_addr { host: "127.0.116.130" port: 35393 } } peers { permanent_uuid: "6fe2349260fd4c51a94a6bc60fa6043b" member_type: VOTER last_known_addr { host: "127.0.116.129" port: 34317 } } peers { permanent_uuid: "fb91e39117a5489e85c5a494ee14bcc3" member_type: VOTER last_known_addr { host: "127.0.116.131" port: 36837 } }
I0513 22:33:16.080574 990 raft_consensus.cc:366] T 01c2af1f12034771ba026a1fac9203df P 6fe2349260fd4c51a94a6bc60fa6043b [term 0 FOLLOWER]: Consensus starting up: Expiring failure detector timer to make a prompt election more likely
I0513 22:33:16.080685 990 raft_consensus.cc:705] T 01c2af1f12034771ba026a1fac9203df P 6fe2349260fd4c51a94a6bc60fa6043b [term 0 FOLLOWER]: Becoming Follower/Learner. State: Replica: 6fe2349260fd4c51a94a6bc60fa6043b, State: Initialized, Role: FOLLOWER
I0513 22:33:16.080940 990 consensus_queue.cc:229] T 01c2af1f12034771ba026a1fac9203df P 6fe2349260fd4c51a94a6bc60fa6043b [NON_LEADER]: Queue going to NON_LEADER mode. State: All replicated index: 0, Majority replicated index: 0, Committed index: 0, Last appended: 0.0, Last appended by leader: 0, Current term: 0, Majority size: -1, State: 0, Mode: NON_LEADER, active raft config: opid_index: -1 OBSOLETE_local: false peers { permanent_uuid: "75a5cb20b56443639cfe49c47274d76b" member_type: VOTER last_known_addr { host: "127.0.116.130" port: 35393 } } peers { permanent_uuid: "6fe2349260fd4c51a94a6bc60fa6043b" member_type: VOTER last_known_addr { host: "127.0.116.129" port: 34317 } } peers { permanent_uuid: "fb91e39117a5489e85c5a494ee14bcc3" member_type: VOTER last_known_addr { host: "127.0.116.131" port: 36837 } }
I0513 22:33:16.081655 989 tablet_bootstrap.cc:590] T 01c2af1f12034771ba026a1fac9203df P fb91e39117a5489e85c5a494ee14bcc3: No blocks or log segments found. Creating new log.
I0513 22:33:16.082681 988 tablet_bootstrap.cc:590] T 01c2af1f12034771ba026a1fac9203df P 75a5cb20b56443639cfe49c47274d76b: No blocks or log segments found. Creating new log.
I0513 22:33:16.083003 990 ts_tablet_manager.cc:1081] T 01c2af1f12034771ba026a1fac9203df P 6fe2349260fd4c51a94a6bc60fa6043b: Time spent starting tablet: real 0.003s user 0.001s sys 0.000s
I0513 22:33:16.083274 990 tablet_bootstrap.cc:439] T e1484634c50f45f28345fdc882a61cf5 P 6fe2349260fd4c51a94a6bc60fa6043b: Bootstrap starting.
I0513 22:33:16.085409 993 raft_consensus.cc:472] T 7e57e922f3a84a2e99667b5eacf7c18e P fb91e39117a5489e85c5a494ee14bcc3 [term 0 FOLLOWER]: Starting pre-election (no leader contacted us within the election timeout)
I0513 22:33:16.085636 988 tablet_bootstrap.cc:439] T 01c2af1f12034771ba026a1fac9203df P 75a5cb20b56443639cfe49c47274d76b: No bootstrap required, opened a new log
I0513 22:33:16.085670 989 tablet_bootstrap.cc:439] T 01c2af1f12034771ba026a1fac9203df P fb91e39117a5489e85c5a494ee14bcc3: No bootstrap required, opened a new log
I0513 22:33:16.085558 993 raft_consensus.cc:494] T 7e57e922f3a84a2e99667b5eacf7c18e P fb91e39117a5489e85c5a494ee14bcc3 [term 0 FOLLOWER]: Starting pre-election with config: opid_index: -1 OBSOLETE_local: false peers { permanent_uuid: "75a5cb20b56443639cfe49c47274d76b" member_type: VOTER last_known_addr { host: "127.0.116.130" port: 35393 } } peers { permanent_uuid: "6fe2349260fd4c51a94a6bc60fa6043b" member_type: VOTER last_known_addr { host: "127.0.116.129" port: 34317 } } peers { permanent_uuid: "fb91e39117a5489e85c5a494ee14bcc3" member_type: VOTER last_known_addr { host: "127.0.116.131" port: 36837 } }
I0513 22:33:16.085822 988 ts_tablet_manager.cc:1053] T 01c2af1f12034771ba026a1fac9203df P 75a5cb20b56443639cfe49c47274d76b: Time spent bootstrapping tablet: real 0.006s user 0.004s sys 0.000s
I0513 22:33:16.085836 989 ts_tablet_manager.cc:1053] T 01c2af1f12034771ba026a1fac9203df P fb91e39117a5489e85c5a494ee14bcc3: Time spent bootstrapping tablet: real 0.006s user 0.001s sys 0.003s
I0513 22:33:16.086318 990 tablet_bootstrap.cc:590] T e1484634c50f45f28345fdc882a61cf5 P 6fe2349260fd4c51a94a6bc60fa6043b: No blocks or log segments found. Creating new log.
I0513 22:33:16.087085 988 raft_consensus.cc:340] T 01c2af1f12034771ba026a1fac9203df P 75a5cb20b56443639cfe49c47274d76b [term 0 FOLLOWER]: Replica starting. Triggering 0 pending transactions. Active config: opid_index: -1 OBSOLETE_local: false peers { permanent_uuid: "75a5cb20b56443639cfe49c47274d76b" member_type: VOTER last_known_addr { host: "127.0.116.130" port: 35393 } } peers { permanent_uuid: "6fe2349260fd4c51a94a6bc60fa6043b" member_type: VOTER last_known_addr { host: "127.0.116.129" port: 34317 } } peers { permanent_uuid: "fb91e39117a5489e85c5a494ee14bcc3" member_type: VOTER last_known_addr { host: "127.0.116.131" port: 36837 } }
I0513 22:33:16.086534 989 raft_consensus.cc:340] T 01c2af1f12034771ba026a1fac9203df P fb91e39117a5489e85c5a494ee14bcc3 [term 0 FOLLOWER]: Replica starting. Triggering 0 pending transactions. Active config: opid_index: -1 OBSOLETE_local: false peers { permanent_uuid: "75a5cb20b56443639cfe49c47274d76b" member_type: VOTER last_known_addr { host: "127.0.116.130" port: 35393 } } peers { permanent_uuid: "6fe2349260fd4c51a94a6bc60fa6043b" member_type: VOTER last_known_addr { host: "127.0.116.129" port: 34317 } } peers { permanent_uuid: "fb91e39117a5489e85c5a494ee14bcc3" member_type: VOTER last_known_addr { host: "127.0.116.131" port: 36837 } }
I0513 22:33:16.093699 997 raft_consensus.cc:472] T 9ce2cd8e3814425b86d4ef0b5309b05c P 6fe2349260fd4c51a94a6bc60fa6043b [term 0 FOLLOWER]: Starting pre-election (no leader contacted us within the election timeout)
I0513 22:33:16.094117 993 leader_election.cc:296] T 7e57e922f3a84a2e99667b5eacf7c18e P fb91e39117a5489e85c5a494ee14bcc3 [CANDIDATE]: Term 1 pre-election: Requested pre-vote from peers 75a5cb20b56443639cfe49c47274d76b (127.0.116.130:35393), 6fe2349260fd4c51a94a6bc60fa6043b (127.0.116.129:34317)
I0513 22:33:16.094008 997 raft_consensus.cc:494] T 9ce2cd8e3814425b86d4ef0b5309b05c P 6fe2349260fd4c51a94a6bc60fa6043b [term 0 FOLLOWER]: Starting pre-election with config: opid_index: -1 OBSOLETE_local: false peers { permanent_uuid: "6fe2349260fd4c51a94a6bc60fa6043b" member_type: VOTER last_known_addr { host: "127.0.116.129" port: 34317 } } peers { permanent_uuid: "75a5cb20b56443639cfe49c47274d76b" member_type: VOTER last_known_addr { host: "127.0.116.130" port: 35393 } } peers { permanent_uuid: "fb91e39117a5489e85c5a494ee14bcc3" member_type: VOTER last_known_addr { host: "127.0.116.131" port: 36837 } }
I0513 22:33:16.094710 988 raft_consensus.cc:366] T 01c2af1f12034771ba026a1fac9203df P 75a5cb20b56443639cfe49c47274d76b [term 0 FOLLOWER]: Consensus starting up: Expiring failure detector timer to make a prompt election more likely
I0513 22:33:16.094786 988 raft_consensus.cc:705] T 01c2af1f12034771ba026a1fac9203df P 75a5cb20b56443639cfe49c47274d76b [term 0 FOLLOWER]: Becoming Follower/Learner. State: Replica: 75a5cb20b56443639cfe49c47274d76b, State: Initialized, Role: FOLLOWER
I0513 22:33:16.095441 993 raft_consensus.cc:472] T 9ce2cd8e3814425b86d4ef0b5309b05c P fb91e39117a5489e85c5a494ee14bcc3 [term 0 FOLLOWER]: Starting pre-election (no leader contacted us within the election timeout)
I0513 22:33:16.101003 989 raft_consensus.cc:366] T 01c2af1f12034771ba026a1fac9203df P fb91e39117a5489e85c5a494ee14bcc3 [term 0 FOLLOWER]: Consensus starting up: Expiring failure detector timer to make a prompt election more likely
I0513 22:33:16.095902 993 raft_consensus.cc:494] T 9ce2cd8e3814425b86d4ef0b5309b05c P fb91e39117a5489e85c5a494ee14bcc3 [term 0 FOLLOWER]: Starting pre-election with config: opid_index: -1 OBSOLETE_local: false peers { permanent_uuid: "6fe2349260fd4c51a94a6bc60fa6043b" member_type: VOTER last_known_addr { host: "127.0.116.129" port: 34317 } } peers { permanent_uuid: "75a5cb20b56443639cfe49c47274d76b" member_type: VOTER last_known_addr { host: "127.0.116.130" port: 35393 } } peers { permanent_uuid: "fb91e39117a5489e85c5a494ee14bcc3" member_type: VOTER last_known_addr { host: "127.0.116.131" port: 36837 } }
I0513 22:33:16.103987 989 raft_consensus.cc:705] T 01c2af1f12034771ba026a1fac9203df P fb91e39117a5489e85c5a494ee14bcc3 [term 0 FOLLOWER]: Becoming Follower/Learner. State: Replica: fb91e39117a5489e85c5a494ee14bcc3, State: Initialized, Role: FOLLOWER
I0513 22:33:16.104471 993 leader_election.cc:296] T 9ce2cd8e3814425b86d4ef0b5309b05c P fb91e39117a5489e85c5a494ee14bcc3 [CANDIDATE]: Term 1 pre-election: Requested pre-vote from peers 6fe2349260fd4c51a94a6bc60fa6043b (127.0.116.129:34317), 75a5cb20b56443639cfe49c47274d76b (127.0.116.130:35393)
I0513 22:33:16.104792 997 leader_election.cc:296] T 9ce2cd8e3814425b86d4ef0b5309b05c P 6fe2349260fd4c51a94a6bc60fa6043b [CANDIDATE]: Term 1 pre-election: Requested pre-vote from peers 75a5cb20b56443639cfe49c47274d76b (127.0.116.130:35393), fb91e39117a5489e85c5a494ee14bcc3 (127.0.116.131:36837)
I0513 22:33:16.104476 988 consensus_queue.cc:229] T 01c2af1f12034771ba026a1fac9203df P 75a5cb20b56443639cfe49c47274d76b [NON_LEADER]: Queue going to NON_LEADER mode. State: All replicated index: 0, Majority replicated index: 0, Committed index: 0, Last appended: 0.0, Last appended by leader: 0, Current term: 0, Majority size: -1, State: 0, Mode: NON_LEADER, active raft config: opid_index: -1 OBSOLETE_local: false peers { permanent_uuid: "75a5cb20b56443639cfe49c47274d76b" member_type: VOTER last_known_addr { host: "127.0.116.130" port: 35393 } } peers { permanent_uuid: "6fe2349260fd4c51a94a6bc60fa6043b" member_type: VOTER last_known_addr { host: "127.0.116.129" port: 34317 } } peers { permanent_uuid: "fb91e39117a5489e85c5a494ee14bcc3" member_type: VOTER last_known_addr { host: "127.0.116.131" port: 36837 } }
I0513 22:33:16.111255 995 raft_consensus.cc:472] T 01c2af1f12034771ba026a1fac9203df P 75a5cb20b56443639cfe49c47274d76b [term 0 FOLLOWER]: Starting pre-election (no leader contacted us within the election timeout)
I0513 22:33:16.116288 995 raft_consensus.cc:494] T 01c2af1f12034771ba026a1fac9203df P 75a5cb20b56443639cfe49c47274d76b [term 0 FOLLOWER]: Starting pre-election with config: opid_index: -1 OBSOLETE_local: false peers { permanent_uuid: "75a5cb20b56443639cfe49c47274d76b" member_type: VOTER last_known_addr { host: "127.0.116.130" port: 35393 } } peers { permanent_uuid: "6fe2349260fd4c51a94a6bc60fa6043b" member_type: VOTER last_known_addr { host: "127.0.116.129" port: 34317 } } peers { permanent_uuid: "fb91e39117a5489e85c5a494ee14bcc3" member_type: VOTER last_known_addr { host: "127.0.116.131" port: 36837 } }
I0513 22:33:16.119557 995 leader_election.cc:296] T 01c2af1f12034771ba026a1fac9203df P 75a5cb20b56443639cfe49c47274d76b [CANDIDATE]: Term 1 pre-election: Requested pre-vote from peers 6fe2349260fd4c51a94a6bc60fa6043b (127.0.116.129:34317), fb91e39117a5489e85c5a494ee14bcc3 (127.0.116.131:36837)
I0513 22:33:16.130303 809 tablet_service.cc:1286] Received RequestConsensusVote() RPC: tablet_id: "7e57e922f3a84a2e99667b5eacf7c18e" candidate_uuid: "fb91e39117a5489e85c5a494ee14bcc3" candidate_term: 1 candidate_status { last_received { term: 0 index: 0 } } ignore_live_leader: false dest_uuid: "6fe2349260fd4c51a94a6bc60fa6043b" is_pre_election: true
I0513 22:33:16.130601 808 tablet_service.cc:1286] Received RequestConsensusVote() RPC: tablet_id: "9ce2cd8e3814425b86d4ef0b5309b05c" candidate_uuid: "fb91e39117a5489e85c5a494ee14bcc3" candidate_term: 1 candidate_status { last_received { term: 0 index: 0 } } ignore_live_leader: false dest_uuid: "6fe2349260fd4c51a94a6bc60fa6043b" is_pre_election: true
I0513 22:33:16.130940 808 raft_consensus.cc:2346] T 9ce2cd8e3814425b86d4ef0b5309b05c P 6fe2349260fd4c51a94a6bc60fa6043b [term 0 FOLLOWER]: Leader pre-election vote request: Granting yes vote for candidate fb91e39117a5489e85c5a494ee14bcc3 in term 0.
I0513 22:33:16.131634 908 leader_election.cc:310] T 9ce2cd8e3814425b86d4ef0b5309b05c P fb91e39117a5489e85c5a494ee14bcc3 [CANDIDATE]: Term 1 pre-election: Election decided. Result: candidate won. Election summary: received 2 responses out of 3 voters: 2 yes votes; 0 no votes. yes voters: 6fe2349260fd4c51a94a6bc60fa6043b, fb91e39117a5489e85c5a494ee14bcc3; no voters:
I0513 22:33:16.130846 809 raft_consensus.cc:2346] T 7e57e922f3a84a2e99667b5eacf7c18e P 6fe2349260fd4c51a94a6bc60fa6043b [term 0 FOLLOWER]: Leader pre-election vote request: Granting yes vote for candidate fb91e39117a5489e85c5a494ee14bcc3 in term 0.
I0513 22:33:16.132128 993 raft_consensus.cc:2640] T 9ce2cd8e3814425b86d4ef0b5309b05c P fb91e39117a5489e85c5a494ee14bcc3 [term 0 FOLLOWER]: Leader pre-election won for term 1
I0513 22:33:16.132176 993 raft_consensus.cc:472] T 9ce2cd8e3814425b86d4ef0b5309b05c P fb91e39117a5489e85c5a494ee14bcc3 [term 0 FOLLOWER]: Starting leader election (no leader contacted us within the election timeout)
I0513 22:33:16.132441 993 raft_consensus.cc:2886] T 9ce2cd8e3814425b86d4ef0b5309b05c P fb91e39117a5489e85c5a494ee14bcc3 [term 0 FOLLOWER]: Advancing to term 1
I0513 22:33:16.134891 908 leader_election.cc:310] T 7e57e922f3a84a2e99667b5eacf7c18e P fb91e39117a5489e85c5a494ee14bcc3 [CANDIDATE]: Term 1 pre-election: Election decided. Result: candidate won. Election summary: received 2 responses out of 3 voters: 2 yes votes; 0 no votes. yes voters: 6fe2349260fd4c51a94a6bc60fa6043b, fb91e39117a5489e85c5a494ee14bcc3; no voters:
I0513 22:33:16.135120 1016 raft_consensus.cc:2640] T 7e57e922f3a84a2e99667b5eacf7c18e P fb91e39117a5489e85c5a494ee14bcc3 [term 0 FOLLOWER]: Leader pre-election won for term 1
I0513 22:33:16.135180 1016 raft_consensus.cc:472] T 7e57e922f3a84a2e99667b5eacf7c18e P fb91e39117a5489e85c5a494ee14bcc3 [term 0 FOLLOWER]: Starting leader election (no leader contacted us within the election timeout)
I0513 22:33:16.135246 1016 raft_consensus.cc:2886] T 7e57e922f3a84a2e99667b5eacf7c18e P fb91e39117a5489e85c5a494ee14bcc3 [term 0 FOLLOWER]: Advancing to term 1
I0513 22:33:16.137104 1016 raft_consensus.cc:494] T 7e57e922f3a84a2e99667b5eacf7c18e P fb91e39117a5489e85c5a494ee14bcc3 [term 1 FOLLOWER]: Starting leader election with config: opid_index: -1 OBSOLETE_local: false peers { permanent_uuid: "75a5cb20b56443639cfe49c47274d76b" member_type: VOTER last_known_addr { host: "127.0.116.130" port: 35393 } } peers { permanent_uuid: "6fe2349260fd4c51a94a6bc60fa6043b" member_type: VOTER last_known_addr { host: "127.0.116.129" port: 34317 } } peers { permanent_uuid: "fb91e39117a5489e85c5a494ee14bcc3" member_type: VOTER last_known_addr { host: "127.0.116.131" port: 36837 } }
I0513 22:33:16.137670 1016 leader_election.cc:296] T 7e57e922f3a84a2e99667b5eacf7c18e P fb91e39117a5489e85c5a494ee14bcc3 [CANDIDATE]: Term 1 election: Requested vote from peers 75a5cb20b56443639cfe49c47274d76b (127.0.116.130:35393), 6fe2349260fd4c51a94a6bc60fa6043b (127.0.116.129:34317)
I0513 22:33:16.138167 809 tablet_service.cc:1286] Received RequestConsensusVote() RPC: tablet_id: "7e57e922f3a84a2e99667b5eacf7c18e" candidate_uuid: "fb91e39117a5489e85c5a494ee14bcc3" candidate_term: 1 candidate_status { last_received { term: 0 index: 0 } } ignore_live_leader: false dest_uuid: "6fe2349260fd4c51a94a6bc60fa6043b"
I0513 22:33:16.138286 809 raft_consensus.cc:2886] T 7e57e922f3a84a2e99667b5eacf7c18e P 6fe2349260fd4c51a94a6bc60fa6043b [term 0 FOLLOWER]: Advancing to term 1
I0513 22:33:16.139111 993 raft_consensus.cc:494] T 9ce2cd8e3814425b86d4ef0b5309b05c P fb91e39117a5489e85c5a494ee14bcc3 [term 1 FOLLOWER]: Starting leader election with config: opid_index: -1 OBSOLETE_local: false peers { permanent_uuid: "6fe2349260fd4c51a94a6bc60fa6043b" member_type: VOTER last_known_addr { host: "127.0.116.129" port: 34317 } } peers { permanent_uuid: "75a5cb20b56443639cfe49c47274d76b" member_type: VOTER last_known_addr { host: "127.0.116.130" port: 35393 } } peers { permanent_uuid: "fb91e39117a5489e85c5a494ee14bcc3" member_type: VOTER last_known_addr { host: "127.0.116.131" port: 36837 } }
I0513 22:33:16.140379 809 raft_consensus.cc:2346] T 7e57e922f3a84a2e99667b5eacf7c18e P 6fe2349260fd4c51a94a6bc60fa6043b [term 1 FOLLOWER]: Leader election vote request: Granting yes vote for candidate fb91e39117a5489e85c5a494ee14bcc3 in term 1.
I0513 22:33:16.140663 908 leader_election.cc:310] T 7e57e922f3a84a2e99667b5eacf7c18e P fb91e39117a5489e85c5a494ee14bcc3 [CANDIDATE]: Term 1 election: Election decided. Result: candidate won. Election summary: received 2 responses out of 3 voters: 2 yes votes; 0 no votes. yes voters: 6fe2349260fd4c51a94a6bc60fa6043b, fb91e39117a5489e85c5a494ee14bcc3; no voters:
I0513 22:33:16.140851 1016 raft_consensus.cc:2640] T 7e57e922f3a84a2e99667b5eacf7c18e P fb91e39117a5489e85c5a494ee14bcc3 [term 1 FOLLOWER]: Leader election won for term 1
I0513 22:33:16.105319 989 consensus_queue.cc:229] T 01c2af1f12034771ba026a1fac9203df P fb91e39117a5489e85c5a494ee14bcc3 [NON_LEADER]: Queue going to NON_LEADER mode. State: All replicated index: 0, Majority replicated index: 0, Committed index: 0, Last appended: 0.0, Last appended by leader: 0, Current term: 0, Majority size: -1, State: 0, Mode: NON_LEADER, active raft config: opid_index: -1 OBSOLETE_local: false peers { permanent_uuid: "75a5cb20b56443639cfe49c47274d76b" member_type: VOTER last_known_addr { host: "127.0.116.130" port: 35393 } } peers { permanent_uuid: "6fe2349260fd4c51a94a6bc60fa6043b" member_type: VOTER last_known_addr { host: "127.0.116.129" port: 34317 } } peers { permanent_uuid: "fb91e39117a5489e85c5a494ee14bcc3" member_type: VOTER last_known_addr { host: "127.0.116.131" port: 36837 } }
I0513 22:33:16.146987 993 leader_election.cc:296] T 9ce2cd8e3814425b86d4ef0b5309b05c P fb91e39117a5489e85c5a494ee14bcc3 [CANDIDATE]: Term 1 election: Requested vote from peers 6fe2349260fd4c51a94a6bc60fa6043b (127.0.116.129:34317), 75a5cb20b56443639cfe49c47274d76b (127.0.116.130:35393)
I0513 22:33:16.150771 809 tablet_service.cc:1286] Received RequestConsensusVote() RPC: tablet_id: "9ce2cd8e3814425b86d4ef0b5309b05c" candidate_uuid: "fb91e39117a5489e85c5a494ee14bcc3" candidate_term: 1 candidate_status { last_received { term: 0 index: 0 } } ignore_live_leader: false dest_uuid: "6fe2349260fd4c51a94a6bc60fa6043b"
I0513 22:33:16.151167 809 raft_consensus.cc:2886] T 9ce2cd8e3814425b86d4ef0b5309b05c P 6fe2349260fd4c51a94a6bc60fa6043b [term 0 FOLLOWER]: Advancing to term 1
I0513 22:33:16.153141 988 ts_tablet_manager.cc:1081] T 01c2af1f12034771ba026a1fac9203df P 75a5cb20b56443639cfe49c47274d76b: Time spent starting tablet: real 0.067s user 0.000s sys 0.002s
I0513 22:33:16.154537 988 tablet_bootstrap.cc:439] T e1484634c50f45f28345fdc882a61cf5 P 75a5cb20b56443639cfe49c47274d76b: Bootstrap starting.
I0513 22:33:16.162233 1016 raft_consensus.cc:667] T 7e57e922f3a84a2e99667b5eacf7c18e P fb91e39117a5489e85c5a494ee14bcc3 [term 1 LEADER]: Becoming Leader. State: Replica: fb91e39117a5489e85c5a494ee14bcc3, State: Running, Role: LEADER
I0513 22:33:16.163477 944 tablet_service.cc:1286] Received RequestConsensusVote() RPC: tablet_id: "01c2af1f12034771ba026a1fac9203df" candidate_uuid: "75a5cb20b56443639cfe49c47274d76b" candidate_term: 1 candidate_status { last_received { term: 0 index: 0 } } ignore_live_leader: false dest_uuid: "fb91e39117a5489e85c5a494ee14bcc3" is_pre_election: true
I0513 22:33:16.165468 990 tablet_bootstrap.cc:439] T e1484634c50f45f28345fdc882a61cf5 P 6fe2349260fd4c51a94a6bc60fa6043b: No bootstrap required, opened a new log
I0513 22:33:16.165050 944 raft_consensus.cc:2346] T 01c2af1f12034771ba026a1fac9203df P fb91e39117a5489e85c5a494ee14bcc3 [term 0 FOLLOWER]: Leader pre-election vote request: Granting yes vote for candidate 75a5cb20b56443639cfe49c47274d76b in term 0.
I0513 22:33:16.164067 1016 consensus_queue.cc:206] T 7e57e922f3a84a2e99667b5eacf7c18e P fb91e39117a5489e85c5a494ee14bcc3 [LEADER]: Queue going to LEADER mode. State: All replicated index: 0, Majority replicated index: 0, Committed index: 0, Last appended: 0.0, Last appended by leader: 0, Current term: 1, Majority size: 2, State: 0, Mode: LEADER, active raft config: opid_index: -1 OBSOLETE_local: false peers { permanent_uuid: "75a5cb20b56443639cfe49c47274d76b" member_type: VOTER last_known_addr { host: "127.0.116.130" port: 35393 } } peers { permanent_uuid: "6fe2349260fd4c51a94a6bc60fa6043b" member_type: VOTER last_known_addr { host: "127.0.116.129" port: 34317 } } peers { permanent_uuid: "fb91e39117a5489e85c5a494ee14bcc3" member_type: VOTER last_known_addr { host: "127.0.116.131" port: 36837 } }
I0513 22:33:16.167116 989 ts_tablet_manager.cc:1081] T 01c2af1f12034771ba026a1fac9203df P fb91e39117a5489e85c5a494ee14bcc3: Time spent starting tablet: real 0.081s user 0.001s sys 0.008s
I0513 22:33:16.167587 809 raft_consensus.cc:2346] T 9ce2cd8e3814425b86d4ef0b5309b05c P 6fe2349260fd4c51a94a6bc60fa6043b [term 1 FOLLOWER]: Leader election vote request: Granting yes vote for candidate fb91e39117a5489e85c5a494ee14bcc3 in term 1.
I0513 22:33:16.167961 908 leader_election.cc:310] T 9ce2cd8e3814425b86d4ef0b5309b05c P fb91e39117a5489e85c5a494ee14bcc3 [CANDIDATE]: Term 1 election: Election decided. Result: candidate won. Election summary: received 2 responses out of 3 voters: 2 yes votes; 0 no votes. yes voters: 6fe2349260fd4c51a94a6bc60fa6043b, fb91e39117a5489e85c5a494ee14bcc3; no voters:
I0513 22:33:16.169554 990 ts_tablet_manager.cc:1053] T e1484634c50f45f28345fdc882a61cf5 P 6fe2349260fd4c51a94a6bc60fa6043b: Time spent bootstrapping tablet: real 0.082s user 0.009s sys 0.032s
I0513 22:33:16.172664 841 leader_election.cc:310] T 01c2af1f12034771ba026a1fac9203df P 75a5cb20b56443639cfe49c47274d76b [CANDIDATE]: Term 1 pre-election: Election decided. Result: candidate won. Election summary: received 2 responses out of 3 voters: 2 yes votes; 0 no votes. yes voters: 75a5cb20b56443639cfe49c47274d76b, fb91e39117a5489e85c5a494ee14bcc3; no voters:
I0513 22:33:16.173606 989 tablet_bootstrap.cc:439] T 73f1725c5aa04760a9d5e43d09f66e9e P fb91e39117a5489e85c5a494ee14bcc3: Bootstrap starting.
I0513 22:33:16.174484 1023 raft_consensus.cc:2640] T 9ce2cd8e3814425b86d4ef0b5309b05c P fb91e39117a5489e85c5a494ee14bcc3 [term 1 FOLLOWER]: Leader election won for term 1
I0513 22:33:16.174851 995 raft_consensus.cc:2640] T 01c2af1f12034771ba026a1fac9203df P 75a5cb20b56443639cfe49c47274d76b [term 0 FOLLOWER]: Leader pre-election won for term 1
I0513 22:33:16.174412 997 raft_consensus.cc:472] T a40718aa091247438d353d8c7739041e P 6fe2349260fd4c51a94a6bc60fa6043b [term 0 FOLLOWER]: Starting pre-election (no leader contacted us within the election timeout)
I0513 22:33:16.175335 993 raft_consensus.cc:472] T 3c141683c43f4fb78c4489e7904b28e8 P fb91e39117a5489e85c5a494ee14bcc3 [term 0 FOLLOWER]: Starting pre-election (no leader contacted us within the election timeout)
I0513 22:33:16.175930 995 raft_consensus.cc:472] T 01c2af1f12034771ba026a1fac9203df P 75a5cb20b56443639cfe49c47274d76b [term 0 FOLLOWER]: Starting leader election (no leader contacted us within the election timeout)
I0513 22:33:16.176028 995 raft_consensus.cc:2886] T 01c2af1f12034771ba026a1fac9203df P 75a5cb20b56443639cfe49c47274d76b [term 0 FOLLOWER]: Advancing to term 1
I0513 22:33:16.176416 809 tablet_service.cc:1286] Received RequestConsensusVote() RPC: tablet_id: "01c2af1f12034771ba026a1fac9203df" candidate_uuid: "75a5cb20b56443639cfe49c47274d76b" candidate_term: 1 candidate_status { last_received { term: 0 index: 0 } } ignore_live_leader: false dest_uuid: "6fe2349260fd4c51a94a6bc60fa6043b" is_pre_election: true
I0513 22:33:16.176853 997 raft_consensus.cc:494] T a40718aa091247438d353d8c7739041e P 6fe2349260fd4c51a94a6bc60fa6043b [term 0 FOLLOWER]: Starting pre-election with config: opid_index: -1 OBSOLETE_local: false peers { permanent_uuid: "75a5cb20b56443639cfe49c47274d76b" member_type: VOTER last_known_addr { host: "127.0.116.130" port: 35393 } } peers { permanent_uuid: "6fe2349260fd4c51a94a6bc60fa6043b" member_type: VOTER last_known_addr { host: "127.0.116.129" port: 34317 } } peers { permanent_uuid: "fb91e39117a5489e85c5a494ee14bcc3" member_type: VOTER last_known_addr { host: "127.0.116.131" port: 36837 } }
I0513 22:33:16.176595 1023 raft_consensus.cc:667] T 9ce2cd8e3814425b86d4ef0b5309b05c P fb91e39117a5489e85c5a494ee14bcc3 [term 1 LEADER]: Becoming Leader. State: Replica: fb91e39117a5489e85c5a494ee14bcc3, State: Running, Role: LEADER
I0513 22:33:16.178447 997 leader_election.cc:296] T a40718aa091247438d353d8c7739041e P 6fe2349260fd4c51a94a6bc60fa6043b [CANDIDATE]: Term 1 pre-election: Requested pre-vote from peers 75a5cb20b56443639cfe49c47274d76b (127.0.116.130:35393), fb91e39117a5489e85c5a494ee14bcc3 (127.0.116.131:36837)
I0513 22:33:16.178645 993 raft_consensus.cc:494] T 3c141683c43f4fb78c4489e7904b28e8 P fb91e39117a5489e85c5a494ee14bcc3 [term 0 FOLLOWER]: Starting pre-election with config: opid_index: -1 OBSOLETE_local: false peers { permanent_uuid: "75a5cb20b56443639cfe49c47274d76b" member_type: VOTER last_known_addr { host: "127.0.116.130" port: 35393 } } peers { permanent_uuid: "6fe2349260fd4c51a94a6bc60fa6043b" member_type: VOTER last_known_addr { host: "127.0.116.129" port: 34317 } } peers { permanent_uuid: "fb91e39117a5489e85c5a494ee14bcc3" member_type: VOTER last_known_addr { host: "127.0.116.131" port: 36837 } }
I0513 22:33:16.179242 809 raft_consensus.cc:2346] T 01c2af1f12034771ba026a1fac9203df P 6fe2349260fd4c51a94a6bc60fa6043b [term 0 FOLLOWER]: Leader pre-election vote request: Granting yes vote for candidate 75a5cb20b56443639cfe49c47274d76b in term 0.
I0513 22:33:16.185375 875 tablet_service.cc:1286] Received RequestConsensusVote() RPC: tablet_id: "7e57e922f3a84a2e99667b5eacf7c18e" candidate_uuid: "fb91e39117a5489e85c5a494ee14bcc3" candidate_term: 1 candidate_status { last_received { term: 0 index: 0 } } ignore_live_leader: false dest_uuid: "75a5cb20b56443639cfe49c47274d76b"
I0513 22:33:16.188730 993 leader_election.cc:296] T 3c141683c43f4fb78c4489e7904b28e8 P fb91e39117a5489e85c5a494ee14bcc3 [CANDIDATE]: Term 1 pre-election: Requested pre-vote from peers 75a5cb20b56443639cfe49c47274d76b (127.0.116.130:35393), 6fe2349260fd4c51a94a6bc60fa6043b (127.0.116.129:34317)
I0513 22:33:16.188393 875 raft_consensus.cc:2886] T 7e57e922f3a84a2e99667b5eacf7c18e P 75a5cb20b56443639cfe49c47274d76b [term 0 FOLLOWER]: Advancing to term 1
I0513 22:33:16.185420 874 tablet_service.cc:1286] Received RequestConsensusVote() RPC: tablet_id: "9ce2cd8e3814425b86d4ef0b5309b05c" candidate_uuid: "fb91e39117a5489e85c5a494ee14bcc3" candidate_term: 1 candidate_status { last_received { term: 0 index: 0 } } ignore_live_leader: false dest_uuid: "75a5cb20b56443639cfe49c47274d76b"
I0513 22:33:16.179648 876 tablet_service.cc:1286] Received RequestConsensusVote() RPC: tablet_id: "9ce2cd8e3814425b86d4ef0b5309b05c" candidate_uuid: "fb91e39117a5489e85c5a494ee14bcc3" candidate_term: 1 candidate_status { last_received { term: 0 index: 0 } } ignore_live_leader: false dest_uuid: "75a5cb20b56443639cfe49c47274d76b" is_pre_election: true
I0513 22:33:16.191879 874 raft_consensus.cc:2886] T 9ce2cd8e3814425b86d4ef0b5309b05c P 75a5cb20b56443639cfe49c47274d76b [term 0 FOLLOWER]: Advancing to term 1
I0513 22:33:16.191931 809 tablet_service.cc:1286] Received RequestConsensusVote() RPC: tablet_id: "3c141683c43f4fb78c4489e7904b28e8" candidate_uuid: "fb91e39117a5489e85c5a494ee14bcc3" candidate_term: 1 candidate_status { last_received { term: 0 index: 0 } } ignore_live_leader: false dest_uuid: "6fe2349260fd4c51a94a6bc60fa6043b" is_pre_election: true
I0513 22:33:16.189451 877 tablet_service.cc:1286] Received RequestConsensusVote() RPC: tablet_id: "7e57e922f3a84a2e99667b5eacf7c18e" candidate_uuid: "fb91e39117a5489e85c5a494ee14bcc3" candidate_term: 1 candidate_status { last_received { term: 0 index: 0 } } ignore_live_leader: false dest_uuid: "75a5cb20b56443639cfe49c47274d76b" is_pre_election: true
I0513 22:33:16.193744 944 tablet_service.cc:1286] Received RequestConsensusVote() RPC: tablet_id: "9ce2cd8e3814425b86d4ef0b5309b05c" candidate_uuid: "6fe2349260fd4c51a94a6bc60fa6043b" candidate_term: 1 candidate_status { last_received { term: 0 index: 0 } } ignore_live_leader: false dest_uuid: "fb91e39117a5489e85c5a494ee14bcc3" is_pre_election: true
I0513 22:33:16.194471 990 raft_consensus.cc:340] T e1484634c50f45f28345fdc882a61cf5 P 6fe2349260fd4c51a94a6bc60fa6043b [term 0 FOLLOWER]: Replica starting. Triggering 0 pending transactions. Active config: opid_index: -1 OBSOLETE_local: false peers { permanent_uuid: "6fe2349260fd4c51a94a6bc60fa6043b" member_type: VOTER last_known_addr { host: "127.0.116.129" port: 34317 } } peers { permanent_uuid: "75a5cb20b56443639cfe49c47274d76b" member_type: VOTER last_known_addr { host: "127.0.116.130" port: 35393 } } peers { permanent_uuid: "fb91e39117a5489e85c5a494ee14bcc3" member_type: VOTER last_known_addr { host: "127.0.116.131" port: 36837 } }
I0513 22:33:16.196678 990 raft_consensus.cc:366] T e1484634c50f45f28345fdc882a61cf5 P 6fe2349260fd4c51a94a6bc60fa6043b [term 0 FOLLOWER]: Consensus starting up: Expiring failure detector timer to make a prompt election more likely
I0513 22:33:16.191804 873 tablet_service.cc:1286] Received RequestConsensusVote() RPC: tablet_id: "3c141683c43f4fb78c4489e7904b28e8" candidate_uuid: "fb91e39117a5489e85c5a494ee14bcc3" candidate_term: 1 candidate_status { last_received { term: 0 index: 0 } } ignore_live_leader: false dest_uuid: "75a5cb20b56443639cfe49c47274d76b" is_pre_election: true
I0513 22:33:16.197062 873 raft_consensus.cc:2346] T 3c141683c43f4fb78c4489e7904b28e8 P 75a5cb20b56443639cfe49c47274d76b [term 0 FOLLOWER]: Leader pre-election vote request: Granting yes vote for candidate fb91e39117a5489e85c5a494ee14bcc3 in term 0.
I0513 22:33:16.197820 1016 raft_consensus.cc:472] T e1484634c50f45f28345fdc882a61cf5 P fb91e39117a5489e85c5a494ee14bcc3 [term 0 FOLLOWER]: Starting pre-election (no leader contacted us within the election timeout)
I0513 22:33:16.190554 1023 consensus_queue.cc:206] T 9ce2cd8e3814425b86d4ef0b5309b05c P fb91e39117a5489e85c5a494ee14bcc3 [LEADER]: Queue going to LEADER mode. State: All replicated index: 0, Majority replicated index: 0, Committed index: 0, Last appended: 0.0, Last appended by leader: 0, Current term: 1, Majority size: 2, State: 0, Mode: LEADER, active raft config: opid_index: -1 OBSOLETE_local: false peers { permanent_uuid: "6fe2349260fd4c51a94a6bc60fa6043b" member_type: VOTER last_known_addr { host: "127.0.116.129" port: 34317 } } peers { permanent_uuid: "75a5cb20b56443639cfe49c47274d76b" member_type: VOTER last_known_addr { host: "127.0.116.130" port: 35393 } } peers { permanent_uuid: "fb91e39117a5489e85c5a494ee14bcc3" member_type: VOTER last_known_addr { host: "127.0.116.131" port: 36837 } }
I0513 22:33:16.196089 943 tablet_service.cc:1286] Received RequestConsensusVote() RPC: tablet_id: "a40718aa091247438d353d8c7739041e" candidate_uuid: "6fe2349260fd4c51a94a6bc60fa6043b" candidate_term: 1 candidate_status { last_received { term: 0 index: 0 } } ignore_live_leader: false dest_uuid: "fb91e39117a5489e85c5a494ee14bcc3" is_pre_election: true
W0513 22:33:16.199666 908 leader_election.cc:348] T 3c141683c43f4fb78c4489e7904b28e8 P fb91e39117a5489e85c5a494ee14bcc3 [CANDIDATE]: Term 1 pre-election: Tablet error from VoteRequest() call to peer 6fe2349260fd4c51a94a6bc60fa6043b (127.0.116.129:34317): Illegal state: must be running to vote when last-logged opid is not known
