I0507 06:30:54.899942 4440 raft_consensus.cc:1181] T 143439bb7e50454aab47fae4ed3ad4ae P a49a0f0a6258477d8126ad3c88bf0d44 [term 1 FOLLOWER]: Refusing update from remote peer ae72da07d97b4d9b9e0d246ff83901ed: Log matching property violated. Preceding OpId in replica: term: 0 index: 0. Preceding OpId from leader: term: 1 index: 1. (index mismatch)
I0507 06:30:54.900887 4509 consensus_queue.cc:984] T 143439bb7e50454aab47fae4ed3ad4ae P ae72da07d97b4d9b9e0d246ff83901ed [LEADER]: Connected to new peer: Peer: permanent_uuid: "a49a0f0a6258477d8126ad3c88bf0d44" member_type: VOTER last_known_addr { host: "127.0.57.196" port: 43761 }, Status: LMP_MISMATCH, Last received: 0.0, Next index: 1, Last known committed idx: 0, Time since last communication: 0.000s
I0507 06:30:54.903185 4317 raft_consensus.cc:1181] T 143439bb7e50454aab47fae4ed3ad4ae P 7eecdaa8d1dc4a9988492494fbb17f1d [term 1 FOLLOWER]: Refusing update from remote peer ae72da07d97b4d9b9e0d246ff83901ed: Log matching property violated. Preceding OpId in replica: term: 0 index: 0. Preceding OpId from leader: term: 1 index: 1. (index mismatch)
I0507 06:30:54.903945 4509 consensus_queue.cc:984] T 143439bb7e50454aab47fae4ed3ad4ae P ae72da07d97b4d9b9e0d246ff83901ed [LEADER]: Connected to new peer: Peer: permanent_uuid: "7eecdaa8d1dc4a9988492494fbb17f1d" member_type: VOTER last_known_addr { host: "127.0.57.195" port: 33833 }, Status: LMP_MISMATCH, Last received: 0.0, Next index: 1, Last known committed idx: 0, Time since last communication: 0.000s
I0507 06:30:54.906386 231 ts_itest-base.cc:232] Waiting for 1 tablets on tserver a49a0f0a6258477d8126ad3c88bf0d44 to finish bootstrapping
I0507 06:30:54.934243 4196 consensus_queue.cc:206] T 143439bb7e50454aab47fae4ed3ad4ae P ae72da07d97b4d9b9e0d246ff83901ed [LEADER]: Queue going to LEADER mode. State: All replicated index: 0, Majority replicated index: 1, Committed index: 1, Last appended: 1.1, Last appended by leader: 0, Current term: 1, Majority size: 2, State: 0, Mode: LEADER, active raft config: opid_index: 2 OBSOLETE_local: false peers { permanent_uuid: "ae72da07d97b4d9b9e0d246ff83901ed" member_type: VOTER last_known_addr { host: "127.0.57.194" port: 34185 } } peers { permanent_uuid: "7eecdaa8d1dc4a9988492494fbb17f1d" member_type: VOTER last_known_addr { host: "127.0.57.195" port: 33833 } } peers { permanent_uuid: "a49a0f0a6258477d8126ad3c88bf0d44" member_type: VOTER last_known_addr { host: "127.0.57.196" port: 43761 } } peers { permanent_uuid: "6f2066e97dec4d75a86e72155048de14" member_type: NON_VOTER last_known_addr { host: "127.0.57.193" port: 43041 } attrs { } }
I0507 06:30:54.936823 4318 raft_consensus.cc:1181] T 143439bb7e50454aab47fae4ed3ad4ae P 7eecdaa8d1dc4a9988492494fbb17f1d [term 1 FOLLOWER]: Refusing update from remote peer ae72da07d97b4d9b9e0d246ff83901ed: Log matching property violated. Preceding OpId in replica: term: 1 index: 1. Preceding OpId from leader: term: 1 index: 2. (index mismatch)
I0507 06:30:54.937038 4440 raft_consensus.cc:1181] T 143439bb7e50454aab47fae4ed3ad4ae P a49a0f0a6258477d8126ad3c88bf0d44 [term 1 FOLLOWER]: Refusing update from remote peer ae72da07d97b4d9b9e0d246ff83901ed: Log matching property violated. Preceding OpId in replica: term: 1 index: 1. Preceding OpId from leader: term: 1 index: 2. (index mismatch)
I0507 06:30:54.937499 4524 consensus_queue.cc:984] T 143439bb7e50454aab47fae4ed3ad4ae P ae72da07d97b4d9b9e0d246ff83901ed [LEADER]: Connected to new peer: Peer: permanent_uuid: "7eecdaa8d1dc4a9988492494fbb17f1d" member_type: VOTER last_known_addr { host: "127.0.57.195" port: 33833 }, Status: LMP_MISMATCH, Last received: 0.0, Next index: 2, Last known committed idx: 1, Time since last communication: 0.000s
I0507 06:30:54.937810 4517 consensus_queue.cc:984] T 143439bb7e50454aab47fae4ed3ad4ae P ae72da07d97b4d9b9e0d246ff83901ed [LEADER]: Connected to new peer: Peer: permanent_uuid: "a49a0f0a6258477d8126ad3c88bf0d44" member_type: VOTER last_known_addr { host: "127.0.57.196" port: 43761 }, Status: LMP_MISMATCH, Last received: 0.0, Next index: 2, Last known committed idx: 1, Time since last communication: 0.000s
I0507 06:30:54.940167 4517 raft_consensus.cc:2788] T 143439bb7e50454aab47fae4ed3ad4ae P ae72da07d97b4d9b9e0d246ff83901ed [term 1 LEADER]: Committing config change with OpId 1.2: config changed from index -1 to 2, NON_VOTER 6f2066e97dec4d75a86e72155048de14 (127.0.57.193) added. New config: { opid_index: 2 OBSOLETE_local: false peers { permanent_uuid: "ae72da07d97b4d9b9e0d246ff83901ed" member_type: VOTER last_known_addr { host: "127.0.57.194" port: 34185 } } peers { permanent_uuid: "7eecdaa8d1dc4a9988492494fbb17f1d" member_type: VOTER last_known_addr { host: "127.0.57.195" port: 33833 } } peers { permanent_uuid: "a49a0f0a6258477d8126ad3c88bf0d44" member_type: VOTER last_known_addr { host: "127.0.57.196" port: 43761 } } peers { permanent_uuid: "6f2066e97dec4d75a86e72155048de14" member_type: NON_VOTER last_known_addr { host: "127.0.57.193" port: 43041 } attrs { } } }
I0507 06:30:54.940660 4440 raft_consensus.cc:2788] T 143439bb7e50454aab47fae4ed3ad4ae P a49a0f0a6258477d8126ad3c88bf0d44 [term 1 FOLLOWER]: Committing config change with OpId 1.2: config changed from index -1 to 2, NON_VOTER 6f2066e97dec4d75a86e72155048de14 (127.0.57.193) added. New config: { opid_index: 2 OBSOLETE_local: false peers { permanent_uuid: "ae72da07d97b4d9b9e0d246ff83901ed" member_type: VOTER last_known_addr { host: "127.0.57.194" port: 34185 } } peers { permanent_uuid: "7eecdaa8d1dc4a9988492494fbb17f1d" member_type: VOTER last_known_addr { host: "127.0.57.195" port: 33833 } } peers { permanent_uuid: "a49a0f0a6258477d8126ad3c88bf0d44" member_type: VOTER last_known_addr { host: "127.0.57.196" port: 43761 } } peers { permanent_uuid: "6f2066e97dec4d75a86e72155048de14" member_type: NON_VOTER last_known_addr { host: "127.0.57.193" port: 43041 } attrs { } } }
I0507 06:30:54.941031 4318 raft_consensus.cc:2788] T 143439bb7e50454aab47fae4ed3ad4ae P 7eecdaa8d1dc4a9988492494fbb17f1d [term 1 FOLLOWER]: Committing config change with OpId 1.2: config changed from index -1 to 2, NON_VOTER 6f2066e97dec4d75a86e72155048de14 (127.0.57.193) added. New config: { opid_index: 2 OBSOLETE_local: false peers { permanent_uuid: "ae72da07d97b4d9b9e0d246ff83901ed" member_type: VOTER last_known_addr { host: "127.0.57.194" port: 34185 } } peers { permanent_uuid: "7eecdaa8d1dc4a9988492494fbb17f1d" member_type: VOTER last_known_addr { host: "127.0.57.195" port: 33833 } } peers { permanent_uuid: "a49a0f0a6258477d8126ad3c88bf0d44" member_type: VOTER last_known_addr { host: "127.0.57.196" port: 43761 } } peers { permanent_uuid: "6f2066e97dec4d75a86e72155048de14" member_type: NON_VOTER last_known_addr { host: "127.0.57.193" port: 43041 } attrs { } } }
W0507 06:30:54.942447 4130 consensus_peers.cc:457] T 143439bb7e50454aab47fae4ed3ad4ae P ae72da07d97b4d9b9e0d246ff83901ed -> Peer 6f2066e97dec4d75a86e72155048de14 (127.0.57.193:43041): Couldn't send request to peer 6f2066e97dec4d75a86e72155048de14. Error code: TABLET_NOT_FOUND (6). Status: Not found: Tablet not found: 143439bb7e50454aab47fae4ed3ad4ae. This is attempt 1: this message will repeat every 5th retry.
I0507 06:30:54.944687 3951 catalog_manager.cc:3988] T 143439bb7e50454aab47fae4ed3ad4ae P a49a0f0a6258477d8126ad3c88bf0d44 reported cstate change: config changed from index -1 to 2, NON_VOTER 6f2066e97dec4d75a86e72155048de14 (127.0.57.193) added. New cstate: current_term: 1 leader_uuid: "ae72da07d97b4d9b9e0d246ff83901ed" committed_config { opid_index: 2 OBSOLETE_local: false peers { permanent_uuid: "ae72da07d97b4d9b9e0d246ff83901ed" member_type: VOTER last_known_addr { host: "127.0.57.194" port: 34185 } } peers { permanent_uuid: "7eecdaa8d1dc4a9988492494fbb17f1d" member_type: VOTER last_known_addr { host: "127.0.57.195" port: 33833 } } peers { permanent_uuid: "a49a0f0a6258477d8126ad3c88bf0d44" member_type: VOTER last_known_addr { host: "127.0.57.196" port: 43761 } } peers { permanent_uuid: "6f2066e97dec4d75a86e72155048de14" member_type: NON_VOTER last_known_addr { host: "127.0.57.193" port: 43041 } attrs { } } }
I0507 06:30:54.999177 4527 ts_tablet_manager.cc:676] T 143439bb7e50454aab47fae4ed3ad4ae P 6f2066e97dec4d75a86e72155048de14: Initiating tablet copy from peer ae72da07d97b4d9b9e0d246ff83901ed (127.0.57.194:34185)
I0507 06:30:54.999550 4527 tablet_copy_client.cc:240] T 143439bb7e50454aab47fae4ed3ad4ae P 6f2066e97dec4d75a86e72155048de14: tablet copy: Beginning tablet copy session from remote peer at address 127.0.57.194:34185
I0507 06:30:55.005698 4216 tablet_copy_service.cc:135] P ae72da07d97b4d9b9e0d246ff83901ed: Received BeginTabletCopySession request for tablet 143439bb7e50454aab47fae4ed3ad4ae from peer 6f2066e97dec4d75a86e72155048de14 ({username='slave'} at 127.0.57.193:57783)
I0507 06:30:55.005909 4216 tablet_copy_service.cc:156] P ae72da07d97b4d9b9e0d246ff83901ed: Beginning new tablet copy session on tablet 143439bb7e50454aab47fae4ed3ad4ae from peer 6f2066e97dec4d75a86e72155048de14 at {username='slave'} at 127.0.57.193:57783: session id = 6f2066e97dec4d75a86e72155048de14-143439bb7e50454aab47fae4ed3ad4ae
I0507 06:30:55.008263 4216 tablet_copy_source_session.cc:202] T 143439bb7e50454aab47fae4ed3ad4ae P ae72da07d97b4d9b9e0d246ff83901ed: Tablet Copy: opened 0 blocks and 1 log segments
I0507 06:30:55.013106 4527 data_dirs.cc:938] Could only allocate 1 dirs of requested 3 for tablet 143439bb7e50454aab47fae4ed3ad4ae. 1 dirs total, 0 dirs full, 0 dirs failed
I0507 06:30:55.022893 4527 tablet_copy_client.cc:575] T 143439bb7e50454aab47fae4ed3ad4ae P 6f2066e97dec4d75a86e72155048de14: tablet copy: Starting download of 0 data blocks...
I0507 06:30:55.023075 4527 tablet_copy_client.cc:538] T 143439bb7e50454aab47fae4ed3ad4ae P 6f2066e97dec4d75a86e72155048de14: tablet copy: Starting download of 1 WAL segments...
I0507 06:30:55.025172 4527 tablet_copy_client.cc:414] T 143439bb7e50454aab47fae4ed3ad4ae P 6f2066e97dec4d75a86e72155048de14: tablet copy: Tablet Copy complete. Replacing tablet superblock.
I0507 06:30:55.028570 4527 tablet_bootstrap.cc:439] T 143439bb7e50454aab47fae4ed3ad4ae P 6f2066e97dec4d75a86e72155048de14: Bootstrap starting.
I0507 06:30:55.034040 4527 log.cc:525] T 143439bb7e50454aab47fae4ed3ad4ae P 6f2066e97dec4d75a86e72155048de14: Log is configured to *not* fsync() on all Append() calls
I0507 06:30:55.036851 4527 tablet_bootstrap.cc:439] T 143439bb7e50454aab47fae4ed3ad4ae P 6f2066e97dec4d75a86e72155048de14: Bootstrap replayed 1/1 log segments. Stats: ops{read=2 overwritten=0 applied=2 ignored=0} inserts{seen=0 ignored=0} mutations{seen=0 ignored=0} orphaned_commits=0. Pending: 0 replicates
I0507 06:30:55.037178 4527 tablet_bootstrap.cc:439] T 143439bb7e50454aab47fae4ed3ad4ae P 6f2066e97dec4d75a86e72155048de14: Bootstrap complete.
I0507 06:30:55.037452 4527 ts_tablet_manager.cc:1053] T 143439bb7e50454aab47fae4ed3ad4ae P 6f2066e97dec4d75a86e72155048de14: Time spent bootstrapping tablet: real 0.009s user 0.007s sys 0.005s
I0507 06:30:55.043193 4527 raft_consensus.cc:340] T 143439bb7e50454aab47fae4ed3ad4ae P 6f2066e97dec4d75a86e72155048de14 [term 1 LEARNER]: Replica starting. Triggering 0 pending transactions. Active config: opid_index: 2 OBSOLETE_local: false peers { permanent_uuid: "ae72da07d97b4d9b9e0d246ff83901ed" member_type: VOTER last_known_addr { host: "127.0.57.194" port: 34185 } } peers { permanent_uuid: "7eecdaa8d1dc4a9988492494fbb17f1d" member_type: VOTER last_known_addr { host: "127.0.57.195" port: 33833 } } peers { permanent_uuid: "a49a0f0a6258477d8126ad3c88bf0d44" member_type: VOTER last_known_addr { host: "127.0.57.196" port: 43761 } } peers { permanent_uuid: "6f2066e97dec4d75a86e72155048de14" member_type: NON_VOTER last_known_addr { host: "127.0.57.193" port: 43041 } attrs { } }
I0507 06:30:55.043632 4527 raft_consensus.cc:705] T 143439bb7e50454aab47fae4ed3ad4ae P 6f2066e97dec4d75a86e72155048de14 [term 1 LEARNER]: Becoming Follower/Learner. State: Replica: 6f2066e97dec4d75a86e72155048de14, State: Initialized, Role: LEARNER
I0507 06:30:55.044116 4527 consensus_queue.cc:229] T 143439bb7e50454aab47fae4ed3ad4ae P 6f2066e97dec4d75a86e72155048de14 [NON_LEADER]: Queue going to NON_LEADER mode. State: All replicated index: 0, Majority replicated index: 0, Committed index: 2, Last appended: 1.2, Last appended by leader: 2, Current term: 0, Majority size: -1, State: 0, Mode: NON_LEADER, active raft config: opid_index: 2 OBSOLETE_local: false peers { permanent_uuid: "ae72da07d97b4d9b9e0d246ff83901ed" member_type: VOTER last_known_addr { host: "127.0.57.194" port: 34185 } } peers { permanent_uuid: "7eecdaa8d1dc4a9988492494fbb17f1d" member_type: VOTER last_known_addr { host: "127.0.57.195" port: 33833 } } peers { permanent_uuid: "a49a0f0a6258477d8126ad3c88bf0d44" member_type: VOTER last_known_addr { host: "127.0.57.196" port: 43761 } } peers { permanent_uuid: "6f2066e97dec4d75a86e72155048de14" member_type: NON_VOTER last_known_addr { host: "127.0.57.193" port: 43041 } attrs { } }
I0507 06:30:55.045675 4527 ts_tablet_manager.cc:1081] T 143439bb7e50454aab47fae4ed3ad4ae P 6f2066e97dec4d75a86e72155048de14: Time spent starting tablet: real 0.008s user 0.005s sys 0.004s
I0507 06:30:55.046542 4216 tablet_copy_service.cc:325] P ae72da07d97b4d9b9e0d246ff83901ed: Request end of tablet copy session 6f2066e97dec4d75a86e72155048de14-143439bb7e50454aab47fae4ed3ad4ae received from {username='slave'} at 127.0.57.193:57783
I0507 06:30:55.046701 4216 tablet_copy_service.cc:413] P ae72da07d97b4d9b9e0d246ff83901ed: ending tablet copy session 6f2066e97dec4d75a86e72155048de14-143439bb7e50454aab47fae4ed3ad4ae on tablet 143439bb7e50454aab47fae4ed3ad4ae with peer 6f2066e97dec4d75a86e72155048de14
I0507 06:30:55.057103 4073 raft_consensus.cc:1126] T 143439bb7e50454aab47fae4ed3ad4ae P 6f2066e97dec4d75a86e72155048de14 [term 1 LEARNER]: Deduplicated request from leader. Original: 1.1->[1.2-1.2] Dedup: 1.2->[]
I0507 06:30:55.059342 4196 consensus_queue.cc:206] T 143439bb7e50454aab47fae4ed3ad4ae P ae72da07d97b4d9b9e0d246ff83901ed [LEADER]: Queue going to LEADER mode. State: All replicated index: 0, Majority replicated index: 2, Committed index: 2, Last appended: 1.2, Last appended by leader: 0, Current term: 1, Majority size: 3, State: 0, Mode: LEADER, active raft config: opid_index: 3 OBSOLETE_local: false peers { permanent_uuid: "ae72da07d97b4d9b9e0d246ff83901ed" member_type: VOTER last_known_addr { host: "127.0.57.194" port: 34185 } } peers { permanent_uuid: "7eecdaa8d1dc4a9988492494fbb17f1d" member_type: VOTER last_known_addr { host: "127.0.57.195" port: 33833 } } peers { permanent_uuid: "a49a0f0a6258477d8126ad3c88bf0d44" member_type: VOTER last_known_addr { host: "127.0.57.196" port: 43761 } } peers { permanent_uuid: "6f2066e97dec4d75a86e72155048de14" member_type: VOTER last_known_addr { host: "127.0.57.193" port: 43041 } attrs { } }
I0507 06:30:55.061334 4073 raft_consensus.cc:1181] T 143439bb7e50454aab47fae4ed3ad4ae P 6f2066e97dec4d75a86e72155048de14 [term 1 LEARNER]: Refusing update from remote peer ae72da07d97b4d9b9e0d246ff83901ed: Log matching property violated. Preceding OpId in replica: term: 1 index: 2. Preceding OpId from leader: term: 1 index: 3. (index mismatch)
I0507 06:30:55.061445 4318 raft_consensus.cc:1181] T 143439bb7e50454aab47fae4ed3ad4ae P 7eecdaa8d1dc4a9988492494fbb17f1d [term 1 FOLLOWER]: Refusing update from remote peer ae72da07d97b4d9b9e0d246ff83901ed: Log matching property violated. Preceding OpId in replica: term: 1 index: 2. Preceding OpId from leader: term: 1 index: 3. (index mismatch)
I0507 06:30:55.061470 4440 raft_consensus.cc:1181] T 143439bb7e50454aab47fae4ed3ad4ae P a49a0f0a6258477d8126ad3c88bf0d44 [term 1 FOLLOWER]: Refusing update from remote peer ae72da07d97b4d9b9e0d246ff83901ed: Log matching property violated. Preceding OpId in replica: term: 1 index: 2. Preceding OpId from leader: term: 1 index: 3. (index mismatch)
I0507 06:30:55.061800 4509 consensus_queue.cc:984] T 143439bb7e50454aab47fae4ed3ad4ae P ae72da07d97b4d9b9e0d246ff83901ed [LEADER]: Connected to new peer: Peer: permanent_uuid: "6f2066e97dec4d75a86e72155048de14" member_type: VOTER last_known_addr { host: "127.0.57.193" port: 43041 } attrs { }, Status: LMP_MISMATCH, Last received: 0.0, Next index: 3, Last known committed idx: 2, Time since last communication: 0.000s
I0507 06:30:55.062019 4524 consensus_queue.cc:984] T 143439bb7e50454aab47fae4ed3ad4ae P ae72da07d97b4d9b9e0d246ff83901ed [LEADER]: Connected to new peer: Peer: permanent_uuid: "7eecdaa8d1dc4a9988492494fbb17f1d" member_type: VOTER last_known_addr { host: "127.0.57.195" port: 33833 }, Status: LMP_MISMATCH, Last received: 0.0, Next index: 3, Last known committed idx: 2, Time since last communication: 0.000s
I0507 06:30:55.062252 4517 consensus_queue.cc:984] T 143439bb7e50454aab47fae4ed3ad4ae P ae72da07d97b4d9b9e0d246ff83901ed [LEADER]: Connected to new peer: Peer: permanent_uuid: "a49a0f0a6258477d8126ad3c88bf0d44" member_type: VOTER last_known_addr { host: "127.0.57.196" port: 43761 }, Status: LMP_MISMATCH, Last received: 0.0, Next index: 3, Last known committed idx: 2, Time since last communication: 0.000s
I0507 06:30:55.065078 4517 raft_consensus.cc:2788] T 143439bb7e50454aab47fae4ed3ad4ae P ae72da07d97b4d9b9e0d246ff83901ed [term 1 LEADER]: Committing config change with OpId 1.3: config changed from index 2 to 3, 6f2066e97dec4d75a86e72155048de14 (127.0.57.193) changed from NON_VOTER to VOTER. New config: { opid_index: 3 OBSOLETE_local: false peers { permanent_uuid: "ae72da07d97b4d9b9e0d246ff83901ed" member_type: VOTER last_known_addr { host: "127.0.57.194" port: 34185 } } peers { permanent_uuid: "7eecdaa8d1dc4a9988492494fbb17f1d" member_type: VOTER last_known_addr { host: "127.0.57.195" port: 33833 } } peers { permanent_uuid: "a49a0f0a6258477d8126ad3c88bf0d44" member_type: VOTER last_known_addr { host: "127.0.57.196" port: 43761 } } peers { permanent_uuid: "6f2066e97dec4d75a86e72155048de14" member_type: VOTER last_known_addr { host: "127.0.57.193" port: 43041 } attrs { } } }
I0507 06:30:55.065743 4440 raft_consensus.cc:2788] T 143439bb7e50454aab47fae4ed3ad4ae P a49a0f0a6258477d8126ad3c88bf0d44 [term 1 FOLLOWER]: Committing config change with OpId 1.3: config changed from index 2 to 3, 6f2066e97dec4d75a86e72155048de14 (127.0.57.193) changed from NON_VOTER to VOTER. New config: { opid_index: 3 OBSOLETE_local: false peers { permanent_uuid: "ae72da07d97b4d9b9e0d246ff83901ed" member_type: VOTER last_known_addr { host: "127.0.57.194" port: 34185 } } peers { permanent_uuid: "7eecdaa8d1dc4a9988492494fbb17f1d" member_type: VOTER last_known_addr { host: "127.0.57.195" port: 33833 } } peers { permanent_uuid: "a49a0f0a6258477d8126ad3c88bf0d44" member_type: VOTER last_known_addr { host: "127.0.57.196" port: 43761 } } peers { permanent_uuid: "6f2066e97dec4d75a86e72155048de14" member_type: VOTER last_known_addr { host: "127.0.57.193" port: 43041 } attrs { } } }
I0507 06:30:55.066874 4073 raft_consensus.cc:2788] T 143439bb7e50454aab47fae4ed3ad4ae P 6f2066e97dec4d75a86e72155048de14 [term 1 FOLLOWER]: Committing config change with OpId 1.3: config changed from index 2 to 3, 6f2066e97dec4d75a86e72155048de14 (127.0.57.193) changed from NON_VOTER to VOTER. New config: { opid_index: 3 OBSOLETE_local: false peers { permanent_uuid: "ae72da07d97b4d9b9e0d246ff83901ed" member_type: VOTER last_known_addr { host: "127.0.57.194" port: 34185 } } peers { permanent_uuid: "7eecdaa8d1dc4a9988492494fbb17f1d" member_type: VOTER last_known_addr { host: "127.0.57.195" port: 33833 } } peers { permanent_uuid: "a49a0f0a6258477d8126ad3c88bf0d44" member_type: VOTER last_known_addr { host: "127.0.57.196" port: 43761 } } peers { permanent_uuid: "6f2066e97dec4d75a86e72155048de14" member_type: VOTER last_known_addr { host: "127.0.57.193" port: 43041 } attrs { } } }
I0507 06:30:55.068653 4318 raft_consensus.cc:2788] T 143439bb7e50454aab47fae4ed3ad4ae P 7eecdaa8d1dc4a9988492494fbb17f1d [term 1 FOLLOWER]: Committing config change with OpId 1.3: config changed from index 2 to 3, 6f2066e97dec4d75a86e72155048de14 (127.0.57.193) changed from NON_VOTER to VOTER. New config: { opid_index: 3 OBSOLETE_local: false peers { permanent_uuid: "ae72da07d97b4d9b9e0d246ff83901ed" member_type: VOTER last_known_addr { host: "127.0.57.194" port: 34185 } } peers { permanent_uuid: "7eecdaa8d1dc4a9988492494fbb17f1d" member_type: VOTER last_known_addr { host: "127.0.57.195" port: 33833 } } peers { permanent_uuid: "a49a0f0a6258477d8126ad3c88bf0d44" member_type: VOTER last_known_addr { host: "127.0.57.196" port: 43761 } } peers { permanent_uuid: "6f2066e97dec4d75a86e72155048de14" member_type: VOTER last_known_addr { host: "127.0.57.193" port: 43041 } attrs { } } }
I0507 06:30:55.069774 231 ts_itest-base.cc:232] Waiting for 1 tablets on tserver 6f2066e97dec4d75a86e72155048de14 to finish bootstrapping
I0507 06:30:55.069697 3952 catalog_manager.cc:3988] T 143439bb7e50454aab47fae4ed3ad4ae P a49a0f0a6258477d8126ad3c88bf0d44 reported cstate change: config changed from index 2 to 3, 6f2066e97dec4d75a86e72155048de14 (127.0.57.193) changed from NON_VOTER to VOTER. New cstate: current_term: 1 leader_uuid: "ae72da07d97b4d9b9e0d246ff83901ed" committed_config { opid_index: 3 OBSOLETE_local: false peers { permanent_uuid: "ae72da07d97b4d9b9e0d246ff83901ed" member_type: VOTER last_known_addr { host: "127.0.57.194" port: 34185 } } peers { permanent_uuid: "7eecdaa8d1dc4a9988492494fbb17f1d" member_type: VOTER last_known_addr { host: "127.0.57.195" port: 33833 } } peers { permanent_uuid: "a49a0f0a6258477d8126ad3c88bf0d44" member_type: VOTER last_known_addr { host: "127.0.57.196" port: 43761 } } peers { permanent_uuid: "6f2066e97dec4d75a86e72155048de14" member_type: VOTER last_known_addr { host: "127.0.57.193" port: 43041 } attrs { } } }
I0507 06:30:55.071156 231 ts_itest-base.cc:232] Waiting for 1 tablets on tserver ae72da07d97b4d9b9e0d246ff83901ed to finish bootstrapping
I0507 06:30:55.073165 231 ts_itest-base.cc:232] Waiting for 1 tablets on tserver 7eecdaa8d1dc4a9988492494fbb17f1d to finish bootstrapping
I0507 06:30:55.074617 231 ts_itest-base.cc:232] Waiting for 1 tablets on tserver a49a0f0a6258477d8126ad3c88bf0d44 to finish bootstrapping
I0507 06:30:55.216835 4511 raft_consensus.cc:472] T 143439bb7e50454aab47fae4ed3ad4ae P a49a0f0a6258477d8126ad3c88bf0d44 [term 1 FOLLOWER]: Starting pre-election (detected failure of leader ae72da07d97b4d9b9e0d246ff83901ed)
I0507 06:30:55.217043 4511 raft_consensus.cc:494] T 143439bb7e50454aab47fae4ed3ad4ae P a49a0f0a6258477d8126ad3c88bf0d44 [term 1 FOLLOWER]: Starting pre-election with config: opid_index: 3 OBSOLETE_local: false peers { permanent_uuid: "ae72da07d97b4d9b9e0d246ff83901ed" member_type: VOTER last_known_addr { host: "127.0.57.194" port: 34185 } } peers { permanent_uuid: "7eecdaa8d1dc4a9988492494fbb17f1d" member_type: VOTER last_known_addr { host: "127.0.57.195" port: 33833 } } peers { permanent_uuid: "a49a0f0a6258477d8126ad3c88bf0d44" member_type: VOTER last_known_addr { host: "127.0.57.196" port: 43761 } } peers { permanent_uuid: "6f2066e97dec4d75a86e72155048de14" member_type: VOTER last_known_addr { host: "127.0.57.193" port: 43041 } attrs { } }
I0507 06:30:55.217761 4511 leader_election.cc:296] T 143439bb7e50454aab47fae4ed3ad4ae P a49a0f0a6258477d8126ad3c88bf0d44 [CANDIDATE]: Term 2 pre-election: Requested pre-vote from peers ae72da07d97b4d9b9e0d246ff83901ed (127.0.57.194:34185), 7eecdaa8d1dc4a9988492494fbb17f1d (127.0.57.195:33833), 6f2066e97dec4d75a86e72155048de14 (127.0.57.193:43041)
I0507 06:30:55.218521 4318 tablet_service.cc:1286] Received RequestConsensusVote() RPC: tablet_id: "143439bb7e50454aab47fae4ed3ad4ae" candidate_uuid: "a49a0f0a6258477d8126ad3c88bf0d44" candidate_term: 2 candidate_status { last_received { term: 1 index: 3 } } ignore_live_leader: false dest_uuid: "7eecdaa8d1dc4a9988492494fbb17f1d" is_pre_election: true
I0507 06:30:55.218727 4318 raft_consensus.cc:2346] T 143439bb7e50454aab47fae4ed3ad4ae P 7eecdaa8d1dc4a9988492494fbb17f1d [term 1 FOLLOWER]: Leader pre-election vote request: Granting yes vote for candidate a49a0f0a6258477d8126ad3c88bf0d44 in term 1.
I0507 06:30:55.385656 4510 raft_consensus.cc:472] T 143439bb7e50454aab47fae4ed3ad4ae P 7eecdaa8d1dc4a9988492494fbb17f1d [term 1 FOLLOWER]: Starting pre-election (detected failure of leader ae72da07d97b4d9b9e0d246ff83901ed)
I0507 06:30:55.385864 4510 raft_consensus.cc:494] T 143439bb7e50454aab47fae4ed3ad4ae P 7eecdaa8d1dc4a9988492494fbb17f1d [term 1 FOLLOWER]: Starting pre-election with config: opid_index: 3 OBSOLETE_local: false peers { permanent_uuid: "ae72da07d97b4d9b9e0d246ff83901ed" member_type: VOTER last_known_addr { host: "127.0.57.194" port: 34185 } } peers { permanent_uuid: "7eecdaa8d1dc4a9988492494fbb17f1d" member_type: VOTER last_known_addr { host: "127.0.57.195" port: 33833 } } peers { permanent_uuid: "a49a0f0a6258477d8126ad3c88bf0d44" member_type: VOTER last_known_addr { host: "127.0.57.196" port: 43761 } } peers { permanent_uuid: "6f2066e97dec4d75a86e72155048de14" member_type: VOTER last_known_addr { host: "127.0.57.193" port: 43041 } attrs { } }
W0507 06:30:55.386943 4373 leader_election.cc:341] T 143439bb7e50454aab47fae4ed3ad4ae P a49a0f0a6258477d8126ad3c88bf0d44 [CANDIDATE]: Term 2 pre-election: RPC error from VoteRequest() call to peer ae72da07d97b4d9b9e0d246ff83901ed (127.0.57.194:34185): Timed out: RequestConsensusVote RPC to 127.0.57.194:34185 timed out after 0.169s (SENT)
I0507 06:30:55.387022 4511 raft_consensus.cc:472] T 143439bb7e50454aab47fae4ed3ad4ae P a49a0f0a6258477d8126ad3c88bf0d44 [term 1 FOLLOWER]: Starting pre-election (detected failure of leader ae72da07d97b4d9b9e0d246ff83901ed)
I0507 06:30:55.387145 4510 leader_election.cc:296] T 143439bb7e50454aab47fae4ed3ad4ae P 7eecdaa8d1dc4a9988492494fbb17f1d [CANDIDATE]: Term 2 pre-election: Requested pre-vote from peers ae72da07d97b4d9b9e0d246ff83901ed (127.0.57.194:34185), a49a0f0a6258477d8126ad3c88bf0d44 (127.0.57.196:43761), 6f2066e97dec4d75a86e72155048de14 (127.0.57.193:43041)
I0507 06:30:55.387197 4511 raft_consensus.cc:494] T 143439bb7e50454aab47fae4ed3ad4ae P a49a0f0a6258477d8126ad3c88bf0d44 [term 1 FOLLOWER]: Starting pre-election with config: opid_index: 3 OBSOLETE_local: false peers { permanent_uuid: "ae72da07d97b4d9b9e0d246ff83901ed" member_type: VOTER last_known_addr { host: "127.0.57.194" port: 34185 } } peers { permanent_uuid: "7eecdaa8d1dc4a9988492494fbb17f1d" member_type: VOTER last_known_addr { host: "127.0.57.195" port: 33833 } } peers { permanent_uuid: "a49a0f0a6258477d8126ad3c88bf0d44" member_type: VOTER last_known_addr { host: "127.0.57.196" port: 43761 } } peers { permanent_uuid: "6f2066e97dec4d75a86e72155048de14" member_type: VOTER last_known_addr { host: "127.0.57.193" port: 43041 } attrs { } }
I0507 06:30:55.387907 4511 leader_election.cc:296] T 143439bb7e50454aab47fae4ed3ad4ae P a49a0f0a6258477d8126ad3c88bf0d44 [CANDIDATE]: Term 2 pre-election: Requested pre-vote from peers ae72da07d97b4d9b9e0d246ff83901ed (127.0.57.194:34185), 7eecdaa8d1dc4a9988492494fbb17f1d (127.0.57.195:33833), 6f2066e97dec4d75a86e72155048de14 (127.0.57.193:43041)
W0507 06:30:55.388208 4374 leader_election.cc:341] T 143439bb7e50454aab47fae4ed3ad4ae P a49a0f0a6258477d8126ad3c88bf0d44 [CANDIDATE]: Term 2 pre-election: RPC error from VoteRequest() call to peer 6f2066e97dec4d75a86e72155048de14 (127.0.57.193:43041): Timed out: connection negotiation to 127.0.57.193:43041 for RPC RequestConsensusVote timed out after 0.169s (ON_OUTBOUND_QUEUE)
I0507 06:30:55.388295 4374 leader_election.cc:310] T 143439bb7e50454aab47fae4ed3ad4ae P a49a0f0a6258477d8126ad3c88bf0d44 [CANDIDATE]: Term 2 pre-election: Election decided. Result: candidate lost. Election summary: received 4 responses out of 4 voters: 2 yes votes; 2 no votes. yes voters: 7eecdaa8d1dc4a9988492494fbb17f1d, a49a0f0a6258477d8126ad3c88bf0d44; no voters: 6f2066e97dec4d75a86e72155048de14, ae72da07d97b4d9b9e0d246ff83901ed
I0507 06:30:55.388712 4511 raft_consensus.cc:2588] T 143439bb7e50454aab47fae4ed3ad4ae P a49a0f0a6258477d8126ad3c88bf0d44 [term 1 FOLLOWER]: Leader pre-election lost for term 2. Reason: could not achieve majority
I0507 06:30:55.389353 4318 tablet_service.cc:1286] Received RequestConsensusVote() RPC: tablet_id: "143439bb7e50454aab47fae4ed3ad4ae" candidate_uuid: "a49a0f0a6258477d8126ad3c88bf0d44" candidate_term: 2 candidate_status { last_received { term: 1 index: 3 } } ignore_live_leader: false dest_uuid: "7eecdaa8d1dc4a9988492494fbb17f1d" is_pre_election: true
I0507 06:30:55.389647 4318 raft_consensus.cc:2346] T 143439bb7e50454aab47fae4ed3ad4ae P 7eecdaa8d1dc4a9988492494fbb17f1d [term 1 FOLLOWER]: Leader pre-election vote request: Granting yes vote for candidate a49a0f0a6258477d8126ad3c88bf0d44 in term 1.
I0507 06:30:55.393311 4440 tablet_service.cc:1286] Received RequestConsensusVote() RPC: tablet_id: "143439bb7e50454aab47fae4ed3ad4ae" candidate_uuid: "7eecdaa8d1dc4a9988492494fbb17f1d" candidate_term: 2 candidate_status { last_received { term: 1 index: 3 } } ignore_live_leader: false dest_uuid: "a49a0f0a6258477d8126ad3c88bf0d44" is_pre_election: true
I0507 06:30:55.393515 4440 raft_consensus.cc:2346] T 143439bb7e50454aab47fae4ed3ad4ae P a49a0f0a6258477d8126ad3c88bf0d44 [term 1 FOLLOWER]: Leader pre-election vote request: Granting yes vote for candidate 7eecdaa8d1dc4a9988492494fbb17f1d in term 1.
W0507 06:30:55.560781 4373 leader_election.cc:341] T 143439bb7e50454aab47fae4ed3ad4ae P a49a0f0a6258477d8126ad3c88bf0d44 [CANDIDATE]: Term 2 pre-election: RPC error from VoteRequest() call to peer ae72da07d97b4d9b9e0d246ff83901ed (127.0.57.194:34185): Timed out: RequestConsensusVote RPC to 127.0.57.194:34185 timed out after 0.172s (SENT)
W0507 06:30:55.561120 4374 leader_election.cc:341] T 143439bb7e50454aab47fae4ed3ad4ae P a49a0f0a6258477d8126ad3c88bf0d44 [CANDIDATE]: Term 2 pre-election: RPC error from VoteRequest() call to peer 6f2066e97dec4d75a86e72155048de14 (127.0.57.193:43041): Timed out: connection negotiation to 127.0.57.193:43041 for RPC RequestConsensusVote timed out after 0.172s (ON_OUTBOUND_QUEUE)
I0507 06:30:55.561188 4374 leader_election.cc:310] T 143439bb7e50454aab47fae4ed3ad4ae P a49a0f0a6258477d8126ad3c88bf0d44 [CANDIDATE]: Term 2 pre-election: Election decided. Result: candidate lost. Election summary: received 4 responses out of 4 voters: 2 yes votes; 2 no votes. yes voters: 7eecdaa8d1dc4a9988492494fbb17f1d, a49a0f0a6258477d8126ad3c88bf0d44; no voters: 6f2066e97dec4d75a86e72155048de14, ae72da07d97b4d9b9e0d246ff83901ed
I0507 06:30:55.561594 4511 raft_consensus.cc:2588] T 143439bb7e50454aab47fae4ed3ad4ae P a49a0f0a6258477d8126ad3c88bf0d44 [term 1 FOLLOWER]: Leader pre-election lost for term 2. Reason: could not achieve majority
W0507 06:30:55.568891 4251 leader_election.cc:341] T 143439bb7e50454aab47fae4ed3ad4ae P 7eecdaa8d1dc4a9988492494fbb17f1d [CANDIDATE]: Term 2 pre-election: RPC error from VoteRequest() call to peer ae72da07d97b4d9b9e0d246ff83901ed (127.0.57.194:34185): Timed out: connection negotiation to 127.0.57.194:34185 for RPC RequestConsensusVote timed out after 0.181s (ON_OUTBOUND_QUEUE)
W0507 06:30:55.569327 4252 leader_election.cc:341] T 143439bb7e50454aab47fae4ed3ad4ae P 7eecdaa8d1dc4a9988492494fbb17f1d [CANDIDATE]: Term 2 pre-election: RPC error from VoteRequest() call to peer 6f2066e97dec4d75a86e72155048de14 (127.0.57.193:43041): Timed out: connection negotiation to 127.0.57.193:43041 for RPC RequestConsensusVote timed out after 0.181s (ON_OUTBOUND_QUEUE)
I0507 06:30:55.569413 4252 leader_election.cc:310] T 143439bb7e50454aab47fae4ed3ad4ae P 7eecdaa8d1dc4a9988492494fbb17f1d [CANDIDATE]: Term 2 pre-election: Election decided. Result: candidate lost. Election summary: received 4 responses out of 4 voters: 2 yes votes; 2 no votes. yes voters: 7eecdaa8d1dc4a9988492494fbb17f1d, a49a0f0a6258477d8126ad3c88bf0d44; no voters: 6f2066e97dec4d75a86e72155048de14, ae72da07d97b4d9b9e0d246ff83901ed
I0507 06:30:55.570056 4510 raft_consensus.cc:2588] T 143439bb7e50454aab47fae4ed3ad4ae P 7eecdaa8d1dc4a9988492494fbb17f1d [term 1 FOLLOWER]: Leader pre-election lost for term 2. Reason: could not achieve majority
I0507 06:30:55.763964 4510 raft_consensus.cc:472] T 143439bb7e50454aab47fae4ed3ad4ae P 7eecdaa8d1dc4a9988492494fbb17f1d [term 1 FOLLOWER]: Starting pre-election (detected failure of leader ae72da07d97b4d9b9e0d246ff83901ed)
I0507 06:30:55.764191 4510 raft_consensus.cc:494] T 143439bb7e50454aab47fae4ed3ad4ae P 7eecdaa8d1dc4a9988492494fbb17f1d [term 1 FOLLOWER]: Starting pre-election with config: opid_index: 3 OBSOLETE_local: false peers { permanent_uuid: "ae72da07d97b4d9b9e0d246ff83901ed" member_type: VOTER last_known_addr { host: "127.0.57.194" port: 34185 } } peers { permanent_uuid: "7eecdaa8d1dc4a9988492494fbb17f1d" member_type: VOTER last_known_addr { host: "127.0.57.195" port: 33833 } } peers { permanent_uuid: "a49a0f0a6258477d8126ad3c88bf0d44" member_type: VOTER last_known_addr { host: "127.0.57.196" port: 43761 } } peers { permanent_uuid: "6f2066e97dec4d75a86e72155048de14" member_type: VOTER last_known_addr { host: "127.0.57.193" port: 43041 } attrs { } }
I0507 06:30:55.765151 4510 leader_election.cc:296] T 143439bb7e50454aab47fae4ed3ad4ae P 7eecdaa8d1dc4a9988492494fbb17f1d [CANDIDATE]: Term 2 pre-election: Requested pre-vote from peers ae72da07d97b4d9b9e0d246ff83901ed (127.0.57.194:34185), a49a0f0a6258477d8126ad3c88bf0d44 (127.0.57.196:43761), 6f2066e97dec4d75a86e72155048de14 (127.0.57.193:43041)
I0507 06:30:55.766062 4440 tablet_service.cc:1286] Received RequestConsensusVote() RPC: tablet_id: "143439bb7e50454aab47fae4ed3ad4ae" candidate_uuid: "7eecdaa8d1dc4a9988492494fbb17f1d" candidate_term: 2 candidate_status { last_received { term: 1 index: 3 } } ignore_live_leader: false dest_uuid: "a49a0f0a6258477d8126ad3c88bf0d44" is_pre_election: true
I0507 06:30:55.766319 4440 raft_consensus.cc:2346] T 143439bb7e50454aab47fae4ed3ad4ae P a49a0f0a6258477d8126ad3c88bf0d44 [term 1 FOLLOWER]: Leader pre-election vote request: Granting yes vote for candidate 7eecdaa8d1dc4a9988492494fbb17f1d in term 1.
I0507 06:30:55.953011 4510 raft_consensus.cc:472] T 143439bb7e50454aab47fae4ed3ad4ae P 7eecdaa8d1dc4a9988492494fbb17f1d [term 1 FOLLOWER]: Starting pre-election (detected failure of leader ae72da07d97b4d9b9e0d246ff83901ed)
I0507 06:30:55.953246 4510 raft_consensus.cc:494] T 143439bb7e50454aab47fae4ed3ad4ae P 7eecdaa8d1dc4a9988492494fbb17f1d [term 1 FOLLOWER]: Starting pre-election with config: opid_index: 3 OBSOLETE_local: false peers { permanent_uuid: "ae72da07d97b4d9b9e0d246ff83901ed" member_type: VOTER last_known_addr { host: "127.0.57.194" port: 34185 } } peers { permanent_uuid: "7eecdaa8d1dc4a9988492494fbb17f1d" member_type: VOTER last_known_addr { host: "127.0.57.195" port: 33833 } } peers { permanent_uuid: "a49a0f0a6258477d8126ad3c88bf0d44" member_type: VOTER last_known_addr { host: "127.0.57.196" port: 43761 } } peers { permanent_uuid: "6f2066e97dec4d75a86e72155048de14" member_type: VOTER last_known_addr { host: "127.0.57.193" port: 43041 } attrs { } }
W0507 06:30:55.953536 4252 leader_election.cc:341] T 143439bb7e50454aab47fae4ed3ad4ae P 7eecdaa8d1dc4a9988492494fbb17f1d [CANDIDATE]: Term 2 pre-election: RPC error from VoteRequest() call to peer 6f2066e97dec4d75a86e72155048de14 (127.0.57.193:43041): Timed out: connection negotiation to 127.0.57.193:43041 for RPC RequestConsensusVote timed out after 0.188s (ON_OUTBOUND_QUEUE)
I0507 06:30:55.954120 4510 leader_election.cc:296] T 143439bb7e50454aab47fae4ed3ad4ae P 7eecdaa8d1dc4a9988492494fbb17f1d [CANDIDATE]: Term 2 pre-election: Requested pre-vote from peers ae72da07d97b4d9b9e0d246ff83901ed (127.0.57.194:34185), a49a0f0a6258477d8126ad3c88bf0d44 (127.0.57.196:43761), 6f2066e97dec4d75a86e72155048de14 (127.0.57.193:43041)
W0507 06:30:55.954190 4251 leader_election.cc:341] T 143439bb7e50454aab47fae4ed3ad4ae P 7eecdaa8d1dc4a9988492494fbb17f1d [CANDIDATE]: Term 2 pre-election: RPC error from VoteRequest() call to peer ae72da07d97b4d9b9e0d246ff83901ed (127.0.57.194:34185): Timed out: connection negotiation to 127.0.57.194:34185 for RPC RequestConsensusVote timed out after 0.188s (ON_OUTBOUND_QUEUE)
I0507 06:30:55.954327 4251 leader_election.cc:310] T 143439bb7e50454aab47fae4ed3ad4ae P 7eecdaa8d1dc4a9988492494fbb17f1d [CANDIDATE]: Term 2 pre-election: Election decided. Result: candidate lost. Election summary: received 4 responses out of 4 voters: 2 yes votes; 2 no votes. yes voters: 7eecdaa8d1dc4a9988492494fbb17f1d, a49a0f0a6258477d8126ad3c88bf0d44; no voters: 6f2066e97dec4d75a86e72155048de14, ae72da07d97b4d9b9e0d246ff83901ed
I0507 06:30:55.954623 4510 raft_consensus.cc:2588] T 143439bb7e50454aab47fae4ed3ad4ae P 7eecdaa8d1dc4a9988492494fbb17f1d [term 1 FOLLOWER]: Leader pre-election lost for term 2. Reason: could not achieve majority
I0507 06:30:55.954949 4440 tablet_service.cc:1286] Received RequestConsensusVote() RPC: tablet_id: "143439bb7e50454aab47fae4ed3ad4ae" candidate_uuid: "7eecdaa8d1dc4a9988492494fbb17f1d" candidate_term: 2 candidate_status { last_received { term: 1 index: 3 } } ignore_live_leader: false dest_uuid: "a49a0f0a6258477d8126ad3c88bf0d44" is_pre_election: true
I0507 06:30:55.955176 4440 raft_consensus.cc:2346] T 143439bb7e50454aab47fae4ed3ad4ae P a49a0f0a6258477d8126ad3c88bf0d44 [term 1 FOLLOWER]: Leader pre-election vote request: Granting yes vote for candidate 7eecdaa8d1dc4a9988492494fbb17f1d in term 1.
I0507 06:30:56.155292 4510 raft_consensus.cc:472] T 143439bb7e50454aab47fae4ed3ad4ae P 7eecdaa8d1dc4a9988492494fbb17f1d [term 1 FOLLOWER]: Starting pre-election (detected failure of leader ae72da07d97b4d9b9e0d246ff83901ed)
I0507 06:30:56.155606 4510 raft_consensus.cc:494] T 143439bb7e50454aab47fae4ed3ad4ae P 7eecdaa8d1dc4a9988492494fbb17f1d [term 1 FOLLOWER]: Starting pre-election with config: opid_index: 3 OBSOLETE_local: false peers { permanent_uuid: "ae72da07d97b4d9b9e0d246ff83901ed" member_type: VOTER last_known_addr { host: "127.0.57.194" port: 34185 } } peers { permanent_uuid: "7eecdaa8d1dc4a9988492494fbb17f1d" member_type: VOTER last_known_addr { host: "127.0.57.195" port: 33833 } } peers { permanent_uuid: "a49a0f0a6258477d8126ad3c88bf0d44" member_type: VOTER last_known_addr { host: "127.0.57.196" port: 43761 } } peers { permanent_uuid: "6f2066e97dec4d75a86e72155048de14" member_type: VOTER last_known_addr { host: "127.0.57.193" port: 43041 } attrs { } }
I0507 06:30:56.156365 4510 leader_election.cc:296] T 143439bb7e50454aab47fae4ed3ad4ae P 7eecdaa8d1dc4a9988492494fbb17f1d [CANDIDATE]: Term 2 pre-election: Requested pre-vote from peers ae72da07d97b4d9b9e0d246ff83901ed (127.0.57.194:34185), a49a0f0a6258477d8126ad3c88bf0d44 (127.0.57.196:43761), 6f2066e97dec4d75a86e72155048de14 (127.0.57.193:43041)
I0507 06:30:56.157236 4440 tablet_service.cc:1286] Received RequestConsensusVote() RPC: tablet_id: "143439bb7e50454aab47fae4ed3ad4ae" candidate_uuid: "7eecdaa8d1dc4a9988492494fbb17f1d" candidate_term: 2 candidate_status { last_received { term: 1 index: 3 } } ignore_live_leader: false dest_uuid: "a49a0f0a6258477d8126ad3c88bf0d44" is_pre_election: true
I0507 06:30:56.157440 4440 raft_consensus.cc:2346] T 143439bb7e50454aab47fae4ed3ad4ae P a49a0f0a6258477d8126ad3c88bf0d44 [term 1 FOLLOWER]: Leader pre-election vote request: Granting yes vote for candidate 7eecdaa8d1dc4a9988492494fbb17f1d in term 1.
W0507 06:30:56.238245 4251 leader_election.cc:341] T 143439bb7e50454aab47fae4ed3ad4ae P 7eecdaa8d1dc4a9988492494fbb17f1d [CANDIDATE]: Term 2 pre-election: RPC error from VoteRequest() call to peer ae72da07d97b4d9b9e0d246ff83901ed (127.0.57.194:34185): Timed out: connection negotiation to 127.0.57.194:34185 for RPC RequestConsensusVote timed out after 0.283s (ON_OUTBOUND_QUEUE)
W0507 06:30:56.238433 4252 leader_election.cc:341] T 143439bb7e50454aab47fae4ed3ad4ae P 7eecdaa8d1dc4a9988492494fbb17f1d [CANDIDATE]: Term 2 pre-election: RPC error from VoteRequest() call to peer 6f2066e97dec4d75a86e72155048de14 (127.0.57.193:43041): Timed out: connection negotiation to 127.0.57.193:43041 for RPC RequestConsensusVote timed out after 0.283s (ON_OUTBOUND_QUEUE)
I0507 06:30:56.238556 4252 leader_election.cc:310] T 143439bb7e50454aab47fae4ed3ad4ae P 7eecdaa8d1dc4a9988492494fbb17f1d [CANDIDATE]: Term 2 pre-election: Election decided. Result: candidate lost. Election summary: received 4 responses out of 4 voters: 2 yes votes; 2 no votes. yes voters: 7eecdaa8d1dc4a9988492494fbb17f1d, a49a0f0a6258477d8126ad3c88bf0d44; no voters: 6f2066e97dec4d75a86e72155048de14, ae72da07d97b4d9b9e0d246ff83901ed
I0507 06:30:56.239018 4510 raft_consensus.cc:2588] T 143439bb7e50454aab47fae4ed3ad4ae P 7eecdaa8d1dc4a9988492494fbb17f1d [term 1 FOLLOWER]: Leader pre-election lost for term 2. Reason: could not achieve majority
I0507 06:30:56.328275 4536 raft_consensus.cc:472] T 143439bb7e50454aab47fae4ed3ad4ae P a49a0f0a6258477d8126ad3c88bf0d44 [term 1 FOLLOWER]: Starting pre-election (detected failure of leader ae72da07d97b4d9b9e0d246ff83901ed)
I0507 06:30:56.328433 4536 raft_consensus.cc:494] T 143439bb7e50454aab47fae4ed3ad4ae P a49a0f0a6258477d8126ad3c88bf0d44 [term 1 FOLLOWER]: Starting pre-election with config: opid_index: 3 OBSOLETE_local: false peers { permanent_uuid: "ae72da07d97b4d9b9e0d246ff83901ed" member_type: VOTER last_known_addr { host: "127.0.57.194" port: 34185 } } peers { permanent_uuid: "7eecdaa8d1dc4a9988492494fbb17f1d" member_type: VOTER last_known_addr { host: "127.0.57.195" port: 33833 } } peers { permanent_uuid: "a49a0f0a6258477d8126ad3c88bf0d44" member_type: VOTER last_known_addr { host: "127.0.57.196" port: 43761 } } peers { permanent_uuid: "6f2066e97dec4d75a86e72155048de14" member_type: VOTER last_known_addr { host: "127.0.57.193" port: 43041 } attrs { } }
I0507 06:30:56.329175 4536 leader_election.cc:296] T 143439bb7e50454aab47fae4ed3ad4ae P a49a0f0a6258477d8126ad3c88bf0d44 [CANDIDATE]: Term 2 pre-election: Requested pre-vote from peers ae72da07d97b4d9b9e0d246ff83901ed (127.0.57.194:34185), 7eecdaa8d1dc4a9988492494fbb17f1d (127.0.57.195:33833), 6f2066e97dec4d75a86e72155048de14 (127.0.57.193:43041)
I0507 06:30:56.329849 4318 tablet_service.cc:1286] Received RequestConsensusVote() RPC: tablet_id: "143439bb7e50454aab47fae4ed3ad4ae" candidate_uuid: "a49a0f0a6258477d8126ad3c88bf0d44" candidate_term: 2 candidate_status { last_received { term: 1 index: 3 } } ignore_live_leader: false dest_uuid: "7eecdaa8d1dc4a9988492494fbb17f1d" is_pre_election: true
I0507 06:30:56.330068 4318 raft_consensus.cc:2346] T 143439bb7e50454aab47fae4ed3ad4ae P 7eecdaa8d1dc4a9988492494fbb17f1d [term 1 FOLLOWER]: Leader pre-election vote request: Granting yes vote for candidate a49a0f0a6258477d8126ad3c88bf0d44 in term 1.
W0507 06:30:56.412803 4252 leader_election.cc:341] T 143439bb7e50454aab47fae4ed3ad4ae P 7eecdaa8d1dc4a9988492494fbb17f1d [CANDIDATE]: Term 2 pre-election: RPC error from VoteRequest() call to peer 6f2066e97dec4d75a86e72155048de14 (127.0.57.193:43041): Timed out: connection negotiation to 127.0.57.193:43041 for RPC RequestConsensusVote timed out after 0.256s (ON_OUTBOUND_QUEUE)
W0507 06:30:56.413008 4251 leader_election.cc:341] T 143439bb7e50454aab47fae4ed3ad4ae P 7eecdaa8d1dc4a9988492494fbb17f1d [CANDIDATE]: Term 2 pre-election: RPC error from VoteRequest() call to peer ae72da07d97b4d9b9e0d246ff83901ed (127.0.57.194:34185): Timed out: connection negotiation to 127.0.57.194:34185 for RPC RequestConsensusVote timed out after 0.256s (ON_OUTBOUND_QUEUE)
I0507 06:30:56.413120 4251 leader_election.cc:310] T 143439bb7e50454aab47fae4ed3ad4ae P 7eecdaa8d1dc4a9988492494fbb17f1d [CANDIDATE]: Term 2 pre-election: Election decided. Result: candidate lost. Election summary: received 4 responses out of 4 voters: 2 yes votes; 2 no votes. yes voters: 7eecdaa8d1dc4a9988492494fbb17f1d, a49a0f0a6258477d8126ad3c88bf0d44; no voters: 6f2066e97dec4d75a86e72155048de14, ae72da07d97b4d9b9e0d246ff83901ed
I0507 06:30:56.413496 4510 raft_consensus.cc:2588] T 143439bb7e50454aab47fae4ed3ad4ae P 7eecdaa8d1dc4a9988492494fbb17f1d [term 1 FOLLOWER]: Leader pre-election lost for term 2. Reason: could not achieve majority
I0507 06:30:56.601639 4510 raft_consensus.cc:472] T 143439bb7e50454aab47fae4ed3ad4ae P 7eecdaa8d1dc4a9988492494fbb17f1d [term 1 FOLLOWER]: Starting pre-election (detected failure of leader ae72da07d97b4d9b9e0d246ff83901ed)
I0507 06:30:56.601855 4510 raft_consensus.cc:494] T 143439bb7e50454aab47fae4ed3ad4ae P 7eecdaa8d1dc4a9988492494fbb17f1d [term 1 FOLLOWER]: Starting pre-election with config: opid_index: 3 OBSOLETE_local: false peers { permanent_uuid: "ae72da07d97b4d9b9e0d246ff83901ed" member_type: VOTER last_known_addr { host: "127.0.57.194" port: 34185 } } peers { permanent_uuid: "7eecdaa8d1dc4a9988492494fbb17f1d" member_type: VOTER last_known_addr { host: "127.0.57.195" port: 33833 } } peers { permanent_uuid: "a49a0f0a6258477d8126ad3c88bf0d44" member_type: VOTER last_known_addr { host: "127.0.57.196" port: 43761 } } peers { permanent_uuid: "6f2066e97dec4d75a86e72155048de14" member_type: VOTER last_known_addr { host: "127.0.57.193" port: 43041 } attrs { } }
I0507 06:30:56.602609 4510 leader_election.cc:296] T 143439bb7e50454aab47fae4ed3ad4ae P 7eecdaa8d1dc4a9988492494fbb17f1d [CANDIDATE]: Term 2 pre-election: Requested pre-vote from peers ae72da07d97b4d9b9e0d246ff83901ed (127.0.57.194:34185), a49a0f0a6258477d8126ad3c88bf0d44 (127.0.57.196:43761), 6f2066e97dec4d75a86e72155048de14 (127.0.57.193:43041)
I0507 06:30:56.603415 4440 tablet_service.cc:1286] Received RequestConsensusVote() RPC: tablet_id: "143439bb7e50454aab47fae4ed3ad4ae" candidate_uuid: "7eecdaa8d1dc4a9988492494fbb17f1d" candidate_term: 2 candidate_status { last_received { term: 1 index: 3 } } ignore_live_leader: false dest_uuid: "a49a0f0a6258477d8126ad3c88bf0d44" is_pre_election: true
I0507 06:30:56.603605 4440 raft_consensus.cc:2346] T 143439bb7e50454aab47fae4ed3ad4ae P a49a0f0a6258477d8126ad3c88bf0d44 [term 1 FOLLOWER]: Leader pre-election vote request: Granting yes vote for candidate 7eecdaa8d1dc4a9988492494fbb17f1d in term 1.
W0507 06:30:56.655591 4374 leader_election.cc:341] T 143439bb7e50454aab47fae4ed3ad4ae P a49a0f0a6258477d8126ad3c88bf0d44 [CANDIDATE]: Term 2 pre-election: RPC error from VoteRequest() call to peer 6f2066e97dec4d75a86e72155048de14 (127.0.57.193:43041): Timed out: connection negotiation to 127.0.57.193:43041 for RPC RequestConsensusVote timed out after 0.326s (ON_OUTBOUND_QUEUE)
W0507 06:30:56.655817 4373 leader_election.cc:341] T 143439bb7e50454aab47fae4ed3ad4ae P a49a0f0a6258477d8126ad3c88bf0d44 [CANDIDATE]: Term 2 pre-election: RPC error from VoteRequest() call to peer ae72da07d97b4d9b9e0d246ff83901ed (127.0.57.194:34185): Timed out: RequestConsensusVote RPC to 127.0.57.194:34185 timed out after 0.326s (SENT)
I0507 06:30:56.655969 4373 leader_election.cc:310] T 143439bb7e50454aab47fae4ed3ad4ae P a49a0f0a6258477d8126ad3c88bf0d44 [CANDIDATE]: Term 2 pre-election: Election decided. Result: candidate lost. Election summary: received 4 responses out of 4 voters: 2 yes votes; 2 no votes. yes voters: 7eecdaa8d1dc4a9988492494fbb17f1d, a49a0f0a6258477d8126ad3c88bf0d44; no voters: 6f2066e97dec4d75a86e72155048de14, ae72da07d97b4d9b9e0d246ff83901ed
I0507 06:30:56.656340 4536 raft_consensus.cc:2588] T 143439bb7e50454aab47fae4ed3ad4ae P a49a0f0a6258477d8126ad3c88bf0d44 [term 1 FOLLOWER]: Leader pre-election lost for term 2. Reason: could not achieve majority
I0507 06:30:56.934231 4536 raft_consensus.cc:472] T 143439bb7e50454aab47fae4ed3ad4ae P a49a0f0a6258477d8126ad3c88bf0d44 [term 1 FOLLOWER]: Starting pre-election (detected failure of leader ae72da07d97b4d9b9e0d246ff83901ed)
I0507 06:30:56.934420 4536 raft_consensus.cc:494] T 143439bb7e50454aab47fae4ed3ad4ae P a49a0f0a6258477d8126ad3c88bf0d44 [term 1 FOLLOWER]: Starting pre-election with config: opid_index: 3 OBSOLETE_local: false peers { permanent_uuid: "ae72da07d97b4d9b9e0d246ff83901ed" member_type: VOTER last_known_addr { host: "127.0.57.194" port: 34185 } } peers { permanent_uuid: "7eecdaa8d1dc4a9988492494fbb17f1d" member_type: VOTER last_known_addr { host: "127.0.57.195" port: 33833 } } peers { permanent_uuid: "a49a0f0a6258477d8126ad3c88bf0d44" member_type: VOTER last_known_addr { host: "127.0.57.196" port: 43761 } } peers { permanent_uuid: "6f2066e97dec4d75a86e72155048de14" member_type: VOTER last_known_addr { host: "127.0.57.193" port: 43041 } attrs { } }
I0507 06:30:56.935236 4536 leader_election.cc:296] T 143439bb7e50454aab47fae4ed3ad4ae P a49a0f0a6258477d8126ad3c88bf0d44 [CANDIDATE]: Term 2 pre-election: Requested pre-vote from peers ae72da07d97b4d9b9e0d246ff83901ed (127.0.57.194:34185), 7eecdaa8d1dc4a9988492494fbb17f1d (127.0.57.195:33833), 6f2066e97dec4d75a86e72155048de14 (127.0.57.193:43041)
I0507 06:30:56.935945 4318 tablet_service.cc:1286] Received RequestConsensusVote() RPC: tablet_id: "143439bb7e50454aab47fae4ed3ad4ae" candidate_uuid: "a49a0f0a6258477d8126ad3c88bf0d44" candidate_term: 2 candidate_status { last_received { term: 1 index: 3 } } ignore_live_leader: false dest_uuid: "7eecdaa8d1dc4a9988492494fbb17f1d" is_pre_election: true
I0507 06:30:56.936178 4318 raft_consensus.cc:2346] T 143439bb7e50454aab47fae4ed3ad4ae P 7eecdaa8d1dc4a9988492494fbb17f1d [term 1 FOLLOWER]: Leader pre-election vote request: Granting yes vote for candidate a49a0f0a6258477d8126ad3c88bf0d44 in term 1.
I0507 06:30:57.184130 4536 raft_consensus.cc:472] T 143439bb7e50454aab47fae4ed3ad4ae P a49a0f0a6258477d8126ad3c88bf0d44 [term 1 FOLLOWER]: Starting pre-election (detected failure of leader ae72da07d97b4d9b9e0d246ff83901ed)
W0507 06:30:57.184470 4374 leader_election.cc:341] T 143439bb7e50454aab47fae4ed3ad4ae P a49a0f0a6258477d8126ad3c88bf0d44 [CANDIDATE]: Term 2 pre-election: RPC error from VoteRequest() call to peer 6f2066e97dec4d75a86e72155048de14 (127.0.57.193:43041): Timed out: connection negotiation to 127.0.57.193:43041 for RPC RequestConsensusVote timed out after 0.249s (ON_OUTBOUND_QUEUE)
