I0507 06:28:27.392953 1670 fs_manager.cc:602] Generated new instance metadata in path /tmp/dist-test-taskKhSYji/test-tmp/raft_consensus_nonvoter-itest.0.RaftConsensusNonVoterITest.AddNonVoterReplica.1557210500371863-231/raft_consensus-itest-cluster/ts-1/data/instance: uuid: "af7bb239a5d6454daa140682a17b532d" format_stamp: "Formatted at 2019-05-07 06:28:27 on dist-test-slave-dist-test-slave-rqp6"
I0507 06:28:27.393501 1670 fs_manager.cc:602] Generated new instance metadata in path /tmp/dist-test-taskKhSYji/test-tmp/raft_consensus_nonvoter-itest.0.RaftConsensusNonVoterITest.AddNonVoterReplica.1557210500371863-231/raft_consensus-itest-cluster/ts-1/wal/instance: uuid: "af7bb239a5d6454daa140682a17b532d" format_stamp: "Formatted at 2019-05-07 06:28:27 on dist-test-slave-dist-test-slave-rqp6"
I0507 06:28:27.399518 1670 fs_manager.cc:503] Time spent creating directory manager: real 0.006s user 0.005s sys 0.001s
I0507 06:28:27.400475 1670 env_posix.cc:1676] Not raising this process' open files per process limit of 1048576; it is already as high as it can go
I0507 06:28:27.401028 1670 file_cache.cc:466] Constructed file cache lbm with capacity 419430
I0507 06:28:27.403767 1670 fs_manager.cc:419] Time spent opening block manager: real 0.002s user 0.001s sys 0.000s
I0507 06:28:27.403828 1670 fs_manager.cc:436] Opened local filesystem: /tmp/dist-test-taskKhSYji/test-tmp/raft_consensus_nonvoter-itest.0.RaftConsensusNonVoterITest.AddNonVoterReplica.1557210500371863-231/raft_consensus-itest-cluster/ts-1/data,/tmp/dist-test-taskKhSYji/test-tmp/raft_consensus_nonvoter-itest.0.RaftConsensusNonVoterITest.AddNonVoterReplica.1557210500371863-231/raft_consensus-itest-cluster/ts-1/wal uuid: "af7bb239a5d6454daa140682a17b532d" format_stamp: "Formatted at 2019-05-07 06:28:27 on dist-test-slave-dist-test-slave-rqp6"
I0507 06:28:27.403975 1670 fs_report.cc:352] FS layout report -------------------- wal directory: /tmp/dist-test-taskKhSYji/test-tmp/raft_consensus_nonvoter-itest.0.RaftConsensusNonVoterITest.AddNonVoterReplica.1557210500371863-231/raft_consensus-itest-cluster/ts-1/wal metadata directory: /tmp/dist-test-taskKhSYji/test-tmp/raft_consensus_nonvoter-itest.0.RaftConsensusNonVoterITest.AddNonVoterReplica.1557210500371863-231/raft_consensus-itest-cluster/ts-1/wal 1 data directories: /tmp/dist-test-taskKhSYji/test-tmp/raft_consensus_nonvoter-itest.0.RaftConsensusNonVoterITest.AddNonVoterReplica.1557210500371863-231/raft_consensus-itest-cluster/ts-1/data/data Total live blocks: 0 Total live bytes: 0 Total live bytes (after alignment): 0 Total number of LBM containers: 0 (0 full) Did not check for missing blocks Did not check for orphaned blocks Total full LBM containers with extra space: 0 (0 repaired) Total full LBM container extra space in bytes: 0 (0 repaired) Total incomplete LBM containers: 0 (0 repaired) Total LBM partial records: 0 (0 repaired)
I0507 06:28:27.465314 1670 env_posix.cc:1676] Not raising this process' running threads per effective uid limit of 18446744073709551615; it is already as high as it can go
I0507 06:28:27.466971 1670 ts_tablet_manager.cc:356] Loaded tablet metadata (0 total tablets, 0 live tablets)
I0507 06:28:27.467031 1670 ts_tablet_manager.cc:376] Registered 0 tablets
I0507 06:28:27.488898 1670 rpc_server.cc:205] RPC server started. Bound to: 127.0.57.194:43367
I0507 06:28:27.489992 1670 webserver.cc:308] Webserver started at http://127.0.57.194:42655/ using document root and password file
I0507 06:28:27.490682 1670 server_base.cc:608] Dumped server information to /tmp/dist-test-taskKhSYji/test-tmp/raft_consensus_nonvoter-itest.0.RaftConsensusNonVoterITest.AddNonVoterReplica.1557210500371863-231/raft_consensus-itest-cluster/ts-1/data/info.pb
I0507 06:28:27.498245 231 external_mini_cluster.cc:995] Started /tmp/dist-test-taskKhSYji/build/asan/bin/kudu-tserver as pid 1670
I0507 06:28:27.498982 231 external_mini_cluster.cc:933] Running /tmp/dist-test-taskKhSYji/build/asan/bin/kudu-tserver /tmp/dist-test-taskKhSYji/build/asan/bin/kudu-tserver --fs_wal_dir=/tmp/dist-test-taskKhSYji/test-tmp/raft_consensus_nonvoter-itest.0.RaftConsensusNonVoterITest.AddNonVoterReplica.1557210500371863-231/raft_consensus-itest-cluster/ts-2/wal --fs_data_dirs=/tmp/dist-test-taskKhSYji/test-tmp/raft_consensus_nonvoter-itest.0.RaftConsensusNonVoterITest.AddNonVoterReplica.1557210500371863-231/raft_consensus-itest-cluster/ts-2/data --block_manager=log --rpc_bind_addresses=127.0.57.195:0 --local_ip_for_outbound_sockets=127.0.57.195 --webserver_interface=127.0.57.195 --webserver_port=0 --tserver_master_addrs=127.0.57.254:38587 --never_fsync --ipki_server_key_size=1024 --enable_minidumps=false --redact=none --metrics_log_interval_ms=1000 --logtostderr --logbuflevel=-1 --log_dir=/tmp/dist-test-taskKhSYji/test-tmp/raft_consensus_nonvoter-itest.0.RaftConsensusNonVoterITest.AddNonVoterReplica.1557210500371863-231/raft_consensus-itest-cluster/ts-2/logs --server_dump_info_path=/tmp/dist-test-taskKhSYji/test-tmp/raft_consensus_nonvoter-itest.0.RaftConsensusNonVoterITest.AddNonVoterReplica.1557210500371863-231/raft_consensus-itest-cluster/ts-2/data/info.pb --server_dump_info_format=pb --rpc_server_allow_ephemeral_ports --unlock_experimental_flags --unlock_unsafe_flags --tablet_copy_download_file_inject_latency_ms=1000 with env {}
I0507 06:28:27.503171 1789 heartbeater.cc:345] Connected to a master server at 127.0.57.254:38587
I0507 06:28:27.503379 1789 heartbeater.cc:426] Registering TS with master...
I0507 06:28:27.503964 1789 heartbeater.cc:475] Master 127.0.57.254:38587 requested a full tablet report, sending...
I0507 06:28:27.505228 1502 ts_manager.cc:159] Registered new tserver with Master: af7bb239a5d6454daa140682a17b532d (127.0.57.194:43367)
I0507 06:28:27.506429 1502 master_service.cc:273] Signed X509 certificate for tserver {username='slave'} at 127.0.57.194:36239 WARNING: Logging before InitGoogleLogging() is written to STDERR
W0507 06:28:27.650122 1792 flags.cc:404] Enabled unsafe flag: --rpc_server_allow_ephemeral_ports=true
W0507 06:28:27.650334 1792 flags.cc:404] Enabled unsafe flag: --never_fsync=true
W0507 06:28:27.652354 1792 flags.cc:404] Enabled experimental flag: --ipki_server_key_size=1024
W0507 06:28:27.652446 1792 flags.cc:404] Enabled experimental flag: --local_ip_for_outbound_sockets=127.0.57.195
I0507 06:28:27.657423 1792 tablet_server_main.cc:78] Tablet server non-default flags: --fs_data_dirs=/tmp/dist-test-taskKhSYji/test-tmp/raft_consensus_nonvoter-itest.0.RaftConsensusNonVoterITest.AddNonVoterReplica.1557210500371863-231/raft_consensus-itest-cluster/ts-2/data --fs_wal_dir=/tmp/dist-test-taskKhSYji/test-tmp/raft_consensus_nonvoter-itest.0.RaftConsensusNonVoterITest.AddNonVoterReplica.1557210500371863-231/raft_consensus-itest-cluster/ts-2/wal --ipki_server_key_size=1024 --rpc_bind_addresses=127.0.57.195:0 --rpc_server_allow_ephemeral_ports=true --metrics_log_interval_ms=1000 --server_dump_info_format=pb --server_dump_info_path=/tmp/dist-test-taskKhSYji/test-tmp/raft_consensus_nonvoter-itest.0.RaftConsensusNonVoterITest.AddNonVoterReplica.1557210500371863-231/raft_consensus-itest-cluster/ts-2/data/info.pb --webserver_interface=127.0.57.195 --webserver_port=0 --tablet_copy_download_file_inject_latency_ms=1000 --tserver_master_addrs=127.0.57.254:38587 --never_fsync=true --redact=none --unlock_experimental_flags=true --unlock_unsafe_flags=true --enable_minidumps=false --local_ip_for_outbound_sockets=127.0.57.195 --log_dir=/tmp/dist-test-taskKhSYji/test-tmp/raft_consensus_nonvoter-itest.0.RaftConsensusNonVoterITest.AddNonVoterReplica.1557210500371863-231/raft_consensus-itest-cluster/ts-2/logs --logbuflevel=-1 --logtostderr=true Tablet server version: kudu 1.10.0-cdh6.x-SNAPSHOT revision 7d0ee26697926e87af9ef395008799577f6ab43f build type FASTDEBUG built by jenkins at 06 May 2019 22:44:21 PST on quasar-knmpfx-1.vpc.cloudera.com build id 322017 ASAN enabled
I0507 06:28:27.664821 1792 system_ntp.cc:202] NTP initialized. Skew: 500ppm Current error: 28016us
I0507 06:28:27.665443 1792 fs_manager.cc:263] Metadata directory not provided
I0507 06:28:27.665508 1792 fs_manager.cc:269] Using write-ahead log directory (fs_wal_dir) as metadata directory
I0507 06:28:27.665755 1792 server_base.cc:433] Could not load existing FS layout: Not found: could not find a healthy instance file
I0507 06:28:27.665819 1792 server_base.cc:434] Attempting to create new FS layout instead
I0507 06:28:27.668081 1792 fs_manager.cc:602] Generated new instance metadata in path /tmp/dist-test-taskKhSYji/test-tmp/raft_consensus_nonvoter-itest.0.RaftConsensusNonVoterITest.AddNonVoterReplica.1557210500371863-231/raft_consensus-itest-cluster/ts-2/data/instance: uuid: "f9f586dd86b04fe984968b9de7f52209" format_stamp: "Formatted at 2019-05-07 06:28:27 on dist-test-slave-dist-test-slave-rqp6"
I0507 06:28:27.668643 1792 fs_manager.cc:602] Generated new instance metadata in path /tmp/dist-test-taskKhSYji/test-tmp/raft_consensus_nonvoter-itest.0.RaftConsensusNonVoterITest.AddNonVoterReplica.1557210500371863-231/raft_consensus-itest-cluster/ts-2/wal/instance: uuid: "f9f586dd86b04fe984968b9de7f52209" format_stamp: "Formatted at 2019-05-07 06:28:27 on dist-test-slave-dist-test-slave-rqp6"
I0507 06:28:27.674726 1792 fs_manager.cc:503] Time spent creating directory manager: real 0.006s user 0.004s sys 0.000s
I0507 06:28:27.675717 1792 env_posix.cc:1676] Not raising this process' open files per process limit of 1048576; it is already as high as it can go
I0507 06:28:27.676281 1792 file_cache.cc:466] Constructed file cache lbm with capacity 419430
I0507 06:28:27.679044 1792 fs_manager.cc:419] Time spent opening block manager: real 0.002s user 0.001s sys 0.000s
I0507 06:28:27.679111 1792 fs_manager.cc:436] Opened local filesystem: /tmp/dist-test-taskKhSYji/test-tmp/raft_consensus_nonvoter-itest.0.RaftConsensusNonVoterITest.AddNonVoterReplica.1557210500371863-231/raft_consensus-itest-cluster/ts-2/data,/tmp/dist-test-taskKhSYji/test-tmp/raft_consensus_nonvoter-itest.0.RaftConsensusNonVoterITest.AddNonVoterReplica.1557210500371863-231/raft_consensus-itest-cluster/ts-2/wal uuid: "f9f586dd86b04fe984968b9de7f52209" format_stamp: "Formatted at 2019-05-07 06:28:27 on dist-test-slave-dist-test-slave-rqp6"
I0507 06:28:27.679250 1792 fs_report.cc:352] FS layout report -------------------- wal directory: /tmp/dist-test-taskKhSYji/test-tmp/raft_consensus_nonvoter-itest.0.RaftConsensusNonVoterITest.AddNonVoterReplica.1557210500371863-231/raft_consensus-itest-cluster/ts-2/wal metadata directory: /tmp/dist-test-taskKhSYji/test-tmp/raft_consensus_nonvoter-itest.0.RaftConsensusNonVoterITest.AddNonVoterReplica.1557210500371863-231/raft_consensus-itest-cluster/ts-2/wal 1 data directories: /tmp/dist-test-taskKhSYji/test-tmp/raft_consensus_nonvoter-itest.0.RaftConsensusNonVoterITest.AddNonVoterReplica.1557210500371863-231/raft_consensus-itest-cluster/ts-2/data/data Total live blocks: 0 Total live bytes: 0 Total live bytes (after alignment): 0 Total number of LBM containers: 0 (0 full) Did not check for missing blocks Did not check for orphaned blocks Total full LBM containers with extra space: 0 (0 repaired) Total full LBM container extra space in bytes: 0 (0 repaired) Total incomplete LBM containers: 0 (0 repaired) Total LBM partial records: 0 (0 repaired)
I0507 06:28:27.695785 1792 env_posix.cc:1676] Not raising this process' running threads per effective uid limit of 18446744073709551615; it is already as high as it can go
I0507 06:28:27.697388 1792 ts_tablet_manager.cc:356] Loaded tablet metadata (0 total tablets, 0 live tablets)
I0507 06:28:27.697443 1792 ts_tablet_manager.cc:376] Registered 0 tablets
I0507 06:28:27.718924 1792 rpc_server.cc:205] RPC server started. Bound to: 127.0.57.195:36235
I0507 06:28:27.719975 1792 webserver.cc:308] Webserver started at http://127.0.57.195:37103/ using document root and password file
I0507 06:28:27.720644 1792 server_base.cc:608] Dumped server information to /tmp/dist-test-taskKhSYji/test-tmp/raft_consensus_nonvoter-itest.0.RaftConsensusNonVoterITest.AddNonVoterReplica.1557210500371863-231/raft_consensus-itest-cluster/ts-2/data/info.pb
I0507 06:28:27.721735 231 external_mini_cluster.cc:995] Started /tmp/dist-test-taskKhSYji/build/asan/bin/kudu-tserver as pid 1792
I0507 06:28:27.738684 1911 heartbeater.cc:345] Connected to a master server at 127.0.57.254:38587
I0507 06:28:27.738904 1911 heartbeater.cc:426] Registering TS with master...
I0507 06:28:27.739428 1911 heartbeater.cc:475] Master 127.0.57.254:38587 requested a full tablet report, sending...
I0507 06:28:27.740684 1502 ts_manager.cc:159] Registered new tserver with Master: f9f586dd86b04fe984968b9de7f52209 (127.0.57.195:36235)
I0507 06:28:27.741019 231 external_mini_cluster.cc:623] 3 TS(s) registered with all masters
I0507 06:28:27.741858 1502 master_service.cc:273] Signed X509 certificate for tserver {username='slave'} at 127.0.57.195:49463
I0507 06:28:27.751257 1502 catalog_manager.cc:1415] Servicing CreateTable request from {username='slave'} at 127.0.0.1:41512: name: "TestTable" schema { columns { name: "key" type: INT32 is_key: true is_nullable: false encoding: AUTO_ENCODING compression: DEFAULT_COMPRESSION cfile_block_size: 0 } columns { name: "int_val" type: INT32 is_key: false is_nullable: false encoding: AUTO_ENCODING compression: DEFAULT_COMPRESSION cfile_block_size: 0 } columns { name: "string_val" type: STRING is_key: false is_nullable: true encoding: AUTO_ENCODING compression: DEFAULT_COMPRESSION cfile_block_size: 0 } } num_replicas: 2 split_rows_range_bounds { } partition_schema { range_schema { columns { name: "key" } } }
I0507 06:28:27.782274 1726 tablet_service.cc:1016] Processing CreateTablet for tablet 9d26ac1dc0994a898fbb8aef9162ee61 (table=TestTable [id=8751e1e9d0db481bbcecc22d87ad6975]), partition=RANGE (key) PARTITION UNBOUNDED
I0507 06:28:27.783072 1726 data_dirs.cc:938] Could only allocate 1 dirs of requested 3 for tablet 9d26ac1dc0994a898fbb8aef9162ee61. 1 dirs total, 0 dirs full, 0 dirs failed
I0507 06:28:27.780174 1848 tablet_service.cc:1016] Processing CreateTablet for tablet 9d26ac1dc0994a898fbb8aef9162ee61 (table=TestTable [id=8751e1e9d0db481bbcecc22d87ad6975]), partition=RANGE (key) PARTITION UNBOUNDED
I0507 06:28:27.785126 1848 data_dirs.cc:938] Could only allocate 1 dirs of requested 3 for tablet 9d26ac1dc0994a898fbb8aef9162ee61. 1 dirs total, 0 dirs full, 0 dirs failed
I0507 06:28:27.802799 1928 tablet_bootstrap.cc:439] T 9d26ac1dc0994a898fbb8aef9162ee61 P af7bb239a5d6454daa140682a17b532d: Bootstrap starting.
I0507 06:28:27.804998 1929 tablet_bootstrap.cc:439] T 9d26ac1dc0994a898fbb8aef9162ee61 P f9f586dd86b04fe984968b9de7f52209: Bootstrap starting.
I0507 06:28:27.806998 1929 tablet_bootstrap.cc:590] T 9d26ac1dc0994a898fbb8aef9162ee61 P f9f586dd86b04fe984968b9de7f52209: No blocks or log segments found. Creating new log.
I0507 06:28:27.807837 1929 log.cc:525] T 9d26ac1dc0994a898fbb8aef9162ee61 P f9f586dd86b04fe984968b9de7f52209: Log is configured to *not* fsync() on all Append() calls
I0507 06:28:27.809310 1928 tablet_bootstrap.cc:590] T 9d26ac1dc0994a898fbb8aef9162ee61 P af7bb239a5d6454daa140682a17b532d: No blocks or log segments found. Creating new log.
I0507 06:28:27.810139 1928 log.cc:525] T 9d26ac1dc0994a898fbb8aef9162ee61 P af7bb239a5d6454daa140682a17b532d: Log is configured to *not* fsync() on all Append() calls
I0507 06:28:27.811600 1928 tablet_bootstrap.cc:439] T 9d26ac1dc0994a898fbb8aef9162ee61 P af7bb239a5d6454daa140682a17b532d: No bootstrap required, opened a new log
I0507 06:28:27.811605 1929 tablet_bootstrap.cc:439] T 9d26ac1dc0994a898fbb8aef9162ee61 P f9f586dd86b04fe984968b9de7f52209: No bootstrap required, opened a new log
I0507 06:28:27.811823 1929 ts_tablet_manager.cc:1053] T 9d26ac1dc0994a898fbb8aef9162ee61 P f9f586dd86b04fe984968b9de7f52209: Time spent bootstrapping tablet: real 0.007s user 0.003s sys 0.000s
I0507 06:28:27.811825 1928 ts_tablet_manager.cc:1053] T 9d26ac1dc0994a898fbb8aef9162ee61 P af7bb239a5d6454daa140682a17b532d: Time spent bootstrapping tablet: real 0.009s user 0.004s sys 0.000s
I0507 06:28:27.817173 1928 raft_consensus.cc:340] T 9d26ac1dc0994a898fbb8aef9162ee61 P af7bb239a5d6454daa140682a17b532d [term 0 FOLLOWER]: Replica starting. Triggering 0 pending transactions. Active config: opid_index: -1 OBSOLETE_local: false peers { permanent_uuid: "f9f586dd86b04fe984968b9de7f52209" member_type: VOTER last_known_addr { host: "127.0.57.195" port: 36235 } } peers { permanent_uuid: "af7bb239a5d6454daa140682a17b532d" member_type: VOTER last_known_addr { host: "127.0.57.194" port: 43367 } }
I0507 06:28:27.817147 1929 raft_consensus.cc:340] T 9d26ac1dc0994a898fbb8aef9162ee61 P f9f586dd86b04fe984968b9de7f52209 [term 0 FOLLOWER]: Replica starting. Triggering 0 pending transactions. Active config: opid_index: -1 OBSOLETE_local: false peers { permanent_uuid: "f9f586dd86b04fe984968b9de7f52209" member_type: VOTER last_known_addr { host: "127.0.57.195" port: 36235 } } peers { permanent_uuid: "af7bb239a5d6454daa140682a17b532d" member_type: VOTER last_known_addr { host: "127.0.57.194" port: 43367 } }
I0507 06:28:27.817526 1928 raft_consensus.cc:366] T 9d26ac1dc0994a898fbb8aef9162ee61 P af7bb239a5d6454daa140682a17b532d [term 0 FOLLOWER]: Consensus starting up: Expiring failure detector timer to make a prompt election more likely
I0507 06:28:27.817528 1929 raft_consensus.cc:366] T 9d26ac1dc0994a898fbb8aef9162ee61 P f9f586dd86b04fe984968b9de7f52209 [term 0 FOLLOWER]: Consensus starting up: Expiring failure detector timer to make a prompt election more likely
I0507 06:28:27.817586 1929 raft_consensus.cc:705] T 9d26ac1dc0994a898fbb8aef9162ee61 P f9f586dd86b04fe984968b9de7f52209 [term 0 FOLLOWER]: Becoming Follower/Learner. State: Replica: f9f586dd86b04fe984968b9de7f52209, State: Initialized, Role: FOLLOWER
I0507 06:28:27.817585 1928 raft_consensus.cc:705] T 9d26ac1dc0994a898fbb8aef9162ee61 P af7bb239a5d6454daa140682a17b532d [term 0 FOLLOWER]: Becoming Follower/Learner. State: Replica: af7bb239a5d6454daa140682a17b532d, State: Initialized, Role: FOLLOWER
I0507 06:28:27.818002 1929 consensus_queue.cc:229] T 9d26ac1dc0994a898fbb8aef9162ee61 P f9f586dd86b04fe984968b9de7f52209 [NON_LEADER]: Queue going to NON_LEADER mode. State: All replicated index: 0, Majority replicated index: 0, Committed index: 0, Last appended: 0.0, Last appended by leader: 0, Current term: 0, Majority size: -1, State: 0, Mode: NON_LEADER, active raft config: opid_index: -1 OBSOLETE_local: false peers { permanent_uuid: "f9f586dd86b04fe984968b9de7f52209" member_type: VOTER last_known_addr { host: "127.0.57.195" port: 36235 } } peers { permanent_uuid: "af7bb239a5d6454daa140682a17b532d" member_type: VOTER last_known_addr { host: "127.0.57.194" port: 43367 } }
I0507 06:28:27.818003 1928 consensus_queue.cc:229] T 9d26ac1dc0994a898fbb8aef9162ee61 P af7bb239a5d6454daa140682a17b532d [NON_LEADER]: Queue going to NON_LEADER mode. State: All replicated index: 0, Majority replicated index: 0, Committed index: 0, Last appended: 0.0, Last appended by leader: 0, Current term: 0, Majority size: -1, State: 0, Mode: NON_LEADER, active raft config: opid_index: -1 OBSOLETE_local: false peers { permanent_uuid: "f9f586dd86b04fe984968b9de7f52209" member_type: VOTER last_known_addr { host: "127.0.57.195" port: 36235 } } peers { permanent_uuid: "af7bb239a5d6454daa140682a17b532d" member_type: VOTER last_known_addr { host: "127.0.57.194" port: 43367 } }
I0507 06:28:27.818783 1911 heartbeater.cc:467] Master 127.0.57.254:38587 was elected leader, sending a full tablet report...
I0507 06:28:27.819213 1929 ts_tablet_manager.cc:1081] T 9d26ac1dc0994a898fbb8aef9162ee61 P f9f586dd86b04fe984968b9de7f52209: Time spent starting tablet: real 0.007s user 0.007s sys 0.000s
I0507 06:28:27.819260 1928 ts_tablet_manager.cc:1081] T 9d26ac1dc0994a898fbb8aef9162ee61 P af7bb239a5d6454daa140682a17b532d: Time spent starting tablet: real 0.007s user 0.007s sys 0.000s
I0507 06:28:27.819382 1789 heartbeater.cc:467] Master 127.0.57.254:38587 was elected leader, sending a full tablet report...
I0507 06:28:27.903564 1932 raft_consensus.cc:472] T 9d26ac1dc0994a898fbb8aef9162ee61 P af7bb239a5d6454daa140682a17b532d [term 0 FOLLOWER]: Starting pre-election (no leader contacted us within the election timeout)
I0507 06:28:27.903802 1932 raft_consensus.cc:494] T 9d26ac1dc0994a898fbb8aef9162ee61 P af7bb239a5d6454daa140682a17b532d [term 0 FOLLOWER]: Starting pre-election with config: opid_index: -1 OBSOLETE_local: false peers { permanent_uuid: "f9f586dd86b04fe984968b9de7f52209" member_type: VOTER last_known_addr { host: "127.0.57.195" port: 36235 } } peers { permanent_uuid: "af7bb239a5d6454daa140682a17b532d" member_type: VOTER last_known_addr { host: "127.0.57.194" port: 43367 } }
I0507 06:28:27.905409 1932 leader_election.cc:296] T 9d26ac1dc0994a898fbb8aef9162ee61 P af7bb239a5d6454daa140682a17b532d [CANDIDATE]: Term 1 pre-election: Requested pre-vote from peers f9f586dd86b04fe984968b9de7f52209 (127.0.57.195:36235)
I0507 06:28:27.910181 1868 tablet_service.cc:1286] Received RequestConsensusVote() RPC: tablet_id: "9d26ac1dc0994a898fbb8aef9162ee61" candidate_uuid: "af7bb239a5d6454daa140682a17b532d" candidate_term: 1 candidate_status { last_received { term: 0 index: 0 } } ignore_live_leader: false dest_uuid: "f9f586dd86b04fe984968b9de7f52209" is_pre_election: true
I0507 06:28:27.910533 1868 raft_consensus.cc:2346] T 9d26ac1dc0994a898fbb8aef9162ee61 P f9f586dd86b04fe984968b9de7f52209 [term 0 FOLLOWER]: Leader pre-election vote request: Granting yes vote for candidate af7bb239a5d6454daa140682a17b532d in term 0.
I0507 06:28:27.911165 1679 leader_election.cc:310] T 9d26ac1dc0994a898fbb8aef9162ee61 P af7bb239a5d6454daa140682a17b532d [CANDIDATE]: Term 1 pre-election: Election decided. Result: candidate won. Election summary: received 2 responses out of 2 voters: 2 yes votes; 0 no votes. yes voters: af7bb239a5d6454daa140682a17b532d, f9f586dd86b04fe984968b9de7f52209; no voters:
I0507 06:28:27.911648 1932 raft_consensus.cc:2640] T 9d26ac1dc0994a898fbb8aef9162ee61 P af7bb239a5d6454daa140682a17b532d [term 0 FOLLOWER]: Leader pre-election won for term 1
I0507 06:28:27.911728 1932 raft_consensus.cc:472] T 9d26ac1dc0994a898fbb8aef9162ee61 P af7bb239a5d6454daa140682a17b532d [term 0 FOLLOWER]: Starting leader election (no leader contacted us within the election timeout)
I0507 06:28:27.911811 1932 raft_consensus.cc:2886] T 9d26ac1dc0994a898fbb8aef9162ee61 P af7bb239a5d6454daa140682a17b532d [term 0 FOLLOWER]: Advancing to term 1
I0507 06:28:27.913589 1932 raft_consensus.cc:494] T 9d26ac1dc0994a898fbb8aef9162ee61 P af7bb239a5d6454daa140682a17b532d [term 1 FOLLOWER]: Starting leader election with config: opid_index: -1 OBSOLETE_local: false peers { permanent_uuid: "f9f586dd86b04fe984968b9de7f52209" member_type: VOTER last_known_addr { host: "127.0.57.195" port: 36235 } } peers { permanent_uuid: "af7bb239a5d6454daa140682a17b532d" member_type: VOTER last_known_addr { host: "127.0.57.194" port: 43367 } }
I0507 06:28:27.913978 1932 leader_election.cc:296] T 9d26ac1dc0994a898fbb8aef9162ee61 P af7bb239a5d6454daa140682a17b532d [CANDIDATE]: Term 1 election: Requested vote from peers f9f586dd86b04fe984968b9de7f52209 (127.0.57.195:36235)
I0507 06:28:27.914582 1868 tablet_service.cc:1286] Received RequestConsensusVote() RPC: tablet_id: "9d26ac1dc0994a898fbb8aef9162ee61" candidate_uuid: "af7bb239a5d6454daa140682a17b532d" candidate_term: 1 candidate_status { last_received { term: 0 index: 0 } } ignore_live_leader: false dest_uuid: "f9f586dd86b04fe984968b9de7f52209"
I0507 06:28:27.914718 1868 raft_consensus.cc:2886] T 9d26ac1dc0994a898fbb8aef9162ee61 P f9f586dd86b04fe984968b9de7f52209 [term 0 FOLLOWER]: Advancing to term 1
I0507 06:28:27.916504 1868 raft_consensus.cc:2346] T 9d26ac1dc0994a898fbb8aef9162ee61 P f9f586dd86b04fe984968b9de7f52209 [term 1 FOLLOWER]: Leader election vote request: Granting yes vote for candidate af7bb239a5d6454daa140682a17b532d in term 1.
I0507 06:28:27.917009 1679 leader_election.cc:310] T 9d26ac1dc0994a898fbb8aef9162ee61 P af7bb239a5d6454daa140682a17b532d [CANDIDATE]: Term 1 election: Election decided. Result: candidate won. Election summary: received 2 responses out of 2 voters: 2 yes votes; 0 no votes. yes voters: af7bb239a5d6454daa140682a17b532d, f9f586dd86b04fe984968b9de7f52209; no voters:
I0507 06:28:27.917292 1932 raft_consensus.cc:2640] T 9d26ac1dc0994a898fbb8aef9162ee61 P af7bb239a5d6454daa140682a17b532d [term 1 FOLLOWER]: Leader election won for term 1
I0507 06:28:27.917793 1932 raft_consensus.cc:667] T 9d26ac1dc0994a898fbb8aef9162ee61 P af7bb239a5d6454daa140682a17b532d [term 1 LEADER]: Becoming Leader. State: Replica: af7bb239a5d6454daa140682a17b532d, State: Running, Role: LEADER
I0507 06:28:27.918150 1932 consensus_queue.cc:206] T 9d26ac1dc0994a898fbb8aef9162ee61 P af7bb239a5d6454daa140682a17b532d [LEADER]: Queue going to LEADER mode. State: All replicated index: 0, Majority replicated index: 0, Committed index: 0, Last appended: 0.0, Last appended by leader: 0, Current term: 1, Majority size: 2, State: 0, Mode: LEADER, active raft config: opid_index: -1 OBSOLETE_local: false peers { permanent_uuid: "f9f586dd86b04fe984968b9de7f52209" member_type: VOTER last_known_addr { host: "127.0.57.195" port: 36235 } } peers { permanent_uuid: "af7bb239a5d6454daa140682a17b532d" member_type: VOTER last_known_addr { host: "127.0.57.194" port: 43367 } }
I0507 06:28:27.922462 1501 catalog_manager.cc:3988] T 9d26ac1dc0994a898fbb8aef9162ee61 P af7bb239a5d6454daa140682a17b532d reported cstate change: term changed from 0 to 1, leader changed from to af7bb239a5d6454daa140682a17b532d (127.0.57.194). New cstate: current_term: 1 leader_uuid: "af7bb239a5d6454daa140682a17b532d" committed_config { opid_index: -1 OBSOLETE_local: false peers { permanent_uuid: "f9f586dd86b04fe984968b9de7f52209" member_type: VOTER last_known_addr { host: "127.0.57.195" port: 36235 } health_report { overall_health: UNKNOWN } } peers { permanent_uuid: "af7bb239a5d6454daa140682a17b532d" member_type: VOTER last_known_addr { host: "127.0.57.194" port: 43367 } health_report { overall_health: HEALTHY } } }
I0507 06:28:27.961305 231 external_mini_cluster.cc:623] 3 TS(s) registered with all masters
I0507 06:28:27.963274 231 ts_itest-base.cc:232] Waiting for 0 tablets on tserver 180459af951d4aabbb5312ba1ae741bb to finish bootstrapping
I0507 06:28:27.970710 231 ts_itest-base.cc:232] Waiting for 1 tablets on tserver af7bb239a5d6454daa140682a17b532d to finish bootstrapping
I0507 06:28:27.976687 231 ts_itest-base.cc:232] Waiting for 1 tablets on tserver f9f586dd86b04fe984968b9de7f52209 to finish bootstrapping
W0507 06:28:27.979622 1912 tablet.cc:1786] T 9d26ac1dc0994a898fbb8aef9162ee61 P f9f586dd86b04fe984968b9de7f52209: Can't schedule compaction. Clean time has not been advanced past its initial value.
I0507 06:28:27.982290 231 test_util.cc:212] Using random seed: 1395340724
W0507 06:28:27.992514 1790 tablet.cc:1786] T 9d26ac1dc0994a898fbb8aef9162ee61 P af7bb239a5d6454daa140682a17b532d: Can't schedule compaction. Clean time has not been advanced past its initial value.
I0507 06:28:27.993516 231 test_workload.cc:306] TestWorkload: Skipping table creation because table TestTable already exists
I0507 06:28:28.038919 1868 raft_consensus.cc:1181] T 9d26ac1dc0994a898fbb8aef9162ee61 P f9f586dd86b04fe984968b9de7f52209 [term 1 FOLLOWER]: Refusing update from remote peer af7bb239a5d6454daa140682a17b532d: Log matching property violated. Preceding OpId in replica: term: 0 index: 0. Preceding OpId from leader: term: 1 index: 2. (index mismatch)
I0507 06:28:28.039788 1932 consensus_queue.cc:984] T 9d26ac1dc0994a898fbb8aef9162ee61 P af7bb239a5d6454daa140682a17b532d [LEADER]: Connected to new peer: Peer: permanent_uuid: "f9f586dd86b04fe984968b9de7f52209" member_type: VOTER last_known_addr { host: "127.0.57.195" port: 36235 }, Status: LMP_MISMATCH, Last received: 0.0, Next index: 1, Last known committed idx: 0, Time since last communication: 0.000s
I0507 06:28:28.053692 1948 mvcc.cc:203] Tried to move safe_time back from 6378334240917942272 to 6378334240435220480. Current Snapshot: MvccSnapshot[committed={T|T < 6378334240917942272}]
I0507 06:28:28.058063 1947 mvcc.cc:203] Tried to move safe_time back from 6378334240917942272 to 6378334240435220480. Current Snapshot: MvccSnapshot[committed={T|T < 6378334240917942272}]
I0507 06:28:28.108907 1746 consensus_queue.cc:206] T 9d26ac1dc0994a898fbb8aef9162ee61 P af7bb239a5d6454daa140682a17b532d [LEADER]: Queue going to LEADER mode. State: All replicated index: 0, Majority replicated index: 9, Committed index: 9, Last appended: 1.9, Last appended by leader: 0, Current term: 1, Majority size: 2, State: 0, Mode: LEADER, active raft config: opid_index: 10 OBSOLETE_local: false peers { permanent_uuid: "f9f586dd86b04fe984968b9de7f52209" member_type: VOTER last_known_addr { host: "127.0.57.195" port: 36235 } } peers { permanent_uuid: "af7bb239a5d6454daa140682a17b532d" member_type: VOTER last_known_addr { host: "127.0.57.194" port: 43367 } } peers { permanent_uuid: "180459af951d4aabbb5312ba1ae741bb" member_type: NON_VOTER last_known_addr { host: "127.0.57.193" port: 37035 } attrs { } }
I0507 06:28:28.111155 1868 raft_consensus.cc:1181] T 9d26ac1dc0994a898fbb8aef9162ee61 P f9f586dd86b04fe984968b9de7f52209 [term 1 FOLLOWER]: Refusing update from remote peer af7bb239a5d6454daa140682a17b532d: Log matching property violated. Preceding OpId in replica: term: 1 index: 9. Preceding OpId from leader: term: 1 index: 10. (index mismatch)
I0507 06:28:28.111702 1932 consensus_queue.cc:984] T 9d26ac1dc0994a898fbb8aef9162ee61 P af7bb239a5d6454daa140682a17b532d [LEADER]: Connected to new peer: Peer: permanent_uuid: "f9f586dd86b04fe984968b9de7f52209" member_type: VOTER last_known_addr { host: "127.0.57.195" port: 36235 }, Status: LMP_MISMATCH, Last received: 0.0, Next index: 10, Last known committed idx: 9, Time since last communication: 0.000s
I0507 06:28:28.113901 1932 raft_consensus.cc:2788] T 9d26ac1dc0994a898fbb8aef9162ee61 P af7bb239a5d6454daa140682a17b532d [term 1 LEADER]: Committing config change with OpId 1.10: config changed from index -1 to 10, NON_VOTER 180459af951d4aabbb5312ba1ae741bb (127.0.57.193) added. New config: { opid_index: 10 OBSOLETE_local: false peers { permanent_uuid: "f9f586dd86b04fe984968b9de7f52209" member_type: VOTER last_known_addr { host: "127.0.57.195" port: 36235 } } peers { permanent_uuid: "af7bb239a5d6454daa140682a17b532d" member_type: VOTER last_known_addr { host: "127.0.57.194" port: 43367 } } peers { permanent_uuid: "180459af951d4aabbb5312ba1ae741bb" member_type: NON_VOTER last_known_addr { host: "127.0.57.193" port: 37035 } attrs { } } }
I0507 06:28:28.114351 1868 raft_consensus.cc:2788] T 9d26ac1dc0994a898fbb8aef9162ee61 P f9f586dd86b04fe984968b9de7f52209 [term 1 FOLLOWER]: Committing config change with OpId 1.10: config changed from index -1 to 10, NON_VOTER 180459af951d4aabbb5312ba1ae741bb (127.0.57.193) added. New config: { opid_index: 10 OBSOLETE_local: false peers { permanent_uuid: "f9f586dd86b04fe984968b9de7f52209" member_type: VOTER last_known_addr { host: "127.0.57.195" port: 36235 } } peers { permanent_uuid: "af7bb239a5d6454daa140682a17b532d" member_type: VOTER last_known_addr { host: "127.0.57.194" port: 43367 } } peers { permanent_uuid: "180459af951d4aabbb5312ba1ae741bb" member_type: NON_VOTER last_known_addr { host: "127.0.57.193" port: 37035 } attrs { } } }
W0507 06:28:28.116717 1679 consensus_peers.cc:457] T 9d26ac1dc0994a898fbb8aef9162ee61 P af7bb239a5d6454daa140682a17b532d -> Peer 180459af951d4aabbb5312ba1ae741bb (127.0.57.193:37035): Couldn't send request to peer 180459af951d4aabbb5312ba1ae741bb. Error code: TABLET_NOT_FOUND (6). Status: Not found: Tablet not found: 9d26ac1dc0994a898fbb8aef9162ee61. This is attempt 1: this message will repeat every 5th retry.
I0507 06:28:28.118897 1495 catalog_manager.cc:3988] T 9d26ac1dc0994a898fbb8aef9162ee61 P af7bb239a5d6454daa140682a17b532d reported cstate change: config changed from index -1 to 10, NON_VOTER 180459af951d4aabbb5312ba1ae741bb (127.0.57.193) added. New cstate: current_term: 1 leader_uuid: "af7bb239a5d6454daa140682a17b532d" committed_config { opid_index: 10 OBSOLETE_local: false peers { permanent_uuid: "f9f586dd86b04fe984968b9de7f52209" member_type: VOTER last_known_addr { host: "127.0.57.195" port: 36235 } health_report { overall_health: HEALTHY } } peers { permanent_uuid: "af7bb239a5d6454daa140682a17b532d" member_type: VOTER last_known_addr { host: "127.0.57.194" port: 43367 } health_report { overall_health: HEALTHY } } peers { permanent_uuid: "180459af951d4aabbb5312ba1ae741bb" member_type: NON_VOTER last_known_addr { host: "127.0.57.193" port: 37035 } attrs { } health_report { overall_health: UNKNOWN } } }
I0507 06:28:28.248209 1666 heartbeater.cc:467] Master 127.0.57.254:38587 was elected leader, sending a full tablet report...
I0507 06:28:28.562016 1959 ts_tablet_manager.cc:676] T 9d26ac1dc0994a898fbb8aef9162ee61 P 180459af951d4aabbb5312ba1ae741bb: Initiating tablet copy from peer af7bb239a5d6454daa140682a17b532d (127.0.57.194:43367)
I0507 06:28:28.562330 1959 tablet_copy_client.cc:240] T 9d26ac1dc0994a898fbb8aef9162ee61 P 180459af951d4aabbb5312ba1ae741bb: tablet copy: Beginning tablet copy session from remote peer at address 127.0.57.194:43367
I0507 06:28:28.567293 1766 tablet_copy_service.cc:135] P af7bb239a5d6454daa140682a17b532d: Received BeginTabletCopySession request for tablet 9d26ac1dc0994a898fbb8aef9162ee61 from peer 180459af951d4aabbb5312ba1ae741bb ({username='slave'} at 127.0.57.193:36941)
I0507 06:28:28.567451 1766 tablet_copy_service.cc:156] P af7bb239a5d6454daa140682a17b532d: Beginning new tablet copy session on tablet 9d26ac1dc0994a898fbb8aef9162ee61 from peer 180459af951d4aabbb5312ba1ae741bb at {username='slave'} at 127.0.57.193:36941: session id = 180459af951d4aabbb5312ba1ae741bb-9d26ac1dc0994a898fbb8aef9162ee61
I0507 06:28:28.569727 1766 tablet_copy_source_session.cc:202] T 9d26ac1dc0994a898fbb8aef9162ee61 P af7bb239a5d6454daa140682a17b532d: Tablet Copy: opened 0 blocks and 1 log segments
I0507 06:28:28.573237 1959 data_dirs.cc:938] Could only allocate 1 dirs of requested 3 for tablet 9d26ac1dc0994a898fbb8aef9162ee61. 1 dirs total, 0 dirs full, 0 dirs failed
I0507 06:28:28.582172 1959 tablet_copy_client.cc:575] T 9d26ac1dc0994a898fbb8aef9162ee61 P 180459af951d4aabbb5312ba1ae741bb: tablet copy: Starting download of 0 data blocks...
I0507 06:28:28.582398 1959 tablet_copy_client.cc:538] T 9d26ac1dc0994a898fbb8aef9162ee61 P 180459af951d4aabbb5312ba1ae741bb: tablet copy: Starting download of 1 WAL segments...
I0507 06:28:28.584208 1959 tablet_copy_client.cc:749] T 9d26ac1dc0994a898fbb8aef9162ee61 P 180459af951d4aabbb5312ba1ae741bb: tablet copy: Injecting latency into file download: 1000
I0507 06:28:29.584655 1959 tablet_copy_client.cc:414] T 9d26ac1dc0994a898fbb8aef9162ee61 P 180459af951d4aabbb5312ba1ae741bb: tablet copy: Tablet Copy complete. Replacing tablet superblock.
I0507 06:28:29.587478 1959 tablet_bootstrap.cc:439] T 9d26ac1dc0994a898fbb8aef9162ee61 P 180459af951d4aabbb5312ba1ae741bb: Bootstrap starting.
I0507 06:28:29.594341 1959 log.cc:525] T 9d26ac1dc0994a898fbb8aef9162ee61 P 180459af951d4aabbb5312ba1ae741bb: Log is configured to *not* fsync() on all Append() calls
I0507 06:28:29.621986 1959 tablet_bootstrap.cc:439] T 9d26ac1dc0994a898fbb8aef9162ee61 P 180459af951d4aabbb5312ba1ae741bb: Bootstrap replayed 1/1 log segments. Stats: ops{read=10 overwritten=0 applied=10 ignored=0} inserts{seen=400 ignored=0} mutations{seen=0 ignored=0} orphaned_commits=0. Pending: 0 replicates
I0507 06:28:29.622396 1959 tablet_bootstrap.cc:439] T 9d26ac1dc0994a898fbb8aef9162ee61 P 180459af951d4aabbb5312ba1ae741bb: Bootstrap complete.
I0507 06:28:29.622773 1959 ts_tablet_manager.cc:1053] T 9d26ac1dc0994a898fbb8aef9162ee61 P 180459af951d4aabbb5312ba1ae741bb: Time spent bootstrapping tablet: real 0.035s user 0.028s sys 0.008s
I0507 06:28:29.627140 1959 raft_consensus.cc:340] T 9d26ac1dc0994a898fbb8aef9162ee61 P 180459af951d4aabbb5312ba1ae741bb [term 1 LEARNER]: Replica starting. Triggering 0 pending transactions. Active config: opid_index: 10 OBSOLETE_local: false peers { permanent_uuid: "f9f586dd86b04fe984968b9de7f52209" member_type: VOTER last_known_addr { host: "127.0.57.195" port: 36235 } } peers { permanent_uuid: "af7bb239a5d6454daa140682a17b532d" member_type: VOTER last_known_addr { host: "127.0.57.194" port: 43367 } } peers { permanent_uuid: "180459af951d4aabbb5312ba1ae741bb" member_type: NON_VOTER last_known_addr { host: "127.0.57.193" port: 37035 } attrs { } }
I0507 06:28:29.627480 1959 raft_consensus.cc:705] T 9d26ac1dc0994a898fbb8aef9162ee61 P 180459af951d4aabbb5312ba1ae741bb [term 1 LEARNER]: Becoming Follower/Learner. State: Replica: 180459af951d4aabbb5312ba1ae741bb, State: Initialized, Role: LEARNER
I0507 06:28:29.627786 1959 consensus_queue.cc:229] T 9d26ac1dc0994a898fbb8aef9162ee61 P 180459af951d4aabbb5312ba1ae741bb [NON_LEADER]: Queue going to NON_LEADER mode. State: All replicated index: 0, Majority replicated index: 0, Committed index: 10, Last appended: 1.10, Last appended by leader: 10, Current term: 0, Majority size: -1, State: 0, Mode: NON_LEADER, active raft config: opid_index: 10 OBSOLETE_local: false peers { permanent_uuid: "f9f586dd86b04fe984968b9de7f52209" member_type: VOTER last_known_addr { host: "127.0.57.195" port: 36235 } } peers { permanent_uuid: "af7bb239a5d6454daa140682a17b532d" member_type: VOTER last_known_addr { host: "127.0.57.194" port: 43367 } } peers { permanent_uuid: "180459af951d4aabbb5312ba1ae741bb" member_type: NON_VOTER last_known_addr { host: "127.0.57.193" port: 37035 } attrs { } }
I0507 06:28:29.628969 1959 ts_tablet_manager.cc:1081] T 9d26ac1dc0994a898fbb8aef9162ee61 P 180459af951d4aabbb5312ba1ae741bb: Time spent starting tablet: real 0.006s user 0.003s sys 0.005s
I0507 06:28:29.629722 1766 tablet_copy_service.cc:325] P af7bb239a5d6454daa140682a17b532d: Request end of tablet copy session 180459af951d4aabbb5312ba1ae741bb-9d26ac1dc0994a898fbb8aef9162ee61 received from {username='slave'} at 127.0.57.193:36941
I0507 06:28:29.629830 1766 tablet_copy_service.cc:413] P af7bb239a5d6454daa140682a17b532d: ending tablet copy session 180459af951d4aabbb5312ba1ae741bb-9d26ac1dc0994a898fbb8aef9162ee61 on tablet 9d26ac1dc0994a898fbb8aef9162ee61 with peer 180459af951d4aabbb5312ba1ae741bb
I0507 06:28:29.643949 1746 tablet_service.cc:1431] Received LeaderStepDown RPC: tablet_id: "9d26ac1dc0994a898fbb8aef9162ee61" dest_uuid: "af7bb239a5d6454daa140682a17b532d" from {username='slave'} at 127.0.0.1:52056
I0507 06:28:29.644145 1746 raft_consensus.cc:569] T 9d26ac1dc0994a898fbb8aef9162ee61 P af7bb239a5d6454daa140682a17b532d [term 1 LEADER]: Received request to step down
I0507 06:28:29.644187 1746 raft_consensus.cc:2881] T 9d26ac1dc0994a898fbb8aef9162ee61 P af7bb239a5d6454daa140682a17b532d [term 1 LEADER]: Stepping down as leader of term 1
I0507 06:28:29.644225 1746 raft_consensus.cc:705] T 9d26ac1dc0994a898fbb8aef9162ee61 P af7bb239a5d6454daa140682a17b532d [term 1 LEADER]: Becoming Follower/Learner. State: Replica: af7bb239a5d6454daa140682a17b532d, State: Running, Role: LEADER
I0507 06:28:29.644425 1746 consensus_queue.cc:229] T 9d26ac1dc0994a898fbb8aef9162ee61 P af7bb239a5d6454daa140682a17b532d [NON_LEADER]: Queue going to NON_LEADER mode. State: All replicated index: 0, Majority replicated index: 10, Committed index: 10, Last appended: 1.10, Last appended by leader: 10, Current term: 1, Majority size: -1, State: 0, Mode: NON_LEADER, active raft config: opid_index: 10 OBSOLETE_local: false peers { permanent_uuid: "f9f586dd86b04fe984968b9de7f52209" member_type: VOTER last_known_addr { host: "127.0.57.195" port: 36235 } } peers { permanent_uuid: "af7bb239a5d6454daa140682a17b532d" member_type: VOTER last_known_addr { host: "127.0.57.194" port: 43367 } } peers { permanent_uuid: "180459af951d4aabbb5312ba1ae741bb" member_type: NON_VOTER last_known_addr { host: "127.0.57.193" port: 37035 } attrs { } }
I0507 06:28:29.644748 1746 raft_consensus.cc:2886] T 9d26ac1dc0994a898fbb8aef9162ee61 P af7bb239a5d6454daa140682a17b532d [term 1 FOLLOWER]: Advancing to term 2
W0507 06:28:29.656278 1706 tablet_service.cc:646] failed transaction from {username='slave'} at 127.0.0.1:52052: Illegal state: Replica af7bb239a5d6454daa140682a17b532d is not leader of this config. Role: FOLLOWER. Consensus state: current_term: 2 committed_config { opid_index: 10 OBSOLETE_local: false peers { permanent_uuid: "f9f586dd86b04fe984968b9de7f52209" member_type: VOTER last_known_addr { host: "127.0.57.195" port: 36235 } } peers { permanent_uuid: "af7bb239a5d6454daa140682a17b532d" member_type: VOTER last_known_addr { host: "127.0.57.194" port: 43367 } } peers { permanent_uuid: "180459af951d4aabbb5312ba1ae741bb" member_type: NON_VOTER last_known_addr { host: "127.0.57.193" port: 37035 } attrs { } } }
W0507 06:28:29.656436 1704 tablet_service.cc:646] failed transaction from {username='slave'} at 127.0.0.1:52052: Illegal state: Replica af7bb239a5d6454daa140682a17b532d is not leader of this config. Role: FOLLOWER. Consensus state: current_term: 2 committed_config { opid_index: 10 OBSOLETE_local: false peers { permanent_uuid: "f9f586dd86b04fe984968b9de7f52209" member_type: VOTER last_known_addr { host: "127.0.57.195" port: 36235 } } peers { permanent_uuid: "af7bb239a5d6454daa140682a17b532d" member_type: VOTER last_known_addr { host: "127.0.57.194" port: 43367 } } peers { permanent_uuid: "180459af951d4aabbb5312ba1ae741bb" member_type: NON_VOTER last_known_addr { host: "127.0.57.193" port: 37035 } attrs { } } }
W0507 06:28:29.656689 1705 tablet_service.cc:646] failed transaction from {username='slave'} at 127.0.0.1:52052: Illegal state: Replica af7bb239a5d6454daa140682a17b532d is not leader of this config. Role: FOLLOWER. Consensus state: current_term: 2 committed_config { opid_index: 10 OBSOLETE_local: false peers { permanent_uuid: "f9f586dd86b04fe984968b9de7f52209" member_type: VOTER last_known_addr { host: "127.0.57.195" port: 36235 } } peers { permanent_uuid: "af7bb239a5d6454daa140682a17b532d" member_type: VOTER last_known_addr { host: "127.0.57.194" port: 43367 } } peers { permanent_uuid: "180459af951d4aabbb5312ba1ae741bb" member_type: NON_VOTER last_known_addr { host: "127.0.57.193" port: 37035 } attrs { } } }
W0507 06:28:29.657044 1703 tablet_service.cc:646] failed transaction from {username='slave'} at 127.0.0.1:52052: Illegal state: Replica af7bb239a5d6454daa140682a17b532d is not leader of this config. Role: FOLLOWER. Consensus state: current_term: 2 committed_config { opid_index: 10 OBSOLETE_local: false peers { permanent_uuid: "f9f586dd86b04fe984968b9de7f52209" member_type: VOTER last_known_addr { host: "127.0.57.195" port: 36235 } } peers { permanent_uuid: "af7bb239a5d6454daa140682a17b532d" member_type: VOTER last_known_addr { host: "127.0.57.194" port: 43367 } } peers { permanent_uuid: "180459af951d4aabbb5312ba1ae741bb" member_type: NON_VOTER last_known_addr { host: "127.0.57.193" port: 37035 } attrs { } } }
W0507 06:28:29.668365 1828 tablet_service.cc:646] failed transaction from {username='slave'} at 127.0.0.1:58072: Illegal state: Replica f9f586dd86b04fe984968b9de7f52209 is not leader of this config. Role: FOLLOWER. Consensus state: current_term: 1 leader_uuid: "af7bb239a5d6454daa140682a17b532d" committed_config { opid_index: 10 OBSOLETE_local: false peers { permanent_uuid: "f9f586dd86b04fe984968b9de7f52209" member_type: VOTER last_known_addr { host: "127.0.57.195" port: 36235 } } peers { permanent_uuid: "af7bb239a5d6454daa140682a17b532d" member_type: VOTER last_known_addr { host: "127.0.57.194" port: 43367 } } peers { permanent_uuid: "180459af951d4aabbb5312ba1ae741bb" member_type: NON_VOTER last_known_addr { host: "127.0.57.193" port: 37035 } attrs { } } }
W0507 06:28:29.668686 1827 tablet_service.cc:646] failed transaction from {username='slave'} at 127.0.0.1:58072: Illegal state: Replica f9f586dd86b04fe984968b9de7f52209 is not leader of this config. Role: FOLLOWER. Consensus state: current_term: 1 leader_uuid: "af7bb239a5d6454daa140682a17b532d" committed_config { opid_index: 10 OBSOLETE_local: false peers { permanent_uuid: "f9f586dd86b04fe984968b9de7f52209" member_type: VOTER last_known_addr { host: "127.0.57.195" port: 36235 } } peers { permanent_uuid: "af7bb239a5d6454daa140682a17b532d" member_type: VOTER last_known_addr { host: "127.0.57.194" port: 43367 } } peers { permanent_uuid: "180459af951d4aabbb5312ba1ae741bb" member_type: NON_VOTER last_known_addr { host: "127.0.57.193" port: 37035 } attrs { } } }
W0507 06:28:29.668998 1825 tablet_service.cc:646] failed transaction from {username='slave'} at 127.0.0.1:58072: Illegal state: Replica f9f586dd86b04fe984968b9de7f52209 is not leader of this config. Role: FOLLOWER. Consensus state: current_term: 1 leader_uuid: "af7bb239a5d6454daa140682a17b532d" committed_config { opid_index: 10 OBSOLETE_local: false peers { permanent_uuid: "f9f586dd86b04fe984968b9de7f52209" member_type: VOTER last_known_addr { host: "127.0.57.195" port: 36235 } } peers { permanent_uuid: "af7bb239a5d6454daa140682a17b532d" member_type: VOTER last_known_addr { host: "127.0.57.194" port: 43367 } } peers { permanent_uuid: "180459af951d4aabbb5312ba1ae741bb" member_type: NON_VOTER last_known_addr { host: "127.0.57.193" port: 37035 } attrs { } } }
W0507 06:28:29.669463 1826 tablet_service.cc:646] failed transaction from {username='slave'} at 127.0.0.1:58072: Illegal state: Replica f9f586dd86b04fe984968b9de7f52209 is not leader of this config. Role: FOLLOWER. Consensus state: current_term: 1 leader_uuid: "af7bb239a5d6454daa140682a17b532d" committed_config { opid_index: 10 OBSOLETE_local: false peers { permanent_uuid: "f9f586dd86b04fe984968b9de7f52209" member_type: VOTER last_known_addr { host: "127.0.57.195" port: 36235 } } peers { permanent_uuid: "af7bb239a5d6454daa140682a17b532d" member_type: VOTER last_known_addr { host: "127.0.57.194" port: 43367 } } peers { permanent_uuid: "180459af951d4aabbb5312ba1ae741bb" member_type: NON_VOTER last_known_addr { host: "127.0.57.193" port: 37035 } attrs { } } }
W0507 06:28:29.674746 1703 tablet_service.cc:646] failed transaction from {username='slave'} at 127.0.0.1:52052: Illegal state: Replica af7bb239a5d6454daa140682a17b532d is not leader of this config. Role: FOLLOWER. Consensus state: current_term: 2 committed_config { opid_index: 10 OBSOLETE_local: false peers { permanent_uuid: "f9f586dd86b04fe984968b9de7f52209" member_type: VOTER last_known_addr { host: "127.0.57.195" port: 36235 } } peers { permanent_uuid: "af7bb239a5d6454daa140682a17b532d" member_type: VOTER last_known_addr { host: "127.0.57.194" port: 43367 } } peers { permanent_uuid: "180459af951d4aabbb5312ba1ae741bb" member_type: NON_VOTER last_known_addr { host: "127.0.57.193" port: 37035 } attrs { } } }
W0507 06:28:29.676017 1706 tablet_service.cc:646] failed transaction from {username='slave'} at 127.0.0.1:52052: Illegal state: Replica af7bb239a5d6454daa140682a17b532d is not leader of this config. Role: FOLLOWER. Consensus state: current_term: 2 committed_config { opid_index: 10 OBSOLETE_local: false peers { permanent_uuid: "f9f586dd86b04fe984968b9de7f52209" member_type: VOTER last_known_addr { host: "127.0.57.195" port: 36235 } } peers { permanent_uuid: "af7bb239a5d6454daa140682a17b532d" member_type: VOTER last_known_addr { host: "127.0.57.194" port: 43367 } } peers { permanent_uuid: "180459af951d4aabbb5312ba1ae741bb" member_type: NON_VOTER last_known_addr { host: "127.0.57.193" port: 37035 } attrs { } } }
W0507 06:28:29.676245 1703 tablet_service.cc:646] failed transaction from {username='slave'} at 127.0.0.1:52052: Illegal state: Replica af7bb239a5d6454daa140682a17b532d is not leader of this config. Role: FOLLOWER. Consensus state: current_term: 2 committed_config { opid_index: 10 OBSOLETE_local: false peers { permanent_uuid: "f9f586dd86b04fe984968b9de7f52209" member_type: VOTER last_known_addr { host: "127.0.57.195" port: 36235 } } peers { permanent_uuid: "af7bb239a5d6454daa140682a17b532d" member_type: VOTER last_known_addr { host: "127.0.57.194" port: 43367 } } peers { permanent_uuid: "180459af951d4aabbb5312ba1ae741bb" member_type: NON_VOTER last_known_addr { host: "127.0.57.193" port: 37035 } attrs { } } }
W0507 06:28:29.677651 1703 tablet_service.cc:646] failed transaction from {username='slave'} at 127.0.0.1:52052: Illegal state: Replica af7bb239a5d6454daa140682a17b532d is not leader of this config. Role: FOLLOWER. Consensus state: current_term: 2 committed_config { opid_index: 10 OBSOLETE_local: false peers { permanent_uuid: "f9f586dd86b04fe984968b9de7f52209" member_type: VOTER last_known_addr { host: "127.0.57.195" port: 36235 } } peers { permanent_uuid: "af7bb239a5d6454daa140682a17b532d" member_type: VOTER last_known_addr { host: "127.0.57.194" port: 43367 } } peers { permanent_uuid: "180459af951d4aabbb5312ba1ae741bb" member_type: NON_VOTER last_known_addr { host: "127.0.57.193" port: 37035 } attrs { } } }
W0507 06:28:29.680133 1826 tablet_service.cc:646] failed transaction from {username='slave'} at 127.0.0.1:58072: Illegal state: Replica f9f586dd86b04fe984968b9de7f52209 is not leader of this config. Role: FOLLOWER. Consensus state: current_term: 1 leader_uuid: "af7bb239a5d6454daa140682a17b532d" committed_config { opid_index: 10 OBSOLETE_local: false peers { permanent_uuid: "f9f586dd86b04fe984968b9de7f52209" member_type: VOTER last_known_addr { host: "127.0.57.195" port: 36235 } } peers { permanent_uuid: "af7bb239a5d6454daa140682a17b532d" member_type: VOTER last_known_addr { host: "127.0.57.194" port: 43367 } } peers { permanent_uuid: "180459af951d4aabbb5312ba1ae741bb" member_type: NON_VOTER last_known_addr { host: "127.0.57.193" port: 37035 } attrs { } } }
