I0507 06:30:57.184357 4536 raft_consensus.cc:494] T 143439bb7e50454aab47fae4ed3ad4ae P a49a0f0a6258477d8126ad3c88bf0d44 [term 1 FOLLOWER]: Starting pre-election with config: opid_index: 3 OBSOLETE_local: false peers { permanent_uuid: "ae72da07d97b4d9b9e0d246ff83901ed" member_type: VOTER last_known_addr { host: "127.0.57.194" port: 34185 } } peers { permanent_uuid: "7eecdaa8d1dc4a9988492494fbb17f1d" member_type: VOTER last_known_addr { host: "127.0.57.195" port: 33833 } } peers { permanent_uuid: "a49a0f0a6258477d8126ad3c88bf0d44" member_type: VOTER last_known_addr { host: "127.0.57.196" port: 43761 } } peers { permanent_uuid: "6f2066e97dec4d75a86e72155048de14" member_type: VOTER last_known_addr { host: "127.0.57.193" port: 43041 } attrs { } }
W0507 06:30:57.184675 4373 leader_election.cc:341] T 143439bb7e50454aab47fae4ed3ad4ae P a49a0f0a6258477d8126ad3c88bf0d44 [CANDIDATE]: Term 2 pre-election: RPC error from VoteRequest() call to peer ae72da07d97b4d9b9e0d246ff83901ed (127.0.57.194:34185): Timed out: RequestConsensusVote RPC to 127.0.57.194:34185 timed out after 0.249s (SENT)
I0507 06:30:57.184800 4373 leader_election.cc:310] T 143439bb7e50454aab47fae4ed3ad4ae P a49a0f0a6258477d8126ad3c88bf0d44 [CANDIDATE]: Term 2 pre-election: Election decided. Result: candidate lost. Election summary: received 4 responses out of 4 voters: 2 yes votes; 2 no votes. yes voters: 7eecdaa8d1dc4a9988492494fbb17f1d, a49a0f0a6258477d8126ad3c88bf0d44; no voters: 6f2066e97dec4d75a86e72155048de14, ae72da07d97b4d9b9e0d246ff83901ed
I0507 06:30:57.185180 4536 leader_election.cc:296] T 143439bb7e50454aab47fae4ed3ad4ae P a49a0f0a6258477d8126ad3c88bf0d44 [CANDIDATE]: Term 2 pre-election: Requested pre-vote from peers ae72da07d97b4d9b9e0d246ff83901ed (127.0.57.194:34185), 7eecdaa8d1dc4a9988492494fbb17f1d (127.0.57.195:33833), 6f2066e97dec4d75a86e72155048de14 (127.0.57.193:43041)
I0507 06:30:57.185407 4536 raft_consensus.cc:2588] T 143439bb7e50454aab47fae4ed3ad4ae P a49a0f0a6258477d8126ad3c88bf0d44 [term 1 FOLLOWER]: Leader pre-election lost for term 2. Reason: could not achieve majority
I0507 06:30:57.186480 4318 tablet_service.cc:1286] Received RequestConsensusVote() RPC: tablet_id: "143439bb7e50454aab47fae4ed3ad4ae" candidate_uuid: "a49a0f0a6258477d8126ad3c88bf0d44" candidate_term: 2 candidate_status { last_received { term: 1 index: 3 } } ignore_live_leader: false dest_uuid: "7eecdaa8d1dc4a9988492494fbb17f1d" is_pre_election: true
I0507 06:30:57.186827 4318 raft_consensus.cc:2346] T 143439bb7e50454aab47fae4ed3ad4ae P 7eecdaa8d1dc4a9988492494fbb17f1d [term 1 FOLLOWER]: Leader pre-election vote request: Granting yes vote for candidate a49a0f0a6258477d8126ad3c88bf0d44 in term 1.
W0507 06:30:57.411134 4374 leader_election.cc:341] T 143439bb7e50454aab47fae4ed3ad4ae P a49a0f0a6258477d8126ad3c88bf0d44 [CANDIDATE]: Term 2 pre-election: RPC error from VoteRequest() call to peer 6f2066e97dec4d75a86e72155048de14 (127.0.57.193:43041): Timed out: connection negotiation to 127.0.57.193:43041 for RPC RequestConsensusVote timed out after 0.225s (ON_OUTBOUND_QUEUE)
W0507 06:30:57.411361 4373 leader_election.cc:341] T 143439bb7e50454aab47fae4ed3ad4ae P a49a0f0a6258477d8126ad3c88bf0d44 [CANDIDATE]: Term 2 pre-election: RPC error from VoteRequest() call to peer ae72da07d97b4d9b9e0d246ff83901ed (127.0.57.194:34185): Timed out: RequestConsensusVote RPC to 127.0.57.194:34185 timed out after 0.225s (SENT)
I0507 06:30:57.411499 4373 leader_election.cc:310] T 143439bb7e50454aab47fae4ed3ad4ae P a49a0f0a6258477d8126ad3c88bf0d44 [CANDIDATE]: Term 2 pre-election: Election decided. Result: candidate lost. Election summary: received 4 responses out of 4 voters: 2 yes votes; 2 no votes. yes voters: 7eecdaa8d1dc4a9988492494fbb17f1d, a49a0f0a6258477d8126ad3c88bf0d44; no voters: 6f2066e97dec4d75a86e72155048de14, ae72da07d97b4d9b9e0d246ff83901ed
I0507 06:30:57.411957 4537 raft_consensus.cc:2588] T 143439bb7e50454aab47fae4ed3ad4ae P a49a0f0a6258477d8126ad3c88bf0d44 [term 1 FOLLOWER]: Leader pre-election lost for term 2. Reason: could not achieve majority
W0507 06:30:57.595466 4251 leader_election.cc:341] T 143439bb7e50454aab47fae4ed3ad4ae P 7eecdaa8d1dc4a9988492494fbb17f1d [CANDIDATE]: Term 2 pre-election: RPC error from VoteRequest() call to peer ae72da07d97b4d9b9e0d246ff83901ed (127.0.57.194:34185): Timed out: connection negotiation to 127.0.57.194:34185 for RPC RequestConsensusVote timed out after 0.992s (ON_OUTBOUND_QUEUE)
W0507 06:30:57.595707 4252 leader_election.cc:341] T 143439bb7e50454aab47fae4ed3ad4ae P 7eecdaa8d1dc4a9988492494fbb17f1d [CANDIDATE]: Term 2 pre-election: RPC error from VoteRequest() call to peer 6f2066e97dec4d75a86e72155048de14 (127.0.57.193:43041): Timed out: connection negotiation to 127.0.57.193:43041 for RPC RequestConsensusVote timed out after 0.992s (ON_OUTBOUND_QUEUE)
I0507 06:30:57.595829 4252 leader_election.cc:310] T 143439bb7e50454aab47fae4ed3ad4ae P 7eecdaa8d1dc4a9988492494fbb17f1d [CANDIDATE]: Term 2 pre-election: Election decided. Result: candidate lost. Election summary: received 4 responses out of 4 voters: 2 yes votes; 2 no votes. yes voters: 7eecdaa8d1dc4a9988492494fbb17f1d, a49a0f0a6258477d8126ad3c88bf0d44; no voters: 6f2066e97dec4d75a86e72155048de14, ae72da07d97b4d9b9e0d246ff83901ed
I0507 06:30:57.596741 4538 raft_consensus.cc:2588] T 143439bb7e50454aab47fae4ed3ad4ae P 7eecdaa8d1dc4a9988492494fbb17f1d [term 1 FOLLOWER]: Leader pre-election lost for term 2. Reason: could not achieve majority
I0507 06:30:58.261314 4539 raft_consensus.cc:472] T 143439bb7e50454aab47fae4ed3ad4ae P 7eecdaa8d1dc4a9988492494fbb17f1d [term 1 FOLLOWER]: Starting pre-election (detected failure of leader ae72da07d97b4d9b9e0d246ff83901ed)
I0507 06:30:58.261488 4539 raft_consensus.cc:494] T 143439bb7e50454aab47fae4ed3ad4ae P 7eecdaa8d1dc4a9988492494fbb17f1d [term 1 FOLLOWER]: Starting pre-election with config: opid_index: 3 OBSOLETE_local: false peers { permanent_uuid: "ae72da07d97b4d9b9e0d246ff83901ed" member_type: VOTER last_known_addr { host: "127.0.57.194" port: 34185 } } peers { permanent_uuid: "7eecdaa8d1dc4a9988492494fbb17f1d" member_type: VOTER last_known_addr { host: "127.0.57.195" port: 33833 } } peers { permanent_uuid: "a49a0f0a6258477d8126ad3c88bf0d44" member_type: VOTER last_known_addr { host: "127.0.57.196" port: 43761 } } peers { permanent_uuid: "6f2066e97dec4d75a86e72155048de14" member_type: VOTER last_known_addr { host: "127.0.57.193" port: 43041 } attrs { } }
I0507 06:30:58.262187 4539 leader_election.cc:296] T 143439bb7e50454aab47fae4ed3ad4ae P 7eecdaa8d1dc4a9988492494fbb17f1d [CANDIDATE]: Term 2 pre-election: Requested pre-vote from peers ae72da07d97b4d9b9e0d246ff83901ed (127.0.57.194:34185), a49a0f0a6258477d8126ad3c88bf0d44 (127.0.57.196:43761), 6f2066e97dec4d75a86e72155048de14 (127.0.57.193:43041)
I0507 06:30:58.262924 4440 tablet_service.cc:1286] Received RequestConsensusVote() RPC: tablet_id: "143439bb7e50454aab47fae4ed3ad4ae" candidate_uuid: "7eecdaa8d1dc4a9988492494fbb17f1d" candidate_term: 2 candidate_status { last_received { term: 1 index: 3 } } ignore_live_leader: false dest_uuid: "a49a0f0a6258477d8126ad3c88bf0d44" is_pre_election: true
I0507 06:30:58.263164 4440 raft_consensus.cc:2346] T 143439bb7e50454aab47fae4ed3ad4ae P a49a0f0a6258477d8126ad3c88bf0d44 [term 1 FOLLOWER]: Leader pre-election vote request: Granting yes vote for candidate 7eecdaa8d1dc4a9988492494fbb17f1d in term 1.
W0507 06:30:58.433686 4515 negotiation.cc:313] Failed RPC negotiation. Trace: 0507 06:30:55.218080 (+ 0us) reactor.cc:583] Submitting negotiation task for client connection to 127.0.57.193:43041 0507 06:30:55.218315 (+ 235us) negotiation.cc:98] Waiting for socket to connect 0507 06:30:55.218332 (+ 17us) client_negotiation.cc:167] Beginning negotiation 0507 06:30:55.218442 (+ 110us) client_negotiation.cc:244] Sending NEGOTIATE NegotiatePB request 0507 06:30:58.432857 (+3214415us) negotiation.cc:304] Negotiation complete: Timed out: Client connection negotiation failed: client connection to 127.0.57.193:43041 Metrics: {"client-negotiator.queue_time_us":85}
W0507 06:30:58.433800 4533 negotiation.cc:313] Failed RPC negotiation. Trace: 0507 06:30:55.388384 (+ 0us) reactor.cc:583] Submitting negotiation task for client connection to 127.0.57.193:43041 0507 06:30:55.392407 (+ 4023us) negotiation.cc:98] Waiting for socket to connect 0507 06:30:55.392419 (+ 12us) client_negotiation.cc:167] Beginning negotiation 0507 06:30:55.392496 (+ 77us) client_negotiation.cc:244] Sending NEGOTIATE NegotiatePB request 0507 06:30:58.432865 (+3040369us) negotiation.cc:304] Negotiation complete: Timed out: Client connection negotiation failed: client connection to 127.0.57.193:43041 Metrics: {"client-negotiator.queue_time_us":3936,"thread_start_us":4341,"threads_started":1}
W0507 06:30:58.434361 4252 leader_election.cc:341] T 143439bb7e50454aab47fae4ed3ad4ae P 7eecdaa8d1dc4a9988492494fbb17f1d [CANDIDATE]: Term 2 pre-election: RPC error from VoteRequest() call to peer 6f2066e97dec4d75a86e72155048de14 (127.0.57.193:43041): Timed out: Client connection negotiation failed: client connection to 127.0.57.193:43041
W0507 06:30:58.434444 4534 negotiation.cc:313] Failed RPC negotiation. Trace: 0507 06:30:55.387577 (+ 0us) reactor.cc:583] Submitting negotiation task for client connection to 127.0.57.194:34185 0507 06:30:55.389132 (+ 1555us) negotiation.cc:98] Waiting for socket to connect 0507 06:30:55.389149 (+ 17us) client_negotiation.cc:167] Beginning negotiation 0507 06:30:55.389272 (+ 123us) client_negotiation.cc:244] Sending NEGOTIATE NegotiatePB request 0507 06:30:58.432954 (+3043682us) negotiation.cc:304] Negotiation complete: Timed out: Client connection negotiation failed: client connection to 127.0.57.194:34185 Metrics: {"client-negotiator.queue_time_us":1393,"thread_start_us":1253,"threads_started":1}
W0507 06:30:58.434612 4251 leader_election.cc:341] T 143439bb7e50454aab47fae4ed3ad4ae P 7eecdaa8d1dc4a9988492494fbb17f1d [CANDIDATE]: Term 2 pre-election: RPC error from VoteRequest() call to peer ae72da07d97b4d9b9e0d246ff83901ed (127.0.57.194:34185): Timed out: Client connection negotiation failed: client connection to 127.0.57.194:34185
I0507 06:30:58.434720 4251 leader_election.cc:310] T 143439bb7e50454aab47fae4ed3ad4ae P 7eecdaa8d1dc4a9988492494fbb17f1d [CANDIDATE]: Term 2 pre-election: Election decided. Result: candidate lost. Election summary: received 4 responses out of 4 voters: 2 yes votes; 2 no votes. yes voters: 7eecdaa8d1dc4a9988492494fbb17f1d, a49a0f0a6258477d8126ad3c88bf0d44; no voters: 6f2066e97dec4d75a86e72155048de14, ae72da07d97b4d9b9e0d246ff83901ed
I0507 06:30:58.435051 4539 raft_consensus.cc:2588] T 143439bb7e50454aab47fae4ed3ad4ae P 7eecdaa8d1dc4a9988492494fbb17f1d [term 1 FOLLOWER]: Leader pre-election lost for term 2. Reason: could not achieve majority
I0507 06:30:58.567137 4540 raft_consensus.cc:472] T 143439bb7e50454aab47fae4ed3ad4ae P a49a0f0a6258477d8126ad3c88bf0d44 [term 1 FOLLOWER]: Starting pre-election (detected failure of leader ae72da07d97b4d9b9e0d246ff83901ed)
I0507 06:30:58.567302 4540 raft_consensus.cc:494] T 143439bb7e50454aab47fae4ed3ad4ae P a49a0f0a6258477d8126ad3c88bf0d44 [term 1 FOLLOWER]: Starting pre-election with config: opid_index: 3 OBSOLETE_local: false peers { permanent_uuid: "ae72da07d97b4d9b9e0d246ff83901ed" member_type: VOTER last_known_addr { host: "127.0.57.194" port: 34185 } } peers { permanent_uuid: "7eecdaa8d1dc4a9988492494fbb17f1d" member_type: VOTER last_known_addr { host: "127.0.57.195" port: 33833 } } peers { permanent_uuid: "a49a0f0a6258477d8126ad3c88bf0d44" member_type: VOTER last_known_addr { host: "127.0.57.196" port: 43761 } } peers { permanent_uuid: "6f2066e97dec4d75a86e72155048de14" member_type: VOTER last_known_addr { host: "127.0.57.193" port: 43041 } attrs { } }
I0507 06:30:58.568061 4540 leader_election.cc:296] T 143439bb7e50454aab47fae4ed3ad4ae P a49a0f0a6258477d8126ad3c88bf0d44 [CANDIDATE]: Term 2 pre-election: Requested pre-vote from peers ae72da07d97b4d9b9e0d246ff83901ed (127.0.57.194:34185), 7eecdaa8d1dc4a9988492494fbb17f1d (127.0.57.195:33833), 6f2066e97dec4d75a86e72155048de14 (127.0.57.193:43041)
I0507 06:30:58.568948 4318 tablet_service.cc:1286] Received RequestConsensusVote() RPC: tablet_id: "143439bb7e50454aab47fae4ed3ad4ae" candidate_uuid: "a49a0f0a6258477d8126ad3c88bf0d44" candidate_term: 2 candidate_status { last_received { term: 1 index: 3 } } ignore_live_leader: false dest_uuid: "7eecdaa8d1dc4a9988492494fbb17f1d" is_pre_election: true
I0507 06:30:58.569214 4318 raft_consensus.cc:2346] T 143439bb7e50454aab47fae4ed3ad4ae P 7eecdaa8d1dc4a9988492494fbb17f1d [term 1 FOLLOWER]: Leader pre-election vote request: Granting yes vote for candidate a49a0f0a6258477d8126ad3c88bf0d44 in term 1.
I0507 06:30:59.779325 4541 raft_consensus.cc:472] T 143439bb7e50454aab47fae4ed3ad4ae P a49a0f0a6258477d8126ad3c88bf0d44 [term 1 FOLLOWER]: Starting pre-election (detected failure of leader ae72da07d97b4d9b9e0d246ff83901ed)
I0507 06:30:59.779498 4541 raft_consensus.cc:494] T 143439bb7e50454aab47fae4ed3ad4ae P a49a0f0a6258477d8126ad3c88bf0d44 [term 1 FOLLOWER]: Starting pre-election with config: opid_index: 3 OBSOLETE_local: false peers { permanent_uuid: "ae72da07d97b4d9b9e0d246ff83901ed" member_type: VOTER last_known_addr { host: "127.0.57.194" port: 34185 } } peers { permanent_uuid: "7eecdaa8d1dc4a9988492494fbb17f1d" member_type: VOTER last_known_addr { host: "127.0.57.195" port: 33833 } } peers { permanent_uuid: "a49a0f0a6258477d8126ad3c88bf0d44" member_type: VOTER last_known_addr { host: "127.0.57.196" port: 43761 } } peers { permanent_uuid: "6f2066e97dec4d75a86e72155048de14" member_type: VOTER last_known_addr { host: "127.0.57.193" port: 43041 } attrs { } }
I0507 06:30:59.780189 4541 leader_election.cc:296] T 143439bb7e50454aab47fae4ed3ad4ae P a49a0f0a6258477d8126ad3c88bf0d44 [CANDIDATE]: Term 2 pre-election: Requested pre-vote from peers ae72da07d97b4d9b9e0d246ff83901ed (127.0.57.194:34185), 7eecdaa8d1dc4a9988492494fbb17f1d (127.0.57.195:33833), 6f2066e97dec4d75a86e72155048de14 (127.0.57.193:43041)
W0507 06:30:59.780205 4374 leader_election.cc:341] T 143439bb7e50454aab47fae4ed3ad4ae P a49a0f0a6258477d8126ad3c88bf0d44 [CANDIDATE]: Term 2 pre-election: RPC error from VoteRequest() call to peer 6f2066e97dec4d75a86e72155048de14 (127.0.57.193:43041): Timed out: connection negotiation to 127.0.57.193:43041 for RPC RequestConsensusVote timed out after 1.211s (ON_OUTBOUND_QUEUE)
W0507 06:30:59.780330 4373 leader_election.cc:341] T 143439bb7e50454aab47fae4ed3ad4ae P a49a0f0a6258477d8126ad3c88bf0d44 [CANDIDATE]: Term 2 pre-election: RPC error from VoteRequest() call to peer ae72da07d97b4d9b9e0d246ff83901ed (127.0.57.194:34185): Timed out: RequestConsensusVote RPC to 127.0.57.194:34185 timed out after 1.211s (SENT)
I0507 06:30:59.780704 4373 leader_election.cc:310] T 143439bb7e50454aab47fae4ed3ad4ae P a49a0f0a6258477d8126ad3c88bf0d44 [CANDIDATE]: Term 2 pre-election: Election decided. Result: candidate lost. Election summary: received 4 responses out of 4 voters: 2 yes votes; 2 no votes. yes voters: 7eecdaa8d1dc4a9988492494fbb17f1d, a49a0f0a6258477d8126ad3c88bf0d44; no voters: 6f2066e97dec4d75a86e72155048de14, ae72da07d97b4d9b9e0d246ff83901ed
I0507 06:30:59.780956 4541 raft_consensus.cc:2588] T 143439bb7e50454aab47fae4ed3ad4ae P a49a0f0a6258477d8126ad3c88bf0d44 [term 1 FOLLOWER]: Leader pre-election lost for term 2. Reason: could not achieve majority
I0507 06:30:59.781841 4318 tablet_service.cc:1286] Received RequestConsensusVote() RPC: tablet_id: "143439bb7e50454aab47fae4ed3ad4ae" candidate_uuid: "a49a0f0a6258477d8126ad3c88bf0d44" candidate_term: 2 candidate_status { last_received { term: 1 index: 3 } } ignore_live_leader: false dest_uuid: "7eecdaa8d1dc4a9988492494fbb17f1d" is_pre_election: true
I0507 06:30:59.782049 4318 raft_consensus.cc:2346] T 143439bb7e50454aab47fae4ed3ad4ae P 7eecdaa8d1dc4a9988492494fbb17f1d [term 1 FOLLOWER]: Leader pre-election vote request: Granting yes vote for candidate a49a0f0a6258477d8126ad3c88bf0d44 in term 1.
I0507 06:31:00.346777 4542 raft_consensus.cc:472] T 143439bb7e50454aab47fae4ed3ad4ae P a49a0f0a6258477d8126ad3c88bf0d44 [term 1 FOLLOWER]: Starting pre-election (detected failure of leader ae72da07d97b4d9b9e0d246ff83901ed)
I0507 06:31:00.346920 4542 raft_consensus.cc:494] T 143439bb7e50454aab47fae4ed3ad4ae P a49a0f0a6258477d8126ad3c88bf0d44 [term 1 FOLLOWER]: Starting pre-election with config: opid_index: 3 OBSOLETE_local: false peers { permanent_uuid: "ae72da07d97b4d9b9e0d246ff83901ed" member_type: VOTER last_known_addr { host: "127.0.57.194" port: 34185 } } peers { permanent_uuid: "7eecdaa8d1dc4a9988492494fbb17f1d" member_type: VOTER last_known_addr { host: "127.0.57.195" port: 33833 } } peers { permanent_uuid: "a49a0f0a6258477d8126ad3c88bf0d44" member_type: VOTER last_known_addr { host: "127.0.57.196" port: 43761 } } peers { permanent_uuid: "6f2066e97dec4d75a86e72155048de14" member_type: VOTER last_known_addr { host: "127.0.57.193" port: 43041 } attrs { } }
I0507 06:31:00.347641 4542 leader_election.cc:296] T 143439bb7e50454aab47fae4ed3ad4ae P a49a0f0a6258477d8126ad3c88bf0d44 [CANDIDATE]: Term 2 pre-election: Requested pre-vote from peers ae72da07d97b4d9b9e0d246ff83901ed (127.0.57.194:34185), 7eecdaa8d1dc4a9988492494fbb17f1d (127.0.57.195:33833), 6f2066e97dec4d75a86e72155048de14 (127.0.57.193:43041)
I0507 06:31:00.348351 4318 tablet_service.cc:1286] Received RequestConsensusVote() RPC: tablet_id: "143439bb7e50454aab47fae4ed3ad4ae" candidate_uuid: "a49a0f0a6258477d8126ad3c88bf0d44" candidate_term: 2 candidate_status { last_received { term: 1 index: 3 } } ignore_live_leader: false dest_uuid: "7eecdaa8d1dc4a9988492494fbb17f1d" is_pre_election: true
I0507 06:31:00.348587 4318 raft_consensus.cc:2346] T 143439bb7e50454aab47fae4ed3ad4ae P 7eecdaa8d1dc4a9988492494fbb17f1d [term 1 FOLLOWER]: Leader pre-election vote request: Granting yes vote for candidate a49a0f0a6258477d8126ad3c88bf0d44 in term 1.
I0507 06:31:00.627832 4543 raft_consensus.cc:472] T 143439bb7e50454aab47fae4ed3ad4ae P 7eecdaa8d1dc4a9988492494fbb17f1d [term 1 FOLLOWER]: Starting pre-election (detected failure of leader ae72da07d97b4d9b9e0d246ff83901ed)
I0507 06:31:00.627992 4543 raft_consensus.cc:494] T 143439bb7e50454aab47fae4ed3ad4ae P 7eecdaa8d1dc4a9988492494fbb17f1d [term 1 FOLLOWER]: Starting pre-election with config: opid_index: 3 OBSOLETE_local: false peers { permanent_uuid: "ae72da07d97b4d9b9e0d246ff83901ed" member_type: VOTER last_known_addr { host: "127.0.57.194" port: 34185 } } peers { permanent_uuid: "7eecdaa8d1dc4a9988492494fbb17f1d" member_type: VOTER last_known_addr { host: "127.0.57.195" port: 33833 } } peers { permanent_uuid: "a49a0f0a6258477d8126ad3c88bf0d44" member_type: VOTER last_known_addr { host: "127.0.57.196" port: 43761 } } peers { permanent_uuid: "6f2066e97dec4d75a86e72155048de14" member_type: VOTER last_known_addr { host: "127.0.57.193" port: 43041 } attrs { } }
I0507 06:31:00.628753 4543 leader_election.cc:296] T 143439bb7e50454aab47fae4ed3ad4ae P 7eecdaa8d1dc4a9988492494fbb17f1d [CANDIDATE]: Term 2 pre-election: Requested pre-vote from peers ae72da07d97b4d9b9e0d246ff83901ed (127.0.57.194:34185), a49a0f0a6258477d8126ad3c88bf0d44 (127.0.57.196:43761), 6f2066e97dec4d75a86e72155048de14 (127.0.57.193:43041)
I0507 06:31:00.631280 4440 tablet_service.cc:1286] Received RequestConsensusVote() RPC: tablet_id: "143439bb7e50454aab47fae4ed3ad4ae" candidate_uuid: "7eecdaa8d1dc4a9988492494fbb17f1d" candidate_term: 2 candidate_status { last_received { term: 1 index: 3 } } ignore_live_leader: false dest_uuid: "a49a0f0a6258477d8126ad3c88bf0d44" is_pre_election: true
I0507 06:31:00.631495 4440 raft_consensus.cc:2346] T 143439bb7e50454aab47fae4ed3ad4ae P a49a0f0a6258477d8126ad3c88bf0d44 [term 1 FOLLOWER]: Leader pre-election vote request: Granting yes vote for candidate 7eecdaa8d1dc4a9988492494fbb17f1d in term 1.
W0507 06:31:01.082873 4373 leader_election.cc:341] T 143439bb7e50454aab47fae4ed3ad4ae P a49a0f0a6258477d8126ad3c88bf0d44 [CANDIDATE]: Term 2 pre-election: RPC error from VoteRequest() call to peer ae72da07d97b4d9b9e0d246ff83901ed (127.0.57.194:34185): Timed out: RequestConsensusVote RPC to 127.0.57.194:34185 timed out after 1.301s (SENT)
W0507 06:31:01.083103 4374 leader_election.cc:341] T 143439bb7e50454aab47fae4ed3ad4ae P a49a0f0a6258477d8126ad3c88bf0d44 [CANDIDATE]: Term 2 pre-election: RPC error from VoteRequest() call to peer 6f2066e97dec4d75a86e72155048de14 (127.0.57.193:43041): Timed out: connection negotiation to 127.0.57.193:43041 for RPC RequestConsensusVote timed out after 1.301s (ON_OUTBOUND_QUEUE)
I0507 06:31:01.083253 4374 leader_election.cc:310] T 143439bb7e50454aab47fae4ed3ad4ae P a49a0f0a6258477d8126ad3c88bf0d44 [CANDIDATE]: Term 2 pre-election: Election decided. Result: candidate lost. Election summary: received 4 responses out of 4 voters: 2 yes votes; 2 no votes. yes voters: 7eecdaa8d1dc4a9988492494fbb17f1d, a49a0f0a6258477d8126ad3c88bf0d44; no voters: 6f2066e97dec4d75a86e72155048de14, ae72da07d97b4d9b9e0d246ff83901ed
I0507 06:31:01.083947 4546 raft_consensus.cc:2588] T 143439bb7e50454aab47fae4ed3ad4ae P a49a0f0a6258477d8126ad3c88bf0d44 [term 1 FOLLOWER]: Leader pre-election lost for term 2. Reason: could not achieve majority
I0507 06:31:01.233314 4547 raft_consensus.cc:472] T 143439bb7e50454aab47fae4ed3ad4ae P 7eecdaa8d1dc4a9988492494fbb17f1d [term 1 FOLLOWER]: Starting pre-election (detected failure of leader ae72da07d97b4d9b9e0d246ff83901ed)
I0507 06:31:01.233464 4547 raft_consensus.cc:494] T 143439bb7e50454aab47fae4ed3ad4ae P 7eecdaa8d1dc4a9988492494fbb17f1d [term 1 FOLLOWER]: Starting pre-election with config: opid_index: 3 OBSOLETE_local: false peers { permanent_uuid: "ae72da07d97b4d9b9e0d246ff83901ed" member_type: VOTER last_known_addr { host: "127.0.57.194" port: 34185 } } peers { permanent_uuid: "7eecdaa8d1dc4a9988492494fbb17f1d" member_type: VOTER last_known_addr { host: "127.0.57.195" port: 33833 } } peers { permanent_uuid: "a49a0f0a6258477d8126ad3c88bf0d44" member_type: VOTER last_known_addr { host: "127.0.57.196" port: 43761 } } peers { permanent_uuid: "6f2066e97dec4d75a86e72155048de14" member_type: VOTER last_known_addr { host: "127.0.57.193" port: 43041 } attrs { } }
W0507 06:31:01.234128 4251 leader_election.cc:341] T 143439bb7e50454aab47fae4ed3ad4ae P 7eecdaa8d1dc4a9988492494fbb17f1d [CANDIDATE]: Term 2 pre-election: RPC error from VoteRequest() call to peer ae72da07d97b4d9b9e0d246ff83901ed (127.0.57.194:34185): Timed out: connection negotiation to 127.0.57.194:34185 for RPC RequestConsensusVote timed out after 0.604s (ON_OUTBOUND_QUEUE)
I0507 06:31:01.234117 4547 leader_election.cc:296] T 143439bb7e50454aab47fae4ed3ad4ae P 7eecdaa8d1dc4a9988492494fbb17f1d [CANDIDATE]: Term 2 pre-election: Requested pre-vote from peers ae72da07d97b4d9b9e0d246ff83901ed (127.0.57.194:34185), a49a0f0a6258477d8126ad3c88bf0d44 (127.0.57.196:43761), 6f2066e97dec4d75a86e72155048de14 (127.0.57.193:43041)
W0507 06:31:01.234287 4252 leader_election.cc:341] T 143439bb7e50454aab47fae4ed3ad4ae P 7eecdaa8d1dc4a9988492494fbb17f1d [CANDIDATE]: Term 2 pre-election: RPC error from VoteRequest() call to peer 6f2066e97dec4d75a86e72155048de14 (127.0.57.193:43041): Timed out: connection negotiation to 127.0.57.193:43041 for RPC RequestConsensusVote timed out after 0.604s (ON_OUTBOUND_QUEUE)
I0507 06:31:01.234455 4252 leader_election.cc:310] T 143439bb7e50454aab47fae4ed3ad4ae P 7eecdaa8d1dc4a9988492494fbb17f1d [CANDIDATE]: Term 2 pre-election: Election decided. Result: candidate lost. Election summary: received 4 responses out of 4 voters: 2 yes votes; 2 no votes. yes voters: 7eecdaa8d1dc4a9988492494fbb17f1d, a49a0f0a6258477d8126ad3c88bf0d44; no voters: 6f2066e97dec4d75a86e72155048de14, ae72da07d97b4d9b9e0d246ff83901ed
I0507 06:31:01.234699 4547 raft_consensus.cc:2588] T 143439bb7e50454aab47fae4ed3ad4ae P 7eecdaa8d1dc4a9988492494fbb17f1d [term 1 FOLLOWER]: Leader pre-election lost for term 2. Reason: could not achieve majority
I0507 06:31:01.235469 4440 tablet_service.cc:1286] Received RequestConsensusVote() RPC: tablet_id: "143439bb7e50454aab47fae4ed3ad4ae" candidate_uuid: "7eecdaa8d1dc4a9988492494fbb17f1d" candidate_term: 2 candidate_status { last_received { term: 1 index: 3 } } ignore_live_leader: false dest_uuid: "a49a0f0a6258477d8126ad3c88bf0d44" is_pre_election: true
I0507 06:31:01.235726 4440 raft_consensus.cc:2346] T 143439bb7e50454aab47fae4ed3ad4ae P a49a0f0a6258477d8126ad3c88bf0d44 [term 1 FOLLOWER]: Leader pre-election vote request: Granting yes vote for candidate 7eecdaa8d1dc4a9988492494fbb17f1d in term 1.
I0507 06:31:01.463604 4546 raft_consensus.cc:472] T 143439bb7e50454aab47fae4ed3ad4ae P a49a0f0a6258477d8126ad3c88bf0d44 [term 1 FOLLOWER]: Starting pre-election (detected failure of leader ae72da07d97b4d9b9e0d246ff83901ed)
I0507 06:31:01.463798 4546 raft_consensus.cc:494] T 143439bb7e50454aab47fae4ed3ad4ae P a49a0f0a6258477d8126ad3c88bf0d44 [term 1 FOLLOWER]: Starting pre-election with config: opid_index: 3 OBSOLETE_local: false peers { permanent_uuid: "ae72da07d97b4d9b9e0d246ff83901ed" member_type: VOTER last_known_addr { host: "127.0.57.194" port: 34185 } } peers { permanent_uuid: "7eecdaa8d1dc4a9988492494fbb17f1d" member_type: VOTER last_known_addr { host: "127.0.57.195" port: 33833 } } peers { permanent_uuid: "a49a0f0a6258477d8126ad3c88bf0d44" member_type: VOTER last_known_addr { host: "127.0.57.196" port: 43761 } } peers { permanent_uuid: "6f2066e97dec4d75a86e72155048de14" member_type: VOTER last_known_addr { host: "127.0.57.193" port: 43041 } attrs { } }
I0507 06:31:01.464501 4546 leader_election.cc:296] T 143439bb7e50454aab47fae4ed3ad4ae P a49a0f0a6258477d8126ad3c88bf0d44 [CANDIDATE]: Term 2 pre-election: Requested pre-vote from peers ae72da07d97b4d9b9e0d246ff83901ed (127.0.57.194:34185), 7eecdaa8d1dc4a9988492494fbb17f1d (127.0.57.195:33833), 6f2066e97dec4d75a86e72155048de14 (127.0.57.193:43041)
I0507 06:31:01.465241 4318 tablet_service.cc:1286] Received RequestConsensusVote() RPC: tablet_id: "143439bb7e50454aab47fae4ed3ad4ae" candidate_uuid: "a49a0f0a6258477d8126ad3c88bf0d44" candidate_term: 2 candidate_status { last_received { term: 1 index: 3 } } ignore_live_leader: false dest_uuid: "7eecdaa8d1dc4a9988492494fbb17f1d" is_pre_election: true
I0507 06:31:01.465450 4318 raft_consensus.cc:2346] T 143439bb7e50454aab47fae4ed3ad4ae P 7eecdaa8d1dc4a9988492494fbb17f1d [term 1 FOLLOWER]: Leader pre-election vote request: Granting yes vote for candidate a49a0f0a6258477d8126ad3c88bf0d44 in term 1.
W0507 06:31:01.646751 4373 leader_election.cc:341] T 143439bb7e50454aab47fae4ed3ad4ae P a49a0f0a6258477d8126ad3c88bf0d44 [CANDIDATE]: Term 2 pre-election: RPC error from VoteRequest() call to peer ae72da07d97b4d9b9e0d246ff83901ed (127.0.57.194:34185): Timed out: RequestConsensusVote RPC to 127.0.57.194:34185 timed out after 1.298s (SENT)
W0507 06:31:01.646966 4374 leader_election.cc:341] T 143439bb7e50454aab47fae4ed3ad4ae P a49a0f0a6258477d8126ad3c88bf0d44 [CANDIDATE]: Term 2 pre-election: RPC error from VoteRequest() call to peer 6f2066e97dec4d75a86e72155048de14 (127.0.57.193:43041): Timed out: connection negotiation to 127.0.57.193:43041 for RPC RequestConsensusVote timed out after 1.298s (ON_OUTBOUND_QUEUE)
I0507 06:31:01.647094 4374 leader_election.cc:310] T 143439bb7e50454aab47fae4ed3ad4ae P a49a0f0a6258477d8126ad3c88bf0d44 [CANDIDATE]: Term 2 pre-election: Election decided. Result: candidate lost. Election summary: received 4 responses out of 4 voters: 2 yes votes; 2 no votes. yes voters: 7eecdaa8d1dc4a9988492494fbb17f1d, a49a0f0a6258477d8126ad3c88bf0d44; no voters: 6f2066e97dec4d75a86e72155048de14, ae72da07d97b4d9b9e0d246ff83901ed
I0507 06:31:01.647538 4546 raft_consensus.cc:2588] T 143439bb7e50454aab47fae4ed3ad4ae P a49a0f0a6258477d8126ad3c88bf0d44 [term 1 FOLLOWER]: Leader pre-election lost for term 2. Reason: could not achieve majority
W0507 06:31:01.761198 4515 negotiation.cc:313] Failed RPC negotiation. Trace: 0507 06:30:58.568390 (+ 0us) reactor.cc:583] Submitting negotiation task for client connection to 127.0.57.193:43041 0507 06:30:58.568674 (+ 284us) negotiation.cc:98] Waiting for socket to connect 0507 06:30:58.568693 (+ 19us) client_negotiation.cc:167] Beginning negotiation 0507 06:30:58.568838 (+ 145us) client_negotiation.cc:244] Sending NEGOTIATE NegotiatePB request 0507 06:31:01.760929 (+3192091us) negotiation.cc:304] Negotiation complete: Timed out: Client connection negotiation failed: client connection to 127.0.57.193:43041 Metrics: {"client-negotiator.queue_time_us":88}
W0507 06:31:01.761555 4374 leader_election.cc:341] T 143439bb7e50454aab47fae4ed3ad4ae P a49a0f0a6258477d8126ad3c88bf0d44 [CANDIDATE]: Term 2 pre-election: RPC error from VoteRequest() call to peer 6f2066e97dec4d75a86e72155048de14 (127.0.57.193:43041): Timed out: Client connection negotiation failed: client connection to 127.0.57.193:43041
W0507 06:31:02.130631 4373 leader_election.cc:341] T 143439bb7e50454aab47fae4ed3ad4ae P a49a0f0a6258477d8126ad3c88bf0d44 [CANDIDATE]: Term 2 pre-election: RPC error from VoteRequest() call to peer ae72da07d97b4d9b9e0d246ff83901ed (127.0.57.194:34185): Timed out: RequestConsensusVote RPC to 127.0.57.194:34185 timed out after 0.664s (SENT)
I0507 06:31:02.130900 4373 leader_election.cc:310] T 143439bb7e50454aab47fae4ed3ad4ae P a49a0f0a6258477d8126ad3c88bf0d44 [CANDIDATE]: Term 2 pre-election: Election decided. Result: candidate lost. Election summary: received 4 responses out of 4 voters: 2 yes votes; 2 no votes. yes voters: 7eecdaa8d1dc4a9988492494fbb17f1d, a49a0f0a6258477d8126ad3c88bf0d44; no voters: 6f2066e97dec4d75a86e72155048de14, ae72da07d97b4d9b9e0d246ff83901ed
I0507 06:31:02.131382 4546 raft_consensus.cc:2588] T 143439bb7e50454aab47fae4ed3ad4ae P a49a0f0a6258477d8126ad3c88bf0d44 [term 1 FOLLOWER]: Leader pre-election lost for term 2. Reason: could not achieve majority
I0507 06:31:02.620949 4546 raft_consensus.cc:472] T 143439bb7e50454aab47fae4ed3ad4ae P a49a0f0a6258477d8126ad3c88bf0d44 [term 1 FOLLOWER]: Starting pre-election (detected failure of leader ae72da07d97b4d9b9e0d246ff83901ed)
I0507 06:31:02.621178 4546 raft_consensus.cc:494] T 143439bb7e50454aab47fae4ed3ad4ae P a49a0f0a6258477d8126ad3c88bf0d44 [term 1 FOLLOWER]: Starting pre-election with config: opid_index: 3 OBSOLETE_local: false peers { permanent_uuid: "ae72da07d97b4d9b9e0d246ff83901ed" member_type: VOTER last_known_addr { host: "127.0.57.194" port: 34185 } } peers { permanent_uuid: "7eecdaa8d1dc4a9988492494fbb17f1d" member_type: VOTER last_known_addr { host: "127.0.57.195" port: 33833 } } peers { permanent_uuid: "a49a0f0a6258477d8126ad3c88bf0d44" member_type: VOTER last_known_addr { host: "127.0.57.196" port: 43761 } } peers { permanent_uuid: "6f2066e97dec4d75a86e72155048de14" member_type: VOTER last_known_addr { host: "127.0.57.193" port: 43041 } attrs { } }
I0507 06:31:02.622036 4546 leader_election.cc:296] T 143439bb7e50454aab47fae4ed3ad4ae P a49a0f0a6258477d8126ad3c88bf0d44 [CANDIDATE]: Term 2 pre-election: Requested pre-vote from peers ae72da07d97b4d9b9e0d246ff83901ed (127.0.57.194:34185), 7eecdaa8d1dc4a9988492494fbb17f1d (127.0.57.195:33833), 6f2066e97dec4d75a86e72155048de14 (127.0.57.193:43041)
I0507 06:31:02.622905 4318 tablet_service.cc:1286] Received RequestConsensusVote() RPC: tablet_id: "143439bb7e50454aab47fae4ed3ad4ae" candidate_uuid: "a49a0f0a6258477d8126ad3c88bf0d44" candidate_term: 2 candidate_status { last_received { term: 1 index: 3 } } ignore_live_leader: false dest_uuid: "7eecdaa8d1dc4a9988492494fbb17f1d" is_pre_election: true
I0507 06:31:02.623183 4318 raft_consensus.cc:2346] T 143439bb7e50454aab47fae4ed3ad4ae P 7eecdaa8d1dc4a9988492494fbb17f1d [term 1 FOLLOWER]: Leader pre-election vote request: Granting yes vote for candidate a49a0f0a6258477d8126ad3c88bf0d44 in term 1.
W0507 06:31:03.042098 4252 leader_election.cc:341] T 143439bb7e50454aab47fae4ed3ad4ae P 7eecdaa8d1dc4a9988492494fbb17f1d [CANDIDATE]: Term 2 pre-election: RPC error from VoteRequest() call to peer 6f2066e97dec4d75a86e72155048de14 (127.0.57.193:43041): Timed out: connection negotiation to 127.0.57.193:43041 for RPC RequestConsensusVote timed out after 1.807s (ON_OUTBOUND_QUEUE)
W0507 06:31:03.042892 4251 leader_election.cc:341] T 143439bb7e50454aab47fae4ed3ad4ae P 7eecdaa8d1dc4a9988492494fbb17f1d [CANDIDATE]: Term 2 pre-election: RPC error from VoteRequest() call to peer ae72da07d97b4d9b9e0d246ff83901ed (127.0.57.194:34185): Timed out: connection negotiation to 127.0.57.194:34185 for RPC RequestConsensusVote timed out after 1.807s (ON_OUTBOUND_QUEUE)
I0507 06:31:03.042966 4251 leader_election.cc:310] T 143439bb7e50454aab47fae4ed3ad4ae P 7eecdaa8d1dc4a9988492494fbb17f1d [CANDIDATE]: Term 2 pre-election: Election decided. Result: candidate lost. Election summary: received 4 responses out of 4 voters: 2 yes votes; 2 no votes. yes voters: 7eecdaa8d1dc4a9988492494fbb17f1d, a49a0f0a6258477d8126ad3c88bf0d44; no voters: 6f2066e97dec4d75a86e72155048de14, ae72da07d97b4d9b9e0d246ff83901ed
I0507 06:31:03.043721 4549 raft_consensus.cc:2588] T 143439bb7e50454aab47fae4ed3ad4ae P 7eecdaa8d1dc4a9988492494fbb17f1d [term 1 FOLLOWER]: Leader pre-election lost for term 2. Reason: could not achieve majority
I0507 06:31:03.690625 4530 raft_consensus.cc:472] T 143439bb7e50454aab47fae4ed3ad4ae P 6f2066e97dec4d75a86e72155048de14 [term 1 FOLLOWER]: Starting pre-election (detected failure of leader ae72da07d97b4d9b9e0d246ff83901ed)
I0507 06:31:03.691776 4530 raft_consensus.cc:494] T 143439bb7e50454aab47fae4ed3ad4ae P 6f2066e97dec4d75a86e72155048de14 [term 1 FOLLOWER]: Starting pre-election with config: opid_index: 3 OBSOLETE_local: false peers { permanent_uuid: "ae72da07d97b4d9b9e0d246ff83901ed" member_type: VOTER last_known_addr { host: "127.0.57.194" port: 34185 } } peers { permanent_uuid: "7eecdaa8d1dc4a9988492494fbb17f1d" member_type: VOTER last_known_addr { host: "127.0.57.195" port: 33833 } } peers { permanent_uuid: "a49a0f0a6258477d8126ad3c88bf0d44" member_type: VOTER last_known_addr { host: "127.0.57.196" port: 43761 } } peers { permanent_uuid: "6f2066e97dec4d75a86e72155048de14" member_type: VOTER last_known_addr { host: "127.0.57.193" port: 43041 } attrs { } }
I0507 06:31:03.707191 4530 leader_election.cc:296] T 143439bb7e50454aab47fae4ed3ad4ae P 6f2066e97dec4d75a86e72155048de14 [CANDIDATE]: Term 2 pre-election: Requested pre-vote from peers ae72da07d97b4d9b9e0d246ff83901ed (127.0.57.194:34185), 7eecdaa8d1dc4a9988492494fbb17f1d (127.0.57.195:33833), a49a0f0a6258477d8126ad3c88bf0d44 (127.0.57.196:43761)
W0507 06:31:03.713526 4545 negotiation.cc:313] Failed RPC negotiation. Trace: 0507 06:31:00.629080 (+ 0us) reactor.cc:583] Submitting negotiation task for client connection to 127.0.57.193:43041 0507 06:31:00.630458 (+ 1378us) negotiation.cc:98] Waiting for socket to connect 0507 06:31:00.630469 (+ 11us) client_negotiation.cc:167] Beginning negotiation 0507 06:31:00.630523 (+ 54us) client_negotiation.cc:244] Sending NEGOTIATE NegotiatePB request 0507 06:31:03.713269 (+3082746us) negotiation.cc:304] Negotiation complete: Timed out: Client connection negotiation failed: client connection to 127.0.57.193:43041 Metrics: {"client-negotiator.queue_time_us":1301,"thread_start_us":1457,"threads_started":1}
W0507 06:31:03.715673 4519 negotiation.cc:313] Failed RPC negotiation. Trace: 0507 06:31:03.692329 (+ 0us) reactor.cc:583] Submitting negotiation task for server connection from 127.0.57.195:57939 0507 06:31:03.706755 (+ 14426us) server_negotiation.cc:184] Beginning negotiation 0507 06:31:03.706759 (+ 4us) server_negotiation.cc:373] Waiting for connection header 0507 06:31:03.706778 (+ 19us) server_negotiation.cc:381] Connection header received 0507 06:31:03.706825 (+ 47us) server_negotiation.cc:337] Received NEGOTIATE NegotiatePB request 0507 06:31:03.706830 (+ 5us) server_negotiation.cc:420] Received NEGOTIATE request from client 0507 06:31:03.706896 (+ 66us) server_negotiation.cc:349] Sending NEGOTIATE NegotiatePB response 0507 06:31:03.707060 (+ 164us) negotiation.cc:304] Negotiation complete: Network error: Server connection negotiation failed: server connection from 127.0.57.195:57939: BlockingWrite error: write error: Broken pipe (error 32) Metrics: {"server-negotiator.queue_time_us":14038,"threads_started":1}
W0507 06:31:03.720266 4550 negotiation.cc:313] Failed RPC negotiation. Trace: 0507 06:31:03.688507 (+ 0us) reactor.cc:583] Submitting negotiation task for server connection from 127.0.57.196:42943 0507 06:31:03.705298 (+ 16791us) server_negotiation.cc:184] Beginning negotiation 0507 06:31:03.705301 (+ 3us) server_negotiation.cc:373] Waiting for connection header 0507 06:31:03.705442 (+ 141us) server_negotiation.cc:381] Connection header received 0507 06:31:03.705505 (+ 63us) server_negotiation.cc:337] Received NEGOTIATE NegotiatePB request 0507 06:31:03.705510 (+ 5us) server_negotiation.cc:420] Received NEGOTIATE request from client 0507 06:31:03.705603 (+ 93us) server_negotiation.cc:349] Sending NEGOTIATE NegotiatePB response 0507 06:31:03.711924 (+ 6321us) negotiation.cc:304] Negotiation complete: Network error: Server connection negotiation failed: server connection from 127.0.57.196:42943: BlockingWrite error: write error: Broken pipe (error 32) Metrics: {"server-negotiator.queue_time_us":16150,"thread_start_us":3769,"threads_started":1}
W0507 06:31:03.722096 4552 negotiation.cc:313] Failed RPC negotiation. Trace: 0507 06:31:03.721367 (+ 0us) reactor.cc:583] Submitting negotiation task for server connection from 127.0.57.196:60979 0507 06:31:03.721558 (+ 191us) server_negotiation.cc:184] Beginning negotiation 0507 06:31:03.721562 (+ 4us) server_negotiation.cc:373] Waiting for connection header 0507 06:31:03.721577 (+ 15us) server_negotiation.cc:381] Connection header received 0507 06:31:03.721613 (+ 36us) server_negotiation.cc:337] Received NEGOTIATE NegotiatePB request 0507 06:31:03.721616 (+ 3us) server_negotiation.cc:420] Received NEGOTIATE request from client 0507 06:31:03.721665 (+ 49us) server_negotiation.cc:349] Sending NEGOTIATE NegotiatePB response 0507 06:31:03.721896 (+ 231us) negotiation.cc:304] Negotiation complete: Network error: Server connection negotiation failed: server connection from 127.0.57.196:60979: BlockingWrite error: write error: Broken pipe (error 32) Metrics: {"server-negotiator.queue_time_us":68}
I0507 06:31:03.722146 4318 tablet_service.cc:1286] Received RequestConsensusVote() RPC: tablet_id: "143439bb7e50454aab47fae4ed3ad4ae" candidate_uuid: "6f2066e97dec4d75a86e72155048de14" candidate_term: 2 candidate_status { last_received { term: 1 index: 3 } } ignore_live_leader: false dest_uuid: "7eecdaa8d1dc4a9988492494fbb17f1d" is_pre_election: true
I0507 06:31:03.722451 4318 raft_consensus.cc:2346] T 143439bb7e50454aab47fae4ed3ad4ae P 7eecdaa8d1dc4a9988492494fbb17f1d [term 1 FOLLOWER]: Leader pre-election vote request: Granting yes vote for candidate 6f2066e97dec4d75a86e72155048de14 in term 1.
I0507 06:31:03.722518 4072 tablet_service.cc:1286] Received RequestConsensusVote() RPC: tablet_id: "143439bb7e50454aab47fae4ed3ad4ae" candidate_uuid: "a49a0f0a6258477d8126ad3c88bf0d44" candidate_term: 2 candidate_status { last_received { term: 1 index: 3 } } ignore_live_leader: false dest_uuid: "6f2066e97dec4d75a86e72155048de14" is_pre_election: true
I0507 06:31:03.722815 4072 raft_consensus.cc:2346] T 143439bb7e50454aab47fae4ed3ad4ae P 6f2066e97dec4d75a86e72155048de14 [term 1 FOLLOWER]: Leader pre-election vote request: Granting yes vote for candidate a49a0f0a6258477d8126ad3c88bf0d44 in term 1.
W0507 06:31:03.724334 4551 negotiation.cc:313] Failed RPC negotiation. Trace: 0507 06:31:03.690127 (+ 0us) reactor.cc:583] Submitting negotiation task for server connection from 127.0.57.195:34313 0507 06:31:03.706292 (+ 16165us) server_negotiation.cc:184] Beginning negotiation 0507 06:31:03.706296 (+ 4us) server_negotiation.cc:373] Waiting for connection header 0507 06:31:03.712954 (+ 6658us) server_negotiation.cc:381] Connection header received 0507 06:31:03.713014 (+ 60us) server_negotiation.cc:337] Received NEGOTIATE NegotiatePB request 0507 06:31:03.713019 (+ 5us) server_negotiation.cc:420] Received NEGOTIATE request from client 0507 06:31:03.713079 (+ 60us) server_negotiation.cc:349] Sending NEGOTIATE NegotiatePB response 0507 06:31:03.713164 (+ 85us) server_negotiation.cc:205] Negotiated authn=CERTIFICATE 0507 06:31:03.724135 (+ 10971us) negotiation.cc:304] Negotiation complete: Network error: Server connection negotiation failed: server connection from 127.0.57.195:34313: BlockingRecv error: recv error from 0.0.0.0:0: Transport endpoint is not connected (error 107) Metrics: {"server-negotiator.queue_time_us":14735,"thread_start_us":13402,"threads_started":1}
I0507 06:31:03.724773 4374 leader_election.cc:310] T 143439bb7e50454aab47fae4ed3ad4ae P a49a0f0a6258477d8126ad3c88bf0d44 [CANDIDATE]: Term 2 pre-election: Election decided. Result: candidate won. Election summary: received 3 responses out of 4 voters: 3 yes votes; 0 no votes. yes voters: 6f2066e97dec4d75a86e72155048de14, 7eecdaa8d1dc4a9988492494fbb17f1d, a49a0f0a6258477d8126ad3c88bf0d44; no voters:
I0507 06:31:03.725440 4557 raft_consensus.cc:2640] T 143439bb7e50454aab47fae4ed3ad4ae P a49a0f0a6258477d8126ad3c88bf0d44 [term 1 FOLLOWER]: Leader pre-election won for term 2
I0507 06:31:03.725524 4557 raft_consensus.cc:472] T 143439bb7e50454aab47fae4ed3ad4ae P a49a0f0a6258477d8126ad3c88bf0d44 [term 1 FOLLOWER]: Starting leader election (detected failure of leader ae72da07d97b4d9b9e0d246ff83901ed)
I0507 06:31:03.725687 4557 raft_consensus.cc:2886] T 143439bb7e50454aab47fae4ed3ad4ae P a49a0f0a6258477d8126ad3c88bf0d44 [term 1 FOLLOWER]: Advancing to term 2
I0507 06:31:03.726351 4440 tablet_service.cc:1286] Received RequestConsensusVote() RPC: tablet_id: "143439bb7e50454aab47fae4ed3ad4ae" candidate_uuid: "6f2066e97dec4d75a86e72155048de14" candidate_term: 2 candidate_status { last_received { term: 1 index: 3 } } ignore_live_leader: false dest_uuid: "a49a0f0a6258477d8126ad3c88bf0d44" is_pre_election: true
I0507 06:31:03.727840 4557 raft_consensus.cc:494] T 143439bb7e50454aab47fae4ed3ad4ae P a49a0f0a6258477d8126ad3c88bf0d44 [term 2 FOLLOWER]: Starting leader election with config: opid_index: 3 OBSOLETE_local: false peers { permanent_uuid: "ae72da07d97b4d9b9e0d246ff83901ed" member_type: VOTER last_known_addr { host: "127.0.57.194" port: 34185 } } peers { permanent_uuid: "7eecdaa8d1dc4a9988492494fbb17f1d" member_type: VOTER last_known_addr { host: "127.0.57.195" port: 33833 } } peers { permanent_uuid: "a49a0f0a6258477d8126ad3c88bf0d44" member_type: VOTER last_known_addr { host: "127.0.57.196" port: 43761 } } peers { permanent_uuid: "6f2066e97dec4d75a86e72155048de14" member_type: VOTER last_known_addr { host: "127.0.57.193" port: 43041 } attrs { } }
I0507 06:31:03.728361 4440 raft_consensus.cc:2276] T 143439bb7e50454aab47fae4ed3ad4ae P a49a0f0a6258477d8126ad3c88bf0d44 [term 2 FOLLOWER]: Leader pre-election vote request: Denying vote to candidate 6f2066e97dec4d75a86e72155048de14 in current term 2: Already voted for candidate a49a0f0a6258477d8126ad3c88bf0d44 in this term.
I0507 06:31:03.728863 4557 leader_election.cc:296] T 143439bb7e50454aab47fae4ed3ad4ae P a49a0f0a6258477d8126ad3c88bf0d44 [CANDIDATE]: Term 2 election: Requested vote from peers ae72da07d97b4d9b9e0d246ff83901ed (127.0.57.194:34185), 7eecdaa8d1dc4a9988492494fbb17f1d (127.0.57.195:33833), 6f2066e97dec4d75a86e72155048de14 (127.0.57.193:43041)
I0507 06:31:03.729321 4318 tablet_service.cc:1286] Received RequestConsensusVote() RPC: tablet_id: "143439bb7e50454aab47fae4ed3ad4ae" candidate_uuid: "a49a0f0a6258477d8126ad3c88bf0d44" candidate_term: 2 candidate_status { last_received { term: 1 index: 3 } } ignore_live_leader: false dest_uuid: "7eecdaa8d1dc4a9988492494fbb17f1d"
I0507 06:31:03.729375 4072 tablet_service.cc:1286] Received RequestConsensusVote() RPC: tablet_id: "143439bb7e50454aab47fae4ed3ad4ae" candidate_uuid: "a49a0f0a6258477d8126ad3c88bf0d44" candidate_term: 2 candidate_status { last_received { term: 1 index: 3 } } ignore_live_leader: false dest_uuid: "6f2066e97dec4d75a86e72155048de14"
I0507 06:31:03.729511 4318 raft_consensus.cc:2886] T 143439bb7e50454aab47fae4ed3ad4ae P 7eecdaa8d1dc4a9988492494fbb17f1d [term 1 FOLLOWER]: Advancing to term 2
I0507 06:31:03.729522 4072 raft_consensus.cc:2886] T 143439bb7e50454aab47fae4ed3ad4ae P 6f2066e97dec4d75a86e72155048de14 [term 1 FOLLOWER]: Advancing to term 2
I0507 06:31:03.731195 4318 raft_consensus.cc:2346] T 143439bb7e50454aab47fae4ed3ad4ae P 7eecdaa8d1dc4a9988492494fbb17f1d [term 2 FOLLOWER]: Leader election vote request: Granting yes vote for candidate a49a0f0a6258477d8126ad3c88bf0d44 in term 2.
I0507 06:31:03.731314 4072 raft_consensus.cc:2346] T 143439bb7e50454aab47fae4ed3ad4ae P 6f2066e97dec4d75a86e72155048de14 [term 2 FOLLOWER]: Leader election vote request: Granting yes vote for candidate a49a0f0a6258477d8126ad3c88bf0d44 in term 2.
I0507 06:31:03.731622 4374 leader_election.cc:310] T 143439bb7e50454aab47fae4ed3ad4ae P a49a0f0a6258477d8126ad3c88bf0d44 [CANDIDATE]: Term 2 election: Election decided. Result: candidate won. Election summary: received 3 responses out of 4 voters: 3 yes votes; 0 no votes. yes voters: 6f2066e97dec4d75a86e72155048de14, 7eecdaa8d1dc4a9988492494fbb17f1d, a49a0f0a6258477d8126ad3c88bf0d44; no voters:
I0507 06:31:03.731864 4557 raft_consensus.cc:2640] T 143439bb7e50454aab47fae4ed3ad4ae P a49a0f0a6258477d8126ad3c88bf0d44 [term 2 FOLLOWER]: Leader election won for term 2
I0507 06:31:03.732265 4557 raft_consensus.cc:667] T 143439bb7e50454aab47fae4ed3ad4ae P a49a0f0a6258477d8126ad3c88bf0d44 [term 2 LEADER]: Becoming Leader. State: Replica: a49a0f0a6258477d8126ad3c88bf0d44, State: Running, Role: LEADER
I0507 06:31:03.732723 4557 consensus_queue.cc:206] T 143439bb7e50454aab47fae4ed3ad4ae P a49a0f0a6258477d8126ad3c88bf0d44 [LEADER]: Queue going to LEADER mode. State: All replicated index: 0, Majority replicated index: 3, Committed index: 3, Last appended: 1.3, Last appended by leader: 3, Current term: 2, Majority size: 3, State: 0, Mode: LEADER, active raft config: opid_index: 3 OBSOLETE_local: false peers { permanent_uuid: "ae72da07d97b4d9b9e0d246ff83901ed" member_type: VOTER last_known_addr { host: "127.0.57.194" port: 34185 } } peers { permanent_uuid: "7eecdaa8d1dc4a9988492494fbb17f1d" member_type: VOTER last_known_addr { host: "127.0.57.195" port: 33833 } } peers { permanent_uuid: "a49a0f0a6258477d8126ad3c88bf0d44" member_type: VOTER last_known_addr { host: "127.0.57.196" port: 43761 } } peers { permanent_uuid: "6f2066e97dec4d75a86e72155048de14" member_type: VOTER last_known_addr { host: "127.0.57.193" port: 43041 } attrs { } }
I0507 06:31:03.735797 3953 catalog_manager.cc:3988] T 143439bb7e50454aab47fae4ed3ad4ae P a49a0f0a6258477d8126ad3c88bf0d44 reported cstate change: term changed from 1 to 2, leader changed from ae72da07d97b4d9b9e0d246ff83901ed (127.0.57.194) to a49a0f0a6258477d8126ad3c88bf0d44 (127.0.57.196). New cstate: current_term: 2 leader_uuid: "a49a0f0a6258477d8126ad3c88bf0d44" committed_config { opid_index: 3 OBSOLETE_local: false peers { permanent_uuid: "ae72da07d97b4d9b9e0d246ff83901ed" member_type: VOTER last_known_addr { host: "127.0.57.194" port: 34185 } health_report { overall_health: UNKNOWN } } peers { permanent_uuid: "7eecdaa8d1dc4a9988492494fbb17f1d" member_type: VOTER last_known_addr { host: "127.0.57.195" port: 33833 } health_report { overall_health: UNKNOWN } } peers { permanent_uuid: "a49a0f0a6258477d8126ad3c88bf0d44" member_type: VOTER last_known_addr { host: "127.0.57.196" port: 43761 } health_report { overall_health: HEALTHY } } peers { permanent_uuid: "6f2066e97dec4d75a86e72155048de14" member_type: VOTER last_known_addr { host: "127.0.57.193" port: 43041 } attrs { } health_report { overall_health: UNKNOWN } } }
I0507 06:31:03.779549 4318 raft_consensus.cc:1181] T 143439bb7e50454aab47fae4ed3ad4ae P 7eecdaa8d1dc4a9988492494fbb17f1d [term 2 FOLLOWER]: Refusing update from remote peer a49a0f0a6258477d8126ad3c88bf0d44: Log matching property violated. Preceding OpId in replica: term: 1 index: 3. Preceding OpId from leader: term: 2 index: 4. (index mismatch)
I0507 06:31:03.780357 4557 consensus_queue.cc:984] T 143439bb7e50454aab47fae4ed3ad4ae P a49a0f0a6258477d8126ad3c88bf0d44 [LEADER]: Connected to new peer: Peer: permanent_uuid: "7eecdaa8d1dc4a9988492494fbb17f1d" member_type: VOTER last_known_addr { host: "127.0.57.195" port: 33833 }, Status: LMP_MISMATCH, Last received: 0.0, Next index: 4, Last known committed idx: 3, Time since last communication: 0.000s
I0507 06:31:03.786576 4072 raft_consensus.cc:1181] T 143439bb7e50454aab47fae4ed3ad4ae P 6f2066e97dec4d75a86e72155048de14 [term 2 FOLLOWER]: Refusing update from remote peer a49a0f0a6258477d8126ad3c88bf0d44: Log matching property violated. Preceding OpId in replica: term: 1 index: 3. Preceding OpId from leader: term: 2 index: 4. (index mismatch)
I0507 06:31:03.787278 4557 consensus_queue.cc:984] T 143439bb7e50454aab47fae4ed3ad4ae P a49a0f0a6258477d8126ad3c88bf0d44 [LEADER]: Connected to new peer: Peer: permanent_uuid: "6f2066e97dec4d75a86e72155048de14" member_type: VOTER last_known_addr { host: "127.0.57.193" port: 43041 } attrs { }, Status: LMP_MISMATCH, Last received: 0.0, Next index: 4, Last known committed idx: 3, Time since last communication: 0.000s
I0507 06:31:03.795862 4184 tablet_service.cc:1286] Received RequestConsensusVote() RPC: tablet_id: "143439bb7e50454aab47fae4ed3ad4ae" candidate_uuid: "6f2066e97dec4d75a86e72155048de14" candidate_term: 2 candidate_status { last_received { term: 1 index: 3 } } ignore_live_leader: false dest_uuid: "ae72da07d97b4d9b9e0d246ff83901ed" is_pre_election: true
