I0507 06:28:22.004199 266 catalog_manager.cc:1415] Servicing CreateTable request from {username='slave'} at 127.0.0.1:33724: name: "TestTable" schema { columns { name: "key" type: INT32 is_key: true is_nullable: false encoding: AUTO_ENCODING compression: DEFAULT_COMPRESSION cfile_block_size: 0 } columns { name: "int_val" type: INT32 is_key: false is_nullable: false encoding: AUTO_ENCODING compression: DEFAULT_COMPRESSION cfile_block_size: 0 } columns { name: "string_val" type: STRING is_key: false is_nullable: true encoding: AUTO_ENCODING compression: DEFAULT_COMPRESSION cfile_block_size: 0 } } num_replicas: 3 split_rows_range_bounds { } partition_schema { range_schema { columns { name: "key" } } }
I0507 06:28:22.039059 735 tablet_service.cc:1016] Processing CreateTablet for tablet 140b593c70e7474aaf2ffd0060589754 (table=TestTable [id=1a087e2e5a6f4ffa9afd4eef5924aed8]), partition=RANGE (key) PARTITION UNBOUNDED
I0507 06:28:22.039091 613 tablet_service.cc:1016] Processing CreateTablet for tablet 140b593c70e7474aaf2ffd0060589754 (table=TestTable [id=1a087e2e5a6f4ffa9afd4eef5924aed8]), partition=RANGE (key) PARTITION UNBOUNDED
I0507 06:28:22.040100 735 data_dirs.cc:938] Could only allocate 1 dirs of requested 3 for tablet 140b593c70e7474aaf2ffd0060589754. 1 dirs total, 0 dirs full, 0 dirs failed
I0507 06:28:22.040158 613 data_dirs.cc:938] Could only allocate 1 dirs of requested 3 for tablet 140b593c70e7474aaf2ffd0060589754. 1 dirs total, 0 dirs full, 0 dirs failed
I0507 06:28:22.041373 368 tablet_service.cc:1016] Processing CreateTablet for tablet 140b593c70e7474aaf2ffd0060589754 (table=TestTable [id=1a087e2e5a6f4ffa9afd4eef5924aed8]), partition=RANGE (key) PARTITION UNBOUNDED
I0507 06:28:22.042132 368 data_dirs.cc:938] Could only allocate 1 dirs of requested 3 for tablet 140b593c70e7474aaf2ffd0060589754. 1 dirs total, 0 dirs full, 0 dirs failed
I0507 06:28:22.052955 818 tablet_bootstrap.cc:439] T 140b593c70e7474aaf2ffd0060589754 P d60a9693a9624dafb45798ae3db489de: Bootstrap starting.
I0507 06:28:22.055074 818 tablet_bootstrap.cc:590] T 140b593c70e7474aaf2ffd0060589754 P d60a9693a9624dafb45798ae3db489de: No blocks or log segments found. Creating new log.
I0507 06:28:22.055691 819 tablet_bootstrap.cc:439] T 140b593c70e7474aaf2ffd0060589754 P 498e518111b1402996a07e5bc9bcf0e6: Bootstrap starting.
I0507 06:28:22.057745 818 log.cc:525] T 140b593c70e7474aaf2ffd0060589754 P d60a9693a9624dafb45798ae3db489de: Log is configured to *not* fsync() on all Append() calls
I0507 06:28:22.058444 819 tablet_bootstrap.cc:590] T 140b593c70e7474aaf2ffd0060589754 P 498e518111b1402996a07e5bc9bcf0e6: No blocks or log segments found. Creating new log.
I0507 06:28:22.059569 820 tablet_bootstrap.cc:439] T 140b593c70e7474aaf2ffd0060589754 P 39cf9d74193641c49e11b624b77a8a71: Bootstrap starting.
I0507 06:28:22.060020 819 log.cc:525] T 140b593c70e7474aaf2ffd0060589754 P 498e518111b1402996a07e5bc9bcf0e6: Log is configured to *not* fsync() on all Append() calls
I0507 06:28:22.061930 819 tablet_bootstrap.cc:439] T 140b593c70e7474aaf2ffd0060589754 P 498e518111b1402996a07e5bc9bcf0e6: No bootstrap required, opened a new log
I0507 06:28:22.062182 819 ts_tablet_manager.cc:1053] T 140b593c70e7474aaf2ffd0060589754 P 498e518111b1402996a07e5bc9bcf0e6: Time spent bootstrapping tablet: real 0.007s user 0.003s sys 0.003s
I0507 06:28:22.062763 820 tablet_bootstrap.cc:590] T 140b593c70e7474aaf2ffd0060589754 P 39cf9d74193641c49e11b624b77a8a71: No blocks or log segments found. Creating new log.
I0507 06:28:22.063722 820 log.cc:525] T 140b593c70e7474aaf2ffd0060589754 P 39cf9d74193641c49e11b624b77a8a71: Log is configured to *not* fsync() on all Append() calls
I0507 06:28:22.065080 818 tablet_bootstrap.cc:439] T 140b593c70e7474aaf2ffd0060589754 P d60a9693a9624dafb45798ae3db489de: No bootstrap required, opened a new log
I0507 06:28:22.065228 820 tablet_bootstrap.cc:439] T 140b593c70e7474aaf2ffd0060589754 P 39cf9d74193641c49e11b624b77a8a71: No bootstrap required, opened a new log
I0507 06:28:22.065353 818 ts_tablet_manager.cc:1053] T 140b593c70e7474aaf2ffd0060589754 P d60a9693a9624dafb45798ae3db489de: Time spent bootstrapping tablet: real 0.013s user 0.000s sys 0.004s
I0507 06:28:22.065451 820 ts_tablet_manager.cc:1053] T 140b593c70e7474aaf2ffd0060589754 P 39cf9d74193641c49e11b624b77a8a71: Time spent bootstrapping tablet: real 0.007s user 0.005s sys 0.000s
I0507 06:28:22.071178 819 raft_consensus.cc:340] T 140b593c70e7474aaf2ffd0060589754 P 498e518111b1402996a07e5bc9bcf0e6 [term 0 FOLLOWER]: Replica starting. Triggering 0 pending transactions. Active config: opid_index: -1 OBSOLETE_local: false peers { permanent_uuid: "39cf9d74193641c49e11b624b77a8a71" member_type: VOTER last_known_addr { host: "127.0.57.196" port: 42307 } } peers { permanent_uuid: "d60a9693a9624dafb45798ae3db489de" member_type: VOTER last_known_addr { host: "127.0.57.193" port: 33933 } } peers { permanent_uuid: "498e518111b1402996a07e5bc9bcf0e6" member_type: VOTER last_known_addr { host: "127.0.57.195" port: 42795 } }
I0507 06:28:22.071573 819 raft_consensus.cc:366] T 140b593c70e7474aaf2ffd0060589754 P 498e518111b1402996a07e5bc9bcf0e6 [term 0 FOLLOWER]: Consensus starting up: Expiring failure detector timer to make a prompt election more likely
I0507 06:28:22.071637 819 raft_consensus.cc:705] T 140b593c70e7474aaf2ffd0060589754 P 498e518111b1402996a07e5bc9bcf0e6 [term 0 FOLLOWER]: Becoming Follower/Learner. State: Replica: 498e518111b1402996a07e5bc9bcf0e6, State: Initialized, Role: FOLLOWER
I0507 06:28:22.072090 819 consensus_queue.cc:229] T 140b593c70e7474aaf2ffd0060589754 P 498e518111b1402996a07e5bc9bcf0e6 [NON_LEADER]: Queue going to NON_LEADER mode. State: All replicated index: 0, Majority replicated index: 0, Committed index: 0, Last appended: 0.0, Last appended by leader: 0, Current term: 0, Majority size: -1, State: 0, Mode: NON_LEADER, active raft config: opid_index: -1 OBSOLETE_local: false peers { permanent_uuid: "39cf9d74193641c49e11b624b77a8a71" member_type: VOTER last_known_addr { host: "127.0.57.196" port: 42307 } } peers { permanent_uuid: "d60a9693a9624dafb45798ae3db489de" member_type: VOTER last_known_addr { host: "127.0.57.193" port: 33933 } } peers { permanent_uuid: "498e518111b1402996a07e5bc9bcf0e6" member_type: VOTER last_known_addr { host: "127.0.57.195" port: 42795 } }
I0507 06:28:22.073343 676 heartbeater.cc:467] Master 127.0.57.254:42455 was elected leader, sending a full tablet report...
I0507 06:28:22.075207 820 raft_consensus.cc:340] T 140b593c70e7474aaf2ffd0060589754 P 39cf9d74193641c49e11b624b77a8a71 [term 0 FOLLOWER]: Replica starting. Triggering 0 pending transactions. Active config: opid_index: -1 OBSOLETE_local: false peers { permanent_uuid: "39cf9d74193641c49e11b624b77a8a71" member_type: VOTER last_known_addr { host: "127.0.57.196" port: 42307 } } peers { permanent_uuid: "d60a9693a9624dafb45798ae3db489de" member_type: VOTER last_known_addr { host: "127.0.57.193" port: 33933 } } peers { permanent_uuid: "498e518111b1402996a07e5bc9bcf0e6" member_type: VOTER last_known_addr { host: "127.0.57.195" port: 42795 } }
I0507 06:28:22.075634 820 raft_consensus.cc:366] T 140b593c70e7474aaf2ffd0060589754 P 39cf9d74193641c49e11b624b77a8a71 [term 0 FOLLOWER]: Consensus starting up: Expiring failure detector timer to make a prompt election more likely
I0507 06:28:22.075829 820 raft_consensus.cc:705] T 140b593c70e7474aaf2ffd0060589754 P 39cf9d74193641c49e11b624b77a8a71 [term 0 FOLLOWER]: Becoming Follower/Learner. State: Replica: 39cf9d74193641c49e11b624b77a8a71, State: Initialized, Role: FOLLOWER
I0507 06:28:22.076025 819 ts_tablet_manager.cc:1081] T 140b593c70e7474aaf2ffd0060589754 P 498e518111b1402996a07e5bc9bcf0e6: Time spent starting tablet: real 0.014s user 0.006s sys 0.006s
I0507 06:28:22.076395 820 consensus_queue.cc:229] T 140b593c70e7474aaf2ffd0060589754 P 39cf9d74193641c49e11b624b77a8a71 [NON_LEADER]: Queue going to NON_LEADER mode. State: All replicated index: 0, Majority replicated index: 0, Committed index: 0, Last appended: 0.0, Last appended by leader: 0, Current term: 0, Majority size: -1, State: 0, Mode: NON_LEADER, active raft config: opid_index: -1 OBSOLETE_local: false peers { permanent_uuid: "39cf9d74193641c49e11b624b77a8a71" member_type: VOTER last_known_addr { host: "127.0.57.196" port: 42307 } } peers { permanent_uuid: "d60a9693a9624dafb45798ae3db489de" member_type: VOTER last_known_addr { host: "127.0.57.193" port: 33933 } } peers { permanent_uuid: "498e518111b1402996a07e5bc9bcf0e6" member_type: VOTER last_known_addr { host: "127.0.57.195" port: 42795 } }
I0507 06:28:22.076386 818 raft_consensus.cc:340] T 140b593c70e7474aaf2ffd0060589754 P d60a9693a9624dafb45798ae3db489de [term 0 FOLLOWER]: Replica starting. Triggering 0 pending transactions. Active config: opid_index: -1 OBSOLETE_local: false peers { permanent_uuid: "39cf9d74193641c49e11b624b77a8a71" member_type: VOTER last_known_addr { host: "127.0.57.196" port: 42307 } } peers { permanent_uuid: "d60a9693a9624dafb45798ae3db489de" member_type: VOTER last_known_addr { host: "127.0.57.193" port: 33933 } } peers { permanent_uuid: "498e518111b1402996a07e5bc9bcf0e6" member_type: VOTER last_known_addr { host: "127.0.57.195" port: 42795 } }
I0507 06:28:22.076855 818 raft_consensus.cc:366] T 140b593c70e7474aaf2ffd0060589754 P d60a9693a9624dafb45798ae3db489de [term 0 FOLLOWER]: Consensus starting up: Expiring failure detector timer to make a prompt election more likely
I0507 06:28:22.077428 798 heartbeater.cc:467] Master 127.0.57.254:42455 was elected leader, sending a full tablet report...
I0507 06:28:22.077428 818 raft_consensus.cc:705] T 140b593c70e7474aaf2ffd0060589754 P d60a9693a9624dafb45798ae3db489de [term 0 FOLLOWER]: Becoming Follower/Learner. State: Replica: d60a9693a9624dafb45798ae3db489de, State: Initialized, Role: FOLLOWER
I0507 06:28:22.078068 818 consensus_queue.cc:229] T 140b593c70e7474aaf2ffd0060589754 P d60a9693a9624dafb45798ae3db489de [NON_LEADER]: Queue going to NON_LEADER mode. State: All replicated index: 0, Majority replicated index: 0, Committed index: 0, Last appended: 0.0, Last appended by leader: 0, Current term: 0, Majority size: -1, State: 0, Mode: NON_LEADER, active raft config: opid_index: -1 OBSOLETE_local: false peers { permanent_uuid: "39cf9d74193641c49e11b624b77a8a71" member_type: VOTER last_known_addr { host: "127.0.57.196" port: 42307 } } peers { permanent_uuid: "d60a9693a9624dafb45798ae3db489de" member_type: VOTER last_known_addr { host: "127.0.57.193" port: 33933 } } peers { permanent_uuid: "498e518111b1402996a07e5bc9bcf0e6" member_type: VOTER last_known_addr { host: "127.0.57.195" port: 42795 } }
I0507 06:28:22.079501 820 ts_tablet_manager.cc:1081] T 140b593c70e7474aaf2ffd0060589754 P 39cf9d74193641c49e11b624b77a8a71: Time spent starting tablet: real 0.013s user 0.008s sys 0.004s
I0507 06:28:22.080648 431 heartbeater.cc:467] Master 127.0.57.254:42455 was elected leader, sending a full tablet report...
I0507 06:28:22.081079 818 ts_tablet_manager.cc:1081] T 140b593c70e7474aaf2ffd0060589754 P d60a9693a9624dafb45798ae3db489de: Time spent starting tablet: real 0.016s user 0.009s sys 0.004s
W0507 06:28:22.119969 432 tablet.cc:1786] T 140b593c70e7474aaf2ffd0060589754 P d60a9693a9624dafb45798ae3db489de: Can't schedule compaction. Clean time has not been advanced past its initial value.
W0507 06:28:22.177307 677 tablet.cc:1786] T 140b593c70e7474aaf2ffd0060589754 P 498e518111b1402996a07e5bc9bcf0e6: Can't schedule compaction. Clean time has not been advanced past its initial value.
W0507 06:28:22.217202 799 tablet.cc:1786] T 140b593c70e7474aaf2ffd0060589754 P 39cf9d74193641c49e11b624b77a8a71: Can't schedule compaction. Clean time has not been advanced past its initial value.
I0507 06:28:22.246734 826 raft_consensus.cc:472] T 140b593c70e7474aaf2ffd0060589754 P d60a9693a9624dafb45798ae3db489de [term 0 FOLLOWER]: Starting pre-election (no leader contacted us within the election timeout)
I0507 06:28:22.246949 826 raft_consensus.cc:494] T 140b593c70e7474aaf2ffd0060589754 P d60a9693a9624dafb45798ae3db489de [term 0 FOLLOWER]: Starting pre-election with config: opid_index: -1 OBSOLETE_local: false peers { permanent_uuid: "39cf9d74193641c49e11b624b77a8a71" member_type: VOTER last_known_addr { host: "127.0.57.196" port: 42307 } } peers { permanent_uuid: "d60a9693a9624dafb45798ae3db489de" member_type: VOTER last_known_addr { host: "127.0.57.193" port: 33933 } } peers { permanent_uuid: "498e518111b1402996a07e5bc9bcf0e6" member_type: VOTER last_known_addr { host: "127.0.57.195" port: 42795 } }
I0507 06:28:22.248370 826 leader_election.cc:296] T 140b593c70e7474aaf2ffd0060589754 P d60a9693a9624dafb45798ae3db489de [CANDIDATE]: Term 1 pre-election: Requested pre-vote from peers 39cf9d74193641c49e11b624b77a8a71 (127.0.57.196:42307), 498e518111b1402996a07e5bc9bcf0e6 (127.0.57.195:42795)
I0507 06:28:22.255117 755 tablet_service.cc:1286] Received RequestConsensusVote() RPC: tablet_id: "140b593c70e7474aaf2ffd0060589754" candidate_uuid: "d60a9693a9624dafb45798ae3db489de" candidate_term: 1 candidate_status { last_received { term: 0 index: 0 } } ignore_live_leader: false dest_uuid: "39cf9d74193641c49e11b624b77a8a71" is_pre_election: true
I0507 06:28:22.255447 755 raft_consensus.cc:2346] T 140b593c70e7474aaf2ffd0060589754 P 39cf9d74193641c49e11b624b77a8a71 [term 0 FOLLOWER]: Leader pre-election vote request: Granting yes vote for candidate d60a9693a9624dafb45798ae3db489de in term 0.
I0507 06:28:22.256070 319 leader_election.cc:310] T 140b593c70e7474aaf2ffd0060589754 P d60a9693a9624dafb45798ae3db489de [CANDIDATE]: Term 1 pre-election: Election decided. Result: candidate won. Election summary: received 2 responses out of 3 voters: 2 yes votes; 0 no votes. yes voters: 39cf9d74193641c49e11b624b77a8a71, d60a9693a9624dafb45798ae3db489de; no voters:
I0507 06:28:22.256155 633 tablet_service.cc:1286] Received RequestConsensusVote() RPC: tablet_id: "140b593c70e7474aaf2ffd0060589754" candidate_uuid: "d60a9693a9624dafb45798ae3db489de" candidate_term: 1 candidate_status { last_received { term: 0 index: 0 } } ignore_live_leader: false dest_uuid: "498e518111b1402996a07e5bc9bcf0e6" is_pre_election: true
I0507 06:28:22.256471 633 raft_consensus.cc:2346] T 140b593c70e7474aaf2ffd0060589754 P 498e518111b1402996a07e5bc9bcf0e6 [term 0 FOLLOWER]: Leader pre-election vote request: Granting yes vote for candidate d60a9693a9624dafb45798ae3db489de in term 0.
I0507 06:28:22.256606 826 raft_consensus.cc:2640] T 140b593c70e7474aaf2ffd0060589754 P d60a9693a9624dafb45798ae3db489de [term 0 FOLLOWER]: Leader pre-election won for term 1
I0507 06:28:22.256700 826 raft_consensus.cc:472] T 140b593c70e7474aaf2ffd0060589754 P d60a9693a9624dafb45798ae3db489de [term 0 FOLLOWER]: Starting leader election (no leader contacted us within the election timeout)
I0507 06:28:22.256762 826 raft_consensus.cc:2886] T 140b593c70e7474aaf2ffd0060589754 P d60a9693a9624dafb45798ae3db489de [term 0 FOLLOWER]: Advancing to term 1
I0507 06:28:22.259471 826 raft_consensus.cc:494] T 140b593c70e7474aaf2ffd0060589754 P d60a9693a9624dafb45798ae3db489de [term 1 FOLLOWER]: Starting leader election with config: opid_index: -1 OBSOLETE_local: false peers { permanent_uuid: "39cf9d74193641c49e11b624b77a8a71" member_type: VOTER last_known_addr { host: "127.0.57.196" port: 42307 } } peers { permanent_uuid: "d60a9693a9624dafb45798ae3db489de" member_type: VOTER last_known_addr { host: "127.0.57.193" port: 33933 } } peers { permanent_uuid: "498e518111b1402996a07e5bc9bcf0e6" member_type: VOTER last_known_addr { host: "127.0.57.195" port: 42795 } }
I0507 06:28:22.260046 826 leader_election.cc:296] T 140b593c70e7474aaf2ffd0060589754 P d60a9693a9624dafb45798ae3db489de [CANDIDATE]: Term 1 election: Requested vote from peers 39cf9d74193641c49e11b624b77a8a71 (127.0.57.196:42307), 498e518111b1402996a07e5bc9bcf0e6 (127.0.57.195:42795)
I0507 06:28:22.260634 755 tablet_service.cc:1286] Received RequestConsensusVote() RPC: tablet_id: "140b593c70e7474aaf2ffd0060589754" candidate_uuid: "d60a9693a9624dafb45798ae3db489de" candidate_term: 1 candidate_status { last_received { term: 0 index: 0 } } ignore_live_leader: false dest_uuid: "39cf9d74193641c49e11b624b77a8a71"
I0507 06:28:22.260632 633 tablet_service.cc:1286] Received RequestConsensusVote() RPC: tablet_id: "140b593c70e7474aaf2ffd0060589754" candidate_uuid: "d60a9693a9624dafb45798ae3db489de" candidate_term: 1 candidate_status { last_received { term: 0 index: 0 } } ignore_live_leader: false dest_uuid: "498e518111b1402996a07e5bc9bcf0e6"
I0507 06:28:22.260802 755 raft_consensus.cc:2886] T 140b593c70e7474aaf2ffd0060589754 P 39cf9d74193641c49e11b624b77a8a71 [term 0 FOLLOWER]: Advancing to term 1
I0507 06:28:22.260803 633 raft_consensus.cc:2886] T 140b593c70e7474aaf2ffd0060589754 P 498e518111b1402996a07e5bc9bcf0e6 [term 0 FOLLOWER]: Advancing to term 1
I0507 06:28:22.263234 633 raft_consensus.cc:2346] T 140b593c70e7474aaf2ffd0060589754 P 498e518111b1402996a07e5bc9bcf0e6 [term 1 FOLLOWER]: Leader election vote request: Granting yes vote for candidate d60a9693a9624dafb45798ae3db489de in term 1.
I0507 06:28:22.263234 755 raft_consensus.cc:2346] T 140b593c70e7474aaf2ffd0060589754 P 39cf9d74193641c49e11b624b77a8a71 [term 1 FOLLOWER]: Leader election vote request: Granting yes vote for candidate d60a9693a9624dafb45798ae3db489de in term 1.
I0507 06:28:22.263705 320 leader_election.cc:310] T 140b593c70e7474aaf2ffd0060589754 P d60a9693a9624dafb45798ae3db489de [CANDIDATE]: Term 1 election: Election decided. Result: candidate won. Election summary: received 2 responses out of 3 voters: 2 yes votes; 0 no votes. yes voters: 498e518111b1402996a07e5bc9bcf0e6, d60a9693a9624dafb45798ae3db489de; no voters:
I0507 06:28:22.264025 826 raft_consensus.cc:2640] T 140b593c70e7474aaf2ffd0060589754 P d60a9693a9624dafb45798ae3db489de [term 1 FOLLOWER]: Leader election won for term 1
I0507 06:28:22.266485 826 raft_consensus.cc:667] T 140b593c70e7474aaf2ffd0060589754 P d60a9693a9624dafb45798ae3db489de [term 1 LEADER]: Becoming Leader. State: Replica: d60a9693a9624dafb45798ae3db489de, State: Running, Role: LEADER
I0507 06:28:22.266880 826 consensus_queue.cc:206] T 140b593c70e7474aaf2ffd0060589754 P d60a9693a9624dafb45798ae3db489de [LEADER]: Queue going to LEADER mode. State: All replicated index: 0, Majority replicated index: 0, Committed index: 0, Last appended: 0.0, Last appended by leader: 0, Current term: 1, Majority size: 2, State: 0, Mode: LEADER, active raft config: opid_index: -1 OBSOLETE_local: false peers { permanent_uuid: "39cf9d74193641c49e11b624b77a8a71" member_type: VOTER last_known_addr { host: "127.0.57.196" port: 42307 } } peers { permanent_uuid: "d60a9693a9624dafb45798ae3db489de" member_type: VOTER last_known_addr { host: "127.0.57.193" port: 33933 } } peers { permanent_uuid: "498e518111b1402996a07e5bc9bcf0e6" member_type: VOTER last_known_addr { host: "127.0.57.195" port: 42795 } }
I0507 06:28:22.271566 266 catalog_manager.cc:3988] T 140b593c70e7474aaf2ffd0060589754 P d60a9693a9624dafb45798ae3db489de reported cstate change: term changed from 0 to 1, leader changed from to d60a9693a9624dafb45798ae3db489de (127.0.57.193). New cstate: current_term: 1 leader_uuid: "d60a9693a9624dafb45798ae3db489de" committed_config { opid_index: -1 OBSOLETE_local: false peers { permanent_uuid: "39cf9d74193641c49e11b624b77a8a71" member_type: VOTER last_known_addr { host: "127.0.57.196" port: 42307 } health_report { overall_health: UNKNOWN } } peers { permanent_uuid: "d60a9693a9624dafb45798ae3db489de" member_type: VOTER last_known_addr { host: "127.0.57.193" port: 33933 } health_report { overall_health: HEALTHY } } peers { permanent_uuid: "498e518111b1402996a07e5bc9bcf0e6" member_type: VOTER last_known_addr { host: "127.0.57.195" port: 42795 } health_report { overall_health: UNKNOWN } } }
I0507 06:28:22.335464 231 external_mini_cluster.cc:623] 4 TS(s) registered with all masters
I0507 06:28:22.337172 231 ts_itest-base.cc:232] Waiting for 1 tablets on tserver d60a9693a9624dafb45798ae3db489de to finish bootstrapping
I0507 06:28:22.344137 231 ts_itest-base.cc:232] Waiting for 0 tablets on tserver 1641641774fd427e98162710148124a9 to finish bootstrapping
I0507 06:28:22.350802 231 ts_itest-base.cc:232] Waiting for 1 tablets on tserver 498e518111b1402996a07e5bc9bcf0e6 to finish bootstrapping
I0507 06:28:22.356225 231 ts_itest-base.cc:232] Waiting for 1 tablets on tserver 39cf9d74193641c49e11b624b77a8a71 to finish bootstrapping
I0507 06:28:22.422150 554 heartbeater.cc:467] Master 127.0.57.254:42455 was elected leader, sending a full tablet report...
I0507 06:28:22.693603 755 raft_consensus.cc:1181] T 140b593c70e7474aaf2ffd0060589754 P 39cf9d74193641c49e11b624b77a8a71 [term 1 FOLLOWER]: Refusing update from remote peer d60a9693a9624dafb45798ae3db489de: Log matching property violated. Preceding OpId in replica: term: 0 index: 0. Preceding OpId from leader: term: 1 index: 1. (index mismatch)
I0507 06:28:22.697151 826 consensus_queue.cc:984] T 140b593c70e7474aaf2ffd0060589754 P d60a9693a9624dafb45798ae3db489de [LEADER]: Connected to new peer: Peer: permanent_uuid: "39cf9d74193641c49e11b624b77a8a71" member_type: VOTER last_known_addr { host: "127.0.57.196" port: 42307 }, Status: LMP_MISMATCH, Last received: 0.0, Next index: 1, Last known committed idx: 0, Time since last communication: 0.000s
I0507 06:28:22.703706 633 raft_consensus.cc:1181] T 140b593c70e7474aaf2ffd0060589754 P 498e518111b1402996a07e5bc9bcf0e6 [term 1 FOLLOWER]: Refusing update from remote peer d60a9693a9624dafb45798ae3db489de: Log matching property violated. Preceding OpId in replica: term: 0 index: 0. Preceding OpId from leader: term: 1 index: 1. (index mismatch)
I0507 06:28:22.704469 826 consensus_queue.cc:984] T 140b593c70e7474aaf2ffd0060589754 P d60a9693a9624dafb45798ae3db489de [LEADER]: Connected to new peer: Peer: permanent_uuid: "498e518111b1402996a07e5bc9bcf0e6" member_type: VOTER last_known_addr { host: "127.0.57.195" port: 42795 }, Status: LMP_MISMATCH, Last received: 0.0, Next index: 1, Last known committed idx: 0, Time since last communication: 0.000s
I0507 06:28:22.713151 388 consensus_queue.cc:206] T 140b593c70e7474aaf2ffd0060589754 P d60a9693a9624dafb45798ae3db489de [LEADER]: Queue going to LEADER mode. State: All replicated index: 0, Majority replicated index: 1, Committed index: 1, Last appended: 1.1, Last appended by leader: 0, Current term: 1, Majority size: 2, State: 0, Mode: LEADER, active raft config: opid_index: 2 OBSOLETE_local: false peers { permanent_uuid: "39cf9d74193641c49e11b624b77a8a71" member_type: VOTER last_known_addr { host: "127.0.57.196" port: 42307 } } peers { permanent_uuid: "d60a9693a9624dafb45798ae3db489de" member_type: VOTER last_known_addr { host: "127.0.57.193" port: 33933 } } peers { permanent_uuid: "498e518111b1402996a07e5bc9bcf0e6" member_type: VOTER last_known_addr { host: "127.0.57.195" port: 42795 } } peers { permanent_uuid: "1641641774fd427e98162710148124a9" member_type: NON_VOTER last_known_addr { host: "127.0.57.194" port: 43895 } attrs { } }
I0507 06:28:22.715034 633 raft_consensus.cc:1181] T 140b593c70e7474aaf2ffd0060589754 P 498e518111b1402996a07e5bc9bcf0e6 [term 1 FOLLOWER]: Refusing update from remote peer d60a9693a9624dafb45798ae3db489de: Log matching property violated. Preceding OpId in replica: term: 1 index: 1. Preceding OpId from leader: term: 1 index: 2. (index mismatch)
I0507 06:28:22.715220 755 raft_consensus.cc:1181] T 140b593c70e7474aaf2ffd0060589754 P 39cf9d74193641c49e11b624b77a8a71 [term 1 FOLLOWER]: Refusing update from remote peer d60a9693a9624dafb45798ae3db489de: Log matching property violated. Preceding OpId in replica: term: 1 index: 1. Preceding OpId from leader: term: 1 index: 2. (index mismatch)
I0507 06:28:22.715509 829 consensus_queue.cc:984] T 140b593c70e7474aaf2ffd0060589754 P d60a9693a9624dafb45798ae3db489de [LEADER]: Connected to new peer: Peer: permanent_uuid: "498e518111b1402996a07e5bc9bcf0e6" member_type: VOTER last_known_addr { host: "127.0.57.195" port: 42795 }, Status: LMP_MISMATCH, Last received: 0.0, Next index: 2, Last known committed idx: 1, Time since last communication: 0.000s
I0507 06:28:22.715795 826 consensus_queue.cc:984] T 140b593c70e7474aaf2ffd0060589754 P d60a9693a9624dafb45798ae3db489de [LEADER]: Connected to new peer: Peer: permanent_uuid: "39cf9d74193641c49e11b624b77a8a71" member_type: VOTER last_known_addr { host: "127.0.57.196" port: 42307 }, Status: LMP_MISMATCH, Last received: 0.0, Next index: 2, Last known committed idx: 1, Time since last communication: 0.000s
I0507 06:28:22.718102 829 raft_consensus.cc:2788] T 140b593c70e7474aaf2ffd0060589754 P d60a9693a9624dafb45798ae3db489de [term 1 LEADER]: Committing config change with OpId 1.2: config changed from index -1 to 2, NON_VOTER 1641641774fd427e98162710148124a9 (127.0.57.194) added. New config: { opid_index: 2 OBSOLETE_local: false peers { permanent_uuid: "39cf9d74193641c49e11b624b77a8a71" member_type: VOTER last_known_addr { host: "127.0.57.196" port: 42307 } } peers { permanent_uuid: "d60a9693a9624dafb45798ae3db489de" member_type: VOTER last_known_addr { host: "127.0.57.193" port: 33933 } } peers { permanent_uuid: "498e518111b1402996a07e5bc9bcf0e6" member_type: VOTER last_known_addr { host: "127.0.57.195" port: 42795 } } peers { permanent_uuid: "1641641774fd427e98162710148124a9" member_type: NON_VOTER last_known_addr { host: "127.0.57.194" port: 43895 } attrs { } } }
I0507 06:28:22.718580 754 raft_consensus.cc:2788] T 140b593c70e7474aaf2ffd0060589754 P 39cf9d74193641c49e11b624b77a8a71 [term 1 FOLLOWER]: Committing config change with OpId 1.2: config changed from index -1 to 2, NON_VOTER 1641641774fd427e98162710148124a9 (127.0.57.194) added. New config: { opid_index: 2 OBSOLETE_local: false peers { permanent_uuid: "39cf9d74193641c49e11b624b77a8a71" member_type: VOTER last_known_addr { host: "127.0.57.196" port: 42307 } } peers { permanent_uuid: "d60a9693a9624dafb45798ae3db489de" member_type: VOTER last_known_addr { host: "127.0.57.193" port: 33933 } } peers { permanent_uuid: "498e518111b1402996a07e5bc9bcf0e6" member_type: VOTER last_known_addr { host: "127.0.57.195" port: 42795 } } peers { permanent_uuid: "1641641774fd427e98162710148124a9" member_type: NON_VOTER last_known_addr { host: "127.0.57.194" port: 43895 } attrs { } } }
I0507 06:28:22.721139 632 raft_consensus.cc:2788] T 140b593c70e7474aaf2ffd0060589754 P 498e518111b1402996a07e5bc9bcf0e6 [term 1 FOLLOWER]: Committing config change with OpId 1.2: config changed from index -1 to 2, NON_VOTER 1641641774fd427e98162710148124a9 (127.0.57.194) added. New config: { opid_index: 2 OBSOLETE_local: false peers { permanent_uuid: "39cf9d74193641c49e11b624b77a8a71" member_type: VOTER last_known_addr { host: "127.0.57.196" port: 42307 } } peers { permanent_uuid: "d60a9693a9624dafb45798ae3db489de" member_type: VOTER last_known_addr { host: "127.0.57.193" port: 33933 } } peers { permanent_uuid: "498e518111b1402996a07e5bc9bcf0e6" member_type: VOTER last_known_addr { host: "127.0.57.195" port: 42795 } } peers { permanent_uuid: "1641641774fd427e98162710148124a9" member_type: NON_VOTER last_known_addr { host: "127.0.57.194" port: 43895 } attrs { } } }
I0507 06:28:22.724133 266 catalog_manager.cc:3988] T 140b593c70e7474aaf2ffd0060589754 P 39cf9d74193641c49e11b624b77a8a71 reported cstate change: config changed from index -1 to 2, NON_VOTER 1641641774fd427e98162710148124a9 (127.0.57.194) added. New cstate: current_term: 1 leader_uuid: "d60a9693a9624dafb45798ae3db489de" committed_config { opid_index: 2 OBSOLETE_local: false peers { permanent_uuid: "39cf9d74193641c49e11b624b77a8a71" member_type: VOTER last_known_addr { host: "127.0.57.196" port: 42307 } } peers { permanent_uuid: "d60a9693a9624dafb45798ae3db489de" member_type: VOTER last_known_addr { host: "127.0.57.193" port: 33933 } } peers { permanent_uuid: "498e518111b1402996a07e5bc9bcf0e6" member_type: VOTER last_known_addr { host: "127.0.57.195" port: 42795 } } peers { permanent_uuid: "1641641774fd427e98162710148124a9" member_type: NON_VOTER last_known_addr { host: "127.0.57.194" port: 43895 } attrs { } } }
W0507 06:28:22.725939 322 consensus_peers.cc:457] T 140b593c70e7474aaf2ffd0060589754 P d60a9693a9624dafb45798ae3db489de -> Peer 1641641774fd427e98162710148124a9 (127.0.57.194:43895): Couldn't send request to peer 1641641774fd427e98162710148124a9. Error code: TABLET_NOT_FOUND (6). Status: Not found: Tablet not found: 140b593c70e7474aaf2ffd0060589754. This is attempt 1: this message will repeat every 5th retry.
I0507 06:28:23.254742 843 ts_tablet_manager.cc:676] T 140b593c70e7474aaf2ffd0060589754 P 1641641774fd427e98162710148124a9: Initiating tablet copy from peer d60a9693a9624dafb45798ae3db489de (127.0.57.193:33933)
I0507 06:28:23.255025 843 tablet_copy_client.cc:240] T 140b593c70e7474aaf2ffd0060589754 P 1641641774fd427e98162710148124a9: tablet copy: Beginning tablet copy session from remote peer at address 127.0.57.193:33933
I0507 06:28:23.260017 408 tablet_copy_service.cc:135] P d60a9693a9624dafb45798ae3db489de: Received BeginTabletCopySession request for tablet 140b593c70e7474aaf2ffd0060589754 from peer 1641641774fd427e98162710148124a9 ({username='slave'} at 127.0.57.194:45127)
I0507 06:28:23.260186 408 tablet_copy_service.cc:156] P d60a9693a9624dafb45798ae3db489de: Beginning new tablet copy session on tablet 140b593c70e7474aaf2ffd0060589754 from peer 1641641774fd427e98162710148124a9 at {username='slave'} at 127.0.57.194:45127: session id = 1641641774fd427e98162710148124a9-140b593c70e7474aaf2ffd0060589754
I0507 06:28:23.262531 408 tablet_copy_source_session.cc:202] T 140b593c70e7474aaf2ffd0060589754 P d60a9693a9624dafb45798ae3db489de: Tablet Copy: opened 0 blocks and 1 log segments
I0507 06:28:23.265759 843 data_dirs.cc:938] Could only allocate 1 dirs of requested 3 for tablet 140b593c70e7474aaf2ffd0060589754. 1 dirs total, 0 dirs full, 0 dirs failed
I0507 06:28:23.274834 843 tablet_copy_client.cc:575] T 140b593c70e7474aaf2ffd0060589754 P 1641641774fd427e98162710148124a9: tablet copy: Starting download of 0 data blocks...
I0507 06:28:23.275836 843 tablet_copy_client.cc:538] T 140b593c70e7474aaf2ffd0060589754 P 1641641774fd427e98162710148124a9: tablet copy: Starting download of 1 WAL segments...
I0507 06:28:23.277559 843 tablet_copy_client.cc:414] T 140b593c70e7474aaf2ffd0060589754 P 1641641774fd427e98162710148124a9: tablet copy: Tablet Copy complete. Replacing tablet superblock.
I0507 06:28:23.279912 843 tablet_bootstrap.cc:439] T 140b593c70e7474aaf2ffd0060589754 P 1641641774fd427e98162710148124a9: Bootstrap starting.
I0507 06:28:23.285070 843 log.cc:525] T 140b593c70e7474aaf2ffd0060589754 P 1641641774fd427e98162710148124a9: Log is configured to *not* fsync() on all Append() calls
I0507 06:28:23.287607 843 tablet_bootstrap.cc:439] T 140b593c70e7474aaf2ffd0060589754 P 1641641774fd427e98162710148124a9: Bootstrap replayed 1/1 log segments. Stats: ops{read=2 overwritten=0 applied=2 ignored=0} inserts{seen=0 ignored=0} mutations{seen=0 ignored=0} orphaned_commits=0. Pending: 0 replicates
I0507 06:28:23.287920 843 tablet_bootstrap.cc:439] T 140b593c70e7474aaf2ffd0060589754 P 1641641774fd427e98162710148124a9: Bootstrap complete.
I0507 06:28:23.288178 843 ts_tablet_manager.cc:1053] T 140b593c70e7474aaf2ffd0060589754 P 1641641774fd427e98162710148124a9: Time spent bootstrapping tablet: real 0.008s user 0.008s sys 0.000s
I0507 06:28:23.294363 843 raft_consensus.cc:340] T 140b593c70e7474aaf2ffd0060589754 P 1641641774fd427e98162710148124a9 [term 1 LEARNER]: Replica starting. Triggering 0 pending transactions. Active config: opid_index: 2 OBSOLETE_local: false peers { permanent_uuid: "39cf9d74193641c49e11b624b77a8a71" member_type: VOTER last_known_addr { host: "127.0.57.196" port: 42307 } } peers { permanent_uuid: "d60a9693a9624dafb45798ae3db489de" member_type: VOTER last_known_addr { host: "127.0.57.193" port: 33933 } } peers { permanent_uuid: "498e518111b1402996a07e5bc9bcf0e6" member_type: VOTER last_known_addr { host: "127.0.57.195" port: 42795 } } peers { permanent_uuid: "1641641774fd427e98162710148124a9" member_type: NON_VOTER last_known_addr { host: "127.0.57.194" port: 43895 } attrs { } }
I0507 06:28:23.294706 843 raft_consensus.cc:705] T 140b593c70e7474aaf2ffd0060589754 P 1641641774fd427e98162710148124a9 [term 1 LEARNER]: Becoming Follower/Learner. State: Replica: 1641641774fd427e98162710148124a9, State: Initialized, Role: LEARNER
I0507 06:28:23.295019 843 consensus_queue.cc:229] T 140b593c70e7474aaf2ffd0060589754 P 1641641774fd427e98162710148124a9 [NON_LEADER]: Queue going to NON_LEADER mode. State: All replicated index: 0, Majority replicated index: 0, Committed index: 2, Last appended: 1.2, Last appended by leader: 2, Current term: 0, Majority size: -1, State: 0, Mode: NON_LEADER, active raft config: opid_index: 2 OBSOLETE_local: false peers { permanent_uuid: "39cf9d74193641c49e11b624b77a8a71" member_type: VOTER last_known_addr { host: "127.0.57.196" port: 42307 } } peers { permanent_uuid: "d60a9693a9624dafb45798ae3db489de" member_type: VOTER last_known_addr { host: "127.0.57.193" port: 33933 } } peers { permanent_uuid: "498e518111b1402996a07e5bc9bcf0e6" member_type: VOTER last_known_addr { host: "127.0.57.195" port: 42795 } } peers { permanent_uuid: "1641641774fd427e98162710148124a9" member_type: NON_VOTER last_known_addr { host: "127.0.57.194" port: 43895 } attrs { } }
I0507 06:28:23.296386 843 ts_tablet_manager.cc:1081] T 140b593c70e7474aaf2ffd0060589754 P 1641641774fd427e98162710148124a9: Time spent starting tablet: real 0.008s user 0.001s sys 0.009s
I0507 06:28:23.297256 408 tablet_copy_service.cc:325] P d60a9693a9624dafb45798ae3db489de: Request end of tablet copy session 1641641774fd427e98162710148124a9-140b593c70e7474aaf2ffd0060589754 received from {username='slave'} at 127.0.57.194:45127
I0507 06:28:23.297370 408 tablet_copy_service.cc:413] P d60a9693a9624dafb45798ae3db489de: ending tablet copy session 1641641774fd427e98162710148124a9-140b593c70e7474aaf2ffd0060589754 on tablet 140b593c70e7474aaf2ffd0060589754 with peer 1641641774fd427e98162710148124a9
I0507 06:28:23.304262 231 external_mini_cluster.cc:1172] Attempting to check leaks for /tmp/dist-test-taskKhSYji/build/asan/bin/kudu-tserver pid 301
I0507 06:28:23.305172 428 generic_service.cc:171] Checking for leaks (request via RPC)
W0507 06:28:23.361735 320 consensus_peers.cc:457] T 140b593c70e7474aaf2ffd0060589754 P d60a9693a9624dafb45798ae3db489de -> Peer 498e518111b1402996a07e5bc9bcf0e6 (127.0.57.195:42795): Couldn't send request to peer 498e518111b1402996a07e5bc9bcf0e6. Status: Timed out: UpdateConsensus RPC to 127.0.57.195:42795 timed out after 0.050s (ON_OUTBOUND_QUEUE). This is attempt 1: this message will repeat every 5th retry.
I0507 06:28:23.363112 231 external_mini_cluster.cc:1131] Killing /tmp/dist-test-taskKhSYji/build/asan/bin/kudu-tserver with pid 301
I0507 06:28:23.374255 231 external_mini_cluster.cc:1172] Attempting to check leaks for /tmp/dist-test-taskKhSYji/build/asan/bin/kudu-tserver pid 435
I0507 06:28:23.375181 551 generic_service.cc:171] Checking for leaks (request via RPC)
I0507 06:28:23.421093 231 external_mini_cluster.cc:1131] Killing /tmp/dist-test-taskKhSYji/build/asan/bin/kudu-tserver with pid 435
I0507 06:28:23.434134 231 external_mini_cluster.cc:1172] Attempting to check leaks for /tmp/dist-test-taskKhSYji/build/asan/bin/kudu-tserver pid 557
I0507 06:28:23.435115 673 generic_service.cc:171] Checking for leaks (request via RPC)
I0507 06:28:23.482353 231 external_mini_cluster.cc:1131] Killing /tmp/dist-test-taskKhSYji/build/asan/bin/kudu-tserver with pid 557
I0507 06:28:23.493510 231 external_mini_cluster.cc:1172] Attempting to check leaks for /tmp/dist-test-taskKhSYji/build/asan/bin/kudu-tserver pid 679
I0507 06:28:23.494515 795 generic_service.cc:171] Checking for leaks (request via RPC)
I0507 06:28:23.540755 231 external_mini_cluster.cc:1131] Killing /tmp/dist-test-taskKhSYji/build/asan/bin/kudu-tserver with pid 679
I0507 06:28:23.550725 231 external_mini_cluster.cc:1172] Attempting to check leaks for /tmp/dist-test-taskKhSYji/build/asan/bin/kudu-master pid 241
I0507 06:28:23.551697 297 generic_service.cc:171] Checking for leaks (request via RPC)
I0507 06:28:23.626842 231 external_mini_cluster.cc:1131] Killing /tmp/dist-test-taskKhSYji/build/asan/bin/kudu-master with pid 241 [ OK ] RaftConsensusNonVoterITest.GetTableAndTabletLocations (3223 ms) [ RUN ] RaftConsensusNonVoterITest.ReplicaMatchPolicy
I0507 06:28:23.649266 231 test_util.cc:212] Using random seed: 1391007709
I0507 06:28:23.650666 231 ts_itest-base.cc:112] Starting cluster with:
I0507 06:28:23.650701 231 ts_itest-base.cc:113] --------------
I0507 06:28:23.650732 231 ts_itest-base.cc:114] 4 tablet servers
I0507 06:28:23.650759 231 ts_itest-base.cc:115] 3 replicas per TS
I0507 06:28:23.650794 231 ts_itest-base.cc:116] --------------
I0507 06:28:23.651943 231 external_mini_cluster.cc:933] Running /tmp/dist-test-taskKhSYji/build/asan/bin/kudu-master /tmp/dist-test-taskKhSYji/build/asan/bin/kudu-master --fs_wal_dir=/tmp/dist-test-taskKhSYji/test-tmp/raft_consensus_nonvoter-itest.0.RaftConsensusNonVoterITest.ReplicaMatchPolicy.1557210500371863-231/raft_consensus-itest-cluster/master-0/wal --fs_data_dirs=/tmp/dist-test-taskKhSYji/test-tmp/raft_consensus_nonvoter-itest.0.RaftConsensusNonVoterITest.ReplicaMatchPolicy.1557210500371863-231/raft_consensus-itest-cluster/master-0/data --block_manager=log --webserver_interface=localhost --ipki_ca_key_size=1024 --tsk_num_rsa_bits=512 --rpc_bind_addresses=127.0.57.254:37367 --webserver_interface=127.0.57.254 --webserver_port=0 --never_fsync --ipki_server_key_size=1024 --enable_minidumps=false --redact=none --metrics_log_interval_ms=1000 --logtostderr --logbuflevel=-1 --log_dir=/tmp/dist-test-taskKhSYji/test-tmp/raft_consensus_nonvoter-itest.0.RaftConsensusNonVoterITest.ReplicaMatchPolicy.1557210500371863-231/raft_consensus-itest-cluster/master-0/logs --server_dump_info_path=/tmp/dist-test-taskKhSYji/test-tmp/raft_consensus_nonvoter-itest.0.RaftConsensusNonVoterITest.ReplicaMatchPolicy.1557210500371863-231/raft_consensus-itest-cluster/master-0/data/info.pb --server_dump_info_format=pb --rpc_server_allow_ephemeral_ports --unlock_experimental_flags --unlock_unsafe_flags --catalog_manager_evict_excess_replicas=false --rpc_reuseport=true with env {} WARNING: Logging before InitGoogleLogging() is written to STDERR
W0507 06:28:23.837245 858 flags.cc:404] Enabled unsafe flag: --rpc_server_allow_ephemeral_ports=true
W0507 06:28:23.837507 858 flags.cc:404] Enabled unsafe flag: --never_fsync=true
W0507 06:28:23.839915 858 flags.cc:404] Enabled experimental flag: --ipki_ca_key_size=1024
W0507 06:28:23.839967 858 flags.cc:404] Enabled experimental flag: --ipki_server_key_size=1024
W0507 06:28:23.840005 858 flags.cc:404] Enabled experimental flag: --tsk_num_rsa_bits=512
W0507 06:28:23.840040 858 flags.cc:404] Enabled experimental flag: --rpc_reuseport=true
I0507 06:28:23.844676 858 master_main.cc:73] Master server non-default flags: --fs_data_dirs=/tmp/dist-test-taskKhSYji/test-tmp/raft_consensus_nonvoter-itest.0.RaftConsensusNonVoterITest.ReplicaMatchPolicy.1557210500371863-231/raft_consensus-itest-cluster/master-0/data --fs_wal_dir=/tmp/dist-test-taskKhSYji/test-tmp/raft_consensus_nonvoter-itest.0.RaftConsensusNonVoterITest.ReplicaMatchPolicy.1557210500371863-231/raft_consensus-itest-cluster/master-0/wal --catalog_manager_evict_excess_replicas=false --ipki_ca_key_size=1024 --ipki_server_key_size=1024 --tsk_num_rsa_bits=512 --rpc_bind_addresses=127.0.57.254:37367 --rpc_reuseport=true --rpc_server_allow_ephemeral_ports=true --metrics_log_interval_ms=1000 --server_dump_info_format=pb --server_dump_info_path=/tmp/dist-test-taskKhSYji/test-tmp/raft_consensus_nonvoter-itest.0.RaftConsensusNonVoterITest.ReplicaMatchPolicy.1557210500371863-231/raft_consensus-itest-cluster/master-0/data/info.pb --webserver_interface=127.0.57.254 --webserver_port=0 --never_fsync=true --redact=none --unlock_experimental_flags=true --unlock_unsafe_flags=true --enable_minidumps=false --log_dir=/tmp/dist-test-taskKhSYji/test-tmp/raft_consensus_nonvoter-itest.0.RaftConsensusNonVoterITest.ReplicaMatchPolicy.1557210500371863-231/raft_consensus-itest-cluster/master-0/logs --logbuflevel=-1 --logtostderr=true Master server version: kudu 1.10.0-cdh6.x-SNAPSHOT revision 7d0ee26697926e87af9ef395008799577f6ab43f build type FASTDEBUG built by jenkins at 06 May 2019 22:44:21 PST on quasar-knmpfx-1.vpc.cloudera.com build id 322017 ASAN enabled
I0507 06:28:23.851281 858 system_ntp.cc:202] NTP initialized. Skew: 500ppm Current error: 26016us
I0507 06:28:23.852658 858 fs_manager.cc:263] Metadata directory not provided
I0507 06:28:23.852764 858 fs_manager.cc:269] Using write-ahead log directory (fs_wal_dir) as metadata directory
I0507 06:28:23.853111 858 server_base.cc:433] Could not load existing FS layout: Not found: could not find a healthy instance file
I0507 06:28:23.853224 858 server_base.cc:434] Attempting to create new FS layout instead
I0507 06:28:23.856146 858 fs_manager.cc:602] Generated new instance metadata in path /tmp/dist-test-taskKhSYji/test-tmp/raft_consensus_nonvoter-itest.0.RaftConsensusNonVoterITest.ReplicaMatchPolicy.1557210500371863-231/raft_consensus-itest-cluster/master-0/data/instance: uuid: "b4205c9647324db1aa1930e75d34b1c7" format_stamp: "Formatted at 2019-05-07 06:28:23 on dist-test-slave-dist-test-slave-rqp6"
I0507 06:28:23.856815 858 fs_manager.cc:602] Generated new instance metadata in path /tmp/dist-test-taskKhSYji/test-tmp/raft_consensus_nonvoter-itest.0.RaftConsensusNonVoterITest.ReplicaMatchPolicy.1557210500371863-231/raft_consensus-itest-cluster/master-0/wal/instance: uuid: "b4205c9647324db1aa1930e75d34b1c7" format_stamp: "Formatted at 2019-05-07 06:28:23 on dist-test-slave-dist-test-slave-rqp6"
I0507 06:28:23.863504 858 fs_manager.cc:503] Time spent creating directory manager: real 0.006s user 0.004s sys 0.001s
I0507 06:28:23.864660 858 env_posix.cc:1676] Not raising this process' open files per process limit of 1048576; it is already as high as it can go
I0507 06:28:23.865232 858 file_cache.cc:466] Constructed file cache lbm with capacity 419430
I0507 06:28:23.868320 858 fs_manager.cc:419] Time spent opening block manager: real 0.002s user 0.001s sys 0.000s
I0507 06:28:23.868474 858 fs_manager.cc:436] Opened local filesystem: /tmp/dist-test-taskKhSYji/test-tmp/raft_consensus_nonvoter-itest.0.RaftConsensusNonVoterITest.ReplicaMatchPolicy.1557210500371863-231/raft_consensus-itest-cluster/master-0/data,/tmp/dist-test-taskKhSYji/test-tmp/raft_consensus_nonvoter-itest.0.RaftConsensusNonVoterITest.ReplicaMatchPolicy.1557210500371863-231/raft_consensus-itest-cluster/master-0/wal uuid: "b4205c9647324db1aa1930e75d34b1c7" format_stamp: "Formatted at 2019-05-07 06:28:23 on dist-test-slave-dist-test-slave-rqp6"
I0507 06:28:23.868676 858 fs_report.cc:352] FS layout report -------------------- wal directory: /tmp/dist-test-taskKhSYji/test-tmp/raft_consensus_nonvoter-itest.0.RaftConsensusNonVoterITest.ReplicaMatchPolicy.1557210500371863-231/raft_consensus-itest-cluster/master-0/wal metadata directory: /tmp/dist-test-taskKhSYji/test-tmp/raft_consensus_nonvoter-itest.0.RaftConsensusNonVoterITest.ReplicaMatchPolicy.1557210500371863-231/raft_consensus-itest-cluster/master-0/wal 1 data directories: /tmp/dist-test-taskKhSYji/test-tmp/raft_consensus_nonvoter-itest.0.RaftConsensusNonVoterITest.ReplicaMatchPolicy.1557210500371863-231/raft_consensus-itest-cluster/master-0/data/data Total live blocks: 0 Total live bytes: 0 Total live bytes (after alignment): 0 Total number of LBM containers: 0 (0 full) Did not check for missing blocks Did not check for orphaned blocks Total full LBM containers with extra space: 0 (0 repaired) Total full LBM container extra space in bytes: 0 (0 repaired) Total incomplete LBM containers: 0 (0 repaired) Total LBM partial records: 0 (0 repaired)
I0507 06:28:23.910656 858 env_posix.cc:1676] Not raising this process' running threads per effective uid limit of 18446744073709551615; it is already as high as it can go
I0507 06:28:23.923947 858 rpc_server.cc:205] RPC server started. Bound to: 127.0.57.254:37367
I0507 06:28:23.925314 858 webserver.cc:308] Webserver started at http://127.0.57.254:37509/ using document root and password file
I0507 06:28:23.926144 858 server_base.cc:608] Dumped server information to /tmp/dist-test-taskKhSYji/test-tmp/raft_consensus_nonvoter-itest.0.RaftConsensusNonVoterITest.ReplicaMatchPolicy.1557210500371863-231/raft_consensus-itest-cluster/master-0/data/info.pb
I0507 06:28:23.929730 917 data_dirs.cc:938] Could only allocate 1 dirs of requested 3 for tablet 00000000000000000000000000000000. 1 dirs total, 0 dirs full, 0 dirs failed
I0507 06:28:23.934623 231 external_mini_cluster.cc:995] Started /tmp/dist-test-taskKhSYji/build/asan/bin/kudu-master as pid 858
I0507 06:28:23.935525 231 external_mini_cluster.cc:933] Running /tmp/dist-test-taskKhSYji/build/asan/bin/kudu-tserver /tmp/dist-test-taskKhSYji/build/asan/bin/kudu-tserver --fs_wal_dir=/tmp/dist-test-taskKhSYji/test-tmp/raft_consensus_nonvoter-itest.0.RaftConsensusNonVoterITest.ReplicaMatchPolicy.1557210500371863-231/raft_consensus-itest-cluster/ts-0/wal --fs_data_dirs=/tmp/dist-test-taskKhSYji/test-tmp/raft_consensus_nonvoter-itest.0.RaftConsensusNonVoterITest.ReplicaMatchPolicy.1557210500371863-231/raft_consensus-itest-cluster/ts-0/data --block_manager=log --rpc_bind_addresses=127.0.57.193:0 --local_ip_for_outbound_sockets=127.0.57.193 --webserver_interface=127.0.57.193 --webserver_port=0 --tserver_master_addrs=127.0.57.254:37367 --never_fsync --ipki_server_key_size=1024 --enable_minidumps=false --redact=none --metrics_log_interval_ms=1000 --logtostderr --logbuflevel=-1 --log_dir=/tmp/dist-test-taskKhSYji/test-tmp/raft_consensus_nonvoter-itest.0.RaftConsensusNonVoterITest.ReplicaMatchPolicy.1557210500371863-231/raft_consensus-itest-cluster/ts-0/logs --server_dump_info_path=/tmp/dist-test-taskKhSYji/test-tmp/raft_consensus_nonvoter-itest.0.RaftConsensusNonVoterITest.ReplicaMatchPolicy.1557210500371863-231/raft_consensus-itest-cluster/ts-0/data/info.pb --server_dump_info_format=pb --rpc_server_allow_ephemeral_ports --unlock_experimental_flags --unlock_unsafe_flags --log_cache_size_limit_mb=10 --consensus_rpc_timeout_ms=50 with env {}
I0507 06:28:23.942760 917 tablet_bootstrap.cc:439] T 00000000000000000000000000000000 P b4205c9647324db1aa1930e75d34b1c7: Bootstrap starting.
I0507 06:28:23.951534 917 tablet_bootstrap.cc:590] T 00000000000000000000000000000000 P b4205c9647324db1aa1930e75d34b1c7: No blocks or log segments found. Creating new log.
I0507 06:28:23.956594 917 log.cc:525] T 00000000000000000000000000000000 P b4205c9647324db1aa1930e75d34b1c7: Log is configured to *not* fsync() on all Append() calls
I0507 06:28:23.958804 917 tablet_bootstrap.cc:439] T 00000000000000000000000000000000 P b4205c9647324db1aa1930e75d34b1c7: No bootstrap required, opened a new log
I0507 06:28:23.968264 917 raft_consensus.cc:340] T 00000000000000000000000000000000 P b4205c9647324db1aa1930e75d34b1c7 [term 0 FOLLOWER]: Replica starting. Triggering 0 pending transactions. Active config: opid_index: -1 OBSOLETE_local: true peers { permanent_uuid: "b4205c9647324db1aa1930e75d34b1c7" member_type: VOTER }
I0507 06:28:23.968624 917 raft_consensus.cc:366] T 00000000000000000000000000000000 P b4205c9647324db1aa1930e75d34b1c7 [term 0 FOLLOWER]: Consensus starting up: Expiring failure detector timer to make a prompt election more likely
I0507 06:28:23.968693 917 raft_consensus.cc:705] T 00000000000000000000000000000000 P b4205c9647324db1aa1930e75d34b1c7 [term 0 FOLLOWER]: Becoming Follower/Learner. State: Replica: b4205c9647324db1aa1930e75d34b1c7, State: Initialized, Role: FOLLOWER
I0507 06:28:23.969360 917 consensus_queue.cc:229] T 00000000000000000000000000000000 P b4205c9647324db1aa1930e75d34b1c7 [NON_LEADER]: Queue going to NON_LEADER mode. State: All replicated index: 0, Majority replicated index: 0, Committed index: 0, Last appended: 0.0, Last appended by leader: 0, Current term: 0, Majority size: -1, State: 0, Mode: NON_LEADER, active raft config: opid_index: -1 OBSOLETE_local: true peers { permanent_uuid: "b4205c9647324db1aa1930e75d34b1c7" member_type: VOTER }
I0507 06:28:23.969599 917 raft_consensus.cc:380] T 00000000000000000000000000000000 P b4205c9647324db1aa1930e75d34b1c7 [term 0 FOLLOWER]: Only one voter in the Raft config. Triggering election immediately
I0507 06:28:23.969684 917 raft_consensus.cc:472] T 00000000000000000000000000000000 P b4205c9647324db1aa1930e75d34b1c7 [term 0 FOLLOWER]: Starting leader election (initial election of a single-replica configuration)
I0507 06:28:23.969789 917 raft_consensus.cc:2886] T 00000000000000000000000000000000 P b4205c9647324db1aa1930e75d34b1c7 [term 0 FOLLOWER]: Advancing to term 1
I0507 06:28:23.972144 917 raft_consensus.cc:494] T 00000000000000000000000000000000 P b4205c9647324db1aa1930e75d34b1c7 [term 1 FOLLOWER]: Starting leader election with config: opid_index: -1 OBSOLETE_local: true peers { permanent_uuid: "b4205c9647324db1aa1930e75d34b1c7" member_type: VOTER }
I0507 06:28:23.972723 917 leader_election.cc:310] T 00000000000000000000000000000000 P b4205c9647324db1aa1930e75d34b1c7 [CANDIDATE]: Term 1 election: Election decided. Result: candidate won. Election summary: received 1 responses out of 1 voters: 1 yes votes; 0 no votes. yes voters: b4205c9647324db1aa1930e75d34b1c7; no voters:
I0507 06:28:23.976809 917 leader_election.cc:296] T 00000000000000000000000000000000 P b4205c9647324db1aa1930e75d34b1c7 [CANDIDATE]: Term 1 election: Requested vote from peers
I0507 06:28:23.977020 920 raft_consensus.cc:2640] T 00000000000000000000000000000000 P b4205c9647324db1aa1930e75d34b1c7 [term 1 FOLLOWER]: Leader election won for term 1
