W0507 06:28:39.401574 3068 rpcz_store.cc:259] Trace: 0507 06:28:38.825435 (+ 0us) service_pool.cc:162] Inserting onto call queue 0507 06:28:38.825536 (+ 101us) service_pool.cc:221] Handling call 0507 06:28:39.399957 (+574421us) spinlock_profiling.cc:243] Waited 573 ms on lock 0x6140000720c4. stack: 00007fd1cc567545 00007fd1d924babd 00007fd1d609d5f4 00007fd1d931790a 00007fd1d0599009 00007fd1cf5835eb 00007fd1cf58205a 00007fd1cf586077 00007fd1cf58b952 00007fd1cf4e0d2b 00007fd1cc58fc6a 00007fd1d292f183 00007fd1c7963ffc 0507 06:28:39.400143 (+ 186us) inbound_call.cc:162] Queueing success response Metrics: {"spinlock_wait_cycles":1318445312}
I0507 06:28:39.402060 3065 raft_consensus.cc:2321] T 9bbbc2f7a1fa40c2a9c8edb97b9fcb5d P 9b897477ac24457ba3057221142ea9b4 [term 1 FOLLOWER]: Leader pre-election vote request: Denying vote to candidate 0c1b3bd57dab421faa01448383625df1 for term 1 because replica is already servicing an update from a current leader or another vote.
W0507 06:28:39.402120 3069 rpcz_store.cc:253] Call kudu.consensus.ConsensusService.RequestConsensusVote from 127.0.57.193:37955 (request call id 1) took 643 ms (643 ms). Client timeout 90 ms (90 ms)
W0507 06:28:39.402343 3065 rpcz_store.cc:253] Call kudu.consensus.ConsensusService.RequestConsensusVote from 127.0.57.193:37955 (request call id 5) took 149 ms (149 ms). Client timeout 102 ms (102 ms)
W0507 06:28:39.402024 3067 rpcz_store.cc:253] Call kudu.consensus.ConsensusService.RequestConsensusVote from 127.0.57.193:37955 (request call id 3) took 384 ms (384 ms). Client timeout 130 ms (130 ms)
W0507 06:28:39.402582 3065 rpcz_store.cc:259] Trace: 0507 06:28:39.252601 (+ 0us) service_pool.cc:162] Inserting onto call queue 0507 06:28:39.252689 (+ 88us) service_pool.cc:221] Handling call 0507 06:28:39.402172 (+149483us) spinlock_profiling.cc:243] Waited 148 ms on lock 0x6140000720c4. stack: 00007fd1cc567545 00007fd1d924babd 00007fd1d609d5f4 00007fd1d931790a 00007fd1d0599009 00007fd1cf5835eb 00007fd1cf58205a 00007fd1cf586077 00007fd1cf58b952 00007fd1cf4e0d2b 00007fd1cc58fc6a 00007fd1d292f183 00007fd1c7963ffc 0507 06:28:39.402240 (+ 68us) inbound_call.cc:162] Queueing success response Metrics: {"spinlock_wait_cycles":341394688}
W0507 06:28:39.402725 3069 rpcz_store.cc:259] Trace: 0507 06:28:38.757163 (+ 0us) service_pool.cc:162] Inserting onto call queue 0507 06:28:38.757263 (+ 100us) service_pool.cc:221] Handling call 0507 06:28:39.400792 (+643529us) spinlock_profiling.cc:243] Waited 642 ms on lock 0x6140000720c4. stack: 00007fd1cc567545 00007fd1d924babd 00007fd1d609e6e0 00007fd1d931790a 00007fd1d0599009 00007fd1cf5835eb 00007fd1cf58205a 00007fd1cf586077 00007fd1cf58b952 00007fd1cf4e0d2b 00007fd1cc58fc6a 00007fd1d292f183 00007fd1c7963ffc 0507 06:28:39.400953 (+ 161us) inbound_call.cc:162] Queueing success response Metrics: {"spinlock_wait_cycles":1477027584}
I0507 06:28:39.402838 3066 raft_consensus.cc:2321] T 9bbbc2f7a1fa40c2a9c8edb97b9fcb5d P 9b897477ac24457ba3057221142ea9b4 [term 1 FOLLOWER]: Leader pre-election vote request: Denying vote to candidate 0c1b3bd57dab421faa01448383625df1 for term 1 because replica is already servicing an update from a current leader or another vote.
I0507 06:28:39.402947 2823 tablet_service.cc:1286] Received RequestConsensusVote() RPC: tablet_id: "9bbbc2f7a1fa40c2a9c8edb97b9fcb5d" candidate_uuid: "9b897477ac24457ba3057221142ea9b4" candidate_term: 2 candidate_status { last_received { term: 0 index: 0 } } ignore_live_leader: false dest_uuid: "0c1b3bd57dab421faa01448383625df1" is_pre_election: true
I0507 06:28:39.403199 2824 raft_consensus.cc:2346] T 9bbbc2f7a1fa40c2a9c8edb97b9fcb5d P 0c1b3bd57dab421faa01448383625df1 [term 1 FOLLOWER]: Leader election vote request: Granting yes vote for candidate 9b897477ac24457ba3057221142ea9b4 in term 1.
I0507 06:28:39.403363 2823 raft_consensus.cc:2321] T 9bbbc2f7a1fa40c2a9c8edb97b9fcb5d P 0c1b3bd57dab421faa01448383625df1 [term 1 FOLLOWER]: Leader pre-election vote request: Denying vote to candidate 9b897477ac24457ba3057221142ea9b4 for term 2 because replica is already servicing an update from a current leader or another vote.
W0507 06:28:39.403381 3067 rpcz_store.cc:259] Trace: 0507 06:28:39.016703 (+ 0us) service_pool.cc:162] Inserting onto call queue 0507 06:28:39.016838 (+ 135us) service_pool.cc:221] Handling call 0507 06:28:39.400359 (+383521us) spinlock_profiling.cc:243] Waited 382 ms on lock 0x6140000720c4. stack: 00007fd1cc567545 00007fd1d924babd 00007fd1d609d5f4 00007fd1d931790a 00007fd1d0599009 00007fd1cf5835eb 00007fd1cf58205a 00007fd1cf586077 00007fd1cf58b952 00007fd1cf4e0d2b 00007fd1cc58fc6a 00007fd1d292f183 00007fd1c7963ffc 0507 06:28:39.400881 (+ 522us) inbound_call.cc:162] Queueing success response Metrics: {"spinlock_wait_cycles":879639424}
I0507 06:28:39.403604 3136 leader_election.cc:296] T 9bbbc2f7a1fa40c2a9c8edb97b9fcb5d P 9b897477ac24457ba3057221142ea9b4 [CANDIDATE]: Term 2 pre-election: Requested pre-vote from peers 0c1b3bd57dab421faa01448383625df1 (127.0.57.193:35893)
I0507 06:28:39.403620 3002 leader_election.cc:310] T 9bbbc2f7a1fa40c2a9c8edb97b9fcb5d P 9b897477ac24457ba3057221142ea9b4 [CANDIDATE]: Term 1 election: Election decided. Result: candidate won. Election summary: received 2 responses out of 2 voters: 2 yes votes; 0 no votes. yes voters: 0c1b3bd57dab421faa01448383625df1, 9b897477ac24457ba3057221142ea9b4; no voters:
W0507 06:28:39.403810 3066 rpcz_store.cc:253] Call kudu.consensus.ConsensusService.RequestConsensusVote from 127.0.57.193:37955 (request call id 4) took 254 ms (254 ms). Client timeout 185 ms (185 ms)
W0507 06:28:39.404150 3066 rpcz_store.cc:259] Trace: 0507 06:28:39.148422 (+ 0us) service_pool.cc:162] Inserting onto call queue 0507 06:28:39.148555 (+ 133us) service_pool.cc:221] Handling call 0507 06:28:39.402943 (+254388us) spinlock_profiling.cc:243] Waited 253 ms on lock 0x6140000720c4. stack: 00007fd1cc567545 00007fd1d924babd 00007fd1d609d5f4 00007fd1d931790a 00007fd1d0599009 00007fd1cf5835eb 00007fd1cf58205a 00007fd1cf586077 00007fd1cf58b952 00007fd1cf4e0d2b 00007fd1cc58fc6a 00007fd1d292f183 00007fd1c7963ffc 0507 06:28:39.403033 (+ 90us) inbound_call.cc:162] Queueing success response Metrics: {"spinlock_wait_cycles":582257408}
I0507 06:28:39.404189 3136 raft_consensus.cc:2640] T 9bbbc2f7a1fa40c2a9c8edb97b9fcb5d P 9b897477ac24457ba3057221142ea9b4 [term 1 FOLLOWER]: Leader election won for term 1
I0507 06:28:39.404336 3136 raft_consensus.cc:667] T 9bbbc2f7a1fa40c2a9c8edb97b9fcb5d P 9b897477ac24457ba3057221142ea9b4 [term 1 LEADER]: Becoming Leader. State: Replica: 9b897477ac24457ba3057221142ea9b4, State: Running, Role: LEADER
I0507 06:28:39.404372 3002 leader_election.cc:310] T 9bbbc2f7a1fa40c2a9c8edb97b9fcb5d P 9b897477ac24457ba3057221142ea9b4 [CANDIDATE]: Term 2 pre-election: Election decided. Result: candidate lost. Election summary: received 2 responses out of 2 voters: 1 yes votes; 1 no votes. yes voters: 9b897477ac24457ba3057221142ea9b4; no voters: 0c1b3bd57dab421faa01448383625df1
I0507 06:28:39.404749 3136 consensus_queue.cc:206] T 9bbbc2f7a1fa40c2a9c8edb97b9fcb5d P 9b897477ac24457ba3057221142ea9b4 [LEADER]: Queue going to LEADER mode. State: All replicated index: 0, Majority replicated index: 0, Committed index: 0, Last appended: 0.0, Last appended by leader: 0, Current term: 1, Majority size: 2, State: 0, Mode: LEADER, active raft config: opid_index: -1 OBSOLETE_local: false peers { permanent_uuid: "9b897477ac24457ba3057221142ea9b4" member_type: VOTER last_known_addr { host: "127.0.57.195" port: 38257 } } peers { permanent_uuid: "0c1b3bd57dab421faa01448383625df1" member_type: VOTER last_known_addr { host: "127.0.57.193" port: 35893 } }
I0507 06:28:39.406548 3137 raft_consensus.cc:2588] T 9bbbc2f7a1fa40c2a9c8edb97b9fcb5d P 9b897477ac24457ba3057221142ea9b4 [term 1 LEADER]: Leader pre-election lost for term 2. Reason: could not achieve majority
I0507 06:28:39.408407 2702 catalog_manager.cc:3988] T 9bbbc2f7a1fa40c2a9c8edb97b9fcb5d P 9b897477ac24457ba3057221142ea9b4 reported cstate change: term changed from 0 to 1, leader changed from to 9b897477ac24457ba3057221142ea9b4 (127.0.57.195). New cstate: current_term: 1 leader_uuid: "9b897477ac24457ba3057221142ea9b4" committed_config { opid_index: -1 OBSOLETE_local: false peers { permanent_uuid: "9b897477ac24457ba3057221142ea9b4" member_type: VOTER last_known_addr { host: "127.0.57.195" port: 38257 } health_report { overall_health: HEALTHY } } peers { permanent_uuid: "0c1b3bd57dab421faa01448383625df1" member_type: VOTER last_known_addr { host: "127.0.57.193" port: 35893 } health_report { overall_health: UNKNOWN } } }
I0507 06:28:39.472200 2823 raft_consensus.cc:1181] T 9bbbc2f7a1fa40c2a9c8edb97b9fcb5d P 0c1b3bd57dab421faa01448383625df1 [term 1 FOLLOWER]: Refusing update from remote peer 9b897477ac24457ba3057221142ea9b4: Log matching property violated. Preceding OpId in replica: term: 0 index: 0. Preceding OpId from leader: term: 1 index: 1. (index mismatch)
I0507 06:28:39.473274 3137 consensus_queue.cc:984] T 9bbbc2f7a1fa40c2a9c8edb97b9fcb5d P 9b897477ac24457ba3057221142ea9b4 [LEADER]: Connected to new peer: Peer: permanent_uuid: "0c1b3bd57dab421faa01448383625df1" member_type: VOTER last_known_addr { host: "127.0.57.193" port: 35893 }, Status: LMP_MISMATCH, Last received: 0.0, Next index: 1, Last known committed idx: 0, Time since last communication: 0.000s
I0507 06:28:39.525075 231 external_mini_cluster.cc:623] 3 TS(s) registered with all masters
I0507 06:28:39.526825 231 ts_itest-base.cc:232] Waiting for 1 tablets on tserver 0c1b3bd57dab421faa01448383625df1 to finish bootstrapping
I0507 06:28:39.534621 231 ts_itest-base.cc:232] Waiting for 0 tablets on tserver 1f3225ac14a24ce4be60bcf2c130d634 to finish bootstrapping
I0507 06:28:39.548462 231 ts_itest-base.cc:232] Waiting for 1 tablets on tserver 9b897477ac24457ba3057221142ea9b4 to finish bootstrapping
I0507 06:28:39.579423 3066 consensus_queue.cc:206] T 9bbbc2f7a1fa40c2a9c8edb97b9fcb5d P 9b897477ac24457ba3057221142ea9b4 [LEADER]: Queue going to LEADER mode. State: All replicated index: 0, Majority replicated index: 1, Committed index: 1, Last appended: 1.1, Last appended by leader: 0, Current term: 1, Majority size: 2, State: 0, Mode: LEADER, active raft config: opid_index: 2 OBSOLETE_local: false peers { permanent_uuid: "9b897477ac24457ba3057221142ea9b4" member_type: VOTER last_known_addr { host: "127.0.57.195" port: 38257 } } peers { permanent_uuid: "0c1b3bd57dab421faa01448383625df1" member_type: VOTER last_known_addr { host: "127.0.57.193" port: 35893 } } peers { permanent_uuid: "1f3225ac14a24ce4be60bcf2c130d634" member_type: NON_VOTER last_known_addr { host: "127.0.57.194" port: 41551 } attrs { } }
I0507 06:28:39.581609 2823 raft_consensus.cc:1181] T 9bbbc2f7a1fa40c2a9c8edb97b9fcb5d P 0c1b3bd57dab421faa01448383625df1 [term 1 FOLLOWER]: Refusing update from remote peer 9b897477ac24457ba3057221142ea9b4: Log matching property violated. Preceding OpId in replica: term: 1 index: 1. Preceding OpId from leader: term: 1 index: 2. (index mismatch)
I0507 06:28:39.582765 3137 consensus_queue.cc:984] T 9bbbc2f7a1fa40c2a9c8edb97b9fcb5d P 9b897477ac24457ba3057221142ea9b4 [LEADER]: Connected to new peer: Peer: permanent_uuid: "0c1b3bd57dab421faa01448383625df1" member_type: VOTER last_known_addr { host: "127.0.57.193" port: 35893 }, Status: LMP_MISMATCH, Last received: 0.0, Next index: 2, Last known committed idx: 1, Time since last communication: 0.000s
I0507 06:28:39.585434 3136 raft_consensus.cc:2788] T 9bbbc2f7a1fa40c2a9c8edb97b9fcb5d P 9b897477ac24457ba3057221142ea9b4 [term 1 LEADER]: Committing config change with OpId 1.2: config changed from index -1 to 2, NON_VOTER 1f3225ac14a24ce4be60bcf2c130d634 (127.0.57.194) added. New config: { opid_index: 2 OBSOLETE_local: false peers { permanent_uuid: "9b897477ac24457ba3057221142ea9b4" member_type: VOTER last_known_addr { host: "127.0.57.195" port: 38257 } } peers { permanent_uuid: "0c1b3bd57dab421faa01448383625df1" member_type: VOTER last_known_addr { host: "127.0.57.193" port: 35893 } } peers { permanent_uuid: "1f3225ac14a24ce4be60bcf2c130d634" member_type: NON_VOTER last_known_addr { host: "127.0.57.194" port: 41551 } attrs { } } }
I0507 06:28:39.586036 2823 raft_consensus.cc:2788] T 9bbbc2f7a1fa40c2a9c8edb97b9fcb5d P 0c1b3bd57dab421faa01448383625df1 [term 1 FOLLOWER]: Committing config change with OpId 1.2: config changed from index -1 to 2, NON_VOTER 1f3225ac14a24ce4be60bcf2c130d634 (127.0.57.194) added. New config: { opid_index: 2 OBSOLETE_local: false peers { permanent_uuid: "9b897477ac24457ba3057221142ea9b4" member_type: VOTER last_known_addr { host: "127.0.57.195" port: 38257 } } peers { permanent_uuid: "0c1b3bd57dab421faa01448383625df1" member_type: VOTER last_known_addr { host: "127.0.57.193" port: 35893 } } peers { permanent_uuid: "1f3225ac14a24ce4be60bcf2c130d634" member_type: NON_VOTER last_known_addr { host: "127.0.57.194" port: 41551 } attrs { } } }
W0507 06:28:39.588301 3001 consensus_peers.cc:457] T 9bbbc2f7a1fa40c2a9c8edb97b9fcb5d P 9b897477ac24457ba3057221142ea9b4 -> Peer 1f3225ac14a24ce4be60bcf2c130d634 (127.0.57.194:41551): Couldn't send request to peer 1f3225ac14a24ce4be60bcf2c130d634. Error code: TABLET_NOT_FOUND (6). Status: Not found: Tablet not found: 9bbbc2f7a1fa40c2a9c8edb97b9fcb5d. This is attempt 1: this message will repeat every 5th retry.
I0507 06:28:39.644381 3152 ts_tablet_manager.cc:676] T 9bbbc2f7a1fa40c2a9c8edb97b9fcb5d P 1f3225ac14a24ce4be60bcf2c130d634: Initiating tablet copy from peer 9b897477ac24457ba3057221142ea9b4 (127.0.57.195:38257)
I0507 06:28:39.644775 3152 tablet_copy_client.cc:240] T 9bbbc2f7a1fa40c2a9c8edb97b9fcb5d P 1f3225ac14a24ce4be60bcf2c130d634: tablet copy: Beginning tablet copy session from remote peer at address 127.0.57.195:38257
I0507 06:28:39.651101 3089 tablet_copy_service.cc:135] P 9b897477ac24457ba3057221142ea9b4: Received BeginTabletCopySession request for tablet 9bbbc2f7a1fa40c2a9c8edb97b9fcb5d from peer 1f3225ac14a24ce4be60bcf2c130d634 ({username='slave'} at 127.0.57.194:59197)
I0507 06:28:39.651306 3089 tablet_copy_service.cc:156] P 9b897477ac24457ba3057221142ea9b4: Beginning new tablet copy session on tablet 9bbbc2f7a1fa40c2a9c8edb97b9fcb5d from peer 1f3225ac14a24ce4be60bcf2c130d634 at {username='slave'} at 127.0.57.194:59197: session id = 1f3225ac14a24ce4be60bcf2c130d634-9bbbc2f7a1fa40c2a9c8edb97b9fcb5d
W0507 06:28:40.306144 2823 consensus_meta.cc:220] T 9bbbc2f7a1fa40c2a9c8edb97b9fcb5d P 0c1b3bd57dab421faa01448383625df1: Time spent flushing consensus metadata: real 0.719s user 0.002s sys 0.000s
W0507 06:28:40.306294 3136 consensus_meta.cc:220] T 9bbbc2f7a1fa40c2a9c8edb97b9fcb5d P 9b897477ac24457ba3057221142ea9b4: Time spent flushing consensus metadata: real 0.720s user 0.001s sys 0.002s
I0507 06:28:40.306782 3134 raft_consensus.cc:472] T 9bbbc2f7a1fa40c2a9c8edb97b9fcb5d P 0c1b3bd57dab421faa01448383625df1 [term 1 FOLLOWER]: Starting pre-election (detected failure of leader 9b897477ac24457ba3057221142ea9b4)
I0507 06:28:40.306980 3134 raft_consensus.cc:494] T 9bbbc2f7a1fa40c2a9c8edb97b9fcb5d P 0c1b3bd57dab421faa01448383625df1 [term 1 FOLLOWER]: Starting pre-election with config: opid_index: 2 OBSOLETE_local: false peers { permanent_uuid: "9b897477ac24457ba3057221142ea9b4" member_type: VOTER last_known_addr { host: "127.0.57.195" port: 38257 } } peers { permanent_uuid: "0c1b3bd57dab421faa01448383625df1" member_type: VOTER last_known_addr { host: "127.0.57.193" port: 35893 } } peers { permanent_uuid: "1f3225ac14a24ce4be60bcf2c130d634" member_type: NON_VOTER last_known_addr { host: "127.0.57.194" port: 41551 } attrs { } }
I0507 06:28:40.307718 3134 leader_election.cc:296] T 9bbbc2f7a1fa40c2a9c8edb97b9fcb5d P 0c1b3bd57dab421faa01448383625df1 [CANDIDATE]: Term 2 pre-election: Requested pre-vote from peers 9b897477ac24457ba3057221142ea9b4 (127.0.57.195:38257)
I0507 06:28:40.308744 3066 tablet_service.cc:1286] Received RequestConsensusVote() RPC: tablet_id: "9bbbc2f7a1fa40c2a9c8edb97b9fcb5d" candidate_uuid: "0c1b3bd57dab421faa01448383625df1" candidate_term: 2 candidate_status { last_received { term: 1 index: 2 } } ignore_live_leader: false dest_uuid: "9b897477ac24457ba3057221142ea9b4" is_pre_election: true
I0507 06:28:40.309213 2703 catalog_manager.cc:3988] T 9bbbc2f7a1fa40c2a9c8edb97b9fcb5d P 0c1b3bd57dab421faa01448383625df1 reported cstate change: config changed from index -1 to 2, NON_VOTER 1f3225ac14a24ce4be60bcf2c130d634 (127.0.57.194) added. New cstate: current_term: 1 leader_uuid: "9b897477ac24457ba3057221142ea9b4" committed_config { opid_index: 2 OBSOLETE_local: false peers { permanent_uuid: "9b897477ac24457ba3057221142ea9b4" member_type: VOTER last_known_addr { host: "127.0.57.195" port: 38257 } } peers { permanent_uuid: "0c1b3bd57dab421faa01448383625df1" member_type: VOTER last_known_addr { host: "127.0.57.193" port: 35893 } } peers { permanent_uuid: "1f3225ac14a24ce4be60bcf2c130d634" member_type: NON_VOTER last_known_addr { host: "127.0.57.194" port: 41551 } attrs { } } }
I0507 06:28:40.312746 3066 raft_consensus.cc:2307] T 9bbbc2f7a1fa40c2a9c8edb97b9fcb5d P 9b897477ac24457ba3057221142ea9b4 [term 1 LEADER]: Leader pre-election vote request: Denying vote to candidate 0c1b3bd57dab421faa01448383625df1 for term 2 because replica is either leader or believes a valid leader to be alive.
I0507 06:28:40.312875 3089 tablet_copy_source_session.cc:202] T 9bbbc2f7a1fa40c2a9c8edb97b9fcb5d P 9b897477ac24457ba3057221142ea9b4: Tablet Copy: opened 0 blocks and 1 log segments
I0507 06:28:40.313948 2748 leader_election.cc:310] T 9bbbc2f7a1fa40c2a9c8edb97b9fcb5d P 0c1b3bd57dab421faa01448383625df1 [CANDIDATE]: Term 2 pre-election: Election decided. Result: candidate lost. Election summary: received 2 responses out of 2 voters: 1 yes votes; 1 no votes. yes voters: 0c1b3bd57dab421faa01448383625df1; no voters: 9b897477ac24457ba3057221142ea9b4
I0507 06:28:40.318022 3152 data_dirs.cc:938] Could only allocate 1 dirs of requested 3 for tablet 9bbbc2f7a1fa40c2a9c8edb97b9fcb5d. 1 dirs total, 0 dirs full, 0 dirs failed
I0507 06:28:40.319770 3154 raft_consensus.cc:2588] T 9bbbc2f7a1fa40c2a9c8edb97b9fcb5d P 0c1b3bd57dab421faa01448383625df1 [term 1 FOLLOWER]: Leader pre-election lost for term 2. Reason: could not achieve majority
I0507 06:28:40.329980 3152 tablet_copy_client.cc:575] T 9bbbc2f7a1fa40c2a9c8edb97b9fcb5d P 1f3225ac14a24ce4be60bcf2c130d634: tablet copy: Starting download of 0 data blocks...
I0507 06:28:40.330317 3152 tablet_copy_client.cc:538] T 9bbbc2f7a1fa40c2a9c8edb97b9fcb5d P 1f3225ac14a24ce4be60bcf2c130d634: tablet copy: Starting download of 1 WAL segments...
I0507 06:28:40.332370 3152 tablet_copy_client.cc:414] T 9bbbc2f7a1fa40c2a9c8edb97b9fcb5d P 1f3225ac14a24ce4be60bcf2c130d634: tablet copy: Tablet Copy complete. Replacing tablet superblock.
I0507 06:28:40.427032 3154 raft_consensus.cc:472] T 9bbbc2f7a1fa40c2a9c8edb97b9fcb5d P 0c1b3bd57dab421faa01448383625df1 [term 1 FOLLOWER]: Starting pre-election (detected failure of leader 9b897477ac24457ba3057221142ea9b4)
I0507 06:28:40.427283 3154 raft_consensus.cc:494] T 9bbbc2f7a1fa40c2a9c8edb97b9fcb5d P 0c1b3bd57dab421faa01448383625df1 [term 1 FOLLOWER]: Starting pre-election with config: opid_index: 2 OBSOLETE_local: false peers { permanent_uuid: "9b897477ac24457ba3057221142ea9b4" member_type: VOTER last_known_addr { host: "127.0.57.195" port: 38257 } } peers { permanent_uuid: "0c1b3bd57dab421faa01448383625df1" member_type: VOTER last_known_addr { host: "127.0.57.193" port: 35893 } } peers { permanent_uuid: "1f3225ac14a24ce4be60bcf2c130d634" member_type: NON_VOTER last_known_addr { host: "127.0.57.194" port: 41551 } attrs { } }
I0507 06:28:40.428143 3154 leader_election.cc:296] T 9bbbc2f7a1fa40c2a9c8edb97b9fcb5d P 0c1b3bd57dab421faa01448383625df1 [CANDIDATE]: Term 2 pre-election: Requested pre-vote from peers 9b897477ac24457ba3057221142ea9b4 (127.0.57.195:38257)
I0507 06:28:40.428548 3066 tablet_service.cc:1286] Received RequestConsensusVote() RPC: tablet_id: "9bbbc2f7a1fa40c2a9c8edb97b9fcb5d" candidate_uuid: "0c1b3bd57dab421faa01448383625df1" candidate_term: 2 candidate_status { last_received { term: 1 index: 2 } } ignore_live_leader: false dest_uuid: "9b897477ac24457ba3057221142ea9b4" is_pre_election: true
I0507 06:28:40.428843 3066 raft_consensus.cc:2307] T 9bbbc2f7a1fa40c2a9c8edb97b9fcb5d P 9b897477ac24457ba3057221142ea9b4 [term 1 LEADER]: Leader pre-election vote request: Denying vote to candidate 0c1b3bd57dab421faa01448383625df1 for term 2 because replica is either leader or believes a valid leader to be alive.
I0507 06:28:40.429378 2748 leader_election.cc:310] T 9bbbc2f7a1fa40c2a9c8edb97b9fcb5d P 0c1b3bd57dab421faa01448383625df1 [CANDIDATE]: Term 2 pre-election: Election decided. Result: candidate lost. Election summary: received 2 responses out of 2 voters: 1 yes votes; 1 no votes. yes voters: 0c1b3bd57dab421faa01448383625df1; no voters: 9b897477ac24457ba3057221142ea9b4
I0507 06:28:40.429742 3154 raft_consensus.cc:2588] T 9bbbc2f7a1fa40c2a9c8edb97b9fcb5d P 0c1b3bd57dab421faa01448383625df1 [term 1 FOLLOWER]: Leader pre-election lost for term 2. Reason: could not achieve majority
W0507 06:28:40.619026 3001 consensus_peers.cc:457] T 9bbbc2f7a1fa40c2a9c8edb97b9fcb5d P 9b897477ac24457ba3057221142ea9b4 -> Peer 1f3225ac14a24ce4be60bcf2c130d634 (127.0.57.194:41551): Couldn't send request to peer 1f3225ac14a24ce4be60bcf2c130d634. Error code: TABLET_NOT_RUNNING (12). Status: Illegal state: Tablet not RUNNING: INITIALIZED. This is attempt 6: this message will repeat every 5th retry.
I0507 06:28:40.819072 3154 raft_consensus.cc:472] T 9bbbc2f7a1fa40c2a9c8edb97b9fcb5d P 0c1b3bd57dab421faa01448383625df1 [term 1 FOLLOWER]: Starting pre-election (detected failure of leader 9b897477ac24457ba3057221142ea9b4)
I0507 06:28:40.819259 3154 raft_consensus.cc:494] T 9bbbc2f7a1fa40c2a9c8edb97b9fcb5d P 0c1b3bd57dab421faa01448383625df1 [term 1 FOLLOWER]: Starting pre-election with config: opid_index: 2 OBSOLETE_local: false peers { permanent_uuid: "9b897477ac24457ba3057221142ea9b4" member_type: VOTER last_known_addr { host: "127.0.57.195" port: 38257 } } peers { permanent_uuid: "0c1b3bd57dab421faa01448383625df1" member_type: VOTER last_known_addr { host: "127.0.57.193" port: 35893 } } peers { permanent_uuid: "1f3225ac14a24ce4be60bcf2c130d634" member_type: NON_VOTER last_known_addr { host: "127.0.57.194" port: 41551 } attrs { } }
I0507 06:28:40.819805 3154 leader_election.cc:296] T 9bbbc2f7a1fa40c2a9c8edb97b9fcb5d P 0c1b3bd57dab421faa01448383625df1 [CANDIDATE]: Term 2 pre-election: Requested pre-vote from peers 9b897477ac24457ba3057221142ea9b4 (127.0.57.195:38257)
I0507 06:28:40.820776 3066 tablet_service.cc:1286] Received RequestConsensusVote() RPC: tablet_id: "9bbbc2f7a1fa40c2a9c8edb97b9fcb5d" candidate_uuid: "0c1b3bd57dab421faa01448383625df1" candidate_term: 2 candidate_status { last_received { term: 1 index: 2 } } ignore_live_leader: false dest_uuid: "9b897477ac24457ba3057221142ea9b4" is_pre_election: true
I0507 06:28:40.821096 3066 raft_consensus.cc:2307] T 9bbbc2f7a1fa40c2a9c8edb97b9fcb5d P 9b897477ac24457ba3057221142ea9b4 [term 1 LEADER]: Leader pre-election vote request: Denying vote to candidate 0c1b3bd57dab421faa01448383625df1 for term 2 because replica is either leader or believes a valid leader to be alive.
I0507 06:28:40.821593 2748 leader_election.cc:310] T 9bbbc2f7a1fa40c2a9c8edb97b9fcb5d P 0c1b3bd57dab421faa01448383625df1 [CANDIDATE]: Term 2 pre-election: Election decided. Result: candidate lost. Election summary: received 2 responses out of 2 voters: 1 yes votes; 1 no votes. yes voters: 0c1b3bd57dab421faa01448383625df1; no voters: 9b897477ac24457ba3057221142ea9b4
I0507 06:28:40.821945 3154 raft_consensus.cc:2588] T 9bbbc2f7a1fa40c2a9c8edb97b9fcb5d P 0c1b3bd57dab421faa01448383625df1 [term 1 FOLLOWER]: Leader pre-election lost for term 2. Reason: could not achieve majority
I0507 06:28:40.895831 3154 raft_consensus.cc:472] T 9bbbc2f7a1fa40c2a9c8edb97b9fcb5d P 0c1b3bd57dab421faa01448383625df1 [term 1 FOLLOWER]: Starting pre-election (detected failure of leader 9b897477ac24457ba3057221142ea9b4)
I0507 06:28:40.896052 3154 raft_consensus.cc:494] T 9bbbc2f7a1fa40c2a9c8edb97b9fcb5d P 0c1b3bd57dab421faa01448383625df1 [term 1 FOLLOWER]: Starting pre-election with config: opid_index: 2 OBSOLETE_local: false peers { permanent_uuid: "9b897477ac24457ba3057221142ea9b4" member_type: VOTER last_known_addr { host: "127.0.57.195" port: 38257 } } peers { permanent_uuid: "0c1b3bd57dab421faa01448383625df1" member_type: VOTER last_known_addr { host: "127.0.57.193" port: 35893 } } peers { permanent_uuid: "1f3225ac14a24ce4be60bcf2c130d634" member_type: NON_VOTER last_known_addr { host: "127.0.57.194" port: 41551 } attrs { } }
I0507 06:28:40.896705 3154 leader_election.cc:296] T 9bbbc2f7a1fa40c2a9c8edb97b9fcb5d P 0c1b3bd57dab421faa01448383625df1 [CANDIDATE]: Term 2 pre-election: Requested pre-vote from peers 9b897477ac24457ba3057221142ea9b4 (127.0.57.195:38257)
I0507 06:28:40.897446 3066 tablet_service.cc:1286] Received RequestConsensusVote() RPC: tablet_id: "9bbbc2f7a1fa40c2a9c8edb97b9fcb5d" candidate_uuid: "0c1b3bd57dab421faa01448383625df1" candidate_term: 2 candidate_status { last_received { term: 1 index: 2 } } ignore_live_leader: false dest_uuid: "9b897477ac24457ba3057221142ea9b4" is_pre_election: true
I0507 06:28:40.897691 3066 raft_consensus.cc:2307] T 9bbbc2f7a1fa40c2a9c8edb97b9fcb5d P 9b897477ac24457ba3057221142ea9b4 [term 1 LEADER]: Leader pre-election vote request: Denying vote to candidate 0c1b3bd57dab421faa01448383625df1 for term 2 because replica is either leader or believes a valid leader to be alive.
I0507 06:28:40.898231 2748 leader_election.cc:310] T 9bbbc2f7a1fa40c2a9c8edb97b9fcb5d P 0c1b3bd57dab421faa01448383625df1 [CANDIDATE]: Term 2 pre-election: Election decided. Result: candidate lost. Election summary: received 2 responses out of 2 voters: 1 yes votes; 1 no votes. yes voters: 0c1b3bd57dab421faa01448383625df1; no voters: 9b897477ac24457ba3057221142ea9b4
I0507 06:28:40.898563 3154 raft_consensus.cc:2588] T 9bbbc2f7a1fa40c2a9c8edb97b9fcb5d P 0c1b3bd57dab421faa01448383625df1 [term 1 FOLLOWER]: Leader pre-election lost for term 2. Reason: could not achieve majority
W0507 06:28:40.934990 3001 consensus_peers.cc:457] T 9bbbc2f7a1fa40c2a9c8edb97b9fcb5d P 9b897477ac24457ba3057221142ea9b4 -> Peer 1f3225ac14a24ce4be60bcf2c130d634 (127.0.57.194:41551): Couldn't send request to peer 1f3225ac14a24ce4be60bcf2c130d634. Error code: TABLET_NOT_RUNNING (12). Status: Illegal state: Tablet not RUNNING: INITIALIZED. This is attempt 11: this message will repeat every 5th retry.
I0507 06:28:41.087496 3154 raft_consensus.cc:472] T 9bbbc2f7a1fa40c2a9c8edb97b9fcb5d P 0c1b3bd57dab421faa01448383625df1 [term 1 FOLLOWER]: Starting pre-election (detected failure of leader 9b897477ac24457ba3057221142ea9b4)
I0507 06:28:41.087702 3154 raft_consensus.cc:494] T 9bbbc2f7a1fa40c2a9c8edb97b9fcb5d P 0c1b3bd57dab421faa01448383625df1 [term 1 FOLLOWER]: Starting pre-election with config: opid_index: 2 OBSOLETE_local: false peers { permanent_uuid: "9b897477ac24457ba3057221142ea9b4" member_type: VOTER last_known_addr { host: "127.0.57.195" port: 38257 } } peers { permanent_uuid: "0c1b3bd57dab421faa01448383625df1" member_type: VOTER last_known_addr { host: "127.0.57.193" port: 35893 } } peers { permanent_uuid: "1f3225ac14a24ce4be60bcf2c130d634" member_type: NON_VOTER last_known_addr { host: "127.0.57.194" port: 41551 } attrs { } }
I0507 06:28:41.088434 3154 leader_election.cc:296] T 9bbbc2f7a1fa40c2a9c8edb97b9fcb5d P 0c1b3bd57dab421faa01448383625df1 [CANDIDATE]: Term 2 pre-election: Requested pre-vote from peers 9b897477ac24457ba3057221142ea9b4 (127.0.57.195:38257)
I0507 06:28:41.089190 3066 tablet_service.cc:1286] Received RequestConsensusVote() RPC: tablet_id: "9bbbc2f7a1fa40c2a9c8edb97b9fcb5d" candidate_uuid: "0c1b3bd57dab421faa01448383625df1" candidate_term: 2 candidate_status { last_received { term: 1 index: 2 } } ignore_live_leader: false dest_uuid: "9b897477ac24457ba3057221142ea9b4" is_pre_election: true
I0507 06:28:41.089421 3066 raft_consensus.cc:2307] T 9bbbc2f7a1fa40c2a9c8edb97b9fcb5d P 9b897477ac24457ba3057221142ea9b4 [term 1 LEADER]: Leader pre-election vote request: Denying vote to candidate 0c1b3bd57dab421faa01448383625df1 for term 2 because replica is either leader or believes a valid leader to be alive.
I0507 06:28:41.089931 2748 leader_election.cc:310] T 9bbbc2f7a1fa40c2a9c8edb97b9fcb5d P 0c1b3bd57dab421faa01448383625df1 [CANDIDATE]: Term 2 pre-election: Election decided. Result: candidate lost. Election summary: received 2 responses out of 2 voters: 1 yes votes; 1 no votes. yes voters: 0c1b3bd57dab421faa01448383625df1; no voters: 9b897477ac24457ba3057221142ea9b4
I0507 06:28:41.090240 3154 raft_consensus.cc:2588] T 9bbbc2f7a1fa40c2a9c8edb97b9fcb5d P 0c1b3bd57dab421faa01448383625df1 [term 1 FOLLOWER]: Leader pre-election lost for term 2. Reason: could not achieve majority
I0507 06:28:41.166146 3154 raft_consensus.cc:472] T 9bbbc2f7a1fa40c2a9c8edb97b9fcb5d P 0c1b3bd57dab421faa01448383625df1 [term 1 FOLLOWER]: Starting pre-election (detected failure of leader 9b897477ac24457ba3057221142ea9b4)
I0507 06:28:41.166345 3154 raft_consensus.cc:494] T 9bbbc2f7a1fa40c2a9c8edb97b9fcb5d P 0c1b3bd57dab421faa01448383625df1 [term 1 FOLLOWER]: Starting pre-election with config: opid_index: 2 OBSOLETE_local: false peers { permanent_uuid: "9b897477ac24457ba3057221142ea9b4" member_type: VOTER last_known_addr { host: "127.0.57.195" port: 38257 } } peers { permanent_uuid: "0c1b3bd57dab421faa01448383625df1" member_type: VOTER last_known_addr { host: "127.0.57.193" port: 35893 } } peers { permanent_uuid: "1f3225ac14a24ce4be60bcf2c130d634" member_type: NON_VOTER last_known_addr { host: "127.0.57.194" port: 41551 } attrs { } }
I0507 06:28:41.166937 3154 leader_election.cc:296] T 9bbbc2f7a1fa40c2a9c8edb97b9fcb5d P 0c1b3bd57dab421faa01448383625df1 [CANDIDATE]: Term 2 pre-election: Requested pre-vote from peers 9b897477ac24457ba3057221142ea9b4 (127.0.57.195:38257)
I0507 06:28:41.167697 3066 tablet_service.cc:1286] Received RequestConsensusVote() RPC: tablet_id: "9bbbc2f7a1fa40c2a9c8edb97b9fcb5d" candidate_uuid: "0c1b3bd57dab421faa01448383625df1" candidate_term: 2 candidate_status { last_received { term: 1 index: 2 } } ignore_live_leader: false dest_uuid: "9b897477ac24457ba3057221142ea9b4" is_pre_election: true
I0507 06:28:41.167958 3066 raft_consensus.cc:2307] T 9bbbc2f7a1fa40c2a9c8edb97b9fcb5d P 9b897477ac24457ba3057221142ea9b4 [term 1 LEADER]: Leader pre-election vote request: Denying vote to candidate 0c1b3bd57dab421faa01448383625df1 for term 2 because replica is either leader or believes a valid leader to be alive.
I0507 06:28:41.168437 2748 leader_election.cc:310] T 9bbbc2f7a1fa40c2a9c8edb97b9fcb5d P 0c1b3bd57dab421faa01448383625df1 [CANDIDATE]: Term 2 pre-election: Election decided. Result: candidate lost. Election summary: received 2 responses out of 2 voters: 1 yes votes; 1 no votes. yes voters: 0c1b3bd57dab421faa01448383625df1; no voters: 9b897477ac24457ba3057221142ea9b4
I0507 06:28:41.168808 3154 raft_consensus.cc:2588] T 9bbbc2f7a1fa40c2a9c8edb97b9fcb5d P 0c1b3bd57dab421faa01448383625df1 [term 1 FOLLOWER]: Leader pre-election lost for term 2. Reason: could not achieve majority
I0507 06:28:41.203582 3152 tablet_bootstrap.cc:439] T 9bbbc2f7a1fa40c2a9c8edb97b9fcb5d P 1f3225ac14a24ce4be60bcf2c130d634: Bootstrap starting.
I0507 06:28:41.209600 3152 log.cc:525] T 9bbbc2f7a1fa40c2a9c8edb97b9fcb5d P 1f3225ac14a24ce4be60bcf2c130d634: Log is configured to *not* fsync() on all Append() calls
I0507 06:28:41.213146 3152 tablet_bootstrap.cc:439] T 9bbbc2f7a1fa40c2a9c8edb97b9fcb5d P 1f3225ac14a24ce4be60bcf2c130d634: Bootstrap replayed 1/1 log segments. Stats: ops{read=2 overwritten=0 applied=2 ignored=0} inserts{seen=0 ignored=0} mutations{seen=0 ignored=0} orphaned_commits=0. Pending: 0 replicates
I0507 06:28:41.213588 3152 tablet_bootstrap.cc:439] T 9bbbc2f7a1fa40c2a9c8edb97b9fcb5d P 1f3225ac14a24ce4be60bcf2c130d634: Bootstrap complete.
I0507 06:28:41.213951 3152 ts_tablet_manager.cc:1053] T 9bbbc2f7a1fa40c2a9c8edb97b9fcb5d P 1f3225ac14a24ce4be60bcf2c130d634: Time spent bootstrapping tablet: real 0.011s user 0.009s sys 0.001s
I0507 06:28:41.219751 3152 raft_consensus.cc:340] T 9bbbc2f7a1fa40c2a9c8edb97b9fcb5d P 1f3225ac14a24ce4be60bcf2c130d634 [term 1 LEARNER]: Replica starting. Triggering 0 pending transactions. Active config: opid_index: 2 OBSOLETE_local: false peers { permanent_uuid: "9b897477ac24457ba3057221142ea9b4" member_type: VOTER last_known_addr { host: "127.0.57.195" port: 38257 } } peers { permanent_uuid: "0c1b3bd57dab421faa01448383625df1" member_type: VOTER last_known_addr { host: "127.0.57.193" port: 35893 } } peers { permanent_uuid: "1f3225ac14a24ce4be60bcf2c130d634" member_type: NON_VOTER last_known_addr { host: "127.0.57.194" port: 41551 } attrs { } }
I0507 06:28:41.220157 3152 raft_consensus.cc:705] T 9bbbc2f7a1fa40c2a9c8edb97b9fcb5d P 1f3225ac14a24ce4be60bcf2c130d634 [term 1 LEARNER]: Becoming Follower/Learner. State: Replica: 1f3225ac14a24ce4be60bcf2c130d634, State: Initialized, Role: LEARNER
I0507 06:28:41.220440 3152 consensus_queue.cc:229] T 9bbbc2f7a1fa40c2a9c8edb97b9fcb5d P 1f3225ac14a24ce4be60bcf2c130d634 [NON_LEADER]: Queue going to NON_LEADER mode. State: All replicated index: 0, Majority replicated index: 0, Committed index: 2, Last appended: 1.2, Last appended by leader: 2, Current term: 0, Majority size: -1, State: 0, Mode: NON_LEADER, active raft config: opid_index: 2 OBSOLETE_local: false peers { permanent_uuid: "9b897477ac24457ba3057221142ea9b4" member_type: VOTER last_known_addr { host: "127.0.57.195" port: 38257 } } peers { permanent_uuid: "0c1b3bd57dab421faa01448383625df1" member_type: VOTER last_known_addr { host: "127.0.57.193" port: 35893 } } peers { permanent_uuid: "1f3225ac14a24ce4be60bcf2c130d634" member_type: NON_VOTER last_known_addr { host: "127.0.57.194" port: 41551 } attrs { } }
I0507 06:28:41.221822 3152 ts_tablet_manager.cc:1081] T 9bbbc2f7a1fa40c2a9c8edb97b9fcb5d P 1f3225ac14a24ce4be60bcf2c130d634: Time spent starting tablet: real 0.008s user 0.008s sys 0.000s
I0507 06:28:41.222820 3089 tablet_copy_service.cc:325] P 9b897477ac24457ba3057221142ea9b4: Request end of tablet copy session 1f3225ac14a24ce4be60bcf2c130d634-9bbbc2f7a1fa40c2a9c8edb97b9fcb5d received from {username='slave'} at 127.0.57.194:59197
I0507 06:28:41.223024 3089 tablet_copy_service.cc:413] P 9b897477ac24457ba3057221142ea9b4: ending tablet copy session 1f3225ac14a24ce4be60bcf2c130d634-9bbbc2f7a1fa40c2a9c8edb97b9fcb5d on tablet 9bbbc2f7a1fa40c2a9c8edb97b9fcb5d with peer 1f3225ac14a24ce4be60bcf2c130d634
I0507 06:28:41.225332 2947 raft_consensus.cc:1126] T 9bbbc2f7a1fa40c2a9c8edb97b9fcb5d P 1f3225ac14a24ce4be60bcf2c130d634 [term 1 LEARNER]: Deduplicated request from leader. Original: 1.1->[1.2-1.2] Dedup: 1.2->[]
I0507 06:28:41.242357 3154 raft_consensus.cc:472] T 9bbbc2f7a1fa40c2a9c8edb97b9fcb5d P 0c1b3bd57dab421faa01448383625df1 [term 1 FOLLOWER]: Starting pre-election (detected failure of leader 9b897477ac24457ba3057221142ea9b4)
I0507 06:28:41.242535 3154 raft_consensus.cc:494] T 9bbbc2f7a1fa40c2a9c8edb97b9fcb5d P 0c1b3bd57dab421faa01448383625df1 [term 1 FOLLOWER]: Starting pre-election with config: opid_index: 2 OBSOLETE_local: false peers { permanent_uuid: "9b897477ac24457ba3057221142ea9b4" member_type: VOTER last_known_addr { host: "127.0.57.195" port: 38257 } } peers { permanent_uuid: "0c1b3bd57dab421faa01448383625df1" member_type: VOTER last_known_addr { host: "127.0.57.193" port: 35893 } } peers { permanent_uuid: "1f3225ac14a24ce4be60bcf2c130d634" member_type: NON_VOTER last_known_addr { host: "127.0.57.194" port: 41551 } attrs { } }
I0507 06:28:41.243083 3154 leader_election.cc:296] T 9bbbc2f7a1fa40c2a9c8edb97b9fcb5d P 0c1b3bd57dab421faa01448383625df1 [CANDIDATE]: Term 2 pre-election: Requested pre-vote from peers 9b897477ac24457ba3057221142ea9b4 (127.0.57.195:38257)
I0507 06:28:41.335520 3154 raft_consensus.cc:472] T 9bbbc2f7a1fa40c2a9c8edb97b9fcb5d P 0c1b3bd57dab421faa01448383625df1 [term 1 FOLLOWER]: Starting pre-election (detected failure of leader 9b897477ac24457ba3057221142ea9b4)
I0507 06:28:41.335695 3154 raft_consensus.cc:494] T 9bbbc2f7a1fa40c2a9c8edb97b9fcb5d P 0c1b3bd57dab421faa01448383625df1 [term 1 FOLLOWER]: Starting pre-election with config: opid_index: 2 OBSOLETE_local: false peers { permanent_uuid: "9b897477ac24457ba3057221142ea9b4" member_type: VOTER last_known_addr { host: "127.0.57.195" port: 38257 } } peers { permanent_uuid: "0c1b3bd57dab421faa01448383625df1" member_type: VOTER last_known_addr { host: "127.0.57.193" port: 35893 } } peers { permanent_uuid: "1f3225ac14a24ce4be60bcf2c130d634" member_type: NON_VOTER last_known_addr { host: "127.0.57.194" port: 41551 } attrs { } }
W0507 06:28:41.336040 2748 leader_election.cc:341] T 9bbbc2f7a1fa40c2a9c8edb97b9fcb5d P 0c1b3bd57dab421faa01448383625df1 [CANDIDATE]: Term 2 pre-election: RPC error from VoteRequest() call to peer 9b897477ac24457ba3057221142ea9b4 (127.0.57.195:38257): Timed out: RequestConsensusVote RPC to 127.0.57.195:38257 timed out after 0.092s (SENT)
I0507 06:28:41.336133 2748 leader_election.cc:310] T 9bbbc2f7a1fa40c2a9c8edb97b9fcb5d P 0c1b3bd57dab421faa01448383625df1 [CANDIDATE]: Term 2 pre-election: Election decided. Result: candidate lost. Election summary: received 2 responses out of 2 voters: 1 yes votes; 1 no votes. yes voters: 0c1b3bd57dab421faa01448383625df1; no voters: 9b897477ac24457ba3057221142ea9b4
I0507 06:28:41.336288 3154 leader_election.cc:296] T 9bbbc2f7a1fa40c2a9c8edb97b9fcb5d P 0c1b3bd57dab421faa01448383625df1 [CANDIDATE]: Term 2 pre-election: Requested pre-vote from peers 9b897477ac24457ba3057221142ea9b4 (127.0.57.195:38257)
I0507 06:28:41.336544 3154 raft_consensus.cc:2588] T 9bbbc2f7a1fa40c2a9c8edb97b9fcb5d P 0c1b3bd57dab421faa01448383625df1 [term 1 FOLLOWER]: Leader pre-election lost for term 2. Reason: could not achieve majority
I0507 06:28:41.410639 3165 raft_consensus.cc:472] T 9bbbc2f7a1fa40c2a9c8edb97b9fcb5d P 0c1b3bd57dab421faa01448383625df1 [term 1 FOLLOWER]: Starting pre-election (detected failure of leader 9b897477ac24457ba3057221142ea9b4)
I0507 06:28:41.410863 3165 raft_consensus.cc:494] T 9bbbc2f7a1fa40c2a9c8edb97b9fcb5d P 0c1b3bd57dab421faa01448383625df1 [term 1 FOLLOWER]: Starting pre-election with config: opid_index: 2 OBSOLETE_local: false peers { permanent_uuid: "9b897477ac24457ba3057221142ea9b4" member_type: VOTER last_known_addr { host: "127.0.57.195" port: 38257 } } peers { permanent_uuid: "0c1b3bd57dab421faa01448383625df1" member_type: VOTER last_known_addr { host: "127.0.57.193" port: 35893 } } peers { permanent_uuid: "1f3225ac14a24ce4be60bcf2c130d634" member_type: NON_VOTER last_known_addr { host: "127.0.57.194" port: 41551 } attrs { } }
I0507 06:28:41.411526 3165 leader_election.cc:296] T 9bbbc2f7a1fa40c2a9c8edb97b9fcb5d P 0c1b3bd57dab421faa01448383625df1 [CANDIDATE]: Term 2 pre-election: Requested pre-vote from peers 9b897477ac24457ba3057221142ea9b4 (127.0.57.195:38257)
W0507 06:28:41.429344 2748 leader_election.cc:341] T 9bbbc2f7a1fa40c2a9c8edb97b9fcb5d P 0c1b3bd57dab421faa01448383625df1 [CANDIDATE]: Term 2 pre-election: RPC error from VoteRequest() call to peer 9b897477ac24457ba3057221142ea9b4 (127.0.57.195:38257): Timed out: RequestConsensusVote RPC to 127.0.57.195:38257 timed out after 0.092s (SENT)
I0507 06:28:41.429504 2748 leader_election.cc:310] T 9bbbc2f7a1fa40c2a9c8edb97b9fcb5d P 0c1b3bd57dab421faa01448383625df1 [CANDIDATE]: Term 2 pre-election: Election decided. Result: candidate lost. Election summary: received 2 responses out of 2 voters: 1 yes votes; 1 no votes. yes voters: 0c1b3bd57dab421faa01448383625df1; no voters: 9b897477ac24457ba3057221142ea9b4
I0507 06:28:41.429920 3165 raft_consensus.cc:2588] T 9bbbc2f7a1fa40c2a9c8edb97b9fcb5d P 0c1b3bd57dab421faa01448383625df1 [term 1 FOLLOWER]: Leader pre-election lost for term 2. Reason: could not achieve majority
W0507 06:28:41.476431 2748 leader_election.cc:341] T 9bbbc2f7a1fa40c2a9c8edb97b9fcb5d P 0c1b3bd57dab421faa01448383625df1 [CANDIDATE]: Term 2 pre-election: RPC error from VoteRequest() call to peer 9b897477ac24457ba3057221142ea9b4 (127.0.57.195:38257): Timed out: RequestConsensusVote RPC to 127.0.57.195:38257 timed out after 0.064s (SENT)
I0507 06:28:41.476569 2748 leader_election.cc:310] T 9bbbc2f7a1fa40c2a9c8edb97b9fcb5d P 0c1b3bd57dab421faa01448383625df1 [CANDIDATE]: Term 2 pre-election: Election decided. Result: candidate lost. Election summary: received 2 responses out of 2 voters: 1 yes votes; 1 no votes. yes voters: 0c1b3bd57dab421faa01448383625df1; no voters: 9b897477ac24457ba3057221142ea9b4
I0507 06:28:41.477015 3165 raft_consensus.cc:2588] T 9bbbc2f7a1fa40c2a9c8edb97b9fcb5d P 0c1b3bd57dab421faa01448383625df1 [term 1 FOLLOWER]: Leader pre-election lost for term 2. Reason: could not achieve majority
I0507 06:28:41.569391 3165 raft_consensus.cc:472] T 9bbbc2f7a1fa40c2a9c8edb97b9fcb5d P 0c1b3bd57dab421faa01448383625df1 [term 1 FOLLOWER]: Starting pre-election (detected failure of leader 9b897477ac24457ba3057221142ea9b4)
I0507 06:28:41.569593 3165 raft_consensus.cc:494] T 9bbbc2f7a1fa40c2a9c8edb97b9fcb5d P 0c1b3bd57dab421faa01448383625df1 [term 1 FOLLOWER]: Starting pre-election with config: opid_index: 2 OBSOLETE_local: false peers { permanent_uuid: "9b897477ac24457ba3057221142ea9b4" member_type: VOTER last_known_addr { host: "127.0.57.195" port: 38257 } } peers { permanent_uuid: "0c1b3bd57dab421faa01448383625df1" member_type: VOTER last_known_addr { host: "127.0.57.193" port: 35893 } } peers { permanent_uuid: "1f3225ac14a24ce4be60bcf2c130d634" member_type: NON_VOTER last_known_addr { host: "127.0.57.194" port: 41551 } attrs { } }
I0507 06:28:41.570179 3165 leader_election.cc:296] T 9bbbc2f7a1fa40c2a9c8edb97b9fcb5d P 0c1b3bd57dab421faa01448383625df1 [CANDIDATE]: Term 2 pre-election: Requested pre-vote from peers 9b897477ac24457ba3057221142ea9b4 (127.0.57.195:38257)
I0507 06:28:41.645758 3165 raft_consensus.cc:472] T 9bbbc2f7a1fa40c2a9c8edb97b9fcb5d P 0c1b3bd57dab421faa01448383625df1 [term 1 FOLLOWER]: Starting pre-election (detected failure of leader 9b897477ac24457ba3057221142ea9b4)
W0507 06:28:41.646180 2748 leader_election.cc:341] T 9bbbc2f7a1fa40c2a9c8edb97b9fcb5d P 0c1b3bd57dab421faa01448383625df1 [CANDIDATE]: Term 2 pre-election: RPC error from VoteRequest() call to peer 9b897477ac24457ba3057221142ea9b4 (127.0.57.195:38257): Timed out: RequestConsensusVote RPC to 127.0.57.195:38257 timed out after 0.075s (SENT)
I0507 06:28:41.645952 3165 raft_consensus.cc:494] T 9bbbc2f7a1fa40c2a9c8edb97b9fcb5d P 0c1b3bd57dab421faa01448383625df1 [term 1 FOLLOWER]: Starting pre-election with config: opid_index: 2 OBSOLETE_local: false peers { permanent_uuid: "9b897477ac24457ba3057221142ea9b4" member_type: VOTER last_known_addr { host: "127.0.57.195" port: 38257 } } peers { permanent_uuid: "0c1b3bd57dab421faa01448383625df1" member_type: VOTER last_known_addr { host: "127.0.57.193" port: 35893 } } peers { permanent_uuid: "1f3225ac14a24ce4be60bcf2c130d634" member_type: NON_VOTER last_known_addr { host: "127.0.57.194" port: 41551 } attrs { } }
I0507 06:28:41.646313 2748 leader_election.cc:310] T 9bbbc2f7a1fa40c2a9c8edb97b9fcb5d P 0c1b3bd57dab421faa01448383625df1 [CANDIDATE]: Term 2 pre-election: Election decided. Result: candidate lost. Election summary: received 2 responses out of 2 voters: 1 yes votes; 1 no votes. yes voters: 0c1b3bd57dab421faa01448383625df1; no voters: 9b897477ac24457ba3057221142ea9b4
I0507 06:28:41.646644 3154 raft_consensus.cc:2588] T 9bbbc2f7a1fa40c2a9c8edb97b9fcb5d P 0c1b3bd57dab421faa01448383625df1 [term 1 FOLLOWER]: Leader pre-election lost for term 2. Reason: could not achieve majority
I0507 06:28:41.646706 3165 leader_election.cc:296] T 9bbbc2f7a1fa40c2a9c8edb97b9fcb5d P 0c1b3bd57dab421faa01448383625df1 [CANDIDATE]: Term 2 pre-election: Requested pre-vote from peers 9b897477ac24457ba3057221142ea9b4 (127.0.57.195:38257)
I0507 06:28:41.946635 3165 raft_consensus.cc:472] T 9bbbc2f7a1fa40c2a9c8edb97b9fcb5d P 0c1b3bd57dab421faa01448383625df1 [term 1 FOLLOWER]: Starting pre-election (detected failure of leader 9b897477ac24457ba3057221142ea9b4)
I0507 06:28:41.946841 3165 raft_consensus.cc:494] T 9bbbc2f7a1fa40c2a9c8edb97b9fcb5d P 0c1b3bd57dab421faa01448383625df1 [term 1 FOLLOWER]: Starting pre-election with config: opid_index: 2 OBSOLETE_local: false peers { permanent_uuid: "9b897477ac24457ba3057221142ea9b4" member_type: VOTER last_known_addr { host: "127.0.57.195" port: 38257 } } peers { permanent_uuid: "0c1b3bd57dab421faa01448383625df1" member_type: VOTER last_known_addr { host: "127.0.57.193" port: 35893 } } peers { permanent_uuid: "1f3225ac14a24ce4be60bcf2c130d634" member_type: NON_VOTER last_known_addr { host: "127.0.57.194" port: 41551 } attrs { } }
I0507 06:28:41.947432 3165 leader_election.cc:296] T 9bbbc2f7a1fa40c2a9c8edb97b9fcb5d P 0c1b3bd57dab421faa01448383625df1 [CANDIDATE]: Term 2 pre-election: Requested pre-vote from peers 9b897477ac24457ba3057221142ea9b4 (127.0.57.195:38257)
W0507 06:28:41.967983 2748 leader_election.cc:341] T 9bbbc2f7a1fa40c2a9c8edb97b9fcb5d P 0c1b3bd57dab421faa01448383625df1 [CANDIDATE]: Term 2 pre-election: RPC error from VoteRequest() call to peer 9b897477ac24457ba3057221142ea9b4 (127.0.57.195:38257): Timed out: RequestConsensusVote RPC to 127.0.57.195:38257 timed out after 0.321s (SENT)
I0507 06:28:41.968106 2748 leader_election.cc:310] T 9bbbc2f7a1fa40c2a9c8edb97b9fcb5d P 0c1b3bd57dab421faa01448383625df1 [CANDIDATE]: Term 2 pre-election: Election decided. Result: candidate lost. Election summary: received 2 responses out of 2 voters: 1 yes votes; 1 no votes. yes voters: 0c1b3bd57dab421faa01448383625df1; no voters: 9b897477ac24457ba3057221142ea9b4
I0507 06:28:41.968516 3165 raft_consensus.cc:2588] T 9bbbc2f7a1fa40c2a9c8edb97b9fcb5d P 0c1b3bd57dab421faa01448383625df1 [term 1 FOLLOWER]: Leader pre-election lost for term 2. Reason: could not achieve majority
I0507 06:28:42.121578 3165 raft_consensus.cc:472] T 9bbbc2f7a1fa40c2a9c8edb97b9fcb5d P 0c1b3bd57dab421faa01448383625df1 [term 1 FOLLOWER]: Starting pre-election (detected failure of leader 9b897477ac24457ba3057221142ea9b4)
I0507 06:28:42.121794 3165 raft_consensus.cc:494] T 9bbbc2f7a1fa40c2a9c8edb97b9fcb5d P 0c1b3bd57dab421faa01448383625df1 [term 1 FOLLOWER]: Starting pre-election with config: opid_index: 2 OBSOLETE_local: false peers { permanent_uuid: "9b897477ac24457ba3057221142ea9b4" member_type: VOTER last_known_addr { host: "127.0.57.195" port: 38257 } } peers { permanent_uuid: "0c1b3bd57dab421faa01448383625df1" member_type: VOTER last_known_addr { host: "127.0.57.193" port: 35893 } } peers { permanent_uuid: "1f3225ac14a24ce4be60bcf2c130d634" member_type: NON_VOTER last_known_addr { host: "127.0.57.194" port: 41551 } attrs { } }
I0507 06:28:42.122516 3165 leader_election.cc:296] T 9bbbc2f7a1fa40c2a9c8edb97b9fcb5d P 0c1b3bd57dab421faa01448383625df1 [CANDIDATE]: Term 2 pre-election: Requested pre-vote from peers 9b897477ac24457ba3057221142ea9b4 (127.0.57.195:38257)
W0507 06:28:42.307672 2748 leader_election.cc:341] T 9bbbc2f7a1fa40c2a9c8edb97b9fcb5d P 0c1b3bd57dab421faa01448383625df1 [CANDIDATE]: Term 2 pre-election: RPC error from VoteRequest() call to peer 9b897477ac24457ba3057221142ea9b4 (127.0.57.195:38257): Timed out: RequestConsensusVote RPC to 127.0.57.195:38257 timed out after 0.360s (SENT)
I0507 06:28:42.307811 2748 leader_election.cc:310] T 9bbbc2f7a1fa40c2a9c8edb97b9fcb5d P 0c1b3bd57dab421faa01448383625df1 [CANDIDATE]: Term 2 pre-election: Election decided. Result: candidate lost. Election summary: received 2 responses out of 2 voters: 1 yes votes; 1 no votes. yes voters: 0c1b3bd57dab421faa01448383625df1; no voters: 9b897477ac24457ba3057221142ea9b4
I0507 06:28:42.308176 3165 raft_consensus.cc:2588] T 9bbbc2f7a1fa40c2a9c8edb97b9fcb5d P 0c1b3bd57dab421faa01448383625df1 [term 1 FOLLOWER]: Leader pre-election lost for term 2. Reason: could not achieve majority
W0507 06:28:42.561058 2748 leader_election.cc:341] T 9bbbc2f7a1fa40c2a9c8edb97b9fcb5d P 0c1b3bd57dab421faa01448383625df1 [CANDIDATE]: Term 2 pre-election: RPC error from VoteRequest() call to peer 9b897477ac24457ba3057221142ea9b4 (127.0.57.195:38257): Timed out: RequestConsensusVote RPC to 127.0.57.195:38257 timed out after 0.438s (SENT)
I0507 06:28:42.561172 2748 leader_election.cc:310] T 9bbbc2f7a1fa40c2a9c8edb97b9fcb5d P 0c1b3bd57dab421faa01448383625df1 [CANDIDATE]: Term 2 pre-election: Election decided. Result: candidate lost. Election summary: received 2 responses out of 2 voters: 1 yes votes; 1 no votes. yes voters: 0c1b3bd57dab421faa01448383625df1; no voters: 9b897477ac24457ba3057221142ea9b4
I0507 06:28:42.561514 3165 raft_consensus.cc:2588] T 9bbbc2f7a1fa40c2a9c8edb97b9fcb5d P 0c1b3bd57dab421faa01448383625df1 [term 1 FOLLOWER]: Leader pre-election lost for term 2. Reason: could not achieve majority
I0507 06:28:43.176447 3166 raft_consensus.cc:472] T 9bbbc2f7a1fa40c2a9c8edb97b9fcb5d P 0c1b3bd57dab421faa01448383625df1 [term 1 FOLLOWER]: Starting pre-election (detected failure of leader 9b897477ac24457ba3057221142ea9b4)
I0507 06:28:43.176677 3166 raft_consensus.cc:494] T 9bbbc2f7a1fa40c2a9c8edb97b9fcb5d P 0c1b3bd57dab421faa01448383625df1 [term 1 FOLLOWER]: Starting pre-election with config: opid_index: 2 OBSOLETE_local: false peers { permanent_uuid: "9b897477ac24457ba3057221142ea9b4" member_type: VOTER last_known_addr { host: "127.0.57.195" port: 38257 } } peers { permanent_uuid: "0c1b3bd57dab421faa01448383625df1" member_type: VOTER last_known_addr { host: "127.0.57.193" port: 35893 } } peers { permanent_uuid: "1f3225ac14a24ce4be60bcf2c130d634" member_type: NON_VOTER last_known_addr { host: "127.0.57.194" port: 41551 } attrs { } }
I0507 06:28:43.177237 3166 leader_election.cc:296] T 9bbbc2f7a1fa40c2a9c8edb97b9fcb5d P 0c1b3bd57dab421faa01448383625df1 [CANDIDATE]: Term 2 pre-election: Requested pre-vote from peers 9b897477ac24457ba3057221142ea9b4 (127.0.57.195:38257)
