I0507 06:31:03.796406 4184 raft_consensus.cc:2307] T 143439bb7e50454aab47fae4ed3ad4ae P ae72da07d97b4d9b9e0d246ff83901ed [term 1 LEADER]: Leader pre-election vote request: Denying vote to candidate 6f2066e97dec4d75a86e72155048de14 for term 2 because replica is either leader or believes a valid leader to be alive.
I0507 06:31:03.797184 4006 leader_election.cc:310] T 143439bb7e50454aab47fae4ed3ad4ae P 6f2066e97dec4d75a86e72155048de14 [CANDIDATE]: Term 2 pre-election: Election decided. Result: candidate lost. Election summary: received 4 responses out of 4 voters: 2 yes votes; 2 no votes. yes voters: 6f2066e97dec4d75a86e72155048de14, 7eecdaa8d1dc4a9988492494fbb17f1d; no voters: a49a0f0a6258477d8126ad3c88bf0d44, ae72da07d97b4d9b9e0d246ff83901ed
I0507 06:31:03.798075 4530 raft_consensus.cc:2588] T 143439bb7e50454aab47fae4ed3ad4ae P 6f2066e97dec4d75a86e72155048de14 [term 2 FOLLOWER]: Leader pre-election lost for term 2. Reason: could not achieve majority
I0507 06:31:03.799962 4318 raft_consensus.cc:1149] T 143439bb7e50454aab47fae4ed3ad4ae P 7eecdaa8d1dc4a9988492494fbb17f1d [term 2 FOLLOWER]: Rejecting Update request from peer ae72da07d97b4d9b9e0d246ff83901ed for earlier term 1. Current term is 2. Ops: []
I0507 06:31:03.800319 4196 tablet_service.cc:1286] Received RequestConsensusVote() RPC: tablet_id: "143439bb7e50454aab47fae4ed3ad4ae" candidate_uuid: "a49a0f0a6258477d8126ad3c88bf0d44" candidate_term: 2 candidate_status { last_received { term: 1 index: 3 } } ignore_live_leader: false dest_uuid: "ae72da07d97b4d9b9e0d246ff83901ed" is_pre_election: true
I0507 06:31:03.804090 4196 raft_consensus.cc:2321] T 143439bb7e50454aab47fae4ed3ad4ae P ae72da07d97b4d9b9e0d246ff83901ed [term 1 LEADER]: Leader pre-election vote request: Denying vote to candidate a49a0f0a6258477d8126ad3c88bf0d44 for term 2 because replica is already servicing an update from a current leader or another vote.
I0507 06:31:03.808482 4072 raft_consensus.cc:1149] T 143439bb7e50454aab47fae4ed3ad4ae P 6f2066e97dec4d75a86e72155048de14 [term 2 FOLLOWER]: Rejecting Update request from peer ae72da07d97b4d9b9e0d246ff83901ed for earlier term 1. Current term is 2. Ops: []
W0507 06:31:03.813118 4544 negotiation.cc:313] Failed RPC negotiation. Trace: 0507 06:31:00.629028 (+ 0us) reactor.cc:583] Submitting negotiation task for client connection to 127.0.57.194:34185 0507 06:31:00.630005 (+ 977us) negotiation.cc:98] Waiting for socket to connect 0507 06:31:00.630025 (+ 20us) client_negotiation.cc:167] Beginning negotiation 0507 06:31:00.630155 (+ 130us) client_negotiation.cc:244] Sending NEGOTIATE NegotiatePB request 0507 06:31:03.812817 (+3182662us) negotiation.cc:304] Negotiation complete: Timed out: Client connection negotiation failed: client connection to 127.0.57.194:34185 Metrics: {"client-negotiator.queue_time_us":839,"thread_start_us":710,"threads_started":1}
I0507 06:31:03.807571 4186 tablet_service.cc:1286] Received RequestConsensusVote() RPC: tablet_id: "143439bb7e50454aab47fae4ed3ad4ae" candidate_uuid: "a49a0f0a6258477d8126ad3c88bf0d44" candidate_term: 2 candidate_status { last_received { term: 1 index: 3 } } ignore_live_leader: false dest_uuid: "ae72da07d97b4d9b9e0d246ff83901ed"
I0507 06:31:03.803159 4189 tablet_service.cc:1286] Received RequestConsensusVote() RPC: tablet_id: "143439bb7e50454aab47fae4ed3ad4ae" candidate_uuid: "a49a0f0a6258477d8126ad3c88bf0d44" candidate_term: 2 candidate_status { last_received { term: 1 index: 3 } } ignore_live_leader: false dest_uuid: "ae72da07d97b4d9b9e0d246ff83901ed" is_pre_election: true
I0507 06:31:03.804323 4187 tablet_service.cc:1286] Received RequestConsensusVote() RPC: tablet_id: "143439bb7e50454aab47fae4ed3ad4ae" candidate_uuid: "a49a0f0a6258477d8126ad3c88bf0d44" candidate_term: 2 candidate_status { last_received { term: 1 index: 3 } } ignore_live_leader: false dest_uuid: "ae72da07d97b4d9b9e0d246ff83901ed" is_pre_election: true
I0507 06:31:03.808055 4193 tablet_service.cc:1286] Received RequestConsensusVote() RPC: tablet_id: "143439bb7e50454aab47fae4ed3ad4ae" candidate_uuid: "a49a0f0a6258477d8126ad3c88bf0d44" candidate_term: 2 candidate_status { last_received { term: 1 index: 3 } } ignore_live_leader: false dest_uuid: "ae72da07d97b4d9b9e0d246ff83901ed" is_pre_election: true
I0507 06:31:03.805177 4190 tablet_service.cc:1286] Received RequestConsensusVote() RPC: tablet_id: "143439bb7e50454aab47fae4ed3ad4ae" candidate_uuid: "a49a0f0a6258477d8126ad3c88bf0d44" candidate_term: 2 candidate_status { last_received { term: 1 index: 3 } } ignore_live_leader: false dest_uuid: "ae72da07d97b4d9b9e0d246ff83901ed" is_pre_election: true
I0507 06:31:03.816105 4532 consensus_queue.cc:995] T 143439bb7e50454aab47fae4ed3ad4ae P ae72da07d97b4d9b9e0d246ff83901ed [LEADER]: Peer responded invalid term: Peer: permanent_uuid: "7eecdaa8d1dc4a9988492494fbb17f1d" member_type: VOTER last_known_addr { host: "127.0.57.195" port: 33833 }, Status: INVALID_TERM, Last received: 1.3, Next index: 4, Last known committed idx: 4, Time since last communication: 0.014s
I0507 06:31:03.805624 4192 tablet_service.cc:1286] Received RequestConsensusVote() RPC: tablet_id: "143439bb7e50454aab47fae4ed3ad4ae" candidate_uuid: "a49a0f0a6258477d8126ad3c88bf0d44" candidate_term: 2 candidate_status { last_received { term: 1 index: 3 } } ignore_live_leader: false dest_uuid: "ae72da07d97b4d9b9e0d246ff83901ed" is_pre_election: true
I0507 06:31:03.814348 4188 tablet_service.cc:1286] Received RequestConsensusVote() RPC: tablet_id: "143439bb7e50454aab47fae4ed3ad4ae" candidate_uuid: "a49a0f0a6258477d8126ad3c88bf0d44" candidate_term: 2 candidate_status { last_received { term: 1 index: 3 } } ignore_live_leader: false dest_uuid: "ae72da07d97b4d9b9e0d246ff83901ed" is_pre_election: true
I0507 06:31:03.819281 4524 consensus_queue.cc:995] T 143439bb7e50454aab47fae4ed3ad4ae P ae72da07d97b4d9b9e0d246ff83901ed [LEADER]: Peer responded invalid term: Peer: permanent_uuid: "6f2066e97dec4d75a86e72155048de14" member_type: VOTER last_known_addr { host: "127.0.57.193" port: 43041 } attrs { }, Status: INVALID_TERM, Last received: 1.3, Next index: 4, Last known committed idx: 4, Time since last communication: 0.001s
I0507 06:31:03.815457 4195 tablet_service.cc:1286] Received RequestConsensusVote() RPC: tablet_id: "143439bb7e50454aab47fae4ed3ad4ae" candidate_uuid: "a49a0f0a6258477d8126ad3c88bf0d44" candidate_term: 2 candidate_status { last_received { term: 1 index: 3 } } ignore_live_leader: false dest_uuid: "ae72da07d97b4d9b9e0d246ff83901ed" is_pre_election: true
I0507 06:31:03.819831 4185 raft_consensus.cc:2881] T 143439bb7e50454aab47fae4ed3ad4ae P ae72da07d97b4d9b9e0d246ff83901ed [term 1 LEADER]: Stepping down as leader of term 1
I0507 06:31:03.819924 4185 raft_consensus.cc:705] T 143439bb7e50454aab47fae4ed3ad4ae P ae72da07d97b4d9b9e0d246ff83901ed [term 1 LEADER]: Becoming Follower/Learner. State: Replica: ae72da07d97b4d9b9e0d246ff83901ed, State: Running, Role: LEADER
I0507 06:31:03.815662 4191 tablet_service.cc:1286] Received RequestConsensusVote() RPC: tablet_id: "143439bb7e50454aab47fae4ed3ad4ae" candidate_uuid: "a49a0f0a6258477d8126ad3c88bf0d44" candidate_term: 2 candidate_status { last_received { term: 1 index: 3 } } ignore_live_leader: false dest_uuid: "ae72da07d97b4d9b9e0d246ff83901ed" is_pre_election: true
I0507 06:31:03.816321 4194 tablet_service.cc:1286] Received RequestConsensusVote() RPC: tablet_id: "143439bb7e50454aab47fae4ed3ad4ae" candidate_uuid: "a49a0f0a6258477d8126ad3c88bf0d44" candidate_term: 2 candidate_status { last_received { term: 1 index: 3 } } ignore_live_leader: false dest_uuid: "ae72da07d97b4d9b9e0d246ff83901ed" is_pre_election: true
I0507 06:31:03.820231 4185 consensus_queue.cc:229] T 143439bb7e50454aab47fae4ed3ad4ae P ae72da07d97b4d9b9e0d246ff83901ed [NON_LEADER]: Queue going to NON_LEADER mode. State: All replicated index: 0, Majority replicated index: 3, Committed index: 3, Last appended: 1.3, Last appended by leader: 3, Current term: 1, Majority size: -1, State: 0, Mode: NON_LEADER, active raft config: opid_index: 3 OBSOLETE_local: false peers { permanent_uuid: "ae72da07d97b4d9b9e0d246ff83901ed" member_type: VOTER last_known_addr { host: "127.0.57.194" port: 34185 } } peers { permanent_uuid: "7eecdaa8d1dc4a9988492494fbb17f1d" member_type: VOTER last_known_addr { host: "127.0.57.195" port: 33833 } } peers { permanent_uuid: "a49a0f0a6258477d8126ad3c88bf0d44" member_type: VOTER last_known_addr { host: "127.0.57.196" port: 43761 } } peers { permanent_uuid: "6f2066e97dec4d75a86e72155048de14" member_type: VOTER last_known_addr { host: "127.0.57.193" port: 43041 } attrs { } }
W0507 06:31:03.822525 4571 negotiation.cc:313] Failed RPC negotiation. Trace: 0507 06:31:03.804721 (+ 0us) reactor.cc:583] Submitting negotiation task for server connection from 127.0.57.195:58187 0507 06:31:03.819951 (+ 15230us) server_negotiation.cc:184] Beginning negotiation 0507 06:31:03.819956 (+ 5us) server_negotiation.cc:373] Waiting for connection header 0507 06:31:03.819991 (+ 35us) server_negotiation.cc:381] Connection header received 0507 06:31:03.820038 (+ 47us) server_negotiation.cc:337] Received NEGOTIATE NegotiatePB request 0507 06:31:03.820042 (+ 4us) server_negotiation.cc:420] Received NEGOTIATE request from client 0507 06:31:03.820102 (+ 60us) server_negotiation.cc:349] Sending NEGOTIATE NegotiatePB response 0507 06:31:03.820550 (+ 448us) negotiation.cc:304] Negotiation complete: Network error: Server connection negotiation failed: server connection from 127.0.57.195:58187: BlockingWrite error: write error: Broken pipe (error 32) Metrics: {"server-negotiator.queue_time_us":14136,"thread_start_us":11771,"threads_started":1}
I0507 06:31:03.822535 4185 raft_consensus.cc:2886] T 143439bb7e50454aab47fae4ed3ad4ae P ae72da07d97b4d9b9e0d246ff83901ed [term 1 FOLLOWER]: Advancing to term 2
W0507 06:31:03.824884 4570 negotiation.cc:313] Failed RPC negotiation. Trace: 0507 06:31:03.798932 (+ 0us) reactor.cc:583] Submitting negotiation task for server connection from 127.0.57.195:48517 0507 06:31:03.815363 (+ 16431us) server_negotiation.cc:184] Beginning negotiation 0507 06:31:03.815370 (+ 7us) server_negotiation.cc:373] Waiting for connection header 0507 06:31:03.815626 (+ 256us) server_negotiation.cc:381] Connection header received 0507 06:31:03.815692 (+ 66us) server_negotiation.cc:337] Received NEGOTIATE NegotiatePB request 0507 06:31:03.815696 (+ 4us) server_negotiation.cc:420] Received NEGOTIATE request from client 0507 06:31:03.815789 (+ 93us) server_negotiation.cc:349] Sending NEGOTIATE NegotiatePB response 0507 06:31:03.817739 (+ 1950us) negotiation.cc:304] Negotiation complete: Network error: Server connection negotiation failed: server connection from 127.0.57.195:48517: BlockingWrite error: write error: Broken pipe (error 32) Metrics: {"server-negotiator.queue_time_us":16006,"thread_start_us":7884,"threads_started":1}
I0507 06:31:03.824919 4185 raft_consensus.cc:1181] T 143439bb7e50454aab47fae4ed3ad4ae P ae72da07d97b4d9b9e0d246ff83901ed [term 2 FOLLOWER]: Refusing update from remote peer a49a0f0a6258477d8126ad3c88bf0d44: Log matching property violated. Preceding OpId in replica: term: 1 index: 3. Preceding OpId from leader: term: 2 index: 4. (index mismatch)
I0507 06:31:03.825141 4186 raft_consensus.cc:2321] T 143439bb7e50454aab47fae4ed3ad4ae P ae72da07d97b4d9b9e0d246ff83901ed [term 2 FOLLOWER]: Leader election vote request: Denying vote to candidate a49a0f0a6258477d8126ad3c88bf0d44 for term 2 because replica is already servicing an update from a current leader or another vote.
I0507 06:31:03.825383 4189 raft_consensus.cc:2321] T 143439bb7e50454aab47fae4ed3ad4ae P ae72da07d97b4d9b9e0d246ff83901ed [term 2 FOLLOWER]: Leader pre-election vote request: Denying vote to candidate a49a0f0a6258477d8126ad3c88bf0d44 for term 2 because replica is already servicing an update from a current leader or another vote.
I0507 06:31:03.825619 4187 raft_consensus.cc:2321] T 143439bb7e50454aab47fae4ed3ad4ae P ae72da07d97b4d9b9e0d246ff83901ed [term 2 FOLLOWER]: Leader pre-election vote request: Denying vote to candidate a49a0f0a6258477d8126ad3c88bf0d44 for term 2 because replica is already servicing an update from a current leader or another vote.
I0507 06:31:03.825733 4192 raft_consensus.cc:2321] T 143439bb7e50454aab47fae4ed3ad4ae P ae72da07d97b4d9b9e0d246ff83901ed [term 2 FOLLOWER]: Leader pre-election vote request: Denying vote to candidate a49a0f0a6258477d8126ad3c88bf0d44 for term 2 because replica is already servicing an update from a current leader or another vote.
I0507 06:31:03.825865 4193 raft_consensus.cc:2321] T 143439bb7e50454aab47fae4ed3ad4ae P ae72da07d97b4d9b9e0d246ff83901ed [term 2 FOLLOWER]: Leader pre-election vote request: Denying vote to candidate a49a0f0a6258477d8126ad3c88bf0d44 for term 2 because replica is already servicing an update from a current leader or another vote.
I0507 06:31:03.826113 4195 raft_consensus.cc:2321] T 143439bb7e50454aab47fae4ed3ad4ae P ae72da07d97b4d9b9e0d246ff83901ed [term 2 FOLLOWER]: Leader pre-election vote request: Denying vote to candidate a49a0f0a6258477d8126ad3c88bf0d44 for term 2 because replica is already servicing an update from a current leader or another vote.
W0507 06:31:03.826514 4517 raft_consensus.cc:847] Couldn't advance consensus term.: Illegal state: Can't advance term to: 2 current term: 2 is higher.
I0507 06:31:03.826907 4194 raft_consensus.cc:2321] T 143439bb7e50454aab47fae4ed3ad4ae P ae72da07d97b4d9b9e0d246ff83901ed [term 2 FOLLOWER]: Leader pre-election vote request: Denying vote to candidate a49a0f0a6258477d8126ad3c88bf0d44 for term 2 because replica is already servicing an update from a current leader or another vote.
I0507 06:31:03.827118 4191 raft_consensus.cc:2321] T 143439bb7e50454aab47fae4ed3ad4ae P ae72da07d97b4d9b9e0d246ff83901ed [term 2 FOLLOWER]: Leader pre-election vote request: Denying vote to candidate a49a0f0a6258477d8126ad3c88bf0d44 for term 2 because replica is already servicing an update from a current leader or another vote.
I0507 06:31:03.827246 4188 raft_consensus.cc:2321] T 143439bb7e50454aab47fae4ed3ad4ae P ae72da07d97b4d9b9e0d246ff83901ed [term 2 FOLLOWER]: Leader pre-election vote request: Denying vote to candidate a49a0f0a6258477d8126ad3c88bf0d44 for term 2 because replica is already servicing an update from a current leader or another vote.
I0507 06:31:03.827638 4190 raft_consensus.cc:2321] T 143439bb7e50454aab47fae4ed3ad4ae P ae72da07d97b4d9b9e0d246ff83901ed [term 2 FOLLOWER]: Leader pre-election vote request: Denying vote to candidate a49a0f0a6258477d8126ad3c88bf0d44 for term 2 because replica is already servicing an update from a current leader or another vote.
I0507 06:31:03.943840 4564 raft_consensus.cc:472] T 143439bb7e50454aab47fae4ed3ad4ae P 7eecdaa8d1dc4a9988492494fbb17f1d [term 2 FOLLOWER]: Starting pre-election (detected failure of leader a49a0f0a6258477d8126ad3c88bf0d44)
I0507 06:31:03.944125 4564 raft_consensus.cc:494] T 143439bb7e50454aab47fae4ed3ad4ae P 7eecdaa8d1dc4a9988492494fbb17f1d [term 2 FOLLOWER]: Starting pre-election with config: opid_index: 3 OBSOLETE_local: false peers { permanent_uuid: "ae72da07d97b4d9b9e0d246ff83901ed" member_type: VOTER last_known_addr { host: "127.0.57.194" port: 34185 } } peers { permanent_uuid: "7eecdaa8d1dc4a9988492494fbb17f1d" member_type: VOTER last_known_addr { host: "127.0.57.195" port: 33833 } } peers { permanent_uuid: "a49a0f0a6258477d8126ad3c88bf0d44" member_type: VOTER last_known_addr { host: "127.0.57.196" port: 43761 } } peers { permanent_uuid: "6f2066e97dec4d75a86e72155048de14" member_type: VOTER last_known_addr { host: "127.0.57.193" port: 43041 } attrs { } }
I0507 06:31:03.945161 4564 leader_election.cc:296] T 143439bb7e50454aab47fae4ed3ad4ae P 7eecdaa8d1dc4a9988492494fbb17f1d [CANDIDATE]: Term 3 pre-election: Requested pre-vote from peers ae72da07d97b4d9b9e0d246ff83901ed (127.0.57.194:34185), a49a0f0a6258477d8126ad3c88bf0d44 (127.0.57.196:43761), 6f2066e97dec4d75a86e72155048de14 (127.0.57.193:43041)
I0507 06:31:03.952081 4072 tablet_service.cc:1286] Received RequestConsensusVote() RPC: tablet_id: "143439bb7e50454aab47fae4ed3ad4ae" candidate_uuid: "7eecdaa8d1dc4a9988492494fbb17f1d" candidate_term: 3 candidate_status { last_received { term: 2 index: 4 } } ignore_live_leader: false dest_uuid: "6f2066e97dec4d75a86e72155048de14" is_pre_election: true
I0507 06:31:03.952101 4190 tablet_service.cc:1286] Received RequestConsensusVote() RPC: tablet_id: "143439bb7e50454aab47fae4ed3ad4ae" candidate_uuid: "7eecdaa8d1dc4a9988492494fbb17f1d" candidate_term: 3 candidate_status { last_received { term: 2 index: 4 } } ignore_live_leader: false dest_uuid: "ae72da07d97b4d9b9e0d246ff83901ed" is_pre_election: true
I0507 06:31:03.952364 4072 raft_consensus.cc:2346] T 143439bb7e50454aab47fae4ed3ad4ae P 6f2066e97dec4d75a86e72155048de14 [term 2 FOLLOWER]: Leader pre-election vote request: Granting yes vote for candidate 7eecdaa8d1dc4a9988492494fbb17f1d in term 2.
I0507 06:31:03.952371 4190 raft_consensus.cc:2346] T 143439bb7e50454aab47fae4ed3ad4ae P ae72da07d97b4d9b9e0d246ff83901ed [term 2 FOLLOWER]: Leader pre-election vote request: Granting yes vote for candidate 7eecdaa8d1dc4a9988492494fbb17f1d in term 2.
I0507 06:31:03.952796 4251 leader_election.cc:310] T 143439bb7e50454aab47fae4ed3ad4ae P 7eecdaa8d1dc4a9988492494fbb17f1d [CANDIDATE]: Term 3 pre-election: Election decided. Result: candidate won. Election summary: received 3 responses out of 4 voters: 3 yes votes; 0 no votes. yes voters: 6f2066e97dec4d75a86e72155048de14, 7eecdaa8d1dc4a9988492494fbb17f1d, ae72da07d97b4d9b9e0d246ff83901ed; no voters:
I0507 06:31:03.953109 4564 raft_consensus.cc:2640] T 143439bb7e50454aab47fae4ed3ad4ae P 7eecdaa8d1dc4a9988492494fbb17f1d [term 2 FOLLOWER]: Leader pre-election won for term 3
I0507 06:31:03.953194 4564 raft_consensus.cc:472] T 143439bb7e50454aab47fae4ed3ad4ae P 7eecdaa8d1dc4a9988492494fbb17f1d [term 2 FOLLOWER]: Starting leader election (detected failure of leader a49a0f0a6258477d8126ad3c88bf0d44)
I0507 06:31:03.953286 4564 raft_consensus.cc:2886] T 143439bb7e50454aab47fae4ed3ad4ae P 7eecdaa8d1dc4a9988492494fbb17f1d [term 2 FOLLOWER]: Advancing to term 3
I0507 06:31:03.955210 4564 raft_consensus.cc:494] T 143439bb7e50454aab47fae4ed3ad4ae P 7eecdaa8d1dc4a9988492494fbb17f1d [term 3 FOLLOWER]: Starting leader election with config: opid_index: 3 OBSOLETE_local: false peers { permanent_uuid: "ae72da07d97b4d9b9e0d246ff83901ed" member_type: VOTER last_known_addr { host: "127.0.57.194" port: 34185 } } peers { permanent_uuid: "7eecdaa8d1dc4a9988492494fbb17f1d" member_type: VOTER last_known_addr { host: "127.0.57.195" port: 33833 } } peers { permanent_uuid: "a49a0f0a6258477d8126ad3c88bf0d44" member_type: VOTER last_known_addr { host: "127.0.57.196" port: 43761 } } peers { permanent_uuid: "6f2066e97dec4d75a86e72155048de14" member_type: VOTER last_known_addr { host: "127.0.57.193" port: 43041 } attrs { } }
I0507 06:31:03.955807 4564 leader_election.cc:296] T 143439bb7e50454aab47fae4ed3ad4ae P 7eecdaa8d1dc4a9988492494fbb17f1d [CANDIDATE]: Term 3 election: Requested vote from peers ae72da07d97b4d9b9e0d246ff83901ed (127.0.57.194:34185), a49a0f0a6258477d8126ad3c88bf0d44 (127.0.57.196:43761), 6f2066e97dec4d75a86e72155048de14 (127.0.57.193:43041)
I0507 06:31:03.956292 4072 tablet_service.cc:1286] Received RequestConsensusVote() RPC: tablet_id: "143439bb7e50454aab47fae4ed3ad4ae" candidate_uuid: "7eecdaa8d1dc4a9988492494fbb17f1d" candidate_term: 3 candidate_status { last_received { term: 2 index: 4 } } ignore_live_leader: false dest_uuid: "6f2066e97dec4d75a86e72155048de14"
I0507 06:31:03.956312 4190 tablet_service.cc:1286] Received RequestConsensusVote() RPC: tablet_id: "143439bb7e50454aab47fae4ed3ad4ae" candidate_uuid: "7eecdaa8d1dc4a9988492494fbb17f1d" candidate_term: 3 candidate_status { last_received { term: 2 index: 4 } } ignore_live_leader: false dest_uuid: "ae72da07d97b4d9b9e0d246ff83901ed"
I0507 06:31:03.956478 4072 raft_consensus.cc:2886] T 143439bb7e50454aab47fae4ed3ad4ae P 6f2066e97dec4d75a86e72155048de14 [term 2 FOLLOWER]: Advancing to term 3
I0507 06:31:03.956482 4190 raft_consensus.cc:2886] T 143439bb7e50454aab47fae4ed3ad4ae P ae72da07d97b4d9b9e0d246ff83901ed [term 2 FOLLOWER]: Advancing to term 3
I0507 06:31:03.958987 4072 raft_consensus.cc:2346] T 143439bb7e50454aab47fae4ed3ad4ae P 6f2066e97dec4d75a86e72155048de14 [term 3 FOLLOWER]: Leader election vote request: Granting yes vote for candidate 7eecdaa8d1dc4a9988492494fbb17f1d in term 3.
I0507 06:31:03.958997 4190 raft_consensus.cc:2346] T 143439bb7e50454aab47fae4ed3ad4ae P ae72da07d97b4d9b9e0d246ff83901ed [term 3 FOLLOWER]: Leader election vote request: Granting yes vote for candidate 7eecdaa8d1dc4a9988492494fbb17f1d in term 3.
I0507 06:31:03.959419 4252 leader_election.cc:310] T 143439bb7e50454aab47fae4ed3ad4ae P 7eecdaa8d1dc4a9988492494fbb17f1d [CANDIDATE]: Term 3 election: Election decided. Result: candidate won. Election summary: received 3 responses out of 4 voters: 3 yes votes; 0 no votes. yes voters: 6f2066e97dec4d75a86e72155048de14, 7eecdaa8d1dc4a9988492494fbb17f1d, ae72da07d97b4d9b9e0d246ff83901ed; no voters:
I0507 06:31:03.959733 4564 raft_consensus.cc:2640] T 143439bb7e50454aab47fae4ed3ad4ae P 7eecdaa8d1dc4a9988492494fbb17f1d [term 3 FOLLOWER]: Leader election won for term 3
I0507 06:31:03.960151 4564 raft_consensus.cc:667] T 143439bb7e50454aab47fae4ed3ad4ae P 7eecdaa8d1dc4a9988492494fbb17f1d [term 3 LEADER]: Becoming Leader. State: Replica: 7eecdaa8d1dc4a9988492494fbb17f1d, State: Running, Role: LEADER
I0507 06:31:03.960696 4564 consensus_queue.cc:206] T 143439bb7e50454aab47fae4ed3ad4ae P 7eecdaa8d1dc4a9988492494fbb17f1d [LEADER]: Queue going to LEADER mode. State: All replicated index: 0, Majority replicated index: 4, Committed index: 4, Last appended: 2.4, Last appended by leader: 4, Current term: 3, Majority size: 3, State: 0, Mode: LEADER, active raft config: opid_index: 3 OBSOLETE_local: false peers { permanent_uuid: "ae72da07d97b4d9b9e0d246ff83901ed" member_type: VOTER last_known_addr { host: "127.0.57.194" port: 34185 } } peers { permanent_uuid: "7eecdaa8d1dc4a9988492494fbb17f1d" member_type: VOTER last_known_addr { host: "127.0.57.195" port: 33833 } } peers { permanent_uuid: "a49a0f0a6258477d8126ad3c88bf0d44" member_type: VOTER last_known_addr { host: "127.0.57.196" port: 43761 } } peers { permanent_uuid: "6f2066e97dec4d75a86e72155048de14" member_type: VOTER last_known_addr { host: "127.0.57.193" port: 43041 } attrs { } }
I0507 06:31:03.963518 3951 catalog_manager.cc:3988] T 143439bb7e50454aab47fae4ed3ad4ae P 7eecdaa8d1dc4a9988492494fbb17f1d reported cstate change: term changed from 2 to 3, leader changed from a49a0f0a6258477d8126ad3c88bf0d44 (127.0.57.196) to 7eecdaa8d1dc4a9988492494fbb17f1d (127.0.57.195). New cstate: current_term: 3 leader_uuid: "7eecdaa8d1dc4a9988492494fbb17f1d" committed_config { opid_index: 3 OBSOLETE_local: false peers { permanent_uuid: "ae72da07d97b4d9b9e0d246ff83901ed" member_type: VOTER last_known_addr { host: "127.0.57.194" port: 34185 } health_report { overall_health: UNKNOWN } } peers { permanent_uuid: "7eecdaa8d1dc4a9988492494fbb17f1d" member_type: VOTER last_known_addr { host: "127.0.57.195" port: 33833 } health_report { overall_health: HEALTHY } } peers { permanent_uuid: "a49a0f0a6258477d8126ad3c88bf0d44" member_type: VOTER last_known_addr { host: "127.0.57.196" port: 43761 } health_report { overall_health: UNKNOWN } } peers { permanent_uuid: "6f2066e97dec4d75a86e72155048de14" member_type: VOTER last_known_addr { host: "127.0.57.193" port: 43041 } attrs { } health_report { overall_health: UNKNOWN } } }
I0507 06:31:04.004479 4190 raft_consensus.cc:1181] T 143439bb7e50454aab47fae4ed3ad4ae P ae72da07d97b4d9b9e0d246ff83901ed [term 3 FOLLOWER]: Refusing update from remote peer 7eecdaa8d1dc4a9988492494fbb17f1d: Log matching property violated. Preceding OpId in replica: term: 1 index: 3. Preceding OpId from leader: term: 3 index: 5. (index mismatch)
I0507 06:31:04.005383 4572 consensus_queue.cc:984] T 143439bb7e50454aab47fae4ed3ad4ae P 7eecdaa8d1dc4a9988492494fbb17f1d [LEADER]: Connected to new peer: Peer: permanent_uuid: "ae72da07d97b4d9b9e0d246ff83901ed" member_type: VOTER last_known_addr { host: "127.0.57.194" port: 34185 }, Status: LMP_MISMATCH, Last received: 0.0, Next index: 5, Last known committed idx: 3, Time since last communication: 0.000s
I0507 06:31:04.005956 4072 raft_consensus.cc:1181] T 143439bb7e50454aab47fae4ed3ad4ae P 6f2066e97dec4d75a86e72155048de14 [term 3 FOLLOWER]: Refusing update from remote peer 7eecdaa8d1dc4a9988492494fbb17f1d: Log matching property violated. Preceding OpId in replica: term: 2 index: 4. Preceding OpId from leader: term: 3 index: 5. (index mismatch)
I0507 06:31:04.006520 4572 consensus_queue.cc:984] T 143439bb7e50454aab47fae4ed3ad4ae P 7eecdaa8d1dc4a9988492494fbb17f1d [LEADER]: Connected to new peer: Peer: permanent_uuid: "6f2066e97dec4d75a86e72155048de14" member_type: VOTER last_known_addr { host: "127.0.57.193" port: 43041 } attrs { }, Status: LMP_MISMATCH, Last received: 0.0, Next index: 5, Last known committed idx: 4, Time since last communication: 0.000s
I0507 06:31:04.015748 4440 tablet_service.cc:1286] Received RequestConsensusVote() RPC: tablet_id: "143439bb7e50454aab47fae4ed3ad4ae" candidate_uuid: "7eecdaa8d1dc4a9988492494fbb17f1d" candidate_term: 3 candidate_status { last_received { term: 2 index: 4 } } ignore_live_leader: false dest_uuid: "a49a0f0a6258477d8126ad3c88bf0d44" is_pre_election: true
I0507 06:31:04.015801 4558 consensus_queue.cc:984] T 143439bb7e50454aab47fae4ed3ad4ae P a49a0f0a6258477d8126ad3c88bf0d44 [LEADER]: Connected to new peer: Peer: permanent_uuid: "ae72da07d97b4d9b9e0d246ff83901ed" member_type: VOTER last_known_addr { host: "127.0.57.194" port: 34185 }, Status: LMP_MISMATCH, Last received: 0.0, Next index: 4, Last known committed idx: 3, Time since last communication: 0.001s
I0507 06:31:04.016165 4318 raft_consensus.cc:1149] T 143439bb7e50454aab47fae4ed3ad4ae P 7eecdaa8d1dc4a9988492494fbb17f1d [term 3 LEADER]: Rejecting Update request from peer a49a0f0a6258477d8126ad3c88bf0d44 for earlier term 2. Current term is 3. Ops: []
I0507 06:31:04.016499 4438 tablet_service.cc:1286] Received RequestConsensusVote() RPC: tablet_id: "143439bb7e50454aab47fae4ed3ad4ae" candidate_uuid: "7eecdaa8d1dc4a9988492494fbb17f1d" candidate_term: 3 candidate_status { last_received { term: 2 index: 4 } } ignore_live_leader: false dest_uuid: "a49a0f0a6258477d8126ad3c88bf0d44"
I0507 06:31:04.015748 4437 raft_consensus.cc:2881] T 143439bb7e50454aab47fae4ed3ad4ae P a49a0f0a6258477d8126ad3c88bf0d44 [term 2 LEADER]: Stepping down as leader of term 2
I0507 06:31:04.017225 4437 raft_consensus.cc:705] T 143439bb7e50454aab47fae4ed3ad4ae P a49a0f0a6258477d8126ad3c88bf0d44 [term 2 LEADER]: Becoming Follower/Learner. State: Replica: a49a0f0a6258477d8126ad3c88bf0d44, State: Running, Role: LEADER
I0507 06:31:04.017516 4437 consensus_queue.cc:229] T 143439bb7e50454aab47fae4ed3ad4ae P a49a0f0a6258477d8126ad3c88bf0d44 [NON_LEADER]: Queue going to NON_LEADER mode. State: All replicated index: 0, Majority replicated index: 4, Committed index: 4, Last appended: 2.4, Last appended by leader: 4, Current term: 2, Majority size: -1, State: 0, Mode: NON_LEADER, active raft config: opid_index: 3 OBSOLETE_local: false peers { permanent_uuid: "ae72da07d97b4d9b9e0d246ff83901ed" member_type: VOTER last_known_addr { host: "127.0.57.194" port: 34185 } } peers { permanent_uuid: "7eecdaa8d1dc4a9988492494fbb17f1d" member_type: VOTER last_known_addr { host: "127.0.57.195" port: 33833 } } peers { permanent_uuid: "a49a0f0a6258477d8126ad3c88bf0d44" member_type: VOTER last_known_addr { host: "127.0.57.196" port: 43761 } } peers { permanent_uuid: "6f2066e97dec4d75a86e72155048de14" member_type: VOTER last_known_addr { host: "127.0.57.193" port: 43041 } attrs { } }
I0507 06:31:04.018116 4557 consensus_queue.cc:995] T 143439bb7e50454aab47fae4ed3ad4ae P a49a0f0a6258477d8126ad3c88bf0d44 [NON_LEADER]: Peer responded invalid term: Peer: permanent_uuid: "7eecdaa8d1dc4a9988492494fbb17f1d" member_type: VOTER last_known_addr { host: "127.0.57.195" port: 33833 }, Status: INVALID_TERM, Last received: 2.4, Next index: 5, Last known committed idx: 5, Time since last communication: 0.000s
I0507 06:31:04.018394 4557 consensus_queue.cc:1162] T 143439bb7e50454aab47fae4ed3ad4ae P a49a0f0a6258477d8126ad3c88bf0d44 [NON_LEADER]: Peer 7eecdaa8d1dc4a9988492494fbb17f1d log is divergent from this leader: its last log entry 3.5 is not in this leader's log and it has not received anything from this leader yet. Falling back to committed index 5
I0507 06:31:04.018478 4190 raft_consensus.cc:1126] T 143439bb7e50454aab47fae4ed3ad4ae P ae72da07d97b4d9b9e0d246ff83901ed [term 3 FOLLOWER]: Deduplicated request from leader. Original: 1.3->[2.4-2.4] Dedup: 2.4->[]
I0507 06:31:04.018919 4190 raft_consensus.cc:1149] T 143439bb7e50454aab47fae4ed3ad4ae P ae72da07d97b4d9b9e0d246ff83901ed [term 3 FOLLOWER]: Rejecting Update request from peer a49a0f0a6258477d8126ad3c88bf0d44 for earlier term 2. Current term is 3. Ops: [2.4-2.4]
I0507 06:31:04.019750 4557 consensus_queue.cc:995] T 143439bb7e50454aab47fae4ed3ad4ae P a49a0f0a6258477d8126ad3c88bf0d44 [NON_LEADER]: Peer responded invalid term: Peer: permanent_uuid: "ae72da07d97b4d9b9e0d246ff83901ed" member_type: VOTER last_known_addr { host: "127.0.57.194" port: 34185 }, Status: INVALID_TERM, Last received: 1.3, Next index: 4, Last known committed idx: 5, Time since last communication: 0.000s
I0507 06:31:04.021430 4437 raft_consensus.cc:2886] T 143439bb7e50454aab47fae4ed3ad4ae P a49a0f0a6258477d8126ad3c88bf0d44 [term 2 FOLLOWER]: Advancing to term 3
I0507 06:31:04.023572 4437 raft_consensus.cc:1181] T 143439bb7e50454aab47fae4ed3ad4ae P a49a0f0a6258477d8126ad3c88bf0d44 [term 3 FOLLOWER]: Refusing update from remote peer 7eecdaa8d1dc4a9988492494fbb17f1d: Log matching property violated. Preceding OpId in replica: term: 2 index: 4. Preceding OpId from leader: term: 3 index: 5. (index mismatch)
I0507 06:31:04.023744 4440 raft_consensus.cc:2321] T 143439bb7e50454aab47fae4ed3ad4ae P a49a0f0a6258477d8126ad3c88bf0d44 [term 3 FOLLOWER]: Leader pre-election vote request: Denying vote to candidate 7eecdaa8d1dc4a9988492494fbb17f1d for term 3 because replica is already servicing an update from a current leader or another vote.
I0507 06:31:04.023921 4438 raft_consensus.cc:2321] T 143439bb7e50454aab47fae4ed3ad4ae P a49a0f0a6258477d8126ad3c88bf0d44 [term 3 FOLLOWER]: Leader election vote request: Denying vote to candidate 7eecdaa8d1dc4a9988492494fbb17f1d for term 3 because replica is already servicing an update from a current leader or another vote.
I0507 06:31:04.024266 4439 raft_consensus.cc:1149] T 143439bb7e50454aab47fae4ed3ad4ae P a49a0f0a6258477d8126ad3c88bf0d44 [term 3 FOLLOWER]: Rejecting Update request from peer ae72da07d97b4d9b9e0d246ff83901ed for earlier term 1. Current term is 3. Ops: []
I0507 06:31:04.162138 4530 raft_consensus.cc:472] T 143439bb7e50454aab47fae4ed3ad4ae P 6f2066e97dec4d75a86e72155048de14 [term 3 FOLLOWER]: Starting pre-election (detected failure of leader 7eecdaa8d1dc4a9988492494fbb17f1d)
I0507 06:31:04.162497 4530 raft_consensus.cc:494] T 143439bb7e50454aab47fae4ed3ad4ae P 6f2066e97dec4d75a86e72155048de14 [term 3 FOLLOWER]: Starting pre-election with config: opid_index: 3 OBSOLETE_local: false peers { permanent_uuid: "ae72da07d97b4d9b9e0d246ff83901ed" member_type: VOTER last_known_addr { host: "127.0.57.194" port: 34185 } } peers { permanent_uuid: "7eecdaa8d1dc4a9988492494fbb17f1d" member_type: VOTER last_known_addr { host: "127.0.57.195" port: 33833 } } peers { permanent_uuid: "a49a0f0a6258477d8126ad3c88bf0d44" member_type: VOTER last_known_addr { host: "127.0.57.196" port: 43761 } } peers { permanent_uuid: "6f2066e97dec4d75a86e72155048de14" member_type: VOTER last_known_addr { host: "127.0.57.193" port: 43041 } attrs { } }
I0507 06:31:04.163447 4530 leader_election.cc:296] T 143439bb7e50454aab47fae4ed3ad4ae P 6f2066e97dec4d75a86e72155048de14 [CANDIDATE]: Term 4 pre-election: Requested pre-vote from peers ae72da07d97b4d9b9e0d246ff83901ed (127.0.57.194:34185), 7eecdaa8d1dc4a9988492494fbb17f1d (127.0.57.195:33833), a49a0f0a6258477d8126ad3c88bf0d44 (127.0.57.196:43761)
I0507 06:31:04.163826 4517 raft_consensus.cc:472] T 143439bb7e50454aab47fae4ed3ad4ae P ae72da07d97b4d9b9e0d246ff83901ed [term 3 FOLLOWER]: Starting pre-election (detected failure of leader 7eecdaa8d1dc4a9988492494fbb17f1d)
I0507 06:31:04.164033 4517 raft_consensus.cc:494] T 143439bb7e50454aab47fae4ed3ad4ae P ae72da07d97b4d9b9e0d246ff83901ed [term 3 FOLLOWER]: Starting pre-election with config: opid_index: 3 OBSOLETE_local: false peers { permanent_uuid: "ae72da07d97b4d9b9e0d246ff83901ed" member_type: VOTER last_known_addr { host: "127.0.57.194" port: 34185 } } peers { permanent_uuid: "7eecdaa8d1dc4a9988492494fbb17f1d" member_type: VOTER last_known_addr { host: "127.0.57.195" port: 33833 } } peers { permanent_uuid: "a49a0f0a6258477d8126ad3c88bf0d44" member_type: VOTER last_known_addr { host: "127.0.57.196" port: 43761 } } peers { permanent_uuid: "6f2066e97dec4d75a86e72155048de14" member_type: VOTER last_known_addr { host: "127.0.57.193" port: 43041 } attrs { } }
I0507 06:31:04.164299 4190 tablet_service.cc:1286] Received RequestConsensusVote() RPC: tablet_id: "143439bb7e50454aab47fae4ed3ad4ae" candidate_uuid: "6f2066e97dec4d75a86e72155048de14" candidate_term: 4 candidate_status { last_received { term: 3 index: 5 } } ignore_live_leader: false dest_uuid: "ae72da07d97b4d9b9e0d246ff83901ed" is_pre_election: true
I0507 06:31:04.164361 4439 tablet_service.cc:1286] Received RequestConsensusVote() RPC: tablet_id: "143439bb7e50454aab47fae4ed3ad4ae" candidate_uuid: "6f2066e97dec4d75a86e72155048de14" candidate_term: 4 candidate_status { last_received { term: 3 index: 5 } } ignore_live_leader: false dest_uuid: "a49a0f0a6258477d8126ad3c88bf0d44" is_pre_election: true
I0507 06:31:04.164505 4190 raft_consensus.cc:2346] T 143439bb7e50454aab47fae4ed3ad4ae P ae72da07d97b4d9b9e0d246ff83901ed [term 3 FOLLOWER]: Leader pre-election vote request: Granting yes vote for candidate 6f2066e97dec4d75a86e72155048de14 in term 3.
I0507 06:31:04.164691 4439 raft_consensus.cc:2346] T 143439bb7e50454aab47fae4ed3ad4ae P a49a0f0a6258477d8126ad3c88bf0d44 [term 3 FOLLOWER]: Leader pre-election vote request: Granting yes vote for candidate 6f2066e97dec4d75a86e72155048de14 in term 3.
I0507 06:31:04.164868 4517 leader_election.cc:296] T 143439bb7e50454aab47fae4ed3ad4ae P ae72da07d97b4d9b9e0d246ff83901ed [CANDIDATE]: Term 4 pre-election: Requested pre-vote from peers 7eecdaa8d1dc4a9988492494fbb17f1d (127.0.57.195:33833), a49a0f0a6258477d8126ad3c88bf0d44 (127.0.57.196:43761), 6f2066e97dec4d75a86e72155048de14 (127.0.57.193:43041)
I0507 06:31:04.165233 4007 leader_election.cc:310] T 143439bb7e50454aab47fae4ed3ad4ae P 6f2066e97dec4d75a86e72155048de14 [CANDIDATE]: Term 4 pre-election: Election decided. Result: candidate won. Election summary: received 3 responses out of 4 voters: 3 yes votes; 0 no votes. yes voters: 6f2066e97dec4d75a86e72155048de14, a49a0f0a6258477d8126ad3c88bf0d44, ae72da07d97b4d9b9e0d246ff83901ed; no voters:
I0507 06:31:04.165570 4530 raft_consensus.cc:2640] T 143439bb7e50454aab47fae4ed3ad4ae P 6f2066e97dec4d75a86e72155048de14 [term 3 FOLLOWER]: Leader pre-election won for term 4
I0507 06:31:04.165647 4530 raft_consensus.cc:472] T 143439bb7e50454aab47fae4ed3ad4ae P 6f2066e97dec4d75a86e72155048de14 [term 3 FOLLOWER]: Starting leader election (detected failure of leader 7eecdaa8d1dc4a9988492494fbb17f1d)
I0507 06:31:04.165597 4439 tablet_service.cc:1286] Received RequestConsensusVote() RPC: tablet_id: "143439bb7e50454aab47fae4ed3ad4ae" candidate_uuid: "ae72da07d97b4d9b9e0d246ff83901ed" candidate_term: 4 candidate_status { last_received { term: 3 index: 5 } } ignore_live_leader: false dest_uuid: "a49a0f0a6258477d8126ad3c88bf0d44" is_pre_election: true
I0507 06:31:04.165726 4530 raft_consensus.cc:2886] T 143439bb7e50454aab47fae4ed3ad4ae P 6f2066e97dec4d75a86e72155048de14 [term 3 FOLLOWER]: Advancing to term 4
I0507 06:31:04.165761 4439 raft_consensus.cc:2346] T 143439bb7e50454aab47fae4ed3ad4ae P a49a0f0a6258477d8126ad3c88bf0d44 [term 3 FOLLOWER]: Leader pre-election vote request: Granting yes vote for candidate ae72da07d97b4d9b9e0d246ff83901ed in term 3.
I0507 06:31:04.165868 4072 tablet_service.cc:1286] Received RequestConsensusVote() RPC: tablet_id: "143439bb7e50454aab47fae4ed3ad4ae" candidate_uuid: "ae72da07d97b4d9b9e0d246ff83901ed" candidate_term: 4 candidate_status { last_received { term: 3 index: 5 } } ignore_live_leader: false dest_uuid: "6f2066e97dec4d75a86e72155048de14" is_pre_election: true
I0507 06:31:04.168200 4530 raft_consensus.cc:494] T 143439bb7e50454aab47fae4ed3ad4ae P 6f2066e97dec4d75a86e72155048de14 [term 4 FOLLOWER]: Starting leader election with config: opid_index: 3 OBSOLETE_local: false peers { permanent_uuid: "ae72da07d97b4d9b9e0d246ff83901ed" member_type: VOTER last_known_addr { host: "127.0.57.194" port: 34185 } } peers { permanent_uuid: "7eecdaa8d1dc4a9988492494fbb17f1d" member_type: VOTER last_known_addr { host: "127.0.57.195" port: 33833 } } peers { permanent_uuid: "a49a0f0a6258477d8126ad3c88bf0d44" member_type: VOTER last_known_addr { host: "127.0.57.196" port: 43761 } } peers { permanent_uuid: "6f2066e97dec4d75a86e72155048de14" member_type: VOTER last_known_addr { host: "127.0.57.193" port: 43041 } attrs { } }
I0507 06:31:04.168609 4072 raft_consensus.cc:2276] T 143439bb7e50454aab47fae4ed3ad4ae P 6f2066e97dec4d75a86e72155048de14 [term 4 FOLLOWER]: Leader pre-election vote request: Denying vote to candidate ae72da07d97b4d9b9e0d246ff83901ed in current term 4: Already voted for candidate 6f2066e97dec4d75a86e72155048de14 in this term.
I0507 06:31:04.169039 4530 leader_election.cc:296] T 143439bb7e50454aab47fae4ed3ad4ae P 6f2066e97dec4d75a86e72155048de14 [CANDIDATE]: Term 4 election: Requested vote from peers ae72da07d97b4d9b9e0d246ff83901ed (127.0.57.194:34185), 7eecdaa8d1dc4a9988492494fbb17f1d (127.0.57.195:33833), a49a0f0a6258477d8126ad3c88bf0d44 (127.0.57.196:43761)
I0507 06:31:04.169523 4439 tablet_service.cc:1286] Received RequestConsensusVote() RPC: tablet_id: "143439bb7e50454aab47fae4ed3ad4ae" candidate_uuid: "6f2066e97dec4d75a86e72155048de14" candidate_term: 4 candidate_status { last_received { term: 3 index: 5 } } ignore_live_leader: false dest_uuid: "a49a0f0a6258477d8126ad3c88bf0d44"
I0507 06:31:04.169518 4190 tablet_service.cc:1286] Received RequestConsensusVote() RPC: tablet_id: "143439bb7e50454aab47fae4ed3ad4ae" candidate_uuid: "6f2066e97dec4d75a86e72155048de14" candidate_term: 4 candidate_status { last_received { term: 3 index: 5 } } ignore_live_leader: false dest_uuid: "ae72da07d97b4d9b9e0d246ff83901ed"
I0507 06:31:04.169698 4190 raft_consensus.cc:2886] T 143439bb7e50454aab47fae4ed3ad4ae P ae72da07d97b4d9b9e0d246ff83901ed [term 3 FOLLOWER]: Advancing to term 4
I0507 06:31:04.169723 4439 raft_consensus.cc:2886] T 143439bb7e50454aab47fae4ed3ad4ae P a49a0f0a6258477d8126ad3c88bf0d44 [term 3 FOLLOWER]: Advancing to term 4
I0507 06:31:04.172317 4190 raft_consensus.cc:2346] T 143439bb7e50454aab47fae4ed3ad4ae P ae72da07d97b4d9b9e0d246ff83901ed [term 4 FOLLOWER]: Leader election vote request: Granting yes vote for candidate 6f2066e97dec4d75a86e72155048de14 in term 4.
I0507 06:31:04.172466 4439 raft_consensus.cc:2346] T 143439bb7e50454aab47fae4ed3ad4ae P a49a0f0a6258477d8126ad3c88bf0d44 [term 4 FOLLOWER]: Leader election vote request: Granting yes vote for candidate 6f2066e97dec4d75a86e72155048de14 in term 4.
I0507 06:31:04.172857 4007 leader_election.cc:310] T 143439bb7e50454aab47fae4ed3ad4ae P 6f2066e97dec4d75a86e72155048de14 [CANDIDATE]: Term 4 election: Election decided. Result: candidate won. Election summary: received 3 responses out of 4 voters: 3 yes votes; 0 no votes. yes voters: 6f2066e97dec4d75a86e72155048de14, a49a0f0a6258477d8126ad3c88bf0d44, ae72da07d97b4d9b9e0d246ff83901ed; no voters:
I0507 06:31:04.173202 4530 raft_consensus.cc:2640] T 143439bb7e50454aab47fae4ed3ad4ae P 6f2066e97dec4d75a86e72155048de14 [term 4 FOLLOWER]: Leader election won for term 4
I0507 06:31:04.173805 4530 raft_consensus.cc:667] T 143439bb7e50454aab47fae4ed3ad4ae P 6f2066e97dec4d75a86e72155048de14 [term 4 LEADER]: Becoming Leader. State: Replica: 6f2066e97dec4d75a86e72155048de14, State: Running, Role: LEADER
I0507 06:31:04.174335 4530 consensus_queue.cc:206] T 143439bb7e50454aab47fae4ed3ad4ae P 6f2066e97dec4d75a86e72155048de14 [LEADER]: Queue going to LEADER mode. State: All replicated index: 0, Majority replicated index: 5, Committed index: 5, Last appended: 3.5, Last appended by leader: 5, Current term: 4, Majority size: 3, State: 0, Mode: LEADER, active raft config: opid_index: 3 OBSOLETE_local: false peers { permanent_uuid: "ae72da07d97b4d9b9e0d246ff83901ed" member_type: VOTER last_known_addr { host: "127.0.57.194" port: 34185 } } peers { permanent_uuid: "7eecdaa8d1dc4a9988492494fbb17f1d" member_type: VOTER last_known_addr { host: "127.0.57.195" port: 33833 } } peers { permanent_uuid: "a49a0f0a6258477d8126ad3c88bf0d44" member_type: VOTER last_known_addr { host: "127.0.57.196" port: 43761 } } peers { permanent_uuid: "6f2066e97dec4d75a86e72155048de14" member_type: VOTER last_known_addr { host: "127.0.57.193" port: 43041 } attrs { } }
I0507 06:31:04.177726 3951 catalog_manager.cc:3988] T 143439bb7e50454aab47fae4ed3ad4ae P 6f2066e97dec4d75a86e72155048de14 reported cstate change: term changed from 3 to 4, leader changed from 7eecdaa8d1dc4a9988492494fbb17f1d (127.0.57.195) to 6f2066e97dec4d75a86e72155048de14 (127.0.57.193). New cstate: current_term: 4 leader_uuid: "6f2066e97dec4d75a86e72155048de14" committed_config { opid_index: 3 OBSOLETE_local: false peers { permanent_uuid: "ae72da07d97b4d9b9e0d246ff83901ed" member_type: VOTER last_known_addr { host: "127.0.57.194" port: 34185 } health_report { overall_health: UNKNOWN } } peers { permanent_uuid: "7eecdaa8d1dc4a9988492494fbb17f1d" member_type: VOTER last_known_addr { host: "127.0.57.195" port: 33833 } health_report { overall_health: UNKNOWN } } peers { permanent_uuid: "a49a0f0a6258477d8126ad3c88bf0d44" member_type: VOTER last_known_addr { host: "127.0.57.196" port: 43761 } health_report { overall_health: UNKNOWN } } peers { permanent_uuid: "6f2066e97dec4d75a86e72155048de14" member_type: VOTER last_known_addr { host: "127.0.57.193" port: 43041 } attrs { } health_report { overall_health: HEALTHY } } }
W0507 06:31:04.232193 4252 leader_election.cc:341] T 143439bb7e50454aab47fae4ed3ad4ae P 7eecdaa8d1dc4a9988492494fbb17f1d [CANDIDATE]: Term 3 pre-election: RPC error from VoteRequest() call to peer a49a0f0a6258477d8126ad3c88bf0d44 (127.0.57.196:43761): Timed out: RequestConsensusVote RPC to 127.0.57.196:43761 timed out after 0.151s (SENT)
W0507 06:31:04.232772 4252 leader_election.cc:341] T 143439bb7e50454aab47fae4ed3ad4ae P 7eecdaa8d1dc4a9988492494fbb17f1d [CANDIDATE]: Term 3 election: RPC error from VoteRequest() call to peer a49a0f0a6258477d8126ad3c88bf0d44 (127.0.57.196:43761): Timed out: RequestConsensusVote RPC to 127.0.57.196:43761 timed out after 0.162s (SENT)
I0507 06:31:04.233261 4318 tablet_service.cc:1286] Received RequestConsensusVote() RPC: tablet_id: "143439bb7e50454aab47fae4ed3ad4ae" candidate_uuid: "6f2066e97dec4d75a86e72155048de14" candidate_term: 4 candidate_status { last_received { term: 3 index: 5 } } ignore_live_leader: false dest_uuid: "7eecdaa8d1dc4a9988492494fbb17f1d" is_pre_election: true
I0507 06:31:04.233299 4317 tablet_service.cc:1286] Received RequestConsensusVote() RPC: tablet_id: "143439bb7e50454aab47fae4ed3ad4ae" candidate_uuid: "6f2066e97dec4d75a86e72155048de14" candidate_term: 4 candidate_status { last_received { term: 3 index: 5 } } ignore_live_leader: false dest_uuid: "7eecdaa8d1dc4a9988492494fbb17f1d"
I0507 06:31:04.234129 4318 raft_consensus.cc:2307] T 143439bb7e50454aab47fae4ed3ad4ae P 7eecdaa8d1dc4a9988492494fbb17f1d [term 3 LEADER]: Leader pre-election vote request: Denying vote to candidate 6f2066e97dec4d75a86e72155048de14 for term 4 because replica is either leader or believes a valid leader to be alive.
I0507 06:31:04.233819 4315 tablet_service.cc:1286] Received RequestConsensusVote() RPC: tablet_id: "143439bb7e50454aab47fae4ed3ad4ae" candidate_uuid: "ae72da07d97b4d9b9e0d246ff83901ed" candidate_term: 4 candidate_status { last_received { term: 3 index: 5 } } ignore_live_leader: false dest_uuid: "7eecdaa8d1dc4a9988492494fbb17f1d" is_pre_election: true
I0507 06:31:04.234326 4315 raft_consensus.cc:2307] T 143439bb7e50454aab47fae4ed3ad4ae P 7eecdaa8d1dc4a9988492494fbb17f1d [term 3 LEADER]: Leader pre-election vote request: Denying vote to candidate ae72da07d97b4d9b9e0d246ff83901ed for term 4 because replica is either leader or believes a valid leader to be alive.
I0507 06:31:04.234454 4317 raft_consensus.cc:2321] T 143439bb7e50454aab47fae4ed3ad4ae P 7eecdaa8d1dc4a9988492494fbb17f1d [term 3 LEADER]: Leader election vote request: Denying vote to candidate 6f2066e97dec4d75a86e72155048de14 for term 4 because replica is already servicing an update from a current leader or another vote.
I0507 06:31:04.234750 4316 raft_consensus.cc:2881] T 143439bb7e50454aab47fae4ed3ad4ae P 7eecdaa8d1dc4a9988492494fbb17f1d [term 3 LEADER]: Stepping down as leader of term 3
I0507 06:31:04.234833 4316 raft_consensus.cc:705] T 143439bb7e50454aab47fae4ed3ad4ae P 7eecdaa8d1dc4a9988492494fbb17f1d [term 3 LEADER]: Becoming Follower/Learner. State: Replica: 7eecdaa8d1dc4a9988492494fbb17f1d, State: Running, Role: LEADER
I0507 06:31:04.234972 4190 raft_consensus.cc:1149] T 143439bb7e50454aab47fae4ed3ad4ae P ae72da07d97b4d9b9e0d246ff83901ed [term 4 FOLLOWER]: Rejecting Update request from peer 7eecdaa8d1dc4a9988492494fbb17f1d for earlier term 3. Current term is 4. Ops: []
I0507 06:31:04.235123 4316 consensus_queue.cc:229] T 143439bb7e50454aab47fae4ed3ad4ae P 7eecdaa8d1dc4a9988492494fbb17f1d [NON_LEADER]: Queue going to NON_LEADER mode. State: All replicated index: 0, Majority replicated index: 5, Committed index: 5, Last appended: 3.5, Last appended by leader: 5, Current term: 3, Majority size: -1, State: 0, Mode: NON_LEADER, active raft config: opid_index: 3 OBSOLETE_local: false peers { permanent_uuid: "ae72da07d97b4d9b9e0d246ff83901ed" member_type: VOTER last_known_addr { host: "127.0.57.194" port: 34185 } } peers { permanent_uuid: "7eecdaa8d1dc4a9988492494fbb17f1d" member_type: VOTER last_known_addr { host: "127.0.57.195" port: 33833 } } peers { permanent_uuid: "a49a0f0a6258477d8126ad3c88bf0d44" member_type: VOTER last_known_addr { host: "127.0.57.196" port: 43761 } } peers { permanent_uuid: "6f2066e97dec4d75a86e72155048de14" member_type: VOTER last_known_addr { host: "127.0.57.193" port: 43041 } attrs { } }
I0507 06:31:04.235568 4129 leader_election.cc:310] T 143439bb7e50454aab47fae4ed3ad4ae P ae72da07d97b4d9b9e0d246ff83901ed [CANDIDATE]: Term 4 pre-election: Election decided. Result: candidate lost. Election summary: received 4 responses out of 4 voters: 2 yes votes; 2 no votes. yes voters: a49a0f0a6258477d8126ad3c88bf0d44, ae72da07d97b4d9b9e0d246ff83901ed; no voters: 6f2066e97dec4d75a86e72155048de14, 7eecdaa8d1dc4a9988492494fbb17f1d
I0507 06:31:04.235615 4316 raft_consensus.cc:2886] T 143439bb7e50454aab47fae4ed3ad4ae P 7eecdaa8d1dc4a9988492494fbb17f1d [term 3 FOLLOWER]: Advancing to term 4
I0507 06:31:04.235888 4517 raft_consensus.cc:2588] T 143439bb7e50454aab47fae4ed3ad4ae P ae72da07d97b4d9b9e0d246ff83901ed [term 4 FOLLOWER]: Leader pre-election lost for term 4. Reason: could not achieve majority
I0507 06:31:04.237054 4190 raft_consensus.cc:1181] T 143439bb7e50454aab47fae4ed3ad4ae P ae72da07d97b4d9b9e0d246ff83901ed [term 4 FOLLOWER]: Refusing update from remote peer 6f2066e97dec4d75a86e72155048de14: Log matching property violated. Preceding OpId in replica: term: 3 index: 5. Preceding OpId from leader: term: 4 index: 6. (index mismatch)
I0507 06:31:04.237237 4072 raft_consensus.cc:1149] T 143439bb7e50454aab47fae4ed3ad4ae P 6f2066e97dec4d75a86e72155048de14 [term 4 LEADER]: Rejecting Update request from peer 7eecdaa8d1dc4a9988492494fbb17f1d for earlier term 3. Current term is 4. Ops: []
I0507 06:31:04.238080 4316 raft_consensus.cc:1181] T 143439bb7e50454aab47fae4ed3ad4ae P 7eecdaa8d1dc4a9988492494fbb17f1d [term 4 FOLLOWER]: Refusing update from remote peer 6f2066e97dec4d75a86e72155048de14: Log matching property violated. Preceding OpId in replica: term: 3 index: 5. Preceding OpId from leader: term: 4 index: 6. (index mismatch)
I0507 06:31:04.238032 4530 consensus_queue.cc:984] T 143439bb7e50454aab47fae4ed3ad4ae P 6f2066e97dec4d75a86e72155048de14 [LEADER]: Connected to new peer: Peer: permanent_uuid: "ae72da07d97b4d9b9e0d246ff83901ed" member_type: VOTER last_known_addr { host: "127.0.57.194" port: 34185 }, Status: LMP_MISMATCH, Last received: 0.0, Next index: 6, Last known committed idx: 5, Time since last communication: 0.000s
I0507 06:31:04.238369 231 external_mini_cluster.cc:1172] Attempting to check leaks for /tmp/dist-test-taskKhSYji/build/asan/bin/kudu-tserver pid 3987
I0507 06:31:04.238297 4439 raft_consensus.cc:1181] T 143439bb7e50454aab47fae4ed3ad4ae P a49a0f0a6258477d8126ad3c88bf0d44 [term 4 FOLLOWER]: Refusing update from remote peer 6f2066e97dec4d75a86e72155048de14: Log matching property violated. Preceding OpId in replica: term: 2 index: 4. Preceding OpId from leader: term: 4 index: 6. (index mismatch)
I0507 06:31:04.238891 4577 consensus_queue.cc:984] T 143439bb7e50454aab47fae4ed3ad4ae P 6f2066e97dec4d75a86e72155048de14 [LEADER]: Connected to new peer: Peer: permanent_uuid: "7eecdaa8d1dc4a9988492494fbb17f1d" member_type: VOTER last_known_addr { host: "127.0.57.195" port: 33833 }, Status: LMP_MISMATCH, Last received: 0.0, Next index: 6, Last known committed idx: 5, Time since last communication: 0.000s
