I0507 06:32:19.145565 9235 fs_report.cc:352] FS layout report -------------------- wal directory: /tmp/dist-test-taskKhSYji/test-tmp/raft_consensus_nonvoter-itest.0.RaftConsensusNonVoterITest.RestartClusterWithNonVoter.1557210500371863-231/raft_consensus-itest-cluster/ts-6/wal metadata directory: /tmp/dist-test-taskKhSYji/test-tmp/raft_consensus_nonvoter-itest.0.RaftConsensusNonVoterITest.RestartClusterWithNonVoter.1557210500371863-231/raft_consensus-itest-cluster/ts-6/wal 1 data directories: /tmp/dist-test-taskKhSYji/test-tmp/raft_consensus_nonvoter-itest.0.RaftConsensusNonVoterITest.RestartClusterWithNonVoter.1557210500371863-231/raft_consensus-itest-cluster/ts-6/data/data Total live blocks: 0 Total live bytes: 0 Total live bytes (after alignment): 0 Total number of LBM containers: 0 (0 full) Did not check for missing blocks Did not check for orphaned blocks Total full LBM containers with extra space: 0 (0 repaired) Total full LBM container extra space in bytes: 0 (0 repaired) Total incomplete LBM containers: 0 (0 repaired) Total LBM partial records: 0 (0 repaired)
I0507 06:32:19.210636 9235 env_posix.cc:1676] Not raising this process' running threads per effective uid limit of 18446744073709551615; it is already as high as it can go
I0507 06:32:19.212369 9235 ts_tablet_manager.cc:356] Loaded tablet metadata (0 total tablets, 0 live tablets)
I0507 06:32:19.212443 9235 ts_tablet_manager.cc:376] Registered 0 tablets
I0507 06:32:19.239151 9235 rpc_server.cc:205] RPC server started. Bound to: 127.0.57.199:44671
I0507 06:32:19.240381 9235 webserver.cc:308] Webserver started at http://127.0.57.199:42325/ using document root and password file
I0507 06:32:19.241168 9235 server_base.cc:608] Dumped server information to /tmp/dist-test-taskKhSYji/test-tmp/raft_consensus_nonvoter-itest.0.RaftConsensusNonVoterITest.RestartClusterWithNonVoter.1557210500371863-231/raft_consensus-itest-cluster/ts-6/data/info.pb
W0507 06:32:19.246080 9355 heartbeater.cc:587] Failed to heartbeat to 127.0.57.254:34231 (0 consecutive failures): Network error: Failed to ping master at 127.0.57.254:34231: Client connection negotiation failed: client connection to 127.0.57.254:34231: connect: Connection refused (error 111)
W0507 06:32:19.247500 9355 heartbeater.cc:380] Failed 3 heartbeats in a row: no longer allowing fast heartbeat attempts.
I0507 06:32:19.249521 231 external_mini_cluster.cc:995] Started /tmp/dist-test-taskKhSYji/build/asan/bin/kudu-tserver as pid 9235
I0507 06:32:19.250139 231 external_mini_cluster.cc:933] Running /tmp/dist-test-taskKhSYji/build/asan/bin/kudu-master /tmp/dist-test-taskKhSYji/build/asan/bin/kudu-master --fs_wal_dir=/tmp/dist-test-taskKhSYji/test-tmp/raft_consensus_nonvoter-itest.0.RaftConsensusNonVoterITest.RestartClusterWithNonVoter.1557210500371863-231/raft_consensus-itest-cluster/master-0/wal --fs_data_dirs=/tmp/dist-test-taskKhSYji/test-tmp/raft_consensus_nonvoter-itest.0.RaftConsensusNonVoterITest.RestartClusterWithNonVoter.1557210500371863-231/raft_consensus-itest-cluster/master-0/data --block_manager=log --webserver_interface=localhost --ipki_ca_key_size=1024 --tsk_num_rsa_bits=512 --rpc_bind_addresses=127.0.57.254:34231 --webserver_interface=127.0.57.254 --webserver_port=33459 --never_fsync --ipki_server_key_size=1024 --enable_minidumps=false --redact=none --metrics_log_interval_ms=1000 --logtostderr --logbuflevel=-1 --log_dir=/tmp/dist-test-taskKhSYji/test-tmp/raft_consensus_nonvoter-itest.0.RaftConsensusNonVoterITest.RestartClusterWithNonVoter.1557210500371863-231/raft_consensus-itest-cluster/master-0/logs --server_dump_info_path=/tmp/dist-test-taskKhSYji/test-tmp/raft_consensus_nonvoter-itest.0.RaftConsensusNonVoterITest.RestartClusterWithNonVoter.1557210500371863-231/raft_consensus-itest-cluster/master-0/data/info.pb --server_dump_info_format=pb --rpc_server_allow_ephemeral_ports --unlock_experimental_flags --unlock_unsafe_flags --raft_prepare_replacement_before_eviction=true --rpc_reuseport=true with env {}
I0507 06:32:19.380945 9359 raft_consensus.cc:472] T 3a7d8f424df742599d3f6d48d9b1a37d P 3ce79ee2bb1348d6a36d8ce39df7d3aa [term 1 FOLLOWER]: Starting pre-election (no leader contacted us within the election timeout)
I0507 06:32:19.381147 9359 raft_consensus.cc:494] T 3a7d8f424df742599d3f6d48d9b1a37d P 3ce79ee2bb1348d6a36d8ce39df7d3aa [term 1 FOLLOWER]: Starting pre-election with config: opid_index: 8 OBSOLETE_local: false peers { permanent_uuid: "3ce79ee2bb1348d6a36d8ce39df7d3aa" member_type: VOTER last_known_addr { host: "127.0.57.193" port: 44481 } } peers { permanent_uuid: "d9fd45507a8e435abc710b00a27538c6" member_type: VOTER last_known_addr { host: "127.0.57.194" port: 44183 } } peers { permanent_uuid: "2781869a927549908dde07bc5019d0e4" member_type: VOTER last_known_addr { host: "127.0.57.195" port: 40501 } } peers { permanent_uuid: "b5c46129f1994ab28f3710e8e392ceab" member_type: NON_VOTER last_known_addr { host: "127.0.57.196" port: 34535 } attrs { promote: true } }
I0507 06:32:19.382378 9359 leader_election.cc:296] T 3a7d8f424df742599d3f6d48d9b1a37d P 3ce79ee2bb1348d6a36d8ce39df7d3aa [CANDIDATE]: Term 2 pre-election: Requested pre-vote from peers d9fd45507a8e435abc710b00a27538c6 (127.0.57.194:44183), 2781869a927549908dde07bc5019d0e4 (127.0.57.195:40501)
W0507 06:32:19.390130 8624 leader_election.cc:341] T 3a7d8f424df742599d3f6d48d9b1a37d P 3ce79ee2bb1348d6a36d8ce39df7d3aa [CANDIDATE]: Term 2 pre-election: RPC error from VoteRequest() call to peer 2781869a927549908dde07bc5019d0e4 (127.0.57.195:40501): Network error: Client connection negotiation failed: client connection to 127.0.57.195:40501: connect: Connection refused (error 111)
I0507 06:32:19.397958 8818 tablet_service.cc:1286] Received RequestConsensusVote() RPC: tablet_id: "3a7d8f424df742599d3f6d48d9b1a37d" candidate_uuid: "3ce79ee2bb1348d6a36d8ce39df7d3aa" candidate_term: 2 candidate_status { last_received { term: 1 index: 8 } } ignore_live_leader: false dest_uuid: "d9fd45507a8e435abc710b00a27538c6" is_pre_election: true
I0507 06:32:19.398362 8818 raft_consensus.cc:2346] T 3a7d8f424df742599d3f6d48d9b1a37d P d9fd45507a8e435abc710b00a27538c6 [term 1 FOLLOWER]: Leader pre-election vote request: Granting yes vote for candidate 3ce79ee2bb1348d6a36d8ce39df7d3aa in term 1.
I0507 06:32:19.399374 8623 leader_election.cc:310] T 3a7d8f424df742599d3f6d48d9b1a37d P 3ce79ee2bb1348d6a36d8ce39df7d3aa [CANDIDATE]: Term 2 pre-election: Election decided. Result: candidate won. Election summary: received 3 responses out of 3 voters: 2 yes votes; 1 no votes. yes voters: 3ce79ee2bb1348d6a36d8ce39df7d3aa, d9fd45507a8e435abc710b00a27538c6; no voters: 2781869a927549908dde07bc5019d0e4
I0507 06:32:19.399883 9359 raft_consensus.cc:2640] T 3a7d8f424df742599d3f6d48d9b1a37d P 3ce79ee2bb1348d6a36d8ce39df7d3aa [term 1 FOLLOWER]: Leader pre-election won for term 2
I0507 06:32:19.399987 9359 raft_consensus.cc:472] T 3a7d8f424df742599d3f6d48d9b1a37d P 3ce79ee2bb1348d6a36d8ce39df7d3aa [term 1 FOLLOWER]: Starting leader election (no leader contacted us within the election timeout)
I0507 06:32:19.400051 9359 raft_consensus.cc:2886] T 3a7d8f424df742599d3f6d48d9b1a37d P 3ce79ee2bb1348d6a36d8ce39df7d3aa [term 1 FOLLOWER]: Advancing to term 2
I0507 06:32:19.403178 9359 raft_consensus.cc:494] T 3a7d8f424df742599d3f6d48d9b1a37d P 3ce79ee2bb1348d6a36d8ce39df7d3aa [term 2 FOLLOWER]: Starting leader election with config: opid_index: 8 OBSOLETE_local: false peers { permanent_uuid: "3ce79ee2bb1348d6a36d8ce39df7d3aa" member_type: VOTER last_known_addr { host: "127.0.57.193" port: 44481 } } peers { permanent_uuid: "d9fd45507a8e435abc710b00a27538c6" member_type: VOTER last_known_addr { host: "127.0.57.194" port: 44183 } } peers { permanent_uuid: "2781869a927549908dde07bc5019d0e4" member_type: VOTER last_known_addr { host: "127.0.57.195" port: 40501 } } peers { permanent_uuid: "b5c46129f1994ab28f3710e8e392ceab" member_type: NON_VOTER last_known_addr { host: "127.0.57.196" port: 34535 } attrs { promote: true } }
I0507 06:32:19.403795 9359 leader_election.cc:296] T 3a7d8f424df742599d3f6d48d9b1a37d P 3ce79ee2bb1348d6a36d8ce39df7d3aa [CANDIDATE]: Term 2 election: Requested vote from peers d9fd45507a8e435abc710b00a27538c6 (127.0.57.194:44183), 2781869a927549908dde07bc5019d0e4 (127.0.57.195:40501)
W0507 06:32:19.404436 8624 leader_election.cc:341] T 3a7d8f424df742599d3f6d48d9b1a37d P 3ce79ee2bb1348d6a36d8ce39df7d3aa [CANDIDATE]: Term 2 election: RPC error from VoteRequest() call to peer 2781869a927549908dde07bc5019d0e4 (127.0.57.195:40501): Network error: Client connection negotiation failed: client connection to 127.0.57.195:40501: connect: Connection refused (error 111)
I0507 06:32:19.404373 8818 tablet_service.cc:1286] Received RequestConsensusVote() RPC: tablet_id: "3a7d8f424df742599d3f6d48d9b1a37d" candidate_uuid: "3ce79ee2bb1348d6a36d8ce39df7d3aa" candidate_term: 2 candidate_status { last_received { term: 1 index: 8 } } ignore_live_leader: false dest_uuid: "d9fd45507a8e435abc710b00a27538c6"
I0507 06:32:19.404587 8818 raft_consensus.cc:2886] T 3a7d8f424df742599d3f6d48d9b1a37d P d9fd45507a8e435abc710b00a27538c6 [term 1 FOLLOWER]: Advancing to term 2
I0507 06:32:19.407413 8818 raft_consensus.cc:2346] T 3a7d8f424df742599d3f6d48d9b1a37d P d9fd45507a8e435abc710b00a27538c6 [term 2 FOLLOWER]: Leader election vote request: Granting yes vote for candidate 3ce79ee2bb1348d6a36d8ce39df7d3aa in term 2.
I0507 06:32:19.407841 8623 leader_election.cc:310] T 3a7d8f424df742599d3f6d48d9b1a37d P 3ce79ee2bb1348d6a36d8ce39df7d3aa [CANDIDATE]: Term 2 election: Election decided. Result: candidate won. Election summary: received 3 responses out of 3 voters: 2 yes votes; 1 no votes. yes voters: 3ce79ee2bb1348d6a36d8ce39df7d3aa, d9fd45507a8e435abc710b00a27538c6; no voters: 2781869a927549908dde07bc5019d0e4
I0507 06:32:19.408226 9359 raft_consensus.cc:2640] T 3a7d8f424df742599d3f6d48d9b1a37d P 3ce79ee2bb1348d6a36d8ce39df7d3aa [term 2 FOLLOWER]: Leader election won for term 2
I0507 06:32:19.412267 9359 raft_consensus.cc:667] T 3a7d8f424df742599d3f6d48d9b1a37d P 3ce79ee2bb1348d6a36d8ce39df7d3aa [term 2 LEADER]: Becoming Leader. State: Replica: 3ce79ee2bb1348d6a36d8ce39df7d3aa, State: Running, Role: LEADER
I0507 06:32:19.412736 9359 consensus_queue.cc:206] T 3a7d8f424df742599d3f6d48d9b1a37d P 3ce79ee2bb1348d6a36d8ce39df7d3aa [LEADER]: Queue going to LEADER mode. State: All replicated index: 0, Majority replicated index: 8, Committed index: 8, Last appended: 1.8, Last appended by leader: 8, Current term: 2, Majority size: 2, State: 0, Mode: LEADER, active raft config: opid_index: 8 OBSOLETE_local: false peers { permanent_uuid: "3ce79ee2bb1348d6a36d8ce39df7d3aa" member_type: VOTER last_known_addr { host: "127.0.57.193" port: 44481 } } peers { permanent_uuid: "d9fd45507a8e435abc710b00a27538c6" member_type: VOTER last_known_addr { host: "127.0.57.194" port: 44183 } } peers { permanent_uuid: "2781869a927549908dde07bc5019d0e4" member_type: VOTER last_known_addr { host: "127.0.57.195" port: 40501 } } peers { permanent_uuid: "b5c46129f1994ab28f3710e8e392ceab" member_type: NON_VOTER last_known_addr { host: "127.0.57.196" port: 34535 } attrs { promote: true } } WARNING: Logging before InitGoogleLogging() is written to STDERR
W0507 06:32:19.451498 9358 flags.cc:404] Enabled unsafe flag: --rpc_server_allow_ephemeral_ports=true
W0507 06:32:19.451715 9358 flags.cc:404] Enabled unsafe flag: --never_fsync=true
W0507 06:32:19.454216 9358 flags.cc:404] Enabled experimental flag: --raft_prepare_replacement_before_eviction=true
W0507 06:32:19.454273 9358 flags.cc:404] Enabled experimental flag: --ipki_ca_key_size=1024
W0507 06:32:19.454306 9358 flags.cc:404] Enabled experimental flag: --ipki_server_key_size=1024
W0507 06:32:19.454336 9358 flags.cc:404] Enabled experimental flag: --tsk_num_rsa_bits=512
W0507 06:32:19.454370 9358 flags.cc:404] Enabled experimental flag: --rpc_reuseport=true
I0507 06:32:19.459709 9358 master_main.cc:73] Master server non-default flags: --fs_data_dirs=/tmp/dist-test-taskKhSYji/test-tmp/raft_consensus_nonvoter-itest.0.RaftConsensusNonVoterITest.RestartClusterWithNonVoter.1557210500371863-231/raft_consensus-itest-cluster/master-0/data --fs_wal_dir=/tmp/dist-test-taskKhSYji/test-tmp/raft_consensus_nonvoter-itest.0.RaftConsensusNonVoterITest.RestartClusterWithNonVoter.1557210500371863-231/raft_consensus-itest-cluster/master-0/wal --ipki_ca_key_size=1024 --ipki_server_key_size=1024 --tsk_num_rsa_bits=512 --rpc_bind_addresses=127.0.57.254:34231 --rpc_reuseport=true --rpc_server_allow_ephemeral_ports=true --metrics_log_interval_ms=1000 --server_dump_info_format=pb --server_dump_info_path=/tmp/dist-test-taskKhSYji/test-tmp/raft_consensus_nonvoter-itest.0.RaftConsensusNonVoterITest.RestartClusterWithNonVoter.1557210500371863-231/raft_consensus-itest-cluster/master-0/data/info.pb --webserver_interface=127.0.57.254 --webserver_port=33459 --never_fsync=true --redact=none --unlock_experimental_flags=true --unlock_unsafe_flags=true --enable_minidumps=false --log_dir=/tmp/dist-test-taskKhSYji/test-tmp/raft_consensus_nonvoter-itest.0.RaftConsensusNonVoterITest.RestartClusterWithNonVoter.1557210500371863-231/raft_consensus-itest-cluster/master-0/logs --logbuflevel=-1 --logtostderr=true Master server version: kudu 1.10.0-cdh6.x-SNAPSHOT revision 7d0ee26697926e87af9ef395008799577f6ab43f build type FASTDEBUG built by jenkins at 06 May 2019 22:44:21 PST on quasar-knmpfx-1.vpc.cloudera.com build id 322017 ASAN enabled
I0507 06:32:19.466295 9358 system_ntp.cc:202] NTP initialized. Skew: 500ppm Current error: 144016us
I0507 06:32:19.467532 9358 fs_manager.cc:263] Metadata directory not provided
I0507 06:32:19.467623 9358 fs_manager.cc:269] Using write-ahead log directory (fs_wal_dir) as metadata directory
I0507 06:32:19.473415 9358 fs_manager.cc:399] Time spent opening directory manager: real 0.004s user 0.002s sys 0.001s
I0507 06:32:19.474050 9358 env_posix.cc:1676] Not raising this process' open files per process limit of 1048576; it is already as high as it can go
I0507 06:32:19.474592 9358 file_cache.cc:466] Constructed file cache lbm with capacity 419430
I0507 06:32:19.478350 9358 fs_manager.cc:419] Time spent opening block manager: real 0.003s user 0.001s sys 0.000s
I0507 06:32:19.478452 9358 fs_manager.cc:436] Opened local filesystem: /tmp/dist-test-taskKhSYji/test-tmp/raft_consensus_nonvoter-itest.0.RaftConsensusNonVoterITest.RestartClusterWithNonVoter.1557210500371863-231/raft_consensus-itest-cluster/master-0/data,/tmp/dist-test-taskKhSYji/test-tmp/raft_consensus_nonvoter-itest.0.RaftConsensusNonVoterITest.RestartClusterWithNonVoter.1557210500371863-231/raft_consensus-itest-cluster/master-0/wal uuid: "5fbef3ba10d6481bac975db052d4d399" format_stamp: "Formatted at 2019-05-07 06:32:01 on dist-test-slave-dist-test-slave-rqp6"
I0507 06:32:19.479408 9358 fs_report.cc:352] FS layout report -------------------- wal directory: /tmp/dist-test-taskKhSYji/test-tmp/raft_consensus_nonvoter-itest.0.RaftConsensusNonVoterITest.RestartClusterWithNonVoter.1557210500371863-231/raft_consensus-itest-cluster/master-0/wal metadata directory: /tmp/dist-test-taskKhSYji/test-tmp/raft_consensus_nonvoter-itest.0.RaftConsensusNonVoterITest.RestartClusterWithNonVoter.1557210500371863-231/raft_consensus-itest-cluster/master-0/wal 1 data directories: /tmp/dist-test-taskKhSYji/test-tmp/raft_consensus_nonvoter-itest.0.RaftConsensusNonVoterITest.RestartClusterWithNonVoter.1557210500371863-231/raft_consensus-itest-cluster/master-0/data/data Total live blocks: 0 Total live bytes: 0 Total live bytes (after alignment): 0 Total number of LBM containers: 0 (0 full) Did not check for missing blocks Did not check for orphaned blocks Total full LBM containers with extra space: 0 (0 repaired) Total full LBM container extra space in bytes: 0 (0 repaired) Total incomplete LBM containers: 0 (0 repaired) Total LBM partial records: 0 (0 repaired)
I0507 06:32:19.512040 9358 env_posix.cc:1676] Not raising this process' running threads per effective uid limit of 18446744073709551615; it is already as high as it can go
I0507 06:32:19.526682 9358 rpc_server.cc:205] RPC server started. Bound to: 127.0.57.254:34231
I0507 06:32:19.527770 9358 webserver.cc:308] Webserver started at http://127.0.57.254:33459/ using document root and password file
I0507 06:32:19.528594 9358 server_base.cc:608] Dumped server information to /tmp/dist-test-taskKhSYji/test-tmp/raft_consensus_nonvoter-itest.0.RaftConsensusNonVoterITest.RestartClusterWithNonVoter.1557210500371863-231/raft_consensus-itest-cluster/master-0/data/info.pb
I0507 06:32:19.530915 231 external_mini_cluster.cc:995] Started /tmp/dist-test-taskKhSYji/build/asan/bin/kudu-master as pid 9358
I0507 06:32:19.541992 9424 tablet_bootstrap.cc:439] T 00000000000000000000000000000000 P 5fbef3ba10d6481bac975db052d4d399: Bootstrap starting.
I0507 06:32:19.557988 9424 log.cc:525] T 00000000000000000000000000000000 P 5fbef3ba10d6481bac975db052d4d399: Log is configured to *not* fsync() on all Append() calls
I0507 06:32:19.568064 9424 tablet_bootstrap.cc:439] T 00000000000000000000000000000000 P 5fbef3ba10d6481bac975db052d4d399: Bootstrap replayed 1/1 log segments. Stats: ops{read=7 overwritten=0 applied=7 ignored=0} inserts{seen=4 ignored=0} mutations{seen=3 ignored=0} orphaned_commits=0. Pending: 0 replicates
I0507 06:32:19.568583 9424 tablet_bootstrap.cc:439] T 00000000000000000000000000000000 P 5fbef3ba10d6481bac975db052d4d399: Bootstrap complete.
I0507 06:32:19.575557 9424 raft_consensus.cc:340] T 00000000000000000000000000000000 P 5fbef3ba10d6481bac975db052d4d399 [term 1 FOLLOWER]: Replica starting. Triggering 0 pending transactions. Active config: opid_index: -1 OBSOLETE_local: true peers { permanent_uuid: "5fbef3ba10d6481bac975db052d4d399" member_type: VOTER }
I0507 06:32:19.576357 9424 raft_consensus.cc:705] T 00000000000000000000000000000000 P 5fbef3ba10d6481bac975db052d4d399 [term 1 FOLLOWER]: Becoming Follower/Learner. State: Replica: 5fbef3ba10d6481bac975db052d4d399, State: Initialized, Role: FOLLOWER
I0507 06:32:19.576912 9424 consensus_queue.cc:229] T 00000000000000000000000000000000 P 5fbef3ba10d6481bac975db052d4d399 [NON_LEADER]: Queue going to NON_LEADER mode. State: All replicated index: 0, Majority replicated index: 0, Committed index: 7, Last appended: 1.7, Last appended by leader: 7, Current term: 0, Majority size: -1, State: 0, Mode: NON_LEADER, active raft config: opid_index: -1 OBSOLETE_local: true peers { permanent_uuid: "5fbef3ba10d6481bac975db052d4d399" member_type: VOTER }
I0507 06:32:19.577075 9424 raft_consensus.cc:380] T 00000000000000000000000000000000 P 5fbef3ba10d6481bac975db052d4d399 [term 1 FOLLOWER]: Only one voter in the Raft config. Triggering election immediately
I0507 06:32:19.577157 9424 raft_consensus.cc:472] T 00000000000000000000000000000000 P 5fbef3ba10d6481bac975db052d4d399 [term 1 FOLLOWER]: Starting leader election (initial election of a single-replica configuration)
I0507 06:32:19.577250 9424 raft_consensus.cc:2886] T 00000000000000000000000000000000 P 5fbef3ba10d6481bac975db052d4d399 [term 1 FOLLOWER]: Advancing to term 2
I0507 06:32:19.581610 9424 raft_consensus.cc:494] T 00000000000000000000000000000000 P 5fbef3ba10d6481bac975db052d4d399 [term 2 FOLLOWER]: Starting leader election with config: opid_index: -1 OBSOLETE_local: true peers { permanent_uuid: "5fbef3ba10d6481bac975db052d4d399" member_type: VOTER }
I0507 06:32:19.582115 9424 leader_election.cc:310] T 00000000000000000000000000000000 P 5fbef3ba10d6481bac975db052d4d399 [CANDIDATE]: Term 2 election: Election decided. Result: candidate won. Election summary: received 1 responses out of 1 voters: 1 yes votes; 0 no votes. yes voters: 5fbef3ba10d6481bac975db052d4d399; no voters:
I0507 06:32:19.582868 9424 leader_election.cc:296] T 00000000000000000000000000000000 P 5fbef3ba10d6481bac975db052d4d399 [CANDIDATE]: Term 2 election: Requested vote from peers
I0507 06:32:19.583180 9428 raft_consensus.cc:2640] T 00000000000000000000000000000000 P 5fbef3ba10d6481bac975db052d4d399 [term 2 FOLLOWER]: Leader election won for term 2
I0507 06:32:19.584065 9428 raft_consensus.cc:667] T 00000000000000000000000000000000 P 5fbef3ba10d6481bac975db052d4d399 [term 2 LEADER]: Becoming Leader. State: Replica: 5fbef3ba10d6481bac975db052d4d399, State: Running, Role: LEADER
I0507 06:32:19.584594 9428 consensus_queue.cc:206] T 00000000000000000000000000000000 P 5fbef3ba10d6481bac975db052d4d399 [LEADER]: Queue going to LEADER mode. State: All replicated index: 0, Majority replicated index: 7, Committed index: 7, Last appended: 1.7, Last appended by leader: 7, Current term: 2, Majority size: 1, State: 0, Mode: LEADER, active raft config: opid_index: -1 OBSOLETE_local: true peers { permanent_uuid: "5fbef3ba10d6481bac975db052d4d399" member_type: VOTER }
I0507 06:32:19.586740 9424 sys_catalog.cc:337] T 00000000000000000000000000000000 P 5fbef3ba10d6481bac975db052d4d399 [sys.catalog]: SysCatalogTable state changed. Reason: Started TabletReplica. Latest consensus state: current_term: 2 leader_uuid: "5fbef3ba10d6481bac975db052d4d399" committed_config { opid_index: -1 OBSOLETE_local: true peers { permanent_uuid: "5fbef3ba10d6481bac975db052d4d399" member_type: VOTER } }
I0507 06:32:19.586953 9430 sys_catalog.cc:337] T 00000000000000000000000000000000 P 5fbef3ba10d6481bac975db052d4d399 [sys.catalog]: SysCatalogTable state changed. Reason: New leader 5fbef3ba10d6481bac975db052d4d399. Latest consensus state: current_term: 2 leader_uuid: "5fbef3ba10d6481bac975db052d4d399" committed_config { opid_index: -1 OBSOLETE_local: true peers { permanent_uuid: "5fbef3ba10d6481bac975db052d4d399" member_type: VOTER } }
I0507 06:32:19.587365 9430 sys_catalog.cc:340] T 00000000000000000000000000000000 P 5fbef3ba10d6481bac975db052d4d399 [sys.catalog]: This master's current role is: LEADER
I0507 06:32:19.587119 9429 sys_catalog.cc:337] T 00000000000000000000000000000000 P 5fbef3ba10d6481bac975db052d4d399 [sys.catalog]: SysCatalogTable state changed. Reason: RaftConsensus started. Latest consensus state: current_term: 2 leader_uuid: "5fbef3ba10d6481bac975db052d4d399" committed_config { opid_index: -1 OBSOLETE_local: true peers { permanent_uuid: "5fbef3ba10d6481bac975db052d4d399" member_type: VOTER } }
I0507 06:32:19.587306 9424 sys_catalog.cc:340] T 00000000000000000000000000000000 P 5fbef3ba10d6481bac975db052d4d399 [sys.catalog]: This master's current role is: LEADER
I0507 06:32:19.587453 9429 sys_catalog.cc:340] T 00000000000000000000000000000000 P 5fbef3ba10d6481bac975db052d4d399 [sys.catalog]: This master's current role is: LEADER
I0507 06:32:19.589179 9424 sys_catalog.cc:424] T 00000000000000000000000000000000 P 5fbef3ba10d6481bac975db052d4d399 [sys.catalog]: configured and running, proceeding with master startup.
I0507 06:32:19.589298 9432 catalog_manager.cc:1055] Loading table and tablet metadata into memory...
I0507 06:32:19.594200 9432 catalog_manager.cc:356] Loaded metadata for table TestTable [id=4245f699bfa84b548c6ed127e9d69518]
I0507 06:32:19.596065 9432 catalog_manager.cc:410] Loaded metadata for tablet 3a7d8f424df742599d3f6d48d9b1a37d (table TestTable [id=4245f699bfa84b548c6ed127e9d69518])
I0507 06:32:19.596271 9432 catalog_manager.cc:1066] Initializing Kudu internal certificate authority...
I0507 06:32:19.599341 9432 catalog_manager.cc:1075] Loading token signing keys...
I0507 06:32:19.600462 9432 catalog_manager.cc:4303] T 00000000000000000000000000000000 P 5fbef3ba10d6481bac975db052d4d399: Loaded TSK: 0
I0507 06:32:19.675412 9109 heartbeater.cc:345] Connected to a master server at 127.0.57.254:34231
I0507 06:32:19.675593 9109 heartbeater.cc:426] Registering TS with master...
I0507 06:32:19.676216 9109 heartbeater.cc:475] Master 127.0.57.254:34231 requested a full tablet report, sending...
I0507 06:32:19.678261 9391 ts_manager.cc:159] Registered new tserver with Master: bb5a49b22d4048608d9e7b762d749fb2 (127.0.57.197:44221)
I0507 06:32:19.680212 9391 master_service.cc:273] Signed X509 certificate for tserver {username='slave'} at 127.0.57.197:34255
I0507 06:32:19.834720 8943 raft_consensus.cc:2886] T 3a7d8f424df742599d3f6d48d9b1a37d P b5c46129f1994ab28f3710e8e392ceab [term 1 LEARNER]: Advancing to term 2
I0507 06:32:19.838115 8943 raft_consensus.cc:1181] T 3a7d8f424df742599d3f6d48d9b1a37d P b5c46129f1994ab28f3710e8e392ceab [term 2 LEARNER]: Refusing update from remote peer 3ce79ee2bb1348d6a36d8ce39df7d3aa: Log matching property violated. Preceding OpId in replica: term: 1 index: 8. Preceding OpId from leader: term: 2 index: 9. (index mismatch)
I0507 06:32:19.839519 9359 consensus_queue.cc:984] T 3a7d8f424df742599d3f6d48d9b1a37d P 3ce79ee2bb1348d6a36d8ce39df7d3aa [LEADER]: Connected to new peer: Peer: permanent_uuid: "b5c46129f1994ab28f3710e8e392ceab" member_type: NON_VOTER last_known_addr { host: "127.0.57.196" port: 34535 } attrs { promote: true }, Status: LMP_MISMATCH, Last received: 0.0, Next index: 9, Last known committed idx: 8, Time since last communication: 0.000s
I0507 06:32:19.846650 9364 raft_consensus.cc:974] T 3a7d8f424df742599d3f6d48d9b1a37d P 3ce79ee2bb1348d6a36d8ce39df7d3aa: attempting to promote NON_VOTER b5c46129f1994ab28f3710e8e392ceab to VOTER
W0507 06:32:19.846828 9364 raft_consensus.cc:978] T 3a7d8f424df742599d3f6d48d9b1a37d P 3ce79ee2bb1348d6a36d8ce39df7d3aa: Unable to promote non-voter b5c46129f1994ab28f3710e8e392ceab: Illegal state: Leader has not yet committed an operation in its own term
I0507 06:32:19.847663 8986 heartbeater.cc:345] Connected to a master server at 127.0.57.254:34231
I0507 06:32:19.847807 8986 heartbeater.cc:426] Registering TS with master...
I0507 06:32:19.848421 8986 heartbeater.cc:475] Master 127.0.57.254:34231 requested a full tablet report, sending...
I0507 06:32:19.850255 9391 ts_manager.cc:159] Registered new tserver with Master: b5c46129f1994ab28f3710e8e392ceab (127.0.57.196:34535)
I0507 06:32:19.851305 9391 catalog_manager.cc:3988] T 3a7d8f424df742599d3f6d48d9b1a37d P b5c46129f1994ab28f3710e8e392ceab reported cstate change: term changed from 1 to 2, leader changed from d9fd45507a8e435abc710b00a27538c6 (127.0.57.194) to 3ce79ee2bb1348d6a36d8ce39df7d3aa (127.0.57.193). New cstate: current_term: 2 leader_uuid: "3ce79ee2bb1348d6a36d8ce39df7d3aa" committed_config { opid_index: 8 OBSOLETE_local: false peers { permanent_uuid: "3ce79ee2bb1348d6a36d8ce39df7d3aa" member_type: VOTER last_known_addr { host: "127.0.57.193" port: 44481 } } peers { permanent_uuid: "d9fd45507a8e435abc710b00a27538c6" member_type: VOTER last_known_addr { host: "127.0.57.194" port: 44183 } } peers { permanent_uuid: "2781869a927549908dde07bc5019d0e4" member_type: VOTER last_known_addr { host: "127.0.57.195" port: 40501 } } peers { permanent_uuid: "b5c46129f1994ab28f3710e8e392ceab" member_type: NON_VOTER last_known_addr { host: "127.0.57.196" port: 34535 } attrs { promote: true } } }
I0507 06:32:19.870360 9391 master_service.cc:273] Signed X509 certificate for tserver {username='slave'} at 127.0.57.196:54225
I0507 06:32:19.938894 9232 heartbeater.cc:345] Connected to a master server at 127.0.57.254:34231
I0507 06:32:19.939059 9232 heartbeater.cc:426] Registering TS with master...
I0507 06:32:19.939651 9232 heartbeater.cc:475] Master 127.0.57.254:34231 requested a full tablet report, sending...
I0507 06:32:19.940788 9391 ts_manager.cc:159] Registered new tserver with Master: 3e033fe6ec6f4fe595bdcd8a95a9f4e8 (127.0.57.198:42585)
I0507 06:32:19.941967 9391 master_service.cc:273] Signed X509 certificate for tserver {username='slave'} at 127.0.57.198:34245
I0507 06:32:19.958755 8818 raft_consensus.cc:1181] T 3a7d8f424df742599d3f6d48d9b1a37d P d9fd45507a8e435abc710b00a27538c6 [term 2 FOLLOWER]: Refusing update from remote peer 3ce79ee2bb1348d6a36d8ce39df7d3aa: Log matching property violated. Preceding OpId in replica: term: 1 index: 8. Preceding OpId from leader: term: 2 index: 9. (index mismatch)
I0507 06:32:19.959555 9359 consensus_queue.cc:984] T 3a7d8f424df742599d3f6d48d9b1a37d P 3ce79ee2bb1348d6a36d8ce39df7d3aa [LEADER]: Connected to new peer: Peer: permanent_uuid: "d9fd45507a8e435abc710b00a27538c6" member_type: VOTER last_known_addr { host: "127.0.57.194" port: 44183 }, Status: LMP_MISMATCH, Last received: 0.0, Next index: 9, Last known committed idx: 8, Time since last communication: 0.000s
I0507 06:32:19.970427 8861 heartbeater.cc:345] Connected to a master server at 127.0.57.254:34231
I0507 06:32:19.970577 8861 heartbeater.cc:426] Registering TS with master...
I0507 06:32:19.971217 8861 heartbeater.cc:475] Master 127.0.57.254:34231 requested a full tablet report, sending...
I0507 06:32:19.977442 9391 ts_manager.cc:159] Registered new tserver with Master: d9fd45507a8e435abc710b00a27538c6 (127.0.57.194:44183)
I0507 06:32:19.978878 9391 master_service.cc:273] Signed X509 certificate for tserver {username='slave'} at 127.0.57.194:59501
I0507 06:32:19.980795 8861 heartbeater.cc:467] Master 127.0.57.254:34231 was elected leader, sending a full tablet report...
I0507 06:32:19.981420 8986 heartbeater.cc:467] Master 127.0.57.254:34231 was elected leader, sending a full tablet report...
I0507 06:32:19.982367 9359 raft_consensus.cc:974] T 3a7d8f424df742599d3f6d48d9b1a37d P 3ce79ee2bb1348d6a36d8ce39df7d3aa: attempting to promote NON_VOTER b5c46129f1994ab28f3710e8e392ceab to VOTER
I0507 06:32:19.983311 9359 consensus_queue.cc:206] T 3a7d8f424df742599d3f6d48d9b1a37d P 3ce79ee2bb1348d6a36d8ce39df7d3aa [LEADER]: Queue going to LEADER mode. State: All replicated index: 0, Majority replicated index: 9, Committed index: 9, Last appended: 2.9, Last appended by leader: 8, Current term: 2, Majority size: 3, State: 0, Mode: LEADER, active raft config: opid_index: 10 OBSOLETE_local: false peers { permanent_uuid: "3ce79ee2bb1348d6a36d8ce39df7d3aa" member_type: VOTER last_known_addr { host: "127.0.57.193" port: 44481 } } peers { permanent_uuid: "d9fd45507a8e435abc710b00a27538c6" member_type: VOTER last_known_addr { host: "127.0.57.194" port: 44183 } } peers { permanent_uuid: "2781869a927549908dde07bc5019d0e4" member_type: VOTER last_known_addr { host: "127.0.57.195" port: 40501 } } peers { permanent_uuid: "b5c46129f1994ab28f3710e8e392ceab" member_type: VOTER last_known_addr { host: "127.0.57.196" port: 34535 } attrs { promote: false } }
I0507 06:32:19.985004 8736 heartbeater.cc:345] Connected to a master server at 127.0.57.254:34231
I0507 06:32:19.985148 8736 heartbeater.cc:426] Registering TS with master...
I0507 06:32:19.985529 8943 raft_consensus.cc:1181] T 3a7d8f424df742599d3f6d48d9b1a37d P b5c46129f1994ab28f3710e8e392ceab [term 2 LEARNER]: Refusing update from remote peer 3ce79ee2bb1348d6a36d8ce39df7d3aa: Log matching property violated. Preceding OpId in replica: term: 2 index: 9. Preceding OpId from leader: term: 2 index: 10. (index mismatch)
W0507 06:32:19.985635 8624 consensus_peers.cc:457] T 3a7d8f424df742599d3f6d48d9b1a37d P 3ce79ee2bb1348d6a36d8ce39df7d3aa -> Peer 2781869a927549908dde07bc5019d0e4 (127.0.57.195:40501): Couldn't send request to peer 2781869a927549908dde07bc5019d0e4. Status: Network error: Client connection negotiation failed: client connection to 127.0.57.195:40501: connect: Connection refused (error 111). This is attempt 1: this message will repeat every 5th retry.
I0507 06:32:19.985767 8736 heartbeater.cc:475] Master 127.0.57.254:34231 requested a full tablet report, sending...
I0507 06:32:19.986052 9446 consensus_queue.cc:984] T 3a7d8f424df742599d3f6d48d9b1a37d P 3ce79ee2bb1348d6a36d8ce39df7d3aa [LEADER]: Connected to new peer: Peer: permanent_uuid: "b5c46129f1994ab28f3710e8e392ceab" member_type: VOTER last_known_addr { host: "127.0.57.196" port: 34535 } attrs { promote: false }, Status: LMP_MISMATCH, Last received: 0.0, Next index: 10, Last known committed idx: 9, Time since last communication: 0.000s
I0507 06:32:19.987476 9390 ts_manager.cc:159] Registered new tserver with Master: 3ce79ee2bb1348d6a36d8ce39df7d3aa (127.0.57.193:44481)
I0507 06:32:19.988682 9390 master_service.cc:273] Signed X509 certificate for tserver {username='slave'} at 127.0.57.193:46319
I0507 06:32:19.988734 8818 raft_consensus.cc:1181] T 3a7d8f424df742599d3f6d48d9b1a37d P d9fd45507a8e435abc710b00a27538c6 [term 2 FOLLOWER]: Refusing update from remote peer 3ce79ee2bb1348d6a36d8ce39df7d3aa: Log matching property violated. Preceding OpId in replica: term: 2 index: 9. Preceding OpId from leader: term: 2 index: 10. (index mismatch)
I0507 06:32:19.989460 9359 consensus_queue.cc:984] T 3a7d8f424df742599d3f6d48d9b1a37d P 3ce79ee2bb1348d6a36d8ce39df7d3aa [LEADER]: Connected to new peer: Peer: permanent_uuid: "d9fd45507a8e435abc710b00a27538c6" member_type: VOTER last_known_addr { host: "127.0.57.194" port: 44183 }, Status: LMP_MISMATCH, Last received: 0.0, Next index: 10, Last known committed idx: 9, Time since last communication: 0.000s
I0507 06:32:19.990629 8736 heartbeater.cc:467] Master 127.0.57.254:34231 was elected leader, sending a full tablet report...
I0507 06:32:19.991631 9364 raft_consensus.cc:2788] T 3a7d8f424df742599d3f6d48d9b1a37d P 3ce79ee2bb1348d6a36d8ce39df7d3aa [term 2 LEADER]: Committing config change with OpId 2.10: config changed from index 8 to 10, b5c46129f1994ab28f3710e8e392ceab (127.0.57.196) changed from NON_VOTER to VOTER. New config: { opid_index: 10 OBSOLETE_local: false peers { permanent_uuid: "3ce79ee2bb1348d6a36d8ce39df7d3aa" member_type: VOTER last_known_addr { host: "127.0.57.193" port: 44481 } } peers { permanent_uuid: "d9fd45507a8e435abc710b00a27538c6" member_type: VOTER last_known_addr { host: "127.0.57.194" port: 44183 } } peers { permanent_uuid: "2781869a927549908dde07bc5019d0e4" member_type: VOTER last_known_addr { host: "127.0.57.195" port: 40501 } } peers { permanent_uuid: "b5c46129f1994ab28f3710e8e392ceab" member_type: VOTER last_known_addr { host: "127.0.57.196" port: 34535 } attrs { promote: false } } }
I0507 06:32:19.995203 8943 raft_consensus.cc:2788] T 3a7d8f424df742599d3f6d48d9b1a37d P b5c46129f1994ab28f3710e8e392ceab [term 2 FOLLOWER]: Committing config change with OpId 2.10: config changed from index 8 to 10, b5c46129f1994ab28f3710e8e392ceab (127.0.57.196) changed from NON_VOTER to VOTER. New config: { opid_index: 10 OBSOLETE_local: false peers { permanent_uuid: "3ce79ee2bb1348d6a36d8ce39df7d3aa" member_type: VOTER last_known_addr { host: "127.0.57.193" port: 44481 } } peers { permanent_uuid: "d9fd45507a8e435abc710b00a27538c6" member_type: VOTER last_known_addr { host: "127.0.57.194" port: 44183 } } peers { permanent_uuid: "2781869a927549908dde07bc5019d0e4" member_type: VOTER last_known_addr { host: "127.0.57.195" port: 40501 } } peers { permanent_uuid: "b5c46129f1994ab28f3710e8e392ceab" member_type: VOTER last_known_addr { host: "127.0.57.196" port: 34535 } attrs { promote: false } } }
I0507 06:32:19.995069 8818 raft_consensus.cc:2788] T 3a7d8f424df742599d3f6d48d9b1a37d P d9fd45507a8e435abc710b00a27538c6 [term 2 FOLLOWER]: Committing config change with OpId 2.10: config changed from index 8 to 10, b5c46129f1994ab28f3710e8e392ceab (127.0.57.196) changed from NON_VOTER to VOTER. New config: { opid_index: 10 OBSOLETE_local: false peers { permanent_uuid: "3ce79ee2bb1348d6a36d8ce39df7d3aa" member_type: VOTER last_known_addr { host: "127.0.57.193" port: 44481 } } peers { permanent_uuid: "d9fd45507a8e435abc710b00a27538c6" member_type: VOTER last_known_addr { host: "127.0.57.194" port: 44183 } } peers { permanent_uuid: "2781869a927549908dde07bc5019d0e4" member_type: VOTER last_known_addr { host: "127.0.57.195" port: 40501 } } peers { permanent_uuid: "b5c46129f1994ab28f3710e8e392ceab" member_type: VOTER last_known_addr { host: "127.0.57.196" port: 34535 } attrs { promote: false } } }
I0507 06:32:19.996101 9391 catalog_manager.cc:3988] T 3a7d8f424df742599d3f6d48d9b1a37d P 3ce79ee2bb1348d6a36d8ce39df7d3aa reported cstate change: config changed from index 8 to 10, b5c46129f1994ab28f3710e8e392ceab (127.0.57.196) changed from NON_VOTER to VOTER. New cstate: current_term: 2 leader_uuid: "3ce79ee2bb1348d6a36d8ce39df7d3aa" committed_config { opid_index: 10 OBSOLETE_local: false peers { permanent_uuid: "3ce79ee2bb1348d6a36d8ce39df7d3aa" member_type: VOTER last_known_addr { host: "127.0.57.193" port: 44481 } health_report { overall_health: HEALTHY } } peers { permanent_uuid: "d9fd45507a8e435abc710b00a27538c6" member_type: VOTER last_known_addr { host: "127.0.57.194" port: 44183 } health_report { overall_health: HEALTHY } } peers { permanent_uuid: "2781869a927549908dde07bc5019d0e4" member_type: VOTER last_known_addr { host: "127.0.57.195" port: 40501 } health_report { overall_health: UNKNOWN } } peers { permanent_uuid: "b5c46129f1994ab28f3710e8e392ceab" member_type: VOTER last_known_addr { host: "127.0.57.196" port: 34535 } attrs { promote: false } health_report { overall_health: HEALTHY } } }
I0507 06:32:20.000315 9391 catalog_manager.cc:3739] Sending ChangeConfig:REMOVE_PEER on tablet 3a7d8f424df742599d3f6d48d9b1a37d (attempt 1)
I0507 06:32:20.003362 9388 catalog_manager.cc:3739] Sending ChangeConfig:REMOVE_PEER on tablet 3a7d8f424df742599d3f6d48d9b1a37d (attempt 1)
I0507 06:32:20.009224 8692 consensus_queue.cc:206] T 3a7d8f424df742599d3f6d48d9b1a37d P 3ce79ee2bb1348d6a36d8ce39df7d3aa [LEADER]: Queue going to LEADER mode. State: All replicated index: 0, Majority replicated index: 10, Committed index: 10, Last appended: 2.10, Last appended by leader: 8, Current term: 2, Majority size: 2, State: 0, Mode: LEADER, active raft config: opid_index: 11 OBSOLETE_local: false peers { permanent_uuid: "3ce79ee2bb1348d6a36d8ce39df7d3aa" member_type: VOTER last_known_addr { host: "127.0.57.193" port: 44481 } } peers { permanent_uuid: "d9fd45507a8e435abc710b00a27538c6" member_type: VOTER last_known_addr { host: "127.0.57.194" port: 44183 } } peers { permanent_uuid: "b5c46129f1994ab28f3710e8e392ceab" member_type: VOTER last_known_addr { host: "127.0.57.196" port: 34535 } attrs { promote: false } }
I0507 06:32:20.011355 8943 raft_consensus.cc:1181] T 3a7d8f424df742599d3f6d48d9b1a37d P b5c46129f1994ab28f3710e8e392ceab [term 2 FOLLOWER]: Refusing update from remote peer 3ce79ee2bb1348d6a36d8ce39df7d3aa: Log matching property violated. Preceding OpId in replica: term: 2 index: 10. Preceding OpId from leader: term: 2 index: 11. (index mismatch)
I0507 06:32:20.011869 9359 consensus_queue.cc:984] T 3a7d8f424df742599d3f6d48d9b1a37d P 3ce79ee2bb1348d6a36d8ce39df7d3aa [LEADER]: Connected to new peer: Peer: permanent_uuid: "b5c46129f1994ab28f3710e8e392ceab" member_type: VOTER last_known_addr { host: "127.0.57.196" port: 34535 } attrs { promote: false }, Status: LMP_MISMATCH, Last received: 0.0, Next index: 11, Last known committed idx: 10, Time since last communication: 0.000s
I0507 06:32:20.011963 9372 catalog_manager.cc:3548] ChangeConfig:REMOVE_PEER RPC for tablet 3a7d8f424df742599d3f6d48d9b1a37d with cas_config_opid_index 10: ChangeConfig:REMOVE_PEER failed with leader 3ce79ee2bb1348d6a36d8ce39df7d3aa (127.0.57.193:44481) due to error UNKNOWN_ERROR; will retry: Illegal state: RaftConfig change currently pending. Only one is allowed at a time. Committed config: opid_index: 10 OBSOLETE_local: false peers { permanent_uuid: "3ce79ee2bb1348d6a36d8ce39df7d3aa" member_type: VOTER last_known_addr { host: "127.0.57.193" port: 44481 } } peers { permanent_uuid: "d9fd45507a8e435abc710b00a27538c6" member_type: VOTER last_known_addr { host: "127.0.57.194" port: 44183 } } peers { permanent_uuid: "2781869a927549908dde07bc5019d0e4" member_type: VOTER last_known_addr { host: "127.0.57.195" port: 40501 } } peers { permanent_uuid: "b5c46129f1994ab28f3710e8e392ceab" member_type: VOTER last_known_addr { host: "127.0.57.196" port: 34535 } attrs { promote: false } }. Pending config: opid_index: 11 OBSOLETE_local: false peers { permanent_uuid: "3ce79ee2bb1348d6a36d8ce39df7d3aa" member_type: VOTER last_known_addr { host: "127.0.57.193" port: 44481 } } peers { permanent_uuid: "d9fd45507a8e435abc710b00a27538c6" member_type: VOTER last_known_addr { host: "127.0.57.194" port: 44183 } } peers { permanent_uuid: "b5c46129f1994ab28f3710e8e392ceab" member_type: VOTER last_known_addr { host: "127.0.57.196" port: 34535 } attrs { promote: false } }
I0507 06:32:20.012084 9372 catalog_manager.cc:3168] Scheduling retry of ChangeConfig:REMOVE_PEER RPC for tablet 3a7d8f424df742599d3f6d48d9b1a37d with cas_config_opid_index 10 with a delay of 35 ms (attempt = 1)
I0507 06:32:20.012619 8818 raft_consensus.cc:1181] T 3a7d8f424df742599d3f6d48d9b1a37d P d9fd45507a8e435abc710b00a27538c6 [term 2 FOLLOWER]: Refusing update from remote peer 3ce79ee2bb1348d6a36d8ce39df7d3aa: Log matching property violated. Preceding OpId in replica: term: 2 index: 10. Preceding OpId from leader: term: 2 index: 11. (index mismatch)
I0507 06:32:20.013056 9359 consensus_queue.cc:984] T 3a7d8f424df742599d3f6d48d9b1a37d P 3ce79ee2bb1348d6a36d8ce39df7d3aa [LEADER]: Connected to new peer: Peer: permanent_uuid: "d9fd45507a8e435abc710b00a27538c6" member_type: VOTER last_known_addr { host: "127.0.57.194" port: 44183 }, Status: LMP_MISMATCH, Last received: 0.0, Next index: 11, Last known committed idx: 10, Time since last communication: 0.000s
I0507 06:32:20.013986 9450 raft_consensus.cc:2788] T 3a7d8f424df742599d3f6d48d9b1a37d P 3ce79ee2bb1348d6a36d8ce39df7d3aa [term 2 LEADER]: Committing config change with OpId 2.11: config changed from index 10 to 11, VOTER 2781869a927549908dde07bc5019d0e4 (127.0.57.195) evicted. New config: { opid_index: 11 OBSOLETE_local: false peers { permanent_uuid: "3ce79ee2bb1348d6a36d8ce39df7d3aa" member_type: VOTER last_known_addr { host: "127.0.57.193" port: 44481 } } peers { permanent_uuid: "d9fd45507a8e435abc710b00a27538c6" member_type: VOTER last_known_addr { host: "127.0.57.194" port: 44183 } } peers { permanent_uuid: "b5c46129f1994ab28f3710e8e392ceab" member_type: VOTER last_known_addr { host: "127.0.57.196" port: 34535 } attrs { promote: false } } }
I0507 06:32:20.014554 8943 raft_consensus.cc:2788] T 3a7d8f424df742599d3f6d48d9b1a37d P b5c46129f1994ab28f3710e8e392ceab [term 2 FOLLOWER]: Committing config change with OpId 2.11: config changed from index 10 to 11, VOTER 2781869a927549908dde07bc5019d0e4 (127.0.57.195) evicted. New config: { opid_index: 11 OBSOLETE_local: false peers { permanent_uuid: "3ce79ee2bb1348d6a36d8ce39df7d3aa" member_type: VOTER last_known_addr { host: "127.0.57.193" port: 44481 } } peers { permanent_uuid: "d9fd45507a8e435abc710b00a27538c6" member_type: VOTER last_known_addr { host: "127.0.57.194" port: 44183 } } peers { permanent_uuid: "b5c46129f1994ab28f3710e8e392ceab" member_type: VOTER last_known_addr { host: "127.0.57.196" port: 34535 } attrs { promote: false } } }
I0507 06:32:20.015950 8818 raft_consensus.cc:2788] T 3a7d8f424df742599d3f6d48d9b1a37d P d9fd45507a8e435abc710b00a27538c6 [term 2 FOLLOWER]: Committing config change with OpId 2.11: config changed from index 10 to 11, VOTER 2781869a927549908dde07bc5019d0e4 (127.0.57.195) evicted. New config: { opid_index: 11 OBSOLETE_local: false peers { permanent_uuid: "3ce79ee2bb1348d6a36d8ce39df7d3aa" member_type: VOTER last_known_addr { host: "127.0.57.193" port: 44481 } } peers { permanent_uuid: "d9fd45507a8e435abc710b00a27538c6" member_type: VOTER last_known_addr { host: "127.0.57.194" port: 44183 } } peers { permanent_uuid: "b5c46129f1994ab28f3710e8e392ceab" member_type: VOTER last_known_addr { host: "127.0.57.196" port: 34535 } attrs { promote: false } } }
I0507 06:32:20.016747 9372 catalog_manager.cc:3531] ChangeConfig:REMOVE_PEER RPC for tablet 3a7d8f424df742599d3f6d48d9b1a37d with cas_config_opid_index 10: ChangeConfig:REMOVE_PEER succeeded (attempt 1)
I0507 06:32:20.017927 9388 catalog_manager.cc:3988] T 3a7d8f424df742599d3f6d48d9b1a37d P 3ce79ee2bb1348d6a36d8ce39df7d3aa reported cstate change: config changed from index 10 to 11, VOTER 2781869a927549908dde07bc5019d0e4 (127.0.57.195) evicted. New cstate: current_term: 2 leader_uuid: "3ce79ee2bb1348d6a36d8ce39df7d3aa" committed_config { opid_index: 11 OBSOLETE_local: false peers { permanent_uuid: "3ce79ee2bb1348d6a36d8ce39df7d3aa" member_type: VOTER last_known_addr { host: "127.0.57.193" port: 44481 } health_report { overall_health: HEALTHY } } peers { permanent_uuid: "d9fd45507a8e435abc710b00a27538c6" member_type: VOTER last_known_addr { host: "127.0.57.194" port: 44183 } health_report { overall_health: HEALTHY } } peers { permanent_uuid: "b5c46129f1994ab28f3710e8e392ceab" member_type: VOTER last_known_addr { host: "127.0.57.196" port: 34535 } attrs { promote: false } health_report { overall_health: HEALTHY } } }
I0507 06:32:20.021040 9388 catalog_manager.cc:3168] Scheduling retry of 3a7d8f424df742599d3f6d48d9b1a37d Delete Tablet RPC for TS=2781869a927549908dde07bc5019d0e4 with a delay of 54 ms (attempt = 1)
W0507 06:32:20.021158 9388 catalog_manager.cc:4147] Failed to send 3a7d8f424df742599d3f6d48d9b1a37d Delete Tablet RPC for TS=2781869a927549908dde07bc5019d0e4: Not found: failed to reset TS proxy: Could not find TS for UUID 2781869a927549908dde07bc5019d0e4
I0507 06:32:20.048279 9372 catalog_manager.cc:3564] ChangeConfig:REMOVE_PEER RPC for tablet 3a7d8f424df742599d3f6d48d9b1a37d with cas_config_opid_index 10: aborting the task: latest config opid_index 11; task opid_index 10
I0507 06:32:20.075390 9375 catalog_manager.cc:3168] Scheduling retry of 3a7d8f424df742599d3f6d48d9b1a37d Delete Tablet RPC for TS=2781869a927549908dde07bc5019d0e4 with a delay of 58 ms (attempt = 2)
W0507 06:32:20.075498 9375 catalog_manager.cc:3187] Async tablet task 3a7d8f424df742599d3f6d48d9b1a37d Delete Tablet RPC for TS=2781869a927549908dde07bc5019d0e4 failed: Not found: failed to reset TS proxy: Could not find TS for UUID 2781869a927549908dde07bc5019d0e4
I0507 06:32:20.134399 9375 catalog_manager.cc:3168] Scheduling retry of 3a7d8f424df742599d3f6d48d9b1a37d Delete Tablet RPC for TS=2781869a927549908dde07bc5019d0e4 with a delay of 97 ms (attempt = 3)
W0507 06:32:20.134505 9375 catalog_manager.cc:3187] Async tablet task 3a7d8f424df742599d3f6d48d9b1a37d Delete Tablet RPC for TS=2781869a927549908dde07bc5019d0e4 failed: Not found: failed to reset TS proxy: Could not find TS for UUID 2781869a927549908dde07bc5019d0e4
I0507 06:32:20.232038 9375 catalog_manager.cc:3168] Scheduling retry of 3a7d8f424df742599d3f6d48d9b1a37d Delete Tablet RPC for TS=2781869a927549908dde07bc5019d0e4 with a delay of 147 ms (attempt = 4)
W0507 06:32:20.232159 9375 catalog_manager.cc:3187] Async tablet task 3a7d8f424df742599d3f6d48d9b1a37d Delete Tablet RPC for TS=2781869a927549908dde07bc5019d0e4 failed: Not found: failed to reset TS proxy: Could not find TS for UUID 2781869a927549908dde07bc5019d0e4
I0507 06:32:20.259017 9355 heartbeater.cc:345] Connected to a master server at 127.0.57.254:34231
I0507 06:32:20.259208 9355 heartbeater.cc:426] Registering TS with master...
I0507 06:32:20.259801 9355 heartbeater.cc:475] Master 127.0.57.254:34231 requested a full tablet report, sending...
I0507 06:32:20.261019 9390 ts_manager.cc:159] Registered new tserver with Master: 44a1757d4e604357a1991e808f009e56 (127.0.57.199:44671)
I0507 06:32:20.262061 9390 master_service.cc:273] Signed X509 certificate for tserver {username='slave'} at 127.0.57.199:33387
I0507 06:32:20.263758 231 external_mini_cluster.cc:623] 6 TS(s) registered with all masters
I0507 06:32:20.266971 231 ts_itest-base.cc:232] Waiting for 1 tablets on tserver 3ce79ee2bb1348d6a36d8ce39df7d3aa to finish bootstrapping
I0507 06:32:20.274264 231 ts_itest-base.cc:232] Waiting for 1 tablets on tserver d9fd45507a8e435abc710b00a27538c6 to finish bootstrapping
I0507 06:32:20.280856 231 ts_itest-base.cc:232] Waiting for 0 tablets on tserver 2781869a927549908dde07bc5019d0e4 to finish bootstrapping
I0507 06:32:20.281888 231 ts_itest-base.cc:232] Waiting for 1 tablets on tserver b5c46129f1994ab28f3710e8e392ceab to finish bootstrapping
I0507 06:32:20.295589 231 ts_itest-base.cc:232] Waiting for 0 tablets on tserver bb5a49b22d4048608d9e7b762d749fb2 to finish bootstrapping
I0507 06:32:20.305944 231 ts_itest-base.cc:232] Waiting for 0 tablets on tserver 3e033fe6ec6f4fe595bdcd8a95a9f4e8 to finish bootstrapping
I0507 06:32:20.319785 231 ts_itest-base.cc:232] Waiting for 0 tablets on tserver 44a1757d4e604357a1991e808f009e56 to finish bootstrapping
I0507 06:32:20.346386 231 external_mini_cluster.cc:1172] Attempting to check leaks for /tmp/dist-test-taskKhSYji/build/asan/bin/kudu-tserver pid 8615
I0507 06:32:20.347254 8733 generic_service.cc:171] Checking for leaks (request via RPC)
I0507 06:32:20.379464 9375 catalog_manager.cc:3168] Scheduling retry of 3a7d8f424df742599d3f6d48d9b1a37d Delete Tablet RPC for TS=2781869a927549908dde07bc5019d0e4 with a delay of 289 ms (attempt = 5)
W0507 06:32:20.379613 9375 catalog_manager.cc:3187] Async tablet task 3a7d8f424df742599d3f6d48d9b1a37d Delete Tablet RPC for TS=2781869a927549908dde07bc5019d0e4 failed: Not found: failed to reset TS proxy: Could not find TS for UUID 2781869a927549908dde07bc5019d0e4
I0507 06:32:20.398914 231 external_mini_cluster.cc:1131] Killing /tmp/dist-test-taskKhSYji/build/asan/bin/kudu-tserver with pid 8615
I0507 06:32:20.412253 231 external_mini_cluster.cc:1172] Attempting to check leaks for /tmp/dist-test-taskKhSYji/build/asan/bin/kudu-tserver pid 8740
I0507 06:32:20.413338 8858 generic_service.cc:171] Checking for leaks (request via RPC)
I0507 06:32:20.465009 231 external_mini_cluster.cc:1131] Killing /tmp/dist-test-taskKhSYji/build/asan/bin/kudu-tserver with pid 8740
I0507 06:32:20.475966 231 external_mini_cluster.cc:1172] Attempting to check leaks for /tmp/dist-test-taskKhSYji/build/asan/bin/kudu-tserver pid 8865
I0507 06:32:20.477236 8983 generic_service.cc:171] Checking for leaks (request via RPC)
I0507 06:32:20.529021 231 external_mini_cluster.cc:1131] Killing /tmp/dist-test-taskKhSYji/build/asan/bin/kudu-tserver with pid 8865
I0507 06:32:20.539583 231 external_mini_cluster.cc:1172] Attempting to check leaks for /tmp/dist-test-taskKhSYji/build/asan/bin/kudu-tserver pid 8989
I0507 06:32:20.540825 9106 generic_service.cc:171] Checking for leaks (request via RPC)
