I0507 06:28:51.129799 3754 fs_manager.cc:602] Generated new instance metadata in path /tmp/dist-test-taskKhSYji/test-tmp/raft_consensus_nonvoter-itest.0.RaftConsensusNonVoterITest.PromoteAndDemote.1557210500371863-231/raft_consensus-itest-cluster/ts-3/data/instance: uuid: "eeb9cd29752c4282b6955954cf29243a" format_stamp: "Formatted at 2019-05-07 06:28:51 on dist-test-slave-dist-test-slave-rqp6"
I0507 06:28:51.130393 3754 fs_manager.cc:602] Generated new instance metadata in path /tmp/dist-test-taskKhSYji/test-tmp/raft_consensus_nonvoter-itest.0.RaftConsensusNonVoterITest.PromoteAndDemote.1557210500371863-231/raft_consensus-itest-cluster/ts-3/wal/instance: uuid: "eeb9cd29752c4282b6955954cf29243a" format_stamp: "Formatted at 2019-05-07 06:28:51 on dist-test-slave-dist-test-slave-rqp6"
I0507 06:28:51.137689 3754 fs_manager.cc:503] Time spent creating directory manager: real 0.007s user 0.002s sys 0.005s
I0507 06:28:51.138876 3754 env_posix.cc:1676] Not raising this process' open files per process limit of 1048576; it is already as high as it can go
I0507 06:28:51.139564 3754 file_cache.cc:466] Constructed file cache lbm with capacity 419430
I0507 06:28:51.142668 3754 fs_manager.cc:419] Time spent opening block manager: real 0.002s user 0.000s sys 0.001s
I0507 06:28:51.142756 3754 fs_manager.cc:436] Opened local filesystem: /tmp/dist-test-taskKhSYji/test-tmp/raft_consensus_nonvoter-itest.0.RaftConsensusNonVoterITest.PromoteAndDemote.1557210500371863-231/raft_consensus-itest-cluster/ts-3/data,/tmp/dist-test-taskKhSYji/test-tmp/raft_consensus_nonvoter-itest.0.RaftConsensusNonVoterITest.PromoteAndDemote.1557210500371863-231/raft_consensus-itest-cluster/ts-3/wal uuid: "eeb9cd29752c4282b6955954cf29243a" format_stamp: "Formatted at 2019-05-07 06:28:51 on dist-test-slave-dist-test-slave-rqp6"
I0507 06:28:51.142951 3754 fs_report.cc:352] FS layout report -------------------- wal directory: /tmp/dist-test-taskKhSYji/test-tmp/raft_consensus_nonvoter-itest.0.RaftConsensusNonVoterITest.PromoteAndDemote.1557210500371863-231/raft_consensus-itest-cluster/ts-3/wal metadata directory: /tmp/dist-test-taskKhSYji/test-tmp/raft_consensus_nonvoter-itest.0.RaftConsensusNonVoterITest.PromoteAndDemote.1557210500371863-231/raft_consensus-itest-cluster/ts-3/wal 1 data directories: /tmp/dist-test-taskKhSYji/test-tmp/raft_consensus_nonvoter-itest.0.RaftConsensusNonVoterITest.PromoteAndDemote.1557210500371863-231/raft_consensus-itest-cluster/ts-3/data/data Total live blocks: 0 Total live bytes: 0 Total live bytes (after alignment): 0 Total number of LBM containers: 0 (0 full) Did not check for missing blocks Did not check for orphaned blocks Total full LBM containers with extra space: 0 (0 repaired) Total full LBM container extra space in bytes: 0 (0 repaired) Total incomplete LBM containers: 0 (0 repaired) Total LBM partial records: 0 (0 repaired)
I0507 06:28:51.186189 3754 env_posix.cc:1676] Not raising this process' running threads per effective uid limit of 18446744073709551615; it is already as high as it can go
I0507 06:28:51.187918 3754 ts_tablet_manager.cc:356] Loaded tablet metadata (0 total tablets, 0 live tablets)
I0507 06:28:51.188014 3754 ts_tablet_manager.cc:376] Registered 0 tablets
I0507 06:28:51.216979 3754 rpc_server.cc:205] RPC server started. Bound to: 127.0.57.196:40737
I0507 06:28:51.218174 3754 webserver.cc:308] Webserver started at http://127.0.57.196:41011/ using document root and password file
I0507 06:28:51.218849 3754 server_base.cc:608] Dumped server information to /tmp/dist-test-taskKhSYji/test-tmp/raft_consensus_nonvoter-itest.0.RaftConsensusNonVoterITest.PromoteAndDemote.1557210500371863-231/raft_consensus-itest-cluster/ts-3/data/info.pb
I0507 06:28:51.223618 231 external_mini_cluster.cc:995] Started /tmp/dist-test-taskKhSYji/build/asan/bin/kudu-tserver as pid 3754
I0507 06:28:51.234206 3873 heartbeater.cc:345] Connected to a master server at 127.0.57.254:39451
I0507 06:28:51.234478 3873 heartbeater.cc:426] Registering TS with master...
I0507 06:28:51.235107 3873 heartbeater.cc:475] Master 127.0.57.254:39451 requested a full tablet report, sending...
I0507 06:28:51.236393 3343 ts_manager.cc:159] Registered new tserver with Master: eeb9cd29752c4282b6955954cf29243a (127.0.57.196:40737)
I0507 06:28:51.237509 3343 master_service.cc:273] Signed X509 certificate for tserver {username='slave'} at 127.0.57.196:38815
I0507 06:28:51.340382 3497 heartbeater.cc:426] Registering TS with master...
I0507 06:28:51.340819 3497 heartbeater.cc:475] Master 127.0.57.254:39451 requested a full tablet report, sending...
I0507 06:28:51.341842 3343 ts_manager.cc:159] Registered new tserver with Master: 170627b774264bb6ab30a5080638e05f (127.0.57.193:46551)
I0507 06:28:51.342882 3343 master_service.cc:273] Signed X509 certificate for tserver {username='slave'} at 127.0.57.193:35901
I0507 06:28:51.673339 3620 heartbeater.cc:426] Registering TS with master...
I0507 06:28:51.673733 3620 heartbeater.cc:475] Master 127.0.57.254:39451 requested a full tablet report, sending...
I0507 06:28:51.674681 3343 ts_manager.cc:159] Registered new tserver with Master: c8068fde2be746779966e9a1037d779c (127.0.57.194:40627)
I0507 06:28:51.675653 3343 master_service.cc:273] Signed X509 certificate for tserver {username='slave'} at 127.0.57.194:53071
I0507 06:28:51.676404 231 external_mini_cluster.cc:623] 4 TS(s) registered with all masters
I0507 06:28:51.687577 3342 catalog_manager.cc:1415] Servicing CreateTable request from {username='slave'} at 127.0.0.1:38798: name: "TestTable" schema { columns { name: "key" type: INT32 is_key: true is_nullable: false encoding: AUTO_ENCODING compression: DEFAULT_COMPRESSION cfile_block_size: 0 } columns { name: "int_val" type: INT32 is_key: false is_nullable: false encoding: AUTO_ENCODING compression: DEFAULT_COMPRESSION cfile_block_size: 0 } columns { name: "string_val" type: STRING is_key: false is_nullable: true encoding: AUTO_ENCODING compression: DEFAULT_COMPRESSION cfile_block_size: 0 } } num_replicas: 3 split_rows_range_bounds { } partition_schema { range_schema { columns { name: "key" } } }
I0507 06:28:51.718421 3810 tablet_service.cc:1016] Processing CreateTablet for tablet dd440bce55914e85a2058ea4a1592ef0 (table=TestTable [id=736ce4d3f4d8476bacf42dd4da17bced]), partition=RANGE (key) PARTITION UNBOUNDED
I0507 06:28:51.719322 3810 data_dirs.cc:938] Could only allocate 1 dirs of requested 3 for tablet dd440bce55914e85a2058ea4a1592ef0. 1 dirs total, 0 dirs full, 0 dirs failed
I0507 06:28:51.719436 3688 tablet_service.cc:1016] Processing CreateTablet for tablet dd440bce55914e85a2058ea4a1592ef0 (table=TestTable [id=736ce4d3f4d8476bacf42dd4da17bced]), partition=RANGE (key) PARTITION UNBOUNDED
I0507 06:28:51.720221 3688 data_dirs.cc:938] Could only allocate 1 dirs of requested 3 for tablet dd440bce55914e85a2058ea4a1592ef0. 1 dirs total, 0 dirs full, 0 dirs failed
I0507 06:28:51.720337 3557 tablet_service.cc:1016] Processing CreateTablet for tablet dd440bce55914e85a2058ea4a1592ef0 (table=TestTable [id=736ce4d3f4d8476bacf42dd4da17bced]), partition=RANGE (key) PARTITION UNBOUNDED
I0507 06:28:51.721323 3557 data_dirs.cc:938] Could only allocate 1 dirs of requested 3 for tablet dd440bce55914e85a2058ea4a1592ef0. 1 dirs total, 0 dirs full, 0 dirs failed
I0507 06:28:51.729040 3892 tablet_bootstrap.cc:439] T dd440bce55914e85a2058ea4a1592ef0 P eeb9cd29752c4282b6955954cf29243a: Bootstrap starting.
I0507 06:28:51.729692 3893 tablet_bootstrap.cc:439] T dd440bce55914e85a2058ea4a1592ef0 P 5855917eaa4d4a4c96f9c0e36124ea7c: Bootstrap starting.
I0507 06:28:51.732038 3892 tablet_bootstrap.cc:590] T dd440bce55914e85a2058ea4a1592ef0 P eeb9cd29752c4282b6955954cf29243a: No blocks or log segments found. Creating new log.
I0507 06:28:51.733178 3894 tablet_bootstrap.cc:439] T dd440bce55914e85a2058ea4a1592ef0 P c8068fde2be746779966e9a1037d779c: Bootstrap starting.
I0507 06:28:51.735555 3894 tablet_bootstrap.cc:590] T dd440bce55914e85a2058ea4a1592ef0 P c8068fde2be746779966e9a1037d779c: No blocks or log segments found. Creating new log.
I0507 06:28:51.736449 3894 log.cc:525] T dd440bce55914e85a2058ea4a1592ef0 P c8068fde2be746779966e9a1037d779c: Log is configured to *not* fsync() on all Append() calls
I0507 06:28:51.738555 3893 tablet_bootstrap.cc:590] T dd440bce55914e85a2058ea4a1592ef0 P 5855917eaa4d4a4c96f9c0e36124ea7c: No blocks or log segments found. Creating new log.
I0507 06:28:51.739389 3893 log.cc:525] T dd440bce55914e85a2058ea4a1592ef0 P 5855917eaa4d4a4c96f9c0e36124ea7c: Log is configured to *not* fsync() on all Append() calls
I0507 06:28:51.740970 3892 log.cc:525] T dd440bce55914e85a2058ea4a1592ef0 P eeb9cd29752c4282b6955954cf29243a: Log is configured to *not* fsync() on all Append() calls
I0507 06:28:51.742697 3892 tablet_bootstrap.cc:439] T dd440bce55914e85a2058ea4a1592ef0 P eeb9cd29752c4282b6955954cf29243a: No bootstrap required, opened a new log
I0507 06:28:51.742699 3893 tablet_bootstrap.cc:439] T dd440bce55914e85a2058ea4a1592ef0 P 5855917eaa4d4a4c96f9c0e36124ea7c: No bootstrap required, opened a new log
I0507 06:28:51.743005 3892 ts_tablet_manager.cc:1053] T dd440bce55914e85a2058ea4a1592ef0 P eeb9cd29752c4282b6955954cf29243a: Time spent bootstrapping tablet: real 0.014s user 0.003s sys 0.001s
I0507 06:28:51.742998 3893 ts_tablet_manager.cc:1053] T dd440bce55914e85a2058ea4a1592ef0 P 5855917eaa4d4a4c96f9c0e36124ea7c: Time spent bootstrapping tablet: real 0.013s user 0.004s sys 0.000s
I0507 06:28:51.743149 3894 tablet_bootstrap.cc:439] T dd440bce55914e85a2058ea4a1592ef0 P c8068fde2be746779966e9a1037d779c: No bootstrap required, opened a new log
I0507 06:28:51.743451 3894 ts_tablet_manager.cc:1053] T dd440bce55914e85a2058ea4a1592ef0 P c8068fde2be746779966e9a1037d779c: Time spent bootstrapping tablet: real 0.010s user 0.004s sys 0.000s
I0507 06:28:51.748560 3892 raft_consensus.cc:340] T dd440bce55914e85a2058ea4a1592ef0 P eeb9cd29752c4282b6955954cf29243a [term 0 FOLLOWER]: Replica starting. Triggering 0 pending transactions. Active config: opid_index: -1 OBSOLETE_local: false peers { permanent_uuid: "eeb9cd29752c4282b6955954cf29243a" member_type: VOTER last_known_addr { host: "127.0.57.196" port: 40737 } } peers { permanent_uuid: "c8068fde2be746779966e9a1037d779c" member_type: VOTER last_known_addr { host: "127.0.57.194" port: 40627 } } peers { permanent_uuid: "5855917eaa4d4a4c96f9c0e36124ea7c" member_type: VOTER last_known_addr { host: "127.0.57.195" port: 41035 } }
I0507 06:28:51.748926 3892 raft_consensus.cc:705] T dd440bce55914e85a2058ea4a1592ef0 P eeb9cd29752c4282b6955954cf29243a [term 0 FOLLOWER]: Becoming Follower/Learner. State: Replica: eeb9cd29752c4282b6955954cf29243a, State: Initialized, Role: FOLLOWER
I0507 06:28:51.749243 3892 consensus_queue.cc:229] T dd440bce55914e85a2058ea4a1592ef0 P eeb9cd29752c4282b6955954cf29243a [NON_LEADER]: Queue going to NON_LEADER mode. State: All replicated index: 0, Majority replicated index: 0, Committed index: 0, Last appended: 0.0, Last appended by leader: 0, Current term: 0, Majority size: -1, State: 0, Mode: NON_LEADER, active raft config: opid_index: -1 OBSOLETE_local: false peers { permanent_uuid: "eeb9cd29752c4282b6955954cf29243a" member_type: VOTER last_known_addr { host: "127.0.57.196" port: 40737 } } peers { permanent_uuid: "c8068fde2be746779966e9a1037d779c" member_type: VOTER last_known_addr { host: "127.0.57.194" port: 40627 } } peers { permanent_uuid: "5855917eaa4d4a4c96f9c0e36124ea7c" member_type: VOTER last_known_addr { host: "127.0.57.195" port: 41035 } }
I0507 06:28:51.750351 3873 heartbeater.cc:467] Master 127.0.57.254:39451 was elected leader, sending a full tablet report...
I0507 06:28:51.750705 3892 ts_tablet_manager.cc:1081] T dd440bce55914e85a2058ea4a1592ef0 P eeb9cd29752c4282b6955954cf29243a: Time spent starting tablet: real 0.008s user 0.007s sys 0.001s
I0507 06:28:51.750685 3893 raft_consensus.cc:340] T dd440bce55914e85a2058ea4a1592ef0 P 5855917eaa4d4a4c96f9c0e36124ea7c [term 0 FOLLOWER]: Replica starting. Triggering 0 pending transactions. Active config: opid_index: -1 OBSOLETE_local: false peers { permanent_uuid: "eeb9cd29752c4282b6955954cf29243a" member_type: VOTER last_known_addr { host: "127.0.57.196" port: 40737 } } peers { permanent_uuid: "c8068fde2be746779966e9a1037d779c" member_type: VOTER last_known_addr { host: "127.0.57.194" port: 40627 } } peers { permanent_uuid: "5855917eaa4d4a4c96f9c0e36124ea7c" member_type: VOTER last_known_addr { host: "127.0.57.195" port: 41035 } }
I0507 06:28:51.751081 3893 raft_consensus.cc:705] T dd440bce55914e85a2058ea4a1592ef0 P 5855917eaa4d4a4c96f9c0e36124ea7c [term 0 FOLLOWER]: Becoming Follower/Learner. State: Replica: 5855917eaa4d4a4c96f9c0e36124ea7c, State: Initialized, Role: FOLLOWER
I0507 06:28:51.751453 3893 consensus_queue.cc:229] T dd440bce55914e85a2058ea4a1592ef0 P 5855917eaa4d4a4c96f9c0e36124ea7c [NON_LEADER]: Queue going to NON_LEADER mode. State: All replicated index: 0, Majority replicated index: 0, Committed index: 0, Last appended: 0.0, Last appended by leader: 0, Current term: 0, Majority size: -1, State: 0, Mode: NON_LEADER, active raft config: opid_index: -1 OBSOLETE_local: false peers { permanent_uuid: "eeb9cd29752c4282b6955954cf29243a" member_type: VOTER last_known_addr { host: "127.0.57.196" port: 40737 } } peers { permanent_uuid: "c8068fde2be746779966e9a1037d779c" member_type: VOTER last_known_addr { host: "127.0.57.194" port: 40627 } } peers { permanent_uuid: "5855917eaa4d4a4c96f9c0e36124ea7c" member_type: VOTER last_known_addr { host: "127.0.57.195" port: 41035 } }
I0507 06:28:51.752187 3894 raft_consensus.cc:340] T dd440bce55914e85a2058ea4a1592ef0 P c8068fde2be746779966e9a1037d779c [term 0 FOLLOWER]: Replica starting. Triggering 0 pending transactions. Active config: opid_index: -1 OBSOLETE_local: false peers { permanent_uuid: "eeb9cd29752c4282b6955954cf29243a" member_type: VOTER last_known_addr { host: "127.0.57.196" port: 40737 } } peers { permanent_uuid: "c8068fde2be746779966e9a1037d779c" member_type: VOTER last_known_addr { host: "127.0.57.194" port: 40627 } } peers { permanent_uuid: "5855917eaa4d4a4c96f9c0e36124ea7c" member_type: VOTER last_known_addr { host: "127.0.57.195" port: 41035 } }
I0507 06:28:51.752820 3894 raft_consensus.cc:705] T dd440bce55914e85a2058ea4a1592ef0 P c8068fde2be746779966e9a1037d779c [term 0 FOLLOWER]: Becoming Follower/Learner. State: Replica: c8068fde2be746779966e9a1037d779c, State: Initialized, Role: FOLLOWER
I0507 06:28:51.752980 3751 heartbeater.cc:467] Master 127.0.57.254:39451 was elected leader, sending a full tablet report...
I0507 06:28:51.753172 3894 consensus_queue.cc:229] T dd440bce55914e85a2058ea4a1592ef0 P c8068fde2be746779966e9a1037d779c [NON_LEADER]: Queue going to NON_LEADER mode. State: All replicated index: 0, Majority replicated index: 0, Committed index: 0, Last appended: 0.0, Last appended by leader: 0, Current term: 0, Majority size: -1, State: 0, Mode: NON_LEADER, active raft config: opid_index: -1 OBSOLETE_local: false peers { permanent_uuid: "eeb9cd29752c4282b6955954cf29243a" member_type: VOTER last_known_addr { host: "127.0.57.196" port: 40737 } } peers { permanent_uuid: "c8068fde2be746779966e9a1037d779c" member_type: VOTER last_known_addr { host: "127.0.57.194" port: 40627 } } peers { permanent_uuid: "5855917eaa4d4a4c96f9c0e36124ea7c" member_type: VOTER last_known_addr { host: "127.0.57.195" port: 41035 } }
I0507 06:28:51.753484 3893 ts_tablet_manager.cc:1081] T dd440bce55914e85a2058ea4a1592ef0 P 5855917eaa4d4a4c96f9c0e36124ea7c: Time spent starting tablet: real 0.010s user 0.009s sys 0.002s
I0507 06:28:51.754076 3620 heartbeater.cc:467] Master 127.0.57.254:39451 was elected leader, sending a full tablet report...
I0507 06:28:51.754628 3894 ts_tablet_manager.cc:1081] T dd440bce55914e85a2058ea4a1592ef0 P c8068fde2be746779966e9a1037d779c: Time spent starting tablet: real 0.011s user 0.006s sys 0.004s
I0507 06:28:51.760784 231 external_mini_cluster.cc:623] 4 TS(s) registered with all masters
I0507 06:28:51.762274 231 ts_itest-base.cc:232] Waiting for 0 tablets on tserver 170627b774264bb6ab30a5080638e05f to finish bootstrapping
I0507 06:28:51.774994 231 ts_itest-base.cc:232] Waiting for 1 tablets on tserver c8068fde2be746779966e9a1037d779c to finish bootstrapping
I0507 06:28:51.781718 231 ts_itest-base.cc:232] Waiting for 1 tablets on tserver 5855917eaa4d4a4c96f9c0e36124ea7c to finish bootstrapping
I0507 06:28:51.788028 231 ts_itest-base.cc:232] Waiting for 1 tablets on tserver eeb9cd29752c4282b6955954cf29243a to finish bootstrapping
I0507 06:28:51.800434 3708 tablet_service.cc:1403] Received Run Leader Election RPC: tablet_id: "dd440bce55914e85a2058ea4a1592ef0" dest_uuid: "5855917eaa4d4a4c96f9c0e36124ea7c" from {username='slave'} at 127.0.0.1:33608
I0507 06:28:51.800751 3708 raft_consensus.cc:472] T dd440bce55914e85a2058ea4a1592ef0 P 5855917eaa4d4a4c96f9c0e36124ea7c [term 0 FOLLOWER]: Starting forced leader election (received explicit request)
I0507 06:28:51.800894 3708 raft_consensus.cc:2886] T dd440bce55914e85a2058ea4a1592ef0 P 5855917eaa4d4a4c96f9c0e36124ea7c [term 0 FOLLOWER]: Advancing to term 1
W0507 06:28:51.907629 3621 tablet.cc:1786] T dd440bce55914e85a2058ea4a1592ef0 P c8068fde2be746779966e9a1037d779c: Can't schedule compaction. Clean time has not been advanced past its initial value.
W0507 06:28:51.929150 3752 tablet.cc:1786] T dd440bce55914e85a2058ea4a1592ef0 P 5855917eaa4d4a4c96f9c0e36124ea7c: Can't schedule compaction. Clean time has not been advanced past its initial value.
W0507 06:28:51.974984 3874 tablet.cc:1786] T dd440bce55914e85a2058ea4a1592ef0 P eeb9cd29752c4282b6955954cf29243a: Can't schedule compaction. Clean time has not been advanced past its initial value.
I0507 06:28:52.345533 3497 heartbeater.cc:467] Master 127.0.57.254:39451 was elected leader, sending a full tablet report...
W0507 06:28:52.595522 3708 consensus_meta.cc:220] T dd440bce55914e85a2058ea4a1592ef0 P 5855917eaa4d4a4c96f9c0e36124ea7c: Time spent flushing consensus metadata: real 0.794s user 0.002s sys 0.000s
I0507 06:28:52.595688 3708 raft_consensus.cc:494] T dd440bce55914e85a2058ea4a1592ef0 P 5855917eaa4d4a4c96f9c0e36124ea7c [term 1 FOLLOWER]: Starting forced leader election with config: opid_index: -1 OBSOLETE_local: false peers { permanent_uuid: "eeb9cd29752c4282b6955954cf29243a" member_type: VOTER last_known_addr { host: "127.0.57.196" port: 40737 } } peers { permanent_uuid: "c8068fde2be746779966e9a1037d779c" member_type: VOTER last_known_addr { host: "127.0.57.194" port: 40627 } } peers { permanent_uuid: "5855917eaa4d4a4c96f9c0e36124ea7c" member_type: VOTER last_known_addr { host: "127.0.57.195" port: 41035 } }
I0507 06:28:52.597221 3708 leader_election.cc:296] T dd440bce55914e85a2058ea4a1592ef0 P 5855917eaa4d4a4c96f9c0e36124ea7c [CANDIDATE]: Term 1 election: Requested vote from peers eeb9cd29752c4282b6955954cf29243a (127.0.57.196:40737), c8068fde2be746779966e9a1037d779c (127.0.57.194:40627)
I0507 06:28:52.606151 3830 tablet_service.cc:1286] Received RequestConsensusVote() RPC: tablet_id: "dd440bce55914e85a2058ea4a1592ef0" candidate_uuid: "5855917eaa4d4a4c96f9c0e36124ea7c" candidate_term: 1 candidate_status { last_received { term: 0 index: 0 } } ignore_live_leader: true dest_uuid: "eeb9cd29752c4282b6955954cf29243a"
I0507 06:28:52.606469 3830 raft_consensus.cc:2886] T dd440bce55914e85a2058ea4a1592ef0 P eeb9cd29752c4282b6955954cf29243a [term 0 FOLLOWER]: Advancing to term 1
I0507 06:28:52.609066 3577 tablet_service.cc:1286] Received RequestConsensusVote() RPC: tablet_id: "dd440bce55914e85a2058ea4a1592ef0" candidate_uuid: "5855917eaa4d4a4c96f9c0e36124ea7c" candidate_term: 1 candidate_status { last_received { term: 0 index: 0 } } ignore_live_leader: true dest_uuid: "c8068fde2be746779966e9a1037d779c"
I0507 06:28:52.609320 3577 raft_consensus.cc:2886] T dd440bce55914e85a2058ea4a1592ef0 P c8068fde2be746779966e9a1037d779c [term 0 FOLLOWER]: Advancing to term 1
W0507 06:28:52.780885 3642 leader_election.cc:341] T dd440bce55914e85a2058ea4a1592ef0 P 5855917eaa4d4a4c96f9c0e36124ea7c [CANDIDATE]: Term 1 election: RPC error from VoteRequest() call to peer eeb9cd29752c4282b6955954cf29243a (127.0.57.196:40737): Timed out: RequestConsensusVote RPC to 127.0.57.196:40737 timed out after 0.183s (SENT)
W0507 06:28:52.781132 3639 leader_election.cc:341] T dd440bce55914e85a2058ea4a1592ef0 P 5855917eaa4d4a4c96f9c0e36124ea7c [CANDIDATE]: Term 1 election: RPC error from VoteRequest() call to peer c8068fde2be746779966e9a1037d779c (127.0.57.194:40627): Timed out: RequestConsensusVote RPC to 127.0.57.194:40627 timed out after 0.183s (SENT)
I0507 06:28:52.781303 3639 leader_election.cc:310] T dd440bce55914e85a2058ea4a1592ef0 P 5855917eaa4d4a4c96f9c0e36124ea7c [CANDIDATE]: Term 1 election: Election decided. Result: candidate lost. Election summary: received 3 responses out of 3 voters: 1 yes votes; 2 no votes. yes voters: 5855917eaa4d4a4c96f9c0e36124ea7c; no voters: c8068fde2be746779966e9a1037d779c, eeb9cd29752c4282b6955954cf29243a
I0507 06:28:52.782310 3908 raft_consensus.cc:2588] T dd440bce55914e85a2058ea4a1592ef0 P 5855917eaa4d4a4c96f9c0e36124ea7c [term 1 FOLLOWER]: Leader election lost for term 1. Reason: could not achieve majority
W0507 06:28:53.334300 3577 consensus_meta.cc:220] T dd440bce55914e85a2058ea4a1592ef0 P c8068fde2be746779966e9a1037d779c: Time spent flushing consensus metadata: real 0.725s user 0.002s sys 0.000s
W0507 06:28:53.334378 3830 consensus_meta.cc:220] T dd440bce55914e85a2058ea4a1592ef0 P eeb9cd29752c4282b6955954cf29243a: Time spent flushing consensus metadata: real 0.728s user 0.003s sys 0.000s
I0507 06:28:53.334429 3577 raft_consensus.cc:2346] T dd440bce55914e85a2058ea4a1592ef0 P c8068fde2be746779966e9a1037d779c [term 1 FOLLOWER]: Leader election vote request: Granting yes vote for candidate 5855917eaa4d4a4c96f9c0e36124ea7c in term 1.
I0507 06:28:53.334493 3830 raft_consensus.cc:2346] T dd440bce55914e85a2058ea4a1592ef0 P eeb9cd29752c4282b6955954cf29243a [term 1 FOLLOWER]: Leader election vote request: Granting yes vote for candidate 5855917eaa4d4a4c96f9c0e36124ea7c in term 1.
W0507 06:28:53.334692 3577 rpcz_store.cc:253] Call kudu.consensus.ConsensusService.RequestConsensusVote from 127.0.57.195:58359 (request call id 1) took 726 ms (726 ms). Client timeout 183 ms (183 ms)
W0507 06:28:53.334786 3830 rpcz_store.cc:253] Call kudu.consensus.ConsensusService.RequestConsensusVote from 127.0.57.195:57567 (request call id 1) took 729 ms (729 ms). Client timeout 183 ms (183 ms)
W0507 06:28:53.335321 3577 rpcz_store.cc:259] Trace: 0507 06:28:52.608604 (+ 0us) service_pool.cc:162] Inserting onto call queue 0507 06:28:52.608678 (+ 74us) service_pool.cc:221] Handling call 0507 06:28:53.334631 (+725953us) inbound_call.cc:162] Queueing success response Metrics: {}
W0507 06:28:53.335347 3830 rpcz_store.cc:259] Trace: 0507 06:28:52.605603 (+ 0us) service_pool.cc:162] Inserting onto call queue 0507 06:28:52.605700 (+ 97us) service_pool.cc:221] Handling call 0507 06:28:53.334709 (+729009us) inbound_call.cc:162] Queueing success response Metrics: {}
I0507 06:30:50.957087 3332 maintenance_manager.cc:306] P 7c82905e75974072bf33c7f4986bbc1a: Scheduling FlushMRSOp(00000000000000000000000000000000): perf score=0.033377
I0507 06:30:50.982837 3331 maintenance_manager.cc:501] P 7c82905e75974072bf33c7f4986bbc1a: FlushMRSOp(00000000000000000000000000000000) complete. Timing: real 0.025s user 0.018s sys 0.004s Metrics: {"bytes_written":6725,"cfile_init":1,"data dirs.queue_time_us":460,"data dirs.run_cpu_time_us":214,"data dirs.run_wall_time_us":664,"drs_written":1,"lbm_read_time_us":72,"lbm_reads_lt_1ms":4,"lbm_write_time_us":446,"lbm_writes_lt_1ms":27,"rows_written":4,"thread_start_us":434,"threads_started":2,"wal-append.queue_time_us":303}
I0507 06:30:50.984519 3332 maintenance_manager.cc:306] P 7c82905e75974072bf33c7f4986bbc1a: Scheduling UndoDeltaBlockGCOp(00000000000000000000000000000000): 475 bytes on disk
I0507 06:30:50.985410 3331 maintenance_manager.cc:501] P 7c82905e75974072bf33c7f4986bbc1a: UndoDeltaBlockGCOp(00000000000000000000000000000000) complete. Timing: real 0.001s user 0.000s sys 0.000s Metrics: {"cfile_init":1,"lbm_read_time_us":82,"lbm_reads_lt_1ms":4} /data/somelongdirectorytoavoidrpathissues/src/kudu/src/kudu/integration-tests/raft_consensus_nonvoter-itest.cc:859: Failure Failed Bad status: Timed out: Replica TabletServer: 5855917eaa4d4a4c96f9c0e36124ea7c, Rpc address: host: "127.0.57.195" port: 41035 is not leader after waiting for 120.000s: Not found: Error connecting to replica: Timed out: GetConsensusState RPC to 127.0.57.195:41035 timed out after -0.121s (ON_OUTBOUND_QUEUE)
I0507 06:30:52.723107 231 external_mini_cluster.cc:1172] Attempting to check leaks for /tmp/dist-test-taskKhSYji/build/asan/bin/kudu-tserver pid 3377
I0507 06:30:52.731451 3494 generic_service.cc:171] Checking for leaks (request via RPC)
I0507 06:30:52.788933 231 external_mini_cluster.cc:1131] Killing /tmp/dist-test-taskKhSYji/build/asan/bin/kudu-tserver with pid 3377
I0507 06:30:52.801383 231 external_mini_cluster.cc:1172] Attempting to check leaks for /tmp/dist-test-taskKhSYji/build/asan/bin/kudu-tserver pid 3501
I0507 06:30:52.809049 3617 generic_service.cc:171] Checking for leaks (request via RPC)
I0507 06:30:52.866447 231 external_mini_cluster.cc:1131] Killing /tmp/dist-test-taskKhSYji/build/asan/bin/kudu-tserver with pid 3501
I0507 06:30:52.878007 231 external_mini_cluster.cc:1172] Attempting to check leaks for /tmp/dist-test-taskKhSYji/build/asan/bin/kudu-tserver pid 3623
I0507 06:30:52.883416 3748 generic_service.cc:171] Checking for leaks (request via RPC)
I0507 06:30:52.946529 231 external_mini_cluster.cc:1131] Killing /tmp/dist-test-taskKhSYji/build/asan/bin/kudu-tserver with pid 3623
I0507 06:30:52.960642 231 external_mini_cluster.cc:1172] Attempting to check leaks for /tmp/dist-test-taskKhSYji/build/asan/bin/kudu-tserver pid 3754
I0507 06:30:52.966073 3870 generic_service.cc:171] Checking for leaks (request via RPC)
I0507 06:30:53.025936 231 external_mini_cluster.cc:1131] Killing /tmp/dist-test-taskKhSYji/build/asan/bin/kudu-tserver with pid 3754
W0507 06:30:53.039599 3327 connection.cc:647] server connection from 127.0.57.196:38815 recv error: Network error: recv error from 0.0.0.0:0: Transport endpoint is not connected (error 107)
I0507 06:30:53.039849 231 external_mini_cluster.cc:1172] Attempting to check leaks for /tmp/dist-test-taskKhSYji/build/asan/bin/kudu-master pid 3317
I0507 06:30:53.045279 3373 generic_service.cc:171] Checking for leaks (request via RPC)
I0507 06:30:53.146744 231 external_mini_cluster.cc:1131] Killing /tmp/dist-test-taskKhSYji/build/asan/bin/kudu-master with pid 3317
I0507 06:30:53.170845 231 test_util.cc:135] -----------------------------------------------
I0507 06:30:53.170907 231 test_util.cc:136] Had fatal failures, leaving test files at /tmp/dist-test-taskKhSYji/test-tmp/raft_consensus_nonvoter-itest.0.RaftConsensusNonVoterITest.PromoteAndDemote.1557210500371863-231 [ FAILED ] RaftConsensusNonVoterITest.PromoteAndDemote (123429 ms) [ RUN ] RaftConsensusNonVoterITest.PromotedReplicaCanVote
I0507 06:30:53.172696 231 test_util.cc:212] Using random seed: 1540531124
I0507 06:30:53.174216 231 ts_itest-base.cc:112] Starting cluster with:
I0507 06:30:53.174268 231 ts_itest-base.cc:113] --------------
I0507 06:30:53.174295 231 ts_itest-base.cc:114] 4 tablet servers
I0507 06:30:53.174336 231 ts_itest-base.cc:115] 3 replicas per TS
I0507 06:30:53.174365 231 ts_itest-base.cc:116] --------------
I0507 06:30:53.175671 231 external_mini_cluster.cc:933] Running /tmp/dist-test-taskKhSYji/build/asan/bin/kudu-master /tmp/dist-test-taskKhSYji/build/asan/bin/kudu-master --fs_wal_dir=/tmp/dist-test-taskKhSYji/test-tmp/raft_consensus_nonvoter-itest.0.RaftConsensusNonVoterITest.PromotedReplicaCanVote.1557210500371863-231/raft_consensus-itest-cluster/master-0/wal --fs_data_dirs=/tmp/dist-test-taskKhSYji/test-tmp/raft_consensus_nonvoter-itest.0.RaftConsensusNonVoterITest.PromotedReplicaCanVote.1557210500371863-231/raft_consensus-itest-cluster/master-0/data --block_manager=log --webserver_interface=localhost --ipki_ca_key_size=1024 --tsk_num_rsa_bits=512 --rpc_bind_addresses=127.0.57.254:44959 --webserver_interface=127.0.57.254 --webserver_port=0 --never_fsync --ipki_server_key_size=1024 --enable_minidumps=false --redact=none --metrics_log_interval_ms=1000 --logtostderr --logbuflevel=-1 --log_dir=/tmp/dist-test-taskKhSYji/test-tmp/raft_consensus_nonvoter-itest.0.RaftConsensusNonVoterITest.PromotedReplicaCanVote.1557210500371863-231/raft_consensus-itest-cluster/master-0/logs --server_dump_info_path=/tmp/dist-test-taskKhSYji/test-tmp/raft_consensus_nonvoter-itest.0.RaftConsensusNonVoterITest.PromotedReplicaCanVote.1557210500371863-231/raft_consensus-itest-cluster/master-0/data/info.pb --server_dump_info_format=pb --rpc_server_allow_ephemeral_ports --unlock_experimental_flags --unlock_unsafe_flags --catalog_manager_evict_excess_replicas=false --rpc_reuseport=true with env {} WARNING: Logging before InitGoogleLogging() is written to STDERR
W0507 06:30:53.391750 3927 flags.cc:404] Enabled unsafe flag: --rpc_server_allow_ephemeral_ports=true
W0507 06:30:53.392026 3927 flags.cc:404] Enabled unsafe flag: --never_fsync=true
W0507 06:30:53.394587 3927 flags.cc:404] Enabled experimental flag: --ipki_ca_key_size=1024
W0507 06:30:53.394641 3927 flags.cc:404] Enabled experimental flag: --ipki_server_key_size=1024
W0507 06:30:53.394672 3927 flags.cc:404] Enabled experimental flag: --tsk_num_rsa_bits=512
W0507 06:30:53.394697 3927 flags.cc:404] Enabled experimental flag: --rpc_reuseport=true
I0507 06:30:53.399550 3927 master_main.cc:73] Master server non-default flags: --fs_data_dirs=/tmp/dist-test-taskKhSYji/test-tmp/raft_consensus_nonvoter-itest.0.RaftConsensusNonVoterITest.PromotedReplicaCanVote.1557210500371863-231/raft_consensus-itest-cluster/master-0/data --fs_wal_dir=/tmp/dist-test-taskKhSYji/test-tmp/raft_consensus_nonvoter-itest.0.RaftConsensusNonVoterITest.PromotedReplicaCanVote.1557210500371863-231/raft_consensus-itest-cluster/master-0/wal --catalog_manager_evict_excess_replicas=false --ipki_ca_key_size=1024 --ipki_server_key_size=1024 --tsk_num_rsa_bits=512 --rpc_bind_addresses=127.0.57.254:44959 --rpc_reuseport=true --rpc_server_allow_ephemeral_ports=true --metrics_log_interval_ms=1000 --server_dump_info_format=pb --server_dump_info_path=/tmp/dist-test-taskKhSYji/test-tmp/raft_consensus_nonvoter-itest.0.RaftConsensusNonVoterITest.PromotedReplicaCanVote.1557210500371863-231/raft_consensus-itest-cluster/master-0/data/info.pb --webserver_interface=127.0.57.254 --webserver_port=0 --never_fsync=true --redact=none --unlock_experimental_flags=true --unlock_unsafe_flags=true --enable_minidumps=false --log_dir=/tmp/dist-test-taskKhSYji/test-tmp/raft_consensus_nonvoter-itest.0.RaftConsensusNonVoterITest.PromotedReplicaCanVote.1557210500371863-231/raft_consensus-itest-cluster/master-0/logs --logbuflevel=-1 --logtostderr=true Master server version: kudu 1.10.0-cdh6.x-SNAPSHOT revision 7d0ee26697926e87af9ef395008799577f6ab43f build type FASTDEBUG built by jenkins at 06 May 2019 22:44:21 PST on quasar-knmpfx-1.vpc.cloudera.com build id 322017 ASAN enabled
I0507 06:30:53.407347 3927 system_ntp.cc:202] NTP initialized. Skew: 500ppm Current error: 101016us
I0507 06:30:53.408901 3927 fs_manager.cc:263] Metadata directory not provided
I0507 06:30:53.408995 3927 fs_manager.cc:269] Using write-ahead log directory (fs_wal_dir) as metadata directory
I0507 06:30:53.409332 3927 server_base.cc:433] Could not load existing FS layout: Not found: could not find a healthy instance file
I0507 06:30:53.409418 3927 server_base.cc:434] Attempting to create new FS layout instead
I0507 06:30:53.412770 3927 fs_manager.cc:602] Generated new instance metadata in path /tmp/dist-test-taskKhSYji/test-tmp/raft_consensus_nonvoter-itest.0.RaftConsensusNonVoterITest.PromotedReplicaCanVote.1557210500371863-231/raft_consensus-itest-cluster/master-0/data/instance: uuid: "bc4d61e0b69f468f97daed3cf6089555" format_stamp: "Formatted at 2019-05-07 06:30:53 on dist-test-slave-dist-test-slave-rqp6"
I0507 06:30:53.413362 3927 fs_manager.cc:602] Generated new instance metadata in path /tmp/dist-test-taskKhSYji/test-tmp/raft_consensus_nonvoter-itest.0.RaftConsensusNonVoterITest.PromotedReplicaCanVote.1557210500371863-231/raft_consensus-itest-cluster/master-0/wal/instance: uuid: "bc4d61e0b69f468f97daed3cf6089555" format_stamp: "Formatted at 2019-05-07 06:30:53 on dist-test-slave-dist-test-slave-rqp6"
I0507 06:30:53.421454 3927 fs_manager.cc:503] Time spent creating directory manager: real 0.008s user 0.006s sys 0.001s
I0507 06:30:53.422782 3927 env_posix.cc:1676] Not raising this process' open files per process limit of 1048576; it is already as high as it can go
I0507 06:30:53.423454 3927 file_cache.cc:466] Constructed file cache lbm with capacity 419430
I0507 06:30:53.427255 3927 fs_manager.cc:419] Time spent opening block manager: real 0.003s user 0.001s sys 0.000s
I0507 06:30:53.427335 3927 fs_manager.cc:436] Opened local filesystem: /tmp/dist-test-taskKhSYji/test-tmp/raft_consensus_nonvoter-itest.0.RaftConsensusNonVoterITest.PromotedReplicaCanVote.1557210500371863-231/raft_consensus-itest-cluster/master-0/data,/tmp/dist-test-taskKhSYji/test-tmp/raft_consensus_nonvoter-itest.0.RaftConsensusNonVoterITest.PromotedReplicaCanVote.1557210500371863-231/raft_consensus-itest-cluster/master-0/wal uuid: "bc4d61e0b69f468f97daed3cf6089555" format_stamp: "Formatted at 2019-05-07 06:30:53 on dist-test-slave-dist-test-slave-rqp6"
I0507 06:30:53.427505 3927 fs_report.cc:352] FS layout report -------------------- wal directory: /tmp/dist-test-taskKhSYji/test-tmp/raft_consensus_nonvoter-itest.0.RaftConsensusNonVoterITest.PromotedReplicaCanVote.1557210500371863-231/raft_consensus-itest-cluster/master-0/wal metadata directory: /tmp/dist-test-taskKhSYji/test-tmp/raft_consensus_nonvoter-itest.0.RaftConsensusNonVoterITest.PromotedReplicaCanVote.1557210500371863-231/raft_consensus-itest-cluster/master-0/wal 1 data directories: /tmp/dist-test-taskKhSYji/test-tmp/raft_consensus_nonvoter-itest.0.RaftConsensusNonVoterITest.PromotedReplicaCanVote.1557210500371863-231/raft_consensus-itest-cluster/master-0/data/data Total live blocks: 0 Total live bytes: 0 Total live bytes (after alignment): 0 Total number of LBM containers: 0 (0 full) Did not check for missing blocks Did not check for orphaned blocks Total full LBM containers with extra space: 0 (0 repaired) Total full LBM container extra space in bytes: 0 (0 repaired) Total incomplete LBM containers: 0 (0 repaired) Total LBM partial records: 0 (0 repaired)
I0507 06:30:53.467931 3927 env_posix.cc:1676] Not raising this process' running threads per effective uid limit of 18446744073709551615; it is already as high as it can go
I0507 06:30:53.483248 3927 rpc_server.cc:205] RPC server started. Bound to: 127.0.57.254:44959
I0507 06:30:53.484575 3927 webserver.cc:308] Webserver started at http://127.0.57.254:45249/ using document root and password file
I0507 06:30:53.485450 3927 server_base.cc:608] Dumped server information to /tmp/dist-test-taskKhSYji/test-tmp/raft_consensus_nonvoter-itest.0.RaftConsensusNonVoterITest.PromotedReplicaCanVote.1557210500371863-231/raft_consensus-itest-cluster/master-0/data/info.pb
I0507 06:30:53.489497 3986 data_dirs.cc:938] Could only allocate 1 dirs of requested 3 for tablet 00000000000000000000000000000000. 1 dirs total, 0 dirs full, 0 dirs failed
I0507 06:30:53.492919 231 external_mini_cluster.cc:995] Started /tmp/dist-test-taskKhSYji/build/asan/bin/kudu-master as pid 3927
I0507 06:30:53.493652 231 external_mini_cluster.cc:933] Running /tmp/dist-test-taskKhSYji/build/asan/bin/kudu-tserver /tmp/dist-test-taskKhSYji/build/asan/bin/kudu-tserver --fs_wal_dir=/tmp/dist-test-taskKhSYji/test-tmp/raft_consensus_nonvoter-itest.0.RaftConsensusNonVoterITest.PromotedReplicaCanVote.1557210500371863-231/raft_consensus-itest-cluster/ts-0/wal --fs_data_dirs=/tmp/dist-test-taskKhSYji/test-tmp/raft_consensus_nonvoter-itest.0.RaftConsensusNonVoterITest.PromotedReplicaCanVote.1557210500371863-231/raft_consensus-itest-cluster/ts-0/data --block_manager=log --rpc_bind_addresses=127.0.57.193:0 --local_ip_for_outbound_sockets=127.0.57.193 --webserver_interface=127.0.57.193 --webserver_port=0 --tserver_master_addrs=127.0.57.254:44959 --never_fsync --ipki_server_key_size=1024 --enable_minidumps=false --redact=none --metrics_log_interval_ms=1000 --logtostderr --logbuflevel=-1 --log_dir=/tmp/dist-test-taskKhSYji/test-tmp/raft_consensus_nonvoter-itest.0.RaftConsensusNonVoterITest.PromotedReplicaCanVote.1557210500371863-231/raft_consensus-itest-cluster/ts-0/logs --server_dump_info_path=/tmp/dist-test-taskKhSYji/test-tmp/raft_consensus_nonvoter-itest.0.RaftConsensusNonVoterITest.PromotedReplicaCanVote.1557210500371863-231/raft_consensus-itest-cluster/ts-0/data/info.pb --server_dump_info_format=pb --rpc_server_allow_ephemeral_ports --unlock_experimental_flags --unlock_unsafe_flags --raft_heartbeat_interval_ms=50 --evict_failed_followers=false with env {}
I0507 06:30:53.505100 3986 tablet_bootstrap.cc:439] T 00000000000000000000000000000000 P bc4d61e0b69f468f97daed3cf6089555: Bootstrap starting.
I0507 06:30:53.508275 3986 tablet_bootstrap.cc:590] T 00000000000000000000000000000000 P bc4d61e0b69f468f97daed3cf6089555: No blocks or log segments found. Creating new log.
I0507 06:30:53.513357 3986 log.cc:525] T 00000000000000000000000000000000 P bc4d61e0b69f468f97daed3cf6089555: Log is configured to *not* fsync() on all Append() calls
I0507 06:30:53.518306 3986 tablet_bootstrap.cc:439] T 00000000000000000000000000000000 P bc4d61e0b69f468f97daed3cf6089555: No bootstrap required, opened a new log
I0507 06:30:53.525226 3986 raft_consensus.cc:340] T 00000000000000000000000000000000 P bc4d61e0b69f468f97daed3cf6089555 [term 0 FOLLOWER]: Replica starting. Triggering 0 pending transactions. Active config: opid_index: -1 OBSOLETE_local: true peers { permanent_uuid: "bc4d61e0b69f468f97daed3cf6089555" member_type: VOTER }
I0507 06:30:53.525485 3986 raft_consensus.cc:366] T 00000000000000000000000000000000 P bc4d61e0b69f468f97daed3cf6089555 [term 0 FOLLOWER]: Consensus starting up: Expiring failure detector timer to make a prompt election more likely
I0507 06:30:53.525557 3986 raft_consensus.cc:705] T 00000000000000000000000000000000 P bc4d61e0b69f468f97daed3cf6089555 [term 0 FOLLOWER]: Becoming Follower/Learner. State: Replica: bc4d61e0b69f468f97daed3cf6089555, State: Initialized, Role: FOLLOWER
I0507 06:30:53.526111 3986 consensus_queue.cc:229] T 00000000000000000000000000000000 P bc4d61e0b69f468f97daed3cf6089555 [NON_LEADER]: Queue going to NON_LEADER mode. State: All replicated index: 0, Majority replicated index: 0, Committed index: 0, Last appended: 0.0, Last appended by leader: 0, Current term: 0, Majority size: -1, State: 0, Mode: NON_LEADER, active raft config: opid_index: -1 OBSOLETE_local: true peers { permanent_uuid: "bc4d61e0b69f468f97daed3cf6089555" member_type: VOTER }
I0507 06:30:53.526290 3986 raft_consensus.cc:380] T 00000000000000000000000000000000 P bc4d61e0b69f468f97daed3cf6089555 [term 0 FOLLOWER]: Only one voter in the Raft config. Triggering election immediately
I0507 06:30:53.526355 3986 raft_consensus.cc:472] T 00000000000000000000000000000000 P bc4d61e0b69f468f97daed3cf6089555 [term 0 FOLLOWER]: Starting leader election (initial election of a single-replica configuration)
I0507 06:30:53.526440 3986 raft_consensus.cc:2886] T 00000000000000000000000000000000 P bc4d61e0b69f468f97daed3cf6089555 [term 0 FOLLOWER]: Advancing to term 1
I0507 06:30:53.528139 3986 raft_consensus.cc:494] T 00000000000000000000000000000000 P bc4d61e0b69f468f97daed3cf6089555 [term 1 FOLLOWER]: Starting leader election with config: opid_index: -1 OBSOLETE_local: true peers { permanent_uuid: "bc4d61e0b69f468f97daed3cf6089555" member_type: VOTER }
I0507 06:30:53.528636 3986 leader_election.cc:310] T 00000000000000000000000000000000 P bc4d61e0b69f468f97daed3cf6089555 [CANDIDATE]: Term 1 election: Election decided. Result: candidate won. Election summary: received 1 responses out of 1 voters: 1 yes votes; 0 no votes. yes voters: bc4d61e0b69f468f97daed3cf6089555; no voters:
I0507 06:30:53.532738 3986 leader_election.cc:296] T 00000000000000000000000000000000 P bc4d61e0b69f468f97daed3cf6089555 [CANDIDATE]: Term 1 election: Requested vote from peers
I0507 06:30:53.533156 3989 raft_consensus.cc:2640] T 00000000000000000000000000000000 P bc4d61e0b69f468f97daed3cf6089555 [term 1 FOLLOWER]: Leader election won for term 1
I0507 06:30:53.534250 3989 raft_consensus.cc:667] T 00000000000000000000000000000000 P bc4d61e0b69f468f97daed3cf6089555 [term 1 LEADER]: Becoming Leader. State: Replica: bc4d61e0b69f468f97daed3cf6089555, State: Running, Role: LEADER
I0507 06:30:53.534803 3989 consensus_queue.cc:206] T 00000000000000000000000000000000 P bc4d61e0b69f468f97daed3cf6089555 [LEADER]: Queue going to LEADER mode. State: All replicated index: 0, Majority replicated index: 0, Committed index: 0, Last appended: 0.0, Last appended by leader: 0, Current term: 1, Majority size: 1, State: 0, Mode: LEADER, active raft config: opid_index: -1 OBSOLETE_local: true peers { permanent_uuid: "bc4d61e0b69f468f97daed3cf6089555" member_type: VOTER }
I0507 06:30:53.537207 3990 sys_catalog.cc:337] T 00000000000000000000000000000000 P bc4d61e0b69f468f97daed3cf6089555 [sys.catalog]: SysCatalogTable state changed. Reason: RaftConsensus started. Latest consensus state: current_term: 1 leader_uuid: "bc4d61e0b69f468f97daed3cf6089555" committed_config { opid_index: -1 OBSOLETE_local: true peers { permanent_uuid: "bc4d61e0b69f468f97daed3cf6089555" member_type: VOTER } }
I0507 06:30:53.537431 3986 sys_catalog.cc:337] T 00000000000000000000000000000000 P bc4d61e0b69f468f97daed3cf6089555 [sys.catalog]: SysCatalogTable state changed. Reason: Started TabletReplica. Latest consensus state: current_term: 1 leader_uuid: "bc4d61e0b69f468f97daed3cf6089555" committed_config { opid_index: -1 OBSOLETE_local: true peers { permanent_uuid: "bc4d61e0b69f468f97daed3cf6089555" member_type: VOTER } }
I0507 06:30:53.537816 3990 sys_catalog.cc:340] T 00000000000000000000000000000000 P bc4d61e0b69f468f97daed3cf6089555 [sys.catalog]: This master's current role is: LEADER
I0507 06:30:53.537907 3986 sys_catalog.cc:340] T 00000000000000000000000000000000 P bc4d61e0b69f468f97daed3cf6089555 [sys.catalog]: This master's current role is: LEADER
I0507 06:30:53.537223 3991 sys_catalog.cc:337] T 00000000000000000000000000000000 P bc4d61e0b69f468f97daed3cf6089555 [sys.catalog]: SysCatalogTable state changed. Reason: New leader bc4d61e0b69f468f97daed3cf6089555. Latest consensus state: current_term: 1 leader_uuid: "bc4d61e0b69f468f97daed3cf6089555" committed_config { opid_index: -1 OBSOLETE_local: true peers { permanent_uuid: "bc4d61e0b69f468f97daed3cf6089555" member_type: VOTER } }
I0507 06:30:53.538273 3991 sys_catalog.cc:340] T 00000000000000000000000000000000 P bc4d61e0b69f468f97daed3cf6089555 [sys.catalog]: This master's current role is: LEADER
I0507 06:30:53.539481 3986 sys_catalog.cc:424] T 00000000000000000000000000000000 P bc4d61e0b69f468f97daed3cf6089555 [sys.catalog]: configured and running, proceeding with master startup.
I0507 06:30:53.539683 3993 catalog_manager.cc:1055] Loading table and tablet metadata into memory...
I0507 06:30:53.550868 3993 catalog_manager.cc:1066] Initializing Kudu internal certificate authority...
I0507 06:30:53.578925 3993 catalog_manager.cc:950] Generated new certificate authority record
I0507 06:30:53.580507 3993 catalog_manager.cc:1075] Loading token signing keys...
I0507 06:30:53.595144 3993 catalog_manager.cc:4292] T 00000000000000000000000000000000 P bc4d61e0b69f468f97daed3cf6089555: Generated new TSK 0 WARNING: Logging before InitGoogleLogging() is written to STDERR
W0507 06:30:53.665781 3987 flags.cc:404] Enabled unsafe flag: --rpc_server_allow_ephemeral_ports=true
W0507 06:30:53.666004 3987 flags.cc:404] Enabled unsafe flag: --never_fsync=true
W0507 06:30:53.668056 3987 flags.cc:404] Enabled experimental flag: --ipki_server_key_size=1024
W0507 06:30:53.668155 3987 flags.cc:404] Enabled experimental flag: --local_ip_for_outbound_sockets=127.0.57.193
I0507 06:30:53.684762 3987 tablet_server_main.cc:78] Tablet server non-default flags: --evict_failed_followers=false --raft_heartbeat_interval_ms=50 --fs_data_dirs=/tmp/dist-test-taskKhSYji/test-tmp/raft_consensus_nonvoter-itest.0.RaftConsensusNonVoterITest.PromotedReplicaCanVote.1557210500371863-231/raft_consensus-itest-cluster/ts-0/data --fs_wal_dir=/tmp/dist-test-taskKhSYji/test-tmp/raft_consensus_nonvoter-itest.0.RaftConsensusNonVoterITest.PromotedReplicaCanVote.1557210500371863-231/raft_consensus-itest-cluster/ts-0/wal --ipki_server_key_size=1024 --rpc_bind_addresses=127.0.57.193:0 --rpc_server_allow_ephemeral_ports=true --metrics_log_interval_ms=1000 --server_dump_info_format=pb --server_dump_info_path=/tmp/dist-test-taskKhSYji/test-tmp/raft_consensus_nonvoter-itest.0.RaftConsensusNonVoterITest.PromotedReplicaCanVote.1557210500371863-231/raft_consensus-itest-cluster/ts-0/data/info.pb --webserver_interface=127.0.57.193 --webserver_port=0 --tserver_master_addrs=127.0.57.254:44959 --never_fsync=true --redact=none --unlock_experimental_flags=true --unlock_unsafe_flags=true --enable_minidumps=false --local_ip_for_outbound_sockets=127.0.57.193 --log_dir=/tmp/dist-test-taskKhSYji/test-tmp/raft_consensus_nonvoter-itest.0.RaftConsensusNonVoterITest.PromotedReplicaCanVote.1557210500371863-231/raft_consensus-itest-cluster/ts-0/logs --logbuflevel=-1 --logtostderr=true Tablet server version: kudu 1.10.0-cdh6.x-SNAPSHOT revision 7d0ee26697926e87af9ef395008799577f6ab43f build type FASTDEBUG built by jenkins at 06 May 2019 22:44:21 PST on quasar-knmpfx-1.vpc.cloudera.com build id 322017 ASAN enabled
I0507 06:30:53.692750 3987 system_ntp.cc:202] NTP initialized. Skew: 500ppm Current error: 101016us
I0507 06:30:53.693419 3987 fs_manager.cc:263] Metadata directory not provided
I0507 06:30:53.693495 3987 fs_manager.cc:269] Using write-ahead log directory (fs_wal_dir) as metadata directory
I0507 06:30:53.693749 3987 server_base.cc:433] Could not load existing FS layout: Not found: could not find a healthy instance file
I0507 06:30:53.693825 3987 server_base.cc:434] Attempting to create new FS layout instead
I0507 06:30:53.696277 3987 fs_manager.cc:602] Generated new instance metadata in path /tmp/dist-test-taskKhSYji/test-tmp/raft_consensus_nonvoter-itest.0.RaftConsensusNonVoterITest.PromotedReplicaCanVote.1557210500371863-231/raft_consensus-itest-cluster/ts-0/data/instance: uuid: "6f2066e97dec4d75a86e72155048de14" format_stamp: "Formatted at 2019-05-07 06:30:53 on dist-test-slave-dist-test-slave-rqp6"
I0507 06:30:53.696837 3987 fs_manager.cc:602] Generated new instance metadata in path /tmp/dist-test-taskKhSYji/test-tmp/raft_consensus_nonvoter-itest.0.RaftConsensusNonVoterITest.PromotedReplicaCanVote.1557210500371863-231/raft_consensus-itest-cluster/ts-0/wal/instance: uuid: "6f2066e97dec4d75a86e72155048de14" format_stamp: "Formatted at 2019-05-07 06:30:53 on dist-test-slave-dist-test-slave-rqp6"
I0507 06:30:53.714877 3987 fs_manager.cc:503] Time spent creating directory manager: real 0.018s user 0.011s sys 0.005s
I0507 06:30:53.716187 3987 env_posix.cc:1676] Not raising this process' open files per process limit of 1048576; it is already as high as it can go
I0507 06:30:53.716840 3987 file_cache.cc:466] Constructed file cache lbm with capacity 419430
I0507 06:30:53.720422 3987 fs_manager.cc:419] Time spent opening block manager: real 0.002s user 0.000s sys 0.000s
I0507 06:30:53.720507 3987 fs_manager.cc:436] Opened local filesystem: /tmp/dist-test-taskKhSYji/test-tmp/raft_consensus_nonvoter-itest.0.RaftConsensusNonVoterITest.PromotedReplicaCanVote.1557210500371863-231/raft_consensus-itest-cluster/ts-0/data,/tmp/dist-test-taskKhSYji/test-tmp/raft_consensus_nonvoter-itest.0.RaftConsensusNonVoterITest.PromotedReplicaCanVote.1557210500371863-231/raft_consensus-itest-cluster/ts-0/wal uuid: "6f2066e97dec4d75a86e72155048de14" format_stamp: "Formatted at 2019-05-07 06:30:53 on dist-test-slave-dist-test-slave-rqp6"
I0507 06:30:53.720727 3987 fs_report.cc:352] FS layout report -------------------- wal directory: /tmp/dist-test-taskKhSYji/test-tmp/raft_consensus_nonvoter-itest.0.RaftConsensusNonVoterITest.PromotedReplicaCanVote.1557210500371863-231/raft_consensus-itest-cluster/ts-0/wal metadata directory: /tmp/dist-test-taskKhSYji/test-tmp/raft_consensus_nonvoter-itest.0.RaftConsensusNonVoterITest.PromotedReplicaCanVote.1557210500371863-231/raft_consensus-itest-cluster/ts-0/wal 1 data directories: /tmp/dist-test-taskKhSYji/test-tmp/raft_consensus_nonvoter-itest.0.RaftConsensusNonVoterITest.PromotedReplicaCanVote.1557210500371863-231/raft_consensus-itest-cluster/ts-0/data/data Total live blocks: 0 Total live bytes: 0 Total live bytes (after alignment): 0 Total number of LBM containers: 0 (0 full) Did not check for missing blocks Did not check for orphaned blocks Total full LBM containers with extra space: 0 (0 repaired) Total full LBM container extra space in bytes: 0 (0 repaired) Total incomplete LBM containers: 0 (0 repaired) Total LBM partial records: 0 (0 repaired)
I0507 06:30:53.765045 3987 env_posix.cc:1676] Not raising this process' running threads per effective uid limit of 18446744073709551615; it is already as high as it can go
I0507 06:30:53.769614 3987 ts_tablet_manager.cc:356] Loaded tablet metadata (0 total tablets, 0 live tablets)
I0507 06:30:53.769691 3987 ts_tablet_manager.cc:376] Registered 0 tablets
I0507 06:30:53.864832 3987 rpc_server.cc:205] RPC server started. Bound to: 127.0.57.193:43041
I0507 06:30:53.866050 3987 webserver.cc:308] Webserver started at http://127.0.57.193:45245/ using document root and password file
