I0507 06:32:03.439852 8395 env_posix.cc:1676] Not raising this process' running threads per effective uid limit of 18446744073709551615; it is already as high as it can go
I0507 06:32:03.441536 8395 ts_tablet_manager.cc:356] Loaded tablet metadata (0 total tablets, 0 live tablets)
I0507 06:32:03.441628 8395 ts_tablet_manager.cc:376] Registered 0 tablets
I0507 06:32:03.468252 8395 rpc_server.cc:205] RPC server started. Bound to: 127.0.57.199:44671
I0507 06:32:03.469578 8395 webserver.cc:308] Webserver started at http://127.0.57.199:42325/ using document root and password file
I0507 06:32:03.470336 8395 server_base.cc:608] Dumped server information to /tmp/dist-test-taskKhSYji/test-tmp/raft_consensus_nonvoter-itest.0.RaftConsensusNonVoterITest.RestartClusterWithNonVoter.1557210500371863-231/raft_consensus-itest-cluster/ts-6/data/info.pb
I0507 06:32:03.478328 231 external_mini_cluster.cc:995] Started /tmp/dist-test-taskKhSYji/build/asan/bin/kudu-tserver as pid 8395
I0507 06:32:03.485287 8514 heartbeater.cc:345] Connected to a master server at 127.0.57.254:34231
I0507 06:32:03.485517 8514 heartbeater.cc:426] Registering TS with master...
I0507 06:32:03.486096 8514 heartbeater.cc:475] Master 127.0.57.254:34231 requested a full tablet report, sending...
I0507 06:32:03.487365 7617 ts_manager.cc:159] Registered new tserver with Master: 44a1757d4e604357a1991e808f009e56 (127.0.57.199:44671)
I0507 06:32:03.488345 7617 master_service.cc:273] Signed X509 certificate for tserver {username='slave'} at 127.0.57.199:52945
I0507 06:32:03.489905 231 external_mini_cluster.cc:623] 7 TS(s) registered with all masters
I0507 06:32:03.502184 7617 catalog_manager.cc:1415] Servicing CreateTable request from {username='slave'} at 127.0.0.1:38312: name: "TestTable" schema { columns { name: "key" type: INT32 is_key: true is_nullable: false encoding: AUTO_ENCODING compression: DEFAULT_COMPRESSION cfile_block_size: 0 } columns { name: "int_val" type: INT32 is_key: false is_nullable: false encoding: AUTO_ENCODING compression: DEFAULT_COMPRESSION cfile_block_size: 0 } columns { name: "string_val" type: STRING is_key: false is_nullable: true encoding: AUTO_ENCODING compression: DEFAULT_COMPRESSION cfile_block_size: 0 } } num_replicas: 3 split_rows_range_bounds { } partition_schema { range_schema { columns { name: "key" } } }
I0507 06:32:03.534874 7718 tablet_service.cc:1016] Processing CreateTablet for tablet 3a7d8f424df742599d3f6d48d9b1a37d (table=TestTable [id=4245f699bfa84b548c6ed127e9d69518]), partition=RANGE (key) PARTITION UNBOUNDED
I0507 06:32:03.535619 7963 tablet_service.cc:1016] Processing CreateTablet for tablet 3a7d8f424df742599d3f6d48d9b1a37d (table=TestTable [id=4245f699bfa84b548c6ed127e9d69518]), partition=RANGE (key) PARTITION UNBOUNDED
I0507 06:32:03.535511 7841 tablet_service.cc:1016] Processing CreateTablet for tablet 3a7d8f424df742599d3f6d48d9b1a37d (table=TestTable [id=4245f699bfa84b548c6ed127e9d69518]), partition=RANGE (key) PARTITION UNBOUNDED
I0507 06:32:03.535878 7718 data_dirs.cc:938] Could only allocate 1 dirs of requested 3 for tablet 3a7d8f424df742599d3f6d48d9b1a37d. 1 dirs total, 0 dirs full, 0 dirs failed
I0507 06:32:03.536316 7963 data_dirs.cc:938] Could only allocate 1 dirs of requested 3 for tablet 3a7d8f424df742599d3f6d48d9b1a37d. 1 dirs total, 0 dirs full, 0 dirs failed
I0507 06:32:03.536388 7841 data_dirs.cc:938] Could only allocate 1 dirs of requested 3 for tablet 3a7d8f424df742599d3f6d48d9b1a37d. 1 dirs total, 0 dirs full, 0 dirs failed
I0507 06:32:03.545971 8534 tablet_bootstrap.cc:439] T 3a7d8f424df742599d3f6d48d9b1a37d P d9fd45507a8e435abc710b00a27538c6: Bootstrap starting.
I0507 06:32:03.546610 8535 tablet_bootstrap.cc:439] T 3a7d8f424df742599d3f6d48d9b1a37d P 2781869a927549908dde07bc5019d0e4: Bootstrap starting.
I0507 06:32:03.549060 8536 tablet_bootstrap.cc:439] T 3a7d8f424df742599d3f6d48d9b1a37d P 3ce79ee2bb1348d6a36d8ce39df7d3aa: Bootstrap starting.
I0507 06:32:03.551306 8536 tablet_bootstrap.cc:590] T 3a7d8f424df742599d3f6d48d9b1a37d P 3ce79ee2bb1348d6a36d8ce39df7d3aa: No blocks or log segments found. Creating new log.
I0507 06:32:03.553500 8534 tablet_bootstrap.cc:590] T 3a7d8f424df742599d3f6d48d9b1a37d P d9fd45507a8e435abc710b00a27538c6: No blocks or log segments found. Creating new log.
I0507 06:32:03.554522 8534 log.cc:525] T 3a7d8f424df742599d3f6d48d9b1a37d P d9fd45507a8e435abc710b00a27538c6: Log is configured to *not* fsync() on all Append() calls
I0507 06:32:03.556016 8535 tablet_bootstrap.cc:590] T 3a7d8f424df742599d3f6d48d9b1a37d P 2781869a927549908dde07bc5019d0e4: No blocks or log segments found. Creating new log.
I0507 06:32:03.557435 8536 log.cc:525] T 3a7d8f424df742599d3f6d48d9b1a37d P 3ce79ee2bb1348d6a36d8ce39df7d3aa: Log is configured to *not* fsync() on all Append() calls
I0507 06:32:03.558085 8535 log.cc:525] T 3a7d8f424df742599d3f6d48d9b1a37d P 2781869a927549908dde07bc5019d0e4: Log is configured to *not* fsync() on all Append() calls
I0507 06:32:03.559852 8534 tablet_bootstrap.cc:439] T 3a7d8f424df742599d3f6d48d9b1a37d P d9fd45507a8e435abc710b00a27538c6: No bootstrap required, opened a new log
I0507 06:32:03.559948 8536 tablet_bootstrap.cc:439] T 3a7d8f424df742599d3f6d48d9b1a37d P 3ce79ee2bb1348d6a36d8ce39df7d3aa: No bootstrap required, opened a new log
I0507 06:32:03.560132 8534 ts_tablet_manager.cc:1053] T 3a7d8f424df742599d3f6d48d9b1a37d P d9fd45507a8e435abc710b00a27538c6: Time spent bootstrapping tablet: real 0.014s user 0.004s sys 0.000s
I0507 06:32:03.560212 8536 ts_tablet_manager.cc:1053] T 3a7d8f424df742599d3f6d48d9b1a37d P 3ce79ee2bb1348d6a36d8ce39df7d3aa: Time spent bootstrapping tablet: real 0.011s user 0.004s sys 0.000s
I0507 06:32:03.565783 8535 tablet_bootstrap.cc:439] T 3a7d8f424df742599d3f6d48d9b1a37d P 2781869a927549908dde07bc5019d0e4: No bootstrap required, opened a new log
I0507 06:32:03.565542 8534 raft_consensus.cc:340] T 3a7d8f424df742599d3f6d48d9b1a37d P d9fd45507a8e435abc710b00a27538c6 [term 0 FOLLOWER]: Replica starting. Triggering 0 pending transactions. Active config: opid_index: -1 OBSOLETE_local: false peers { permanent_uuid: "3ce79ee2bb1348d6a36d8ce39df7d3aa" member_type: VOTER last_known_addr { host: "127.0.57.193" port: 44481 } } peers { permanent_uuid: "d9fd45507a8e435abc710b00a27538c6" member_type: VOTER last_known_addr { host: "127.0.57.194" port: 44183 } } peers { permanent_uuid: "2781869a927549908dde07bc5019d0e4" member_type: VOTER last_known_addr { host: "127.0.57.195" port: 40501 } }
I0507 06:32:03.565888 8534 raft_consensus.cc:366] T 3a7d8f424df742599d3f6d48d9b1a37d P d9fd45507a8e435abc710b00a27538c6 [term 0 FOLLOWER]: Consensus starting up: Expiring failure detector timer to make a prompt election more likely
I0507 06:32:03.565954 8534 raft_consensus.cc:705] T 3a7d8f424df742599d3f6d48d9b1a37d P d9fd45507a8e435abc710b00a27538c6 [term 0 FOLLOWER]: Becoming Follower/Learner. State: Replica: d9fd45507a8e435abc710b00a27538c6, State: Initialized, Role: FOLLOWER
I0507 06:32:03.566056 8535 ts_tablet_manager.cc:1053] T 3a7d8f424df742599d3f6d48d9b1a37d P 2781869a927549908dde07bc5019d0e4: Time spent bootstrapping tablet: real 0.020s user 0.002s sys 0.002s
I0507 06:32:03.566045 8536 raft_consensus.cc:340] T 3a7d8f424df742599d3f6d48d9b1a37d P 3ce79ee2bb1348d6a36d8ce39df7d3aa [term 0 FOLLOWER]: Replica starting. Triggering 0 pending transactions. Active config: opid_index: -1 OBSOLETE_local: false peers { permanent_uuid: "3ce79ee2bb1348d6a36d8ce39df7d3aa" member_type: VOTER last_known_addr { host: "127.0.57.193" port: 44481 } } peers { permanent_uuid: "d9fd45507a8e435abc710b00a27538c6" member_type: VOTER last_known_addr { host: "127.0.57.194" port: 44183 } } peers { permanent_uuid: "2781869a927549908dde07bc5019d0e4" member_type: VOTER last_known_addr { host: "127.0.57.195" port: 40501 } }
I0507 06:32:03.566408 8536 raft_consensus.cc:366] T 3a7d8f424df742599d3f6d48d9b1a37d P 3ce79ee2bb1348d6a36d8ce39df7d3aa [term 0 FOLLOWER]: Consensus starting up: Expiring failure detector timer to make a prompt election more likely
I0507 06:32:03.566463 8536 raft_consensus.cc:705] T 3a7d8f424df742599d3f6d48d9b1a37d P 3ce79ee2bb1348d6a36d8ce39df7d3aa [term 0 FOLLOWER]: Becoming Follower/Learner. State: Replica: 3ce79ee2bb1348d6a36d8ce39df7d3aa, State: Initialized, Role: FOLLOWER
I0507 06:32:03.566426 8534 consensus_queue.cc:229] T 3a7d8f424df742599d3f6d48d9b1a37d P d9fd45507a8e435abc710b00a27538c6 [NON_LEADER]: Queue going to NON_LEADER mode. State: All replicated index: 0, Majority replicated index: 0, Committed index: 0, Last appended: 0.0, Last appended by leader: 0, Current term: 0, Majority size: -1, State: 0, Mode: NON_LEADER, active raft config: opid_index: -1 OBSOLETE_local: false peers { permanent_uuid: "3ce79ee2bb1348d6a36d8ce39df7d3aa" member_type: VOTER last_known_addr { host: "127.0.57.193" port: 44481 } } peers { permanent_uuid: "d9fd45507a8e435abc710b00a27538c6" member_type: VOTER last_known_addr { host: "127.0.57.194" port: 44183 } } peers { permanent_uuid: "2781869a927549908dde07bc5019d0e4" member_type: VOTER last_known_addr { host: "127.0.57.195" port: 40501 } }
I0507 06:32:03.566869 8536 consensus_queue.cc:229] T 3a7d8f424df742599d3f6d48d9b1a37d P 3ce79ee2bb1348d6a36d8ce39df7d3aa [NON_LEADER]: Queue going to NON_LEADER mode. State: All replicated index: 0, Majority replicated index: 0, Committed index: 0, Last appended: 0.0, Last appended by leader: 0, Current term: 0, Majority size: -1, State: 0, Mode: NON_LEADER, active raft config: opid_index: -1 OBSOLETE_local: false peers { permanent_uuid: "3ce79ee2bb1348d6a36d8ce39df7d3aa" member_type: VOTER last_known_addr { host: "127.0.57.193" port: 44481 } } peers { permanent_uuid: "d9fd45507a8e435abc710b00a27538c6" member_type: VOTER last_known_addr { host: "127.0.57.194" port: 44183 } } peers { permanent_uuid: "2781869a927549908dde07bc5019d0e4" member_type: VOTER last_known_addr { host: "127.0.57.195" port: 40501 } }
I0507 06:32:03.568928 8534 ts_tablet_manager.cc:1081] T 3a7d8f424df742599d3f6d48d9b1a37d P d9fd45507a8e435abc710b00a27538c6: Time spent starting tablet: real 0.009s user 0.004s sys 0.004s
I0507 06:32:03.569772 8536 ts_tablet_manager.cc:1081] T 3a7d8f424df742599d3f6d48d9b1a37d P 3ce79ee2bb1348d6a36d8ce39df7d3aa: Time spent starting tablet: real 0.009s user 0.008s sys 0.000s
I0507 06:32:03.571815 8535 raft_consensus.cc:340] T 3a7d8f424df742599d3f6d48d9b1a37d P 2781869a927549908dde07bc5019d0e4 [term 0 FOLLOWER]: Replica starting. Triggering 0 pending transactions. Active config: opid_index: -1 OBSOLETE_local: false peers { permanent_uuid: "3ce79ee2bb1348d6a36d8ce39df7d3aa" member_type: VOTER last_known_addr { host: "127.0.57.193" port: 44481 } } peers { permanent_uuid: "d9fd45507a8e435abc710b00a27538c6" member_type: VOTER last_known_addr { host: "127.0.57.194" port: 44183 } } peers { permanent_uuid: "2781869a927549908dde07bc5019d0e4" member_type: VOTER last_known_addr { host: "127.0.57.195" port: 40501 } }
I0507 06:32:03.572146 8535 raft_consensus.cc:366] T 3a7d8f424df742599d3f6d48d9b1a37d P 2781869a927549908dde07bc5019d0e4 [term 0 FOLLOWER]: Consensus starting up: Expiring failure detector timer to make a prompt election more likely
I0507 06:32:03.572199 8535 raft_consensus.cc:705] T 3a7d8f424df742599d3f6d48d9b1a37d P 2781869a927549908dde07bc5019d0e4 [term 0 FOLLOWER]: Becoming Follower/Learner. State: Replica: 2781869a927549908dde07bc5019d0e4, State: Initialized, Role: FOLLOWER
I0507 06:32:03.572649 8535 consensus_queue.cc:229] T 3a7d8f424df742599d3f6d48d9b1a37d P 2781869a927549908dde07bc5019d0e4 [NON_LEADER]: Queue going to NON_LEADER mode. State: All replicated index: 0, Majority replicated index: 0, Committed index: 0, Last appended: 0.0, Last appended by leader: 0, Current term: 0, Majority size: -1, State: 0, Mode: NON_LEADER, active raft config: opid_index: -1 OBSOLETE_local: false peers { permanent_uuid: "3ce79ee2bb1348d6a36d8ce39df7d3aa" member_type: VOTER last_known_addr { host: "127.0.57.193" port: 44481 } } peers { permanent_uuid: "d9fd45507a8e435abc710b00a27538c6" member_type: VOTER last_known_addr { host: "127.0.57.194" port: 44183 } } peers { permanent_uuid: "2781869a927549908dde07bc5019d0e4" member_type: VOTER last_known_addr { host: "127.0.57.195" port: 40501 } }
I0507 06:32:03.573709 8535 ts_tablet_manager.cc:1081] T 3a7d8f424df742599d3f6d48d9b1a37d P 2781869a927549908dde07bc5019d0e4: Time spent starting tablet: real 0.008s user 0.003s sys 0.003s
W0507 06:32:03.606544 8027 tablet.cc:1786] T 3a7d8f424df742599d3f6d48d9b1a37d P 2781869a927549908dde07bc5019d0e4: Can't schedule compaction. Clean time has not been advanced past its initial value.
I0507 06:32:03.633074 8148 heartbeater.cc:467] Master 127.0.57.254:34231 was elected leader, sending a full tablet report...
W0507 06:32:03.779695 7785 tablet.cc:1786] T 3a7d8f424df742599d3f6d48d9b1a37d P 3ce79ee2bb1348d6a36d8ce39df7d3aa: Can't schedule compaction. Clean time has not been advanced past its initial value.
W0507 06:32:03.801656 7905 tablet.cc:1786] T 3a7d8f424df742599d3f6d48d9b1a37d P d9fd45507a8e435abc710b00a27538c6: Can't schedule compaction. Clean time has not been advanced past its initial value.
I0507 06:32:03.846190 8540 raft_consensus.cc:472] T 3a7d8f424df742599d3f6d48d9b1a37d P d9fd45507a8e435abc710b00a27538c6 [term 0 FOLLOWER]: Starting pre-election (no leader contacted us within the election timeout)
I0507 06:32:03.846480 8540 raft_consensus.cc:494] T 3a7d8f424df742599d3f6d48d9b1a37d P d9fd45507a8e435abc710b00a27538c6 [term 0 FOLLOWER]: Starting pre-election with config: opid_index: -1 OBSOLETE_local: false peers { permanent_uuid: "3ce79ee2bb1348d6a36d8ce39df7d3aa" member_type: VOTER last_known_addr { host: "127.0.57.193" port: 44481 } } peers { permanent_uuid: "d9fd45507a8e435abc710b00a27538c6" member_type: VOTER last_known_addr { host: "127.0.57.194" port: 44183 } } peers { permanent_uuid: "2781869a927549908dde07bc5019d0e4" member_type: VOTER last_known_addr { host: "127.0.57.195" port: 40501 } }
I0507 06:32:03.848101 8540 leader_election.cc:296] T 3a7d8f424df742599d3f6d48d9b1a37d P d9fd45507a8e435abc710b00a27538c6 [CANDIDATE]: Term 1 pre-election: Requested pre-vote from peers 3ce79ee2bb1348d6a36d8ce39df7d3aa (127.0.57.193:44481), 2781869a927549908dde07bc5019d0e4 (127.0.57.195:40501)
I0507 06:32:03.854157 7738 tablet_service.cc:1286] Received RequestConsensusVote() RPC: tablet_id: "3a7d8f424df742599d3f6d48d9b1a37d" candidate_uuid: "d9fd45507a8e435abc710b00a27538c6" candidate_term: 1 candidate_status { last_received { term: 0 index: 0 } } ignore_live_leader: false dest_uuid: "3ce79ee2bb1348d6a36d8ce39df7d3aa" is_pre_election: true
I0507 06:32:03.854548 7738 raft_consensus.cc:2346] T 3a7d8f424df742599d3f6d48d9b1a37d P 3ce79ee2bb1348d6a36d8ce39df7d3aa [term 0 FOLLOWER]: Leader pre-election vote request: Granting yes vote for candidate d9fd45507a8e435abc710b00a27538c6 in term 0.
I0507 06:32:03.854465 7983 tablet_service.cc:1286] Received RequestConsensusVote() RPC: tablet_id: "3a7d8f424df742599d3f6d48d9b1a37d" candidate_uuid: "d9fd45507a8e435abc710b00a27538c6" candidate_term: 1 candidate_status { last_received { term: 0 index: 0 } } ignore_live_leader: false dest_uuid: "2781869a927549908dde07bc5019d0e4" is_pre_election: true
I0507 06:32:03.854852 7983 raft_consensus.cc:2346] T 3a7d8f424df742599d3f6d48d9b1a37d P 2781869a927549908dde07bc5019d0e4 [term 0 FOLLOWER]: Leader pre-election vote request: Granting yes vote for candidate d9fd45507a8e435abc710b00a27538c6 in term 0.
I0507 06:32:03.855213 7792 leader_election.cc:310] T 3a7d8f424df742599d3f6d48d9b1a37d P d9fd45507a8e435abc710b00a27538c6 [CANDIDATE]: Term 1 pre-election: Election decided. Result: candidate won. Election summary: received 2 responses out of 3 voters: 2 yes votes; 0 no votes. yes voters: 3ce79ee2bb1348d6a36d8ce39df7d3aa, d9fd45507a8e435abc710b00a27538c6; no voters:
I0507 06:32:03.855729 8540 raft_consensus.cc:2640] T 3a7d8f424df742599d3f6d48d9b1a37d P d9fd45507a8e435abc710b00a27538c6 [term 0 FOLLOWER]: Leader pre-election won for term 1
I0507 06:32:03.855856 8540 raft_consensus.cc:472] T 3a7d8f424df742599d3f6d48d9b1a37d P d9fd45507a8e435abc710b00a27538c6 [term 0 FOLLOWER]: Starting leader election (no leader contacted us within the election timeout)
I0507 06:32:03.855909 8540 raft_consensus.cc:2886] T 3a7d8f424df742599d3f6d48d9b1a37d P d9fd45507a8e435abc710b00a27538c6 [term 0 FOLLOWER]: Advancing to term 1
I0507 06:32:03.857753 8540 raft_consensus.cc:494] T 3a7d8f424df742599d3f6d48d9b1a37d P d9fd45507a8e435abc710b00a27538c6 [term 1 FOLLOWER]: Starting leader election with config: opid_index: -1 OBSOLETE_local: false peers { permanent_uuid: "3ce79ee2bb1348d6a36d8ce39df7d3aa" member_type: VOTER last_known_addr { host: "127.0.57.193" port: 44481 } } peers { permanent_uuid: "d9fd45507a8e435abc710b00a27538c6" member_type: VOTER last_known_addr { host: "127.0.57.194" port: 44183 } } peers { permanent_uuid: "2781869a927549908dde07bc5019d0e4" member_type: VOTER last_known_addr { host: "127.0.57.195" port: 40501 } }
I0507 06:32:03.858353 8540 leader_election.cc:296] T 3a7d8f424df742599d3f6d48d9b1a37d P d9fd45507a8e435abc710b00a27538c6 [CANDIDATE]: Term 1 election: Requested vote from peers 3ce79ee2bb1348d6a36d8ce39df7d3aa (127.0.57.193:44481), 2781869a927549908dde07bc5019d0e4 (127.0.57.195:40501)
I0507 06:32:03.858929 7983 tablet_service.cc:1286] Received RequestConsensusVote() RPC: tablet_id: "3a7d8f424df742599d3f6d48d9b1a37d" candidate_uuid: "d9fd45507a8e435abc710b00a27538c6" candidate_term: 1 candidate_status { last_received { term: 0 index: 0 } } ignore_live_leader: false dest_uuid: "2781869a927549908dde07bc5019d0e4"
I0507 06:32:03.858899 7738 tablet_service.cc:1286] Received RequestConsensusVote() RPC: tablet_id: "3a7d8f424df742599d3f6d48d9b1a37d" candidate_uuid: "d9fd45507a8e435abc710b00a27538c6" candidate_term: 1 candidate_status { last_received { term: 0 index: 0 } } ignore_live_leader: false dest_uuid: "3ce79ee2bb1348d6a36d8ce39df7d3aa"
I0507 06:32:03.859068 7983 raft_consensus.cc:2886] T 3a7d8f424df742599d3f6d48d9b1a37d P 2781869a927549908dde07bc5019d0e4 [term 0 FOLLOWER]: Advancing to term 1
I0507 06:32:03.859072 7738 raft_consensus.cc:2886] T 3a7d8f424df742599d3f6d48d9b1a37d P 3ce79ee2bb1348d6a36d8ce39df7d3aa [term 0 FOLLOWER]: Advancing to term 1
I0507 06:32:03.860970 7983 raft_consensus.cc:2346] T 3a7d8f424df742599d3f6d48d9b1a37d P 2781869a927549908dde07bc5019d0e4 [term 1 FOLLOWER]: Leader election vote request: Granting yes vote for candidate d9fd45507a8e435abc710b00a27538c6 in term 1.
I0507 06:32:03.861030 7738 raft_consensus.cc:2346] T 3a7d8f424df742599d3f6d48d9b1a37d P 3ce79ee2bb1348d6a36d8ce39df7d3aa [term 1 FOLLOWER]: Leader election vote request: Granting yes vote for candidate d9fd45507a8e435abc710b00a27538c6 in term 1.
I0507 06:32:03.861361 7794 leader_election.cc:310] T 3a7d8f424df742599d3f6d48d9b1a37d P d9fd45507a8e435abc710b00a27538c6 [CANDIDATE]: Term 1 election: Election decided. Result: candidate won. Election summary: received 2 responses out of 3 voters: 2 yes votes; 0 no votes. yes voters: 2781869a927549908dde07bc5019d0e4, d9fd45507a8e435abc710b00a27538c6; no voters:
I0507 06:32:03.861726 8540 raft_consensus.cc:2640] T 3a7d8f424df742599d3f6d48d9b1a37d P d9fd45507a8e435abc710b00a27538c6 [term 1 FOLLOWER]: Leader election won for term 1
I0507 06:32:03.862264 8540 raft_consensus.cc:667] T 3a7d8f424df742599d3f6d48d9b1a37d P d9fd45507a8e435abc710b00a27538c6 [term 1 LEADER]: Becoming Leader. State: Replica: d9fd45507a8e435abc710b00a27538c6, State: Running, Role: LEADER
I0507 06:32:03.862674 8540 consensus_queue.cc:206] T 3a7d8f424df742599d3f6d48d9b1a37d P d9fd45507a8e435abc710b00a27538c6 [LEADER]: Queue going to LEADER mode. State: All replicated index: 0, Majority replicated index: 0, Committed index: 0, Last appended: 0.0, Last appended by leader: 0, Current term: 1, Majority size: 2, State: 0, Mode: LEADER, active raft config: opid_index: -1 OBSOLETE_local: false peers { permanent_uuid: "3ce79ee2bb1348d6a36d8ce39df7d3aa" member_type: VOTER last_known_addr { host: "127.0.57.193" port: 44481 } } peers { permanent_uuid: "d9fd45507a8e435abc710b00a27538c6" member_type: VOTER last_known_addr { host: "127.0.57.194" port: 44183 } } peers { permanent_uuid: "2781869a927549908dde07bc5019d0e4" member_type: VOTER last_known_addr { host: "127.0.57.195" port: 40501 } }
I0507 06:32:03.867611 7617 catalog_manager.cc:3988] T 3a7d8f424df742599d3f6d48d9b1a37d P d9fd45507a8e435abc710b00a27538c6 reported cstate change: term changed from 0 to 1, leader changed from to d9fd45507a8e435abc710b00a27538c6 (127.0.57.194). New cstate: current_term: 1 leader_uuid: "d9fd45507a8e435abc710b00a27538c6" committed_config { opid_index: -1 OBSOLETE_local: false peers { permanent_uuid: "3ce79ee2bb1348d6a36d8ce39df7d3aa" member_type: VOTER last_known_addr { host: "127.0.57.193" port: 44481 } health_report { overall_health: UNKNOWN } } peers { permanent_uuid: "d9fd45507a8e435abc710b00a27538c6" member_type: VOTER last_known_addr { host: "127.0.57.194" port: 44183 } health_report { overall_health: HEALTHY } } peers { permanent_uuid: "2781869a927549908dde07bc5019d0e4" member_type: VOTER last_known_addr { host: "127.0.57.195" port: 40501 } health_report { overall_health: UNKNOWN } } }
I0507 06:32:03.898910 231 external_mini_cluster.cc:623] 7 TS(s) registered with all masters
I0507 06:32:03.900596 231 ts_itest-base.cc:232] Waiting for 1 tablets on tserver 3ce79ee2bb1348d6a36d8ce39df7d3aa to finish bootstrapping
I0507 06:32:03.907709 231 ts_itest-base.cc:232] Waiting for 1 tablets on tserver d9fd45507a8e435abc710b00a27538c6 to finish bootstrapping
I0507 06:32:03.914412 231 ts_itest-base.cc:232] Waiting for 1 tablets on tserver 2781869a927549908dde07bc5019d0e4 to finish bootstrapping
I0507 06:32:03.918479 8270 heartbeater.cc:467] Master 127.0.57.254:34231 was elected leader, sending a full tablet report...
I0507 06:32:03.920887 231 ts_itest-base.cc:232] Waiting for 0 tablets on tserver b5c46129f1994ab28f3710e8e392ceab to finish bootstrapping
I0507 06:32:03.928295 231 ts_itest-base.cc:232] Waiting for 0 tablets on tserver bb5a49b22d4048608d9e7b762d749fb2 to finish bootstrapping
I0507 06:32:03.935091 231 ts_itest-base.cc:232] Waiting for 0 tablets on tserver 3e033fe6ec6f4fe595bdcd8a95a9f4e8 to finish bootstrapping
I0507 06:32:03.941890 231 ts_itest-base.cc:232] Waiting for 0 tablets on tserver 44a1757d4e604357a1991e808f009e56 to finish bootstrapping
I0507 06:32:03.949080 231 test_util.cc:212] Using random seed: 1611307523
I0507 06:32:03.960834 231 test_workload.cc:306] TestWorkload: Skipping table creation because table TestTable already exists
I0507 06:32:04.001185 7983 raft_consensus.cc:1181] T 3a7d8f424df742599d3f6d48d9b1a37d P 2781869a927549908dde07bc5019d0e4 [term 1 FOLLOWER]: Refusing update from remote peer d9fd45507a8e435abc710b00a27538c6: Log matching property violated. Preceding OpId in replica: term: 0 index: 0. Preceding OpId from leader: term: 1 index: 2. (index mismatch)
I0507 06:32:04.001408 7738 raft_consensus.cc:1181] T 3a7d8f424df742599d3f6d48d9b1a37d P 3ce79ee2bb1348d6a36d8ce39df7d3aa [term 1 FOLLOWER]: Refusing update from remote peer d9fd45507a8e435abc710b00a27538c6: Log matching property violated. Preceding OpId in replica: term: 0 index: 0. Preceding OpId from leader: term: 1 index: 2. (index mismatch)
I0507 06:32:04.002513 8540 consensus_queue.cc:984] T 3a7d8f424df742599d3f6d48d9b1a37d P d9fd45507a8e435abc710b00a27538c6 [LEADER]: Connected to new peer: Peer: permanent_uuid: "2781869a927549908dde07bc5019d0e4" member_type: VOTER last_known_addr { host: "127.0.57.195" port: 40501 }, Status: LMP_MISMATCH, Last received: 0.0, Next index: 1, Last known committed idx: 0, Time since last communication: 0.000s
I0507 06:32:04.002833 8545 consensus_queue.cc:984] T 3a7d8f424df742599d3f6d48d9b1a37d P d9fd45507a8e435abc710b00a27538c6 [LEADER]: Connected to new peer: Peer: permanent_uuid: "3ce79ee2bb1348d6a36d8ce39df7d3aa" member_type: VOTER last_known_addr { host: "127.0.57.193" port: 44481 }, Status: LMP_MISMATCH, Last received: 0.0, Next index: 1, Last known committed idx: 0, Time since last communication: 0.000s
I0507 06:32:04.018188 8561 mvcc.cc:203] Tried to move safe_time back from 6378335125498007552 to 6378335124944687104. Current Snapshot: MvccSnapshot[committed={T|T < 6378335125498007552}]
I0507 06:32:04.042414 8563 mvcc.cc:203] Tried to move safe_time back from 6378335125507919872 to 6378335124944687104. Current Snapshot: MvccSnapshot[committed={T|T < 6378335125507919872}]
I0507 06:32:04.044433 8562 mvcc.cc:203] Tried to move safe_time back from 6378335125498007552 to 6378335124944687104. Current Snapshot: MvccSnapshot[committed={T|T < 6378335125498007552}]
I0507 06:32:04.061733 231 external_mini_cluster.cc:1172] Attempting to check leaks for /tmp/dist-test-taskKhSYji/build/asan/bin/kudu-tserver pid 7907
I0507 06:32:04.062686 8023 generic_service.cc:171] Checking for leaks (request via RPC)
I0507 06:32:04.113945 231 external_mini_cluster.cc:1131] Killing /tmp/dist-test-taskKhSYji/build/asan/bin/kudu-tserver with pid 7907
I0507 06:32:04.207170 8392 heartbeater.cc:467] Master 127.0.57.254:34231 was elected leader, sending a full tablet report...
W0507 06:32:04.473095 7794 consensus_peers.cc:457] T 3a7d8f424df742599d3f6d48d9b1a37d P d9fd45507a8e435abc710b00a27538c6 -> Peer 2781869a927549908dde07bc5019d0e4 (127.0.57.195:40501): Couldn't send request to peer 2781869a927549908dde07bc5019d0e4. Status: Network error: Client connection negotiation failed: client connection to 127.0.57.195:40501: connect: Connection refused (error 111). This is attempt 1: this message will repeat every 5th retry.
I0507 06:32:04.490702 8514 heartbeater.cc:467] Master 127.0.57.254:34231 was elected leader, sending a full tablet report...
I0507 06:32:06.520694 8568 consensus_queue.cc:544] T 3a7d8f424df742599d3f6d48d9b1a37d P d9fd45507a8e435abc710b00a27538c6 [LEADER]: Leader has been unable to successfully communicate with peer 2781869a927549908dde07bc5019d0e4 for more than 2 seconds (2.459s)
I0507 06:32:06.523277 7608 catalog_manager.cc:3616] Sending ChangeConfig:ADD_PEER:NON_VOTER on tablet 3a7d8f424df742599d3f6d48d9b1a37d (attempt 1)
I0507 06:32:06.525537 7861 consensus_queue.cc:206] T 3a7d8f424df742599d3f6d48d9b1a37d P d9fd45507a8e435abc710b00a27538c6 [LEADER]: Queue going to LEADER mode. State: All replicated index: 0, Majority replicated index: 7, Committed index: 7, Last appended: 1.7, Last appended by leader: 0, Current term: 1, Majority size: 2, State: 0, Mode: LEADER, active raft config: opid_index: 8 OBSOLETE_local: false peers { permanent_uuid: "3ce79ee2bb1348d6a36d8ce39df7d3aa" member_type: VOTER last_known_addr { host: "127.0.57.193" port: 44481 } } peers { permanent_uuid: "d9fd45507a8e435abc710b00a27538c6" member_type: VOTER last_known_addr { host: "127.0.57.194" port: 44183 } } peers { permanent_uuid: "2781869a927549908dde07bc5019d0e4" member_type: VOTER last_known_addr { host: "127.0.57.195" port: 40501 } } peers { permanent_uuid: "b5c46129f1994ab28f3710e8e392ceab" member_type: NON_VOTER last_known_addr { host: "127.0.57.196" port: 34535 } attrs { promote: true } }
I0507 06:32:06.527905 7738 raft_consensus.cc:1181] T 3a7d8f424df742599d3f6d48d9b1a37d P 3ce79ee2bb1348d6a36d8ce39df7d3aa [term 1 FOLLOWER]: Refusing update from remote peer d9fd45507a8e435abc710b00a27538c6: Log matching property violated. Preceding OpId in replica: term: 1 index: 7. Preceding OpId from leader: term: 1 index: 8. (index mismatch)
W0507 06:32:06.528034 7794 consensus_peers.cc:457] T 3a7d8f424df742599d3f6d48d9b1a37d P d9fd45507a8e435abc710b00a27538c6 -> Peer 2781869a927549908dde07bc5019d0e4 (127.0.57.195:40501): Couldn't send request to peer 2781869a927549908dde07bc5019d0e4. Status: Network error: Client connection negotiation failed: client connection to 127.0.57.195:40501: connect: Connection refused (error 111). This is attempt 1: this message will repeat every 5th retry.
I0507 06:32:06.528445 8582 consensus_queue.cc:984] T 3a7d8f424df742599d3f6d48d9b1a37d P d9fd45507a8e435abc710b00a27538c6 [LEADER]: Connected to new peer: Peer: permanent_uuid: "3ce79ee2bb1348d6a36d8ce39df7d3aa" member_type: VOTER last_known_addr { host: "127.0.57.193" port: 44481 }, Status: LMP_MISMATCH, Last received: 0.0, Next index: 8, Last known committed idx: 7, Time since last communication: 0.000s
I0507 06:32:06.531062 8582 raft_consensus.cc:2788] T 3a7d8f424df742599d3f6d48d9b1a37d P d9fd45507a8e435abc710b00a27538c6 [term 1 LEADER]: Committing config change with OpId 1.8: config changed from index -1 to 8, NON_VOTER b5c46129f1994ab28f3710e8e392ceab (127.0.57.196) added. New config: { opid_index: 8 OBSOLETE_local: false peers { permanent_uuid: "3ce79ee2bb1348d6a36d8ce39df7d3aa" member_type: VOTER last_known_addr { host: "127.0.57.193" port: 44481 } } peers { permanent_uuid: "d9fd45507a8e435abc710b00a27538c6" member_type: VOTER last_known_addr { host: "127.0.57.194" port: 44183 } } peers { permanent_uuid: "2781869a927549908dde07bc5019d0e4" member_type: VOTER last_known_addr { host: "127.0.57.195" port: 40501 } } peers { permanent_uuid: "b5c46129f1994ab28f3710e8e392ceab" member_type: NON_VOTER last_known_addr { host: "127.0.57.196" port: 34535 } attrs { promote: true } } }
I0507 06:32:06.531884 7738 raft_consensus.cc:2788] T 3a7d8f424df742599d3f6d48d9b1a37d P 3ce79ee2bb1348d6a36d8ce39df7d3aa [term 1 FOLLOWER]: Committing config change with OpId 1.8: config changed from index -1 to 8, NON_VOTER b5c46129f1994ab28f3710e8e392ceab (127.0.57.196) added. New config: { opid_index: 8 OBSOLETE_local: false peers { permanent_uuid: "3ce79ee2bb1348d6a36d8ce39df7d3aa" member_type: VOTER last_known_addr { host: "127.0.57.193" port: 44481 } } peers { permanent_uuid: "d9fd45507a8e435abc710b00a27538c6" member_type: VOTER last_known_addr { host: "127.0.57.194" port: 44183 } } peers { permanent_uuid: "2781869a927549908dde07bc5019d0e4" member_type: VOTER last_known_addr { host: "127.0.57.195" port: 40501 } } peers { permanent_uuid: "b5c46129f1994ab28f3710e8e392ceab" member_type: NON_VOTER last_known_addr { host: "127.0.57.196" port: 34535 } attrs { promote: true } } }
I0507 06:32:06.533902 7599 catalog_manager.cc:3531] ChangeConfig:ADD_PEER:NON_VOTER RPC for tablet 3a7d8f424df742599d3f6d48d9b1a37d with cas_config_opid_index -1: ChangeConfig:ADD_PEER:NON_VOTER succeeded (attempt 1)
W0507 06:32:06.534749 7795 consensus_peers.cc:457] T 3a7d8f424df742599d3f6d48d9b1a37d P d9fd45507a8e435abc710b00a27538c6 -> Peer b5c46129f1994ab28f3710e8e392ceab (127.0.57.196:34535): Couldn't send request to peer b5c46129f1994ab28f3710e8e392ceab. Error code: TABLET_NOT_FOUND (6). Status: Not found: Tablet not found: 3a7d8f424df742599d3f6d48d9b1a37d. This is attempt 1: this message will repeat every 5th retry.
I0507 06:32:06.535068 7608 catalog_manager.cc:3988] T 3a7d8f424df742599d3f6d48d9b1a37d P d9fd45507a8e435abc710b00a27538c6 reported cstate change: config changed from index -1 to 8, NON_VOTER b5c46129f1994ab28f3710e8e392ceab (127.0.57.196) added. New cstate: current_term: 1 leader_uuid: "d9fd45507a8e435abc710b00a27538c6" committed_config { opid_index: 8 OBSOLETE_local: false peers { permanent_uuid: "3ce79ee2bb1348d6a36d8ce39df7d3aa" member_type: VOTER last_known_addr { host: "127.0.57.193" port: 44481 } health_report { overall_health: HEALTHY } } peers { permanent_uuid: "d9fd45507a8e435abc710b00a27538c6" member_type: VOTER last_known_addr { host: "127.0.57.194" port: 44183 } health_report { overall_health: HEALTHY } } peers { permanent_uuid: "2781869a927549908dde07bc5019d0e4" member_type: VOTER last_known_addr { host: "127.0.57.195" port: 40501 } health_report { overall_health: UNKNOWN } } peers { permanent_uuid: "b5c46129f1994ab28f3710e8e392ceab" member_type: NON_VOTER last_known_addr { host: "127.0.57.196" port: 34535 } attrs { promote: true } health_report { overall_health: UNKNOWN } } }
I0507 06:32:06.558207 231 external_mini_cluster.cc:1172] Attempting to check leaks for /tmp/dist-test-taskKhSYji/build/asan/bin/kudu-tserver pid 7651
I0507 06:32:06.559015 7778 generic_service.cc:171] Checking for leaks (request via RPC)
I0507 06:32:06.610193 231 external_mini_cluster.cc:1131] Killing /tmp/dist-test-taskKhSYji/build/asan/bin/kudu-tserver with pid 7651
I0507 06:32:06.944396 8596 ts_tablet_manager.cc:676] T 3a7d8f424df742599d3f6d48d9b1a37d P b5c46129f1994ab28f3710e8e392ceab: Initiating tablet copy from peer d9fd45507a8e435abc710b00a27538c6 (127.0.57.194:44183)
I0507 06:32:06.944934 8596 tablet_copy_client.cc:240] T 3a7d8f424df742599d3f6d48d9b1a37d P b5c46129f1994ab28f3710e8e392ceab: tablet copy: Beginning tablet copy session from remote peer at address 127.0.57.194:44183
I0507 06:32:06.951246 7881 tablet_copy_service.cc:135] P d9fd45507a8e435abc710b00a27538c6: Received BeginTabletCopySession request for tablet 3a7d8f424df742599d3f6d48d9b1a37d from peer b5c46129f1994ab28f3710e8e392ceab ({username='slave'} at 127.0.57.196:42593)
I0507 06:32:06.951453 7881 tablet_copy_service.cc:156] P d9fd45507a8e435abc710b00a27538c6: Beginning new tablet copy session on tablet 3a7d8f424df742599d3f6d48d9b1a37d from peer b5c46129f1994ab28f3710e8e392ceab at {username='slave'} at 127.0.57.196:42593: session id = b5c46129f1994ab28f3710e8e392ceab-3a7d8f424df742599d3f6d48d9b1a37d
I0507 06:32:06.953732 7881 tablet_copy_source_session.cc:202] T 3a7d8f424df742599d3f6d48d9b1a37d P d9fd45507a8e435abc710b00a27538c6: Tablet Copy: opened 0 blocks and 1 log segments
I0507 06:32:06.957336 8596 data_dirs.cc:938] Could only allocate 1 dirs of requested 3 for tablet 3a7d8f424df742599d3f6d48d9b1a37d. 1 dirs total, 0 dirs full, 0 dirs failed
I0507 06:32:06.967447 8596 tablet_copy_client.cc:575] T 3a7d8f424df742599d3f6d48d9b1a37d P b5c46129f1994ab28f3710e8e392ceab: tablet copy: Starting download of 0 data blocks...
I0507 06:32:06.967630 8596 tablet_copy_client.cc:538] T 3a7d8f424df742599d3f6d48d9b1a37d P b5c46129f1994ab28f3710e8e392ceab: tablet copy: Starting download of 1 WAL segments...
I0507 06:32:06.969488 8596 tablet_copy_client.cc:749] T 3a7d8f424df742599d3f6d48d9b1a37d P b5c46129f1994ab28f3710e8e392ceab: tablet copy: Injecting latency into file download: 10000
W0507 06:32:07.101197 7792 consensus_peers.cc:457] T 3a7d8f424df742599d3f6d48d9b1a37d P d9fd45507a8e435abc710b00a27538c6 -> Peer 3ce79ee2bb1348d6a36d8ce39df7d3aa (127.0.57.193:44481): Couldn't send request to peer 3ce79ee2bb1348d6a36d8ce39df7d3aa. Status: Network error: Client connection negotiation failed: client connection to 127.0.57.193:44481: connect: Connection refused (error 111). This is attempt 1: this message will repeat every 5th retry.
I0507 06:32:08.587546 8601 consensus_queue.cc:544] T 3a7d8f424df742599d3f6d48d9b1a37d P d9fd45507a8e435abc710b00a27538c6 [LEADER]: Leader has been unable to successfully communicate with peer 3ce79ee2bb1348d6a36d8ce39df7d3aa for more than 2 seconds (2.052s)
I0507 06:32:08.944341 8601 consensus_queue.cc:544] T 3a7d8f424df742599d3f6d48d9b1a37d P d9fd45507a8e435abc710b00a27538c6 [LEADER]: Leader has been unable to successfully communicate with peer 2781869a927549908dde07bc5019d0e4 for more than 2 seconds (2.418s)
W0507 06:32:08.945510 7794 consensus_peers.cc:457] T 3a7d8f424df742599d3f6d48d9b1a37d P d9fd45507a8e435abc710b00a27538c6 -> Peer 2781869a927549908dde07bc5019d0e4 (127.0.57.195:40501): Couldn't send request to peer 2781869a927549908dde07bc5019d0e4. Status: Network error: Client connection negotiation failed: client connection to 127.0.57.195:40501: connect: Connection refused (error 111). This is attempt 6: this message will repeat every 5th retry.
W0507 06:32:09.618470 7792 consensus_peers.cc:457] T 3a7d8f424df742599d3f6d48d9b1a37d P d9fd45507a8e435abc710b00a27538c6 -> Peer 3ce79ee2bb1348d6a36d8ce39df7d3aa (127.0.57.193:44481): Couldn't send request to peer 3ce79ee2bb1348d6a36d8ce39df7d3aa. Status: Network error: Client connection negotiation failed: client connection to 127.0.57.193:44481: connect: Connection refused (error 111). This is attempt 6: this message will repeat every 5th retry.
W0507 06:32:09.638504 7795 consensus_peers.cc:457] T 3a7d8f424df742599d3f6d48d9b1a37d P d9fd45507a8e435abc710b00a27538c6 -> Peer b5c46129f1994ab28f3710e8e392ceab (127.0.57.196:34535): Couldn't send request to peer b5c46129f1994ab28f3710e8e392ceab. Error code: TABLET_NOT_RUNNING (12). Status: Illegal state: Tablet not RUNNING: INITIALIZED. This is attempt 6: this message will repeat every 5th retry.
W0507 06:32:11.617746 7794 consensus_peers.cc:457] T 3a7d8f424df742599d3f6d48d9b1a37d P d9fd45507a8e435abc710b00a27538c6 -> Peer 2781869a927549908dde07bc5019d0e4 (127.0.57.195:40501): Couldn't send request to peer 2781869a927549908dde07bc5019d0e4. Status: Network error: Client connection negotiation failed: client connection to 127.0.57.195:40501: connect: Connection refused (error 111). This is attempt 11: this message will repeat every 5th retry.
W0507 06:32:12.139991 7792 consensus_peers.cc:457] T 3a7d8f424df742599d3f6d48d9b1a37d P d9fd45507a8e435abc710b00a27538c6 -> Peer 3ce79ee2bb1348d6a36d8ce39df7d3aa (127.0.57.193:44481): Couldn't send request to peer 3ce79ee2bb1348d6a36d8ce39df7d3aa. Status: Network error: Client connection negotiation failed: client connection to 127.0.57.193:44481: connect: Connection refused (error 111). This is attempt 11: this message will repeat every 5th retry.
W0507 06:32:12.504300 7795 consensus_peers.cc:457] T 3a7d8f424df742599d3f6d48d9b1a37d P d9fd45507a8e435abc710b00a27538c6 -> Peer b5c46129f1994ab28f3710e8e392ceab (127.0.57.196:34535): Couldn't send request to peer b5c46129f1994ab28f3710e8e392ceab. Error code: TABLET_NOT_RUNNING (12). Status: Illegal state: Tablet not RUNNING: INITIALIZED. This is attempt 11: this message will repeat every 5th retry.
W0507 06:32:14.169613 7794 consensus_peers.cc:457] T 3a7d8f424df742599d3f6d48d9b1a37d P d9fd45507a8e435abc710b00a27538c6 -> Peer 2781869a927549908dde07bc5019d0e4 (127.0.57.195:40501): Couldn't send request to peer 2781869a927549908dde07bc5019d0e4. Status: Network error: Client connection negotiation failed: client connection to 127.0.57.195:40501: connect: Connection refused (error 111). This is attempt 16: this message will repeat every 5th retry.
W0507 06:32:14.720439 7795 consensus_peers.cc:457] T 3a7d8f424df742599d3f6d48d9b1a37d P d9fd45507a8e435abc710b00a27538c6 -> Peer b5c46129f1994ab28f3710e8e392ceab (127.0.57.196:34535): Couldn't send request to peer b5c46129f1994ab28f3710e8e392ceab. Error code: TABLET_NOT_RUNNING (12). Status: Illegal state: Tablet not RUNNING: INITIALIZED. This is attempt 16: this message will repeat every 5th retry.
W0507 06:32:14.736371 7792 consensus_peers.cc:457] T 3a7d8f424df742599d3f6d48d9b1a37d P d9fd45507a8e435abc710b00a27538c6 -> Peer 3ce79ee2bb1348d6a36d8ce39df7d3aa (127.0.57.193:44481): Couldn't send request to peer 3ce79ee2bb1348d6a36d8ce39df7d3aa. Status: Network error: Client connection negotiation failed: client connection to 127.0.57.193:44481: connect: Connection refused (error 111). This is attempt 16: this message will repeat every 5th retry.
I0507 06:32:16.969954 8596 tablet_copy_client.cc:414] T 3a7d8f424df742599d3f6d48d9b1a37d P b5c46129f1994ab28f3710e8e392ceab: tablet copy: Tablet Copy complete. Replacing tablet superblock.
I0507 06:32:16.973134 8596 tablet_bootstrap.cc:439] T 3a7d8f424df742599d3f6d48d9b1a37d P b5c46129f1994ab28f3710e8e392ceab: Bootstrap starting.
I0507 06:32:16.980059 8596 log.cc:525] T 3a7d8f424df742599d3f6d48d9b1a37d P b5c46129f1994ab28f3710e8e392ceab: Log is configured to *not* fsync() on all Append() calls
I0507 06:32:17.002893 8596 tablet_bootstrap.cc:439] T 3a7d8f424df742599d3f6d48d9b1a37d P b5c46129f1994ab28f3710e8e392ceab: Bootstrap replayed 1/1 log segments. Stats: ops{read=8 overwritten=0 applied=8 ignored=0} inserts{seen=300 ignored=0} mutations{seen=0 ignored=0} orphaned_commits=0. Pending: 0 replicates
I0507 06:32:17.003345 8596 tablet_bootstrap.cc:439] T 3a7d8f424df742599d3f6d48d9b1a37d P b5c46129f1994ab28f3710e8e392ceab: Bootstrap complete.
I0507 06:32:17.003688 8596 ts_tablet_manager.cc:1053] T 3a7d8f424df742599d3f6d48d9b1a37d P b5c46129f1994ab28f3710e8e392ceab: Time spent bootstrapping tablet: real 0.031s user 0.023s sys 0.004s
I0507 06:32:17.008224 8596 raft_consensus.cc:340] T 3a7d8f424df742599d3f6d48d9b1a37d P b5c46129f1994ab28f3710e8e392ceab [term 1 LEARNER]: Replica starting. Triggering 0 pending transactions. Active config: opid_index: 8 OBSOLETE_local: false peers { permanent_uuid: "3ce79ee2bb1348d6a36d8ce39df7d3aa" member_type: VOTER last_known_addr { host: "127.0.57.193" port: 44481 } } peers { permanent_uuid: "d9fd45507a8e435abc710b00a27538c6" member_type: VOTER last_known_addr { host: "127.0.57.194" port: 44183 } } peers { permanent_uuid: "2781869a927549908dde07bc5019d0e4" member_type: VOTER last_known_addr { host: "127.0.57.195" port: 40501 } } peers { permanent_uuid: "b5c46129f1994ab28f3710e8e392ceab" member_type: NON_VOTER last_known_addr { host: "127.0.57.196" port: 34535 } attrs { promote: true } }
I0507 06:32:17.008666 8596 raft_consensus.cc:705] T 3a7d8f424df742599d3f6d48d9b1a37d P b5c46129f1994ab28f3710e8e392ceab [term 1 LEARNER]: Becoming Follower/Learner. State: Replica: b5c46129f1994ab28f3710e8e392ceab, State: Initialized, Role: LEARNER
I0507 06:32:17.009001 8596 consensus_queue.cc:229] T 3a7d8f424df742599d3f6d48d9b1a37d P b5c46129f1994ab28f3710e8e392ceab [NON_LEADER]: Queue going to NON_LEADER mode. State: All replicated index: 0, Majority replicated index: 0, Committed index: 8, Last appended: 1.8, Last appended by leader: 8, Current term: 0, Majority size: -1, State: 0, Mode: NON_LEADER, active raft config: opid_index: 8 OBSOLETE_local: false peers { permanent_uuid: "3ce79ee2bb1348d6a36d8ce39df7d3aa" member_type: VOTER last_known_addr { host: "127.0.57.193" port: 44481 } } peers { permanent_uuid: "d9fd45507a8e435abc710b00a27538c6" member_type: VOTER last_known_addr { host: "127.0.57.194" port: 44183 } } peers { permanent_uuid: "2781869a927549908dde07bc5019d0e4" member_type: VOTER last_known_addr { host: "127.0.57.195" port: 40501 } } peers { permanent_uuid: "b5c46129f1994ab28f3710e8e392ceab" member_type: NON_VOTER last_known_addr { host: "127.0.57.196" port: 34535 } attrs { promote: true } }
I0507 06:32:17.011229 8596 ts_tablet_manager.cc:1081] T 3a7d8f424df742599d3f6d48d9b1a37d P b5c46129f1994ab28f3710e8e392ceab: Time spent starting tablet: real 0.007s user 0.009s sys 0.000s
I0507 06:32:17.011605 231 external_mini_cluster.cc:1172] Attempting to check leaks for /tmp/dist-test-taskKhSYji/build/asan/bin/kudu-tserver pid 7782
I0507 06:32:17.012094 7881 tablet_copy_service.cc:325] P d9fd45507a8e435abc710b00a27538c6: Request end of tablet copy session b5c46129f1994ab28f3710e8e392ceab-3a7d8f424df742599d3f6d48d9b1a37d received from {username='slave'} at 127.0.57.196:42593
I0507 06:32:17.012228 7881 tablet_copy_service.cc:413] P d9fd45507a8e435abc710b00a27538c6: ending tablet copy session b5c46129f1994ab28f3710e8e392ceab-3a7d8f424df742599d3f6d48d9b1a37d on tablet 3a7d8f424df742599d3f6d48d9b1a37d with peer b5c46129f1994ab28f3710e8e392ceab
I0507 06:32:17.012603 7901 generic_service.cc:171] Checking for leaks (request via RPC)
W0507 06:32:17.067843 7794 consensus_peers.cc:457] T 3a7d8f424df742599d3f6d48d9b1a37d P d9fd45507a8e435abc710b00a27538c6 -> Peer 2781869a927549908dde07bc5019d0e4 (127.0.57.195:40501): Couldn't send request to peer 2781869a927549908dde07bc5019d0e4. Status: Network error: Client connection negotiation failed: client connection to 127.0.57.195:40501: connect: Connection refused (error 111). This is attempt 21: this message will repeat every 5th retry.
I0507 06:32:17.067976 231 external_mini_cluster.cc:1131] Killing /tmp/dist-test-taskKhSYji/build/asan/bin/kudu-tserver with pid 7782
I0507 06:32:17.080513 231 external_mini_cluster.cc:1172] Attempting to check leaks for /tmp/dist-test-taskKhSYji/build/asan/bin/kudu-tserver pid 8029
I0507 06:32:17.081720 8145 generic_service.cc:171] Checking for leaks (request via RPC)
I0507 06:32:17.150036 231 external_mini_cluster.cc:1131] Killing /tmp/dist-test-taskKhSYji/build/asan/bin/kudu-tserver with pid 8029
I0507 06:32:17.161512 231 external_mini_cluster.cc:1172] Attempting to check leaks for /tmp/dist-test-taskKhSYji/build/asan/bin/kudu-tserver pid 8151
I0507 06:32:17.162722 8267 generic_service.cc:171] Checking for leaks (request via RPC)
I0507 06:32:17.208273 231 external_mini_cluster.cc:1131] Killing /tmp/dist-test-taskKhSYji/build/asan/bin/kudu-tserver with pid 8151
I0507 06:32:17.218312 231 external_mini_cluster.cc:1172] Attempting to check leaks for /tmp/dist-test-taskKhSYji/build/asan/bin/kudu-tserver pid 8273
I0507 06:32:17.219528 8389 generic_service.cc:171] Checking for leaks (request via RPC)
I0507 06:32:17.269508 231 external_mini_cluster.cc:1131] Killing /tmp/dist-test-taskKhSYji/build/asan/bin/kudu-tserver with pid 8273
W0507 06:32:17.278836 7599 connection.cc:647] server connection from 127.0.57.198:40531 recv error: Network error: recv error from 0.0.0.0:0: Transport endpoint is not connected (error 107)
I0507 06:32:17.279062 231 external_mini_cluster.cc:1172] Attempting to check leaks for /tmp/dist-test-taskKhSYji/build/asan/bin/kudu-tserver pid 8395
I0507 06:32:17.280302 8511 generic_service.cc:171] Checking for leaks (request via RPC)
I0507 06:32:17.325572 231 external_mini_cluster.cc:1131] Killing /tmp/dist-test-taskKhSYji/build/asan/bin/kudu-tserver with pid 8395
I0507 06:32:17.335122 231 external_mini_cluster.cc:1172] Attempting to check leaks for /tmp/dist-test-taskKhSYji/build/asan/bin/kudu-master pid 7591
I0507 06:32:17.336282 7647 generic_service.cc:171] Checking for leaks (request via RPC)
I0507 06:32:17.415135 231 external_mini_cluster.cc:1131] Killing /tmp/dist-test-taskKhSYji/build/asan/bin/kudu-master with pid 7591
I0507 06:32:17.430747 231 external_mini_cluster.cc:933] Running /tmp/dist-test-taskKhSYji/build/asan/bin/kudu-tserver /tmp/dist-test-taskKhSYji/build/asan/bin/kudu-tserver --fs_wal_dir=/tmp/dist-test-taskKhSYji/test-tmp/raft_consensus_nonvoter-itest.0.RaftConsensusNonVoterITest.RestartClusterWithNonVoter.1557210500371863-231/raft_consensus-itest-cluster/ts-0/wal --fs_data_dirs=/tmp/dist-test-taskKhSYji/test-tmp/raft_consensus_nonvoter-itest.0.RaftConsensusNonVoterITest.RestartClusterWithNonVoter.1557210500371863-231/raft_consensus-itest-cluster/ts-0/data --block_manager=log --rpc_bind_addresses=127.0.57.193:44481 --local_ip_for_outbound_sockets=127.0.57.193 --webserver_port=44839 --webserver_interface=127.0.57.193 --tserver_master_addrs=127.0.57.254:34231 --never_fsync --ipki_server_key_size=1024 --enable_minidumps=false --redact=none --metrics_log_interval_ms=1000 --logtostderr --logbuflevel=-1 --log_dir=/tmp/dist-test-taskKhSYji/test-tmp/raft_consensus_nonvoter-itest.0.RaftConsensusNonVoterITest.RestartClusterWithNonVoter.1557210500371863-231/raft_consensus-itest-cluster/ts-0/logs --server_dump_info_path=/tmp/dist-test-taskKhSYji/test-tmp/raft_consensus_nonvoter-itest.0.RaftConsensusNonVoterITest.RestartClusterWithNonVoter.1557210500371863-231/raft_consensus-itest-cluster/ts-0/data/info.pb --server_dump_info_format=pb --rpc_server_allow_ephemeral_ports --unlock_experimental_flags --unlock_unsafe_flags --raft_prepare_replacement_before_eviction=true --tablet_copy_download_file_inject_latency_ms=10000 --follower_unavailable_considered_failed_sec=2 --consensus_rpc_timeout_ms=5000 with env {} WARNING: Logging before InitGoogleLogging() is written to STDERR
W0507 06:32:17.609709 8615 flags.cc:404] Enabled unsafe flag: --rpc_server_allow_ephemeral_ports=true
W0507 06:32:17.609989 8615 flags.cc:404] Enabled unsafe flag: --never_fsync=true
W0507 06:32:17.612157 8615 flags.cc:404] Enabled experimental flag: --raft_prepare_replacement_before_eviction=true
W0507 06:32:17.612222 8615 flags.cc:404] Enabled experimental flag: --ipki_server_key_size=1024
W0507 06:32:17.612354 8615 flags.cc:404] Enabled experimental flag: --local_ip_for_outbound_sockets=127.0.57.193
I0507 06:32:17.616793 8615 tablet_server_main.cc:78] Tablet server non-default flags: --consensus_rpc_timeout_ms=5000 --follower_unavailable_considered_failed_sec=2 --fs_data_dirs=/tmp/dist-test-taskKhSYji/test-tmp/raft_consensus_nonvoter-itest.0.RaftConsensusNonVoterITest.RestartClusterWithNonVoter.1557210500371863-231/raft_consensus-itest-cluster/ts-0/data --fs_wal_dir=/tmp/dist-test-taskKhSYji/test-tmp/raft_consensus_nonvoter-itest.0.RaftConsensusNonVoterITest.RestartClusterWithNonVoter.1557210500371863-231/raft_consensus-itest-cluster/ts-0/wal --ipki_server_key_size=1024 --rpc_bind_addresses=127.0.57.193:44481 --rpc_server_allow_ephemeral_ports=true --metrics_log_interval_ms=1000 --server_dump_info_format=pb --server_dump_info_path=/tmp/dist-test-taskKhSYji/test-tmp/raft_consensus_nonvoter-itest.0.RaftConsensusNonVoterITest.RestartClusterWithNonVoter.1557210500371863-231/raft_consensus-itest-cluster/ts-0/data/info.pb --webserver_interface=127.0.57.193 --webserver_port=44839 --tablet_copy_download_file_inject_latency_ms=10000 --tserver_master_addrs=127.0.57.254:34231 --never_fsync=true --redact=none --unlock_experimental_flags=true --unlock_unsafe_flags=true --enable_minidumps=false --local_ip_for_outbound_sockets=127.0.57.193 --log_dir=/tmp/dist-test-taskKhSYji/test-tmp/raft_consensus_nonvoter-itest.0.RaftConsensusNonVoterITest.RestartClusterWithNonVoter.1557210500371863-231/raft_consensus-itest-cluster/ts-0/logs --logbuflevel=-1 --logtostderr=true Tablet server version: kudu 1.10.0-cdh6.x-SNAPSHOT revision 7d0ee26697926e87af9ef395008799577f6ab43f build type FASTDEBUG built by jenkins at 06 May 2019 22:44:21 PST on quasar-knmpfx-1.vpc.cloudera.com build id 322017 ASAN enabled
I0507 06:32:17.625105 8615 system_ntp.cc:202] NTP initialized. Skew: 500ppm Current error: 143016us
I0507 06:32:17.625918 8615 fs_manager.cc:263] Metadata directory not provided
I0507 06:32:17.626006 8615 fs_manager.cc:269] Using write-ahead log directory (fs_wal_dir) as metadata directory
