I0507 06:31:33.020148 6432 raft_consensus.cc:340] T 514b7d59d98b42f2a5aa360e82481c1c P b0a8e43040e44074b6b1aa9fe8f42e61 [term 0 FOLLOWER]: Replica starting. Triggering 0 pending transactions. Active config: opid_index: -1 OBSOLETE_local: false peers { permanent_uuid: "c4b5cf02494a4c9991316895da73ca72" member_type: VOTER last_known_addr { host: "127.0.57.195" port: 35959 } } peers { permanent_uuid: "b0a8e43040e44074b6b1aa9fe8f42e61" member_type: VOTER last_known_addr { host: "127.0.57.196" port: 36957 } } peers { permanent_uuid: "f82b67eec9cc44e0811eadb4fb49e7b3" member_type: VOTER last_known_addr { host: "127.0.57.194" port: 42507 } }
I0507 06:31:33.020328 6434 raft_consensus.cc:340] T 514b7d59d98b42f2a5aa360e82481c1c P c4b5cf02494a4c9991316895da73ca72 [term 0 FOLLOWER]: Replica starting. Triggering 0 pending transactions. Active config: opid_index: -1 OBSOLETE_local: false peers { permanent_uuid: "c4b5cf02494a4c9991316895da73ca72" member_type: VOTER last_known_addr { host: "127.0.57.195" port: 35959 } } peers { permanent_uuid: "b0a8e43040e44074b6b1aa9fe8f42e61" member_type: VOTER last_known_addr { host: "127.0.57.196" port: 36957 } } peers { permanent_uuid: "f82b67eec9cc44e0811eadb4fb49e7b3" member_type: VOTER last_known_addr { host: "127.0.57.194" port: 42507 } }
I0507 06:31:33.020794 6432 raft_consensus.cc:366] T 514b7d59d98b42f2a5aa360e82481c1c P b0a8e43040e44074b6b1aa9fe8f42e61 [term 0 FOLLOWER]: Consensus starting up: Expiring failure detector timer to make a prompt election more likely
I0507 06:31:33.020870 6432 raft_consensus.cc:705] T 514b7d59d98b42f2a5aa360e82481c1c P b0a8e43040e44074b6b1aa9fe8f42e61 [term 0 FOLLOWER]: Becoming Follower/Learner. State: Replica: b0a8e43040e44074b6b1aa9fe8f42e61, State: Initialized, Role: FOLLOWER
I0507 06:31:33.020915 6434 raft_consensus.cc:366] T 514b7d59d98b42f2a5aa360e82481c1c P c4b5cf02494a4c9991316895da73ca72 [term 0 FOLLOWER]: Consensus starting up: Expiring failure detector timer to make a prompt election more likely
I0507 06:31:33.020998 6434 raft_consensus.cc:705] T 514b7d59d98b42f2a5aa360e82481c1c P c4b5cf02494a4c9991316895da73ca72 [term 0 FOLLOWER]: Becoming Follower/Learner. State: Replica: c4b5cf02494a4c9991316895da73ca72, State: Initialized, Role: FOLLOWER
I0507 06:31:33.021427 6433 ts_tablet_manager.cc:1081] T 514b7d59d98b42f2a5aa360e82481c1c P f82b67eec9cc44e0811eadb4fb49e7b3: Time spent starting tablet: real 0.011s user 0.002s sys 0.006s
I0507 06:31:33.021523 6432 consensus_queue.cc:229] T 514b7d59d98b42f2a5aa360e82481c1c P b0a8e43040e44074b6b1aa9fe8f42e61 [NON_LEADER]: Queue going to NON_LEADER mode. State: All replicated index: 0, Majority replicated index: 0, Committed index: 0, Last appended: 0.0, Last appended by leader: 0, Current term: 0, Majority size: -1, State: 0, Mode: NON_LEADER, active raft config: opid_index: -1 OBSOLETE_local: false peers { permanent_uuid: "c4b5cf02494a4c9991316895da73ca72" member_type: VOTER last_known_addr { host: "127.0.57.195" port: 35959 } } peers { permanent_uuid: "b0a8e43040e44074b6b1aa9fe8f42e61" member_type: VOTER last_known_addr { host: "127.0.57.196" port: 36957 } } peers { permanent_uuid: "f82b67eec9cc44e0811eadb4fb49e7b3" member_type: VOTER last_known_addr { host: "127.0.57.194" port: 42507 } }
I0507 06:31:33.021523 6434 consensus_queue.cc:229] T 514b7d59d98b42f2a5aa360e82481c1c P c4b5cf02494a4c9991316895da73ca72 [NON_LEADER]: Queue going to NON_LEADER mode. State: All replicated index: 0, Majority replicated index: 0, Committed index: 0, Last appended: 0.0, Last appended by leader: 0, Current term: 0, Majority size: -1, State: 0, Mode: NON_LEADER, active raft config: opid_index: -1 OBSOLETE_local: false peers { permanent_uuid: "c4b5cf02494a4c9991316895da73ca72" member_type: VOTER last_known_addr { host: "127.0.57.195" port: 35959 } } peers { permanent_uuid: "b0a8e43040e44074b6b1aa9fe8f42e61" member_type: VOTER last_known_addr { host: "127.0.57.196" port: 36957 } } peers { permanent_uuid: "f82b67eec9cc44e0811eadb4fb49e7b3" member_type: VOTER last_known_addr { host: "127.0.57.194" port: 42507 } }
I0507 06:31:33.022572 6290 heartbeater.cc:467] Master 127.0.57.254:36133 was elected leader, sending a full tablet report...
I0507 06:31:33.022883 6412 heartbeater.cc:467] Master 127.0.57.254:36133 was elected leader, sending a full tablet report...
I0507 06:31:33.023849 6434 ts_tablet_manager.cc:1081] T 514b7d59d98b42f2a5aa360e82481c1c P c4b5cf02494a4c9991316895da73ca72: Time spent starting tablet: real 0.012s user 0.004s sys 0.007s
I0507 06:31:33.024291 6432 ts_tablet_manager.cc:1081] T 514b7d59d98b42f2a5aa360e82481c1c P b0a8e43040e44074b6b1aa9fe8f42e61: Time spent starting tablet: real 0.013s user 0.008s sys 0.004s
I0507 06:31:33.078580 6045 heartbeater.cc:467] Master 127.0.57.254:36133 was elected leader, sending a full tablet report...
W0507 06:31:33.082442 6169 tablet.cc:1786] T 514b7d59d98b42f2a5aa360e82481c1c P f82b67eec9cc44e0811eadb4fb49e7b3: Can't schedule compaction. Clean time has not been advanced past its initial value.
W0507 06:31:33.118819 6291 tablet.cc:1786] T 514b7d59d98b42f2a5aa360e82481c1c P c4b5cf02494a4c9991316895da73ca72: Can't schedule compaction. Clean time has not been advanced past its initial value.
I0507 06:31:33.153281 6438 raft_consensus.cc:472] T 514b7d59d98b42f2a5aa360e82481c1c P f82b67eec9cc44e0811eadb4fb49e7b3 [term 0 FOLLOWER]: Starting pre-election (no leader contacted us within the election timeout)
I0507 06:31:33.153594 6438 raft_consensus.cc:494] T 514b7d59d98b42f2a5aa360e82481c1c P f82b67eec9cc44e0811eadb4fb49e7b3 [term 0 FOLLOWER]: Starting pre-election with config: opid_index: -1 OBSOLETE_local: false peers { permanent_uuid: "c4b5cf02494a4c9991316895da73ca72" member_type: VOTER last_known_addr { host: "127.0.57.195" port: 35959 } } peers { permanent_uuid: "b0a8e43040e44074b6b1aa9fe8f42e61" member_type: VOTER last_known_addr { host: "127.0.57.196" port: 36957 } } peers { permanent_uuid: "f82b67eec9cc44e0811eadb4fb49e7b3" member_type: VOTER last_known_addr { host: "127.0.57.194" port: 42507 } }
I0507 06:31:33.155227 6438 leader_election.cc:296] T 514b7d59d98b42f2a5aa360e82481c1c P f82b67eec9cc44e0811eadb4fb49e7b3 [CANDIDATE]: Term 1 pre-election: Requested pre-vote from peers c4b5cf02494a4c9991316895da73ca72 (127.0.57.195:35959), b0a8e43040e44074b6b1aa9fe8f42e61 (127.0.57.196:36957)
W0507 06:31:33.159293 6413 tablet.cc:1786] T 514b7d59d98b42f2a5aa360e82481c1c P b0a8e43040e44074b6b1aa9fe8f42e61: Can't schedule compaction. Clean time has not been advanced past its initial value.
I0507 06:31:33.163185 6247 tablet_service.cc:1286] Received RequestConsensusVote() RPC: tablet_id: "514b7d59d98b42f2a5aa360e82481c1c" candidate_uuid: "f82b67eec9cc44e0811eadb4fb49e7b3" candidate_term: 1 candidate_status { last_received { term: 0 index: 0 } } ignore_live_leader: false dest_uuid: "c4b5cf02494a4c9991316895da73ca72" is_pre_election: true
I0507 06:31:33.163185 6369 tablet_service.cc:1286] Received RequestConsensusVote() RPC: tablet_id: "514b7d59d98b42f2a5aa360e82481c1c" candidate_uuid: "f82b67eec9cc44e0811eadb4fb49e7b3" candidate_term: 1 candidate_status { last_received { term: 0 index: 0 } } ignore_live_leader: false dest_uuid: "b0a8e43040e44074b6b1aa9fe8f42e61" is_pre_election: true
I0507 06:31:33.163632 6247 raft_consensus.cc:2346] T 514b7d59d98b42f2a5aa360e82481c1c P c4b5cf02494a4c9991316895da73ca72 [term 0 FOLLOWER]: Leader pre-election vote request: Granting yes vote for candidate f82b67eec9cc44e0811eadb4fb49e7b3 in term 0.
I0507 06:31:33.163632 6369 raft_consensus.cc:2346] T 514b7d59d98b42f2a5aa360e82481c1c P b0a8e43040e44074b6b1aa9fe8f42e61 [term 0 FOLLOWER]: Leader pre-election vote request: Granting yes vote for candidate f82b67eec9cc44e0811eadb4fb49e7b3 in term 0.
I0507 06:31:33.164484 6057 leader_election.cc:310] T 514b7d59d98b42f2a5aa360e82481c1c P f82b67eec9cc44e0811eadb4fb49e7b3 [CANDIDATE]: Term 1 pre-election: Election decided. Result: candidate won. Election summary: received 2 responses out of 3 voters: 2 yes votes; 0 no votes. yes voters: c4b5cf02494a4c9991316895da73ca72, f82b67eec9cc44e0811eadb4fb49e7b3; no voters:
I0507 06:31:33.165012 6438 raft_consensus.cc:2640] T 514b7d59d98b42f2a5aa360e82481c1c P f82b67eec9cc44e0811eadb4fb49e7b3 [term 0 FOLLOWER]: Leader pre-election won for term 1
I0507 06:31:33.165132 6438 raft_consensus.cc:472] T 514b7d59d98b42f2a5aa360e82481c1c P f82b67eec9cc44e0811eadb4fb49e7b3 [term 0 FOLLOWER]: Starting leader election (no leader contacted us within the election timeout)
I0507 06:31:33.165228 6438 raft_consensus.cc:2886] T 514b7d59d98b42f2a5aa360e82481c1c P f82b67eec9cc44e0811eadb4fb49e7b3 [term 0 FOLLOWER]: Advancing to term 1
I0507 06:31:33.167248 6438 raft_consensus.cc:494] T 514b7d59d98b42f2a5aa360e82481c1c P f82b67eec9cc44e0811eadb4fb49e7b3 [term 1 FOLLOWER]: Starting leader election with config: opid_index: -1 OBSOLETE_local: false peers { permanent_uuid: "c4b5cf02494a4c9991316895da73ca72" member_type: VOTER last_known_addr { host: "127.0.57.195" port: 35959 } } peers { permanent_uuid: "b0a8e43040e44074b6b1aa9fe8f42e61" member_type: VOTER last_known_addr { host: "127.0.57.196" port: 36957 } } peers { permanent_uuid: "f82b67eec9cc44e0811eadb4fb49e7b3" member_type: VOTER last_known_addr { host: "127.0.57.194" port: 42507 } }
I0507 06:31:33.167845 6438 leader_election.cc:296] T 514b7d59d98b42f2a5aa360e82481c1c P f82b67eec9cc44e0811eadb4fb49e7b3 [CANDIDATE]: Term 1 election: Requested vote from peers c4b5cf02494a4c9991316895da73ca72 (127.0.57.195:35959), b0a8e43040e44074b6b1aa9fe8f42e61 (127.0.57.196:36957)
I0507 06:31:33.168308 6247 tablet_service.cc:1286] Received RequestConsensusVote() RPC: tablet_id: "514b7d59d98b42f2a5aa360e82481c1c" candidate_uuid: "f82b67eec9cc44e0811eadb4fb49e7b3" candidate_term: 1 candidate_status { last_received { term: 0 index: 0 } } ignore_live_leader: false dest_uuid: "c4b5cf02494a4c9991316895da73ca72"
I0507 06:31:33.168493 6247 raft_consensus.cc:2886] T 514b7d59d98b42f2a5aa360e82481c1c P c4b5cf02494a4c9991316895da73ca72 [term 0 FOLLOWER]: Advancing to term 1
I0507 06:31:33.168599 6369 tablet_service.cc:1286] Received RequestConsensusVote() RPC: tablet_id: "514b7d59d98b42f2a5aa360e82481c1c" candidate_uuid: "f82b67eec9cc44e0811eadb4fb49e7b3" candidate_term: 1 candidate_status { last_received { term: 0 index: 0 } } ignore_live_leader: false dest_uuid: "b0a8e43040e44074b6b1aa9fe8f42e61"
I0507 06:31:33.168800 6369 raft_consensus.cc:2886] T 514b7d59d98b42f2a5aa360e82481c1c P b0a8e43040e44074b6b1aa9fe8f42e61 [term 0 FOLLOWER]: Advancing to term 1
I0507 06:31:33.170441 6247 raft_consensus.cc:2346] T 514b7d59d98b42f2a5aa360e82481c1c P c4b5cf02494a4c9991316895da73ca72 [term 1 FOLLOWER]: Leader election vote request: Granting yes vote for candidate f82b67eec9cc44e0811eadb4fb49e7b3 in term 1.
I0507 06:31:33.170799 6369 raft_consensus.cc:2346] T 514b7d59d98b42f2a5aa360e82481c1c P b0a8e43040e44074b6b1aa9fe8f42e61 [term 1 FOLLOWER]: Leader election vote request: Granting yes vote for candidate f82b67eec9cc44e0811eadb4fb49e7b3 in term 1.
I0507 06:31:33.170819 6057 leader_election.cc:310] T 514b7d59d98b42f2a5aa360e82481c1c P f82b67eec9cc44e0811eadb4fb49e7b3 [CANDIDATE]: Term 1 election: Election decided. Result: candidate won. Election summary: received 2 responses out of 3 voters: 2 yes votes; 0 no votes. yes voters: c4b5cf02494a4c9991316895da73ca72, f82b67eec9cc44e0811eadb4fb49e7b3; no voters:
I0507 06:31:33.171063 6438 raft_consensus.cc:2640] T 514b7d59d98b42f2a5aa360e82481c1c P f82b67eec9cc44e0811eadb4fb49e7b3 [term 1 FOLLOWER]: Leader election won for term 1
I0507 06:31:33.171494 6438 raft_consensus.cc:667] T 514b7d59d98b42f2a5aa360e82481c1c P f82b67eec9cc44e0811eadb4fb49e7b3 [term 1 LEADER]: Becoming Leader. State: Replica: f82b67eec9cc44e0811eadb4fb49e7b3, State: Running, Role: LEADER
I0507 06:31:33.171946 6438 consensus_queue.cc:206] T 514b7d59d98b42f2a5aa360e82481c1c P f82b67eec9cc44e0811eadb4fb49e7b3 [LEADER]: Queue going to LEADER mode. State: All replicated index: 0, Majority replicated index: 0, Committed index: 0, Last appended: 0.0, Last appended by leader: 0, Current term: 1, Majority size: 2, State: 0, Mode: LEADER, active raft config: opid_index: -1 OBSOLETE_local: false peers { permanent_uuid: "c4b5cf02494a4c9991316895da73ca72" member_type: VOTER last_known_addr { host: "127.0.57.195" port: 35959 } } peers { permanent_uuid: "b0a8e43040e44074b6b1aa9fe8f42e61" member_type: VOTER last_known_addr { host: "127.0.57.196" port: 36957 } } peers { permanent_uuid: "f82b67eec9cc44e0811eadb4fb49e7b3" member_type: VOTER last_known_addr { host: "127.0.57.194" port: 42507 } }
I0507 06:31:33.176290 5880 catalog_manager.cc:3988] T 514b7d59d98b42f2a5aa360e82481c1c P f82b67eec9cc44e0811eadb4fb49e7b3 reported cstate change: term changed from 0 to 1, leader changed from to f82b67eec9cc44e0811eadb4fb49e7b3 (127.0.57.194). New cstate: current_term: 1 leader_uuid: "f82b67eec9cc44e0811eadb4fb49e7b3" committed_config { opid_index: -1 OBSOLETE_local: false peers { permanent_uuid: "c4b5cf02494a4c9991316895da73ca72" member_type: VOTER last_known_addr { host: "127.0.57.195" port: 35959 } health_report { overall_health: UNKNOWN } } peers { permanent_uuid: "b0a8e43040e44074b6b1aa9fe8f42e61" member_type: VOTER last_known_addr { host: "127.0.57.196" port: 36957 } health_report { overall_health: UNKNOWN } } peers { permanent_uuid: "f82b67eec9cc44e0811eadb4fb49e7b3" member_type: VOTER last_known_addr { host: "127.0.57.194" port: 42507 } health_report { overall_health: HEALTHY } } }
I0507 06:31:33.211854 231 external_mini_cluster.cc:623] 4 TS(s) registered with all masters
I0507 06:31:33.213361 231 ts_itest-base.cc:232] Waiting for 0 tablets on tserver bc60338af9984198a753a6394960edcd to finish bootstrapping
I0507 06:31:33.223974 231 ts_itest-base.cc:232] Waiting for 1 tablets on tserver f82b67eec9cc44e0811eadb4fb49e7b3 to finish bootstrapping
I0507 06:31:33.230500 231 ts_itest-base.cc:232] Waiting for 1 tablets on tserver c4b5cf02494a4c9991316895da73ca72 to finish bootstrapping
I0507 06:31:33.237177 231 ts_itest-base.cc:232] Waiting for 1 tablets on tserver b0a8e43040e44074b6b1aa9fe8f42e61 to finish bootstrapping
I0507 06:31:33.244021 231 test_util.cc:212] Using random seed: 1580602441
I0507 06:31:33.259943 231 test_workload.cc:306] TestWorkload: Skipping table creation because table TestTable already exists
I0507 06:31:33.306288 6247 raft_consensus.cc:1181] T 514b7d59d98b42f2a5aa360e82481c1c P c4b5cf02494a4c9991316895da73ca72 [term 1 FOLLOWER]: Refusing update from remote peer f82b67eec9cc44e0811eadb4fb49e7b3: Log matching property violated. Preceding OpId in replica: term: 0 index: 0. Preceding OpId from leader: term: 1 index: 2. (index mismatch)
I0507 06:31:33.306447 6369 raft_consensus.cc:1181] T 514b7d59d98b42f2a5aa360e82481c1c P b0a8e43040e44074b6b1aa9fe8f42e61 [term 1 FOLLOWER]: Refusing update from remote peer f82b67eec9cc44e0811eadb4fb49e7b3: Log matching property violated. Preceding OpId in replica: term: 0 index: 0. Preceding OpId from leader: term: 1 index: 2. (index mismatch)
I0507 06:31:33.307600 6443 consensus_queue.cc:984] T 514b7d59d98b42f2a5aa360e82481c1c P f82b67eec9cc44e0811eadb4fb49e7b3 [LEADER]: Connected to new peer: Peer: permanent_uuid: "b0a8e43040e44074b6b1aa9fe8f42e61" member_type: VOTER last_known_addr { host: "127.0.57.196" port: 36957 }, Status: LMP_MISMATCH, Last received: 0.0, Next index: 1, Last known committed idx: 0, Time since last communication: 0.000s
I0507 06:31:33.307956 6438 consensus_queue.cc:984] T 514b7d59d98b42f2a5aa360e82481c1c P f82b67eec9cc44e0811eadb4fb49e7b3 [LEADER]: Connected to new peer: Peer: permanent_uuid: "c4b5cf02494a4c9991316895da73ca72" member_type: VOTER last_known_addr { host: "127.0.57.195" port: 35959 }, Status: LMP_MISMATCH, Last received: 0.0, Next index: 1, Last known committed idx: 0, Time since last communication: 0.000s
I0507 06:31:33.327353 6456 mvcc.cc:203] Tried to move safe_time back from 6378334999771860992 to 6378334999235731456. Current Snapshot: MvccSnapshot[committed={T|T < 6378334999771860992}]
I0507 06:31:33.372748 231 external_mini_cluster.cc:1172] Attempting to check leaks for /tmp/dist-test-taskKhSYji/build/asan/bin/kudu-tserver pid 6293
I0507 06:31:33.373827 6409 generic_service.cc:171] Checking for leaks (request via RPC)
I0507 06:31:33.435750 231 external_mini_cluster.cc:1131] Killing /tmp/dist-test-taskKhSYji/build/asan/bin/kudu-tserver with pid 6293
W0507 06:31:33.897626 6058 consensus_peers.cc:457] T 514b7d59d98b42f2a5aa360e82481c1c P f82b67eec9cc44e0811eadb4fb49e7b3 -> Peer b0a8e43040e44074b6b1aa9fe8f42e61 (127.0.57.196:36957): Couldn't send request to peer b0a8e43040e44074b6b1aa9fe8f42e61. Status: Network error: Client connection negotiation failed: client connection to 127.0.57.196:36957: connect: Connection refused (error 111). This is attempt 1: this message will repeat every 5th retry.
W0507 06:31:36.317442 6058 consensus_peers.cc:457] T 514b7d59d98b42f2a5aa360e82481c1c P f82b67eec9cc44e0811eadb4fb49e7b3 -> Peer b0a8e43040e44074b6b1aa9fe8f42e61 (127.0.57.196:36957): Couldn't send request to peer b0a8e43040e44074b6b1aa9fe8f42e61. Status: Network error: Client connection negotiation failed: client connection to 127.0.57.196:36957: connect: Connection refused (error 111). This is attempt 6: this message will repeat every 5th retry.
I0507 06:31:38.470072 6477 consensus_queue.cc:544] T 514b7d59d98b42f2a5aa360e82481c1c P f82b67eec9cc44e0811eadb4fb49e7b3 [LEADER]: Leader has been unable to successfully communicate with peer b0a8e43040e44074b6b1aa9fe8f42e61 for more than 5 seconds (5.101s)
I0507 06:31:38.472442 5873 catalog_manager.cc:3616] Sending ChangeConfig:ADD_PEER:NON_VOTER on tablet 514b7d59d98b42f2a5aa360e82481c1c (attempt 1)
I0507 06:31:38.474783 6125 consensus_queue.cc:206] T 514b7d59d98b42f2a5aa360e82481c1c P f82b67eec9cc44e0811eadb4fb49e7b3 [LEADER]: Queue going to LEADER mode. State: All replicated index: 0, Majority replicated index: 9, Committed index: 9, Last appended: 1.9, Last appended by leader: 0, Current term: 1, Majority size: 2, State: 0, Mode: LEADER, active raft config: opid_index: 10 OBSOLETE_local: false peers { permanent_uuid: "c4b5cf02494a4c9991316895da73ca72" member_type: VOTER last_known_addr { host: "127.0.57.195" port: 35959 } } peers { permanent_uuid: "b0a8e43040e44074b6b1aa9fe8f42e61" member_type: VOTER last_known_addr { host: "127.0.57.196" port: 36957 } } peers { permanent_uuid: "f82b67eec9cc44e0811eadb4fb49e7b3" member_type: VOTER last_known_addr { host: "127.0.57.194" port: 42507 } } peers { permanent_uuid: "bc60338af9984198a753a6394960edcd" member_type: NON_VOTER last_known_addr { host: "127.0.57.193" port: 33675 } attrs { promote: true } }
W0507 06:31:38.480425 6058 consensus_peers.cc:457] T 514b7d59d98b42f2a5aa360e82481c1c P f82b67eec9cc44e0811eadb4fb49e7b3 -> Peer b0a8e43040e44074b6b1aa9fe8f42e61 (127.0.57.196:36957): Couldn't send request to peer b0a8e43040e44074b6b1aa9fe8f42e61. Status: Network error: Client connection negotiation failed: client connection to 127.0.57.196:36957: connect: Connection refused (error 111). This is attempt 1: this message will repeat every 5th retry.
I0507 06:31:38.481113 6247 raft_consensus.cc:1181] T 514b7d59d98b42f2a5aa360e82481c1c P c4b5cf02494a4c9991316895da73ca72 [term 1 FOLLOWER]: Refusing update from remote peer f82b67eec9cc44e0811eadb4fb49e7b3: Log matching property violated. Preceding OpId in replica: term: 1 index: 9. Preceding OpId from leader: term: 1 index: 10. (index mismatch)
I0507 06:31:38.481607 6477 consensus_queue.cc:984] T 514b7d59d98b42f2a5aa360e82481c1c P f82b67eec9cc44e0811eadb4fb49e7b3 [LEADER]: Connected to new peer: Peer: permanent_uuid: "c4b5cf02494a4c9991316895da73ca72" member_type: VOTER last_known_addr { host: "127.0.57.195" port: 35959 }, Status: LMP_MISMATCH, Last received: 0.0, Next index: 10, Last known committed idx: 9, Time since last communication: 0.000s
W0507 06:31:38.482722 6056 consensus_peers.cc:457] T 514b7d59d98b42f2a5aa360e82481c1c P f82b67eec9cc44e0811eadb4fb49e7b3 -> Peer bc60338af9984198a753a6394960edcd (127.0.57.193:33675): Couldn't send request to peer bc60338af9984198a753a6394960edcd. Error code: TABLET_NOT_FOUND (6). Status: Not found: Tablet not found: 514b7d59d98b42f2a5aa360e82481c1c. This is attempt 1: this message will repeat every 5th retry.
I0507 06:31:38.484254 6481 raft_consensus.cc:2788] T 514b7d59d98b42f2a5aa360e82481c1c P f82b67eec9cc44e0811eadb4fb49e7b3 [term 1 LEADER]: Committing config change with OpId 1.10: config changed from index -1 to 10, NON_VOTER bc60338af9984198a753a6394960edcd (127.0.57.193) added. New config: { opid_index: 10 OBSOLETE_local: false peers { permanent_uuid: "c4b5cf02494a4c9991316895da73ca72" member_type: VOTER last_known_addr { host: "127.0.57.195" port: 35959 } } peers { permanent_uuid: "b0a8e43040e44074b6b1aa9fe8f42e61" member_type: VOTER last_known_addr { host: "127.0.57.196" port: 36957 } } peers { permanent_uuid: "f82b67eec9cc44e0811eadb4fb49e7b3" member_type: VOTER last_known_addr { host: "127.0.57.194" port: 42507 } } peers { permanent_uuid: "bc60338af9984198a753a6394960edcd" member_type: NON_VOTER last_known_addr { host: "127.0.57.193" port: 33675 } attrs { promote: true } } }
I0507 06:31:38.484679 6247 raft_consensus.cc:2788] T 514b7d59d98b42f2a5aa360e82481c1c P c4b5cf02494a4c9991316895da73ca72 [term 1 FOLLOWER]: Committing config change with OpId 1.10: config changed from index -1 to 10, NON_VOTER bc60338af9984198a753a6394960edcd (127.0.57.193) added. New config: { opid_index: 10 OBSOLETE_local: false peers { permanent_uuid: "c4b5cf02494a4c9991316895da73ca72" member_type: VOTER last_known_addr { host: "127.0.57.195" port: 35959 } } peers { permanent_uuid: "b0a8e43040e44074b6b1aa9fe8f42e61" member_type: VOTER last_known_addr { host: "127.0.57.196" port: 36957 } } peers { permanent_uuid: "f82b67eec9cc44e0811eadb4fb49e7b3" member_type: VOTER last_known_addr { host: "127.0.57.194" port: 42507 } } peers { permanent_uuid: "bc60338af9984198a753a6394960edcd" member_type: NON_VOTER last_known_addr { host: "127.0.57.193" port: 33675 } attrs { promote: true } } }
I0507 06:31:38.487336 5864 catalog_manager.cc:3531] ChangeConfig:ADD_PEER:NON_VOTER RPC for tablet 514b7d59d98b42f2a5aa360e82481c1c with cas_config_opid_index -1: ChangeConfig:ADD_PEER:NON_VOTER succeeded (attempt 1)
I0507 06:31:38.488356 5873 catalog_manager.cc:3988] T 514b7d59d98b42f2a5aa360e82481c1c P f82b67eec9cc44e0811eadb4fb49e7b3 reported cstate change: config changed from index -1 to 10, NON_VOTER bc60338af9984198a753a6394960edcd (127.0.57.193) added. New cstate: current_term: 1 leader_uuid: "f82b67eec9cc44e0811eadb4fb49e7b3" committed_config { opid_index: 10 OBSOLETE_local: false peers { permanent_uuid: "c4b5cf02494a4c9991316895da73ca72" member_type: VOTER last_known_addr { host: "127.0.57.195" port: 35959 } health_report { overall_health: HEALTHY } } peers { permanent_uuid: "b0a8e43040e44074b6b1aa9fe8f42e61" member_type: VOTER last_known_addr { host: "127.0.57.196" port: 36957 } health_report { overall_health: UNKNOWN } } peers { permanent_uuid: "f82b67eec9cc44e0811eadb4fb49e7b3" member_type: VOTER last_known_addr { host: "127.0.57.194" port: 42507 } health_report { overall_health: HEALTHY } } peers { permanent_uuid: "bc60338af9984198a753a6394960edcd" member_type: NON_VOTER last_known_addr { host: "127.0.57.193" port: 33675 } attrs { promote: true } health_report { overall_health: UNKNOWN } } }
I0507 06:31:38.512334 231 external_mini_cluster.cc:933] Running /tmp/dist-test-taskKhSYji/build/asan/bin/kudu-tserver /tmp/dist-test-taskKhSYji/build/asan/bin/kudu-tserver --fs_wal_dir=/tmp/dist-test-taskKhSYji/test-tmp/raft_consensus_nonvoter-itest.0.RaftConsensusNonVoterITest.TabletServerIsGoneAndBack.1557210500371863-231/raft_consensus-itest-cluster/ts-3/wal --fs_data_dirs=/tmp/dist-test-taskKhSYji/test-tmp/raft_consensus_nonvoter-itest.0.RaftConsensusNonVoterITest.TabletServerIsGoneAndBack.1557210500371863-231/raft_consensus-itest-cluster/ts-3/data --block_manager=log --rpc_bind_addresses=127.0.57.196:36957 --local_ip_for_outbound_sockets=127.0.57.196 --webserver_port=39891 --webserver_interface=127.0.57.196 --tserver_master_addrs=127.0.57.254:36133 --never_fsync --ipki_server_key_size=1024 --enable_minidumps=false --redact=none --metrics_log_interval_ms=1000 --logtostderr --logbuflevel=-1 --log_dir=/tmp/dist-test-taskKhSYji/test-tmp/raft_consensus_nonvoter-itest.0.RaftConsensusNonVoterITest.TabletServerIsGoneAndBack.1557210500371863-231/raft_consensus-itest-cluster/ts-3/logs --server_dump_info_path=/tmp/dist-test-taskKhSYji/test-tmp/raft_consensus_nonvoter-itest.0.RaftConsensusNonVoterITest.TabletServerIsGoneAndBack.1557210500371863-231/raft_consensus-itest-cluster/ts-3/data/info.pb --server_dump_info_format=pb --rpc_server_allow_ephemeral_ports --unlock_experimental_flags --unlock_unsafe_flags --raft_prepare_replacement_before_eviction=true --follower_unavailable_considered_failed_sec=5 --tablet_copy_download_file_inject_latency_ms=180000 --consensus_rpc_timeout_ms=5000 with env {} WARNING: Logging before InitGoogleLogging() is written to STDERR
W0507 06:31:38.681588 6493 flags.cc:404] Enabled unsafe flag: --rpc_server_allow_ephemeral_ports=true
W0507 06:31:38.681844 6493 flags.cc:404] Enabled unsafe flag: --never_fsync=true
W0507 06:31:38.683996 6493 flags.cc:404] Enabled experimental flag: --raft_prepare_replacement_before_eviction=true
W0507 06:31:38.684051 6493 flags.cc:404] Enabled experimental flag: --ipki_server_key_size=1024
W0507 06:31:38.684156 6493 flags.cc:404] Enabled experimental flag: --local_ip_for_outbound_sockets=127.0.57.196
I0507 06:31:38.688541 6493 tablet_server_main.cc:78] Tablet server non-default flags: --consensus_rpc_timeout_ms=5000 --follower_unavailable_considered_failed_sec=5 --fs_data_dirs=/tmp/dist-test-taskKhSYji/test-tmp/raft_consensus_nonvoter-itest.0.RaftConsensusNonVoterITest.TabletServerIsGoneAndBack.1557210500371863-231/raft_consensus-itest-cluster/ts-3/data --fs_wal_dir=/tmp/dist-test-taskKhSYji/test-tmp/raft_consensus_nonvoter-itest.0.RaftConsensusNonVoterITest.TabletServerIsGoneAndBack.1557210500371863-231/raft_consensus-itest-cluster/ts-3/wal --ipki_server_key_size=1024 --rpc_bind_addresses=127.0.57.196:36957 --rpc_server_allow_ephemeral_ports=true --metrics_log_interval_ms=1000 --server_dump_info_format=pb --server_dump_info_path=/tmp/dist-test-taskKhSYji/test-tmp/raft_consensus_nonvoter-itest.0.RaftConsensusNonVoterITest.TabletServerIsGoneAndBack.1557210500371863-231/raft_consensus-itest-cluster/ts-3/data/info.pb --webserver_interface=127.0.57.196 --webserver_port=39891 --tablet_copy_download_file_inject_latency_ms=180000 --tserver_master_addrs=127.0.57.254:36133 --never_fsync=true --redact=none --unlock_experimental_flags=true --unlock_unsafe_flags=true --enable_minidumps=false --local_ip_for_outbound_sockets=127.0.57.196 --log_dir=/tmp/dist-test-taskKhSYji/test-tmp/raft_consensus_nonvoter-itest.0.RaftConsensusNonVoterITest.TabletServerIsGoneAndBack.1557210500371863-231/raft_consensus-itest-cluster/ts-3/logs --logbuflevel=-1 --logtostderr=true Tablet server version: kudu 1.10.0-cdh6.x-SNAPSHOT revision 7d0ee26697926e87af9ef395008799577f6ab43f build type FASTDEBUG built by jenkins at 06 May 2019 22:44:21 PST on quasar-knmpfx-1.vpc.cloudera.com build id 322017 ASAN enabled
I0507 06:31:38.696696 6493 system_ntp.cc:202] NTP initialized. Skew: 500ppm Current error: 123516us
I0507 06:31:38.697448 6493 fs_manager.cc:263] Metadata directory not provided
I0507 06:31:38.697528 6493 fs_manager.cc:269] Using write-ahead log directory (fs_wal_dir) as metadata directory
I0507 06:31:38.703873 6493 fs_manager.cc:399] Time spent opening directory manager: real 0.005s user 0.004s sys 0.002s
I0507 06:31:38.704588 6493 env_posix.cc:1676] Not raising this process' open files per process limit of 1048576; it is already as high as it can go
I0507 06:31:38.705188 6493 file_cache.cc:466] Constructed file cache lbm with capacity 419430
I0507 06:31:38.708621 6493 fs_manager.cc:419] Time spent opening block manager: real 0.002s user 0.001s sys 0.000s
I0507 06:31:38.708730 6493 fs_manager.cc:436] Opened local filesystem: /tmp/dist-test-taskKhSYji/test-tmp/raft_consensus_nonvoter-itest.0.RaftConsensusNonVoterITest.TabletServerIsGoneAndBack.1557210500371863-231/raft_consensus-itest-cluster/ts-3/data,/tmp/dist-test-taskKhSYji/test-tmp/raft_consensus_nonvoter-itest.0.RaftConsensusNonVoterITest.TabletServerIsGoneAndBack.1557210500371863-231/raft_consensus-itest-cluster/ts-3/wal uuid: "b0a8e43040e44074b6b1aa9fe8f42e61" format_stamp: "Formatted at 2019-05-07 06:31:32 on dist-test-slave-dist-test-slave-rqp6"
I0507 06:31:38.709728 6493 fs_report.cc:352] FS layout report -------------------- wal directory: /tmp/dist-test-taskKhSYji/test-tmp/raft_consensus_nonvoter-itest.0.RaftConsensusNonVoterITest.TabletServerIsGoneAndBack.1557210500371863-231/raft_consensus-itest-cluster/ts-3/wal metadata directory: /tmp/dist-test-taskKhSYji/test-tmp/raft_consensus_nonvoter-itest.0.RaftConsensusNonVoterITest.TabletServerIsGoneAndBack.1557210500371863-231/raft_consensus-itest-cluster/ts-3/wal 1 data directories: /tmp/dist-test-taskKhSYji/test-tmp/raft_consensus_nonvoter-itest.0.RaftConsensusNonVoterITest.TabletServerIsGoneAndBack.1557210500371863-231/raft_consensus-itest-cluster/ts-3/data/data Total live blocks: 0 Total live bytes: 0 Total live bytes (after alignment): 0 Total number of LBM containers: 0 (0 full) Did not check for missing blocks Did not check for orphaned blocks Total full LBM containers with extra space: 0 (0 repaired) Total full LBM container extra space in bytes: 0 (0 repaired) Total incomplete LBM containers: 0 (0 repaired) Total LBM partial records: 0 (0 repaired)
I0507 06:31:38.751152 6493 env_posix.cc:1676] Not raising this process' running threads per effective uid limit of 18446744073709551615; it is already as high as it can go
I0507 06:31:38.752995 6493 ts_tablet_manager.cc:344] Loading tablet metadata (0/1 complete)
I0507 06:31:38.756795 6493 ts_tablet_manager.cc:356] Loaded tablet metadata (1 total tablets, 1 live tablets)
I0507 06:31:38.756861 6493 ts_tablet_manager.cc:362] Registering tablets (0/1 complete)
I0507 06:31:38.759656 6508 tablet_bootstrap.cc:439] T 514b7d59d98b42f2a5aa360e82481c1c P b0a8e43040e44074b6b1aa9fe8f42e61: Bootstrap starting.
I0507 06:31:38.764629 6493 ts_tablet_manager.cc:376] Registered 1 tablets
I0507 06:31:38.777380 6508 log.cc:525] T 514b7d59d98b42f2a5aa360e82481c1c P b0a8e43040e44074b6b1aa9fe8f42e61: Log is configured to *not* fsync() on all Append() calls
I0507 06:31:38.804471 6493 rpc_server.cc:205] RPC server started. Bound to: 127.0.57.196:36957
I0507 06:31:38.805776 6493 webserver.cc:308] Webserver started at http://127.0.57.196:39891/ using document root and password file
I0507 06:31:38.806473 6493 server_base.cc:608] Dumped server information to /tmp/dist-test-taskKhSYji/test-tmp/raft_consensus_nonvoter-itest.0.RaftConsensusNonVoterITest.TabletServerIsGoneAndBack.1557210500371863-231/raft_consensus-itest-cluster/ts-3/data/info.pb
I0507 06:31:38.808686 6508 tablet_bootstrap.cc:439] T 514b7d59d98b42f2a5aa360e82481c1c P b0a8e43040e44074b6b1aa9fe8f42e61: Bootstrap replayed 1/1 log segments. Stats: ops{read=9 overwritten=0 applied=7 ignored=0} inserts{seen=300 ignored=0} mutations{seen=0 ignored=0} orphaned_commits=0. Pending: 2 replicates
I0507 06:31:38.809378 6508 tablet_bootstrap.cc:439] T 514b7d59d98b42f2a5aa360e82481c1c P b0a8e43040e44074b6b1aa9fe8f42e61: Bootstrap complete.
I0507 06:31:38.810305 6508 ts_tablet_manager.cc:1053] T 514b7d59d98b42f2a5aa360e82481c1c P b0a8e43040e44074b6b1aa9fe8f42e61: Time spent bootstrapping tablet: real 0.051s user 0.035s sys 0.008s
I0507 06:31:38.810863 231 external_mini_cluster.cc:995] Started /tmp/dist-test-taskKhSYji/build/asan/bin/kudu-tserver as pid 6493
I0507 06:31:38.821233 6508 raft_consensus.cc:340] T 514b7d59d98b42f2a5aa360e82481c1c P b0a8e43040e44074b6b1aa9fe8f42e61 [term 1 FOLLOWER]: Replica starting. Triggering 2 pending transactions. Active config: opid_index: -1 OBSOLETE_local: false peers { permanent_uuid: "c4b5cf02494a4c9991316895da73ca72" member_type: VOTER last_known_addr { host: "127.0.57.195" port: 35959 } } peers { permanent_uuid: "b0a8e43040e44074b6b1aa9fe8f42e61" member_type: VOTER last_known_addr { host: "127.0.57.196" port: 36957 } } peers { permanent_uuid: "f82b67eec9cc44e0811eadb4fb49e7b3" member_type: VOTER last_known_addr { host: "127.0.57.194" port: 42507 } }
I0507 06:31:38.825664 6614 heartbeater.cc:345] Connected to a master server at 127.0.57.254:36133
I0507 06:31:38.825901 6614 heartbeater.cc:426] Registering TS with master...
I0507 06:31:38.826514 6614 heartbeater.cc:475] Master 127.0.57.254:36133 requested a full tablet report, sending...
I0507 06:31:38.827476 6508 raft_consensus.cc:705] T 514b7d59d98b42f2a5aa360e82481c1c P b0a8e43040e44074b6b1aa9fe8f42e61 [term 1 FOLLOWER]: Becoming Follower/Learner. State: Replica: b0a8e43040e44074b6b1aa9fe8f42e61, State: Initialized, Role: FOLLOWER
I0507 06:31:38.828112 6508 consensus_queue.cc:229] T 514b7d59d98b42f2a5aa360e82481c1c P b0a8e43040e44074b6b1aa9fe8f42e61 [NON_LEADER]: Queue going to NON_LEADER mode. State: All replicated index: 0, Majority replicated index: 0, Committed index: 7, Last appended: 1.9, Last appended by leader: 9, Current term: 0, Majority size: -1, State: 0, Mode: NON_LEADER, active raft config: opid_index: -1 OBSOLETE_local: false peers { permanent_uuid: "c4b5cf02494a4c9991316895da73ca72" member_type: VOTER last_known_addr { host: "127.0.57.195" port: 35959 } } peers { permanent_uuid: "b0a8e43040e44074b6b1aa9fe8f42e61" member_type: VOTER last_known_addr { host: "127.0.57.196" port: 36957 } } peers { permanent_uuid: "f82b67eec9cc44e0811eadb4fb49e7b3" member_type: VOTER last_known_addr { host: "127.0.57.194" port: 42507 } }
I0507 06:31:38.830375 6508 ts_tablet_manager.cc:1081] T 514b7d59d98b42f2a5aa360e82481c1c P b0a8e43040e44074b6b1aa9fe8f42e61: Time spent starting tablet: real 0.020s user 0.012s sys 0.002s
I0507 06:31:38.830718 5880 ts_manager.cc:159] Re-registered known tserver with Master: b0a8e43040e44074b6b1aa9fe8f42e61 (127.0.57.196:36957)
I0507 06:31:38.831856 5880 master_service.cc:273] Signed X509 certificate for tserver {username='slave'} at 127.0.57.196:59589
I0507 06:31:38.834139 6614 heartbeater.cc:467] Master 127.0.57.254:36133 was elected leader, sending a full tablet report...
I0507 06:31:39.014483 6571 raft_consensus.cc:2788] T 514b7d59d98b42f2a5aa360e82481c1c P b0a8e43040e44074b6b1aa9fe8f42e61 [term 1 FOLLOWER]: Committing config change with OpId 1.10: config changed from index -1 to 10, NON_VOTER bc60338af9984198a753a6394960edcd (127.0.57.193) added. New config: { opid_index: 10 OBSOLETE_local: false peers { permanent_uuid: "c4b5cf02494a4c9991316895da73ca72" member_type: VOTER last_known_addr { host: "127.0.57.195" port: 35959 } } peers { permanent_uuid: "b0a8e43040e44074b6b1aa9fe8f42e61" member_type: VOTER last_known_addr { host: "127.0.57.196" port: 36957 } } peers { permanent_uuid: "f82b67eec9cc44e0811eadb4fb49e7b3" member_type: VOTER last_known_addr { host: "127.0.57.194" port: 42507 } } peers { permanent_uuid: "bc60338af9984198a753a6394960edcd" member_type: NON_VOTER last_known_addr { host: "127.0.57.193" port: 33675 } attrs { promote: true } } }
I0507 06:31:39.046241 6625 ts_tablet_manager.cc:676] T 514b7d59d98b42f2a5aa360e82481c1c P bc60338af9984198a753a6394960edcd: Initiating tablet copy from peer f82b67eec9cc44e0811eadb4fb49e7b3 (127.0.57.194:42507)
I0507 06:31:39.046563 6625 tablet_copy_client.cc:240] T 514b7d59d98b42f2a5aa360e82481c1c P bc60338af9984198a753a6394960edcd: tablet copy: Beginning tablet copy session from remote peer at address 127.0.57.194:42507
I0507 06:31:39.053027 6145 tablet_copy_service.cc:135] P f82b67eec9cc44e0811eadb4fb49e7b3: Received BeginTabletCopySession request for tablet 514b7d59d98b42f2a5aa360e82481c1c from peer bc60338af9984198a753a6394960edcd ({username='slave'} at 127.0.57.193:54883)
I0507 06:31:39.053202 6145 tablet_copy_service.cc:156] P f82b67eec9cc44e0811eadb4fb49e7b3: Beginning new tablet copy session on tablet 514b7d59d98b42f2a5aa360e82481c1c from peer bc60338af9984198a753a6394960edcd at {username='slave'} at 127.0.57.193:54883: session id = bc60338af9984198a753a6394960edcd-514b7d59d98b42f2a5aa360e82481c1c
I0507 06:31:39.055553 6145 tablet_copy_source_session.cc:202] T 514b7d59d98b42f2a5aa360e82481c1c P f82b67eec9cc44e0811eadb4fb49e7b3: Tablet Copy: opened 0 blocks and 1 log segments
I0507 06:31:39.059187 6625 data_dirs.cc:938] Could only allocate 1 dirs of requested 3 for tablet 514b7d59d98b42f2a5aa360e82481c1c. 1 dirs total, 0 dirs full, 0 dirs failed
I0507 06:31:39.068199 6625 tablet_copy_client.cc:575] T 514b7d59d98b42f2a5aa360e82481c1c P bc60338af9984198a753a6394960edcd: tablet copy: Starting download of 0 data blocks...
I0507 06:31:39.068361 6625 tablet_copy_client.cc:538] T 514b7d59d98b42f2a5aa360e82481c1c P bc60338af9984198a753a6394960edcd: tablet copy: Starting download of 1 WAL segments...
I0507 06:31:39.070094 6625 tablet_copy_client.cc:749] T 514b7d59d98b42f2a5aa360e82481c1c P bc60338af9984198a753a6394960edcd: tablet copy: Injecting latency into file download: 180000
I0507 06:31:39.460242 5880 catalog_manager.cc:3739] Sending ChangeConfig:REMOVE_PEER on tablet 514b7d59d98b42f2a5aa360e82481c1c (attempt 1)
I0507 06:31:39.461582 6125 consensus_queue.cc:206] T 514b7d59d98b42f2a5aa360e82481c1c P f82b67eec9cc44e0811eadb4fb49e7b3 [LEADER]: Queue going to LEADER mode. State: All replicated index: 0, Majority replicated index: 10, Committed index: 10, Last appended: 1.10, Last appended by leader: 0, Current term: 1, Majority size: 2, State: 0, Mode: LEADER, active raft config: opid_index: 11 OBSOLETE_local: false peers { permanent_uuid: "c4b5cf02494a4c9991316895da73ca72" member_type: VOTER last_known_addr { host: "127.0.57.195" port: 35959 } } peers { permanent_uuid: "b0a8e43040e44074b6b1aa9fe8f42e61" member_type: VOTER last_known_addr { host: "127.0.57.196" port: 36957 } } peers { permanent_uuid: "f82b67eec9cc44e0811eadb4fb49e7b3" member_type: VOTER last_known_addr { host: "127.0.57.194" port: 42507 } }
I0507 06:31:39.463429 6571 raft_consensus.cc:1181] T 514b7d59d98b42f2a5aa360e82481c1c P b0a8e43040e44074b6b1aa9fe8f42e61 [term 1 FOLLOWER]: Refusing update from remote peer f82b67eec9cc44e0811eadb4fb49e7b3: Log matching property violated. Preceding OpId in replica: term: 1 index: 10. Preceding OpId from leader: term: 1 index: 11. (index mismatch)
I0507 06:31:39.463557 6247 raft_consensus.cc:1181] T 514b7d59d98b42f2a5aa360e82481c1c P c4b5cf02494a4c9991316895da73ca72 [term 1 FOLLOWER]: Refusing update from remote peer f82b67eec9cc44e0811eadb4fb49e7b3: Log matching property violated. Preceding OpId in replica: term: 1 index: 10. Preceding OpId from leader: term: 1 index: 11. (index mismatch)
I0507 06:31:39.464100 6628 consensus_queue.cc:984] T 514b7d59d98b42f2a5aa360e82481c1c P f82b67eec9cc44e0811eadb4fb49e7b3 [LEADER]: Connected to new peer: Peer: permanent_uuid: "b0a8e43040e44074b6b1aa9fe8f42e61" member_type: VOTER last_known_addr { host: "127.0.57.196" port: 36957 }, Status: LMP_MISMATCH, Last received: 0.0, Next index: 11, Last known committed idx: 10, Time since last communication: 0.000s
I0507 06:31:39.464371 6481 consensus_queue.cc:984] T 514b7d59d98b42f2a5aa360e82481c1c P f82b67eec9cc44e0811eadb4fb49e7b3 [LEADER]: Connected to new peer: Peer: permanent_uuid: "c4b5cf02494a4c9991316895da73ca72" member_type: VOTER last_known_addr { host: "127.0.57.195" port: 35959 }, Status: LMP_MISMATCH, Last received: 0.0, Next index: 11, Last known committed idx: 10, Time since last communication: 0.000s
I0507 06:31:39.466831 6481 raft_consensus.cc:2788] T 514b7d59d98b42f2a5aa360e82481c1c P f82b67eec9cc44e0811eadb4fb49e7b3 [term 1 LEADER]: Committing config change with OpId 1.11: config changed from index 10 to 11, NON_VOTER bc60338af9984198a753a6394960edcd (127.0.57.193) evicted. New config: { opid_index: 11 OBSOLETE_local: false peers { permanent_uuid: "c4b5cf02494a4c9991316895da73ca72" member_type: VOTER last_known_addr { host: "127.0.57.195" port: 35959 } } peers { permanent_uuid: "b0a8e43040e44074b6b1aa9fe8f42e61" member_type: VOTER last_known_addr { host: "127.0.57.196" port: 36957 } } peers { permanent_uuid: "f82b67eec9cc44e0811eadb4fb49e7b3" member_type: VOTER last_known_addr { host: "127.0.57.194" port: 42507 } } }
I0507 06:31:39.467272 6247 raft_consensus.cc:2788] T 514b7d59d98b42f2a5aa360e82481c1c P c4b5cf02494a4c9991316895da73ca72 [term 1 FOLLOWER]: Committing config change with OpId 1.11: config changed from index 10 to 11, NON_VOTER bc60338af9984198a753a6394960edcd (127.0.57.193) evicted. New config: { opid_index: 11 OBSOLETE_local: false peers { permanent_uuid: "c4b5cf02494a4c9991316895da73ca72" member_type: VOTER last_known_addr { host: "127.0.57.195" port: 35959 } } peers { permanent_uuid: "b0a8e43040e44074b6b1aa9fe8f42e61" member_type: VOTER last_known_addr { host: "127.0.57.196" port: 36957 } } peers { permanent_uuid: "f82b67eec9cc44e0811eadb4fb49e7b3" member_type: VOTER last_known_addr { host: "127.0.57.194" port: 42507 } } }
I0507 06:31:39.469071 6571 raft_consensus.cc:2788] T 514b7d59d98b42f2a5aa360e82481c1c P b0a8e43040e44074b6b1aa9fe8f42e61 [term 1 FOLLOWER]: Committing config change with OpId 1.11: config changed from index 10 to 11, NON_VOTER bc60338af9984198a753a6394960edcd (127.0.57.193) evicted. New config: { opid_index: 11 OBSOLETE_local: false peers { permanent_uuid: "c4b5cf02494a4c9991316895da73ca72" member_type: VOTER last_known_addr { host: "127.0.57.195" port: 35959 } } peers { permanent_uuid: "b0a8e43040e44074b6b1aa9fe8f42e61" member_type: VOTER last_known_addr { host: "127.0.57.196" port: 36957 } } peers { permanent_uuid: "f82b67eec9cc44e0811eadb4fb49e7b3" member_type: VOTER last_known_addr { host: "127.0.57.194" port: 42507 } } }
I0507 06:31:39.469549 5864 catalog_manager.cc:3531] ChangeConfig:REMOVE_PEER RPC for tablet 514b7d59d98b42f2a5aa360e82481c1c with cas_config_opid_index 10: ChangeConfig:REMOVE_PEER succeeded (attempt 1)
I0507 06:31:39.470333 5880 catalog_manager.cc:3988] T 514b7d59d98b42f2a5aa360e82481c1c P f82b67eec9cc44e0811eadb4fb49e7b3 reported cstate change: config changed from index 10 to 11, NON_VOTER bc60338af9984198a753a6394960edcd (127.0.57.193) evicted. New cstate: current_term: 1 leader_uuid: "f82b67eec9cc44e0811eadb4fb49e7b3" committed_config { opid_index: 11 OBSOLETE_local: false peers { permanent_uuid: "c4b5cf02494a4c9991316895da73ca72" member_type: VOTER last_known_addr { host: "127.0.57.195" port: 35959 } health_report { overall_health: HEALTHY } } peers { permanent_uuid: "b0a8e43040e44074b6b1aa9fe8f42e61" member_type: VOTER last_known_addr { host: "127.0.57.196" port: 36957 } health_report { overall_health: HEALTHY } } peers { permanent_uuid: "f82b67eec9cc44e0811eadb4fb49e7b3" member_type: VOTER last_known_addr { host: "127.0.57.194" port: 42507 } health_report { overall_health: HEALTHY } } }
I0507 06:31:39.474879 5880 catalog_manager.cc:3390] Sending DeleteTablet(TABLET_DATA_TOMBSTONED) for tablet 514b7d59d98b42f2a5aa360e82481c1c on bc60338af9984198a753a6394960edcd (127.0.57.193:33675) (TS bc60338af9984198a753a6394960edcd not found in new config with opid_index 11)
I0507 06:31:39.480751 5982 tablet_service.cc:1057] Processing DeleteTablet for tablet 514b7d59d98b42f2a5aa360e82481c1c with delete_type TABLET_DATA_TOMBSTONED (TS bc60338af9984198a753a6394960edcd not found in new config with opid_index 11) from {username='slave'} at 127.0.0.1:50020
W0507 06:31:39.482306 5862 catalog_manager.cc:3360] TS bc60338af9984198a753a6394960edcd (127.0.57.193:33675): delete failed for tablet 514b7d59d98b42f2a5aa360e82481c1c with error code TABLET_NOT_RUNNING: Already present: State transition of tablet 514b7d59d98b42f2a5aa360e82481c1c already in progress: copying tablet
I0507 06:31:39.482391 5862 catalog_manager.cc:3168] Scheduling retry of 514b7d59d98b42f2a5aa360e82481c1c Delete Tablet RPC for TS=bc60338af9984198a753a6394960edcd with a delay of 32 ms (attempt = 1)
I0507 06:31:39.507709 231 external_mini_cluster.cc:1172] Attempting to check leaks for /tmp/dist-test-taskKhSYji/build/asan/bin/kudu-tserver pid 5915
I0507 06:31:39.509696 6042 generic_service.cc:171] Checking for leaks (request via RPC)
I0507 06:31:39.515264 5862 catalog_manager.cc:3390] Sending DeleteTablet(TABLET_DATA_TOMBSTONED) for tablet 514b7d59d98b42f2a5aa360e82481c1c on bc60338af9984198a753a6394960edcd (127.0.57.193:33675) (TS bc60338af9984198a753a6394960edcd not found in new config with opid_index 11)
I0507 06:31:39.553156 5982 tablet_service.cc:1057] Processing DeleteTablet for tablet 514b7d59d98b42f2a5aa360e82481c1c with delete_type TABLET_DATA_TOMBSTONED (TS bc60338af9984198a753a6394960edcd not found in new config with opid_index 11) from {username='slave'} at 127.0.0.1:50020
W0507 06:31:39.554275 5862 catalog_manager.cc:3360] TS bc60338af9984198a753a6394960edcd (127.0.57.193:33675): delete failed for tablet 514b7d59d98b42f2a5aa360e82481c1c with error code TABLET_NOT_RUNNING: Already present: State transition of tablet 514b7d59d98b42f2a5aa360e82481c1c already in progress: copying tablet
I0507 06:31:39.554414 5862 catalog_manager.cc:3168] Scheduling retry of 514b7d59d98b42f2a5aa360e82481c1c Delete Tablet RPC for TS=bc60338af9984198a753a6394960edcd with a delay of 79 ms (attempt = 2)
I0507 06:31:39.554461 231 external_mini_cluster.cc:1131] Killing /tmp/dist-test-taskKhSYji/build/asan/bin/kudu-tserver with pid 5915
I0507 06:31:39.566395 231 external_mini_cluster.cc:1172] Attempting to check leaks for /tmp/dist-test-taskKhSYji/build/asan/bin/kudu-tserver pid 6049
I0507 06:31:39.567359 6165 generic_service.cc:171] Checking for leaks (request via RPC)
I0507 06:31:39.622387 231 external_mini_cluster.cc:1131] Killing /tmp/dist-test-taskKhSYji/build/asan/bin/kudu-tserver with pid 6049
I0507 06:31:39.634610 5862 catalog_manager.cc:3390] Sending DeleteTablet(TABLET_DATA_TOMBSTONED) for tablet 514b7d59d98b42f2a5aa360e82481c1c on bc60338af9984198a753a6394960edcd (127.0.57.193:33675) (TS bc60338af9984198a753a6394960edcd not found in new config with opid_index 11)
I0507 06:31:39.635541 231 external_mini_cluster.cc:1172] Attempting to check leaks for /tmp/dist-test-taskKhSYji/build/asan/bin/kudu-tserver pid 6171
W0507 06:31:39.635689 5862 catalog_manager.cc:3132] TS bc60338af9984198a753a6394960edcd (127.0.57.193:33675): Delete Tablet RPC failed for tablet 514b7d59d98b42f2a5aa360e82481c1c: Network error: Client connection negotiation failed: client connection to 127.0.57.193:33675: connect: Connection refused (error 111)
I0507 06:31:39.635804 5862 catalog_manager.cc:3168] Scheduling retry of 514b7d59d98b42f2a5aa360e82481c1c Delete Tablet RPC for TS=bc60338af9984198a753a6394960edcd with a delay of 112 ms (attempt = 3)
I0507 06:31:39.636636 6287 generic_service.cc:171] Checking for leaks (request via RPC)
I0507 06:31:39.689669 231 external_mini_cluster.cc:1131] Killing /tmp/dist-test-taskKhSYji/build/asan/bin/kudu-tserver with pid 6171
I0507 06:31:39.701370 231 external_mini_cluster.cc:1172] Attempting to check leaks for /tmp/dist-test-taskKhSYji/build/asan/bin/kudu-tserver pid 6493
I0507 06:31:39.707159 6611 generic_service.cc:171] Checking for leaks (request via RPC)
I0507 06:31:39.748745 5862 catalog_manager.cc:3390] Sending DeleteTablet(TABLET_DATA_TOMBSTONED) for tablet 514b7d59d98b42f2a5aa360e82481c1c on bc60338af9984198a753a6394960edcd (127.0.57.193:33675) (TS bc60338af9984198a753a6394960edcd not found in new config with opid_index 11)
W0507 06:31:39.749689 5862 catalog_manager.cc:3132] TS bc60338af9984198a753a6394960edcd (127.0.57.193:33675): Delete Tablet RPC failed for tablet 514b7d59d98b42f2a5aa360e82481c1c: Network error: Client connection negotiation failed: client connection to 127.0.57.193:33675: connect: Connection refused (error 111)
I0507 06:31:39.749790 5862 catalog_manager.cc:3168] Scheduling retry of 514b7d59d98b42f2a5aa360e82481c1c Delete Tablet RPC for TS=bc60338af9984198a753a6394960edcd with a delay of 175 ms (attempt = 4)
I0507 06:31:39.759896 231 external_mini_cluster.cc:1131] Killing /tmp/dist-test-taskKhSYji/build/asan/bin/kudu-tserver with pid 6493
I0507 06:31:39.770294 231 external_mini_cluster.cc:1172] Attempting to check leaks for /tmp/dist-test-taskKhSYji/build/asan/bin/kudu-master pid 5855
I0507 06:31:39.771390 5911 generic_service.cc:171] Checking for leaks (request via RPC)
I0507 06:31:39.851361 231 external_mini_cluster.cc:1131] Killing /tmp/dist-test-taskKhSYji/build/asan/bin/kudu-master with pid 5855 [ OK ] RaftConsensusNonVoterITest.TabletServerIsGoneAndBack (8499 ms) [ RUN ] RaftConsensusNonVoterITest.FailedTabletCopy
I0507 06:31:39.876722 231 test_util.cc:212] Using random seed: 1587235154
I0507 06:31:39.878335 231 ts_itest-base.cc:112] Starting cluster with:
I0507 06:31:39.878381 231 ts_itest-base.cc:113] --------------
I0507 06:31:39.878398 231 ts_itest-base.cc:114] 5 tablet servers
I0507 06:31:39.878425 231 ts_itest-base.cc:115] 3 replicas per TS
I0507 06:31:39.878482 231 ts_itest-base.cc:116] --------------
