I0507 06:31:18.614648 5653 fs_report.cc:352] FS layout report -------------------- wal directory: /tmp/dist-test-taskKhSYji/test-tmp/raft_consensus_nonvoter-itest.0.RaftConsensusNonVoterITest.CatalogManagerAddsNonVoter.1557210500371863-231/raft_consensus-itest-cluster/ts-3/wal metadata directory: /tmp/dist-test-taskKhSYji/test-tmp/raft_consensus_nonvoter-itest.0.RaftConsensusNonVoterITest.CatalogManagerAddsNonVoter.1557210500371863-231/raft_consensus-itest-cluster/ts-3/wal 1 data directories: /tmp/dist-test-taskKhSYji/test-tmp/raft_consensus_nonvoter-itest.0.RaftConsensusNonVoterITest.CatalogManagerAddsNonVoter.1557210500371863-231/raft_consensus-itest-cluster/ts-3/data/data Total live blocks: 0 Total live bytes: 0 Total live bytes (after alignment): 0 Total number of LBM containers: 0 (0 full) Did not check for missing blocks Did not check for orphaned blocks Total full LBM containers with extra space: 0 (0 repaired) Total full LBM container extra space in bytes: 0 (0 repaired) Total incomplete LBM containers: 0 (0 repaired) Total LBM partial records: 0 (0 repaired)
I0507 06:31:18.660280 5653 env_posix.cc:1676] Not raising this process' running threads per effective uid limit of 18446744073709551615; it is already as high as it can go
I0507 06:31:18.662042 5653 ts_tablet_manager.cc:356] Loaded tablet metadata (0 total tablets, 0 live tablets)
I0507 06:31:18.662115 5653 ts_tablet_manager.cc:376] Registered 0 tablets
I0507 06:31:18.690598 5653 rpc_server.cc:205] RPC server started. Bound to: 127.0.57.196:40131
I0507 06:31:18.691771 5653 webserver.cc:308] Webserver started at http://127.0.57.196:34233/ using document root and password file
I0507 06:31:18.692390 5653 server_base.cc:608] Dumped server information to /tmp/dist-test-taskKhSYji/test-tmp/raft_consensus_nonvoter-itest.0.RaftConsensusNonVoterITest.CatalogManagerAddsNonVoter.1557210500371863-231/raft_consensus-itest-cluster/ts-3/data/info.pb
I0507 06:31:18.698650 231 external_mini_cluster.cc:995] Started /tmp/dist-test-taskKhSYji/build/asan/bin/kudu-tserver as pid 5653
I0507 06:31:18.705446 5772 heartbeater.cc:345] Connected to a master server at 127.0.57.254:37907
I0507 06:31:18.705670 5772 heartbeater.cc:426] Registering TS with master...
I0507 06:31:18.706255 5772 heartbeater.cc:475] Master 127.0.57.254:37907 requested a full tablet report, sending...
I0507 06:31:18.707403 5241 ts_manager.cc:159] Registered new tserver with Master: 4df733e8c0ed4f95b435c24c1f59c84c (127.0.57.196:40131)
I0507 06:31:18.708343 5241 master_service.cc:273] Signed X509 certificate for tserver {username='slave'} at 127.0.57.196:45765
I0507 06:31:18.710080 231 external_mini_cluster.cc:623] 4 TS(s) registered with all masters
I0507 06:31:18.725133 5241 catalog_manager.cc:1415] Servicing CreateTable request from {username='slave'} at 127.0.0.1:59512: name: "TestTable" schema { columns { name: "key" type: INT32 is_key: true is_nullable: false encoding: AUTO_ENCODING compression: DEFAULT_COMPRESSION cfile_block_size: 0 } columns { name: "int_val" type: INT32 is_key: false is_nullable: false encoding: AUTO_ENCODING compression: DEFAULT_COMPRESSION cfile_block_size: 0 } columns { name: "string_val" type: STRING is_key: false is_nullable: true encoding: AUTO_ENCODING compression: DEFAULT_COMPRESSION cfile_block_size: 0 } } num_replicas: 3 split_rows_range_bounds { } partition_schema { range_schema { columns { name: "key" } } }
I0507 06:31:18.758101 5465 tablet_service.cc:1016] Processing CreateTablet for tablet ea48f25f7b394ecf8f30f2edcc242b0c (table=TestTable [id=951be2c0499f435f94d15606f411000f]), partition=RANGE (key) PARTITION UNBOUNDED
I0507 06:31:18.758157 5587 tablet_service.cc:1016] Processing CreateTablet for tablet ea48f25f7b394ecf8f30f2edcc242b0c (table=TestTable [id=951be2c0499f435f94d15606f411000f]), partition=RANGE (key) PARTITION UNBOUNDED
I0507 06:31:18.758671 5709 tablet_service.cc:1016] Processing CreateTablet for tablet ea48f25f7b394ecf8f30f2edcc242b0c (table=TestTable [id=951be2c0499f435f94d15606f411000f]), partition=RANGE (key) PARTITION UNBOUNDED
I0507 06:31:18.758971 5465 data_dirs.cc:938] Could only allocate 1 dirs of requested 3 for tablet ea48f25f7b394ecf8f30f2edcc242b0c. 1 dirs total, 0 dirs full, 0 dirs failed
I0507 06:31:18.759059 5587 data_dirs.cc:938] Could only allocate 1 dirs of requested 3 for tablet ea48f25f7b394ecf8f30f2edcc242b0c. 1 dirs total, 0 dirs full, 0 dirs failed
I0507 06:31:18.759351 5709 data_dirs.cc:938] Could only allocate 1 dirs of requested 3 for tablet ea48f25f7b394ecf8f30f2edcc242b0c. 1 dirs total, 0 dirs full, 0 dirs failed
I0507 06:31:18.767925 5793 tablet_bootstrap.cc:439] T ea48f25f7b394ecf8f30f2edcc242b0c P 4df733e8c0ed4f95b435c24c1f59c84c: Bootstrap starting.
I0507 06:31:18.770660 5793 tablet_bootstrap.cc:590] T ea48f25f7b394ecf8f30f2edcc242b0c P 4df733e8c0ed4f95b435c24c1f59c84c: No blocks or log segments found. Creating new log.
I0507 06:31:18.771270 5794 tablet_bootstrap.cc:439] T ea48f25f7b394ecf8f30f2edcc242b0c P a4e7f434e44448c1a89a6436e7c5da3a: Bootstrap starting.
I0507 06:31:18.773120 5792 tablet_bootstrap.cc:439] T ea48f25f7b394ecf8f30f2edcc242b0c P 57b5634a23754ddfbf10759f1def9b8d: Bootstrap starting.
I0507 06:31:18.775343 5792 tablet_bootstrap.cc:590] T ea48f25f7b394ecf8f30f2edcc242b0c P 57b5634a23754ddfbf10759f1def9b8d: No blocks or log segments found. Creating new log.
I0507 06:31:18.776320 5792 log.cc:525] T ea48f25f7b394ecf8f30f2edcc242b0c P 57b5634a23754ddfbf10759f1def9b8d: Log is configured to *not* fsync() on all Append() calls
I0507 06:31:18.777407 5793 log.cc:525] T ea48f25f7b394ecf8f30f2edcc242b0c P 4df733e8c0ed4f95b435c24c1f59c84c: Log is configured to *not* fsync() on all Append() calls
I0507 06:31:18.779132 5794 tablet_bootstrap.cc:590] T ea48f25f7b394ecf8f30f2edcc242b0c P a4e7f434e44448c1a89a6436e7c5da3a: No blocks or log segments found. Creating new log.
I0507 06:31:18.779317 5793 tablet_bootstrap.cc:439] T ea48f25f7b394ecf8f30f2edcc242b0c P 4df733e8c0ed4f95b435c24c1f59c84c: No bootstrap required, opened a new log
I0507 06:31:18.779605 5793 ts_tablet_manager.cc:1053] T ea48f25f7b394ecf8f30f2edcc242b0c P 4df733e8c0ed4f95b435c24c1f59c84c: Time spent bootstrapping tablet: real 0.012s user 0.004s sys 0.000s
I0507 06:31:18.779945 5794 log.cc:525] T ea48f25f7b394ecf8f30f2edcc242b0c P a4e7f434e44448c1a89a6436e7c5da3a: Log is configured to *not* fsync() on all Append() calls
I0507 06:31:18.781273 5792 tablet_bootstrap.cc:439] T ea48f25f7b394ecf8f30f2edcc242b0c P 57b5634a23754ddfbf10759f1def9b8d: No bootstrap required, opened a new log
I0507 06:31:18.781522 5792 ts_tablet_manager.cc:1053] T ea48f25f7b394ecf8f30f2edcc242b0c P 57b5634a23754ddfbf10759f1def9b8d: Time spent bootstrapping tablet: real 0.009s user 0.000s sys 0.004s
I0507 06:31:18.781531 5794 tablet_bootstrap.cc:439] T ea48f25f7b394ecf8f30f2edcc242b0c P a4e7f434e44448c1a89a6436e7c5da3a: No bootstrap required, opened a new log
I0507 06:31:18.781776 5794 ts_tablet_manager.cc:1053] T ea48f25f7b394ecf8f30f2edcc242b0c P a4e7f434e44448c1a89a6436e7c5da3a: Time spent bootstrapping tablet: real 0.011s user 0.004s sys 0.000s
I0507 06:31:18.785086 5793 raft_consensus.cc:340] T ea48f25f7b394ecf8f30f2edcc242b0c P 4df733e8c0ed4f95b435c24c1f59c84c [term 0 FOLLOWER]: Replica starting. Triggering 0 pending transactions. Active config: opid_index: -1 OBSOLETE_local: false peers { permanent_uuid: "a4e7f434e44448c1a89a6436e7c5da3a" member_type: VOTER last_known_addr { host: "127.0.57.195" port: 34093 } } peers { permanent_uuid: "4df733e8c0ed4f95b435c24c1f59c84c" member_type: VOTER last_known_addr { host: "127.0.57.196" port: 40131 } } peers { permanent_uuid: "57b5634a23754ddfbf10759f1def9b8d" member_type: VOTER last_known_addr { host: "127.0.57.194" port: 38629 } }
I0507 06:31:18.785655 5793 raft_consensus.cc:366] T ea48f25f7b394ecf8f30f2edcc242b0c P 4df733e8c0ed4f95b435c24c1f59c84c [term 0 FOLLOWER]: Consensus starting up: Expiring failure detector timer to make a prompt election more likely
I0507 06:31:18.785764 5793 raft_consensus.cc:705] T ea48f25f7b394ecf8f30f2edcc242b0c P 4df733e8c0ed4f95b435c24c1f59c84c [term 0 FOLLOWER]: Becoming Follower/Learner. State: Replica: 4df733e8c0ed4f95b435c24c1f59c84c, State: Initialized, Role: FOLLOWER
I0507 06:31:18.786314 5793 consensus_queue.cc:229] T ea48f25f7b394ecf8f30f2edcc242b0c P 4df733e8c0ed4f95b435c24c1f59c84c [NON_LEADER]: Queue going to NON_LEADER mode. State: All replicated index: 0, Majority replicated index: 0, Committed index: 0, Last appended: 0.0, Last appended by leader: 0, Current term: 0, Majority size: -1, State: 0, Mode: NON_LEADER, active raft config: opid_index: -1 OBSOLETE_local: false peers { permanent_uuid: "a4e7f434e44448c1a89a6436e7c5da3a" member_type: VOTER last_known_addr { host: "127.0.57.195" port: 34093 } } peers { permanent_uuid: "4df733e8c0ed4f95b435c24c1f59c84c" member_type: VOTER last_known_addr { host: "127.0.57.196" port: 40131 } } peers { permanent_uuid: "57b5634a23754ddfbf10759f1def9b8d" member_type: VOTER last_known_addr { host: "127.0.57.194" port: 38629 } }
I0507 06:31:18.787024 5794 raft_consensus.cc:340] T ea48f25f7b394ecf8f30f2edcc242b0c P a4e7f434e44448c1a89a6436e7c5da3a [term 0 FOLLOWER]: Replica starting. Triggering 0 pending transactions. Active config: opid_index: -1 OBSOLETE_local: false peers { permanent_uuid: "a4e7f434e44448c1a89a6436e7c5da3a" member_type: VOTER last_known_addr { host: "127.0.57.195" port: 34093 } } peers { permanent_uuid: "4df733e8c0ed4f95b435c24c1f59c84c" member_type: VOTER last_known_addr { host: "127.0.57.196" port: 40131 } } peers { permanent_uuid: "57b5634a23754ddfbf10759f1def9b8d" member_type: VOTER last_known_addr { host: "127.0.57.194" port: 38629 } }
I0507 06:31:18.787307 5794 raft_consensus.cc:366] T ea48f25f7b394ecf8f30f2edcc242b0c P a4e7f434e44448c1a89a6436e7c5da3a [term 0 FOLLOWER]: Consensus starting up: Expiring failure detector timer to make a prompt election more likely
I0507 06:31:18.787081 5792 raft_consensus.cc:340] T ea48f25f7b394ecf8f30f2edcc242b0c P 57b5634a23754ddfbf10759f1def9b8d [term 0 FOLLOWER]: Replica starting. Triggering 0 pending transactions. Active config: opid_index: -1 OBSOLETE_local: false peers { permanent_uuid: "a4e7f434e44448c1a89a6436e7c5da3a" member_type: VOTER last_known_addr { host: "127.0.57.195" port: 34093 } } peers { permanent_uuid: "4df733e8c0ed4f95b435c24c1f59c84c" member_type: VOTER last_known_addr { host: "127.0.57.196" port: 40131 } } peers { permanent_uuid: "57b5634a23754ddfbf10759f1def9b8d" member_type: VOTER last_known_addr { host: "127.0.57.194" port: 38629 } }
I0507 06:31:18.787376 5794 raft_consensus.cc:705] T ea48f25f7b394ecf8f30f2edcc242b0c P a4e7f434e44448c1a89a6436e7c5da3a [term 0 FOLLOWER]: Becoming Follower/Learner. State: Replica: a4e7f434e44448c1a89a6436e7c5da3a, State: Initialized, Role: FOLLOWER
I0507 06:31:18.787407 5792 raft_consensus.cc:366] T ea48f25f7b394ecf8f30f2edcc242b0c P 57b5634a23754ddfbf10759f1def9b8d [term 0 FOLLOWER]: Consensus starting up: Expiring failure detector timer to make a prompt election more likely
I0507 06:31:18.787840 5772 heartbeater.cc:467] Master 127.0.57.254:37907 was elected leader, sending a full tablet report...
I0507 06:31:18.787833 5792 raft_consensus.cc:705] T ea48f25f7b394ecf8f30f2edcc242b0c P 57b5634a23754ddfbf10759f1def9b8d [term 0 FOLLOWER]: Becoming Follower/Learner. State: Replica: 57b5634a23754ddfbf10759f1def9b8d, State: Initialized, Role: FOLLOWER
I0507 06:31:18.787801 5794 consensus_queue.cc:229] T ea48f25f7b394ecf8f30f2edcc242b0c P a4e7f434e44448c1a89a6436e7c5da3a [NON_LEADER]: Queue going to NON_LEADER mode. State: All replicated index: 0, Majority replicated index: 0, Committed index: 0, Last appended: 0.0, Last appended by leader: 0, Current term: 0, Majority size: -1, State: 0, Mode: NON_LEADER, active raft config: opid_index: -1 OBSOLETE_local: false peers { permanent_uuid: "a4e7f434e44448c1a89a6436e7c5da3a" member_type: VOTER last_known_addr { host: "127.0.57.195" port: 34093 } } peers { permanent_uuid: "4df733e8c0ed4f95b435c24c1f59c84c" member_type: VOTER last_known_addr { host: "127.0.57.196" port: 40131 } } peers { permanent_uuid: "57b5634a23754ddfbf10759f1def9b8d" member_type: VOTER last_known_addr { host: "127.0.57.194" port: 38629 } }
I0507 06:31:18.788271 5792 consensus_queue.cc:229] T ea48f25f7b394ecf8f30f2edcc242b0c P 57b5634a23754ddfbf10759f1def9b8d [NON_LEADER]: Queue going to NON_LEADER mode. State: All replicated index: 0, Majority replicated index: 0, Committed index: 0, Last appended: 0.0, Last appended by leader: 0, Current term: 0, Majority size: -1, State: 0, Mode: NON_LEADER, active raft config: opid_index: -1 OBSOLETE_local: false peers { permanent_uuid: "a4e7f434e44448c1a89a6436e7c5da3a" member_type: VOTER last_known_addr { host: "127.0.57.195" port: 34093 } } peers { permanent_uuid: "4df733e8c0ed4f95b435c24c1f59c84c" member_type: VOTER last_known_addr { host: "127.0.57.196" port: 40131 } } peers { permanent_uuid: "57b5634a23754ddfbf10759f1def9b8d" member_type: VOTER last_known_addr { host: "127.0.57.194" port: 38629 } }
I0507 06:31:18.788740 5793 ts_tablet_manager.cc:1081] T ea48f25f7b394ecf8f30f2edcc242b0c P 4df733e8c0ed4f95b435c24c1f59c84c: Time spent starting tablet: real 0.009s user 0.009s sys 0.000s
I0507 06:31:18.788821 5650 heartbeater.cc:467] Master 127.0.57.254:37907 was elected leader, sending a full tablet report...
I0507 06:31:18.789398 5528 heartbeater.cc:467] Master 127.0.57.254:37907 was elected leader, sending a full tablet report...
I0507 06:31:18.789543 5794 ts_tablet_manager.cc:1081] T ea48f25f7b394ecf8f30f2edcc242b0c P a4e7f434e44448c1a89a6436e7c5da3a: Time spent starting tablet: real 0.008s user 0.008s sys 0.000s
I0507 06:31:18.790422 5792 ts_tablet_manager.cc:1081] T ea48f25f7b394ecf8f30f2edcc242b0c P 57b5634a23754ddfbf10759f1def9b8d: Time spent starting tablet: real 0.009s user 0.006s sys 0.002s
W0507 06:31:18.877677 5529 tablet.cc:1786] T ea48f25f7b394ecf8f30f2edcc242b0c P 57b5634a23754ddfbf10759f1def9b8d: Can't schedule compaction. Clean time has not been advanced past its initial value.
I0507 06:31:18.898406 5405 heartbeater.cc:467] Master 127.0.57.254:37907 was elected leader, sending a full tablet report...
W0507 06:31:18.916164 5651 tablet.cc:1786] T ea48f25f7b394ecf8f30f2edcc242b0c P a4e7f434e44448c1a89a6436e7c5da3a: Can't schedule compaction. Clean time has not been advanced past its initial value.
W0507 06:31:18.944555 5773 tablet.cc:1786] T ea48f25f7b394ecf8f30f2edcc242b0c P 4df733e8c0ed4f95b435c24c1f59c84c: Can't schedule compaction. Clean time has not been advanced past its initial value.
I0507 06:31:18.994390 5798 raft_consensus.cc:472] T ea48f25f7b394ecf8f30f2edcc242b0c P 4df733e8c0ed4f95b435c24c1f59c84c [term 0 FOLLOWER]: Starting pre-election (no leader contacted us within the election timeout)
I0507 06:31:18.994630 5798 raft_consensus.cc:494] T ea48f25f7b394ecf8f30f2edcc242b0c P 4df733e8c0ed4f95b435c24c1f59c84c [term 0 FOLLOWER]: Starting pre-election with config: opid_index: -1 OBSOLETE_local: false peers { permanent_uuid: "a4e7f434e44448c1a89a6436e7c5da3a" member_type: VOTER last_known_addr { host: "127.0.57.195" port: 34093 } } peers { permanent_uuid: "4df733e8c0ed4f95b435c24c1f59c84c" member_type: VOTER last_known_addr { host: "127.0.57.196" port: 40131 } } peers { permanent_uuid: "57b5634a23754ddfbf10759f1def9b8d" member_type: VOTER last_known_addr { host: "127.0.57.194" port: 38629 } }
I0507 06:31:18.995977 5798 leader_election.cc:296] T ea48f25f7b394ecf8f30f2edcc242b0c P 4df733e8c0ed4f95b435c24c1f59c84c [CANDIDATE]: Term 1 pre-election: Requested pre-vote from peers a4e7f434e44448c1a89a6436e7c5da3a (127.0.57.195:34093), 57b5634a23754ddfbf10759f1def9b8d (127.0.57.194:38629)
I0507 06:31:19.001781 5607 tablet_service.cc:1286] Received RequestConsensusVote() RPC: tablet_id: "ea48f25f7b394ecf8f30f2edcc242b0c" candidate_uuid: "4df733e8c0ed4f95b435c24c1f59c84c" candidate_term: 1 candidate_status { last_received { term: 0 index: 0 } } ignore_live_leader: false dest_uuid: "a4e7f434e44448c1a89a6436e7c5da3a" is_pre_election: true
I0507 06:31:19.002072 5607 raft_consensus.cc:2346] T ea48f25f7b394ecf8f30f2edcc242b0c P a4e7f434e44448c1a89a6436e7c5da3a [term 0 FOLLOWER]: Leader pre-election vote request: Granting yes vote for candidate 4df733e8c0ed4f95b435c24c1f59c84c in term 0.
I0507 06:31:19.002161 5485 tablet_service.cc:1286] Received RequestConsensusVote() RPC: tablet_id: "ea48f25f7b394ecf8f30f2edcc242b0c" candidate_uuid: "4df733e8c0ed4f95b435c24c1f59c84c" candidate_term: 1 candidate_status { last_received { term: 0 index: 0 } } ignore_live_leader: false dest_uuid: "57b5634a23754ddfbf10759f1def9b8d" is_pre_election: true
I0507 06:31:19.002513 5485 raft_consensus.cc:2346] T ea48f25f7b394ecf8f30f2edcc242b0c P 57b5634a23754ddfbf10759f1def9b8d [term 0 FOLLOWER]: Leader pre-election vote request: Granting yes vote for candidate 4df733e8c0ed4f95b435c24c1f59c84c in term 0.
I0507 06:31:19.002719 5661 leader_election.cc:310] T ea48f25f7b394ecf8f30f2edcc242b0c P 4df733e8c0ed4f95b435c24c1f59c84c [CANDIDATE]: Term 1 pre-election: Election decided. Result: candidate won. Election summary: received 2 responses out of 3 voters: 2 yes votes; 0 no votes. yes voters: 4df733e8c0ed4f95b435c24c1f59c84c, a4e7f434e44448c1a89a6436e7c5da3a; no voters:
I0507 06:31:19.003124 5798 raft_consensus.cc:2640] T ea48f25f7b394ecf8f30f2edcc242b0c P 4df733e8c0ed4f95b435c24c1f59c84c [term 0 FOLLOWER]: Leader pre-election won for term 1
I0507 06:31:19.003216 5798 raft_consensus.cc:472] T ea48f25f7b394ecf8f30f2edcc242b0c P 4df733e8c0ed4f95b435c24c1f59c84c [term 0 FOLLOWER]: Starting leader election (no leader contacted us within the election timeout)
I0507 06:31:19.003269 5798 raft_consensus.cc:2886] T ea48f25f7b394ecf8f30f2edcc242b0c P 4df733e8c0ed4f95b435c24c1f59c84c [term 0 FOLLOWER]: Advancing to term 1
I0507 06:31:19.005295 5798 raft_consensus.cc:494] T ea48f25f7b394ecf8f30f2edcc242b0c P 4df733e8c0ed4f95b435c24c1f59c84c [term 1 FOLLOWER]: Starting leader election with config: opid_index: -1 OBSOLETE_local: false peers { permanent_uuid: "a4e7f434e44448c1a89a6436e7c5da3a" member_type: VOTER last_known_addr { host: "127.0.57.195" port: 34093 } } peers { permanent_uuid: "4df733e8c0ed4f95b435c24c1f59c84c" member_type: VOTER last_known_addr { host: "127.0.57.196" port: 40131 } } peers { permanent_uuid: "57b5634a23754ddfbf10759f1def9b8d" member_type: VOTER last_known_addr { host: "127.0.57.194" port: 38629 } }
I0507 06:31:19.005857 5798 leader_election.cc:296] T ea48f25f7b394ecf8f30f2edcc242b0c P 4df733e8c0ed4f95b435c24c1f59c84c [CANDIDATE]: Term 1 election: Requested vote from peers a4e7f434e44448c1a89a6436e7c5da3a (127.0.57.195:34093), 57b5634a23754ddfbf10759f1def9b8d (127.0.57.194:38629)
I0507 06:31:19.006352 5607 tablet_service.cc:1286] Received RequestConsensusVote() RPC: tablet_id: "ea48f25f7b394ecf8f30f2edcc242b0c" candidate_uuid: "4df733e8c0ed4f95b435c24c1f59c84c" candidate_term: 1 candidate_status { last_received { term: 0 index: 0 } } ignore_live_leader: false dest_uuid: "a4e7f434e44448c1a89a6436e7c5da3a"
I0507 06:31:19.006407 5485 tablet_service.cc:1286] Received RequestConsensusVote() RPC: tablet_id: "ea48f25f7b394ecf8f30f2edcc242b0c" candidate_uuid: "4df733e8c0ed4f95b435c24c1f59c84c" candidate_term: 1 candidate_status { last_received { term: 0 index: 0 } } ignore_live_leader: false dest_uuid: "57b5634a23754ddfbf10759f1def9b8d"
I0507 06:31:19.006510 5607 raft_consensus.cc:2886] T ea48f25f7b394ecf8f30f2edcc242b0c P a4e7f434e44448c1a89a6436e7c5da3a [term 0 FOLLOWER]: Advancing to term 1
I0507 06:31:19.006541 5485 raft_consensus.cc:2886] T ea48f25f7b394ecf8f30f2edcc242b0c P 57b5634a23754ddfbf10759f1def9b8d [term 0 FOLLOWER]: Advancing to term 1
I0507 06:31:19.008251 5607 raft_consensus.cc:2346] T ea48f25f7b394ecf8f30f2edcc242b0c P a4e7f434e44448c1a89a6436e7c5da3a [term 1 FOLLOWER]: Leader election vote request: Granting yes vote for candidate 4df733e8c0ed4f95b435c24c1f59c84c in term 1.
I0507 06:31:19.008440 5485 raft_consensus.cc:2346] T ea48f25f7b394ecf8f30f2edcc242b0c P 57b5634a23754ddfbf10759f1def9b8d [term 1 FOLLOWER]: Leader election vote request: Granting yes vote for candidate 4df733e8c0ed4f95b435c24c1f59c84c in term 1.
I0507 06:31:19.008956 5661 leader_election.cc:310] T ea48f25f7b394ecf8f30f2edcc242b0c P 4df733e8c0ed4f95b435c24c1f59c84c [CANDIDATE]: Term 1 election: Election decided. Result: candidate won. Election summary: received 2 responses out of 3 voters: 2 yes votes; 0 no votes. yes voters: 4df733e8c0ed4f95b435c24c1f59c84c, a4e7f434e44448c1a89a6436e7c5da3a; no voters:
I0507 06:31:19.009320 5798 raft_consensus.cc:2640] T ea48f25f7b394ecf8f30f2edcc242b0c P 4df733e8c0ed4f95b435c24c1f59c84c [term 1 FOLLOWER]: Leader election won for term 1
I0507 06:31:19.012544 5798 raft_consensus.cc:667] T ea48f25f7b394ecf8f30f2edcc242b0c P 4df733e8c0ed4f95b435c24c1f59c84c [term 1 LEADER]: Becoming Leader. State: Replica: 4df733e8c0ed4f95b435c24c1f59c84c, State: Running, Role: LEADER
I0507 06:31:19.012984 5798 consensus_queue.cc:206] T ea48f25f7b394ecf8f30f2edcc242b0c P 4df733e8c0ed4f95b435c24c1f59c84c [LEADER]: Queue going to LEADER mode. State: All replicated index: 0, Majority replicated index: 0, Committed index: 0, Last appended: 0.0, Last appended by leader: 0, Current term: 1, Majority size: 2, State: 0, Mode: LEADER, active raft config: opid_index: -1 OBSOLETE_local: false peers { permanent_uuid: "a4e7f434e44448c1a89a6436e7c5da3a" member_type: VOTER last_known_addr { host: "127.0.57.195" port: 34093 } } peers { permanent_uuid: "4df733e8c0ed4f95b435c24c1f59c84c" member_type: VOTER last_known_addr { host: "127.0.57.196" port: 40131 } } peers { permanent_uuid: "57b5634a23754ddfbf10759f1def9b8d" member_type: VOTER last_known_addr { host: "127.0.57.194" port: 38629 } }
I0507 06:31:19.017027 5241 catalog_manager.cc:3988] T ea48f25f7b394ecf8f30f2edcc242b0c P 4df733e8c0ed4f95b435c24c1f59c84c reported cstate change: term changed from 0 to 1, leader changed from to 4df733e8c0ed4f95b435c24c1f59c84c (127.0.57.196). New cstate: current_term: 1 leader_uuid: "4df733e8c0ed4f95b435c24c1f59c84c" committed_config { opid_index: -1 OBSOLETE_local: false peers { permanent_uuid: "a4e7f434e44448c1a89a6436e7c5da3a" member_type: VOTER last_known_addr { host: "127.0.57.195" port: 34093 } health_report { overall_health: UNKNOWN } } peers { permanent_uuid: "4df733e8c0ed4f95b435c24c1f59c84c" member_type: VOTER last_known_addr { host: "127.0.57.196" port: 40131 } health_report { overall_health: HEALTHY } } peers { permanent_uuid: "57b5634a23754ddfbf10759f1def9b8d" member_type: VOTER last_known_addr { host: "127.0.57.194" port: 38629 } health_report { overall_health: UNKNOWN } } }
I0507 06:31:19.045737 231 external_mini_cluster.cc:623] 4 TS(s) registered with all masters
I0507 06:31:19.047363 231 ts_itest-base.cc:232] Waiting for 0 tablets on tserver 3f283c2f720b44328ae90dbb6ede4f2c to finish bootstrapping
I0507 06:31:19.055438 231 ts_itest-base.cc:232] Waiting for 1 tablets on tserver 57b5634a23754ddfbf10759f1def9b8d to finish bootstrapping
I0507 06:31:19.061841 231 ts_itest-base.cc:232] Waiting for 1 tablets on tserver a4e7f434e44448c1a89a6436e7c5da3a to finish bootstrapping
I0507 06:31:19.067684 231 ts_itest-base.cc:232] Waiting for 1 tablets on tserver 4df733e8c0ed4f95b435c24c1f59c84c to finish bootstrapping
I0507 06:31:19.073928 231 external_mini_cluster.cc:1172] Attempting to check leaks for /tmp/dist-test-taskKhSYji/build/asan/bin/kudu-tserver pid 5653
I0507 06:31:19.074677 5769 generic_service.cc:171] Checking for leaks (request via RPC)
I0507 06:31:19.122601 231 external_mini_cluster.cc:1131] Killing /tmp/dist-test-taskKhSYji/build/asan/bin/kudu-tserver with pid 5653
I0507 06:31:20.606384 5806 raft_consensus.cc:472] T ea48f25f7b394ecf8f30f2edcc242b0c P 57b5634a23754ddfbf10759f1def9b8d [term 1 FOLLOWER]: Starting pre-election (no leader contacted us within the election timeout)
I0507 06:31:20.606580 5806 raft_consensus.cc:494] T ea48f25f7b394ecf8f30f2edcc242b0c P 57b5634a23754ddfbf10759f1def9b8d [term 1 FOLLOWER]: Starting pre-election with config: opid_index: -1 OBSOLETE_local: false peers { permanent_uuid: "a4e7f434e44448c1a89a6436e7c5da3a" member_type: VOTER last_known_addr { host: "127.0.57.195" port: 34093 } } peers { permanent_uuid: "4df733e8c0ed4f95b435c24c1f59c84c" member_type: VOTER last_known_addr { host: "127.0.57.196" port: 40131 } } peers { permanent_uuid: "57b5634a23754ddfbf10759f1def9b8d" member_type: VOTER last_known_addr { host: "127.0.57.194" port: 38629 } }
I0507 06:31:20.607990 5806 leader_election.cc:296] T ea48f25f7b394ecf8f30f2edcc242b0c P 57b5634a23754ddfbf10759f1def9b8d [CANDIDATE]: Term 2 pre-election: Requested pre-vote from peers a4e7f434e44448c1a89a6436e7c5da3a (127.0.57.195:34093), 4df733e8c0ed4f95b435c24c1f59c84c (127.0.57.196:40131)
W0507 06:31:20.609648 5418 leader_election.cc:341] T ea48f25f7b394ecf8f30f2edcc242b0c P 57b5634a23754ddfbf10759f1def9b8d [CANDIDATE]: Term 2 pre-election: RPC error from VoteRequest() call to peer 4df733e8c0ed4f95b435c24c1f59c84c (127.0.57.196:40131): Network error: Client connection negotiation failed: client connection to 127.0.57.196:40131: connect: Connection refused (error 111)
I0507 06:31:20.613940 5607 tablet_service.cc:1286] Received RequestConsensusVote() RPC: tablet_id: "ea48f25f7b394ecf8f30f2edcc242b0c" candidate_uuid: "57b5634a23754ddfbf10759f1def9b8d" candidate_term: 2 candidate_status { last_received { term: 0 index: 0 } } ignore_live_leader: false dest_uuid: "a4e7f434e44448c1a89a6436e7c5da3a" is_pre_election: true
I0507 06:31:20.614162 5607 raft_consensus.cc:2346] T ea48f25f7b394ecf8f30f2edcc242b0c P a4e7f434e44448c1a89a6436e7c5da3a [term 1 FOLLOWER]: Leader pre-election vote request: Granting yes vote for candidate 57b5634a23754ddfbf10759f1def9b8d in term 1.
I0507 06:31:20.614624 5417 leader_election.cc:310] T ea48f25f7b394ecf8f30f2edcc242b0c P 57b5634a23754ddfbf10759f1def9b8d [CANDIDATE]: Term 2 pre-election: Election decided. Result: candidate won. Election summary: received 3 responses out of 3 voters: 2 yes votes; 1 no votes. yes voters: 57b5634a23754ddfbf10759f1def9b8d, a4e7f434e44448c1a89a6436e7c5da3a; no voters: 4df733e8c0ed4f95b435c24c1f59c84c
I0507 06:31:20.615085 5806 raft_consensus.cc:2640] T ea48f25f7b394ecf8f30f2edcc242b0c P 57b5634a23754ddfbf10759f1def9b8d [term 1 FOLLOWER]: Leader pre-election won for term 2
I0507 06:31:20.615171 5806 raft_consensus.cc:472] T ea48f25f7b394ecf8f30f2edcc242b0c P 57b5634a23754ddfbf10759f1def9b8d [term 1 FOLLOWER]: Starting leader election (no leader contacted us within the election timeout)
I0507 06:31:20.615263 5806 raft_consensus.cc:2886] T ea48f25f7b394ecf8f30f2edcc242b0c P 57b5634a23754ddfbf10759f1def9b8d [term 1 FOLLOWER]: Advancing to term 2
I0507 06:31:20.617194 5806 raft_consensus.cc:494] T ea48f25f7b394ecf8f30f2edcc242b0c P 57b5634a23754ddfbf10759f1def9b8d [term 2 FOLLOWER]: Starting leader election with config: opid_index: -1 OBSOLETE_local: false peers { permanent_uuid: "a4e7f434e44448c1a89a6436e7c5da3a" member_type: VOTER last_known_addr { host: "127.0.57.195" port: 34093 } } peers { permanent_uuid: "4df733e8c0ed4f95b435c24c1f59c84c" member_type: VOTER last_known_addr { host: "127.0.57.196" port: 40131 } } peers { permanent_uuid: "57b5634a23754ddfbf10759f1def9b8d" member_type: VOTER last_known_addr { host: "127.0.57.194" port: 38629 } }
I0507 06:31:20.617765 5806 leader_election.cc:296] T ea48f25f7b394ecf8f30f2edcc242b0c P 57b5634a23754ddfbf10759f1def9b8d [CANDIDATE]: Term 2 election: Requested vote from peers a4e7f434e44448c1a89a6436e7c5da3a (127.0.57.195:34093), 4df733e8c0ed4f95b435c24c1f59c84c (127.0.57.196:40131)
I0507 06:31:20.618243 5607 tablet_service.cc:1286] Received RequestConsensusVote() RPC: tablet_id: "ea48f25f7b394ecf8f30f2edcc242b0c" candidate_uuid: "57b5634a23754ddfbf10759f1def9b8d" candidate_term: 2 candidate_status { last_received { term: 0 index: 0 } } ignore_live_leader: false dest_uuid: "a4e7f434e44448c1a89a6436e7c5da3a"
W0507 06:31:20.618356 5418 leader_election.cc:341] T ea48f25f7b394ecf8f30f2edcc242b0c P 57b5634a23754ddfbf10759f1def9b8d [CANDIDATE]: Term 2 election: RPC error from VoteRequest() call to peer 4df733e8c0ed4f95b435c24c1f59c84c (127.0.57.196:40131): Network error: Client connection negotiation failed: client connection to 127.0.57.196:40131: connect: Connection refused (error 111)
I0507 06:31:20.618445 5607 raft_consensus.cc:2886] T ea48f25f7b394ecf8f30f2edcc242b0c P a4e7f434e44448c1a89a6436e7c5da3a [term 1 FOLLOWER]: Advancing to term 2
I0507 06:31:20.620213 5607 raft_consensus.cc:2346] T ea48f25f7b394ecf8f30f2edcc242b0c P a4e7f434e44448c1a89a6436e7c5da3a [term 2 FOLLOWER]: Leader election vote request: Granting yes vote for candidate 57b5634a23754ddfbf10759f1def9b8d in term 2.
I0507 06:31:20.620692 5417 leader_election.cc:310] T ea48f25f7b394ecf8f30f2edcc242b0c P 57b5634a23754ddfbf10759f1def9b8d [CANDIDATE]: Term 2 election: Election decided. Result: candidate won. Election summary: received 3 responses out of 3 voters: 2 yes votes; 1 no votes. yes voters: 57b5634a23754ddfbf10759f1def9b8d, a4e7f434e44448c1a89a6436e7c5da3a; no voters: 4df733e8c0ed4f95b435c24c1f59c84c
I0507 06:31:20.620985 5806 raft_consensus.cc:2640] T ea48f25f7b394ecf8f30f2edcc242b0c P 57b5634a23754ddfbf10759f1def9b8d [term 2 FOLLOWER]: Leader election won for term 2
I0507 06:31:20.621349 5806 raft_consensus.cc:667] T ea48f25f7b394ecf8f30f2edcc242b0c P 57b5634a23754ddfbf10759f1def9b8d [term 2 LEADER]: Becoming Leader. State: Replica: 57b5634a23754ddfbf10759f1def9b8d, State: Running, Role: LEADER
I0507 06:31:20.621785 5806 consensus_queue.cc:206] T ea48f25f7b394ecf8f30f2edcc242b0c P 57b5634a23754ddfbf10759f1def9b8d [LEADER]: Queue going to LEADER mode. State: All replicated index: 0, Majority replicated index: 0, Committed index: 0, Last appended: 0.0, Last appended by leader: 0, Current term: 2, Majority size: 2, State: 0, Mode: LEADER, active raft config: opid_index: -1 OBSOLETE_local: false peers { permanent_uuid: "a4e7f434e44448c1a89a6436e7c5da3a" member_type: VOTER last_known_addr { host: "127.0.57.195" port: 34093 } } peers { permanent_uuid: "4df733e8c0ed4f95b435c24c1f59c84c" member_type: VOTER last_known_addr { host: "127.0.57.196" port: 40131 } } peers { permanent_uuid: "57b5634a23754ddfbf10759f1def9b8d" member_type: VOTER last_known_addr { host: "127.0.57.194" port: 38629 } }
I0507 06:31:20.626714 5239 catalog_manager.cc:3988] T ea48f25f7b394ecf8f30f2edcc242b0c P 57b5634a23754ddfbf10759f1def9b8d reported cstate change: term changed from 1 to 2, leader changed from 4df733e8c0ed4f95b435c24c1f59c84c (127.0.57.196) to 57b5634a23754ddfbf10759f1def9b8d (127.0.57.194). New cstate: current_term: 2 leader_uuid: "57b5634a23754ddfbf10759f1def9b8d" committed_config { opid_index: -1 OBSOLETE_local: false peers { permanent_uuid: "a4e7f434e44448c1a89a6436e7c5da3a" member_type: VOTER last_known_addr { host: "127.0.57.195" port: 34093 } health_report { overall_health: UNKNOWN } } peers { permanent_uuid: "4df733e8c0ed4f95b435c24c1f59c84c" member_type: VOTER last_known_addr { host: "127.0.57.196" port: 40131 } health_report { overall_health: UNKNOWN } } peers { permanent_uuid: "57b5634a23754ddfbf10759f1def9b8d" member_type: VOTER last_known_addr { host: "127.0.57.194" port: 38629 } health_report { overall_health: HEALTHY } } }
I0507 06:31:21.182639 5607 raft_consensus.cc:1181] T ea48f25f7b394ecf8f30f2edcc242b0c P a4e7f434e44448c1a89a6436e7c5da3a [term 2 FOLLOWER]: Refusing update from remote peer 57b5634a23754ddfbf10759f1def9b8d: Log matching property violated. Preceding OpId in replica: term: 0 index: 0. Preceding OpId from leader: term: 2 index: 1. (index mismatch)
I0507 06:31:21.183624 5816 consensus_queue.cc:984] T ea48f25f7b394ecf8f30f2edcc242b0c P 57b5634a23754ddfbf10759f1def9b8d [LEADER]: Connected to new peer: Peer: permanent_uuid: "a4e7f434e44448c1a89a6436e7c5da3a" member_type: VOTER last_known_addr { host: "127.0.57.195" port: 34093 }, Status: LMP_MISMATCH, Last received: 0.0, Next index: 1, Last known committed idx: 0, Time since last communication: 0.000s
W0507 06:31:21.190398 5418 consensus_peers.cc:457] T ea48f25f7b394ecf8f30f2edcc242b0c P 57b5634a23754ddfbf10759f1def9b8d -> Peer 4df733e8c0ed4f95b435c24c1f59c84c (127.0.57.196:40131): Couldn't send request to peer 4df733e8c0ed4f95b435c24c1f59c84c. Status: Network error: Client connection negotiation failed: client connection to 127.0.57.196:40131: connect: Connection refused (error 111). This is attempt 1: this message will repeat every 5th retry.
W0507 06:31:23.590956 5418 consensus_peers.cc:457] T ea48f25f7b394ecf8f30f2edcc242b0c P 57b5634a23754ddfbf10759f1def9b8d -> Peer 4df733e8c0ed4f95b435c24c1f59c84c (127.0.57.196:40131): Couldn't send request to peer 4df733e8c0ed4f95b435c24c1f59c84c. Status: Network error: Client connection negotiation failed: client connection to 127.0.57.196:40131: connect: Connection refused (error 111). This is attempt 6: this message will repeat every 5th retry.
W0507 06:31:25.908819 5418 consensus_peers.cc:457] T ea48f25f7b394ecf8f30f2edcc242b0c P 57b5634a23754ddfbf10759f1def9b8d -> Peer 4df733e8c0ed4f95b435c24c1f59c84c (127.0.57.196:40131): Couldn't send request to peer 4df733e8c0ed4f95b435c24c1f59c84c. Status: Network error: Client connection negotiation failed: client connection to 127.0.57.196:40131: connect: Connection refused (error 111). This is attempt 11: this message will repeat every 5th retry.
W0507 06:31:28.451936 5418 consensus_peers.cc:457] T ea48f25f7b394ecf8f30f2edcc242b0c P 57b5634a23754ddfbf10759f1def9b8d -> Peer 4df733e8c0ed4f95b435c24c1f59c84c (127.0.57.196:40131): Couldn't send request to peer 4df733e8c0ed4f95b435c24c1f59c84c. Status: Network error: Client connection negotiation failed: client connection to 127.0.57.196:40131: connect: Connection refused (error 111). This is attempt 16: this message will repeat every 5th retry.
I0507 06:31:31.023051 5822 consensus_queue.cc:544] T ea48f25f7b394ecf8f30f2edcc242b0c P 57b5634a23754ddfbf10759f1def9b8d [LEADER]: Leader has been unable to successfully communicate with peer 4df733e8c0ed4f95b435c24c1f59c84c for more than 10 seconds (10.400s)
W0507 06:31:31.024833 5418 consensus_peers.cc:457] T ea48f25f7b394ecf8f30f2edcc242b0c P 57b5634a23754ddfbf10759f1def9b8d -> Peer 4df733e8c0ed4f95b435c24c1f59c84c (127.0.57.196:40131): Couldn't send request to peer 4df733e8c0ed4f95b435c24c1f59c84c. Status: Network error: Client connection negotiation failed: client connection to 127.0.57.196:40131: connect: Connection refused (error 111). This is attempt 21: this message will repeat every 5th retry.
I0507 06:31:31.025902 5241 catalog_manager.cc:3616] Sending ChangeConfig:ADD_PEER:NON_VOTER on tablet ea48f25f7b394ecf8f30f2edcc242b0c (attempt 1)
I0507 06:31:31.028317 5485 consensus_queue.cc:206] T ea48f25f7b394ecf8f30f2edcc242b0c P 57b5634a23754ddfbf10759f1def9b8d [LEADER]: Queue going to LEADER mode. State: All replicated index: 0, Majority replicated index: 1, Committed index: 1, Last appended: 2.1, Last appended by leader: 0, Current term: 2, Majority size: 2, State: 0, Mode: LEADER, active raft config: opid_index: 2 OBSOLETE_local: false peers { permanent_uuid: "a4e7f434e44448c1a89a6436e7c5da3a" member_type: VOTER last_known_addr { host: "127.0.57.195" port: 34093 } } peers { permanent_uuid: "4df733e8c0ed4f95b435c24c1f59c84c" member_type: VOTER last_known_addr { host: "127.0.57.196" port: 40131 } } peers { permanent_uuid: "57b5634a23754ddfbf10759f1def9b8d" member_type: VOTER last_known_addr { host: "127.0.57.194" port: 38629 } } peers { permanent_uuid: "3f283c2f720b44328ae90dbb6ede4f2c" member_type: NON_VOTER last_known_addr { host: "127.0.57.193" port: 39837 } attrs { promote: true } }
I0507 06:31:31.031342 5607 raft_consensus.cc:1181] T ea48f25f7b394ecf8f30f2edcc242b0c P a4e7f434e44448c1a89a6436e7c5da3a [term 2 FOLLOWER]: Refusing update from remote peer 57b5634a23754ddfbf10759f1def9b8d: Log matching property violated. Preceding OpId in replica: term: 2 index: 1. Preceding OpId from leader: term: 2 index: 2. (index mismatch)
I0507 06:31:31.032291 5837 consensus_queue.cc:984] T ea48f25f7b394ecf8f30f2edcc242b0c P 57b5634a23754ddfbf10759f1def9b8d [LEADER]: Connected to new peer: Peer: permanent_uuid: "a4e7f434e44448c1a89a6436e7c5da3a" member_type: VOTER last_known_addr { host: "127.0.57.195" port: 34093 }, Status: LMP_MISMATCH, Last received: 0.0, Next index: 2, Last known committed idx: 1, Time since last communication: 0.000s
W0507 06:31:31.032634 5418 consensus_peers.cc:457] T ea48f25f7b394ecf8f30f2edcc242b0c P 57b5634a23754ddfbf10759f1def9b8d -> Peer 4df733e8c0ed4f95b435c24c1f59c84c (127.0.57.196:40131): Couldn't send request to peer 4df733e8c0ed4f95b435c24c1f59c84c. Status: Network error: Client connection negotiation failed: client connection to 127.0.57.196:40131: connect: Connection refused (error 111). This is attempt 1: this message will repeat every 5th retry.
W0507 06:31:31.038622 5417 consensus_peers.cc:457] T ea48f25f7b394ecf8f30f2edcc242b0c P 57b5634a23754ddfbf10759f1def9b8d -> Peer 3f283c2f720b44328ae90dbb6ede4f2c (127.0.57.193:39837): Couldn't send request to peer 3f283c2f720b44328ae90dbb6ede4f2c. Error code: TABLET_NOT_FOUND (6). Status: Not found: Tablet not found: ea48f25f7b394ecf8f30f2edcc242b0c. This is attempt 1: this message will repeat every 5th retry.
I0507 06:31:31.040802 5834 raft_consensus.cc:2788] T ea48f25f7b394ecf8f30f2edcc242b0c P 57b5634a23754ddfbf10759f1def9b8d [term 2 LEADER]: Committing config change with OpId 2.2: config changed from index -1 to 2, NON_VOTER 3f283c2f720b44328ae90dbb6ede4f2c (127.0.57.193) added. New config: { opid_index: 2 OBSOLETE_local: false peers { permanent_uuid: "a4e7f434e44448c1a89a6436e7c5da3a" member_type: VOTER last_known_addr { host: "127.0.57.195" port: 34093 } } peers { permanent_uuid: "4df733e8c0ed4f95b435c24c1f59c84c" member_type: VOTER last_known_addr { host: "127.0.57.196" port: 40131 } } peers { permanent_uuid: "57b5634a23754ddfbf10759f1def9b8d" member_type: VOTER last_known_addr { host: "127.0.57.194" port: 38629 } } peers { permanent_uuid: "3f283c2f720b44328ae90dbb6ede4f2c" member_type: NON_VOTER last_known_addr { host: "127.0.57.193" port: 39837 } attrs { promote: true } } }
I0507 06:31:31.041460 5607 raft_consensus.cc:2788] T ea48f25f7b394ecf8f30f2edcc242b0c P a4e7f434e44448c1a89a6436e7c5da3a [term 2 FOLLOWER]: Committing config change with OpId 2.2: config changed from index -1 to 2, NON_VOTER 3f283c2f720b44328ae90dbb6ede4f2c (127.0.57.193) added. New config: { opid_index: 2 OBSOLETE_local: false peers { permanent_uuid: "a4e7f434e44448c1a89a6436e7c5da3a" member_type: VOTER last_known_addr { host: "127.0.57.195" port: 34093 } } peers { permanent_uuid: "4df733e8c0ed4f95b435c24c1f59c84c" member_type: VOTER last_known_addr { host: "127.0.57.196" port: 40131 } } peers { permanent_uuid: "57b5634a23754ddfbf10759f1def9b8d" member_type: VOTER last_known_addr { host: "127.0.57.194" port: 38629 } } peers { permanent_uuid: "3f283c2f720b44328ae90dbb6ede4f2c" member_type: NON_VOTER last_known_addr { host: "127.0.57.193" port: 39837 } attrs { promote: true } } }
I0507 06:31:31.044811 5222 catalog_manager.cc:3531] ChangeConfig:ADD_PEER:NON_VOTER RPC for tablet ea48f25f7b394ecf8f30f2edcc242b0c with cas_config_opid_index -1: ChangeConfig:ADD_PEER:NON_VOTER succeeded (attempt 1)
I0507 06:31:31.046177 5241 catalog_manager.cc:3988] T ea48f25f7b394ecf8f30f2edcc242b0c P 57b5634a23754ddfbf10759f1def9b8d reported cstate change: config changed from index -1 to 2, NON_VOTER 3f283c2f720b44328ae90dbb6ede4f2c (127.0.57.193) added. New cstate: current_term: 2 leader_uuid: "57b5634a23754ddfbf10759f1def9b8d" committed_config { opid_index: 2 OBSOLETE_local: false peers { permanent_uuid: "a4e7f434e44448c1a89a6436e7c5da3a" member_type: VOTER last_known_addr { host: "127.0.57.195" port: 34093 } health_report { overall_health: HEALTHY } } peers { permanent_uuid: "4df733e8c0ed4f95b435c24c1f59c84c" member_type: VOTER last_known_addr { host: "127.0.57.196" port: 40131 } health_report { overall_health: UNKNOWN } } peers { permanent_uuid: "57b5634a23754ddfbf10759f1def9b8d" member_type: VOTER last_known_addr { host: "127.0.57.194" port: 38629 } health_report { overall_health: HEALTHY } } peers { permanent_uuid: "3f283c2f720b44328ae90dbb6ede4f2c" member_type: NON_VOTER last_known_addr { host: "127.0.57.193" port: 39837 } attrs { promote: true } health_report { overall_health: UNKNOWN } } }
I0507 06:31:31.060904 231 external_mini_cluster.cc:1172] Attempting to check leaks for /tmp/dist-test-taskKhSYji/build/asan/bin/kudu-tserver pid 5275
I0507 06:31:31.062788 5402 generic_service.cc:171] Checking for leaks (request via RPC)
I0507 06:31:31.110649 231 external_mini_cluster.cc:1131] Killing /tmp/dist-test-taskKhSYji/build/asan/bin/kudu-tserver with pid 5275
I0507 06:31:31.122638 231 external_mini_cluster.cc:1172] Attempting to check leaks for /tmp/dist-test-taskKhSYji/build/asan/bin/kudu-tserver pid 5409
I0507 06:31:31.123808 5525 generic_service.cc:171] Checking for leaks (request via RPC)
I0507 06:31:31.182938 231 external_mini_cluster.cc:1131] Killing /tmp/dist-test-taskKhSYji/build/asan/bin/kudu-tserver with pid 5409
I0507 06:31:31.193943 231 external_mini_cluster.cc:1172] Attempting to check leaks for /tmp/dist-test-taskKhSYji/build/asan/bin/kudu-tserver pid 5531
I0507 06:31:31.195132 5647 generic_service.cc:171] Checking for leaks (request via RPC)
I0507 06:31:31.252427 231 external_mini_cluster.cc:1131] Killing /tmp/dist-test-taskKhSYji/build/asan/bin/kudu-tserver with pid 5531
I0507 06:31:31.262796 231 external_mini_cluster.cc:1172] Attempting to check leaks for /tmp/dist-test-taskKhSYji/build/asan/bin/kudu-master pid 5215
I0507 06:31:31.264014 5271 generic_service.cc:171] Checking for leaks (request via RPC)
I0507 06:31:31.354326 231 external_mini_cluster.cc:1131] Killing /tmp/dist-test-taskKhSYji/build/asan/bin/kudu-master with pid 5215 [ OK ] RaftConsensusNonVoterITest.CatalogManagerAddsNonVoter (14158 ms) [ RUN ] RaftConsensusNonVoterITest.TabletServerIsGoneAndBack
I0507 06:31:31.378026 231 test_util.cc:212] Using random seed: 1578736455
I0507 06:31:31.379633 231 ts_itest-base.cc:112] Starting cluster with:
I0507 06:31:31.379684 231 ts_itest-base.cc:113] --------------
I0507 06:31:31.379703 231 ts_itest-base.cc:114] 4 tablet servers
I0507 06:31:31.379739 231 ts_itest-base.cc:115] 3 replicas per TS
I0507 06:31:31.379757 231 ts_itest-base.cc:116] --------------
I0507 06:31:31.381165 231 external_mini_cluster.cc:933] Running /tmp/dist-test-taskKhSYji/build/asan/bin/kudu-master /tmp/dist-test-taskKhSYji/build/asan/bin/kudu-master --fs_wal_dir=/tmp/dist-test-taskKhSYji/test-tmp/raft_consensus_nonvoter-itest.0.RaftConsensusNonVoterITest.TabletServerIsGoneAndBack.1557210500371863-231/raft_consensus-itest-cluster/master-0/wal --fs_data_dirs=/tmp/dist-test-taskKhSYji/test-tmp/raft_consensus_nonvoter-itest.0.RaftConsensusNonVoterITest.TabletServerIsGoneAndBack.1557210500371863-231/raft_consensus-itest-cluster/master-0/data --block_manager=log --webserver_interface=localhost --ipki_ca_key_size=1024 --tsk_num_rsa_bits=512 --rpc_bind_addresses=127.0.57.254:36133 --webserver_interface=127.0.57.254 --webserver_port=0 --never_fsync --ipki_server_key_size=1024 --enable_minidumps=false --redact=none --metrics_log_interval_ms=1000 --logtostderr --logbuflevel=-1 --log_dir=/tmp/dist-test-taskKhSYji/test-tmp/raft_consensus_nonvoter-itest.0.RaftConsensusNonVoterITest.TabletServerIsGoneAndBack.1557210500371863-231/raft_consensus-itest-cluster/master-0/logs --server_dump_info_path=/tmp/dist-test-taskKhSYji/test-tmp/raft_consensus_nonvoter-itest.0.RaftConsensusNonVoterITest.TabletServerIsGoneAndBack.1557210500371863-231/raft_consensus-itest-cluster/master-0/data/info.pb --server_dump_info_format=pb --rpc_server_allow_ephemeral_ports --unlock_experimental_flags --unlock_unsafe_flags --raft_prepare_replacement_before_eviction=true --rpc_reuseport=true with env {} WARNING: Logging before InitGoogleLogging() is written to STDERR
W0507 06:31:31.591945 5855 flags.cc:404] Enabled unsafe flag: --rpc_server_allow_ephemeral_ports=true
W0507 06:31:31.592190 5855 flags.cc:404] Enabled unsafe flag: --never_fsync=true
W0507 06:31:31.594792 5855 flags.cc:404] Enabled experimental flag: --raft_prepare_replacement_before_eviction=true
W0507 06:31:31.594856 5855 flags.cc:404] Enabled experimental flag: --ipki_ca_key_size=1024
W0507 06:31:31.594897 5855 flags.cc:404] Enabled experimental flag: --ipki_server_key_size=1024
W0507 06:31:31.594923 5855 flags.cc:404] Enabled experimental flag: --tsk_num_rsa_bits=512
W0507 06:31:31.594964 5855 flags.cc:404] Enabled experimental flag: --rpc_reuseport=true
I0507 06:31:31.599792 5855 master_main.cc:73] Master server non-default flags: --fs_data_dirs=/tmp/dist-test-taskKhSYji/test-tmp/raft_consensus_nonvoter-itest.0.RaftConsensusNonVoterITest.TabletServerIsGoneAndBack.1557210500371863-231/raft_consensus-itest-cluster/master-0/data --fs_wal_dir=/tmp/dist-test-taskKhSYji/test-tmp/raft_consensus_nonvoter-itest.0.RaftConsensusNonVoterITest.TabletServerIsGoneAndBack.1557210500371863-231/raft_consensus-itest-cluster/master-0/wal --ipki_ca_key_size=1024 --ipki_server_key_size=1024 --tsk_num_rsa_bits=512 --rpc_bind_addresses=127.0.57.254:36133 --rpc_reuseport=true --rpc_server_allow_ephemeral_ports=true --metrics_log_interval_ms=1000 --server_dump_info_format=pb --server_dump_info_path=/tmp/dist-test-taskKhSYji/test-tmp/raft_consensus_nonvoter-itest.0.RaftConsensusNonVoterITest.TabletServerIsGoneAndBack.1557210500371863-231/raft_consensus-itest-cluster/master-0/data/info.pb --webserver_interface=127.0.57.254 --webserver_port=0 --never_fsync=true --redact=none --unlock_experimental_flags=true --unlock_unsafe_flags=true --enable_minidumps=false --log_dir=/tmp/dist-test-taskKhSYji/test-tmp/raft_consensus_nonvoter-itest.0.RaftConsensusNonVoterITest.TabletServerIsGoneAndBack.1557210500371863-231/raft_consensus-itest-cluster/master-0/logs --logbuflevel=-1 --logtostderr=true Master server version: kudu 1.10.0-cdh6.x-SNAPSHOT revision 7d0ee26697926e87af9ef395008799577f6ab43f build type FASTDEBUG built by jenkins at 06 May 2019 22:44:21 PST on quasar-knmpfx-1.vpc.cloudera.com build id 322017 ASAN enabled
I0507 06:31:31.607075 5855 system_ntp.cc:202] NTP initialized. Skew: 500ppm Current error: 120016us
I0507 06:31:31.608438 5855 fs_manager.cc:263] Metadata directory not provided
I0507 06:31:31.608515 5855 fs_manager.cc:269] Using write-ahead log directory (fs_wal_dir) as metadata directory
I0507 06:31:31.608866 5855 server_base.cc:433] Could not load existing FS layout: Not found: could not find a healthy instance file
I0507 06:31:31.608942 5855 server_base.cc:434] Attempting to create new FS layout instead
I0507 06:31:31.611605 5855 fs_manager.cc:602] Generated new instance metadata in path /tmp/dist-test-taskKhSYji/test-tmp/raft_consensus_nonvoter-itest.0.RaftConsensusNonVoterITest.TabletServerIsGoneAndBack.1557210500371863-231/raft_consensus-itest-cluster/master-0/data/instance: uuid: "de7e5da07e2344d7a0645b121021b617" format_stamp: "Formatted at 2019-05-07 06:31:31 on dist-test-slave-dist-test-slave-rqp6"
I0507 06:31:31.612148 5855 fs_manager.cc:602] Generated new instance metadata in path /tmp/dist-test-taskKhSYji/test-tmp/raft_consensus_nonvoter-itest.0.RaftConsensusNonVoterITest.TabletServerIsGoneAndBack.1557210500371863-231/raft_consensus-itest-cluster/master-0/wal/instance: uuid: "de7e5da07e2344d7a0645b121021b617" format_stamp: "Formatted at 2019-05-07 06:31:31 on dist-test-slave-dist-test-slave-rqp6"
I0507 06:31:31.619968 5855 fs_manager.cc:503] Time spent creating directory manager: real 0.008s user 0.009s sys 0.001s
I0507 06:31:31.621410 5855 env_posix.cc:1676] Not raising this process' open files per process limit of 1048576; it is already as high as it can go
I0507 06:31:31.622141 5855 file_cache.cc:466] Constructed file cache lbm with capacity 419430
I0507 06:31:31.625823 5855 fs_manager.cc:419] Time spent opening block manager: real 0.002s user 0.001s sys 0.000s
I0507 06:31:31.625907 5855 fs_manager.cc:436] Opened local filesystem: /tmp/dist-test-taskKhSYji/test-tmp/raft_consensus_nonvoter-itest.0.RaftConsensusNonVoterITest.TabletServerIsGoneAndBack.1557210500371863-231/raft_consensus-itest-cluster/master-0/data,/tmp/dist-test-taskKhSYji/test-tmp/raft_consensus_nonvoter-itest.0.RaftConsensusNonVoterITest.TabletServerIsGoneAndBack.1557210500371863-231/raft_consensus-itest-cluster/master-0/wal uuid: "de7e5da07e2344d7a0645b121021b617" format_stamp: "Formatted at 2019-05-07 06:31:31 on dist-test-slave-dist-test-slave-rqp6"
I0507 06:31:31.626047 5855 fs_report.cc:352] FS layout report -------------------- wal directory: /tmp/dist-test-taskKhSYji/test-tmp/raft_consensus_nonvoter-itest.0.RaftConsensusNonVoterITest.TabletServerIsGoneAndBack.1557210500371863-231/raft_consensus-itest-cluster/master-0/wal metadata directory: /tmp/dist-test-taskKhSYji/test-tmp/raft_consensus_nonvoter-itest.0.RaftConsensusNonVoterITest.TabletServerIsGoneAndBack.1557210500371863-231/raft_consensus-itest-cluster/master-0/wal 1 data directories: /tmp/dist-test-taskKhSYji/test-tmp/raft_consensus_nonvoter-itest.0.RaftConsensusNonVoterITest.TabletServerIsGoneAndBack.1557210500371863-231/raft_consensus-itest-cluster/master-0/data/data Total live blocks: 0 Total live bytes: 0 Total live bytes (after alignment): 0 Total number of LBM containers: 0 (0 full) Did not check for missing blocks Did not check for orphaned blocks Total full LBM containers with extra space: 0 (0 repaired) Total full LBM container extra space in bytes: 0 (0 repaired) Total incomplete LBM containers: 0 (0 repaired) Total LBM partial records: 0 (0 repaired)
I0507 06:31:31.660913 5855 env_posix.cc:1676] Not raising this process' running threads per effective uid limit of 18446744073709551615; it is already as high as it can go
