I0507 06:32:22.174253 9911 fs_report.cc:352] FS layout report -------------------- wal directory: /tmp/dist-test-taskKhSYji/test-tmp/raft_consensus_nonvoter-itest.0.RaftConsensusNonVoterITest.NonVoterReplicasInConsensusQueue.1557210500371863-231/raft_consensus-itest-cluster/ts-3/wal metadata directory: /tmp/dist-test-taskKhSYji/test-tmp/raft_consensus_nonvoter-itest.0.RaftConsensusNonVoterITest.NonVoterReplicasInConsensusQueue.1557210500371863-231/raft_consensus-itest-cluster/ts-3/wal 1 data directories: /tmp/dist-test-taskKhSYji/test-tmp/raft_consensus_nonvoter-itest.0.RaftConsensusNonVoterITest.NonVoterReplicasInConsensusQueue.1557210500371863-231/raft_consensus-itest-cluster/ts-3/data/data Total live blocks: 0 Total live bytes: 0 Total live bytes (after alignment): 0 Total number of LBM containers: 0 (0 full) Did not check for missing blocks Did not check for orphaned blocks Total full LBM containers with extra space: 0 (0 repaired) Total full LBM container extra space in bytes: 0 (0 repaired) Total incomplete LBM containers: 0 (0 repaired) Total LBM partial records: 0 (0 repaired)
I0507 06:32:22.222355 9911 env_posix.cc:1676] Not raising this process' running threads per effective uid limit of 18446744073709551615; it is already as high as it can go
I0507 06:32:22.223950 9911 ts_tablet_manager.cc:356] Loaded tablet metadata (0 total tablets, 0 live tablets)
I0507 06:32:22.224012 9911 ts_tablet_manager.cc:376] Registered 0 tablets
I0507 06:32:22.254500 9911 rpc_server.cc:205] RPC server started. Bound to: 127.0.57.196:33671
I0507 06:32:22.255862 9911 webserver.cc:308] Webserver started at http://127.0.57.196:46383/ using document root and password file
I0507 06:32:22.256647 9911 server_base.cc:608] Dumped server information to /tmp/dist-test-taskKhSYji/test-tmp/raft_consensus_nonvoter-itest.0.RaftConsensusNonVoterITest.NonVoterReplicasInConsensusQueue.1557210500371863-231/raft_consensus-itest-cluster/ts-3/data/info.pb
I0507 06:32:22.261006 231 external_mini_cluster.cc:995] Started /tmp/dist-test-taskKhSYji/build/asan/bin/kudu-tserver as pid 9911
I0507 06:32:22.269832 10030 heartbeater.cc:345] Connected to a master server at 127.0.57.254:32871
I0507 06:32:22.270061 10030 heartbeater.cc:426] Registering TS with master...
I0507 06:32:22.270606 10030 heartbeater.cc:475] Master 127.0.57.254:32871 requested a full tablet report, sending...
I0507 06:32:22.271744 9499 ts_manager.cc:159] Registered new tserver with Master: 0390998780894750a0e7904a91af1410 (127.0.57.196:33671)
I0507 06:32:22.272805 9499 master_service.cc:273] Signed X509 certificate for tserver {username='slave'} at 127.0.57.196:58803
I0507 06:32:22.274109 231 external_mini_cluster.cc:623] 4 TS(s) registered with all masters
I0507 06:32:22.298491 9499 catalog_manager.cc:1415] Servicing CreateTable request from {username='slave'} at 127.0.0.1:44164: name: "TestTable" schema { columns { name: "key" type: INT32 is_key: true is_nullable: false encoding: AUTO_ENCODING compression: DEFAULT_COMPRESSION cfile_block_size: 0 } columns { name: "int_val" type: INT32 is_key: false is_nullable: false encoding: AUTO_ENCODING compression: DEFAULT_COMPRESSION cfile_block_size: 0 } columns { name: "string_val" type: STRING is_key: false is_nullable: true encoding: AUTO_ENCODING compression: DEFAULT_COMPRESSION cfile_block_size: 0 } } num_replicas: 3 split_rows_range_bounds { } partition_schema { range_schema { columns { name: "key" } } }
I0507 06:32:22.330473 9600 tablet_service.cc:1016] Processing CreateTablet for tablet 5ae09859764b4956baeac1f4c5241aed (table=TestTable [id=143b7b652f5b4062b9f006416e7db1eb]), partition=RANGE (key) PARTITION UNBOUNDED
I0507 06:32:22.331121 9723 tablet_service.cc:1016] Processing CreateTablet for tablet 5ae09859764b4956baeac1f4c5241aed (table=TestTable [id=143b7b652f5b4062b9f006416e7db1eb]), partition=RANGE (key) PARTITION UNBOUNDED
I0507 06:32:22.331542 9600 data_dirs.cc:938] Could only allocate 1 dirs of requested 3 for tablet 5ae09859764b4956baeac1f4c5241aed. 1 dirs total, 0 dirs full, 0 dirs failed
I0507 06:32:22.331959 9723 data_dirs.cc:938] Could only allocate 1 dirs of requested 3 for tablet 5ae09859764b4956baeac1f4c5241aed. 1 dirs total, 0 dirs full, 0 dirs failed
I0507 06:32:22.341042 10050 tablet_bootstrap.cc:439] T 5ae09859764b4956baeac1f4c5241aed P 0198be74df5a45dea84591d6b6c20c66: Bootstrap starting.
I0507 06:32:22.343240 10050 tablet_bootstrap.cc:590] T 5ae09859764b4956baeac1f4c5241aed P 0198be74df5a45dea84591d6b6c20c66: No blocks or log segments found. Creating new log.
I0507 06:32:22.343641 9967 tablet_service.cc:1016] Processing CreateTablet for tablet 5ae09859764b4956baeac1f4c5241aed (table=TestTable [id=143b7b652f5b4062b9f006416e7db1eb]), partition=RANGE (key) PARTITION UNBOUNDED
I0507 06:32:22.344089 10050 log.cc:525] T 5ae09859764b4956baeac1f4c5241aed P 0198be74df5a45dea84591d6b6c20c66: Log is configured to *not* fsync() on all Append() calls
I0507 06:32:22.344594 9967 data_dirs.cc:938] Could only allocate 1 dirs of requested 3 for tablet 5ae09859764b4956baeac1f4c5241aed. 1 dirs total, 0 dirs full, 0 dirs failed
I0507 06:32:22.345185 10051 tablet_bootstrap.cc:439] T 5ae09859764b4956baeac1f4c5241aed P b46048beca56499c8ee771446de3cbd4: Bootstrap starting.
I0507 06:32:22.347313 10051 tablet_bootstrap.cc:590] T 5ae09859764b4956baeac1f4c5241aed P b46048beca56499c8ee771446de3cbd4: No blocks or log segments found. Creating new log.
I0507 06:32:22.348134 10051 log.cc:525] T 5ae09859764b4956baeac1f4c5241aed P b46048beca56499c8ee771446de3cbd4: Log is configured to *not* fsync() on all Append() calls
I0507 06:32:22.350049 10050 tablet_bootstrap.cc:439] T 5ae09859764b4956baeac1f4c5241aed P 0198be74df5a45dea84591d6b6c20c66: No bootstrap required, opened a new log
I0507 06:32:22.350299 10050 ts_tablet_manager.cc:1053] T 5ae09859764b4956baeac1f4c5241aed P 0198be74df5a45dea84591d6b6c20c66: Time spent bootstrapping tablet: real 0.009s user 0.004s sys 0.000s
I0507 06:32:22.353667 10051 tablet_bootstrap.cc:439] T 5ae09859764b4956baeac1f4c5241aed P b46048beca56499c8ee771446de3cbd4: No bootstrap required, opened a new log
I0507 06:32:22.353962 10051 ts_tablet_manager.cc:1053] T 5ae09859764b4956baeac1f4c5241aed P b46048beca56499c8ee771446de3cbd4: Time spent bootstrapping tablet: real 0.009s user 0.004s sys 0.000s
I0507 06:32:22.355538 10050 raft_consensus.cc:340] T 5ae09859764b4956baeac1f4c5241aed P 0198be74df5a45dea84591d6b6c20c66 [term 0 FOLLOWER]: Replica starting. Triggering 0 pending transactions. Active config: opid_index: -1 OBSOLETE_local: false peers { permanent_uuid: "b46048beca56499c8ee771446de3cbd4" member_type: VOTER last_known_addr { host: "127.0.57.193" port: 46277 } } peers { permanent_uuid: "0198be74df5a45dea84591d6b6c20c66" member_type: VOTER last_known_addr { host: "127.0.57.194" port: 40207 } } peers { permanent_uuid: "0390998780894750a0e7904a91af1410" member_type: VOTER last_known_addr { host: "127.0.57.196" port: 33671 } }
I0507 06:32:22.355831 10050 raft_consensus.cc:366] T 5ae09859764b4956baeac1f4c5241aed P 0198be74df5a45dea84591d6b6c20c66 [term 0 FOLLOWER]: Consensus starting up: Expiring failure detector timer to make a prompt election more likely
I0507 06:32:22.355870 10050 raft_consensus.cc:705] T 5ae09859764b4956baeac1f4c5241aed P 0198be74df5a45dea84591d6b6c20c66 [term 0 FOLLOWER]: Becoming Follower/Learner. State: Replica: 0198be74df5a45dea84591d6b6c20c66, State: Initialized, Role: FOLLOWER
I0507 06:32:22.356762 10054 tablet_bootstrap.cc:439] T 5ae09859764b4956baeac1f4c5241aed P 0390998780894750a0e7904a91af1410: Bootstrap starting.
I0507 06:32:22.358969 10054 tablet_bootstrap.cc:590] T 5ae09859764b4956baeac1f4c5241aed P 0390998780894750a0e7904a91af1410: No blocks or log segments found. Creating new log.
I0507 06:32:22.359793 10054 log.cc:525] T 5ae09859764b4956baeac1f4c5241aed P 0390998780894750a0e7904a91af1410: Log is configured to *not* fsync() on all Append() calls
I0507 06:32:22.360332 10050 consensus_queue.cc:229] T 5ae09859764b4956baeac1f4c5241aed P 0198be74df5a45dea84591d6b6c20c66 [NON_LEADER]: Queue going to NON_LEADER mode. State: All replicated index: 0, Majority replicated index: 0, Committed index: 0, Last appended: 0.0, Last appended by leader: 0, Current term: 0, Majority size: -1, State: 0, Mode: NON_LEADER, active raft config: opid_index: -1 OBSOLETE_local: false peers { permanent_uuid: "b46048beca56499c8ee771446de3cbd4" member_type: VOTER last_known_addr { host: "127.0.57.193" port: 46277 } } peers { permanent_uuid: "0198be74df5a45dea84591d6b6c20c66" member_type: VOTER last_known_addr { host: "127.0.57.194" port: 40207 } } peers { permanent_uuid: "0390998780894750a0e7904a91af1410" member_type: VOTER last_known_addr { host: "127.0.57.196" port: 33671 } }
I0507 06:32:22.361232 9786 heartbeater.cc:467] Master 127.0.57.254:32871 was elected leader, sending a full tablet report...
I0507 06:32:22.361013 10051 raft_consensus.cc:340] T 5ae09859764b4956baeac1f4c5241aed P b46048beca56499c8ee771446de3cbd4 [term 0 FOLLOWER]: Replica starting. Triggering 0 pending transactions. Active config: opid_index: -1 OBSOLETE_local: false peers { permanent_uuid: "b46048beca56499c8ee771446de3cbd4" member_type: VOTER last_known_addr { host: "127.0.57.193" port: 46277 } } peers { permanent_uuid: "0198be74df5a45dea84591d6b6c20c66" member_type: VOTER last_known_addr { host: "127.0.57.194" port: 40207 } } peers { permanent_uuid: "0390998780894750a0e7904a91af1410" member_type: VOTER last_known_addr { host: "127.0.57.196" port: 33671 } }
I0507 06:32:22.361331 10051 raft_consensus.cc:366] T 5ae09859764b4956baeac1f4c5241aed P b46048beca56499c8ee771446de3cbd4 [term 0 FOLLOWER]: Consensus starting up: Expiring failure detector timer to make a prompt election more likely
I0507 06:32:22.361387 10051 raft_consensus.cc:705] T 5ae09859764b4956baeac1f4c5241aed P b46048beca56499c8ee771446de3cbd4 [term 0 FOLLOWER]: Becoming Follower/Learner. State: Replica: b46048beca56499c8ee771446de3cbd4, State: Initialized, Role: FOLLOWER
I0507 06:32:22.361815 10051 consensus_queue.cc:229] T 5ae09859764b4956baeac1f4c5241aed P b46048beca56499c8ee771446de3cbd4 [NON_LEADER]: Queue going to NON_LEADER mode. State: All replicated index: 0, Majority replicated index: 0, Committed index: 0, Last appended: 0.0, Last appended by leader: 0, Current term: 0, Majority size: -1, State: 0, Mode: NON_LEADER, active raft config: opid_index: -1 OBSOLETE_local: false peers { permanent_uuid: "b46048beca56499c8ee771446de3cbd4" member_type: VOTER last_known_addr { host: "127.0.57.193" port: 46277 } } peers { permanent_uuid: "0198be74df5a45dea84591d6b6c20c66" member_type: VOTER last_known_addr { host: "127.0.57.194" port: 40207 } } peers { permanent_uuid: "0390998780894750a0e7904a91af1410" member_type: VOTER last_known_addr { host: "127.0.57.196" port: 33671 } }
I0507 06:32:22.362072 10054 tablet_bootstrap.cc:439] T 5ae09859764b4956baeac1f4c5241aed P 0390998780894750a0e7904a91af1410: No bootstrap required, opened a new log
I0507 06:32:22.362314 10054 ts_tablet_manager.cc:1053] T 5ae09859764b4956baeac1f4c5241aed P 0390998780894750a0e7904a91af1410: Time spent bootstrapping tablet: real 0.006s user 0.000s sys 0.004s
I0507 06:32:22.364920 9663 heartbeater.cc:467] Master 127.0.57.254:32871 was elected leader, sending a full tablet report...
I0507 06:32:22.365296 10051 ts_tablet_manager.cc:1081] T 5ae09859764b4956baeac1f4c5241aed P b46048beca56499c8ee771446de3cbd4: Time spent starting tablet: real 0.011s user 0.001s sys 0.009s
I0507 06:32:22.365406 10050 ts_tablet_manager.cc:1081] T 5ae09859764b4956baeac1f4c5241aed P 0198be74df5a45dea84591d6b6c20c66: Time spent starting tablet: real 0.015s user 0.007s sys 0.000s
I0507 06:32:22.369156 10054 raft_consensus.cc:340] T 5ae09859764b4956baeac1f4c5241aed P 0390998780894750a0e7904a91af1410 [term 0 FOLLOWER]: Replica starting. Triggering 0 pending transactions. Active config: opid_index: -1 OBSOLETE_local: false peers { permanent_uuid: "b46048beca56499c8ee771446de3cbd4" member_type: VOTER last_known_addr { host: "127.0.57.193" port: 46277 } } peers { permanent_uuid: "0198be74df5a45dea84591d6b6c20c66" member_type: VOTER last_known_addr { host: "127.0.57.194" port: 40207 } } peers { permanent_uuid: "0390998780894750a0e7904a91af1410" member_type: VOTER last_known_addr { host: "127.0.57.196" port: 33671 } }
I0507 06:32:22.369459 10054 raft_consensus.cc:366] T 5ae09859764b4956baeac1f4c5241aed P 0390998780894750a0e7904a91af1410 [term 0 FOLLOWER]: Consensus starting up: Expiring failure detector timer to make a prompt election more likely
I0507 06:32:22.369513 10054 raft_consensus.cc:705] T 5ae09859764b4956baeac1f4c5241aed P 0390998780894750a0e7904a91af1410 [term 0 FOLLOWER]: Becoming Follower/Learner. State: Replica: 0390998780894750a0e7904a91af1410, State: Initialized, Role: FOLLOWER
I0507 06:32:22.369882 10054 consensus_queue.cc:229] T 5ae09859764b4956baeac1f4c5241aed P 0390998780894750a0e7904a91af1410 [NON_LEADER]: Queue going to NON_LEADER mode. State: All replicated index: 0, Majority replicated index: 0, Committed index: 0, Last appended: 0.0, Last appended by leader: 0, Current term: 0, Majority size: -1, State: 0, Mode: NON_LEADER, active raft config: opid_index: -1 OBSOLETE_local: false peers { permanent_uuid: "b46048beca56499c8ee771446de3cbd4" member_type: VOTER last_known_addr { host: "127.0.57.193" port: 46277 } } peers { permanent_uuid: "0198be74df5a45dea84591d6b6c20c66" member_type: VOTER last_known_addr { host: "127.0.57.194" port: 40207 } } peers { permanent_uuid: "0390998780894750a0e7904a91af1410" member_type: VOTER last_known_addr { host: "127.0.57.196" port: 33671 } }
I0507 06:32:22.370600 10030 heartbeater.cc:467] Master 127.0.57.254:32871 was elected leader, sending a full tablet report...
I0507 06:32:22.370960 10054 ts_tablet_manager.cc:1081] T 5ae09859764b4956baeac1f4c5241aed P 0390998780894750a0e7904a91af1410: Time spent starting tablet: real 0.009s user 0.006s sys 0.000s
I0507 06:32:22.379415 10058 raft_consensus.cc:472] T 5ae09859764b4956baeac1f4c5241aed P 0390998780894750a0e7904a91af1410 [term 0 FOLLOWER]: Starting pre-election (no leader contacted us within the election timeout)
I0507 06:32:22.379575 10058 raft_consensus.cc:494] T 5ae09859764b4956baeac1f4c5241aed P 0390998780894750a0e7904a91af1410 [term 0 FOLLOWER]: Starting pre-election with config: opid_index: -1 OBSOLETE_local: false peers { permanent_uuid: "b46048beca56499c8ee771446de3cbd4" member_type: VOTER last_known_addr { host: "127.0.57.193" port: 46277 } } peers { permanent_uuid: "0198be74df5a45dea84591d6b6c20c66" member_type: VOTER last_known_addr { host: "127.0.57.194" port: 40207 } } peers { permanent_uuid: "0390998780894750a0e7904a91af1410" member_type: VOTER last_known_addr { host: "127.0.57.196" port: 33671 } }
I0507 06:32:22.380715 10058 leader_election.cc:296] T 5ae09859764b4956baeac1f4c5241aed P 0390998780894750a0e7904a91af1410 [CANDIDATE]: Term 1 pre-election: Requested pre-vote from peers b46048beca56499c8ee771446de3cbd4 (127.0.57.193:46277), 0198be74df5a45dea84591d6b6c20c66 (127.0.57.194:40207)
I0507 06:32:22.385742 9743 tablet_service.cc:1286] Received RequestConsensusVote() RPC: tablet_id: "5ae09859764b4956baeac1f4c5241aed" candidate_uuid: "0390998780894750a0e7904a91af1410" candidate_term: 1 candidate_status { last_received { term: 0 index: 0 } } ignore_live_leader: false dest_uuid: "0198be74df5a45dea84591d6b6c20c66" is_pre_election: true
I0507 06:32:22.386124 9743 raft_consensus.cc:2346] T 5ae09859764b4956baeac1f4c5241aed P 0198be74df5a45dea84591d6b6c20c66 [term 0 FOLLOWER]: Leader pre-election vote request: Granting yes vote for candidate 0390998780894750a0e7904a91af1410 in term 0.
I0507 06:32:22.386799 9918 leader_election.cc:310] T 5ae09859764b4956baeac1f4c5241aed P 0390998780894750a0e7904a91af1410 [CANDIDATE]: Term 1 pre-election: Election decided. Result: candidate won. Election summary: received 2 responses out of 3 voters: 2 yes votes; 0 no votes. yes voters: 0198be74df5a45dea84591d6b6c20c66, 0390998780894750a0e7904a91af1410; no voters:
I0507 06:32:22.387367 10058 raft_consensus.cc:2640] T 5ae09859764b4956baeac1f4c5241aed P 0390998780894750a0e7904a91af1410 [term 0 FOLLOWER]: Leader pre-election won for term 1
I0507 06:32:22.387465 10058 raft_consensus.cc:472] T 5ae09859764b4956baeac1f4c5241aed P 0390998780894750a0e7904a91af1410 [term 0 FOLLOWER]: Starting leader election (no leader contacted us within the election timeout)
I0507 06:32:22.387519 10058 raft_consensus.cc:2886] T 5ae09859764b4956baeac1f4c5241aed P 0390998780894750a0e7904a91af1410 [term 0 FOLLOWER]: Advancing to term 1
I0507 06:32:22.389343 10058 raft_consensus.cc:494] T 5ae09859764b4956baeac1f4c5241aed P 0390998780894750a0e7904a91af1410 [term 1 FOLLOWER]: Starting leader election with config: opid_index: -1 OBSOLETE_local: false peers { permanent_uuid: "b46048beca56499c8ee771446de3cbd4" member_type: VOTER last_known_addr { host: "127.0.57.193" port: 46277 } } peers { permanent_uuid: "0198be74df5a45dea84591d6b6c20c66" member_type: VOTER last_known_addr { host: "127.0.57.194" port: 40207 } } peers { permanent_uuid: "0390998780894750a0e7904a91af1410" member_type: VOTER last_known_addr { host: "127.0.57.196" port: 33671 } }
I0507 06:32:22.389952 10058 leader_election.cc:296] T 5ae09859764b4956baeac1f4c5241aed P 0390998780894750a0e7904a91af1410 [CANDIDATE]: Term 1 election: Requested vote from peers b46048beca56499c8ee771446de3cbd4 (127.0.57.193:46277), 0198be74df5a45dea84591d6b6c20c66 (127.0.57.194:40207)
I0507 06:32:22.390290 9743 tablet_service.cc:1286] Received RequestConsensusVote() RPC: tablet_id: "5ae09859764b4956baeac1f4c5241aed" candidate_uuid: "0390998780894750a0e7904a91af1410" candidate_term: 1 candidate_status { last_received { term: 0 index: 0 } } ignore_live_leader: false dest_uuid: "0198be74df5a45dea84591d6b6c20c66"
I0507 06:32:22.390321 9619 tablet_service.cc:1286] Received RequestConsensusVote() RPC: tablet_id: "5ae09859764b4956baeac1f4c5241aed" candidate_uuid: "0390998780894750a0e7904a91af1410" candidate_term: 1 candidate_status { last_received { term: 0 index: 0 } } ignore_live_leader: false dest_uuid: "b46048beca56499c8ee771446de3cbd4"
I0507 06:32:22.390166 9620 tablet_service.cc:1286] Received RequestConsensusVote() RPC: tablet_id: "5ae09859764b4956baeac1f4c5241aed" candidate_uuid: "0390998780894750a0e7904a91af1410" candidate_term: 1 candidate_status { last_received { term: 0 index: 0 } } ignore_live_leader: false dest_uuid: "b46048beca56499c8ee771446de3cbd4" is_pre_election: true
I0507 06:32:22.390450 9743 raft_consensus.cc:2886] T 5ae09859764b4956baeac1f4c5241aed P 0198be74df5a45dea84591d6b6c20c66 [term 0 FOLLOWER]: Advancing to term 1
I0507 06:32:22.390579 9619 raft_consensus.cc:2886] T 5ae09859764b4956baeac1f4c5241aed P b46048beca56499c8ee771446de3cbd4 [term 0 FOLLOWER]: Advancing to term 1
I0507 06:32:22.392305 9619 raft_consensus.cc:2346] T 5ae09859764b4956baeac1f4c5241aed P b46048beca56499c8ee771446de3cbd4 [term 1 FOLLOWER]: Leader election vote request: Granting yes vote for candidate 0390998780894750a0e7904a91af1410 in term 1.
I0507 06:32:22.392400 9743 raft_consensus.cc:2346] T 5ae09859764b4956baeac1f4c5241aed P 0198be74df5a45dea84591d6b6c20c66 [term 1 FOLLOWER]: Leader election vote request: Granting yes vote for candidate 0390998780894750a0e7904a91af1410 in term 1.
I0507 06:32:22.392516 9620 raft_consensus.cc:2321] T 5ae09859764b4956baeac1f4c5241aed P b46048beca56499c8ee771446de3cbd4 [term 1 FOLLOWER]: Leader pre-election vote request: Denying vote to candidate 0390998780894750a0e7904a91af1410 for term 1 because replica is already servicing an update from a current leader or another vote.
I0507 06:32:22.392833 9918 leader_election.cc:310] T 5ae09859764b4956baeac1f4c5241aed P 0390998780894750a0e7904a91af1410 [CANDIDATE]: Term 1 election: Election decided. Result: candidate won. Election summary: received 2 responses out of 3 voters: 2 yes votes; 0 no votes. yes voters: 0198be74df5a45dea84591d6b6c20c66, 0390998780894750a0e7904a91af1410; no voters:
I0507 06:32:22.393123 10058 raft_consensus.cc:2640] T 5ae09859764b4956baeac1f4c5241aed P 0390998780894750a0e7904a91af1410 [term 1 FOLLOWER]: Leader election won for term 1
I0507 06:32:22.393561 10058 raft_consensus.cc:667] T 5ae09859764b4956baeac1f4c5241aed P 0390998780894750a0e7904a91af1410 [term 1 LEADER]: Becoming Leader. State: Replica: 0390998780894750a0e7904a91af1410, State: Running, Role: LEADER
I0507 06:32:22.393915 10058 consensus_queue.cc:206] T 5ae09859764b4956baeac1f4c5241aed P 0390998780894750a0e7904a91af1410 [LEADER]: Queue going to LEADER mode. State: All replicated index: 0, Majority replicated index: 0, Committed index: 0, Last appended: 0.0, Last appended by leader: 0, Current term: 1, Majority size: 2, State: 0, Mode: LEADER, active raft config: opid_index: -1 OBSOLETE_local: false peers { permanent_uuid: "b46048beca56499c8ee771446de3cbd4" member_type: VOTER last_known_addr { host: "127.0.57.193" port: 46277 } } peers { permanent_uuid: "0198be74df5a45dea84591d6b6c20c66" member_type: VOTER last_known_addr { host: "127.0.57.194" port: 40207 } } peers { permanent_uuid: "0390998780894750a0e7904a91af1410" member_type: VOTER last_known_addr { host: "127.0.57.196" port: 33671 } }
I0507 06:32:22.398245 9499 catalog_manager.cc:3988] T 5ae09859764b4956baeac1f4c5241aed P 0390998780894750a0e7904a91af1410 reported cstate change: term changed from 0 to 1, leader changed from to 0390998780894750a0e7904a91af1410 (127.0.57.196). New cstate: current_term: 1 leader_uuid: "0390998780894750a0e7904a91af1410" committed_config { opid_index: -1 OBSOLETE_local: false peers { permanent_uuid: "b46048beca56499c8ee771446de3cbd4" member_type: VOTER last_known_addr { host: "127.0.57.193" port: 46277 } health_report { overall_health: UNKNOWN } } peers { permanent_uuid: "0198be74df5a45dea84591d6b6c20c66" member_type: VOTER last_known_addr { host: "127.0.57.194" port: 40207 } health_report { overall_health: UNKNOWN } } peers { permanent_uuid: "0390998780894750a0e7904a91af1410" member_type: VOTER last_known_addr { host: "127.0.57.196" port: 33671 } health_report { overall_health: HEALTHY } } }
I0507 06:32:22.423413 231 external_mini_cluster.cc:623] 4 TS(s) registered with all masters
I0507 06:32:22.424798 231 ts_itest-base.cc:232] Waiting for 1 tablets on tserver b46048beca56499c8ee771446de3cbd4 to finish bootstrapping
I0507 06:32:22.431291 231 ts_itest-base.cc:232] Waiting for 1 tablets on tserver 0198be74df5a45dea84591d6b6c20c66 to finish bootstrapping
I0507 06:32:22.437606 9620 raft_consensus.cc:1181] T 5ae09859764b4956baeac1f4c5241aed P b46048beca56499c8ee771446de3cbd4 [term 1 FOLLOWER]: Refusing update from remote peer 0390998780894750a0e7904a91af1410: Log matching property violated. Preceding OpId in replica: term: 0 index: 0. Preceding OpId from leader: term: 1 index: 1. (index mismatch)
I0507 06:32:22.437664 231 ts_itest-base.cc:232] Waiting for 0 tablets on tserver a6726eec155e4dc48c6ae00643563ab4 to finish bootstrapping
I0507 06:32:22.438491 10060 consensus_queue.cc:984] T 5ae09859764b4956baeac1f4c5241aed P 0390998780894750a0e7904a91af1410 [LEADER]: Connected to new peer: Peer: permanent_uuid: "b46048beca56499c8ee771446de3cbd4" member_type: VOTER last_known_addr { host: "127.0.57.193" port: 46277 }, Status: LMP_MISMATCH, Last received: 0.0, Next index: 1, Last known committed idx: 0, Time since last communication: 0.000s
I0507 06:32:22.439245 9743 raft_consensus.cc:1181] T 5ae09859764b4956baeac1f4c5241aed P 0198be74df5a45dea84591d6b6c20c66 [term 1 FOLLOWER]: Refusing update from remote peer 0390998780894750a0e7904a91af1410: Log matching property violated. Preceding OpId in replica: term: 0 index: 0. Preceding OpId from leader: term: 1 index: 1. (index mismatch)
I0507 06:32:22.439906 10060 consensus_queue.cc:984] T 5ae09859764b4956baeac1f4c5241aed P 0390998780894750a0e7904a91af1410 [LEADER]: Connected to new peer: Peer: permanent_uuid: "0198be74df5a45dea84591d6b6c20c66" member_type: VOTER last_known_addr { host: "127.0.57.194" port: 40207 }, Status: LMP_MISMATCH, Last received: 0.0, Next index: 1, Last known committed idx: 0, Time since last communication: 0.000s
I0507 06:32:22.446868 231 ts_itest-base.cc:232] Waiting for 1 tablets on tserver 0390998780894750a0e7904a91af1410 to finish bootstrapping
W0507 06:32:22.468492 9660 generic_service.cc:128] {username='slave'} at 127.0.0.1:54330 forcing change of non-runtime-safe flag enable_leader_failure_detection
I0507 06:32:22.468653 9660 generic_service.cc:148] {username='slave'} at 127.0.0.1:54330 changed flags via RPC: enable_leader_failure_detection from 'true' to 'false'
W0507 06:32:22.469885 9783 generic_service.cc:128] {username='slave'} at 127.0.0.1:57892 forcing change of non-runtime-safe flag enable_leader_failure_detection
I0507 06:32:22.470039 9783 generic_service.cc:148] {username='slave'} at 127.0.0.1:57892 changed flags via RPC: enable_leader_failure_detection from 'true' to 'false'
W0507 06:32:22.471442 9905 generic_service.cc:128] {username='slave'} at 127.0.0.1:46000 forcing change of non-runtime-safe flag enable_leader_failure_detection
I0507 06:32:22.471560 9905 generic_service.cc:148] {username='slave'} at 127.0.0.1:46000 changed flags via RPC: enable_leader_failure_detection from 'true' to 'false'
W0507 06:32:22.472798 10027 generic_service.cc:128] {username='slave'} at 127.0.0.1:40748 forcing change of non-runtime-safe flag enable_leader_failure_detection
I0507 06:32:22.472949 10027 generic_service.cc:148] {username='slave'} at 127.0.0.1:40748 changed flags via RPC: enable_leader_failure_detection from 'true' to 'false'
I0507 06:32:22.473501 231 raft_consensus_nonvoter-itest.cc:1803] Getting leader replica...
I0507 06:32:22.476413 231 raft_consensus_nonvoter-itest.cc:1807] Shutting down non-leader replicas...
I0507 06:32:22.476492 231 external_mini_cluster.cc:1172] Attempting to check leaks for /tmp/dist-test-taskKhSYji/build/asan/bin/kudu-tserver pid 9533
I0507 06:32:22.477167 9660 generic_service.cc:171] Checking for leaks (request via RPC)
I0507 06:32:22.527447 231 external_mini_cluster.cc:1131] Killing /tmp/dist-test-taskKhSYji/build/asan/bin/kudu-tserver with pid 9533
I0507 06:32:22.539626 231 external_mini_cluster.cc:1172] Attempting to check leaks for /tmp/dist-test-taskKhSYji/build/asan/bin/kudu-tserver pid 9667
I0507 06:32:22.540685 9783 generic_service.cc:171] Checking for leaks (request via RPC)
W0507 06:32:22.541568 9920 consensus_peers.cc:457] T 5ae09859764b4956baeac1f4c5241aed P 0390998780894750a0e7904a91af1410 -> Peer b46048beca56499c8ee771446de3cbd4 (127.0.57.193:46277): Couldn't send request to peer b46048beca56499c8ee771446de3cbd4. Status: Network error: Client connection negotiation failed: client connection to 127.0.57.193:46277: connect: Connection refused (error 111). This is attempt 1: this message will repeat every 5th retry.
I0507 06:32:22.589846 231 external_mini_cluster.cc:1131] Killing /tmp/dist-test-taskKhSYji/build/asan/bin/kudu-tserver with pid 9667
I0507 06:32:22.601490 231 raft_consensus_nonvoter-itest.cc:1814] Adding NON_VOTER replica...
I0507 06:32:22.601922 231 raft_consensus_nonvoter-itest.cc:1821] Waiting for pending config...
I0507 06:32:22.604233 9986 consensus_queue.cc:206] T 5ae09859764b4956baeac1f4c5241aed P 0390998780894750a0e7904a91af1410 [LEADER]: Queue going to LEADER mode. State: All replicated index: 0, Majority replicated index: 1, Committed index: 1, Last appended: 1.1, Last appended by leader: 0, Current term: 1, Majority size: 2, State: 0, Mode: LEADER, active raft config: opid_index: 2 OBSOLETE_local: false peers { permanent_uuid: "b46048beca56499c8ee771446de3cbd4" member_type: VOTER last_known_addr { host: "127.0.57.193" port: 46277 } } peers { permanent_uuid: "0198be74df5a45dea84591d6b6c20c66" member_type: VOTER last_known_addr { host: "127.0.57.194" port: 40207 } } peers { permanent_uuid: "0390998780894750a0e7904a91af1410" member_type: VOTER last_known_addr { host: "127.0.57.196" port: 33671 } } peers { permanent_uuid: "a6726eec155e4dc48c6ae00643563ab4" member_type: NON_VOTER last_known_addr { host: "127.0.57.195" port: 38581 } attrs { } }
W0507 06:32:22.606485 9920 consensus_peers.cc:457] T 5ae09859764b4956baeac1f4c5241aed P 0390998780894750a0e7904a91af1410 -> Peer b46048beca56499c8ee771446de3cbd4 (127.0.57.193:46277): Couldn't send request to peer b46048beca56499c8ee771446de3cbd4. Status: Network error: Client connection negotiation failed: client connection to 127.0.57.193:46277: connect: Connection refused (error 111). This is attempt 1: this message will repeat every 5th retry.
W0507 06:32:22.606891 9918 consensus_peers.cc:457] T 5ae09859764b4956baeac1f4c5241aed P 0390998780894750a0e7904a91af1410 -> Peer 0198be74df5a45dea84591d6b6c20c66 (127.0.57.194:40207): Couldn't send request to peer 0198be74df5a45dea84591d6b6c20c66. Status: Network error: Client connection negotiation failed: client connection to 127.0.57.194:40207: connect: Connection refused (error 111). This is attempt 1: this message will repeat every 5th retry.
W0507 06:32:22.612082 9921 consensus_peers.cc:457] T 5ae09859764b4956baeac1f4c5241aed P 0390998780894750a0e7904a91af1410 -> Peer a6726eec155e4dc48c6ae00643563ab4 (127.0.57.195:38581): Couldn't send request to peer a6726eec155e4dc48c6ae00643563ab4. Error code: TABLET_NOT_FOUND (6). Status: Not found: Tablet not found: 5ae09859764b4956baeac1f4c5241aed. This is attempt 1: this message will repeat every 5th retry.
I0507 06:32:22.666811 10076 ts_tablet_manager.cc:676] T 5ae09859764b4956baeac1f4c5241aed P a6726eec155e4dc48c6ae00643563ab4: Initiating tablet copy from peer 0390998780894750a0e7904a91af1410 (127.0.57.196:33671)
I0507 06:32:22.667172 10076 tablet_copy_client.cc:240] T 5ae09859764b4956baeac1f4c5241aed P a6726eec155e4dc48c6ae00643563ab4: tablet copy: Beginning tablet copy session from remote peer at address 127.0.57.196:33671
I0507 06:32:22.672830 10007 tablet_copy_service.cc:135] P 0390998780894750a0e7904a91af1410: Received BeginTabletCopySession request for tablet 5ae09859764b4956baeac1f4c5241aed from peer a6726eec155e4dc48c6ae00643563ab4 ({username='slave'} at 127.0.57.195:47541)
I0507 06:32:22.673038 10007 tablet_copy_service.cc:156] P 0390998780894750a0e7904a91af1410: Beginning new tablet copy session on tablet 5ae09859764b4956baeac1f4c5241aed from peer a6726eec155e4dc48c6ae00643563ab4 at {username='slave'} at 127.0.57.195:47541: session id = a6726eec155e4dc48c6ae00643563ab4-5ae09859764b4956baeac1f4c5241aed
I0507 06:32:22.676017 10007 tablet_copy_source_session.cc:202] T 5ae09859764b4956baeac1f4c5241aed P 0390998780894750a0e7904a91af1410: Tablet Copy: opened 0 blocks and 1 log segments
I0507 06:32:22.679769 10076 data_dirs.cc:938] Could only allocate 1 dirs of requested 3 for tablet 5ae09859764b4956baeac1f4c5241aed. 1 dirs total, 0 dirs full, 0 dirs failed
I0507 06:32:22.688446 10076 tablet_copy_client.cc:575] T 5ae09859764b4956baeac1f4c5241aed P a6726eec155e4dc48c6ae00643563ab4: tablet copy: Starting download of 0 data blocks...
I0507 06:32:22.688637 10076 tablet_copy_client.cc:538] T 5ae09859764b4956baeac1f4c5241aed P a6726eec155e4dc48c6ae00643563ab4: tablet copy: Starting download of 1 WAL segments...
I0507 06:32:22.690593 10076 tablet_copy_client.cc:414] T 5ae09859764b4956baeac1f4c5241aed P a6726eec155e4dc48c6ae00643563ab4: tablet copy: Tablet Copy complete. Replacing tablet superblock.
I0507 06:32:22.692965 10076 tablet_bootstrap.cc:439] T 5ae09859764b4956baeac1f4c5241aed P a6726eec155e4dc48c6ae00643563ab4: Bootstrap starting.
I0507 06:32:22.697726 10076 log.cc:525] T 5ae09859764b4956baeac1f4c5241aed P a6726eec155e4dc48c6ae00643563ab4: Log is configured to *not* fsync() on all Append() calls
I0507 06:32:22.700328 10076 tablet_bootstrap.cc:439] T 5ae09859764b4956baeac1f4c5241aed P a6726eec155e4dc48c6ae00643563ab4: Bootstrap replayed 1/1 log segments. Stats: ops{read=2 overwritten=0 applied=1 ignored=0} inserts{seen=0 ignored=0} mutations{seen=0 ignored=0} orphaned_commits=0. Pending: 1 replicates
I0507 06:32:22.700718 10076 tablet_bootstrap.cc:439] T 5ae09859764b4956baeac1f4c5241aed P a6726eec155e4dc48c6ae00643563ab4: Bootstrap complete.
I0507 06:32:22.700999 10076 ts_tablet_manager.cc:1053] T 5ae09859764b4956baeac1f4c5241aed P a6726eec155e4dc48c6ae00643563ab4: Time spent bootstrapping tablet: real 0.008s user 0.007s sys 0.000s
I0507 06:32:22.706130 10076 raft_consensus.cc:340] T 5ae09859764b4956baeac1f4c5241aed P a6726eec155e4dc48c6ae00643563ab4 [term 1 NON_PARTICIPANT]: Replica starting. Triggering 1 pending transactions. Active config: opid_index: -1 OBSOLETE_local: false peers { permanent_uuid: "b46048beca56499c8ee771446de3cbd4" member_type: VOTER last_known_addr { host: "127.0.57.193" port: 46277 } } peers { permanent_uuid: "0198be74df5a45dea84591d6b6c20c66" member_type: VOTER last_known_addr { host: "127.0.57.194" port: 40207 } } peers { permanent_uuid: "0390998780894750a0e7904a91af1410" member_type: VOTER last_known_addr { host: "127.0.57.196" port: 33671 } }
I0507 06:32:22.706990 10076 raft_consensus.cc:705] T 5ae09859764b4956baeac1f4c5241aed P a6726eec155e4dc48c6ae00643563ab4 [term 1 LEARNER]: Becoming Follower/Learner. State: Replica: a6726eec155e4dc48c6ae00643563ab4, State: Initialized, Role: LEARNER
I0507 06:32:22.707252 10076 consensus_queue.cc:229] T 5ae09859764b4956baeac1f4c5241aed P a6726eec155e4dc48c6ae00643563ab4 [NON_LEADER]: Queue going to NON_LEADER mode. State: All replicated index: 0, Majority replicated index: 0, Committed index: 1, Last appended: 1.2, Last appended by leader: 2, Current term: 0, Majority size: -1, State: 0, Mode: NON_LEADER, active raft config: opid_index: 2 OBSOLETE_local: false peers { permanent_uuid: "b46048beca56499c8ee771446de3cbd4" member_type: VOTER last_known_addr { host: "127.0.57.193" port: 46277 } } peers { permanent_uuid: "0198be74df5a45dea84591d6b6c20c66" member_type: VOTER last_known_addr { host: "127.0.57.194" port: 40207 } } peers { permanent_uuid: "0390998780894750a0e7904a91af1410" member_type: VOTER last_known_addr { host: "127.0.57.196" port: 33671 } } peers { permanent_uuid: "a6726eec155e4dc48c6ae00643563ab4" member_type: NON_VOTER last_known_addr { host: "127.0.57.195" port: 38581 } attrs { } }
I0507 06:32:22.708042 9908 heartbeater.cc:467] Master 127.0.57.254:32871 was elected leader, sending a full tablet report...
I0507 06:32:22.708597 10076 ts_tablet_manager.cc:1081] T 5ae09859764b4956baeac1f4c5241aed P a6726eec155e4dc48c6ae00643563ab4: Time spent starting tablet: real 0.008s user 0.003s sys 0.004s
I0507 06:32:22.709336 10007 tablet_copy_service.cc:325] P 0390998780894750a0e7904a91af1410: Request end of tablet copy session a6726eec155e4dc48c6ae00643563ab4-5ae09859764b4956baeac1f4c5241aed received from {username='slave'} at 127.0.57.195:47541
I0507 06:32:22.709446 10007 tablet_copy_service.cc:413] P 0390998780894750a0e7904a91af1410: ending tablet copy session a6726eec155e4dc48c6ae00643563ab4-5ae09859764b4956baeac1f4c5241aed on tablet 5ae09859764b4956baeac1f4c5241aed with peer a6726eec155e4dc48c6ae00643563ab4
I0507 06:32:22.747840 9865 raft_consensus.cc:1126] T 5ae09859764b4956baeac1f4c5241aed P a6726eec155e4dc48c6ae00643563ab4 [term 1 LEARNER]: Deduplicated request from leader. Original: 1.1->[1.2-1.2] Dedup: 1.2->[]
W0507 06:32:22.837538 9920 consensus_peers.cc:457] T 5ae09859764b4956baeac1f4c5241aed P 0390998780894750a0e7904a91af1410 -> Peer b46048beca56499c8ee771446de3cbd4 (127.0.57.193:46277): Couldn't send request to peer b46048beca56499c8ee771446de3cbd4. Status: Network error: Client connection negotiation failed: client connection to 127.0.57.193:46277: connect: Connection refused (error 111). This is attempt 6: this message will repeat every 5th retry.
W0507 06:32:22.840461 9918 consensus_peers.cc:457] T 5ae09859764b4956baeac1f4c5241aed P 0390998780894750a0e7904a91af1410 -> Peer 0198be74df5a45dea84591d6b6c20c66 (127.0.57.194:40207): Couldn't send request to peer 0198be74df5a45dea84591d6b6c20c66. Status: Network error: Client connection negotiation failed: client connection to 127.0.57.194:40207: connect: Connection refused (error 111). This is attempt 6: this message will repeat every 5th retry.
W0507 06:32:23.090574 9918 consensus_peers.cc:457] T 5ae09859764b4956baeac1f4c5241aed P 0390998780894750a0e7904a91af1410 -> Peer 0198be74df5a45dea84591d6b6c20c66 (127.0.57.194:40207): Couldn't send request to peer 0198be74df5a45dea84591d6b6c20c66. Status: Network error: Client connection negotiation failed: client connection to 127.0.57.194:40207: connect: Connection refused (error 111). This is attempt 11: this message will repeat every 5th retry.
W0507 06:32:23.118525 9920 consensus_peers.cc:457] T 5ae09859764b4956baeac1f4c5241aed P 0390998780894750a0e7904a91af1410 -> Peer b46048beca56499c8ee771446de3cbd4 (127.0.57.193:46277): Couldn't send request to peer b46048beca56499c8ee771446de3cbd4. Status: Network error: Client connection negotiation failed: client connection to 127.0.57.193:46277: connect: Connection refused (error 111). This is attempt 11: this message will repeat every 5th retry.
W0507 06:32:23.345634 9918 consensus_peers.cc:457] T 5ae09859764b4956baeac1f4c5241aed P 0390998780894750a0e7904a91af1410 -> Peer 0198be74df5a45dea84591d6b6c20c66 (127.0.57.194:40207): Couldn't send request to peer 0198be74df5a45dea84591d6b6c20c66. Status: Network error: Client connection negotiation failed: client connection to 127.0.57.194:40207: connect: Connection refused (error 111). This is attempt 16: this message will repeat every 5th retry.
W0507 06:32:23.382936 9920 consensus_peers.cc:457] T 5ae09859764b4956baeac1f4c5241aed P 0390998780894750a0e7904a91af1410 -> Peer b46048beca56499c8ee771446de3cbd4 (127.0.57.193:46277): Couldn't send request to peer b46048beca56499c8ee771446de3cbd4. Status: Network error: Client connection negotiation failed: client connection to 127.0.57.193:46277: connect: Connection refused (error 111). This is attempt 16: this message will repeat every 5th retry.
W0507 06:32:23.582195 9918 consensus_peers.cc:457] T 5ae09859764b4956baeac1f4c5241aed P 0390998780894750a0e7904a91af1410 -> Peer 0198be74df5a45dea84591d6b6c20c66 (127.0.57.194:40207): Couldn't send request to peer 0198be74df5a45dea84591d6b6c20c66. Status: Network error: Client connection negotiation failed: client connection to 127.0.57.194:40207: connect: Connection refused (error 111). This is attempt 21: this message will repeat every 5th retry.
W0507 06:32:23.635581 9920 consensus_peers.cc:457] T 5ae09859764b4956baeac1f4c5241aed P 0390998780894750a0e7904a91af1410 -> Peer b46048beca56499c8ee771446de3cbd4 (127.0.57.193:46277): Couldn't send request to peer b46048beca56499c8ee771446de3cbd4. Status: Network error: Client connection negotiation failed: client connection to 127.0.57.193:46277: connect: Connection refused (error 111). This is attempt 21: this message will repeat every 5th retry.
W0507 06:32:23.816609 9918 consensus_peers.cc:457] T 5ae09859764b4956baeac1f4c5241aed P 0390998780894750a0e7904a91af1410 -> Peer 0198be74df5a45dea84591d6b6c20c66 (127.0.57.194:40207): Couldn't send request to peer 0198be74df5a45dea84591d6b6c20c66. Status: Network error: Client connection negotiation failed: client connection to 127.0.57.194:40207: connect: Connection refused (error 111). This is attempt 26: this message will repeat every 5th retry.
W0507 06:32:23.874315 9920 consensus_peers.cc:457] T 5ae09859764b4956baeac1f4c5241aed P 0390998780894750a0e7904a91af1410 -> Peer b46048beca56499c8ee771446de3cbd4 (127.0.57.193:46277): Couldn't send request to peer b46048beca56499c8ee771446de3cbd4. Status: Network error: Client connection negotiation failed: client connection to 127.0.57.193:46277: connect: Connection refused (error 111). This is attempt 26: this message will repeat every 5th retry.
W0507 06:32:24.096551 9918 consensus_peers.cc:457] T 5ae09859764b4956baeac1f4c5241aed P 0390998780894750a0e7904a91af1410 -> Peer 0198be74df5a45dea84591d6b6c20c66 (127.0.57.194:40207): Couldn't send request to peer 0198be74df5a45dea84591d6b6c20c66. Status: Network error: Client connection negotiation failed: client connection to 127.0.57.194:40207: connect: Connection refused (error 111). This is attempt 31: this message will repeat every 5th retry.
W0507 06:32:24.125825 9920 consensus_peers.cc:457] T 5ae09859764b4956baeac1f4c5241aed P 0390998780894750a0e7904a91af1410 -> Peer b46048beca56499c8ee771446de3cbd4 (127.0.57.193:46277): Couldn't send request to peer b46048beca56499c8ee771446de3cbd4. Status: Network error: Client connection negotiation failed: client connection to 127.0.57.193:46277: connect: Connection refused (error 111). This is attempt 31: this message will repeat every 5th retry.
W0507 06:32:24.330786 9918 consensus_peers.cc:457] T 5ae09859764b4956baeac1f4c5241aed P 0390998780894750a0e7904a91af1410 -> Peer 0198be74df5a45dea84591d6b6c20c66 (127.0.57.194:40207): Couldn't send request to peer 0198be74df5a45dea84591d6b6c20c66. Status: Network error: Client connection negotiation failed: client connection to 127.0.57.194:40207: connect: Connection refused (error 111). This is attempt 36: this message will repeat every 5th retry.
W0507 06:32:24.362069 9920 consensus_peers.cc:457] T 5ae09859764b4956baeac1f4c5241aed P 0390998780894750a0e7904a91af1410 -> Peer b46048beca56499c8ee771446de3cbd4 (127.0.57.193:46277): Couldn't send request to peer b46048beca56499c8ee771446de3cbd4. Status: Network error: Client connection negotiation failed: client connection to 127.0.57.193:46277: connect: Connection refused (error 111). This is attempt 36: this message will repeat every 5th retry.
W0507 06:32:24.582816 9918 consensus_peers.cc:457] T 5ae09859764b4956baeac1f4c5241aed P 0390998780894750a0e7904a91af1410 -> Peer 0198be74df5a45dea84591d6b6c20c66 (127.0.57.194:40207): Couldn't send request to peer 0198be74df5a45dea84591d6b6c20c66. Status: Network error: Client connection negotiation failed: client connection to 127.0.57.194:40207: connect: Connection refused (error 111). This is attempt 41: this message will repeat every 5th retry.
W0507 06:32:24.621204 9920 consensus_peers.cc:457] T 5ae09859764b4956baeac1f4c5241aed P 0390998780894750a0e7904a91af1410 -> Peer b46048beca56499c8ee771446de3cbd4 (127.0.57.193:46277): Couldn't send request to peer b46048beca56499c8ee771446de3cbd4. Status: Network error: Client connection negotiation failed: client connection to 127.0.57.193:46277: connect: Connection refused (error 111). This is attempt 41: this message will repeat every 5th retry.
W0507 06:32:24.829289 9918 consensus_peers.cc:457] T 5ae09859764b4956baeac1f4c5241aed P 0390998780894750a0e7904a91af1410 -> Peer 0198be74df5a45dea84591d6b6c20c66 (127.0.57.194:40207): Couldn't send request to peer 0198be74df5a45dea84591d6b6c20c66. Status: Network error: Client connection negotiation failed: client connection to 127.0.57.194:40207: connect: Connection refused (error 111). This is attempt 46: this message will repeat every 5th retry.
W0507 06:32:24.871898 9920 consensus_peers.cc:457] T 5ae09859764b4956baeac1f4c5241aed P 0390998780894750a0e7904a91af1410 -> Peer b46048beca56499c8ee771446de3cbd4 (127.0.57.193:46277): Couldn't send request to peer b46048beca56499c8ee771446de3cbd4. Status: Network error: Client connection negotiation failed: client connection to 127.0.57.193:46277: connect: Connection refused (error 111). This is attempt 46: this message will repeat every 5th retry.
W0507 06:32:25.089607 9918 consensus_peers.cc:457] T 5ae09859764b4956baeac1f4c5241aed P 0390998780894750a0e7904a91af1410 -> Peer 0198be74df5a45dea84591d6b6c20c66 (127.0.57.194:40207): Couldn't send request to peer 0198be74df5a45dea84591d6b6c20c66. Status: Network error: Client connection negotiation failed: client connection to 127.0.57.194:40207: connect: Connection refused (error 111). This is attempt 51: this message will repeat every 5th retry.
W0507 06:32:25.120775 9920 consensus_peers.cc:457] T 5ae09859764b4956baeac1f4c5241aed P 0390998780894750a0e7904a91af1410 -> Peer b46048beca56499c8ee771446de3cbd4 (127.0.57.193:46277): Couldn't send request to peer b46048beca56499c8ee771446de3cbd4. Status: Network error: Client connection negotiation failed: client connection to 127.0.57.193:46277: connect: Connection refused (error 111). This is attempt 51: this message will repeat every 5th retry.
W0507 06:32:25.329474 9918 consensus_peers.cc:457] T 5ae09859764b4956baeac1f4c5241aed P 0390998780894750a0e7904a91af1410 -> Peer 0198be74df5a45dea84591d6b6c20c66 (127.0.57.194:40207): Couldn't send request to peer 0198be74df5a45dea84591d6b6c20c66. Status: Network error: Client connection negotiation failed: client connection to 127.0.57.194:40207: connect: Connection refused (error 111). This is attempt 56: this message will repeat every 5th retry.
W0507 06:32:25.379328 9920 consensus_peers.cc:457] T 5ae09859764b4956baeac1f4c5241aed P 0390998780894750a0e7904a91af1410 -> Peer b46048beca56499c8ee771446de3cbd4 (127.0.57.193:46277): Couldn't send request to peer b46048beca56499c8ee771446de3cbd4. Status: Network error: Client connection negotiation failed: client connection to 127.0.57.193:46277: connect: Connection refused (error 111). This is attempt 56: this message will repeat every 5th retry.
W0507 06:32:25.590557 9918 consensus_peers.cc:457] T 5ae09859764b4956baeac1f4c5241aed P 0390998780894750a0e7904a91af1410 -> Peer 0198be74df5a45dea84591d6b6c20c66 (127.0.57.194:40207): Couldn't send request to peer 0198be74df5a45dea84591d6b6c20c66. Status: Network error: Client connection negotiation failed: client connection to 127.0.57.194:40207: connect: Connection refused (error 111). This is attempt 61: this message will repeat every 5th retry.
W0507 06:32:25.639430 9920 consensus_peers.cc:457] T 5ae09859764b4956baeac1f4c5241aed P 0390998780894750a0e7904a91af1410 -> Peer b46048beca56499c8ee771446de3cbd4 (127.0.57.193:46277): Couldn't send request to peer b46048beca56499c8ee771446de3cbd4. Status: Network error: Client connection negotiation failed: client connection to 127.0.57.193:46277: connect: Connection refused (error 111). This is attempt 61: this message will repeat every 5th retry.
W0507 06:32:25.835074 9918 consensus_peers.cc:457] T 5ae09859764b4956baeac1f4c5241aed P 0390998780894750a0e7904a91af1410 -> Peer 0198be74df5a45dea84591d6b6c20c66 (127.0.57.194:40207): Couldn't send request to peer 0198be74df5a45dea84591d6b6c20c66. Status: Network error: Client connection negotiation failed: client connection to 127.0.57.194:40207: connect: Connection refused (error 111). This is attempt 66: this message will repeat every 5th retry.
W0507 06:32:25.889466 9920 consensus_peers.cc:457] T 5ae09859764b4956baeac1f4c5241aed P 0390998780894750a0e7904a91af1410 -> Peer b46048beca56499c8ee771446de3cbd4 (127.0.57.193:46277): Couldn't send request to peer b46048beca56499c8ee771446de3cbd4. Status: Network error: Client connection negotiation failed: client connection to 127.0.57.193:46277: connect: Connection refused (error 111). This is attempt 66: this message will repeat every 5th retry.
W0507 06:32:26.091606 9918 consensus_peers.cc:457] T 5ae09859764b4956baeac1f4c5241aed P 0390998780894750a0e7904a91af1410 -> Peer 0198be74df5a45dea84591d6b6c20c66 (127.0.57.194:40207): Couldn't send request to peer 0198be74df5a45dea84591d6b6c20c66. Status: Network error: Client connection negotiation failed: client connection to 127.0.57.194:40207: connect: Connection refused (error 111). This is attempt 71: this message will repeat every 5th retry.
W0507 06:32:26.143792 9920 consensus_peers.cc:457] T 5ae09859764b4956baeac1f4c5241aed P 0390998780894750a0e7904a91af1410 -> Peer b46048beca56499c8ee771446de3cbd4 (127.0.57.193:46277): Couldn't send request to peer b46048beca56499c8ee771446de3cbd4. Status: Network error: Client connection negotiation failed: client connection to 127.0.57.193:46277: connect: Connection refused (error 111). This is attempt 71: this message will repeat every 5th retry.
W0507 06:32:26.337517 9918 consensus_peers.cc:457] T 5ae09859764b4956baeac1f4c5241aed P 0390998780894750a0e7904a91af1410 -> Peer 0198be74df5a45dea84591d6b6c20c66 (127.0.57.194:40207): Couldn't send request to peer 0198be74df5a45dea84591d6b6c20c66. Status: Network error: Client connection negotiation failed: client connection to 127.0.57.194:40207: connect: Connection refused (error 111). This is attempt 76: this message will repeat every 5th retry.
W0507 06:32:26.363715 9920 consensus_peers.cc:457] T 5ae09859764b4956baeac1f4c5241aed P 0390998780894750a0e7904a91af1410 -> Peer b46048beca56499c8ee771446de3cbd4 (127.0.57.193:46277): Couldn't send request to peer b46048beca56499c8ee771446de3cbd4. Status: Network error: Client connection negotiation failed: client connection to 127.0.57.193:46277: connect: Connection refused (error 111). This is attempt 76: this message will repeat every 5th retry.
W0507 06:32:26.574290 9918 consensus_peers.cc:457] T 5ae09859764b4956baeac1f4c5241aed P 0390998780894750a0e7904a91af1410 -> Peer 0198be74df5a45dea84591d6b6c20c66 (127.0.57.194:40207): Couldn't send request to peer 0198be74df5a45dea84591d6b6c20c66. Status: Network error: Client connection negotiation failed: client connection to 127.0.57.194:40207: connect: Connection refused (error 111). This is attempt 81: this message will repeat every 5th retry.
W0507 06:32:26.615881 9920 consensus_peers.cc:457] T 5ae09859764b4956baeac1f4c5241aed P 0390998780894750a0e7904a91af1410 -> Peer b46048beca56499c8ee771446de3cbd4 (127.0.57.193:46277): Couldn't send request to peer b46048beca56499c8ee771446de3cbd4. Status: Network error: Client connection negotiation failed: client connection to 127.0.57.193:46277: connect: Connection refused (error 111). This is attempt 81: this message will repeat every 5th retry.
