I0507 06:28:37.877040 2737 file_cache.cc:466] Constructed file cache lbm with capacity 419430
I0507 06:28:37.880152 2737 fs_manager.cc:419] Time spent opening block manager: real 0.002s user 0.001s sys 0.000s
I0507 06:28:37.880220 2737 fs_manager.cc:436] Opened local filesystem: /tmp/dist-test-taskKhSYji/test-tmp/raft_consensus_nonvoter-itest.0.RaftConsensusNonVoterITest.NonVoterReplicasDoNotVote.1557210500371863-231/raft_consensus-itest-cluster/ts-0/data,/tmp/dist-test-taskKhSYji/test-tmp/raft_consensus_nonvoter-itest.0.RaftConsensusNonVoterITest.NonVoterReplicasDoNotVote.1557210500371863-231/raft_consensus-itest-cluster/ts-0/wal uuid: "0c1b3bd57dab421faa01448383625df1" format_stamp: "Formatted at 2019-05-07 06:28:37 on dist-test-slave-dist-test-slave-rqp6"
I0507 06:28:37.880426 2737 fs_report.cc:352] FS layout report -------------------- wal directory: /tmp/dist-test-taskKhSYji/test-tmp/raft_consensus_nonvoter-itest.0.RaftConsensusNonVoterITest.NonVoterReplicasDoNotVote.1557210500371863-231/raft_consensus-itest-cluster/ts-0/wal metadata directory: /tmp/dist-test-taskKhSYji/test-tmp/raft_consensus_nonvoter-itest.0.RaftConsensusNonVoterITest.NonVoterReplicasDoNotVote.1557210500371863-231/raft_consensus-itest-cluster/ts-0/wal 1 data directories: /tmp/dist-test-taskKhSYji/test-tmp/raft_consensus_nonvoter-itest.0.RaftConsensusNonVoterITest.NonVoterReplicasDoNotVote.1557210500371863-231/raft_consensus-itest-cluster/ts-0/data/data Total live blocks: 0 Total live bytes: 0 Total live bytes (after alignment): 0 Total number of LBM containers: 0 (0 full) Did not check for missing blocks Did not check for orphaned blocks Total full LBM containers with extra space: 0 (0 repaired) Total full LBM container extra space in bytes: 0 (0 repaired) Total incomplete LBM containers: 0 (0 repaired) Total LBM partial records: 0 (0 repaired)
I0507 06:28:37.890079 2736 raft_consensus.cc:494] T 00000000000000000000000000000000 P 92ffbc77225f48a09f63ca66aa6575b6 [term 1 FOLLOWER]: Starting leader election with config: opid_index: -1 OBSOLETE_local: true peers { permanent_uuid: "92ffbc77225f48a09f63ca66aa6575b6" member_type: VOTER }
I0507 06:28:37.891306 2736 leader_election.cc:310] T 00000000000000000000000000000000 P 92ffbc77225f48a09f63ca66aa6575b6 [CANDIDATE]: Term 1 election: Election decided. Result: candidate won. Election summary: received 1 responses out of 1 voters: 1 yes votes; 0 no votes. yes voters: 92ffbc77225f48a09f63ca66aa6575b6; no voters:
I0507 06:28:37.892761 2736 leader_election.cc:296] T 00000000000000000000000000000000 P 92ffbc77225f48a09f63ca66aa6575b6 [CANDIDATE]: Term 1 election: Requested vote from peers
I0507 06:28:37.893029 2749 raft_consensus.cc:2640] T 00000000000000000000000000000000 P 92ffbc77225f48a09f63ca66aa6575b6 [term 1 FOLLOWER]: Leader election won for term 1
I0507 06:28:37.894564 2749 raft_consensus.cc:667] T 00000000000000000000000000000000 P 92ffbc77225f48a09f63ca66aa6575b6 [term 1 LEADER]: Becoming Leader. State: Replica: 92ffbc77225f48a09f63ca66aa6575b6, State: Running, Role: LEADER
I0507 06:28:37.895028 2749 consensus_queue.cc:206] T 00000000000000000000000000000000 P 92ffbc77225f48a09f63ca66aa6575b6 [LEADER]: Queue going to LEADER mode. State: All replicated index: 0, Majority replicated index: 0, Committed index: 0, Last appended: 0.0, Last appended by leader: 0, Current term: 1, Majority size: 1, State: 0, Mode: LEADER, active raft config: opid_index: -1 OBSOLETE_local: true peers { permanent_uuid: "92ffbc77225f48a09f63ca66aa6575b6" member_type: VOTER }
I0507 06:28:37.899942 2751 sys_catalog.cc:337] T 00000000000000000000000000000000 P 92ffbc77225f48a09f63ca66aa6575b6 [sys.catalog]: SysCatalogTable state changed. Reason: New leader 92ffbc77225f48a09f63ca66aa6575b6. Latest consensus state: current_term: 1 leader_uuid: "92ffbc77225f48a09f63ca66aa6575b6" committed_config { opid_index: -1 OBSOLETE_local: true peers { permanent_uuid: "92ffbc77225f48a09f63ca66aa6575b6" member_type: VOTER } }
I0507 06:28:37.900319 2751 sys_catalog.cc:340] T 00000000000000000000000000000000 P 92ffbc77225f48a09f63ca66aa6575b6 [sys.catalog]: This master's current role is: LEADER
I0507 06:28:37.901048 2736 sys_catalog.cc:337] T 00000000000000000000000000000000 P 92ffbc77225f48a09f63ca66aa6575b6 [sys.catalog]: SysCatalogTable state changed. Reason: Started TabletReplica. Latest consensus state: current_term: 1 leader_uuid: "92ffbc77225f48a09f63ca66aa6575b6" committed_config { opid_index: -1 OBSOLETE_local: true peers { permanent_uuid: "92ffbc77225f48a09f63ca66aa6575b6" member_type: VOTER } }
I0507 06:28:37.901316 2736 sys_catalog.cc:340] T 00000000000000000000000000000000 P 92ffbc77225f48a09f63ca66aa6575b6 [sys.catalog]: This master's current role is: LEADER
I0507 06:28:37.900517 2750 sys_catalog.cc:337] T 00000000000000000000000000000000 P 92ffbc77225f48a09f63ca66aa6575b6 [sys.catalog]: SysCatalogTable state changed. Reason: RaftConsensus started. Latest consensus state: current_term: 1 leader_uuid: "92ffbc77225f48a09f63ca66aa6575b6" committed_config { opid_index: -1 OBSOLETE_local: true peers { permanent_uuid: "92ffbc77225f48a09f63ca66aa6575b6" member_type: VOTER } }
I0507 06:28:37.901582 2750 sys_catalog.cc:340] T 00000000000000000000000000000000 P 92ffbc77225f48a09f63ca66aa6575b6 [sys.catalog]: This master's current role is: LEADER
I0507 06:28:37.902992 2736 sys_catalog.cc:424] T 00000000000000000000000000000000 P 92ffbc77225f48a09f63ca66aa6575b6 [sys.catalog]: configured and running, proceeding with master startup.
I0507 06:28:37.903288 2755 catalog_manager.cc:1055] Loading table and tablet metadata into memory...
I0507 06:28:37.903666 2756 catalog_manager.cc:538] Waiting for catalog manager background task thread to start: Service unavailable: Catalog manager is not initialized. State: Starting
I0507 06:28:37.908111 2755 catalog_manager.cc:1066] Initializing Kudu internal certificate authority...
I0507 06:28:37.921031 2737 env_posix.cc:1676] Not raising this process' running threads per effective uid limit of 18446744073709551615; it is already as high as it can go
I0507 06:28:37.925741 2737 ts_tablet_manager.cc:356] Loaded tablet metadata (0 total tablets, 0 live tablets)
I0507 06:28:37.925803 2737 ts_tablet_manager.cc:376] Registered 0 tablets
I0507 06:28:37.968006 2755 catalog_manager.cc:950] Generated new certificate authority record
I0507 06:28:37.970391 2755 catalog_manager.cc:1075] Loading token signing keys...
I0507 06:28:37.989641 2755 catalog_manager.cc:4292] T 00000000000000000000000000000000 P 92ffbc77225f48a09f63ca66aa6575b6: Generated new TSK 0
I0507 06:28:37.995697 2737 rpc_server.cc:205] RPC server started. Bound to: 127.0.57.193:35893
I0507 06:28:37.996985 2737 webserver.cc:308] Webserver started at http://127.0.57.193:34099/ using document root and password file
I0507 06:28:37.997714 2737 server_base.cc:608] Dumped server information to /tmp/dist-test-taskKhSYji/test-tmp/raft_consensus_nonvoter-itest.0.RaftConsensusNonVoterITest.NonVoterReplicasDoNotVote.1557210500371863-231/raft_consensus-itest-cluster/ts-0/data/info.pb
I0507 06:28:38.005944 231 external_mini_cluster.cc:995] Started /tmp/dist-test-taskKhSYji/build/asan/bin/kudu-tserver as pid 2737
I0507 06:28:38.006779 231 external_mini_cluster.cc:933] Running /tmp/dist-test-taskKhSYji/build/asan/bin/kudu-tserver /tmp/dist-test-taskKhSYji/build/asan/bin/kudu-tserver --fs_wal_dir=/tmp/dist-test-taskKhSYji/test-tmp/raft_consensus_nonvoter-itest.0.RaftConsensusNonVoterITest.NonVoterReplicasDoNotVote.1557210500371863-231/raft_consensus-itest-cluster/ts-1/wal --fs_data_dirs=/tmp/dist-test-taskKhSYji/test-tmp/raft_consensus_nonvoter-itest.0.RaftConsensusNonVoterITest.NonVoterReplicasDoNotVote.1557210500371863-231/raft_consensus-itest-cluster/ts-1/data --block_manager=log --rpc_bind_addresses=127.0.57.194:0 --local_ip_for_outbound_sockets=127.0.57.194 --webserver_interface=127.0.57.194 --webserver_port=0 --tserver_master_addrs=127.0.57.254:46409 --never_fsync --ipki_server_key_size=1024 --enable_minidumps=false --redact=none --metrics_log_interval_ms=1000 --logtostderr --logbuflevel=-1 --log_dir=/tmp/dist-test-taskKhSYji/test-tmp/raft_consensus_nonvoter-itest.0.RaftConsensusNonVoterITest.NonVoterReplicasDoNotVote.1557210500371863-231/raft_consensus-itest-cluster/ts-1/logs --server_dump_info_path=/tmp/dist-test-taskKhSYji/test-tmp/raft_consensus_nonvoter-itest.0.RaftConsensusNonVoterITest.NonVoterReplicasDoNotVote.1557210500371863-231/raft_consensus-itest-cluster/ts-1/data/info.pb --server_dump_info_format=pb --rpc_server_allow_ephemeral_ports --unlock_experimental_flags --unlock_unsafe_flags --raft_heartbeat_interval_ms=64 --leader_failure_max_missed_heartbeat_periods=1 with env {}
I0507 06:28:38.025558 2867 heartbeater.cc:345] Connected to a master server at 127.0.57.254:46409
I0507 06:28:38.025849 2867 heartbeater.cc:426] Registering TS with master...
I0507 06:28:38.026710 2867 heartbeater.cc:475] Master 127.0.57.254:46409 requested a full tablet report, sending...
I0507 06:28:38.028806 2703 ts_manager.cc:159] Registered new tserver with Master: 0c1b3bd57dab421faa01448383625df1 (127.0.57.193:35893)
I0507 06:28:38.031286 2703 master_service.cc:273] Signed X509 certificate for tserver {username='slave'} at 127.0.57.193:50335 WARNING: Logging before InitGoogleLogging() is written to STDERR
W0507 06:28:38.175850 2871 flags.cc:404] Enabled unsafe flag: --rpc_server_allow_ephemeral_ports=true
W0507 06:28:38.176069 2871 flags.cc:404] Enabled unsafe flag: --never_fsync=true
W0507 06:28:38.178359 2871 flags.cc:404] Enabled experimental flag: --ipki_server_key_size=1024
W0507 06:28:38.178469 2871 flags.cc:404] Enabled experimental flag: --local_ip_for_outbound_sockets=127.0.57.194
I0507 06:28:38.192940 2871 tablet_server_main.cc:78] Tablet server non-default flags: --leader_failure_max_missed_heartbeat_periods=1 --raft_heartbeat_interval_ms=64 --fs_data_dirs=/tmp/dist-test-taskKhSYji/test-tmp/raft_consensus_nonvoter-itest.0.RaftConsensusNonVoterITest.NonVoterReplicasDoNotVote.1557210500371863-231/raft_consensus-itest-cluster/ts-1/data --fs_wal_dir=/tmp/dist-test-taskKhSYji/test-tmp/raft_consensus_nonvoter-itest.0.RaftConsensusNonVoterITest.NonVoterReplicasDoNotVote.1557210500371863-231/raft_consensus-itest-cluster/ts-1/wal --ipki_server_key_size=1024 --rpc_bind_addresses=127.0.57.194:0 --rpc_server_allow_ephemeral_ports=true --metrics_log_interval_ms=1000 --server_dump_info_format=pb --server_dump_info_path=/tmp/dist-test-taskKhSYji/test-tmp/raft_consensus_nonvoter-itest.0.RaftConsensusNonVoterITest.NonVoterReplicasDoNotVote.1557210500371863-231/raft_consensus-itest-cluster/ts-1/data/info.pb --webserver_interface=127.0.57.194 --webserver_port=0 --tserver_master_addrs=127.0.57.254:46409 --never_fsync=true --redact=none --unlock_experimental_flags=true --unlock_unsafe_flags=true --enable_minidumps=false --local_ip_for_outbound_sockets=127.0.57.194 --log_dir=/tmp/dist-test-taskKhSYji/test-tmp/raft_consensus_nonvoter-itest.0.RaftConsensusNonVoterITest.NonVoterReplicasDoNotVote.1557210500371863-231/raft_consensus-itest-cluster/ts-1/logs --logbuflevel=-1 --logtostderr=true Tablet server version: kudu 1.10.0-cdh6.x-SNAPSHOT revision 7d0ee26697926e87af9ef395008799577f6ab43f build type FASTDEBUG built by jenkins at 06 May 2019 22:44:21 PST on quasar-knmpfx-1.vpc.cloudera.com build id 322017 ASAN enabled
I0507 06:28:38.201479 2871 system_ntp.cc:202] NTP initialized. Skew: 500ppm Current error: 33516us
I0507 06:28:38.202229 2871 fs_manager.cc:263] Metadata directory not provided
I0507 06:28:38.202307 2871 fs_manager.cc:269] Using write-ahead log directory (fs_wal_dir) as metadata directory
I0507 06:28:38.202575 2871 server_base.cc:433] Could not load existing FS layout: Not found: could not find a healthy instance file
I0507 06:28:38.202652 2871 server_base.cc:434] Attempting to create new FS layout instead
I0507 06:28:38.205267 2871 fs_manager.cc:602] Generated new instance metadata in path /tmp/dist-test-taskKhSYji/test-tmp/raft_consensus_nonvoter-itest.0.RaftConsensusNonVoterITest.NonVoterReplicasDoNotVote.1557210500371863-231/raft_consensus-itest-cluster/ts-1/data/instance: uuid: "1f3225ac14a24ce4be60bcf2c130d634" format_stamp: "Formatted at 2019-05-07 06:28:38 on dist-test-slave-dist-test-slave-rqp6"
I0507 06:28:38.205868 2871 fs_manager.cc:602] Generated new instance metadata in path /tmp/dist-test-taskKhSYji/test-tmp/raft_consensus_nonvoter-itest.0.RaftConsensusNonVoterITest.NonVoterReplicasDoNotVote.1557210500371863-231/raft_consensus-itest-cluster/ts-1/wal/instance: uuid: "1f3225ac14a24ce4be60bcf2c130d634" format_stamp: "Formatted at 2019-05-07 06:28:38 on dist-test-slave-dist-test-slave-rqp6"
I0507 06:28:38.223572 2871 fs_manager.cc:503] Time spent creating directory manager: real 0.017s user 0.005s sys 0.012s
I0507 06:28:38.224882 2871 env_posix.cc:1676] Not raising this process' open files per process limit of 1048576; it is already as high as it can go
I0507 06:28:38.225605 2871 file_cache.cc:466] Constructed file cache lbm with capacity 419430
I0507 06:28:38.229136 2871 fs_manager.cc:419] Time spent opening block manager: real 0.002s user 0.000s sys 0.000s
I0507 06:28:38.229208 2871 fs_manager.cc:436] Opened local filesystem: /tmp/dist-test-taskKhSYji/test-tmp/raft_consensus_nonvoter-itest.0.RaftConsensusNonVoterITest.NonVoterReplicasDoNotVote.1557210500371863-231/raft_consensus-itest-cluster/ts-1/data,/tmp/dist-test-taskKhSYji/test-tmp/raft_consensus_nonvoter-itest.0.RaftConsensusNonVoterITest.NonVoterReplicasDoNotVote.1557210500371863-231/raft_consensus-itest-cluster/ts-1/wal uuid: "1f3225ac14a24ce4be60bcf2c130d634" format_stamp: "Formatted at 2019-05-07 06:28:38 on dist-test-slave-dist-test-slave-rqp6"
I0507 06:28:38.229444 2871 fs_report.cc:352] FS layout report -------------------- wal directory: /tmp/dist-test-taskKhSYji/test-tmp/raft_consensus_nonvoter-itest.0.RaftConsensusNonVoterITest.NonVoterReplicasDoNotVote.1557210500371863-231/raft_consensus-itest-cluster/ts-1/wal metadata directory: /tmp/dist-test-taskKhSYji/test-tmp/raft_consensus_nonvoter-itest.0.RaftConsensusNonVoterITest.NonVoterReplicasDoNotVote.1557210500371863-231/raft_consensus-itest-cluster/ts-1/wal 1 data directories: /tmp/dist-test-taskKhSYji/test-tmp/raft_consensus_nonvoter-itest.0.RaftConsensusNonVoterITest.NonVoterReplicasDoNotVote.1557210500371863-231/raft_consensus-itest-cluster/ts-1/data/data Total live blocks: 0 Total live bytes: 0 Total live bytes (after alignment): 0 Total number of LBM containers: 0 (0 full) Did not check for missing blocks Did not check for orphaned blocks Total full LBM containers with extra space: 0 (0 repaired) Total full LBM container extra space in bytes: 0 (0 repaired) Total incomplete LBM containers: 0 (0 repaired) Total LBM partial records: 0 (0 repaired)
I0507 06:28:38.270218 2871 env_posix.cc:1676] Not raising this process' running threads per effective uid limit of 18446744073709551615; it is already as high as it can go
I0507 06:28:38.272229 2871 ts_tablet_manager.cc:356] Loaded tablet metadata (0 total tablets, 0 live tablets)
I0507 06:28:38.272292 2871 ts_tablet_manager.cc:376] Registered 0 tablets
I0507 06:28:38.300554 2871 rpc_server.cc:205] RPC server started. Bound to: 127.0.57.194:41551
I0507 06:28:38.301815 2871 webserver.cc:308] Webserver started at http://127.0.57.194:36339/ using document root and password file
I0507 06:28:38.302599 2871 server_base.cc:608] Dumped server information to /tmp/dist-test-taskKhSYji/test-tmp/raft_consensus_nonvoter-itest.0.RaftConsensusNonVoterITest.NonVoterReplicasDoNotVote.1557210500371863-231/raft_consensus-itest-cluster/ts-1/data/info.pb
I0507 06:28:38.307268 231 external_mini_cluster.cc:995] Started /tmp/dist-test-taskKhSYji/build/asan/bin/kudu-tserver as pid 2871
I0507 06:28:38.307869 231 external_mini_cluster.cc:933] Running /tmp/dist-test-taskKhSYji/build/asan/bin/kudu-tserver /tmp/dist-test-taskKhSYji/build/asan/bin/kudu-tserver --fs_wal_dir=/tmp/dist-test-taskKhSYji/test-tmp/raft_consensus_nonvoter-itest.0.RaftConsensusNonVoterITest.NonVoterReplicasDoNotVote.1557210500371863-231/raft_consensus-itest-cluster/ts-2/wal --fs_data_dirs=/tmp/dist-test-taskKhSYji/test-tmp/raft_consensus_nonvoter-itest.0.RaftConsensusNonVoterITest.NonVoterReplicasDoNotVote.1557210500371863-231/raft_consensus-itest-cluster/ts-2/data --block_manager=log --rpc_bind_addresses=127.0.57.195:0 --local_ip_for_outbound_sockets=127.0.57.195 --webserver_interface=127.0.57.195 --webserver_port=0 --tserver_master_addrs=127.0.57.254:46409 --never_fsync --ipki_server_key_size=1024 --enable_minidumps=false --redact=none --metrics_log_interval_ms=1000 --logtostderr --logbuflevel=-1 --log_dir=/tmp/dist-test-taskKhSYji/test-tmp/raft_consensus_nonvoter-itest.0.RaftConsensusNonVoterITest.NonVoterReplicasDoNotVote.1557210500371863-231/raft_consensus-itest-cluster/ts-2/logs --server_dump_info_path=/tmp/dist-test-taskKhSYji/test-tmp/raft_consensus_nonvoter-itest.0.RaftConsensusNonVoterITest.NonVoterReplicasDoNotVote.1557210500371863-231/raft_consensus-itest-cluster/ts-2/data/info.pb --server_dump_info_format=pb --rpc_server_allow_ephemeral_ports --unlock_experimental_flags --unlock_unsafe_flags --raft_heartbeat_interval_ms=64 --leader_failure_max_missed_heartbeat_periods=1 with env {}
I0507 06:28:38.320854 2990 heartbeater.cc:345] Connected to a master server at 127.0.57.254:46409
I0507 06:28:38.321070 2990 heartbeater.cc:426] Registering TS with master...
I0507 06:28:38.321650 2990 heartbeater.cc:475] Master 127.0.57.254:46409 requested a full tablet report, sending...
I0507 06:28:38.322926 2703 ts_manager.cc:159] Registered new tserver with Master: 1f3225ac14a24ce4be60bcf2c130d634 (127.0.57.194:41551)
I0507 06:28:38.323865 2703 master_service.cc:273] Signed X509 certificate for tserver {username='slave'} at 127.0.57.194:33529 WARNING: Logging before InitGoogleLogging() is written to STDERR
W0507 06:28:38.475626 2993 flags.cc:404] Enabled unsafe flag: --rpc_server_allow_ephemeral_ports=true
W0507 06:28:38.475867 2993 flags.cc:404] Enabled unsafe flag: --never_fsync=true
W0507 06:28:38.478142 2993 flags.cc:404] Enabled experimental flag: --ipki_server_key_size=1024
W0507 06:28:38.478435 2993 flags.cc:404] Enabled experimental flag: --local_ip_for_outbound_sockets=127.0.57.195
I0507 06:28:38.482668 2993 tablet_server_main.cc:78] Tablet server non-default flags: --leader_failure_max_missed_heartbeat_periods=1 --raft_heartbeat_interval_ms=64 --fs_data_dirs=/tmp/dist-test-taskKhSYji/test-tmp/raft_consensus_nonvoter-itest.0.RaftConsensusNonVoterITest.NonVoterReplicasDoNotVote.1557210500371863-231/raft_consensus-itest-cluster/ts-2/data --fs_wal_dir=/tmp/dist-test-taskKhSYji/test-tmp/raft_consensus_nonvoter-itest.0.RaftConsensusNonVoterITest.NonVoterReplicasDoNotVote.1557210500371863-231/raft_consensus-itest-cluster/ts-2/wal --ipki_server_key_size=1024 --rpc_bind_addresses=127.0.57.195:0 --rpc_server_allow_ephemeral_ports=true --metrics_log_interval_ms=1000 --server_dump_info_format=pb --server_dump_info_path=/tmp/dist-test-taskKhSYji/test-tmp/raft_consensus_nonvoter-itest.0.RaftConsensusNonVoterITest.NonVoterReplicasDoNotVote.1557210500371863-231/raft_consensus-itest-cluster/ts-2/data/info.pb --webserver_interface=127.0.57.195 --webserver_port=0 --tserver_master_addrs=127.0.57.254:46409 --never_fsync=true --redact=none --unlock_experimental_flags=true --unlock_unsafe_flags=true --enable_minidumps=false --local_ip_for_outbound_sockets=127.0.57.195 --log_dir=/tmp/dist-test-taskKhSYji/test-tmp/raft_consensus_nonvoter-itest.0.RaftConsensusNonVoterITest.NonVoterReplicasDoNotVote.1557210500371863-231/raft_consensus-itest-cluster/ts-2/logs --logbuflevel=-1 --logtostderr=true Tablet server version: kudu 1.10.0-cdh6.x-SNAPSHOT revision 7d0ee26697926e87af9ef395008799577f6ab43f build type FASTDEBUG built by jenkins at 06 May 2019 22:44:21 PST on quasar-knmpfx-1.vpc.cloudera.com build id 322017 ASAN enabled
I0507 06:28:38.490748 2993 system_ntp.cc:202] NTP initialized. Skew: 500ppm Current error: 33516us
I0507 06:28:38.491457 2993 fs_manager.cc:263] Metadata directory not provided
I0507 06:28:38.491540 2993 fs_manager.cc:269] Using write-ahead log directory (fs_wal_dir) as metadata directory
I0507 06:28:38.491803 2993 server_base.cc:433] Could not load existing FS layout: Not found: could not find a healthy instance file
I0507 06:28:38.491879 2993 server_base.cc:434] Attempting to create new FS layout instead
I0507 06:28:38.494395 2993 fs_manager.cc:602] Generated new instance metadata in path /tmp/dist-test-taskKhSYji/test-tmp/raft_consensus_nonvoter-itest.0.RaftConsensusNonVoterITest.NonVoterReplicasDoNotVote.1557210500371863-231/raft_consensus-itest-cluster/ts-2/data/instance: uuid: "9b897477ac24457ba3057221142ea9b4" format_stamp: "Formatted at 2019-05-07 06:28:38 on dist-test-slave-dist-test-slave-rqp6"
I0507 06:28:38.494980 2993 fs_manager.cc:602] Generated new instance metadata in path /tmp/dist-test-taskKhSYji/test-tmp/raft_consensus_nonvoter-itest.0.RaftConsensusNonVoterITest.NonVoterReplicasDoNotVote.1557210500371863-231/raft_consensus-itest-cluster/ts-2/wal/instance: uuid: "9b897477ac24457ba3057221142ea9b4" format_stamp: "Formatted at 2019-05-07 06:28:38 on dist-test-slave-dist-test-slave-rqp6"
I0507 06:28:38.501590 2993 fs_manager.cc:503] Time spent creating directory manager: real 0.006s user 0.002s sys 0.006s
I0507 06:28:38.502727 2993 env_posix.cc:1676] Not raising this process' open files per process limit of 1048576; it is already as high as it can go
I0507 06:28:38.503355 2993 file_cache.cc:466] Constructed file cache lbm with capacity 419430
I0507 06:28:38.506852 2993 fs_manager.cc:419] Time spent opening block manager: real 0.002s user 0.000s sys 0.000s
I0507 06:28:38.506920 2993 fs_manager.cc:436] Opened local filesystem: /tmp/dist-test-taskKhSYji/test-tmp/raft_consensus_nonvoter-itest.0.RaftConsensusNonVoterITest.NonVoterReplicasDoNotVote.1557210500371863-231/raft_consensus-itest-cluster/ts-2/data,/tmp/dist-test-taskKhSYji/test-tmp/raft_consensus_nonvoter-itest.0.RaftConsensusNonVoterITest.NonVoterReplicasDoNotVote.1557210500371863-231/raft_consensus-itest-cluster/ts-2/wal uuid: "9b897477ac24457ba3057221142ea9b4" format_stamp: "Formatted at 2019-05-07 06:28:38 on dist-test-slave-dist-test-slave-rqp6"
I0507 06:28:38.507160 2993 fs_report.cc:352] FS layout report -------------------- wal directory: /tmp/dist-test-taskKhSYji/test-tmp/raft_consensus_nonvoter-itest.0.RaftConsensusNonVoterITest.NonVoterReplicasDoNotVote.1557210500371863-231/raft_consensus-itest-cluster/ts-2/wal metadata directory: /tmp/dist-test-taskKhSYji/test-tmp/raft_consensus_nonvoter-itest.0.RaftConsensusNonVoterITest.NonVoterReplicasDoNotVote.1557210500371863-231/raft_consensus-itest-cluster/ts-2/wal 1 data directories: /tmp/dist-test-taskKhSYji/test-tmp/raft_consensus_nonvoter-itest.0.RaftConsensusNonVoterITest.NonVoterReplicasDoNotVote.1557210500371863-231/raft_consensus-itest-cluster/ts-2/data/data Total live blocks: 0 Total live bytes: 0 Total live bytes (after alignment): 0 Total number of LBM containers: 0 (0 full) Did not check for missing blocks Did not check for orphaned blocks Total full LBM containers with extra space: 0 (0 repaired) Total full LBM container extra space in bytes: 0 (0 repaired) Total incomplete LBM containers: 0 (0 repaired) Total LBM partial records: 0 (0 repaired)
I0507 06:28:38.556937 2993 env_posix.cc:1676] Not raising this process' running threads per effective uid limit of 18446744073709551615; it is already as high as it can go
I0507 06:28:38.558684 2993 ts_tablet_manager.cc:356] Loaded tablet metadata (0 total tablets, 0 live tablets)
I0507 06:28:38.558745 2993 ts_tablet_manager.cc:376] Registered 0 tablets
I0507 06:28:38.586354 2993 rpc_server.cc:205] RPC server started. Bound to: 127.0.57.195:38257
I0507 06:28:38.587713 2993 webserver.cc:308] Webserver started at http://127.0.57.195:33383/ using document root and password file
I0507 06:28:38.588449 2993 server_base.cc:608] Dumped server information to /tmp/dist-test-taskKhSYji/test-tmp/raft_consensus_nonvoter-itest.0.RaftConsensusNonVoterITest.NonVoterReplicasDoNotVote.1557210500371863-231/raft_consensus-itest-cluster/ts-2/data/info.pb
I0507 06:28:38.597559 231 external_mini_cluster.cc:995] Started /tmp/dist-test-taskKhSYji/build/asan/bin/kudu-tserver as pid 2993
I0507 06:28:38.601646 3112 heartbeater.cc:345] Connected to a master server at 127.0.57.254:46409
I0507 06:28:38.601850 3112 heartbeater.cc:426] Registering TS with master...
I0507 06:28:38.602401 3112 heartbeater.cc:475] Master 127.0.57.254:46409 requested a full tablet report, sending...
I0507 06:28:38.603543 2703 ts_manager.cc:159] Registered new tserver with Master: 9b897477ac24457ba3057221142ea9b4 (127.0.57.195:38257)
I0507 06:28:38.604501 2703 master_service.cc:273] Signed X509 certificate for tserver {username='slave'} at 127.0.57.195:45563
I0507 06:28:38.609771 231 external_mini_cluster.cc:623] 3 TS(s) registered with all masters
I0507 06:28:38.622057 2703 catalog_manager.cc:1415] Servicing CreateTable request from {username='slave'} at 127.0.0.1:43194: name: "TestTable" schema { columns { name: "key" type: INT32 is_key: true is_nullable: false encoding: AUTO_ENCODING compression: DEFAULT_COMPRESSION cfile_block_size: 0 } columns { name: "int_val" type: INT32 is_key: false is_nullable: false encoding: AUTO_ENCODING compression: DEFAULT_COMPRESSION cfile_block_size: 0 } columns { name: "string_val" type: STRING is_key: false is_nullable: true encoding: AUTO_ENCODING compression: DEFAULT_COMPRESSION cfile_block_size: 0 } } num_replicas: 2 split_rows_range_bounds { } partition_schema { range_schema { columns { name: "key" } } }
I0507 06:28:38.651937 3049 tablet_service.cc:1016] Processing CreateTablet for tablet 9bbbc2f7a1fa40c2a9c8edb97b9fcb5d (table=TestTable [id=4d1081c38da64f2e899ec83913895631]), partition=RANGE (key) PARTITION UNBOUNDED
I0507 06:28:38.653038 3049 data_dirs.cc:938] Could only allocate 1 dirs of requested 3 for tablet 9bbbc2f7a1fa40c2a9c8edb97b9fcb5d. 1 dirs total, 0 dirs full, 0 dirs failed
I0507 06:28:38.652920 2803 tablet_service.cc:1016] Processing CreateTablet for tablet 9bbbc2f7a1fa40c2a9c8edb97b9fcb5d (table=TestTable [id=4d1081c38da64f2e899ec83913895631]), partition=RANGE (key) PARTITION UNBOUNDED
I0507 06:28:38.653872 2803 data_dirs.cc:938] Could only allocate 1 dirs of requested 3 for tablet 9bbbc2f7a1fa40c2a9c8edb97b9fcb5d. 1 dirs total, 0 dirs full, 0 dirs failed
I0507 06:28:38.665287 3129 tablet_bootstrap.cc:439] T 9bbbc2f7a1fa40c2a9c8edb97b9fcb5d P 9b897477ac24457ba3057221142ea9b4: Bootstrap starting.
I0507 06:28:38.667843 3129 tablet_bootstrap.cc:590] T 9bbbc2f7a1fa40c2a9c8edb97b9fcb5d P 9b897477ac24457ba3057221142ea9b4: No blocks or log segments found. Creating new log.
I0507 06:28:38.670637 3129 log.cc:525] T 9bbbc2f7a1fa40c2a9c8edb97b9fcb5d P 9b897477ac24457ba3057221142ea9b4: Log is configured to *not* fsync() on all Append() calls
I0507 06:28:38.670753 3130 tablet_bootstrap.cc:439] T 9bbbc2f7a1fa40c2a9c8edb97b9fcb5d P 0c1b3bd57dab421faa01448383625df1: Bootstrap starting.
I0507 06:28:38.672912 3129 tablet_bootstrap.cc:439] T 9bbbc2f7a1fa40c2a9c8edb97b9fcb5d P 9b897477ac24457ba3057221142ea9b4: No bootstrap required, opened a new log
I0507 06:28:38.673236 3129 ts_tablet_manager.cc:1053] T 9bbbc2f7a1fa40c2a9c8edb97b9fcb5d P 9b897477ac24457ba3057221142ea9b4: Time spent bootstrapping tablet: real 0.008s user 0.005s sys 0.000s
I0507 06:28:38.673903 3130 tablet_bootstrap.cc:590] T 9bbbc2f7a1fa40c2a9c8edb97b9fcb5d P 0c1b3bd57dab421faa01448383625df1: No blocks or log segments found. Creating new log.
I0507 06:28:38.675165 3130 log.cc:525] T 9bbbc2f7a1fa40c2a9c8edb97b9fcb5d P 0c1b3bd57dab421faa01448383625df1: Log is configured to *not* fsync() on all Append() calls
I0507 06:28:38.677357 3130 tablet_bootstrap.cc:439] T 9bbbc2f7a1fa40c2a9c8edb97b9fcb5d P 0c1b3bd57dab421faa01448383625df1: No bootstrap required, opened a new log
I0507 06:28:38.677645 3130 ts_tablet_manager.cc:1053] T 9bbbc2f7a1fa40c2a9c8edb97b9fcb5d P 0c1b3bd57dab421faa01448383625df1: Time spent bootstrapping tablet: real 0.007s user 0.006s sys 0.000s
I0507 06:28:38.681385 3129 raft_consensus.cc:340] T 9bbbc2f7a1fa40c2a9c8edb97b9fcb5d P 9b897477ac24457ba3057221142ea9b4 [term 0 FOLLOWER]: Replica starting. Triggering 0 pending transactions. Active config: opid_index: -1 OBSOLETE_local: false peers { permanent_uuid: "9b897477ac24457ba3057221142ea9b4" member_type: VOTER last_known_addr { host: "127.0.57.195" port: 38257 } } peers { permanent_uuid: "0c1b3bd57dab421faa01448383625df1" member_type: VOTER last_known_addr { host: "127.0.57.193" port: 35893 } }
I0507 06:28:38.681870 3129 raft_consensus.cc:366] T 9bbbc2f7a1fa40c2a9c8edb97b9fcb5d P 9b897477ac24457ba3057221142ea9b4 [term 0 FOLLOWER]: Consensus starting up: Expiring failure detector timer to make a prompt election more likely
I0507 06:28:38.681936 3129 raft_consensus.cc:705] T 9bbbc2f7a1fa40c2a9c8edb97b9fcb5d P 9b897477ac24457ba3057221142ea9b4 [term 0 FOLLOWER]: Becoming Follower/Learner. State: Replica: 9b897477ac24457ba3057221142ea9b4, State: Initialized, Role: FOLLOWER
I0507 06:28:38.682667 3129 consensus_queue.cc:229] T 9bbbc2f7a1fa40c2a9c8edb97b9fcb5d P 9b897477ac24457ba3057221142ea9b4 [NON_LEADER]: Queue going to NON_LEADER mode. State: All replicated index: 0, Majority replicated index: 0, Committed index: 0, Last appended: 0.0, Last appended by leader: 0, Current term: 0, Majority size: -1, State: 0, Mode: NON_LEADER, active raft config: opid_index: -1 OBSOLETE_local: false peers { permanent_uuid: "9b897477ac24457ba3057221142ea9b4" member_type: VOTER last_known_addr { host: "127.0.57.195" port: 38257 } } peers { permanent_uuid: "0c1b3bd57dab421faa01448383625df1" member_type: VOTER last_known_addr { host: "127.0.57.193" port: 35893 } }
I0507 06:28:38.685165 3112 heartbeater.cc:467] Master 127.0.57.254:46409 was elected leader, sending a full tablet report...
I0507 06:28:38.685655 3129 ts_tablet_manager.cc:1081] T 9bbbc2f7a1fa40c2a9c8edb97b9fcb5d P 9b897477ac24457ba3057221142ea9b4: Time spent starting tablet: real 0.012s user 0.009s sys 0.003s
I0507 06:28:38.686437 3130 raft_consensus.cc:340] T 9bbbc2f7a1fa40c2a9c8edb97b9fcb5d P 0c1b3bd57dab421faa01448383625df1 [term 0 FOLLOWER]: Replica starting. Triggering 0 pending transactions. Active config: opid_index: -1 OBSOLETE_local: false peers { permanent_uuid: "9b897477ac24457ba3057221142ea9b4" member_type: VOTER last_known_addr { host: "127.0.57.195" port: 38257 } } peers { permanent_uuid: "0c1b3bd57dab421faa01448383625df1" member_type: VOTER last_known_addr { host: "127.0.57.193" port: 35893 } }
I0507 06:28:38.686805 3130 raft_consensus.cc:366] T 9bbbc2f7a1fa40c2a9c8edb97b9fcb5d P 0c1b3bd57dab421faa01448383625df1 [term 0 FOLLOWER]: Consensus starting up: Expiring failure detector timer to make a prompt election more likely
I0507 06:28:38.686877 3130 raft_consensus.cc:705] T 9bbbc2f7a1fa40c2a9c8edb97b9fcb5d P 0c1b3bd57dab421faa01448383625df1 [term 0 FOLLOWER]: Becoming Follower/Learner. State: Replica: 0c1b3bd57dab421faa01448383625df1, State: Initialized, Role: FOLLOWER
I0507 06:28:38.687439 3130 consensus_queue.cc:229] T 9bbbc2f7a1fa40c2a9c8edb97b9fcb5d P 0c1b3bd57dab421faa01448383625df1 [NON_LEADER]: Queue going to NON_LEADER mode. State: All replicated index: 0, Majority replicated index: 0, Committed index: 0, Last appended: 0.0, Last appended by leader: 0, Current term: 0, Majority size: -1, State: 0, Mode: NON_LEADER, active raft config: opid_index: -1 OBSOLETE_local: false peers { permanent_uuid: "9b897477ac24457ba3057221142ea9b4" member_type: VOTER last_known_addr { host: "127.0.57.195" port: 38257 } } peers { permanent_uuid: "0c1b3bd57dab421faa01448383625df1" member_type: VOTER last_known_addr { host: "127.0.57.193" port: 35893 } }
I0507 06:28:38.688403 2867 heartbeater.cc:467] Master 127.0.57.254:46409 was elected leader, sending a full tablet report...
I0507 06:28:38.688884 3130 ts_tablet_manager.cc:1081] T 9bbbc2f7a1fa40c2a9c8edb97b9fcb5d P 0c1b3bd57dab421faa01448383625df1: Time spent starting tablet: real 0.011s user 0.011s sys 0.000s
I0507 06:28:38.744376 3134 raft_consensus.cc:472] T 9bbbc2f7a1fa40c2a9c8edb97b9fcb5d P 0c1b3bd57dab421faa01448383625df1 [term 0 FOLLOWER]: Starting pre-election (no leader contacted us within the election timeout)
I0507 06:28:38.744616 3134 raft_consensus.cc:494] T 9bbbc2f7a1fa40c2a9c8edb97b9fcb5d P 0c1b3bd57dab421faa01448383625df1 [term 0 FOLLOWER]: Starting pre-election with config: opid_index: -1 OBSOLETE_local: false peers { permanent_uuid: "9b897477ac24457ba3057221142ea9b4" member_type: VOTER last_known_addr { host: "127.0.57.195" port: 38257 } } peers { permanent_uuid: "0c1b3bd57dab421faa01448383625df1" member_type: VOTER last_known_addr { host: "127.0.57.193" port: 35893 } }
I0507 06:28:38.745734 3133 raft_consensus.cc:472] T 9bbbc2f7a1fa40c2a9c8edb97b9fcb5d P 9b897477ac24457ba3057221142ea9b4 [term 0 FOLLOWER]: Starting pre-election (no leader contacted us within the election timeout)
I0507 06:28:38.745846 3134 leader_election.cc:296] T 9bbbc2f7a1fa40c2a9c8edb97b9fcb5d P 0c1b3bd57dab421faa01448383625df1 [CANDIDATE]: Term 1 pre-election: Requested pre-vote from peers 9b897477ac24457ba3057221142ea9b4 (127.0.57.195:38257)
I0507 06:28:38.745918 3133 raft_consensus.cc:494] T 9bbbc2f7a1fa40c2a9c8edb97b9fcb5d P 9b897477ac24457ba3057221142ea9b4 [term 0 FOLLOWER]: Starting pre-election with config: opid_index: -1 OBSOLETE_local: false peers { permanent_uuid: "9b897477ac24457ba3057221142ea9b4" member_type: VOTER last_known_addr { host: "127.0.57.195" port: 38257 } } peers { permanent_uuid: "0c1b3bd57dab421faa01448383625df1" member_type: VOTER last_known_addr { host: "127.0.57.193" port: 35893 } }
I0507 06:28:38.746979 3133 leader_election.cc:296] T 9bbbc2f7a1fa40c2a9c8edb97b9fcb5d P 9b897477ac24457ba3057221142ea9b4 [CANDIDATE]: Term 1 pre-election: Requested pre-vote from peers 0c1b3bd57dab421faa01448383625df1 (127.0.57.193:35893)
W0507 06:28:38.750492 2868 tablet.cc:1786] T 9bbbc2f7a1fa40c2a9c8edb97b9fcb5d P 0c1b3bd57dab421faa01448383625df1: Can't schedule compaction. Clean time has not been advanced past its initial value.
I0507 06:28:38.752882 2824 tablet_service.cc:1286] Received RequestConsensusVote() RPC: tablet_id: "9bbbc2f7a1fa40c2a9c8edb97b9fcb5d" candidate_uuid: "9b897477ac24457ba3057221142ea9b4" candidate_term: 1 candidate_status { last_received { term: 0 index: 0 } } ignore_live_leader: false dest_uuid: "0c1b3bd57dab421faa01448383625df1" is_pre_election: true
I0507 06:28:38.753455 2824 raft_consensus.cc:2346] T 9bbbc2f7a1fa40c2a9c8edb97b9fcb5d P 0c1b3bd57dab421faa01448383625df1 [term 0 FOLLOWER]: Leader pre-election vote request: Granting yes vote for candidate 9b897477ac24457ba3057221142ea9b4 in term 0.
I0507 06:28:38.754173 3002 leader_election.cc:310] T 9bbbc2f7a1fa40c2a9c8edb97b9fcb5d P 9b897477ac24457ba3057221142ea9b4 [CANDIDATE]: Term 1 pre-election: Election decided. Result: candidate won. Election summary: received 2 responses out of 2 voters: 2 yes votes; 0 no votes. yes voters: 0c1b3bd57dab421faa01448383625df1, 9b897477ac24457ba3057221142ea9b4; no voters:
I0507 06:28:38.754628 3133 raft_consensus.cc:2640] T 9bbbc2f7a1fa40c2a9c8edb97b9fcb5d P 9b897477ac24457ba3057221142ea9b4 [term 0 FOLLOWER]: Leader pre-election won for term 1
I0507 06:28:38.754741 3133 raft_consensus.cc:472] T 9bbbc2f7a1fa40c2a9c8edb97b9fcb5d P 9b897477ac24457ba3057221142ea9b4 [term 0 FOLLOWER]: Starting leader election (no leader contacted us within the election timeout)
I0507 06:28:38.754820 3133 raft_consensus.cc:2886] T 9bbbc2f7a1fa40c2a9c8edb97b9fcb5d P 9b897477ac24457ba3057221142ea9b4 [term 0 FOLLOWER]: Advancing to term 1
I0507 06:28:38.757511 3069 tablet_service.cc:1286] Received RequestConsensusVote() RPC: tablet_id: "9bbbc2f7a1fa40c2a9c8edb97b9fcb5d" candidate_uuid: "0c1b3bd57dab421faa01448383625df1" candidate_term: 1 candidate_status { last_received { term: 0 index: 0 } } ignore_live_leader: false dest_uuid: "9b897477ac24457ba3057221142ea9b4" is_pre_election: true
I0507 06:28:38.824172 3134 raft_consensus.cc:472] T 9bbbc2f7a1fa40c2a9c8edb97b9fcb5d P 0c1b3bd57dab421faa01448383625df1 [term 0 FOLLOWER]: Starting pre-election (no leader contacted us within the election timeout)
I0507 06:28:38.824368 3134 raft_consensus.cc:494] T 9bbbc2f7a1fa40c2a9c8edb97b9fcb5d P 0c1b3bd57dab421faa01448383625df1 [term 0 FOLLOWER]: Starting pre-election with config: opid_index: -1 OBSOLETE_local: false peers { permanent_uuid: "9b897477ac24457ba3057221142ea9b4" member_type: VOTER last_known_addr { host: "127.0.57.195" port: 38257 } } peers { permanent_uuid: "0c1b3bd57dab421faa01448383625df1" member_type: VOTER last_known_addr { host: "127.0.57.193" port: 35893 } }
I0507 06:28:38.824920 3134 leader_election.cc:296] T 9bbbc2f7a1fa40c2a9c8edb97b9fcb5d P 0c1b3bd57dab421faa01448383625df1 [CANDIDATE]: Term 1 pre-election: Requested pre-vote from peers 9b897477ac24457ba3057221142ea9b4 (127.0.57.195:38257)
I0507 06:28:38.825738 3068 tablet_service.cc:1286] Received RequestConsensusVote() RPC: tablet_id: "9bbbc2f7a1fa40c2a9c8edb97b9fcb5d" candidate_uuid: "0c1b3bd57dab421faa01448383625df1" candidate_term: 1 candidate_status { last_received { term: 0 index: 0 } } ignore_live_leader: false dest_uuid: "9b897477ac24457ba3057221142ea9b4" is_pre_election: true
W0507 06:28:38.836685 2748 leader_election.cc:341] T 9bbbc2f7a1fa40c2a9c8edb97b9fcb5d P 0c1b3bd57dab421faa01448383625df1 [CANDIDATE]: Term 1 pre-election: RPC error from VoteRequest() call to peer 9b897477ac24457ba3057221142ea9b4 (127.0.57.195:38257): Timed out: RequestConsensusVote RPC to 127.0.57.195:38257 timed out after 0.090s (SENT)
I0507 06:28:38.836802 2748 leader_election.cc:310] T 9bbbc2f7a1fa40c2a9c8edb97b9fcb5d P 0c1b3bd57dab421faa01448383625df1 [CANDIDATE]: Term 1 pre-election: Election decided. Result: candidate lost. Election summary: received 2 responses out of 2 voters: 1 yes votes; 1 no votes. yes voters: 0c1b3bd57dab421faa01448383625df1; no voters: 9b897477ac24457ba3057221142ea9b4
I0507 06:28:38.837389 3134 raft_consensus.cc:2588] T 9bbbc2f7a1fa40c2a9c8edb97b9fcb5d P 0c1b3bd57dab421faa01448383625df1 [term 0 FOLLOWER]: Leader pre-election lost for term 1. Reason: could not achieve majority
W0507 06:28:38.839676 3113 tablet.cc:1786] T 9bbbc2f7a1fa40c2a9c8edb97b9fcb5d P 9b897477ac24457ba3057221142ea9b4: Can't schedule compaction. Clean time has not been advanced past its initial value.
W0507 06:28:38.906183 2748 leader_election.cc:341] T 9bbbc2f7a1fa40c2a9c8edb97b9fcb5d P 0c1b3bd57dab421faa01448383625df1 [CANDIDATE]: Term 1 pre-election: RPC error from VoteRequest() call to peer 9b897477ac24457ba3057221142ea9b4 (127.0.57.195:38257): Timed out: RequestConsensusVote RPC to 127.0.57.195:38257 timed out after 0.080s (SENT)
I0507 06:28:38.906297 2748 leader_election.cc:310] T 9bbbc2f7a1fa40c2a9c8edb97b9fcb5d P 0c1b3bd57dab421faa01448383625df1 [CANDIDATE]: Term 1 pre-election: Election decided. Result: candidate lost. Election summary: received 2 responses out of 2 voters: 1 yes votes; 1 no votes. yes voters: 0c1b3bd57dab421faa01448383625df1; no voters: 9b897477ac24457ba3057221142ea9b4
I0507 06:28:38.906669 3134 raft_consensus.cc:2588] T 9bbbc2f7a1fa40c2a9c8edb97b9fcb5d P 0c1b3bd57dab421faa01448383625df1 [term 0 FOLLOWER]: Leader pre-election lost for term 1. Reason: could not achieve majority
I0507 06:28:39.015375 3134 raft_consensus.cc:472] T 9bbbc2f7a1fa40c2a9c8edb97b9fcb5d P 0c1b3bd57dab421faa01448383625df1 [term 0 FOLLOWER]: Starting pre-election (no leader contacted us within the election timeout)
I0507 06:28:39.015519 3134 raft_consensus.cc:494] T 9bbbc2f7a1fa40c2a9c8edb97b9fcb5d P 0c1b3bd57dab421faa01448383625df1 [term 0 FOLLOWER]: Starting pre-election with config: opid_index: -1 OBSOLETE_local: false peers { permanent_uuid: "9b897477ac24457ba3057221142ea9b4" member_type: VOTER last_known_addr { host: "127.0.57.195" port: 38257 } } peers { permanent_uuid: "0c1b3bd57dab421faa01448383625df1" member_type: VOTER last_known_addr { host: "127.0.57.193" port: 35893 } }
I0507 06:28:39.016219 3134 leader_election.cc:296] T 9bbbc2f7a1fa40c2a9c8edb97b9fcb5d P 0c1b3bd57dab421faa01448383625df1 [CANDIDATE]: Term 1 pre-election: Requested pre-vote from peers 9b897477ac24457ba3057221142ea9b4 (127.0.57.195:38257)
I0507 06:28:39.017133 3067 tablet_service.cc:1286] Received RequestConsensusVote() RPC: tablet_id: "9bbbc2f7a1fa40c2a9c8edb97b9fcb5d" candidate_uuid: "0c1b3bd57dab421faa01448383625df1" candidate_term: 1 candidate_status { last_received { term: 0 index: 0 } } ignore_live_leader: false dest_uuid: "9b897477ac24457ba3057221142ea9b4" is_pre_election: true
I0507 06:28:39.146719 3134 raft_consensus.cc:472] T 9bbbc2f7a1fa40c2a9c8edb97b9fcb5d P 0c1b3bd57dab421faa01448383625df1 [term 0 FOLLOWER]: Starting pre-election (no leader contacted us within the election timeout)
I0507 06:28:39.146914 3134 raft_consensus.cc:494] T 9bbbc2f7a1fa40c2a9c8edb97b9fcb5d P 0c1b3bd57dab421faa01448383625df1 [term 0 FOLLOWER]: Starting pre-election with config: opid_index: -1 OBSOLETE_local: false peers { permanent_uuid: "9b897477ac24457ba3057221142ea9b4" member_type: VOTER last_known_addr { host: "127.0.57.195" port: 38257 } } peers { permanent_uuid: "0c1b3bd57dab421faa01448383625df1" member_type: VOTER last_known_addr { host: "127.0.57.193" port: 35893 } }
W0507 06:28:39.147182 2748 leader_election.cc:341] T 9bbbc2f7a1fa40c2a9c8edb97b9fcb5d P 0c1b3bd57dab421faa01448383625df1 [CANDIDATE]: Term 1 pre-election: RPC error from VoteRequest() call to peer 9b897477ac24457ba3057221142ea9b4 (127.0.57.195:38257): Timed out: RequestConsensusVote RPC to 127.0.57.195:38257 timed out after 0.130s (SENT)
I0507 06:28:39.147262 2748 leader_election.cc:310] T 9bbbc2f7a1fa40c2a9c8edb97b9fcb5d P 0c1b3bd57dab421faa01448383625df1 [CANDIDATE]: Term 1 pre-election: Election decided. Result: candidate lost. Election summary: received 2 responses out of 2 voters: 1 yes votes; 1 no votes. yes voters: 0c1b3bd57dab421faa01448383625df1; no voters: 9b897477ac24457ba3057221142ea9b4
I0507 06:28:39.147712 3134 leader_election.cc:296] T 9bbbc2f7a1fa40c2a9c8edb97b9fcb5d P 0c1b3bd57dab421faa01448383625df1 [CANDIDATE]: Term 1 pre-election: Requested pre-vote from peers 9b897477ac24457ba3057221142ea9b4 (127.0.57.195:38257)
I0507 06:28:39.147876 3134 raft_consensus.cc:2588] T 9bbbc2f7a1fa40c2a9c8edb97b9fcb5d P 0c1b3bd57dab421faa01448383625df1 [term 0 FOLLOWER]: Leader pre-election lost for term 1. Reason: could not achieve majority
I0507 06:28:39.148739 3066 tablet_service.cc:1286] Received RequestConsensusVote() RPC: tablet_id: "9bbbc2f7a1fa40c2a9c8edb97b9fcb5d" candidate_uuid: "0c1b3bd57dab421faa01448383625df1" candidate_term: 1 candidate_status { last_received { term: 0 index: 0 } } ignore_live_leader: false dest_uuid: "9b897477ac24457ba3057221142ea9b4" is_pre_election: true
I0507 06:28:39.251188 3134 raft_consensus.cc:472] T 9bbbc2f7a1fa40c2a9c8edb97b9fcb5d P 0c1b3bd57dab421faa01448383625df1 [term 0 FOLLOWER]: Starting pre-election (no leader contacted us within the election timeout)
I0507 06:28:39.251369 3134 raft_consensus.cc:494] T 9bbbc2f7a1fa40c2a9c8edb97b9fcb5d P 0c1b3bd57dab421faa01448383625df1 [term 0 FOLLOWER]: Starting pre-election with config: opid_index: -1 OBSOLETE_local: false peers { permanent_uuid: "9b897477ac24457ba3057221142ea9b4" member_type: VOTER last_known_addr { host: "127.0.57.195" port: 38257 } } peers { permanent_uuid: "0c1b3bd57dab421faa01448383625df1" member_type: VOTER last_known_addr { host: "127.0.57.193" port: 35893 } }
I0507 06:28:39.251947 3134 leader_election.cc:296] T 9bbbc2f7a1fa40c2a9c8edb97b9fcb5d P 0c1b3bd57dab421faa01448383625df1 [CANDIDATE]: Term 1 pre-election: Requested pre-vote from peers 9b897477ac24457ba3057221142ea9b4 (127.0.57.195:38257)
I0507 06:28:39.252876 3065 tablet_service.cc:1286] Received RequestConsensusVote() RPC: tablet_id: "9bbbc2f7a1fa40c2a9c8edb97b9fcb5d" candidate_uuid: "0c1b3bd57dab421faa01448383625df1" candidate_term: 1 candidate_status { last_received { term: 0 index: 0 } } ignore_live_leader: false dest_uuid: "9b897477ac24457ba3057221142ea9b4" is_pre_election: true
I0507 06:28:39.326171 2990 heartbeater.cc:467] Master 127.0.57.254:46409 was elected leader, sending a full tablet report...
W0507 06:28:39.333940 2748 leader_election.cc:341] T 9bbbc2f7a1fa40c2a9c8edb97b9fcb5d P 0c1b3bd57dab421faa01448383625df1 [CANDIDATE]: Term 1 pre-election: RPC error from VoteRequest() call to peer 9b897477ac24457ba3057221142ea9b4 (127.0.57.195:38257): Timed out: RequestConsensusVote RPC to 127.0.57.195:38257 timed out after 0.185s (SENT)
I0507 06:28:39.334105 2748 leader_election.cc:310] T 9bbbc2f7a1fa40c2a9c8edb97b9fcb5d P 0c1b3bd57dab421faa01448383625df1 [CANDIDATE]: Term 1 pre-election: Election decided. Result: candidate lost. Election summary: received 2 responses out of 2 voters: 1 yes votes; 1 no votes. yes voters: 0c1b3bd57dab421faa01448383625df1; no voters: 9b897477ac24457ba3057221142ea9b4
I0507 06:28:39.334497 3134 raft_consensus.cc:2588] T 9bbbc2f7a1fa40c2a9c8edb97b9fcb5d P 0c1b3bd57dab421faa01448383625df1 [term 0 FOLLOWER]: Leader pre-election lost for term 1. Reason: could not achieve majority
W0507 06:28:39.354861 2748 leader_election.cc:341] T 9bbbc2f7a1fa40c2a9c8edb97b9fcb5d P 0c1b3bd57dab421faa01448383625df1 [CANDIDATE]: Term 1 pre-election: RPC error from VoteRequest() call to peer 9b897477ac24457ba3057221142ea9b4 (127.0.57.195:38257): Timed out: RequestConsensusVote RPC to 127.0.57.195:38257 timed out after 0.102s (SENT)
I0507 06:28:39.354970 2748 leader_election.cc:310] T 9bbbc2f7a1fa40c2a9c8edb97b9fcb5d P 0c1b3bd57dab421faa01448383625df1 [CANDIDATE]: Term 1 pre-election: Election decided. Result: candidate lost. Election summary: received 2 responses out of 2 voters: 1 yes votes; 1 no votes. yes voters: 0c1b3bd57dab421faa01448383625df1; no voters: 9b897477ac24457ba3057221142ea9b4
I0507 06:28:39.355410 3134 raft_consensus.cc:2588] T 9bbbc2f7a1fa40c2a9c8edb97b9fcb5d P 0c1b3bd57dab421faa01448383625df1 [term 0 FOLLOWER]: Leader pre-election lost for term 1. Reason: could not achieve majority
W0507 06:28:39.398620 3133 consensus_meta.cc:220] T 9bbbc2f7a1fa40c2a9c8edb97b9fcb5d P 9b897477ac24457ba3057221142ea9b4: Time spent flushing consensus metadata: real 0.644s user 0.002s sys 0.000s
I0507 06:28:39.398753 3133 raft_consensus.cc:494] T 9bbbc2f7a1fa40c2a9c8edb97b9fcb5d P 9b897477ac24457ba3057221142ea9b4 [term 1 FOLLOWER]: Starting leader election with config: opid_index: -1 OBSOLETE_local: false peers { permanent_uuid: "9b897477ac24457ba3057221142ea9b4" member_type: VOTER last_known_addr { host: "127.0.57.195" port: 38257 } } peers { permanent_uuid: "0c1b3bd57dab421faa01448383625df1" member_type: VOTER last_known_addr { host: "127.0.57.193" port: 35893 } }
I0507 06:28:39.399271 3068 raft_consensus.cc:2321] T 9bbbc2f7a1fa40c2a9c8edb97b9fcb5d P 9b897477ac24457ba3057221142ea9b4 [term 1 FOLLOWER]: Leader pre-election vote request: Denying vote to candidate 0c1b3bd57dab421faa01448383625df1 for term 1 because replica is already servicing an update from a current leader or another vote.
I0507 06:28:39.399521 3133 leader_election.cc:296] T 9bbbc2f7a1fa40c2a9c8edb97b9fcb5d P 9b897477ac24457ba3057221142ea9b4 [CANDIDATE]: Term 1 election: Requested vote from peers 0c1b3bd57dab421faa01448383625df1 (127.0.57.193:35893)
I0507 06:28:39.399824 3067 raft_consensus.cc:2321] T 9bbbc2f7a1fa40c2a9c8edb97b9fcb5d P 9b897477ac24457ba3057221142ea9b4 [term 1 FOLLOWER]: Leader pre-election vote request: Denying vote to candidate 0c1b3bd57dab421faa01448383625df1 for term 1 because replica is already servicing an update from a current leader or another vote.
I0507 06:28:39.400043 3069 raft_consensus.cc:2276] T 9bbbc2f7a1fa40c2a9c8edb97b9fcb5d P 9b897477ac24457ba3057221142ea9b4 [term 1 FOLLOWER]: Leader pre-election vote request: Denying vote to candidate 0c1b3bd57dab421faa01448383625df1 in current term 1: Already voted for candidate 9b897477ac24457ba3057221142ea9b4 in this term.
W0507 06:28:39.400295 3068 rpcz_store.cc:253] Call kudu.consensus.ConsensusService.RequestConsensusVote from 127.0.57.193:37955 (request call id 2) took 574 ms (574 ms). Client timeout 80 ms (80 ms)
I0507 06:28:39.400504 2824 tablet_service.cc:1286] Received RequestConsensusVote() RPC: tablet_id: "9bbbc2f7a1fa40c2a9c8edb97b9fcb5d" candidate_uuid: "9b897477ac24457ba3057221142ea9b4" candidate_term: 1 candidate_status { last_received { term: 0 index: 0 } } ignore_live_leader: false dest_uuid: "0c1b3bd57dab421faa01448383625df1"
I0507 06:28:39.400745 2824 raft_consensus.cc:2886] T 9bbbc2f7a1fa40c2a9c8edb97b9fcb5d P 0c1b3bd57dab421faa01448383625df1 [term 0 FOLLOWER]: Advancing to term 1
I0507 06:28:39.400176 3136 raft_consensus.cc:472] T 9bbbc2f7a1fa40c2a9c8edb97b9fcb5d P 9b897477ac24457ba3057221142ea9b4 [term 1 FOLLOWER]: Starting pre-election (no leader contacted us within the election timeout)
I0507 06:28:39.401095 3136 raft_consensus.cc:494] T 9bbbc2f7a1fa40c2a9c8edb97b9fcb5d P 9b897477ac24457ba3057221142ea9b4 [term 1 FOLLOWER]: Starting pre-election with config: opid_index: -1 OBSOLETE_local: false peers { permanent_uuid: "9b897477ac24457ba3057221142ea9b4" member_type: VOTER last_known_addr { host: "127.0.57.195" port: 38257 } } peers { permanent_uuid: "0c1b3bd57dab421faa01448383625df1" member_type: VOTER last_known_addr { host: "127.0.57.193" port: 35893 } }
