I0507 06:31:05.920251 231 external_mini_cluster.cc:933] Running /tmp/dist-test-taskKhSYji/build/asan/bin/kudu-tserver /tmp/dist-test-taskKhSYji/build/asan/bin/kudu-tserver --fs_wal_dir=/tmp/dist-test-taskKhSYji/test-tmp/raft_consensus_nonvoter-itest.0.RaftConsensusNonVoterITest.CatalogManagerEvictsExcessNonVoter.1557210500371863-231/raft_consensus-itest-cluster/ts-3/wal --fs_data_dirs=/tmp/dist-test-taskKhSYji/test-tmp/raft_consensus_nonvoter-itest.0.RaftConsensusNonVoterITest.CatalogManagerEvictsExcessNonVoter.1557210500371863-231/raft_consensus-itest-cluster/ts-3/data --block_manager=log --rpc_bind_addresses=127.0.57.196:0 --local_ip_for_outbound_sockets=127.0.57.196 --webserver_interface=127.0.57.196 --webserver_port=0 --tserver_master_addrs=127.0.57.254:35735 --never_fsync --ipki_server_key_size=1024 --enable_minidumps=false --redact=none --metrics_log_interval_ms=1000 --logtostderr --logbuflevel=-1 --log_dir=/tmp/dist-test-taskKhSYji/test-tmp/raft_consensus_nonvoter-itest.0.RaftConsensusNonVoterITest.CatalogManagerEvictsExcessNonVoter.1557210500371863-231/raft_consensus-itest-cluster/ts-3/logs --server_dump_info_path=/tmp/dist-test-taskKhSYji/test-tmp/raft_consensus_nonvoter-itest.0.RaftConsensusNonVoterITest.CatalogManagerEvictsExcessNonVoter.1557210500371863-231/raft_consensus-itest-cluster/ts-3/data/info.pb --server_dump_info_format=pb --rpc_server_allow_ephemeral_ports --unlock_experimental_flags --unlock_unsafe_flags --raft_prepare_replacement_before_eviction=true --consensus_rpc_timeout_ms=5000 --follower_unavailable_considered_failed_sec=5 with env {}
I0507 06:31:05.926050 5027 heartbeater.cc:345] Connected to a master server at 127.0.57.254:35735
I0507 06:31:05.926295 5027 heartbeater.cc:426] Registering TS with master...
I0507 06:31:05.926887 5027 heartbeater.cc:475] Master 127.0.57.254:35735 requested a full tablet report, sending...
I0507 06:31:05.928122 4618 ts_manager.cc:159] Registered new tserver with Master: 5332b6306171425e96a41aa5c8c7794b (127.0.57.195:45881)
I0507 06:31:05.929141 4618 master_service.cc:273] Signed X509 certificate for tserver {username='slave'} at 127.0.57.195:37997 WARNING: Logging before InitGoogleLogging() is written to STDERR
W0507 06:31:06.092103 5030 flags.cc:404] Enabled unsafe flag: --rpc_server_allow_ephemeral_ports=true
W0507 06:31:06.092339 5030 flags.cc:404] Enabled unsafe flag: --never_fsync=true
W0507 06:31:06.094453 5030 flags.cc:404] Enabled experimental flag: --raft_prepare_replacement_before_eviction=true
W0507 06:31:06.094514 5030 flags.cc:404] Enabled experimental flag: --ipki_server_key_size=1024
W0507 06:31:06.094625 5030 flags.cc:404] Enabled experimental flag: --local_ip_for_outbound_sockets=127.0.57.196
I0507 06:31:06.098642 5030 tablet_server_main.cc:78] Tablet server non-default flags: --consensus_rpc_timeout_ms=5000 --follower_unavailable_considered_failed_sec=5 --fs_data_dirs=/tmp/dist-test-taskKhSYji/test-tmp/raft_consensus_nonvoter-itest.0.RaftConsensusNonVoterITest.CatalogManagerEvictsExcessNonVoter.1557210500371863-231/raft_consensus-itest-cluster/ts-3/data --fs_wal_dir=/tmp/dist-test-taskKhSYji/test-tmp/raft_consensus_nonvoter-itest.0.RaftConsensusNonVoterITest.CatalogManagerEvictsExcessNonVoter.1557210500371863-231/raft_consensus-itest-cluster/ts-3/wal --ipki_server_key_size=1024 --rpc_bind_addresses=127.0.57.196:0 --rpc_server_allow_ephemeral_ports=true --metrics_log_interval_ms=1000 --server_dump_info_format=pb --server_dump_info_path=/tmp/dist-test-taskKhSYji/test-tmp/raft_consensus_nonvoter-itest.0.RaftConsensusNonVoterITest.CatalogManagerEvictsExcessNonVoter.1557210500371863-231/raft_consensus-itest-cluster/ts-3/data/info.pb --webserver_interface=127.0.57.196 --webserver_port=0 --tserver_master_addrs=127.0.57.254:35735 --never_fsync=true --redact=none --unlock_experimental_flags=true --unlock_unsafe_flags=true --enable_minidumps=false --local_ip_for_outbound_sockets=127.0.57.196 --log_dir=/tmp/dist-test-taskKhSYji/test-tmp/raft_consensus_nonvoter-itest.0.RaftConsensusNonVoterITest.CatalogManagerEvictsExcessNonVoter.1557210500371863-231/raft_consensus-itest-cluster/ts-3/logs --logbuflevel=-1 --logtostderr=true Tablet server version: kudu 1.10.0-cdh6.x-SNAPSHOT revision 7d0ee26697926e87af9ef395008799577f6ab43f build type FASTDEBUG built by jenkins at 06 May 2019 22:44:21 PST on quasar-knmpfx-1.vpc.cloudera.com build id 322017 ASAN enabled
I0507 06:31:06.106856 5030 system_ntp.cc:202] NTP initialized. Skew: 500ppm Current error: 107516us
I0507 06:31:06.107596 5030 fs_manager.cc:263] Metadata directory not provided
I0507 06:31:06.107658 5030 fs_manager.cc:269] Using write-ahead log directory (fs_wal_dir) as metadata directory
I0507 06:31:06.107962 5030 server_base.cc:433] Could not load existing FS layout: Not found: could not find a healthy instance file
I0507 06:31:06.108034 5030 server_base.cc:434] Attempting to create new FS layout instead
I0507 06:31:06.110791 5030 fs_manager.cc:602] Generated new instance metadata in path /tmp/dist-test-taskKhSYji/test-tmp/raft_consensus_nonvoter-itest.0.RaftConsensusNonVoterITest.CatalogManagerEvictsExcessNonVoter.1557210500371863-231/raft_consensus-itest-cluster/ts-3/data/instance: uuid: "80a0c4bfe149430fae00cc1445886f54" format_stamp: "Formatted at 2019-05-07 06:31:06 on dist-test-slave-dist-test-slave-rqp6"
I0507 06:31:06.111414 5030 fs_manager.cc:602] Generated new instance metadata in path /tmp/dist-test-taskKhSYji/test-tmp/raft_consensus_nonvoter-itest.0.RaftConsensusNonVoterITest.CatalogManagerEvictsExcessNonVoter.1557210500371863-231/raft_consensus-itest-cluster/ts-3/wal/instance: uuid: "80a0c4bfe149430fae00cc1445886f54" format_stamp: "Formatted at 2019-05-07 06:31:06 on dist-test-slave-dist-test-slave-rqp6"
I0507 06:31:06.118393 5030 fs_manager.cc:503] Time spent creating directory manager: real 0.007s user 0.007s sys 0.001s
I0507 06:31:06.119490 5030 env_posix.cc:1676] Not raising this process' open files per process limit of 1048576; it is already as high as it can go
I0507 06:31:06.120120 5030 file_cache.cc:466] Constructed file cache lbm with capacity 419430
I0507 06:31:06.123368 5030 fs_manager.cc:419] Time spent opening block manager: real 0.002s user 0.001s sys 0.000s
I0507 06:31:06.123448 5030 fs_manager.cc:436] Opened local filesystem: /tmp/dist-test-taskKhSYji/test-tmp/raft_consensus_nonvoter-itest.0.RaftConsensusNonVoterITest.CatalogManagerEvictsExcessNonVoter.1557210500371863-231/raft_consensus-itest-cluster/ts-3/data,/tmp/dist-test-taskKhSYji/test-tmp/raft_consensus_nonvoter-itest.0.RaftConsensusNonVoterITest.CatalogManagerEvictsExcessNonVoter.1557210500371863-231/raft_consensus-itest-cluster/ts-3/wal uuid: "80a0c4bfe149430fae00cc1445886f54" format_stamp: "Formatted at 2019-05-07 06:31:06 on dist-test-slave-dist-test-slave-rqp6"
I0507 06:31:06.123610 5030 fs_report.cc:352] FS layout report -------------------- wal directory: /tmp/dist-test-taskKhSYji/test-tmp/raft_consensus_nonvoter-itest.0.RaftConsensusNonVoterITest.CatalogManagerEvictsExcessNonVoter.1557210500371863-231/raft_consensus-itest-cluster/ts-3/wal metadata directory: /tmp/dist-test-taskKhSYji/test-tmp/raft_consensus_nonvoter-itest.0.RaftConsensusNonVoterITest.CatalogManagerEvictsExcessNonVoter.1557210500371863-231/raft_consensus-itest-cluster/ts-3/wal 1 data directories: /tmp/dist-test-taskKhSYji/test-tmp/raft_consensus_nonvoter-itest.0.RaftConsensusNonVoterITest.CatalogManagerEvictsExcessNonVoter.1557210500371863-231/raft_consensus-itest-cluster/ts-3/data/data Total live blocks: 0 Total live bytes: 0 Total live bytes (after alignment): 0 Total number of LBM containers: 0 (0 full) Did not check for missing blocks Did not check for orphaned blocks Total full LBM containers with extra space: 0 (0 repaired) Total full LBM container extra space in bytes: 0 (0 repaired) Total incomplete LBM containers: 0 (0 repaired) Total LBM partial records: 0 (0 repaired)
I0507 06:31:06.156452 5030 env_posix.cc:1676] Not raising this process' running threads per effective uid limit of 18446744073709551615; it is already as high as it can go
I0507 06:31:06.158413 5030 ts_tablet_manager.cc:356] Loaded tablet metadata (0 total tablets, 0 live tablets)
I0507 06:31:06.158495 5030 ts_tablet_manager.cc:376] Registered 0 tablets
I0507 06:31:06.185550 5030 rpc_server.cc:205] RPC server started. Bound to: 127.0.57.196:36083
I0507 06:31:06.186918 5030 webserver.cc:308] Webserver started at http://127.0.57.196:34815/ using document root and password file
I0507 06:31:06.187670 5030 server_base.cc:608] Dumped server information to /tmp/dist-test-taskKhSYji/test-tmp/raft_consensus_nonvoter-itest.0.RaftConsensusNonVoterITest.CatalogManagerEvictsExcessNonVoter.1557210500371863-231/raft_consensus-itest-cluster/ts-3/data/info.pb
I0507 06:31:06.196552 231 external_mini_cluster.cc:995] Started /tmp/dist-test-taskKhSYji/build/asan/bin/kudu-tserver as pid 5030
I0507 06:31:06.202456 5149 heartbeater.cc:345] Connected to a master server at 127.0.57.254:35735
I0507 06:31:06.202658 5149 heartbeater.cc:426] Registering TS with master...
I0507 06:31:06.203199 5149 heartbeater.cc:475] Master 127.0.57.254:35735 requested a full tablet report, sending...
I0507 06:31:06.204361 4618 ts_manager.cc:159] Registered new tserver with Master: 80a0c4bfe149430fae00cc1445886f54 (127.0.57.196:36083)
I0507 06:31:06.205533 4618 master_service.cc:273] Signed X509 certificate for tserver {username='slave'} at 127.0.57.196:60647
I0507 06:31:06.209290 231 external_mini_cluster.cc:623] 4 TS(s) registered with all masters
I0507 06:31:06.221124 4618 catalog_manager.cc:1415] Servicing CreateTable request from {username='slave'} at 127.0.0.1:36564: name: "TestTable" schema { columns { name: "key" type: INT32 is_key: true is_nullable: false encoding: AUTO_ENCODING compression: DEFAULT_COMPRESSION cfile_block_size: 0 } columns { name: "int_val" type: INT32 is_key: false is_nullable: false encoding: AUTO_ENCODING compression: DEFAULT_COMPRESSION cfile_block_size: 0 } columns { name: "string_val" type: STRING is_key: false is_nullable: true encoding: AUTO_ENCODING compression: DEFAULT_COMPRESSION cfile_block_size: 0 } } num_replicas: 3 split_rows_range_bounds { } partition_schema { range_schema { columns { name: "key" } } }
I0507 06:31:06.254463 4842 tablet_service.cc:1016] Processing CreateTablet for tablet 7e32c749ffae418da073ceaf9e67aafb (table=TestTable [id=73ae7e04ec4948ab9bd4ff1630362245]), partition=RANGE (key) PARTITION UNBOUNDED
I0507 06:31:06.254863 5086 tablet_service.cc:1016] Processing CreateTablet for tablet 7e32c749ffae418da073ceaf9e67aafb (table=TestTable [id=73ae7e04ec4948ab9bd4ff1630362245]), partition=RANGE (key) PARTITION UNBOUNDED
I0507 06:31:06.255477 4842 data_dirs.cc:938] Could only allocate 1 dirs of requested 3 for tablet 7e32c749ffae418da073ceaf9e67aafb. 1 dirs total, 0 dirs full, 0 dirs failed
I0507 06:31:06.255609 5086 data_dirs.cc:938] Could only allocate 1 dirs of requested 3 for tablet 7e32c749ffae418da073ceaf9e67aafb. 1 dirs total, 0 dirs full, 0 dirs failed
I0507 06:31:06.265086 5169 tablet_bootstrap.cc:439] T 7e32c749ffae418da073ceaf9e67aafb P 80a0c4bfe149430fae00cc1445886f54: Bootstrap starting.
I0507 06:31:06.266726 5170 tablet_bootstrap.cc:439] T 7e32c749ffae418da073ceaf9e67aafb P 4de1f17be0a14fa38ee0d8025b0ec8ea: Bootstrap starting.
I0507 06:31:06.267830 5169 tablet_bootstrap.cc:590] T 7e32c749ffae418da073ceaf9e67aafb P 80a0c4bfe149430fae00cc1445886f54: No blocks or log segments found. Creating new log.
I0507 06:31:06.268497 4964 tablet_service.cc:1016] Processing CreateTablet for tablet 7e32c749ffae418da073ceaf9e67aafb (table=TestTable [id=73ae7e04ec4948ab9bd4ff1630362245]), partition=RANGE (key) PARTITION UNBOUNDED
I0507 06:31:06.269418 4964 data_dirs.cc:938] Could only allocate 1 dirs of requested 3 for tablet 7e32c749ffae418da073ceaf9e67aafb. 1 dirs total, 0 dirs full, 0 dirs failed
I0507 06:31:06.269419 5170 tablet_bootstrap.cc:590] T 7e32c749ffae418da073ceaf9e67aafb P 4de1f17be0a14fa38ee0d8025b0ec8ea: No blocks or log segments found. Creating new log.
I0507 06:31:06.269578 5169 log.cc:525] T 7e32c749ffae418da073ceaf9e67aafb P 80a0c4bfe149430fae00cc1445886f54: Log is configured to *not* fsync() on all Append() calls
I0507 06:31:06.270331 5170 log.cc:525] T 7e32c749ffae418da073ceaf9e67aafb P 4de1f17be0a14fa38ee0d8025b0ec8ea: Log is configured to *not* fsync() on all Append() calls
I0507 06:31:06.271255 5169 tablet_bootstrap.cc:439] T 7e32c749ffae418da073ceaf9e67aafb P 80a0c4bfe149430fae00cc1445886f54: No bootstrap required, opened a new log
I0507 06:31:06.271549 5169 ts_tablet_manager.cc:1053] T 7e32c749ffae418da073ceaf9e67aafb P 80a0c4bfe149430fae00cc1445886f54: Time spent bootstrapping tablet: real 0.007s user 0.004s sys 0.000s
I0507 06:31:06.271899 5170 tablet_bootstrap.cc:439] T 7e32c749ffae418da073ceaf9e67aafb P 4de1f17be0a14fa38ee0d8025b0ec8ea: No bootstrap required, opened a new log
I0507 06:31:06.272157 5170 ts_tablet_manager.cc:1053] T 7e32c749ffae418da073ceaf9e67aafb P 4de1f17be0a14fa38ee0d8025b0ec8ea: Time spent bootstrapping tablet: real 0.006s user 0.004s sys 0.000s
I0507 06:31:06.280263 5169 raft_consensus.cc:340] T 7e32c749ffae418da073ceaf9e67aafb P 80a0c4bfe149430fae00cc1445886f54 [term 0 FOLLOWER]: Replica starting. Triggering 0 pending transactions. Active config: opid_index: -1 OBSOLETE_local: false peers { permanent_uuid: "80a0c4bfe149430fae00cc1445886f54" member_type: VOTER last_known_addr { host: "127.0.57.196" port: 36083 } } peers { permanent_uuid: "4de1f17be0a14fa38ee0d8025b0ec8ea" member_type: VOTER last_known_addr { host: "127.0.57.194" port: 42351 } } peers { permanent_uuid: "5332b6306171425e96a41aa5c8c7794b" member_type: VOTER last_known_addr { host: "127.0.57.195" port: 45881 } }
I0507 06:31:06.280665 5169 raft_consensus.cc:366] T 7e32c749ffae418da073ceaf9e67aafb P 80a0c4bfe149430fae00cc1445886f54 [term 0 FOLLOWER]: Consensus starting up: Expiring failure detector timer to make a prompt election more likely
I0507 06:31:06.280728 5169 raft_consensus.cc:705] T 7e32c749ffae418da073ceaf9e67aafb P 80a0c4bfe149430fae00cc1445886f54 [term 0 FOLLOWER]: Becoming Follower/Learner. State: Replica: 80a0c4bfe149430fae00cc1445886f54, State: Initialized, Role: FOLLOWER
I0507 06:31:06.281349 5169 consensus_queue.cc:229] T 7e32c749ffae418da073ceaf9e67aafb P 80a0c4bfe149430fae00cc1445886f54 [NON_LEADER]: Queue going to NON_LEADER mode. State: All replicated index: 0, Majority replicated index: 0, Committed index: 0, Last appended: 0.0, Last appended by leader: 0, Current term: 0, Majority size: -1, State: 0, Mode: NON_LEADER, active raft config: opid_index: -1 OBSOLETE_local: false peers { permanent_uuid: "80a0c4bfe149430fae00cc1445886f54" member_type: VOTER last_known_addr { host: "127.0.57.196" port: 36083 } } peers { permanent_uuid: "4de1f17be0a14fa38ee0d8025b0ec8ea" member_type: VOTER last_known_addr { host: "127.0.57.194" port: 42351 } } peers { permanent_uuid: "5332b6306171425e96a41aa5c8c7794b" member_type: VOTER last_known_addr { host: "127.0.57.195" port: 45881 } }
I0507 06:31:06.285389 5173 tablet_bootstrap.cc:439] T 7e32c749ffae418da073ceaf9e67aafb P 5332b6306171425e96a41aa5c8c7794b: Bootstrap starting.
I0507 06:31:06.288453 5173 tablet_bootstrap.cc:590] T 7e32c749ffae418da073ceaf9e67aafb P 5332b6306171425e96a41aa5c8c7794b: No blocks or log segments found. Creating new log.
I0507 06:31:06.280174 5170 raft_consensus.cc:340] T 7e32c749ffae418da073ceaf9e67aafb P 4de1f17be0a14fa38ee0d8025b0ec8ea [term 0 FOLLOWER]: Replica starting. Triggering 0 pending transactions. Active config: opid_index: -1 OBSOLETE_local: false peers { permanent_uuid: "80a0c4bfe149430fae00cc1445886f54" member_type: VOTER last_known_addr { host: "127.0.57.196" port: 36083 } } peers { permanent_uuid: "4de1f17be0a14fa38ee0d8025b0ec8ea" member_type: VOTER last_known_addr { host: "127.0.57.194" port: 42351 } } peers { permanent_uuid: "5332b6306171425e96a41aa5c8c7794b" member_type: VOTER last_known_addr { host: "127.0.57.195" port: 45881 } }
I0507 06:31:06.288977 5170 raft_consensus.cc:366] T 7e32c749ffae418da073ceaf9e67aafb P 4de1f17be0a14fa38ee0d8025b0ec8ea [term 0 FOLLOWER]: Consensus starting up: Expiring failure detector timer to make a prompt election more likely
I0507 06:31:06.289045 5170 raft_consensus.cc:705] T 7e32c749ffae418da073ceaf9e67aafb P 4de1f17be0a14fa38ee0d8025b0ec8ea [term 0 FOLLOWER]: Becoming Follower/Learner. State: Replica: 4de1f17be0a14fa38ee0d8025b0ec8ea, State: Initialized, Role: FOLLOWER
I0507 06:31:06.289072 5149 heartbeater.cc:467] Master 127.0.57.254:35735 was elected leader, sending a full tablet report...
I0507 06:31:06.289703 5169 ts_tablet_manager.cc:1081] T 7e32c749ffae418da073ceaf9e67aafb P 80a0c4bfe149430fae00cc1445886f54: Time spent starting tablet: real 0.018s user 0.007s sys 0.012s
I0507 06:31:06.289690 5170 consensus_queue.cc:229] T 7e32c749ffae418da073ceaf9e67aafb P 4de1f17be0a14fa38ee0d8025b0ec8ea [NON_LEADER]: Queue going to NON_LEADER mode. State: All replicated index: 0, Majority replicated index: 0, Committed index: 0, Last appended: 0.0, Last appended by leader: 0, Current term: 0, Majority size: -1, State: 0, Mode: NON_LEADER, active raft config: opid_index: -1 OBSOLETE_local: false peers { permanent_uuid: "80a0c4bfe149430fae00cc1445886f54" member_type: VOTER last_known_addr { host: "127.0.57.196" port: 36083 } } peers { permanent_uuid: "4de1f17be0a14fa38ee0d8025b0ec8ea" member_type: VOTER last_known_addr { host: "127.0.57.194" port: 42351 } } peers { permanent_uuid: "5332b6306171425e96a41aa5c8c7794b" member_type: VOTER last_known_addr { host: "127.0.57.195" port: 45881 } }
I0507 06:31:06.290642 4905 heartbeater.cc:467] Master 127.0.57.254:35735 was elected leader, sending a full tablet report...
I0507 06:31:06.292340 5173 log.cc:525] T 7e32c749ffae418da073ceaf9e67aafb P 5332b6306171425e96a41aa5c8c7794b: Log is configured to *not* fsync() on all Append() calls
I0507 06:31:06.293541 5170 ts_tablet_manager.cc:1081] T 7e32c749ffae418da073ceaf9e67aafb P 4de1f17be0a14fa38ee0d8025b0ec8ea: Time spent starting tablet: real 0.021s user 0.011s sys 0.000s
I0507 06:31:06.296514 5173 tablet_bootstrap.cc:439] T 7e32c749ffae418da073ceaf9e67aafb P 5332b6306171425e96a41aa5c8c7794b: No bootstrap required, opened a new log
I0507 06:31:06.296890 5173 ts_tablet_manager.cc:1053] T 7e32c749ffae418da073ceaf9e67aafb P 5332b6306171425e96a41aa5c8c7794b: Time spent bootstrapping tablet: real 0.012s user 0.005s sys 0.002s
I0507 06:31:06.302521 5173 raft_consensus.cc:340] T 7e32c749ffae418da073ceaf9e67aafb P 5332b6306171425e96a41aa5c8c7794b [term 0 FOLLOWER]: Replica starting. Triggering 0 pending transactions. Active config: opid_index: -1 OBSOLETE_local: false peers { permanent_uuid: "80a0c4bfe149430fae00cc1445886f54" member_type: VOTER last_known_addr { host: "127.0.57.196" port: 36083 } } peers { permanent_uuid: "4de1f17be0a14fa38ee0d8025b0ec8ea" member_type: VOTER last_known_addr { host: "127.0.57.194" port: 42351 } } peers { permanent_uuid: "5332b6306171425e96a41aa5c8c7794b" member_type: VOTER last_known_addr { host: "127.0.57.195" port: 45881 } }
I0507 06:31:06.302911 5173 raft_consensus.cc:366] T 7e32c749ffae418da073ceaf9e67aafb P 5332b6306171425e96a41aa5c8c7794b [term 0 FOLLOWER]: Consensus starting up: Expiring failure detector timer to make a prompt election more likely
I0507 06:31:06.302971 5173 raft_consensus.cc:705] T 7e32c749ffae418da073ceaf9e67aafb P 5332b6306171425e96a41aa5c8c7794b [term 0 FOLLOWER]: Becoming Follower/Learner. State: Replica: 5332b6306171425e96a41aa5c8c7794b, State: Initialized, Role: FOLLOWER
I0507 06:31:06.303411 5173 consensus_queue.cc:229] T 7e32c749ffae418da073ceaf9e67aafb P 5332b6306171425e96a41aa5c8c7794b [NON_LEADER]: Queue going to NON_LEADER mode. State: All replicated index: 0, Majority replicated index: 0, Committed index: 0, Last appended: 0.0, Last appended by leader: 0, Current term: 0, Majority size: -1, State: 0, Mode: NON_LEADER, active raft config: opid_index: -1 OBSOLETE_local: false peers { permanent_uuid: "80a0c4bfe149430fae00cc1445886f54" member_type: VOTER last_known_addr { host: "127.0.57.196" port: 36083 } } peers { permanent_uuid: "4de1f17be0a14fa38ee0d8025b0ec8ea" member_type: VOTER last_known_addr { host: "127.0.57.194" port: 42351 } } peers { permanent_uuid: "5332b6306171425e96a41aa5c8c7794b" member_type: VOTER last_known_addr { host: "127.0.57.195" port: 45881 } }
I0507 06:31:06.304244 5027 heartbeater.cc:467] Master 127.0.57.254:35735 was elected leader, sending a full tablet report...
I0507 06:31:06.304652 5173 ts_tablet_manager.cc:1081] T 7e32c749ffae418da073ceaf9e67aafb P 5332b6306171425e96a41aa5c8c7794b: Time spent starting tablet: real 0.008s user 0.002s sys 0.006s
I0507 06:31:06.372006 5174 raft_consensus.cc:472] T 7e32c749ffae418da073ceaf9e67aafb P 80a0c4bfe149430fae00cc1445886f54 [term 0 FOLLOWER]: Starting pre-election (no leader contacted us within the election timeout)
I0507 06:31:06.372247 5174 raft_consensus.cc:494] T 7e32c749ffae418da073ceaf9e67aafb P 80a0c4bfe149430fae00cc1445886f54 [term 0 FOLLOWER]: Starting pre-election with config: opid_index: -1 OBSOLETE_local: false peers { permanent_uuid: "80a0c4bfe149430fae00cc1445886f54" member_type: VOTER last_known_addr { host: "127.0.57.196" port: 36083 } } peers { permanent_uuid: "4de1f17be0a14fa38ee0d8025b0ec8ea" member_type: VOTER last_known_addr { host: "127.0.57.194" port: 42351 } } peers { permanent_uuid: "5332b6306171425e96a41aa5c8c7794b" member_type: VOTER last_known_addr { host: "127.0.57.195" port: 45881 } }
I0507 06:31:06.373700 5174 leader_election.cc:296] T 7e32c749ffae418da073ceaf9e67aafb P 80a0c4bfe149430fae00cc1445886f54 [CANDIDATE]: Term 1 pre-election: Requested pre-vote from peers 4de1f17be0a14fa38ee0d8025b0ec8ea (127.0.57.194:42351), 5332b6306171425e96a41aa5c8c7794b (127.0.57.195:45881)
I0507 06:31:06.379786 4862 tablet_service.cc:1286] Received RequestConsensusVote() RPC: tablet_id: "7e32c749ffae418da073ceaf9e67aafb" candidate_uuid: "80a0c4bfe149430fae00cc1445886f54" candidate_term: 1 candidate_status { last_received { term: 0 index: 0 } } ignore_live_leader: false dest_uuid: "4de1f17be0a14fa38ee0d8025b0ec8ea" is_pre_election: true
I0507 06:31:06.380211 4862 raft_consensus.cc:2346] T 7e32c749ffae418da073ceaf9e67aafb P 4de1f17be0a14fa38ee0d8025b0ec8ea [term 0 FOLLOWER]: Leader pre-election vote request: Granting yes vote for candidate 80a0c4bfe149430fae00cc1445886f54 in term 0.
I0507 06:31:06.380309 4984 tablet_service.cc:1286] Received RequestConsensusVote() RPC: tablet_id: "7e32c749ffae418da073ceaf9e67aafb" candidate_uuid: "80a0c4bfe149430fae00cc1445886f54" candidate_term: 1 candidate_status { last_received { term: 0 index: 0 } } ignore_live_leader: false dest_uuid: "5332b6306171425e96a41aa5c8c7794b" is_pre_election: true
I0507 06:31:06.380647 4984 raft_consensus.cc:2346] T 7e32c749ffae418da073ceaf9e67aafb P 5332b6306171425e96a41aa5c8c7794b [term 0 FOLLOWER]: Leader pre-election vote request: Granting yes vote for candidate 80a0c4bfe149430fae00cc1445886f54 in term 0.
I0507 06:31:06.380941 5040 leader_election.cc:310] T 7e32c749ffae418da073ceaf9e67aafb P 80a0c4bfe149430fae00cc1445886f54 [CANDIDATE]: Term 1 pre-election: Election decided. Result: candidate won. Election summary: received 2 responses out of 3 voters: 2 yes votes; 0 no votes. yes voters: 4de1f17be0a14fa38ee0d8025b0ec8ea, 80a0c4bfe149430fae00cc1445886f54; no voters:
I0507 06:31:06.381418 5174 raft_consensus.cc:2640] T 7e32c749ffae418da073ceaf9e67aafb P 80a0c4bfe149430fae00cc1445886f54 [term 0 FOLLOWER]: Leader pre-election won for term 1
I0507 06:31:06.381528 5174 raft_consensus.cc:472] T 7e32c749ffae418da073ceaf9e67aafb P 80a0c4bfe149430fae00cc1445886f54 [term 0 FOLLOWER]: Starting leader election (no leader contacted us within the election timeout)
I0507 06:31:06.381588 5174 raft_consensus.cc:2886] T 7e32c749ffae418da073ceaf9e67aafb P 80a0c4bfe149430fae00cc1445886f54 [term 0 FOLLOWER]: Advancing to term 1
I0507 06:31:06.383476 5174 raft_consensus.cc:494] T 7e32c749ffae418da073ceaf9e67aafb P 80a0c4bfe149430fae00cc1445886f54 [term 1 FOLLOWER]: Starting leader election with config: opid_index: -1 OBSOLETE_local: false peers { permanent_uuid: "80a0c4bfe149430fae00cc1445886f54" member_type: VOTER last_known_addr { host: "127.0.57.196" port: 36083 } } peers { permanent_uuid: "4de1f17be0a14fa38ee0d8025b0ec8ea" member_type: VOTER last_known_addr { host: "127.0.57.194" port: 42351 } } peers { permanent_uuid: "5332b6306171425e96a41aa5c8c7794b" member_type: VOTER last_known_addr { host: "127.0.57.195" port: 45881 } }
I0507 06:31:06.384052 5174 leader_election.cc:296] T 7e32c749ffae418da073ceaf9e67aafb P 80a0c4bfe149430fae00cc1445886f54 [CANDIDATE]: Term 1 election: Requested vote from peers 4de1f17be0a14fa38ee0d8025b0ec8ea (127.0.57.194:42351), 5332b6306171425e96a41aa5c8c7794b (127.0.57.195:45881)
I0507 06:31:06.384563 4862 tablet_service.cc:1286] Received RequestConsensusVote() RPC: tablet_id: "7e32c749ffae418da073ceaf9e67aafb" candidate_uuid: "80a0c4bfe149430fae00cc1445886f54" candidate_term: 1 candidate_status { last_received { term: 0 index: 0 } } ignore_live_leader: false dest_uuid: "4de1f17be0a14fa38ee0d8025b0ec8ea"
I0507 06:31:06.384649 4984 tablet_service.cc:1286] Received RequestConsensusVote() RPC: tablet_id: "7e32c749ffae418da073ceaf9e67aafb" candidate_uuid: "80a0c4bfe149430fae00cc1445886f54" candidate_term: 1 candidate_status { last_received { term: 0 index: 0 } } ignore_live_leader: false dest_uuid: "5332b6306171425e96a41aa5c8c7794b"
I0507 06:31:06.384708 4862 raft_consensus.cc:2886] T 7e32c749ffae418da073ceaf9e67aafb P 4de1f17be0a14fa38ee0d8025b0ec8ea [term 0 FOLLOWER]: Advancing to term 1
I0507 06:31:06.384814 4984 raft_consensus.cc:2886] T 7e32c749ffae418da073ceaf9e67aafb P 5332b6306171425e96a41aa5c8c7794b [term 0 FOLLOWER]: Advancing to term 1
W0507 06:31:06.386118 4906 tablet.cc:1786] T 7e32c749ffae418da073ceaf9e67aafb P 4de1f17be0a14fa38ee0d8025b0ec8ea: Can't schedule compaction. Clean time has not been advanced past its initial value.
I0507 06:31:06.386777 4862 raft_consensus.cc:2346] T 7e32c749ffae418da073ceaf9e67aafb P 4de1f17be0a14fa38ee0d8025b0ec8ea [term 1 FOLLOWER]: Leader election vote request: Granting yes vote for candidate 80a0c4bfe149430fae00cc1445886f54 in term 1.
I0507 06:31:06.387042 4984 raft_consensus.cc:2346] T 7e32c749ffae418da073ceaf9e67aafb P 5332b6306171425e96a41aa5c8c7794b [term 1 FOLLOWER]: Leader election vote request: Granting yes vote for candidate 80a0c4bfe149430fae00cc1445886f54 in term 1.
I0507 06:31:06.387229 5040 leader_election.cc:310] T 7e32c749ffae418da073ceaf9e67aafb P 80a0c4bfe149430fae00cc1445886f54 [CANDIDATE]: Term 1 election: Election decided. Result: candidate won. Election summary: received 2 responses out of 3 voters: 2 yes votes; 0 no votes. yes voters: 4de1f17be0a14fa38ee0d8025b0ec8ea, 80a0c4bfe149430fae00cc1445886f54; no voters:
I0507 06:31:06.387526 5174 raft_consensus.cc:2640] T 7e32c749ffae418da073ceaf9e67aafb P 80a0c4bfe149430fae00cc1445886f54 [term 1 FOLLOWER]: Leader election won for term 1
I0507 06:31:06.388593 5174 raft_consensus.cc:667] T 7e32c749ffae418da073ceaf9e67aafb P 80a0c4bfe149430fae00cc1445886f54 [term 1 LEADER]: Becoming Leader. State: Replica: 80a0c4bfe149430fae00cc1445886f54, State: Running, Role: LEADER
I0507 06:31:06.389008 5174 consensus_queue.cc:206] T 7e32c749ffae418da073ceaf9e67aafb P 80a0c4bfe149430fae00cc1445886f54 [LEADER]: Queue going to LEADER mode. State: All replicated index: 0, Majority replicated index: 0, Committed index: 0, Last appended: 0.0, Last appended by leader: 0, Current term: 1, Majority size: 2, State: 0, Mode: LEADER, active raft config: opid_index: -1 OBSOLETE_local: false peers { permanent_uuid: "80a0c4bfe149430fae00cc1445886f54" member_type: VOTER last_known_addr { host: "127.0.57.196" port: 36083 } } peers { permanent_uuid: "4de1f17be0a14fa38ee0d8025b0ec8ea" member_type: VOTER last_known_addr { host: "127.0.57.194" port: 42351 } } peers { permanent_uuid: "5332b6306171425e96a41aa5c8c7794b" member_type: VOTER last_known_addr { host: "127.0.57.195" port: 45881 } }
I0507 06:31:06.390266 4782 heartbeater.cc:467] Master 127.0.57.254:35735 was elected leader, sending a full tablet report...
I0507 06:31:06.392863 4618 catalog_manager.cc:3988] T 7e32c749ffae418da073ceaf9e67aafb P 80a0c4bfe149430fae00cc1445886f54 reported cstate change: term changed from 0 to 1, leader changed from to 80a0c4bfe149430fae00cc1445886f54 (127.0.57.196). New cstate: current_term: 1 leader_uuid: "80a0c4bfe149430fae00cc1445886f54" committed_config { opid_index: -1 OBSOLETE_local: false peers { permanent_uuid: "80a0c4bfe149430fae00cc1445886f54" member_type: VOTER last_known_addr { host: "127.0.57.196" port: 36083 } health_report { overall_health: HEALTHY } } peers { permanent_uuid: "4de1f17be0a14fa38ee0d8025b0ec8ea" member_type: VOTER last_known_addr { host: "127.0.57.194" port: 42351 } health_report { overall_health: UNKNOWN } } peers { permanent_uuid: "5332b6306171425e96a41aa5c8c7794b" member_type: VOTER last_known_addr { host: "127.0.57.195" port: 45881 } health_report { overall_health: UNKNOWN } } }
I0507 06:31:06.402459 231 external_mini_cluster.cc:623] 4 TS(s) registered with all masters
I0507 06:31:06.403861 231 ts_itest-base.cc:232] Waiting for 0 tablets on tserver 819c384387ef465b9305b696e94d1631 to finish bootstrapping
I0507 06:31:06.411945 231 ts_itest-base.cc:232] Waiting for 1 tablets on tserver 4de1f17be0a14fa38ee0d8025b0ec8ea to finish bootstrapping
W0507 06:31:06.413558 5028 tablet.cc:1786] T 7e32c749ffae418da073ceaf9e67aafb P 5332b6306171425e96a41aa5c8c7794b: Can't schedule compaction. Clean time has not been advanced past its initial value.
I0507 06:31:06.418216 231 ts_itest-base.cc:232] Waiting for 1 tablets on tserver 5332b6306171425e96a41aa5c8c7794b to finish bootstrapping
I0507 06:31:06.424166 231 ts_itest-base.cc:232] Waiting for 1 tablets on tserver 80a0c4bfe149430fae00cc1445886f54 to finish bootstrapping
W0507 06:31:06.439409 5150 tablet.cc:1786] T 7e32c749ffae418da073ceaf9e67aafb P 80a0c4bfe149430fae00cc1445886f54: Can't schedule compaction. Clean time has not been advanced past its initial value.
I0507 06:31:06.781078 4862 raft_consensus.cc:1181] T 7e32c749ffae418da073ceaf9e67aafb P 4de1f17be0a14fa38ee0d8025b0ec8ea [term 1 FOLLOWER]: Refusing update from remote peer 80a0c4bfe149430fae00cc1445886f54: Log matching property violated. Preceding OpId in replica: term: 0 index: 0. Preceding OpId from leader: term: 1 index: 1. (index mismatch)
I0507 06:31:06.782135 5179 consensus_queue.cc:984] T 7e32c749ffae418da073ceaf9e67aafb P 80a0c4bfe149430fae00cc1445886f54 [LEADER]: Connected to new peer: Peer: permanent_uuid: "4de1f17be0a14fa38ee0d8025b0ec8ea" member_type: VOTER last_known_addr { host: "127.0.57.194" port: 42351 }, Status: LMP_MISMATCH, Last received: 0.0, Next index: 1, Last known committed idx: 0, Time since last communication: 0.000s
I0507 06:31:06.789042 4984 raft_consensus.cc:1181] T 7e32c749ffae418da073ceaf9e67aafb P 5332b6306171425e96a41aa5c8c7794b [term 1 FOLLOWER]: Refusing update from remote peer 80a0c4bfe149430fae00cc1445886f54: Log matching property violated. Preceding OpId in replica: term: 0 index: 0. Preceding OpId from leader: term: 1 index: 1. (index mismatch)
I0507 06:31:06.789796 5186 consensus_queue.cc:984] T 7e32c749ffae418da073ceaf9e67aafb P 80a0c4bfe149430fae00cc1445886f54 [LEADER]: Connected to new peer: Peer: permanent_uuid: "5332b6306171425e96a41aa5c8c7794b" member_type: VOTER last_known_addr { host: "127.0.57.195" port: 45881 }, Status: LMP_MISMATCH, Last received: 0.0, Next index: 1, Last known committed idx: 0, Time since last communication: 0.000s
I0507 06:31:06.794450 5106 consensus_queue.cc:206] T 7e32c749ffae418da073ceaf9e67aafb P 80a0c4bfe149430fae00cc1445886f54 [LEADER]: Queue going to LEADER mode. State: All replicated index: 0, Majority replicated index: 1, Committed index: 1, Last appended: 1.1, Last appended by leader: 0, Current term: 1, Majority size: 2, State: 0, Mode: LEADER, active raft config: opid_index: 2 OBSOLETE_local: false peers { permanent_uuid: "80a0c4bfe149430fae00cc1445886f54" member_type: VOTER last_known_addr { host: "127.0.57.196" port: 36083 } } peers { permanent_uuid: "4de1f17be0a14fa38ee0d8025b0ec8ea" member_type: VOTER last_known_addr { host: "127.0.57.194" port: 42351 } } peers { permanent_uuid: "5332b6306171425e96a41aa5c8c7794b" member_type: VOTER last_known_addr { host: "127.0.57.195" port: 45881 } } peers { permanent_uuid: "819c384387ef465b9305b696e94d1631" member_type: NON_VOTER last_known_addr { host: "127.0.57.193" port: 33615 } attrs { } }
I0507 06:31:06.797029 4984 raft_consensus.cc:1181] T 7e32c749ffae418da073ceaf9e67aafb P 5332b6306171425e96a41aa5c8c7794b [term 1 FOLLOWER]: Refusing update from remote peer 80a0c4bfe149430fae00cc1445886f54: Log matching property violated. Preceding OpId in replica: term: 1 index: 1. Preceding OpId from leader: term: 1 index: 2. (index mismatch)
I0507 06:31:06.797304 4862 raft_consensus.cc:1181] T 7e32c749ffae418da073ceaf9e67aafb P 4de1f17be0a14fa38ee0d8025b0ec8ea [term 1 FOLLOWER]: Refusing update from remote peer 80a0c4bfe149430fae00cc1445886f54: Log matching property violated. Preceding OpId in replica: term: 1 index: 1. Preceding OpId from leader: term: 1 index: 2. (index mismatch)
I0507 06:31:06.797454 5186 consensus_queue.cc:984] T 7e32c749ffae418da073ceaf9e67aafb P 80a0c4bfe149430fae00cc1445886f54 [LEADER]: Connected to new peer: Peer: permanent_uuid: "5332b6306171425e96a41aa5c8c7794b" member_type: VOTER last_known_addr { host: "127.0.57.195" port: 45881 }, Status: LMP_MISMATCH, Last received: 0.0, Next index: 2, Last known committed idx: 1, Time since last communication: 0.000s
I0507 06:31:06.797857 5174 consensus_queue.cc:984] T 7e32c749ffae418da073ceaf9e67aafb P 80a0c4bfe149430fae00cc1445886f54 [LEADER]: Connected to new peer: Peer: permanent_uuid: "4de1f17be0a14fa38ee0d8025b0ec8ea" member_type: VOTER last_known_addr { host: "127.0.57.194" port: 42351 }, Status: LMP_MISMATCH, Last received: 0.0, Next index: 2, Last known committed idx: 1, Time since last communication: 0.000s
I0507 06:31:06.799813 5179 raft_consensus.cc:2788] T 7e32c749ffae418da073ceaf9e67aafb P 80a0c4bfe149430fae00cc1445886f54 [term 1 LEADER]: Committing config change with OpId 1.2: config changed from index -1 to 2, NON_VOTER 819c384387ef465b9305b696e94d1631 (127.0.57.193) added. New config: { opid_index: 2 OBSOLETE_local: false peers { permanent_uuid: "80a0c4bfe149430fae00cc1445886f54" member_type: VOTER last_known_addr { host: "127.0.57.196" port: 36083 } } peers { permanent_uuid: "4de1f17be0a14fa38ee0d8025b0ec8ea" member_type: VOTER last_known_addr { host: "127.0.57.194" port: 42351 } } peers { permanent_uuid: "5332b6306171425e96a41aa5c8c7794b" member_type: VOTER last_known_addr { host: "127.0.57.195" port: 45881 } } peers { permanent_uuid: "819c384387ef465b9305b696e94d1631" member_type: NON_VOTER last_known_addr { host: "127.0.57.193" port: 33615 } attrs { } } }
I0507 06:31:06.800478 4984 raft_consensus.cc:2788] T 7e32c749ffae418da073ceaf9e67aafb P 5332b6306171425e96a41aa5c8c7794b [term 1 FOLLOWER]: Committing config change with OpId 1.2: config changed from index -1 to 2, NON_VOTER 819c384387ef465b9305b696e94d1631 (127.0.57.193) added. New config: { opid_index: 2 OBSOLETE_local: false peers { permanent_uuid: "80a0c4bfe149430fae00cc1445886f54" member_type: VOTER last_known_addr { host: "127.0.57.196" port: 36083 } } peers { permanent_uuid: "4de1f17be0a14fa38ee0d8025b0ec8ea" member_type: VOTER last_known_addr { host: "127.0.57.194" port: 42351 } } peers { permanent_uuid: "5332b6306171425e96a41aa5c8c7794b" member_type: VOTER last_known_addr { host: "127.0.57.195" port: 45881 } } peers { permanent_uuid: "819c384387ef465b9305b696e94d1631" member_type: NON_VOTER last_known_addr { host: "127.0.57.193" port: 33615 } attrs { } } }
I0507 06:31:06.800894 4862 raft_consensus.cc:2788] T 7e32c749ffae418da073ceaf9e67aafb P 4de1f17be0a14fa38ee0d8025b0ec8ea [term 1 FOLLOWER]: Committing config change with OpId 1.2: config changed from index -1 to 2, NON_VOTER 819c384387ef465b9305b696e94d1631 (127.0.57.193) added. New config: { opid_index: 2 OBSOLETE_local: false peers { permanent_uuid: "80a0c4bfe149430fae00cc1445886f54" member_type: VOTER last_known_addr { host: "127.0.57.196" port: 36083 } } peers { permanent_uuid: "4de1f17be0a14fa38ee0d8025b0ec8ea" member_type: VOTER last_known_addr { host: "127.0.57.194" port: 42351 } } peers { permanent_uuid: "5332b6306171425e96a41aa5c8c7794b" member_type: VOTER last_known_addr { host: "127.0.57.195" port: 45881 } } peers { permanent_uuid: "819c384387ef465b9305b696e94d1631" member_type: NON_VOTER last_known_addr { host: "127.0.57.193" port: 33615 } attrs { } } }
W0507 06:31:06.803350 5037 consensus_peers.cc:457] T 7e32c749ffae418da073ceaf9e67aafb P 80a0c4bfe149430fae00cc1445886f54 -> Peer 819c384387ef465b9305b696e94d1631 (127.0.57.193:33615): Couldn't send request to peer 819c384387ef465b9305b696e94d1631. Error code: TABLET_NOT_FOUND (6). Status: Not found: Tablet not found: 7e32c749ffae418da073ceaf9e67aafb. This is attempt 1: this message will repeat every 5th retry.
I0507 06:31:06.804567 4617 catalog_manager.cc:3988] T 7e32c749ffae418da073ceaf9e67aafb P 5332b6306171425e96a41aa5c8c7794b reported cstate change: config changed from index -1 to 2, NON_VOTER 819c384387ef465b9305b696e94d1631 (127.0.57.193) added. New cstate: current_term: 1 leader_uuid: "80a0c4bfe149430fae00cc1445886f54" committed_config { opid_index: 2 OBSOLETE_local: false peers { permanent_uuid: "80a0c4bfe149430fae00cc1445886f54" member_type: VOTER last_known_addr { host: "127.0.57.196" port: 36083 } } peers { permanent_uuid: "4de1f17be0a14fa38ee0d8025b0ec8ea" member_type: VOTER last_known_addr { host: "127.0.57.194" port: 42351 } } peers { permanent_uuid: "5332b6306171425e96a41aa5c8c7794b" member_type: VOTER last_known_addr { host: "127.0.57.195" port: 45881 } } peers { permanent_uuid: "819c384387ef465b9305b696e94d1631" member_type: NON_VOTER last_known_addr { host: "127.0.57.193" port: 33615 } attrs { } } }
I0507 06:31:06.828507 4648 generic_service.cc:148] {username='slave'} at 127.0.0.1:36562 changed flags via RPC: catalog_manager_evict_excess_replicas from 'false' to 'true'
W0507 06:31:12.336845 5037 consensus_peers.cc:435] T 7e32c749ffae418da073ceaf9e67aafb P 80a0c4bfe149430fae00cc1445886f54 -> Peer 819c384387ef465b9305b696e94d1631 (127.0.57.193:33615): Unable to start Tablet Copy on peer: Timed out: StartTabletCopy RPC to 127.0.57.193:33615 timed out after 5.000s (SENT)
I0507 06:31:12.432830 5189 consensus_queue.cc:544] T 7e32c749ffae418da073ceaf9e67aafb P 80a0c4bfe149430fae00cc1445886f54 [LEADER]: Leader has been unable to successfully communicate with peer 819c384387ef465b9305b696e94d1631 for more than 5 seconds (5.630s)
I0507 06:31:12.435973 4618 catalog_manager.cc:3739] Sending ChangeConfig:REMOVE_PEER on tablet 7e32c749ffae418da073ceaf9e67aafb (attempt 1)
I0507 06:31:12.437502 5106 consensus_queue.cc:206] T 7e32c749ffae418da073ceaf9e67aafb P 80a0c4bfe149430fae00cc1445886f54 [LEADER]: Queue going to LEADER mode. State: All replicated index: 0, Majority replicated index: 2, Committed index: 2, Last appended: 1.2, Last appended by leader: 0, Current term: 1, Majority size: 2, State: 0, Mode: LEADER, active raft config: opid_index: 3 OBSOLETE_local: false peers { permanent_uuid: "80a0c4bfe149430fae00cc1445886f54" member_type: VOTER last_known_addr { host: "127.0.57.196" port: 36083 } } peers { permanent_uuid: "4de1f17be0a14fa38ee0d8025b0ec8ea" member_type: VOTER last_known_addr { host: "127.0.57.194" port: 42351 } } peers { permanent_uuid: "5332b6306171425e96a41aa5c8c7794b" member_type: VOTER last_known_addr { host: "127.0.57.195" port: 45881 } }
I0507 06:31:12.439873 4984 raft_consensus.cc:1181] T 7e32c749ffae418da073ceaf9e67aafb P 5332b6306171425e96a41aa5c8c7794b [term 1 FOLLOWER]: Refusing update from remote peer 80a0c4bfe149430fae00cc1445886f54: Log matching property violated. Preceding OpId in replica: term: 1 index: 2. Preceding OpId from leader: term: 1 index: 3. (index mismatch)
I0507 06:31:12.439977 4862 raft_consensus.cc:1181] T 7e32c749ffae418da073ceaf9e67aafb P 4de1f17be0a14fa38ee0d8025b0ec8ea [term 1 FOLLOWER]: Refusing update from remote peer 80a0c4bfe149430fae00cc1445886f54: Log matching property violated. Preceding OpId in replica: term: 1 index: 2. Preceding OpId from leader: term: 1 index: 3. (index mismatch)
I0507 06:31:12.440634 5191 consensus_queue.cc:984] T 7e32c749ffae418da073ceaf9e67aafb P 80a0c4bfe149430fae00cc1445886f54 [LEADER]: Connected to new peer: Peer: permanent_uuid: "5332b6306171425e96a41aa5c8c7794b" member_type: VOTER last_known_addr { host: "127.0.57.195" port: 45881 }, Status: LMP_MISMATCH, Last received: 0.0, Next index: 3, Last known committed idx: 2, Time since last communication: 0.000s
I0507 06:31:12.440915 5190 consensus_queue.cc:984] T 7e32c749ffae418da073ceaf9e67aafb P 80a0c4bfe149430fae00cc1445886f54 [LEADER]: Connected to new peer: Peer: permanent_uuid: "4de1f17be0a14fa38ee0d8025b0ec8ea" member_type: VOTER last_known_addr { host: "127.0.57.194" port: 42351 }, Status: LMP_MISMATCH, Last received: 0.0, Next index: 3, Last known committed idx: 2, Time since last communication: 0.000s
I0507 06:31:12.444025 5189 raft_consensus.cc:2788] T 7e32c749ffae418da073ceaf9e67aafb P 80a0c4bfe149430fae00cc1445886f54 [term 1 LEADER]: Committing config change with OpId 1.3: config changed from index 2 to 3, NON_VOTER 819c384387ef465b9305b696e94d1631 (127.0.57.193) evicted. New config: { opid_index: 3 OBSOLETE_local: false peers { permanent_uuid: "80a0c4bfe149430fae00cc1445886f54" member_type: VOTER last_known_addr { host: "127.0.57.196" port: 36083 } } peers { permanent_uuid: "4de1f17be0a14fa38ee0d8025b0ec8ea" member_type: VOTER last_known_addr { host: "127.0.57.194" port: 42351 } } peers { permanent_uuid: "5332b6306171425e96a41aa5c8c7794b" member_type: VOTER last_known_addr { host: "127.0.57.195" port: 45881 } } }
I0507 06:31:12.444634 4984 raft_consensus.cc:2788] T 7e32c749ffae418da073ceaf9e67aafb P 5332b6306171425e96a41aa5c8c7794b [term 1 FOLLOWER]: Committing config change with OpId 1.3: config changed from index 2 to 3, NON_VOTER 819c384387ef465b9305b696e94d1631 (127.0.57.193) evicted. New config: { opid_index: 3 OBSOLETE_local: false peers { permanent_uuid: "80a0c4bfe149430fae00cc1445886f54" member_type: VOTER last_known_addr { host: "127.0.57.196" port: 36083 } } peers { permanent_uuid: "4de1f17be0a14fa38ee0d8025b0ec8ea" member_type: VOTER last_known_addr { host: "127.0.57.194" port: 42351 } } peers { permanent_uuid: "5332b6306171425e96a41aa5c8c7794b" member_type: VOTER last_known_addr { host: "127.0.57.195" port: 45881 } } }
I0507 06:31:12.444808 4862 raft_consensus.cc:2788] T 7e32c749ffae418da073ceaf9e67aafb P 4de1f17be0a14fa38ee0d8025b0ec8ea [term 1 FOLLOWER]: Committing config change with OpId 1.3: config changed from index 2 to 3, NON_VOTER 819c384387ef465b9305b696e94d1631 (127.0.57.193) evicted. New config: { opid_index: 3 OBSOLETE_local: false peers { permanent_uuid: "80a0c4bfe149430fae00cc1445886f54" member_type: VOTER last_known_addr { host: "127.0.57.196" port: 36083 } } peers { permanent_uuid: "4de1f17be0a14fa38ee0d8025b0ec8ea" member_type: VOTER last_known_addr { host: "127.0.57.194" port: 42351 } } peers { permanent_uuid: "5332b6306171425e96a41aa5c8c7794b" member_type: VOTER last_known_addr { host: "127.0.57.195" port: 45881 } } }
I0507 06:31:12.446959 4600 catalog_manager.cc:3531] ChangeConfig:REMOVE_PEER RPC for tablet 7e32c749ffae418da073ceaf9e67aafb with cas_config_opid_index 2: ChangeConfig:REMOVE_PEER succeeded (attempt 1)
I0507 06:31:12.448881 4618 catalog_manager.cc:3988] T 7e32c749ffae418da073ceaf9e67aafb P 80a0c4bfe149430fae00cc1445886f54 reported cstate change: config changed from index 2 to 3, NON_VOTER 819c384387ef465b9305b696e94d1631 (127.0.57.193) evicted. New cstate: current_term: 1 leader_uuid: "80a0c4bfe149430fae00cc1445886f54" committed_config { opid_index: 3 OBSOLETE_local: false peers { permanent_uuid: "80a0c4bfe149430fae00cc1445886f54" member_type: VOTER last_known_addr { host: "127.0.57.196" port: 36083 } health_report { overall_health: HEALTHY } } peers { permanent_uuid: "4de1f17be0a14fa38ee0d8025b0ec8ea" member_type: VOTER last_known_addr { host: "127.0.57.194" port: 42351 } health_report { overall_health: HEALTHY } } peers { permanent_uuid: "5332b6306171425e96a41aa5c8c7794b" member_type: VOTER last_known_addr { host: "127.0.57.195" port: 45881 } health_report { overall_health: HEALTHY } } }
I0507 06:31:12.453223 4618 catalog_manager.cc:3390] Sending DeleteTablet(TABLET_DATA_TOMBSTONED) for tablet 7e32c749ffae418da073ceaf9e67aafb on 819c384387ef465b9305b696e94d1631 (127.0.57.193:33615) (TS 819c384387ef465b9305b696e94d1631 not found in new config with opid_index 3)
W0507 06:31:15.585968 5201 negotiation.cc:313] Failed RPC negotiation. Trace: 0507 06:31:12.453869 (+ 0us) reactor.cc:583] Submitting negotiation task for client connection to 127.0.57.193:33615 0507 06:31:12.459921 (+ 6052us) negotiation.cc:98] Waiting for socket to connect 0507 06:31:12.459941 (+ 20us) client_negotiation.cc:167] Beginning negotiation 0507 06:31:12.460033 (+ 92us) client_negotiation.cc:244] Sending NEGOTIATE NegotiatePB request 0507 06:31:15.584981 (+3124948us) negotiation.cc:304] Negotiation complete: Timed out: Client connection negotiation failed: client connection to 127.0.57.193:33615 Metrics: {"client-negotiator.queue_time_us":5912,"thread_start_us":6199,"threads_started":1}
W0507 06:31:15.586357 4599 catalog_manager.cc:3132] TS 819c384387ef465b9305b696e94d1631 (127.0.57.193:33615): Delete Tablet RPC failed for tablet 7e32c749ffae418da073ceaf9e67aafb: Timed out: Client connection negotiation failed: client connection to 127.0.57.193:33615
I0507 06:31:15.586513 4599 catalog_manager.cc:3168] Scheduling retry of 7e32c749ffae418da073ceaf9e67aafb Delete Tablet RPC for TS=819c384387ef465b9305b696e94d1631 with a delay of 32 ms (attempt = 1)
I0507 06:31:15.619506 4599 catalog_manager.cc:3390] Sending DeleteTablet(TABLET_DATA_TOMBSTONED) for tablet 7e32c749ffae418da073ceaf9e67aafb on 819c384387ef465b9305b696e94d1631 (127.0.57.193:33615) (TS 819c384387ef465b9305b696e94d1631 not found in new config with opid_index 3)
I0507 06:31:16.843996 231 external_mini_cluster.cc:1172] Attempting to check leaks for /tmp/dist-test-taskKhSYji/build/asan/bin/kudu-tserver pid 4652
I0507 06:31:16.847035 4779 generic_service.cc:171] Checking for leaks (request via RPC)
I0507 06:31:16.897564 231 external_mini_cluster.cc:1131] Killing /tmp/dist-test-taskKhSYji/build/asan/bin/kudu-tserver with pid 4652
W0507 06:31:16.909626 5201 negotiation.cc:313] Failed RPC negotiation. Trace: 0507 06:31:15.619969 (+ 0us) reactor.cc:583] Submitting negotiation task for client connection to 127.0.57.193:33615 0507 06:31:15.620341 (+ 372us) negotiation.cc:98] Waiting for socket to connect 0507 06:31:15.620375 (+ 34us) client_negotiation.cc:167] Beginning negotiation 0507 06:31:15.620581 (+ 206us) client_negotiation.cc:244] Sending NEGOTIATE NegotiatePB request 0507 06:31:16.909423 (+1288842us) negotiation.cc:304] Negotiation complete: Network error: Client connection negotiation failed: client connection to 127.0.57.193:33615: BlockingRecv error: recv error from 0.0.0.0:0: Transport endpoint is not connected (error 107) Metrics: {"client-negotiator.queue_time_us":145}
W0507 06:31:16.909869 4599 catalog_manager.cc:3132] TS 819c384387ef465b9305b696e94d1631 (127.0.57.193:33615): Delete Tablet RPC failed for tablet 7e32c749ffae418da073ceaf9e67aafb: Network error: Client connection negotiation failed: client connection to 127.0.57.193:33615: BlockingRecv error: recv error from 0.0.0.0:0: Transport endpoint is not connected (error 107)
I0507 06:31:16.909983 4599 catalog_manager.cc:3168] Scheduling retry of 7e32c749ffae418da073ceaf9e67aafb Delete Tablet RPC for TS=819c384387ef465b9305b696e94d1631 with a delay of 79 ms (attempt = 2)
I0507 06:31:16.910153 231 external_mini_cluster.cc:1172] Attempting to check leaks for /tmp/dist-test-taskKhSYji/build/asan/bin/kudu-tserver pid 4786
I0507 06:31:16.911099 4902 generic_service.cc:171] Checking for leaks (request via RPC)
I0507 06:31:16.960213 231 external_mini_cluster.cc:1131] Killing /tmp/dist-test-taskKhSYji/build/asan/bin/kudu-tserver with pid 4786
I0507 06:31:16.972007 231 external_mini_cluster.cc:1172] Attempting to check leaks for /tmp/dist-test-taskKhSYji/build/asan/bin/kudu-tserver pid 4908
I0507 06:31:16.973206 5024 generic_service.cc:171] Checking for leaks (request via RPC)
I0507 06:31:16.989506 4599 catalog_manager.cc:3390] Sending DeleteTablet(TABLET_DATA_TOMBSTONED) for tablet 7e32c749ffae418da073ceaf9e67aafb on 819c384387ef465b9305b696e94d1631 (127.0.57.193:33615) (TS 819c384387ef465b9305b696e94d1631 not found in new config with opid_index 3)
W0507 06:31:16.990548 4599 catalog_manager.cc:3132] TS 819c384387ef465b9305b696e94d1631 (127.0.57.193:33615): Delete Tablet RPC failed for tablet 7e32c749ffae418da073ceaf9e67aafb: Network error: Client connection negotiation failed: client connection to 127.0.57.193:33615: connect: Connection refused (error 111)
I0507 06:31:16.990626 4599 catalog_manager.cc:3168] Scheduling retry of 7e32c749ffae418da073ceaf9e67aafb Delete Tablet RPC for TS=819c384387ef465b9305b696e94d1631 with a delay of 112 ms (attempt = 3)
I0507 06:31:17.025205 231 external_mini_cluster.cc:1131] Killing /tmp/dist-test-taskKhSYji/build/asan/bin/kudu-tserver with pid 4908
I0507 06:31:17.037243 231 external_mini_cluster.cc:1172] Attempting to check leaks for /tmp/dist-test-taskKhSYji/build/asan/bin/kudu-tserver pid 5030
I0507 06:31:17.038441 5146 generic_service.cc:171] Checking for leaks (request via RPC)
I0507 06:31:17.091260 231 external_mini_cluster.cc:1131] Killing /tmp/dist-test-taskKhSYji/build/asan/bin/kudu-tserver with pid 5030
