I0507 06:31:41.210088 7087 fs_manager.cc:419] Time spent opening block manager: real 0.002s user 0.001s sys 0.000s
I0507 06:31:41.210161 7087 fs_manager.cc:436] Opened local filesystem: /tmp/dist-test-taskKhSYji/test-tmp/raft_consensus_nonvoter-itest.0.RaftConsensusNonVoterITest.FailedTabletCopy.1557210500371863-231/raft_consensus-itest-cluster/ts-3/data,/tmp/dist-test-taskKhSYji/test-tmp/raft_consensus_nonvoter-itest.0.RaftConsensusNonVoterITest.FailedTabletCopy.1557210500371863-231/raft_consensus-itest-cluster/ts-3/wal uuid: "8c31c26018bd4f6391b7f63f1af2a6a7" format_stamp: "Formatted at 2019-05-07 06:31:41 on dist-test-slave-dist-test-slave-rqp6"
I0507 06:31:41.210294 7087 fs_report.cc:352] FS layout report -------------------- wal directory: /tmp/dist-test-taskKhSYji/test-tmp/raft_consensus_nonvoter-itest.0.RaftConsensusNonVoterITest.FailedTabletCopy.1557210500371863-231/raft_consensus-itest-cluster/ts-3/wal metadata directory: /tmp/dist-test-taskKhSYji/test-tmp/raft_consensus_nonvoter-itest.0.RaftConsensusNonVoterITest.FailedTabletCopy.1557210500371863-231/raft_consensus-itest-cluster/ts-3/wal 1 data directories: /tmp/dist-test-taskKhSYji/test-tmp/raft_consensus_nonvoter-itest.0.RaftConsensusNonVoterITest.FailedTabletCopy.1557210500371863-231/raft_consensus-itest-cluster/ts-3/data/data Total live blocks: 0 Total live bytes: 0 Total live bytes (after alignment): 0 Total number of LBM containers: 0 (0 full) Did not check for missing blocks Did not check for orphaned blocks Total full LBM containers with extra space: 0 (0 repaired) Total full LBM container extra space in bytes: 0 (0 repaired) Total incomplete LBM containers: 0 (0 repaired) Total LBM partial records: 0 (0 repaired)
I0507 06:31:41.265535 7087 env_posix.cc:1676] Not raising this process' running threads per effective uid limit of 18446744073709551615; it is already as high as it can go
I0507 06:31:41.267505 7087 ts_tablet_manager.cc:356] Loaded tablet metadata (0 total tablets, 0 live tablets)
I0507 06:31:41.267597 7087 ts_tablet_manager.cc:376] Registered 0 tablets
I0507 06:31:41.302156 7087 rpc_server.cc:205] RPC server started. Bound to: 127.0.57.196:37823
I0507 06:31:41.303315 7087 webserver.cc:308] Webserver started at http://127.0.57.196:43293/ using document root and password file
I0507 06:31:41.303969 7087 server_base.cc:608] Dumped server information to /tmp/dist-test-taskKhSYji/test-tmp/raft_consensus_nonvoter-itest.0.RaftConsensusNonVoterITest.FailedTabletCopy.1557210500371863-231/raft_consensus-itest-cluster/ts-3/data/info.pb
I0507 06:31:41.306135 231 external_mini_cluster.cc:995] Started /tmp/dist-test-taskKhSYji/build/asan/bin/kudu-tserver as pid 7087
I0507 06:31:41.306744 231 external_mini_cluster.cc:933] Running /tmp/dist-test-taskKhSYji/build/asan/bin/kudu-tserver /tmp/dist-test-taskKhSYji/build/asan/bin/kudu-tserver --fs_wal_dir=/tmp/dist-test-taskKhSYji/test-tmp/raft_consensus_nonvoter-itest.0.RaftConsensusNonVoterITest.FailedTabletCopy.1557210500371863-231/raft_consensus-itest-cluster/ts-4/wal --fs_data_dirs=/tmp/dist-test-taskKhSYji/test-tmp/raft_consensus_nonvoter-itest.0.RaftConsensusNonVoterITest.FailedTabletCopy.1557210500371863-231/raft_consensus-itest-cluster/ts-4/data --block_manager=log --rpc_bind_addresses=127.0.57.197:0 --local_ip_for_outbound_sockets=127.0.57.197 --webserver_interface=127.0.57.197 --webserver_port=0 --tserver_master_addrs=127.0.57.254:46549 --never_fsync --ipki_server_key_size=1024 --enable_minidumps=false --redact=none --metrics_log_interval_ms=1000 --logtostderr --logbuflevel=-1 --log_dir=/tmp/dist-test-taskKhSYji/test-tmp/raft_consensus_nonvoter-itest.0.RaftConsensusNonVoterITest.FailedTabletCopy.1557210500371863-231/raft_consensus-itest-cluster/ts-4/logs --server_dump_info_path=/tmp/dist-test-taskKhSYji/test-tmp/raft_consensus_nonvoter-itest.0.RaftConsensusNonVoterITest.FailedTabletCopy.1557210500371863-231/raft_consensus-itest-cluster/ts-4/data/info.pb --server_dump_info_format=pb --rpc_server_allow_ephemeral_ports --unlock_experimental_flags --unlock_unsafe_flags --raft_prepare_replacement_before_eviction=true --follower_unavailable_considered_failed_sec=10 --consensus_rpc_timeout_ms=5000 --log_compression_codec=none --log_cache_size_limit_mb=1 --log_segment_size_mb=1 --log_async_preallocate_segments=false --log_min_segments_to_retain=1 --log_max_segments_to_retain=3 --maintenance_manager_polling_interval_ms=100 --log_target_replay_size_mb=1 --max_cell_size_bytes=1000000 with env {}
I0507 06:31:41.322226 7206 heartbeater.cc:345] Connected to a master server at 127.0.57.254:46549
I0507 06:31:41.322438 7206 heartbeater.cc:426] Registering TS with master...
I0507 06:31:41.322957 7206 heartbeater.cc:475] Master 127.0.57.254:46549 requested a full tablet report, sending...
I0507 06:31:41.324095 6676 ts_manager.cc:159] Registered new tserver with Master: 8c31c26018bd4f6391b7f63f1af2a6a7 (127.0.57.196:37823)
I0507 06:31:41.325059 6676 master_service.cc:273] Signed X509 certificate for tserver {username='slave'} at 127.0.57.196:52961 WARNING: Logging before InitGoogleLogging() is written to STDERR
W0507 06:31:41.465289 7209 flags.cc:404] Enabled unsafe flag: --rpc_server_allow_ephemeral_ports=true
W0507 06:31:41.465564 7209 flags.cc:404] Enabled unsafe flag: --max_cell_size_bytes=1000000
W0507 06:31:41.465644 7209 flags.cc:404] Enabled unsafe flag: --never_fsync=true
W0507 06:31:41.467815 7209 flags.cc:404] Enabled experimental flag: --log_compression_codec=none
W0507 06:31:41.467881 7209 flags.cc:404] Enabled experimental flag: --log_max_segments_to_retain=3
W0507 06:31:41.467931 7209 flags.cc:404] Enabled experimental flag: --raft_prepare_replacement_before_eviction=true
W0507 06:31:41.467994 7209 flags.cc:404] Enabled experimental flag: --ipki_server_key_size=1024
W0507 06:31:41.468111 7209 flags.cc:404] Enabled experimental flag: --log_target_replay_size_mb=1
W0507 06:31:41.468173 7209 flags.cc:404] Enabled experimental flag: --local_ip_for_outbound_sockets=127.0.57.197
I0507 06:31:41.472353 7209 tablet_server_main.cc:78] Tablet server non-default flags: --consensus_rpc_timeout_ms=5000 --follower_unavailable_considered_failed_sec=10 --log_compression_codec=none --log_max_segments_to_retain=3 --log_cache_size_limit_mb=1 --log_async_preallocate_segments=false --log_segment_size_mb=1 --fs_data_dirs=/tmp/dist-test-taskKhSYji/test-tmp/raft_consensus_nonvoter-itest.0.RaftConsensusNonVoterITest.FailedTabletCopy.1557210500371863-231/raft_consensus-itest-cluster/ts-4/data --fs_wal_dir=/tmp/dist-test-taskKhSYji/test-tmp/raft_consensus_nonvoter-itest.0.RaftConsensusNonVoterITest.FailedTabletCopy.1557210500371863-231/raft_consensus-itest-cluster/ts-4/wal --ipki_server_key_size=1024 --rpc_bind_addresses=127.0.57.197:0 --rpc_server_allow_ephemeral_ports=true --metrics_log_interval_ms=1000 --server_dump_info_format=pb --server_dump_info_path=/tmp/dist-test-taskKhSYji/test-tmp/raft_consensus_nonvoter-itest.0.RaftConsensusNonVoterITest.FailedTabletCopy.1557210500371863-231/raft_consensus-itest-cluster/ts-4/data/info.pb --webserver_interface=127.0.57.197 --webserver_port=0 --max_cell_size_bytes=1000000 --tserver_master_addrs=127.0.57.254:46549 --never_fsync=true --redact=none --unlock_experimental_flags=true --unlock_unsafe_flags=true --log_target_replay_size_mb=1 --maintenance_manager_polling_interval_ms=100 --enable_minidumps=false --local_ip_for_outbound_sockets=127.0.57.197 --log_dir=/tmp/dist-test-taskKhSYji/test-tmp/raft_consensus_nonvoter-itest.0.RaftConsensusNonVoterITest.FailedTabletCopy.1557210500371863-231/raft_consensus-itest-cluster/ts-4/logs --logbuflevel=-1 --logtostderr=true Tablet server version: kudu 1.10.0-cdh6.x-SNAPSHOT revision 7d0ee26697926e87af9ef395008799577f6ab43f build type FASTDEBUG built by jenkins at 06 May 2019 22:44:21 PST on quasar-knmpfx-1.vpc.cloudera.com build id 322017 ASAN enabled
I0507 06:31:41.480974 7209 system_ntp.cc:202] NTP initialized. Skew: 500ppm Current error: 125016us
I0507 06:31:41.481743 7209 fs_manager.cc:263] Metadata directory not provided
I0507 06:31:41.481815 7209 fs_manager.cc:269] Using write-ahead log directory (fs_wal_dir) as metadata directory
I0507 06:31:41.482121 7209 server_base.cc:433] Could not load existing FS layout: Not found: could not find a healthy instance file
I0507 06:31:41.482189 7209 server_base.cc:434] Attempting to create new FS layout instead
I0507 06:31:41.485019 7209 fs_manager.cc:602] Generated new instance metadata in path /tmp/dist-test-taskKhSYji/test-tmp/raft_consensus_nonvoter-itest.0.RaftConsensusNonVoterITest.FailedTabletCopy.1557210500371863-231/raft_consensus-itest-cluster/ts-4/data/instance: uuid: "48cc028a4cfd4637a8ede1b4e421ae8c" format_stamp: "Formatted at 2019-05-07 06:31:41 on dist-test-slave-dist-test-slave-rqp6"
I0507 06:31:41.485633 7209 fs_manager.cc:602] Generated new instance metadata in path /tmp/dist-test-taskKhSYji/test-tmp/raft_consensus_nonvoter-itest.0.RaftConsensusNonVoterITest.FailedTabletCopy.1557210500371863-231/raft_consensus-itest-cluster/ts-4/wal/instance: uuid: "48cc028a4cfd4637a8ede1b4e421ae8c" format_stamp: "Formatted at 2019-05-07 06:31:41 on dist-test-slave-dist-test-slave-rqp6"
I0507 06:31:41.492394 7209 fs_manager.cc:503] Time spent creating directory manager: real 0.007s user 0.006s sys 0.000s
I0507 06:31:41.493566 7209 env_posix.cc:1676] Not raising this process' open files per process limit of 1048576; it is already as high as it can go
I0507 06:31:41.494208 7209 file_cache.cc:466] Constructed file cache lbm with capacity 419430
I0507 06:31:41.497318 7209 fs_manager.cc:419] Time spent opening block manager: real 0.002s user 0.001s sys 0.000s
I0507 06:31:41.497400 7209 fs_manager.cc:436] Opened local filesystem: /tmp/dist-test-taskKhSYji/test-tmp/raft_consensus_nonvoter-itest.0.RaftConsensusNonVoterITest.FailedTabletCopy.1557210500371863-231/raft_consensus-itest-cluster/ts-4/data,/tmp/dist-test-taskKhSYji/test-tmp/raft_consensus_nonvoter-itest.0.RaftConsensusNonVoterITest.FailedTabletCopy.1557210500371863-231/raft_consensus-itest-cluster/ts-4/wal uuid: "48cc028a4cfd4637a8ede1b4e421ae8c" format_stamp: "Formatted at 2019-05-07 06:31:41 on dist-test-slave-dist-test-slave-rqp6"
I0507 06:31:41.497565 7209 fs_report.cc:352] FS layout report -------------------- wal directory: /tmp/dist-test-taskKhSYji/test-tmp/raft_consensus_nonvoter-itest.0.RaftConsensusNonVoterITest.FailedTabletCopy.1557210500371863-231/raft_consensus-itest-cluster/ts-4/wal metadata directory: /tmp/dist-test-taskKhSYji/test-tmp/raft_consensus_nonvoter-itest.0.RaftConsensusNonVoterITest.FailedTabletCopy.1557210500371863-231/raft_consensus-itest-cluster/ts-4/wal 1 data directories: /tmp/dist-test-taskKhSYji/test-tmp/raft_consensus_nonvoter-itest.0.RaftConsensusNonVoterITest.FailedTabletCopy.1557210500371863-231/raft_consensus-itest-cluster/ts-4/data/data Total live blocks: 0 Total live bytes: 0 Total live bytes (after alignment): 0 Total number of LBM containers: 0 (0 full) Did not check for missing blocks Did not check for orphaned blocks Total full LBM containers with extra space: 0 (0 repaired) Total full LBM container extra space in bytes: 0 (0 repaired) Total incomplete LBM containers: 0 (0 repaired) Total LBM partial records: 0 (0 repaired)
I0507 06:31:41.498816 6839 heartbeater.cc:467] Master 127.0.57.254:46549 was elected leader, sending a full tablet report...
I0507 06:31:41.514761 7209 env_posix.cc:1676] Not raising this process' running threads per effective uid limit of 18446744073709551615; it is already as high as it can go
I0507 06:31:41.516546 7209 ts_tablet_manager.cc:356] Loaded tablet metadata (0 total tablets, 0 live tablets)
I0507 06:31:41.516674 7209 ts_tablet_manager.cc:376] Registered 0 tablets
I0507 06:31:41.543928 7209 rpc_server.cc:205] RPC server started. Bound to: 127.0.57.197:40311
I0507 06:31:41.545203 7209 webserver.cc:308] Webserver started at http://127.0.57.197:39461/ using document root and password file
I0507 06:31:41.545897 7209 server_base.cc:608] Dumped server information to /tmp/dist-test-taskKhSYji/test-tmp/raft_consensus_nonvoter-itest.0.RaftConsensusNonVoterITest.FailedTabletCopy.1557210500371863-231/raft_consensus-itest-cluster/ts-4/data/info.pb
I0507 06:31:41.555203 231 external_mini_cluster.cc:995] Started /tmp/dist-test-taskKhSYji/build/asan/bin/kudu-tserver as pid 7209
I0507 06:31:41.559865 7328 heartbeater.cc:345] Connected to a master server at 127.0.57.254:46549
I0507 06:31:41.560122 7328 heartbeater.cc:426] Registering TS with master...
I0507 06:31:41.560770 7328 heartbeater.cc:475] Master 127.0.57.254:46549 requested a full tablet report, sending...
I0507 06:31:41.562047 6676 ts_manager.cc:159] Registered new tserver with Master: 48cc028a4cfd4637a8ede1b4e421ae8c (127.0.57.197:40311)
I0507 06:31:41.563217 6676 master_service.cc:273] Signed X509 certificate for tserver {username='slave'} at 127.0.57.197:40769
I0507 06:31:41.567262 231 external_mini_cluster.cc:623] 5 TS(s) registered with all masters
I0507 06:31:41.578795 6676 catalog_manager.cc:1415] Servicing CreateTable request from {username='slave'} at 127.0.0.1:59590: name: "TestTable" schema { columns { name: "key" type: INT32 is_key: true is_nullable: false encoding: AUTO_ENCODING compression: DEFAULT_COMPRESSION cfile_block_size: 0 } columns { name: "int_val" type: INT32 is_key: false is_nullable: false encoding: AUTO_ENCODING compression: DEFAULT_COMPRESSION cfile_block_size: 0 } columns { name: "string_val" type: STRING is_key: false is_nullable: true encoding: AUTO_ENCODING compression: DEFAULT_COMPRESSION cfile_block_size: 0 } } num_replicas: 3 split_rows_range_bounds { } partition_schema { range_schema { columns { name: "key" } } }
I0507 06:31:41.610435 7143 tablet_service.cc:1016] Processing CreateTablet for tablet 558f015eda7b4593b2bf9090cc253899 (table=TestTable [id=d11606250418492493f264f029452e41]), partition=RANGE (key) PARTITION UNBOUNDED
I0507 06:31:41.611748 7143 data_dirs.cc:938] Could only allocate 1 dirs of requested 3 for tablet 558f015eda7b4593b2bf9090cc253899. 1 dirs total, 0 dirs full, 0 dirs failed
I0507 06:31:41.613466 7021 tablet_service.cc:1016] Processing CreateTablet for tablet 558f015eda7b4593b2bf9090cc253899 (table=TestTable [id=d11606250418492493f264f029452e41]), partition=RANGE (key) PARTITION UNBOUNDED
I0507 06:31:41.614334 7021 data_dirs.cc:938] Could only allocate 1 dirs of requested 3 for tablet 558f015eda7b4593b2bf9090cc253899. 1 dirs total, 0 dirs full, 0 dirs failed
I0507 06:31:41.618875 7265 tablet_service.cc:1016] Processing CreateTablet for tablet 558f015eda7b4593b2bf9090cc253899 (table=TestTable [id=d11606250418492493f264f029452e41]), partition=RANGE (key) PARTITION UNBOUNDED
I0507 06:31:41.619915 7265 data_dirs.cc:938] Could only allocate 1 dirs of requested 3 for tablet 558f015eda7b4593b2bf9090cc253899. 1 dirs total, 0 dirs full, 0 dirs failed
I0507 06:31:41.624970 7348 tablet_bootstrap.cc:439] T 558f015eda7b4593b2bf9090cc253899 P e2ec75f7edc34d4aa7aca3a4843cf259: Bootstrap starting.
I0507 06:31:41.628129 7348 tablet_bootstrap.cc:590] T 558f015eda7b4593b2bf9090cc253899 P e2ec75f7edc34d4aa7aca3a4843cf259: No blocks or log segments found. Creating new log.
I0507 06:31:41.629192 7349 tablet_bootstrap.cc:439] T 558f015eda7b4593b2bf9090cc253899 P 8c31c26018bd4f6391b7f63f1af2a6a7: Bootstrap starting.
I0507 06:31:41.629374 7348 log.cc:525] T 558f015eda7b4593b2bf9090cc253899 P e2ec75f7edc34d4aa7aca3a4843cf259: Log is configured to *not* fsync() on all Append() calls
I0507 06:31:41.634364 7349 tablet_bootstrap.cc:590] T 558f015eda7b4593b2bf9090cc253899 P 8c31c26018bd4f6391b7f63f1af2a6a7: No blocks or log segments found. Creating new log.
I0507 06:31:41.635452 7349 log.cc:525] T 558f015eda7b4593b2bf9090cc253899 P 8c31c26018bd4f6391b7f63f1af2a6a7: Log is configured to *not* fsync() on all Append() calls
I0507 06:31:41.637941 7348 tablet_bootstrap.cc:439] T 558f015eda7b4593b2bf9090cc253899 P e2ec75f7edc34d4aa7aca3a4843cf259: No bootstrap required, opened a new log
I0507 06:31:41.638252 7348 ts_tablet_manager.cc:1053] T 558f015eda7b4593b2bf9090cc253899 P e2ec75f7edc34d4aa7aca3a4843cf259: Time spent bootstrapping tablet: real 0.014s user 0.009s sys 0.003s
I0507 06:31:41.639245 7349 tablet_bootstrap.cc:439] T 558f015eda7b4593b2bf9090cc253899 P 8c31c26018bd4f6391b7f63f1af2a6a7: No bootstrap required, opened a new log
I0507 06:31:41.639551 7349 ts_tablet_manager.cc:1053] T 558f015eda7b4593b2bf9090cc253899 P 8c31c26018bd4f6391b7f63f1af2a6a7: Time spent bootstrapping tablet: real 0.011s user 0.005s sys 0.000s
I0507 06:31:41.641189 7352 tablet_bootstrap.cc:439] T 558f015eda7b4593b2bf9090cc253899 P 48cc028a4cfd4637a8ede1b4e421ae8c: Bootstrap starting.
I0507 06:31:41.643687 7352 tablet_bootstrap.cc:590] T 558f015eda7b4593b2bf9090cc253899 P 48cc028a4cfd4637a8ede1b4e421ae8c: No blocks or log segments found. Creating new log.
I0507 06:31:41.645306 7349 raft_consensus.cc:340] T 558f015eda7b4593b2bf9090cc253899 P 8c31c26018bd4f6391b7f63f1af2a6a7 [term 0 FOLLOWER]: Replica starting. Triggering 0 pending transactions. Active config: opid_index: -1 OBSOLETE_local: false peers { permanent_uuid: "e2ec75f7edc34d4aa7aca3a4843cf259" member_type: VOTER last_known_addr { host: "127.0.57.195" port: 35003 } } peers { permanent_uuid: "48cc028a4cfd4637a8ede1b4e421ae8c" member_type: VOTER last_known_addr { host: "127.0.57.197" port: 40311 } } peers { permanent_uuid: "8c31c26018bd4f6391b7f63f1af2a6a7" member_type: VOTER last_known_addr { host: "127.0.57.196" port: 37823 } }
I0507 06:31:41.645670 7349 raft_consensus.cc:366] T 558f015eda7b4593b2bf9090cc253899 P 8c31c26018bd4f6391b7f63f1af2a6a7 [term 0 FOLLOWER]: Consensus starting up: Expiring failure detector timer to make a prompt election more likely
I0507 06:31:41.645732 7349 raft_consensus.cc:705] T 558f015eda7b4593b2bf9090cc253899 P 8c31c26018bd4f6391b7f63f1af2a6a7 [term 0 FOLLOWER]: Becoming Follower/Learner. State: Replica: 8c31c26018bd4f6391b7f63f1af2a6a7, State: Initialized, Role: FOLLOWER
I0507 06:31:41.646170 7349 consensus_queue.cc:229] T 558f015eda7b4593b2bf9090cc253899 P 8c31c26018bd4f6391b7f63f1af2a6a7 [NON_LEADER]: Queue going to NON_LEADER mode. State: All replicated index: 0, Majority replicated index: 0, Committed index: 0, Last appended: 0.0, Last appended by leader: 0, Current term: 0, Majority size: -1, State: 0, Mode: NON_LEADER, active raft config: opid_index: -1 OBSOLETE_local: false peers { permanent_uuid: "e2ec75f7edc34d4aa7aca3a4843cf259" member_type: VOTER last_known_addr { host: "127.0.57.195" port: 35003 } } peers { permanent_uuid: "48cc028a4cfd4637a8ede1b4e421ae8c" member_type: VOTER last_known_addr { host: "127.0.57.197" port: 40311 } } peers { permanent_uuid: "8c31c26018bd4f6391b7f63f1af2a6a7" member_type: VOTER last_known_addr { host: "127.0.57.196" port: 37823 } }
I0507 06:31:41.649061 7352 log.cc:525] T 558f015eda7b4593b2bf9090cc253899 P 48cc028a4cfd4637a8ede1b4e421ae8c: Log is configured to *not* fsync() on all Append() calls
I0507 06:31:41.649130 7206 heartbeater.cc:467] Master 127.0.57.254:46549 was elected leader, sending a full tablet report...
I0507 06:31:41.649471 7349 ts_tablet_manager.cc:1081] T 558f015eda7b4593b2bf9090cc253899 P 8c31c26018bd4f6391b7f63f1af2a6a7: Time spent starting tablet: real 0.010s user 0.005s sys 0.004s
I0507 06:31:41.650171 7348 raft_consensus.cc:340] T 558f015eda7b4593b2bf9090cc253899 P e2ec75f7edc34d4aa7aca3a4843cf259 [term 0 FOLLOWER]: Replica starting. Triggering 0 pending transactions. Active config: opid_index: -1 OBSOLETE_local: false peers { permanent_uuid: "e2ec75f7edc34d4aa7aca3a4843cf259" member_type: VOTER last_known_addr { host: "127.0.57.195" port: 35003 } } peers { permanent_uuid: "48cc028a4cfd4637a8ede1b4e421ae8c" member_type: VOTER last_known_addr { host: "127.0.57.197" port: 40311 } } peers { permanent_uuid: "8c31c26018bd4f6391b7f63f1af2a6a7" member_type: VOTER last_known_addr { host: "127.0.57.196" port: 37823 } }
I0507 06:31:41.650545 7348 raft_consensus.cc:366] T 558f015eda7b4593b2bf9090cc253899 P e2ec75f7edc34d4aa7aca3a4843cf259 [term 0 FOLLOWER]: Consensus starting up: Expiring failure detector timer to make a prompt election more likely
I0507 06:31:41.650626 7348 raft_consensus.cc:705] T 558f015eda7b4593b2bf9090cc253899 P e2ec75f7edc34d4aa7aca3a4843cf259 [term 0 FOLLOWER]: Becoming Follower/Learner. State: Replica: e2ec75f7edc34d4aa7aca3a4843cf259, State: Initialized, Role: FOLLOWER
I0507 06:31:41.651108 7348 consensus_queue.cc:229] T 558f015eda7b4593b2bf9090cc253899 P e2ec75f7edc34d4aa7aca3a4843cf259 [NON_LEADER]: Queue going to NON_LEADER mode. State: All replicated index: 0, Majority replicated index: 0, Committed index: 0, Last appended: 0.0, Last appended by leader: 0, Current term: 0, Majority size: -1, State: 0, Mode: NON_LEADER, active raft config: opid_index: -1 OBSOLETE_local: false peers { permanent_uuid: "e2ec75f7edc34d4aa7aca3a4843cf259" member_type: VOTER last_known_addr { host: "127.0.57.195" port: 35003 } } peers { permanent_uuid: "48cc028a4cfd4637a8ede1b4e421ae8c" member_type: VOTER last_known_addr { host: "127.0.57.197" port: 40311 } } peers { permanent_uuid: "8c31c26018bd4f6391b7f63f1af2a6a7" member_type: VOTER last_known_addr { host: "127.0.57.196" port: 37823 } }
I0507 06:31:41.652019 7084 heartbeater.cc:467] Master 127.0.57.254:46549 was elected leader, sending a full tablet report...
I0507 06:31:41.652742 7348 ts_tablet_manager.cc:1081] T 558f015eda7b4593b2bf9090cc253899 P e2ec75f7edc34d4aa7aca3a4843cf259: Time spent starting tablet: real 0.014s user 0.005s sys 0.004s
I0507 06:31:41.652874 7352 tablet_bootstrap.cc:439] T 558f015eda7b4593b2bf9090cc253899 P 48cc028a4cfd4637a8ede1b4e421ae8c: No bootstrap required, opened a new log
I0507 06:31:41.653138 7352 ts_tablet_manager.cc:1053] T 558f015eda7b4593b2bf9090cc253899 P 48cc028a4cfd4637a8ede1b4e421ae8c: Time spent bootstrapping tablet: real 0.012s user 0.001s sys 0.004s
I0507 06:31:41.658818 7352 raft_consensus.cc:340] T 558f015eda7b4593b2bf9090cc253899 P 48cc028a4cfd4637a8ede1b4e421ae8c [term 0 FOLLOWER]: Replica starting. Triggering 0 pending transactions. Active config: opid_index: -1 OBSOLETE_local: false peers { permanent_uuid: "e2ec75f7edc34d4aa7aca3a4843cf259" member_type: VOTER last_known_addr { host: "127.0.57.195" port: 35003 } } peers { permanent_uuid: "48cc028a4cfd4637a8ede1b4e421ae8c" member_type: VOTER last_known_addr { host: "127.0.57.197" port: 40311 } } peers { permanent_uuid: "8c31c26018bd4f6391b7f63f1af2a6a7" member_type: VOTER last_known_addr { host: "127.0.57.196" port: 37823 } }
I0507 06:31:41.659181 7352 raft_consensus.cc:366] T 558f015eda7b4593b2bf9090cc253899 P 48cc028a4cfd4637a8ede1b4e421ae8c [term 0 FOLLOWER]: Consensus starting up: Expiring failure detector timer to make a prompt election more likely
I0507 06:31:41.659253 7352 raft_consensus.cc:705] T 558f015eda7b4593b2bf9090cc253899 P 48cc028a4cfd4637a8ede1b4e421ae8c [term 0 FOLLOWER]: Becoming Follower/Learner. State: Replica: 48cc028a4cfd4637a8ede1b4e421ae8c, State: Initialized, Role: FOLLOWER
I0507 06:31:41.659729 7352 consensus_queue.cc:229] T 558f015eda7b4593b2bf9090cc253899 P 48cc028a4cfd4637a8ede1b4e421ae8c [NON_LEADER]: Queue going to NON_LEADER mode. State: All replicated index: 0, Majority replicated index: 0, Committed index: 0, Last appended: 0.0, Last appended by leader: 0, Current term: 0, Majority size: -1, State: 0, Mode: NON_LEADER, active raft config: opid_index: -1 OBSOLETE_local: false peers { permanent_uuid: "e2ec75f7edc34d4aa7aca3a4843cf259" member_type: VOTER last_known_addr { host: "127.0.57.195" port: 35003 } } peers { permanent_uuid: "48cc028a4cfd4637a8ede1b4e421ae8c" member_type: VOTER last_known_addr { host: "127.0.57.197" port: 40311 } } peers { permanent_uuid: "8c31c26018bd4f6391b7f63f1af2a6a7" member_type: VOTER last_known_addr { host: "127.0.57.196" port: 37823 } }
I0507 06:31:41.660610 7328 heartbeater.cc:467] Master 127.0.57.254:46549 was elected leader, sending a full tablet report...
I0507 06:31:41.660941 7352 ts_tablet_manager.cc:1081] T 558f015eda7b4593b2bf9090cc253899 P 48cc028a4cfd4637a8ede1b4e421ae8c: Time spent starting tablet: real 0.008s user 0.003s sys 0.005s
W0507 06:31:41.705593 7207 tablet.cc:1786] T 558f015eda7b4593b2bf9090cc253899 P 8c31c26018bd4f6391b7f63f1af2a6a7: Can't schedule compaction. Clean time has not been advanced past its initial value.
W0507 06:31:41.715174 7085 tablet.cc:1786] T 558f015eda7b4593b2bf9090cc253899 P e2ec75f7edc34d4aa7aca3a4843cf259: Can't schedule compaction. Clean time has not been advanced past its initial value.
I0507 06:31:41.744634 7356 raft_consensus.cc:472] T 558f015eda7b4593b2bf9090cc253899 P 48cc028a4cfd4637a8ede1b4e421ae8c [term 0 FOLLOWER]: Starting pre-election (no leader contacted us within the election timeout)
I0507 06:31:41.744856 7356 raft_consensus.cc:494] T 558f015eda7b4593b2bf9090cc253899 P 48cc028a4cfd4637a8ede1b4e421ae8c [term 0 FOLLOWER]: Starting pre-election with config: opid_index: -1 OBSOLETE_local: false peers { permanent_uuid: "e2ec75f7edc34d4aa7aca3a4843cf259" member_type: VOTER last_known_addr { host: "127.0.57.195" port: 35003 } } peers { permanent_uuid: "48cc028a4cfd4637a8ede1b4e421ae8c" member_type: VOTER last_known_addr { host: "127.0.57.197" port: 40311 } } peers { permanent_uuid: "8c31c26018bd4f6391b7f63f1af2a6a7" member_type: VOTER last_known_addr { host: "127.0.57.196" port: 37823 } }
I0507 06:31:41.746161 7356 leader_election.cc:296] T 558f015eda7b4593b2bf9090cc253899 P 48cc028a4cfd4637a8ede1b4e421ae8c [CANDIDATE]: Term 1 pre-election: Requested pre-vote from peers e2ec75f7edc34d4aa7aca3a4843cf259 (127.0.57.195:35003), 8c31c26018bd4f6391b7f63f1af2a6a7 (127.0.57.196:37823)
W0507 06:31:41.747373 7329 tablet.cc:1786] T 558f015eda7b4593b2bf9090cc253899 P 48cc028a4cfd4637a8ede1b4e421ae8c: Can't schedule compaction. Clean time has not been advanced past its initial value.
I0507 06:31:41.753176 7041 tablet_service.cc:1286] Received RequestConsensusVote() RPC: tablet_id: "558f015eda7b4593b2bf9090cc253899" candidate_uuid: "48cc028a4cfd4637a8ede1b4e421ae8c" candidate_term: 1 candidate_status { last_received { term: 0 index: 0 } } ignore_live_leader: false dest_uuid: "e2ec75f7edc34d4aa7aca3a4843cf259" is_pre_election: true
I0507 06:31:41.753669 7041 raft_consensus.cc:2346] T 558f015eda7b4593b2bf9090cc253899 P e2ec75f7edc34d4aa7aca3a4843cf259 [term 0 FOLLOWER]: Leader pre-election vote request: Granting yes vote for candidate 48cc028a4cfd4637a8ede1b4e421ae8c in term 0.
I0507 06:31:41.754402 7218 leader_election.cc:310] T 558f015eda7b4593b2bf9090cc253899 P 48cc028a4cfd4637a8ede1b4e421ae8c [CANDIDATE]: Term 1 pre-election: Election decided. Result: candidate won. Election summary: received 2 responses out of 3 voters: 2 yes votes; 0 no votes. yes voters: 48cc028a4cfd4637a8ede1b4e421ae8c, e2ec75f7edc34d4aa7aca3a4843cf259; no voters:
I0507 06:31:41.754499 7163 tablet_service.cc:1286] Received RequestConsensusVote() RPC: tablet_id: "558f015eda7b4593b2bf9090cc253899" candidate_uuid: "48cc028a4cfd4637a8ede1b4e421ae8c" candidate_term: 1 candidate_status { last_received { term: 0 index: 0 } } ignore_live_leader: false dest_uuid: "8c31c26018bd4f6391b7f63f1af2a6a7" is_pre_election: true
I0507 06:31:41.754817 7163 raft_consensus.cc:2346] T 558f015eda7b4593b2bf9090cc253899 P 8c31c26018bd4f6391b7f63f1af2a6a7 [term 0 FOLLOWER]: Leader pre-election vote request: Granting yes vote for candidate 48cc028a4cfd4637a8ede1b4e421ae8c in term 0.
I0507 06:31:41.754873 7356 raft_consensus.cc:2640] T 558f015eda7b4593b2bf9090cc253899 P 48cc028a4cfd4637a8ede1b4e421ae8c [term 0 FOLLOWER]: Leader pre-election won for term 1
I0507 06:31:41.754945 7356 raft_consensus.cc:472] T 558f015eda7b4593b2bf9090cc253899 P 48cc028a4cfd4637a8ede1b4e421ae8c [term 0 FOLLOWER]: Starting leader election (no leader contacted us within the election timeout)
I0507 06:31:41.754997 7356 raft_consensus.cc:2886] T 558f015eda7b4593b2bf9090cc253899 P 48cc028a4cfd4637a8ede1b4e421ae8c [term 0 FOLLOWER]: Advancing to term 1
I0507 06:31:41.757115 7356 raft_consensus.cc:494] T 558f015eda7b4593b2bf9090cc253899 P 48cc028a4cfd4637a8ede1b4e421ae8c [term 1 FOLLOWER]: Starting leader election with config: opid_index: -1 OBSOLETE_local: false peers { permanent_uuid: "e2ec75f7edc34d4aa7aca3a4843cf259" member_type: VOTER last_known_addr { host: "127.0.57.195" port: 35003 } } peers { permanent_uuid: "48cc028a4cfd4637a8ede1b4e421ae8c" member_type: VOTER last_known_addr { host: "127.0.57.197" port: 40311 } } peers { permanent_uuid: "8c31c26018bd4f6391b7f63f1af2a6a7" member_type: VOTER last_known_addr { host: "127.0.57.196" port: 37823 } }
I0507 06:31:41.757719 7356 leader_election.cc:296] T 558f015eda7b4593b2bf9090cc253899 P 48cc028a4cfd4637a8ede1b4e421ae8c [CANDIDATE]: Term 1 election: Requested vote from peers e2ec75f7edc34d4aa7aca3a4843cf259 (127.0.57.195:35003), 8c31c26018bd4f6391b7f63f1af2a6a7 (127.0.57.196:37823)
I0507 06:31:41.758122 7041 tablet_service.cc:1286] Received RequestConsensusVote() RPC: tablet_id: "558f015eda7b4593b2bf9090cc253899" candidate_uuid: "48cc028a4cfd4637a8ede1b4e421ae8c" candidate_term: 1 candidate_status { last_received { term: 0 index: 0 } } ignore_live_leader: false dest_uuid: "e2ec75f7edc34d4aa7aca3a4843cf259"
I0507 06:31:41.758184 7163 tablet_service.cc:1286] Received RequestConsensusVote() RPC: tablet_id: "558f015eda7b4593b2bf9090cc253899" candidate_uuid: "48cc028a4cfd4637a8ede1b4e421ae8c" candidate_term: 1 candidate_status { last_received { term: 0 index: 0 } } ignore_live_leader: false dest_uuid: "8c31c26018bd4f6391b7f63f1af2a6a7"
I0507 06:31:41.758266 7041 raft_consensus.cc:2886] T 558f015eda7b4593b2bf9090cc253899 P e2ec75f7edc34d4aa7aca3a4843cf259 [term 0 FOLLOWER]: Advancing to term 1
I0507 06:31:41.758358 7163 raft_consensus.cc:2886] T 558f015eda7b4593b2bf9090cc253899 P 8c31c26018bd4f6391b7f63f1af2a6a7 [term 0 FOLLOWER]: Advancing to term 1
I0507 06:31:41.760133 7041 raft_consensus.cc:2346] T 558f015eda7b4593b2bf9090cc253899 P e2ec75f7edc34d4aa7aca3a4843cf259 [term 1 FOLLOWER]: Leader election vote request: Granting yes vote for candidate 48cc028a4cfd4637a8ede1b4e421ae8c in term 1.
I0507 06:31:41.760210 7163 raft_consensus.cc:2346] T 558f015eda7b4593b2bf9090cc253899 P 8c31c26018bd4f6391b7f63f1af2a6a7 [term 1 FOLLOWER]: Leader election vote request: Granting yes vote for candidate 48cc028a4cfd4637a8ede1b4e421ae8c in term 1.
I0507 06:31:41.760514 7218 leader_election.cc:310] T 558f015eda7b4593b2bf9090cc253899 P 48cc028a4cfd4637a8ede1b4e421ae8c [CANDIDATE]: Term 1 election: Election decided. Result: candidate won. Election summary: received 2 responses out of 3 voters: 2 yes votes; 0 no votes. yes voters: 48cc028a4cfd4637a8ede1b4e421ae8c, e2ec75f7edc34d4aa7aca3a4843cf259; no voters:
I0507 06:31:41.760891 7356 raft_consensus.cc:2640] T 558f015eda7b4593b2bf9090cc253899 P 48cc028a4cfd4637a8ede1b4e421ae8c [term 1 FOLLOWER]: Leader election won for term 1
I0507 06:31:41.761425 7356 raft_consensus.cc:667] T 558f015eda7b4593b2bf9090cc253899 P 48cc028a4cfd4637a8ede1b4e421ae8c [term 1 LEADER]: Becoming Leader. State: Replica: 48cc028a4cfd4637a8ede1b4e421ae8c, State: Running, Role: LEADER
I0507 06:31:41.761833 7356 consensus_queue.cc:206] T 558f015eda7b4593b2bf9090cc253899 P 48cc028a4cfd4637a8ede1b4e421ae8c [LEADER]: Queue going to LEADER mode. State: All replicated index: 0, Majority replicated index: 0, Committed index: 0, Last appended: 0.0, Last appended by leader: 0, Current term: 1, Majority size: 2, State: 0, Mode: LEADER, active raft config: opid_index: -1 OBSOLETE_local: false peers { permanent_uuid: "e2ec75f7edc34d4aa7aca3a4843cf259" member_type: VOTER last_known_addr { host: "127.0.57.195" port: 35003 } } peers { permanent_uuid: "48cc028a4cfd4637a8ede1b4e421ae8c" member_type: VOTER last_known_addr { host: "127.0.57.197" port: 40311 } } peers { permanent_uuid: "8c31c26018bd4f6391b7f63f1af2a6a7" member_type: VOTER last_known_addr { host: "127.0.57.196" port: 37823 } }
I0507 06:31:41.766340 6675 catalog_manager.cc:3988] T 558f015eda7b4593b2bf9090cc253899 P 48cc028a4cfd4637a8ede1b4e421ae8c reported cstate change: term changed from 0 to 1, leader changed from to 48cc028a4cfd4637a8ede1b4e421ae8c (127.0.57.197). New cstate: current_term: 1 leader_uuid: "48cc028a4cfd4637a8ede1b4e421ae8c" committed_config { opid_index: -1 OBSOLETE_local: false peers { permanent_uuid: "e2ec75f7edc34d4aa7aca3a4843cf259" member_type: VOTER last_known_addr { host: "127.0.57.195" port: 35003 } health_report { overall_health: UNKNOWN } } peers { permanent_uuid: "48cc028a4cfd4637a8ede1b4e421ae8c" member_type: VOTER last_known_addr { host: "127.0.57.197" port: 40311 } health_report { overall_health: HEALTHY } } peers { permanent_uuid: "8c31c26018bd4f6391b7f63f1af2a6a7" member_type: VOTER last_known_addr { host: "127.0.57.196" port: 37823 } health_report { overall_health: UNKNOWN } } }
I0507 06:31:41.778036 6962 heartbeater.cc:467] Master 127.0.57.254:46549 was elected leader, sending a full tablet report...
I0507 06:31:41.804445 231 external_mini_cluster.cc:623] 5 TS(s) registered with all masters
I0507 06:31:41.806169 231 ts_itest-base.cc:232] Waiting for 0 tablets on tserver 18b5d1299d9146ccabb7d4819ec95db1 to finish bootstrapping
I0507 06:31:41.813851 231 ts_itest-base.cc:232] Waiting for 0 tablets on tserver e84d1eaf01124e6dbc9be1f1fde546b7 to finish bootstrapping
I0507 06:31:41.821233 231 ts_itest-base.cc:232] Waiting for 1 tablets on tserver e2ec75f7edc34d4aa7aca3a4843cf259 to finish bootstrapping
I0507 06:31:41.827472 231 ts_itest-base.cc:232] Waiting for 1 tablets on tserver 8c31c26018bd4f6391b7f63f1af2a6a7 to finish bootstrapping
I0507 06:31:41.833501 231 ts_itest-base.cc:232] Waiting for 1 tablets on tserver 48cc028a4cfd4637a8ede1b4e421ae8c to finish bootstrapping
I0507 06:31:41.840386 6836 generic_service.cc:148] {username='slave'} at 127.0.0.1:58306 changed flags via RPC: tablet_copy_fault_crash_on_fetch_all from '0' to '1.0'
I0507 06:31:41.841118 231 external_mini_cluster.cc:1172] Attempting to check leaks for /tmp/dist-test-taskKhSYji/build/asan/bin/kudu-tserver pid 6843
I0507 06:31:41.841912 6959 generic_service.cc:171] Checking for leaks (request via RPC)
I0507 06:31:41.888260 231 external_mini_cluster.cc:1131] Killing /tmp/dist-test-taskKhSYji/build/asan/bin/kudu-tserver with pid 6843
I0507 06:31:42.153451 7041 raft_consensus.cc:1181] T 558f015eda7b4593b2bf9090cc253899 P e2ec75f7edc34d4aa7aca3a4843cf259 [term 1 FOLLOWER]: Refusing update from remote peer 48cc028a4cfd4637a8ede1b4e421ae8c: Log matching property violated. Preceding OpId in replica: term: 0 index: 0. Preceding OpId from leader: term: 1 index: 1. (index mismatch)
I0507 06:31:42.154490 7356 consensus_queue.cc:984] T 558f015eda7b4593b2bf9090cc253899 P 48cc028a4cfd4637a8ede1b4e421ae8c [LEADER]: Connected to new peer: Peer: permanent_uuid: "e2ec75f7edc34d4aa7aca3a4843cf259" member_type: VOTER last_known_addr { host: "127.0.57.195" port: 35003 }, Status: LMP_MISMATCH, Last received: 0.0, Next index: 1, Last known committed idx: 0, Time since last communication: 0.000s
I0507 06:31:42.164949 7163 raft_consensus.cc:1181] T 558f015eda7b4593b2bf9090cc253899 P 8c31c26018bd4f6391b7f63f1af2a6a7 [term 1 FOLLOWER]: Refusing update from remote peer 48cc028a4cfd4637a8ede1b4e421ae8c: Log matching property violated. Preceding OpId in replica: term: 0 index: 0. Preceding OpId from leader: term: 1 index: 1. (index mismatch)
I0507 06:31:42.165815 7356 consensus_queue.cc:984] T 558f015eda7b4593b2bf9090cc253899 P 48cc028a4cfd4637a8ede1b4e421ae8c [LEADER]: Connected to new peer: Peer: permanent_uuid: "8c31c26018bd4f6391b7f63f1af2a6a7" member_type: VOTER last_known_addr { host: "127.0.57.196" port: 37823 }, Status: LMP_MISMATCH, Last received: 0.0, Next index: 1, Last known committed idx: 0, Time since last communication: 0.000s
I0507 06:31:46.935505 231 test_util.cc:212] Using random seed: 1594293944
I0507 06:31:46.950801 231 test_workload.cc:306] TestWorkload: Skipping table creation because table TestTable already exists
I0507 06:31:46.952193 231 raft_consensus-itest-base.cc:271] Waiting until we've written at least 4MB...
I0507 06:31:47.033296 7085 maintenance_manager.cc:306] P e2ec75f7edc34d4aa7aca3a4843cf259: Scheduling FlushMRSOp(558f015eda7b4593b2bf9090cc253899): 1840788 bytes log retention
I0507 06:31:47.067982 7329 maintenance_manager.cc:306] P 48cc028a4cfd4637a8ede1b4e421ae8c: Scheduling FlushMRSOp(558f015eda7b4593b2bf9090cc253899): 2761146 bytes log retention
I0507 06:31:47.094452 6979 maintenance_manager.cc:501] P e2ec75f7edc34d4aa7aca3a4843cf259: FlushMRSOp(558f015eda7b4593b2bf9090cc253899) complete. Timing: real 0.060s user 0.038s sys 0.004s Metrics: {"bytes_written":135803,"cfile_init":1,"compiler_manager_pool.queue_time_us":1111,"data dirs.queue_time_us":512,"data dirs.run_cpu_time_us":196,"data dirs.run_wall_time_us":1719,"drs_written":1,"lbm_read_time_us":67,"lbm_reads_lt_1ms":4,"lbm_write_time_us":557,"lbm_writes_lt_1ms":23,"rows_written":16,"thread_start_us":1183,"threads_started":2}
I0507 06:31:47.095965 7085 maintenance_manager.cc:306] P e2ec75f7edc34d4aa7aca3a4843cf259: Scheduling LogGCOp(558f015eda7b4593b2bf9090cc253899): free 1840788 bytes of WAL
I0507 06:31:47.096279 6979 log_reader.cc:377] T 558f015eda7b4593b2bf9090cc253899: removed 2 log segments from log reader
I0507 06:31:47.096375 6979 log.cc:863] T 558f015eda7b4593b2bf9090cc253899 P e2ec75f7edc34d4aa7aca3a4843cf259: Deleting log segment in path: /tmp/dist-test-taskKhSYji/test-tmp/raft_consensus_nonvoter-itest.0.RaftConsensusNonVoterITest.FailedTabletCopy.1557210500371863-231/raft_consensus-itest-cluster/ts-2/wal/wals/558f015eda7b4593b2bf9090cc253899/wal-000000001 (ops 1-8)
I0507 06:31:47.096498 6979 log.cc:863] T 558f015eda7b4593b2bf9090cc253899 P e2ec75f7edc34d4aa7aca3a4843cf259: Deleting log segment in path: /tmp/dist-test-taskKhSYji/test-tmp/raft_consensus_nonvoter-itest.0.RaftConsensusNonVoterITest.FailedTabletCopy.1557210500371863-231/raft_consensus-itest-cluster/ts-2/wal/wals/558f015eda7b4593b2bf9090cc253899/wal-000000002 (ops 9-15)
I0507 06:31:47.097035 6979 maintenance_manager.cc:501] P e2ec75f7edc34d4aa7aca3a4843cf259: LogGCOp(558f015eda7b4593b2bf9090cc253899) complete. Timing: real 0.001s user 0.000s sys 0.000s Metrics: {}
I0507 06:31:47.099557 7085 maintenance_manager.cc:306] P e2ec75f7edc34d4aa7aca3a4843cf259: Scheduling FlushMRSOp(558f015eda7b4593b2bf9090cc253899): 1577714 bytes log retention
I0507 06:31:47.118870 231 raft_consensus-itest-base.cc:277] Waiting for log GC on 48cc028a4cfd4637a8ede1b4e421ae8c
I0507 06:31:47.135406 7223 maintenance_manager.cc:501] P 48cc028a4cfd4637a8ede1b4e421ae8c: FlushMRSOp(558f015eda7b4593b2bf9090cc253899) complete. Timing: real 0.067s user 0.046s sys 0.010s Metrics: {"bytes_written":135937,"cfile_init":1,"compiler_manager_pool.queue_time_us":6915,"data dirs.queue_time_us":650,"data dirs.run_cpu_time_us":191,"data dirs.run_wall_time_us":1780,"drs_written":1,"lbm_read_time_us":64,"lbm_reads_lt_1ms":4,"lbm_write_time_us":551,"lbm_writes_lt_1ms":23,"rows_written":25,"spinlock_wait_cycles":36864,"thread_start_us":9186,"threads_started":2}
I0507 06:31:47.136670 7329 maintenance_manager.cc:306] P 48cc028a4cfd4637a8ede1b4e421ae8c: Scheduling LogGCOp(558f015eda7b4593b2bf9090cc253899): free 2761146 bytes of WAL
I0507 06:31:47.136950 7223 log_reader.cc:377] T 558f015eda7b4593b2bf9090cc253899: removed 3 log segments from log reader
I0507 06:31:47.137032 7223 log.cc:863] T 558f015eda7b4593b2bf9090cc253899 P 48cc028a4cfd4637a8ede1b4e421ae8c: Deleting log segment in path: /tmp/dist-test-taskKhSYji/test-tmp/raft_consensus_nonvoter-itest.0.RaftConsensusNonVoterITest.FailedTabletCopy.1557210500371863-231/raft_consensus-itest-cluster/ts-4/wal/wals/558f015eda7b4593b2bf9090cc253899/wal-000000001 (ops 1-8)
I0507 06:31:47.137105 7223 log.cc:863] T 558f015eda7b4593b2bf9090cc253899 P 48cc028a4cfd4637a8ede1b4e421ae8c: Deleting log segment in path: /tmp/dist-test-taskKhSYji/test-tmp/raft_consensus_nonvoter-itest.0.RaftConsensusNonVoterITest.FailedTabletCopy.1557210500371863-231/raft_consensus-itest-cluster/ts-4/wal/wals/558f015eda7b4593b2bf9090cc253899/wal-000000002 (ops 9-15)
I0507 06:31:47.137212 7223 log.cc:863] T 558f015eda7b4593b2bf9090cc253899 P 48cc028a4cfd4637a8ede1b4e421ae8c: Deleting log segment in path: /tmp/dist-test-taskKhSYji/test-tmp/raft_consensus_nonvoter-itest.0.RaftConsensusNonVoterITest.FailedTabletCopy.1557210500371863-231/raft_consensus-itest-cluster/ts-4/wal/wals/558f015eda7b4593b2bf9090cc253899/wal-000000003 (ops 16-22)
I0507 06:31:47.137840 7223 maintenance_manager.cc:501] P 48cc028a4cfd4637a8ede1b4e421ae8c: LogGCOp(558f015eda7b4593b2bf9090cc253899) complete. Timing: real 0.001s user 0.000s sys 0.000s Metrics: {}
I0507 06:31:47.138329 7329 maintenance_manager.cc:306] P 48cc028a4cfd4637a8ede1b4e421ae8c: Scheduling FlushMRSOp(558f015eda7b4593b2bf9090cc253899): 1840816 bytes log retention
I0507 06:31:47.139771 231 raft_consensus-itest-base.cc:282] Log GC complete on 48cc028a4cfd4637a8ede1b4e421ae8c
I0507 06:31:47.150789 6979 maintenance_manager.cc:501] P e2ec75f7edc34d4aa7aca3a4843cf259: FlushMRSOp(558f015eda7b4593b2bf9090cc253899) complete. Timing: real 0.050s user 0.022s sys 0.000s Metrics: {"bytes_written":135803,"cfile_init":1,"data dirs.queue_time_us":81,"data dirs.run_cpu_time_us":137,"data dirs.run_wall_time_us":498,"drs_written":1,"lbm_read_time_us":49,"lbm_reads_lt_1ms":4,"lbm_write_time_us":532,"lbm_writes_lt_1ms":23,"rows_written":15}
I0507 06:31:47.157466 7085 maintenance_manager.cc:306] P e2ec75f7edc34d4aa7aca3a4843cf259: Scheduling LogGCOp(558f015eda7b4593b2bf9090cc253899): free 788819 bytes of WAL
I0507 06:31:47.158062 6979 log_reader.cc:377] T 558f015eda7b4593b2bf9090cc253899: removed 1 log segments from log reader
I0507 06:31:47.158159 6979 log.cc:863] T 558f015eda7b4593b2bf9090cc253899 P e2ec75f7edc34d4aa7aca3a4843cf259: Deleting log segment in path: /tmp/dist-test-taskKhSYji/test-tmp/raft_consensus_nonvoter-itest.0.RaftConsensusNonVoterITest.FailedTabletCopy.1557210500371863-231/raft_consensus-itest-cluster/ts-2/wal/wals/558f015eda7b4593b2bf9090cc253899/wal-000000003 (ops 16-21)
I0507 06:31:47.158525 6979 maintenance_manager.cc:501] P e2ec75f7edc34d4aa7aca3a4843cf259: LogGCOp(558f015eda7b4593b2bf9090cc253899) complete. Timing: real 0.001s user 0.000s sys 0.000s Metrics: {}
I0507 06:31:47.158885 7085 maintenance_manager.cc:306] P e2ec75f7edc34d4aa7aca3a4843cf259: Scheduling CompactRowSetsOp(558f015eda7b4593b2bf9090cc253899): perf score=0.879820
I0507 06:31:47.162235 7223 maintenance_manager.cc:501] P 48cc028a4cfd4637a8ede1b4e421ae8c: FlushMRSOp(558f015eda7b4593b2bf9090cc253899) complete. Timing: real 0.024s user 0.012s sys 0.009s Metrics: {"bytes_written":135803,"cfile_init":1,"data dirs.queue_time_us":209,"data dirs.run_cpu_time_us":114,"data dirs.run_wall_time_us":480,"drs_written":1,"lbm_read_time_us":50,"lbm_reads_lt_1ms":4,"lbm_write_time_us":749,"lbm_writes_lt_1ms":23,"rows_written":11}
I0507 06:31:47.163414 7329 maintenance_manager.cc:306] P 48cc028a4cfd4637a8ede1b4e421ae8c: Scheduling UndoDeltaBlockGCOp(558f015eda7b4593b2bf9090cc253899): 682 bytes on disk
I0507 06:31:47.164518 7223 maintenance_manager.cc:501] P 48cc028a4cfd4637a8ede1b4e421ae8c: UndoDeltaBlockGCOp(558f015eda7b4593b2bf9090cc253899) complete. Timing: real 0.001s user 0.000s sys 0.000s Metrics: {"cfile_init":2,"lbm_read_time_us":112,"lbm_reads_lt_1ms":8}
I0507 06:31:47.164888 7329 maintenance_manager.cc:306] P 48cc028a4cfd4637a8ede1b4e421ae8c: Scheduling CompactRowSetsOp(558f015eda7b4593b2bf9090cc253899): perf score=0.994075
I0507 06:31:47.248194 7223 maintenance_manager.cc:501] P 48cc028a4cfd4637a8ede1b4e421ae8c: CompactRowSetsOp(558f015eda7b4593b2bf9090cc253899) complete. Timing: real 0.083s user 0.057s sys 0.024s Metrics: {"bytes_written":136001,"cfile_cache_hit":10,"cfile_cache_hit_bytes":262394,"cfile_cache_miss":26,"cfile_cache_miss_bytes":264436,"cfile_init":5,"data dirs.queue_time_us":203,"data dirs.run_cpu_time_us":322,"data dirs.run_wall_time_us":764,"delta_iterators_relevant":4,"drs_written":1,"lbm_read_time_us":853,"lbm_reads_lt_1ms":46,"lbm_write_time_us":512,"lbm_writes_lt_1ms":23,"num_input_rowsets":2,"rows_written":36}
I0507 06:31:47.249899 7329 maintenance_manager.cc:306] P 48cc028a4cfd4637a8ede1b4e421ae8c: Scheduling UndoDeltaBlockGCOp(558f015eda7b4593b2bf9090cc253899): 536 bytes on disk
I0507 06:31:47.250397 7223 maintenance_manager.cc:501] P 48cc028a4cfd4637a8ede1b4e421ae8c: UndoDeltaBlockGCOp(558f015eda7b4593b2bf9090cc253899) complete. Timing: real 0.000s user 0.000s sys 0.000s Metrics: {"cfile_init":1,"lbm_read_time_us":54,"lbm_reads_lt_1ms":4}
I0507 06:31:47.253201 6979 maintenance_manager.cc:501] P e2ec75f7edc34d4aa7aca3a4843cf259: CompactRowSetsOp(558f015eda7b4593b2bf9090cc253899) complete. Timing: real 0.094s user 0.052s sys 0.039s Metrics: {"bytes_written":135937,"cfile_cache_hit":10,"cfile_cache_hit_bytes":262392,"cfile_cache_miss":26,"cfile_cache_miss_bytes":264058,"cfile_init":7,"data dirs.queue_time_us":542,"data dirs.run_cpu_time_us":268,"data dirs.run_wall_time_us":845,"delta_iterators_relevant":4,"drs_written":1,"lbm_read_time_us":1207,"lbm_reads_lt_1ms":54,"lbm_write_time_us":792,"lbm_writes_lt_1ms":23,"num_input_rowsets":2,"rows_written":31}
I0507 06:31:47.253958 7085 maintenance_manager.cc:306] P e2ec75f7edc34d4aa7aca3a4843cf259: Scheduling UndoDeltaBlockGCOp(558f015eda7b4593b2bf9090cc253899): 481 bytes on disk
I0507 06:31:47.254545 6979 maintenance_manager.cc:501] P e2ec75f7edc34d4aa7aca3a4843cf259: UndoDeltaBlockGCOp(558f015eda7b4593b2bf9090cc253899) complete. Timing: real 0.000s user 0.000s sys 0.000s Metrics: {"cfile_init":1,"lbm_read_time_us":54,"lbm_reads_lt_1ms":4}
I0507 06:31:49.141824 231 raft_consensus-itest-base.cc:298] Servers converged with original term 1
I0507 06:31:49.141927 231 raft_consensus-itest-base.cc:303] Resuming 8c31c26018bd4f6391b7f63f1af2a6a7
I0507 06:31:49.145946 7203 generic_service.cc:148] {username='slave'} at 127.0.0.1:59364 changed flags via RPC: tablet_copy_fault_crash_on_fetch_all from '0' to '1.0'
I0507 06:31:49.148481 7407 raft_consensus.cc:472] T 558f015eda7b4593b2bf9090cc253899 P 8c31c26018bd4f6391b7f63f1af2a6a7 [term 1 FOLLOWER]: Starting pre-election (detected failure of leader 48cc028a4cfd4637a8ede1b4e421ae8c)
I0507 06:31:49.149500 7407 raft_consensus.cc:494] T 558f015eda7b4593b2bf9090cc253899 P 8c31c26018bd4f6391b7f63f1af2a6a7 [term 1 FOLLOWER]: Starting pre-election with config: opid_index: -1 OBSOLETE_local: false peers { permanent_uuid: "e2ec75f7edc34d4aa7aca3a4843cf259" member_type: VOTER last_known_addr { host: "127.0.57.195" port: 35003 } } peers { permanent_uuid: "48cc028a4cfd4637a8ede1b4e421ae8c" member_type: VOTER last_known_addr { host: "127.0.57.197" port: 40311 } } peers { permanent_uuid: "8c31c26018bd4f6391b7f63f1af2a6a7" member_type: VOTER last_known_addr { host: "127.0.57.196" port: 37823 } }
I0507 06:31:49.150650 7407 leader_election.cc:296] T 558f015eda7b4593b2bf9090cc253899 P 8c31c26018bd4f6391b7f63f1af2a6a7 [CANDIDATE]: Term 2 pre-election: Requested pre-vote from peers e2ec75f7edc34d4aa7aca3a4843cf259 (127.0.57.195:35003), 48cc028a4cfd4637a8ede1b4e421ae8c (127.0.57.197:40311)
I0507 06:31:49.159247 7040 tablet_service.cc:1286] Received RequestConsensusVote() RPC: tablet_id: "558f015eda7b4593b2bf9090cc253899" candidate_uuid: "8c31c26018bd4f6391b7f63f1af2a6a7" candidate_term: 2 candidate_status { last_received { term: 1 index: 1 } } ignore_live_leader: false dest_uuid: "e2ec75f7edc34d4aa7aca3a4843cf259" is_pre_election: true
I0507 06:31:49.159569 7040 raft_consensus.cc:2307] T 558f015eda7b4593b2bf9090cc253899 P e2ec75f7edc34d4aa7aca3a4843cf259 [term 1 FOLLOWER]: Leader pre-election vote request: Denying vote to candidate 8c31c26018bd4f6391b7f63f1af2a6a7 for term 2 because replica is either leader or believes a valid leader to be alive.
I0507 06:31:49.161489 7406 consensus_queue.cc:689] T 558f015eda7b4593b2bf9090cc253899 P 48cc028a4cfd4637a8ede1b4e421ae8c [LEADER]: The logs necessary to catch up peer 8c31c26018bd4f6391b7f63f1af2a6a7 have been garbage collected. The follower will never be able to catch up (Not found: Failed to read ops 3..31: Segment 1 which contained index 3 has been GCed)
I0507 06:31:49.161602 7406 consensus_queue.cc:544] T 558f015eda7b4593b2bf9090cc253899 P 48cc028a4cfd4637a8ede1b4e421ae8c [LEADER]: The logs necessary to catch up peer 8c31c26018bd4f6391b7f63f1af2a6a7 have been garbage collected. The replica will never be able to catch up
I0507 06:31:49.165040 7285 tablet_service.cc:1286] Received RequestConsensusVote() RPC: tablet_id: "558f015eda7b4593b2bf9090cc253899" candidate_uuid: "8c31c26018bd4f6391b7f63f1af2a6a7" candidate_term: 2 candidate_status { last_received { term: 1 index: 1 } } ignore_live_leader: false dest_uuid: "48cc028a4cfd4637a8ede1b4e421ae8c" is_pre_election: true
I0507 06:31:49.165380 7285 raft_consensus.cc:2307] T 558f015eda7b4593b2bf9090cc253899 P 48cc028a4cfd4637a8ede1b4e421ae8c [term 1 LEADER]: Leader pre-election vote request: Denying vote to candidate 8c31c26018bd4f6391b7f63f1af2a6a7 for term 2 because replica is either leader or believes a valid leader to be alive.
I0507 06:31:49.165922 6673 catalog_manager.cc:3739] Sending ChangeConfig:REMOVE_PEER on tablet 558f015eda7b4593b2bf9090cc253899 (attempt 1)
I0507 06:31:49.165938 7096 leader_election.cc:310] T 558f015eda7b4593b2bf9090cc253899 P 8c31c26018bd4f6391b7f63f1af2a6a7 [CANDIDATE]: Term 2 pre-election: Election decided. Result: candidate lost. Election summary: received 3 responses out of 3 voters: 1 yes votes; 2 no votes. yes voters: 8c31c26018bd4f6391b7f63f1af2a6a7; no voters: 48cc028a4cfd4637a8ede1b4e421ae8c, e2ec75f7edc34d4aa7aca3a4843cf259
I0507 06:31:49.166647 7407 raft_consensus.cc:2588] T 558f015eda7b4593b2bf9090cc253899 P 8c31c26018bd4f6391b7f63f1af2a6a7 [term 1 FOLLOWER]: Leader pre-election lost for term 2. Reason: could not achieve majority
