I0507 06:28:44.648355 3167 raft_consensus.cc:472] T 9bbbc2f7a1fa40c2a9c8edb97b9fcb5d P 0c1b3bd57dab421faa01448383625df1 [term 1 FOLLOWER]: Starting pre-election (detected failure of leader 9b897477ac24457ba3057221142ea9b4)
I0507 06:28:44.648586 3167 raft_consensus.cc:494] T 9bbbc2f7a1fa40c2a9c8edb97b9fcb5d P 0c1b3bd57dab421faa01448383625df1 [term 1 FOLLOWER]: Starting pre-election with config: opid_index: 2 OBSOLETE_local: false peers { permanent_uuid: "9b897477ac24457ba3057221142ea9b4" member_type: VOTER last_known_addr { host: "127.0.57.195" port: 38257 } } peers { permanent_uuid: "0c1b3bd57dab421faa01448383625df1" member_type: VOTER last_known_addr { host: "127.0.57.193" port: 35893 } } peers { permanent_uuid: "1f3225ac14a24ce4be60bcf2c130d634" member_type: NON_VOTER last_known_addr { host: "127.0.57.194" port: 41551 } attrs { } }
W0507 06:28:44.648826 2748 leader_election.cc:341] T 9bbbc2f7a1fa40c2a9c8edb97b9fcb5d P 0c1b3bd57dab421faa01448383625df1 [CANDIDATE]: Term 2 pre-election: RPC error from VoteRequest() call to peer 9b897477ac24457ba3057221142ea9b4 (127.0.57.195:38257): Timed out: RequestConsensusVote RPC to 127.0.57.195:38257 timed out after 1.470s (SENT)
I0507 06:28:44.648983 2748 leader_election.cc:310] T 9bbbc2f7a1fa40c2a9c8edb97b9fcb5d P 0c1b3bd57dab421faa01448383625df1 [CANDIDATE]: Term 2 pre-election: Election decided. Result: candidate lost. Election summary: received 2 responses out of 2 voters: 1 yes votes; 1 no votes. yes voters: 0c1b3bd57dab421faa01448383625df1; no voters: 9b897477ac24457ba3057221142ea9b4
I0507 06:28:44.649263 3167 leader_election.cc:296] T 9bbbc2f7a1fa40c2a9c8edb97b9fcb5d P 0c1b3bd57dab421faa01448383625df1 [CANDIDATE]: Term 2 pre-election: Requested pre-vote from peers 9b897477ac24457ba3057221142ea9b4 (127.0.57.195:38257)
I0507 06:28:44.649498 3167 raft_consensus.cc:2588] T 9bbbc2f7a1fa40c2a9c8edb97b9fcb5d P 0c1b3bd57dab421faa01448383625df1 [term 1 FOLLOWER]: Leader pre-election lost for term 2. Reason: could not achieve majority
W0507 06:28:45.011308 2748 leader_election.cc:341] T 9bbbc2f7a1fa40c2a9c8edb97b9fcb5d P 0c1b3bd57dab421faa01448383625df1 [CANDIDATE]: Term 2 pre-election: RPC error from VoteRequest() call to peer 9b897477ac24457ba3057221142ea9b4 (127.0.57.195:38257): Timed out: RequestConsensusVote RPC to 127.0.57.195:38257 timed out after 0.361s (SENT)
I0507 06:28:45.011456 2748 leader_election.cc:310] T 9bbbc2f7a1fa40c2a9c8edb97b9fcb5d P 0c1b3bd57dab421faa01448383625df1 [CANDIDATE]: Term 2 pre-election: Election decided. Result: candidate lost. Election summary: received 2 responses out of 2 voters: 1 yes votes; 1 no votes. yes voters: 0c1b3bd57dab421faa01448383625df1; no voters: 9b897477ac24457ba3057221142ea9b4
I0507 06:28:45.012025 3167 raft_consensus.cc:2588] T 9bbbc2f7a1fa40c2a9c8edb97b9fcb5d P 0c1b3bd57dab421faa01448383625df1 [term 1 FOLLOWER]: Leader pre-election lost for term 2. Reason: could not achieve majority
I0507 06:28:45.982620 3169 raft_consensus.cc:472] T 9bbbc2f7a1fa40c2a9c8edb97b9fcb5d P 0c1b3bd57dab421faa01448383625df1 [term 1 FOLLOWER]: Starting pre-election (detected failure of leader 9b897477ac24457ba3057221142ea9b4)
I0507 06:28:45.982901 3169 raft_consensus.cc:494] T 9bbbc2f7a1fa40c2a9c8edb97b9fcb5d P 0c1b3bd57dab421faa01448383625df1 [term 1 FOLLOWER]: Starting pre-election with config: opid_index: 2 OBSOLETE_local: false peers { permanent_uuid: "9b897477ac24457ba3057221142ea9b4" member_type: VOTER last_known_addr { host: "127.0.57.195" port: 38257 } } peers { permanent_uuid: "0c1b3bd57dab421faa01448383625df1" member_type: VOTER last_known_addr { host: "127.0.57.193" port: 35893 } } peers { permanent_uuid: "1f3225ac14a24ce4be60bcf2c130d634" member_type: NON_VOTER last_known_addr { host: "127.0.57.194" port: 41551 } attrs { } }
I0507 06:28:45.983587 3169 leader_election.cc:296] T 9bbbc2f7a1fa40c2a9c8edb97b9fcb5d P 0c1b3bd57dab421faa01448383625df1 [CANDIDATE]: Term 2 pre-election: Requested pre-vote from peers 9b897477ac24457ba3057221142ea9b4 (127.0.57.195:38257)
I0507 06:28:47.470021 3170 raft_consensus.cc:472] T 9bbbc2f7a1fa40c2a9c8edb97b9fcb5d P 0c1b3bd57dab421faa01448383625df1 [term 1 FOLLOWER]: Starting pre-election (detected failure of leader 9b897477ac24457ba3057221142ea9b4)
I0507 06:28:47.470225 3170 raft_consensus.cc:494] T 9bbbc2f7a1fa40c2a9c8edb97b9fcb5d P 0c1b3bd57dab421faa01448383625df1 [term 1 FOLLOWER]: Starting pre-election with config: opid_index: 2 OBSOLETE_local: false peers { permanent_uuid: "9b897477ac24457ba3057221142ea9b4" member_type: VOTER last_known_addr { host: "127.0.57.195" port: 38257 } } peers { permanent_uuid: "0c1b3bd57dab421faa01448383625df1" member_type: VOTER last_known_addr { host: "127.0.57.193" port: 35893 } } peers { permanent_uuid: "1f3225ac14a24ce4be60bcf2c130d634" member_type: NON_VOTER last_known_addr { host: "127.0.57.194" port: 41551 } attrs { } }
I0507 06:28:47.470916 3170 leader_election.cc:296] T 9bbbc2f7a1fa40c2a9c8edb97b9fcb5d P 0c1b3bd57dab421faa01448383625df1 [CANDIDATE]: Term 2 pre-election: Requested pre-vote from peers 9b897477ac24457ba3057221142ea9b4 (127.0.57.195:38257)
W0507 06:28:47.471213 2748 leader_election.cc:341] T 9bbbc2f7a1fa40c2a9c8edb97b9fcb5d P 0c1b3bd57dab421faa01448383625df1 [CANDIDATE]: Term 2 pre-election: RPC error from VoteRequest() call to peer 9b897477ac24457ba3057221142ea9b4 (127.0.57.195:38257): Timed out: RequestConsensusVote RPC to 127.0.57.195:38257 timed out after 1.486s (SENT)
I0507 06:28:47.471310 2748 leader_election.cc:310] T 9bbbc2f7a1fa40c2a9c8edb97b9fcb5d P 0c1b3bd57dab421faa01448383625df1 [CANDIDATE]: Term 2 pre-election: Election decided. Result: candidate lost. Election summary: received 2 responses out of 2 voters: 1 yes votes; 1 no votes. yes voters: 0c1b3bd57dab421faa01448383625df1; no voters: 9b897477ac24457ba3057221142ea9b4
I0507 06:28:47.471732 3170 raft_consensus.cc:2588] T 9bbbc2f7a1fa40c2a9c8edb97b9fcb5d P 0c1b3bd57dab421faa01448383625df1 [term 1 FOLLOWER]: Leader pre-election lost for term 2. Reason: could not achieve majority
W0507 06:28:48.135233 2748 leader_election.cc:341] T 9bbbc2f7a1fa40c2a9c8edb97b9fcb5d P 0c1b3bd57dab421faa01448383625df1 [CANDIDATE]: Term 2 pre-election: RPC error from VoteRequest() call to peer 9b897477ac24457ba3057221142ea9b4 (127.0.57.195:38257): Timed out: RequestConsensusVote RPC to 127.0.57.195:38257 timed out after 0.663s (SENT)
I0507 06:28:48.135403 2748 leader_election.cc:310] T 9bbbc2f7a1fa40c2a9c8edb97b9fcb5d P 0c1b3bd57dab421faa01448383625df1 [CANDIDATE]: Term 2 pre-election: Election decided. Result: candidate lost. Election summary: received 2 responses out of 2 voters: 1 yes votes; 1 no votes. yes voters: 0c1b3bd57dab421faa01448383625df1; no voters: 9b897477ac24457ba3057221142ea9b4
I0507 06:28:48.136242 3171 raft_consensus.cc:2588] T 9bbbc2f7a1fa40c2a9c8edb97b9fcb5d P 0c1b3bd57dab421faa01448383625df1 [term 1 FOLLOWER]: Leader pre-election lost for term 2. Reason: could not achieve majority
I0507 06:28:48.804329 3069 tablet_service.cc:1286] Received RequestConsensusVote() RPC: tablet_id: "9bbbc2f7a1fa40c2a9c8edb97b9fcb5d" candidate_uuid: "0c1b3bd57dab421faa01448383625df1" candidate_term: 2 candidate_status { last_received { term: 1 index: 2 } } ignore_live_leader: false dest_uuid: "9b897477ac24457ba3057221142ea9b4" is_pre_election: true
I0507 06:28:48.804582 3069 raft_consensus.cc:2307] T 9bbbc2f7a1fa40c2a9c8edb97b9fcb5d P 9b897477ac24457ba3057221142ea9b4 [term 1 LEADER]: Leader pre-election vote request: Denying vote to candidate 0c1b3bd57dab421faa01448383625df1 for term 2 because replica is either leader or believes a valid leader to be alive.
I0507 06:28:48.806275 3066 tablet_service.cc:1286] Received RequestConsensusVote() RPC: tablet_id: "9bbbc2f7a1fa40c2a9c8edb97b9fcb5d" candidate_uuid: "0c1b3bd57dab421faa01448383625df1" candidate_term: 2 candidate_status { last_received { term: 1 index: 2 } } ignore_live_leader: false dest_uuid: "9b897477ac24457ba3057221142ea9b4" is_pre_election: true
I0507 06:28:48.807884 3068 tablet_service.cc:1286] Received RequestConsensusVote() RPC: tablet_id: "9bbbc2f7a1fa40c2a9c8edb97b9fcb5d" candidate_uuid: "0c1b3bd57dab421faa01448383625df1" candidate_term: 2 candidate_status { last_received { term: 1 index: 2 } } ignore_live_leader: false dest_uuid: "9b897477ac24457ba3057221142ea9b4" is_pre_election: true
I0507 06:28:48.807103 3057 tablet_service.cc:1286] Received RequestConsensusVote() RPC: tablet_id: "9bbbc2f7a1fa40c2a9c8edb97b9fcb5d" candidate_uuid: "0c1b3bd57dab421faa01448383625df1" candidate_term: 2 candidate_status { last_received { term: 1 index: 2 } } ignore_live_leader: false dest_uuid: "9b897477ac24457ba3057221142ea9b4" is_pre_election: true
I0507 06:28:48.811313 3066 raft_consensus.cc:2307] T 9bbbc2f7a1fa40c2a9c8edb97b9fcb5d P 9b897477ac24457ba3057221142ea9b4 [term 1 LEADER]: Leader pre-election vote request: Denying vote to candidate 0c1b3bd57dab421faa01448383625df1 for term 2 because replica is either leader or believes a valid leader to be alive.
I0507 06:28:48.808591 3061 tablet_service.cc:1286] Received RequestConsensusVote() RPC: tablet_id: "9bbbc2f7a1fa40c2a9c8edb97b9fcb5d" candidate_uuid: "0c1b3bd57dab421faa01448383625df1" candidate_term: 2 candidate_status { last_received { term: 1 index: 2 } } ignore_live_leader: false dest_uuid: "9b897477ac24457ba3057221142ea9b4" is_pre_election: true
I0507 06:28:48.811434 3067 tablet_service.cc:1286] Received RequestConsensusVote() RPC: tablet_id: "9bbbc2f7a1fa40c2a9c8edb97b9fcb5d" candidate_uuid: "0c1b3bd57dab421faa01448383625df1" candidate_term: 2 candidate_status { last_received { term: 1 index: 2 } } ignore_live_leader: false dest_uuid: "9b897477ac24457ba3057221142ea9b4" is_pre_election: true
I0507 06:28:48.812310 3065 tablet_service.cc:1286] Received RequestConsensusVote() RPC: tablet_id: "9bbbc2f7a1fa40c2a9c8edb97b9fcb5d" candidate_uuid: "0c1b3bd57dab421faa01448383625df1" candidate_term: 2 candidate_status { last_received { term: 1 index: 2 } } ignore_live_leader: false dest_uuid: "9b897477ac24457ba3057221142ea9b4" is_pre_election: true
I0507 06:28:48.812805 3055 tablet_service.cc:1286] Received RequestConsensusVote() RPC: tablet_id: "9bbbc2f7a1fa40c2a9c8edb97b9fcb5d" candidate_uuid: "0c1b3bd57dab421faa01448383625df1" candidate_term: 2 candidate_status { last_received { term: 1 index: 2 } } ignore_live_leader: false dest_uuid: "9b897477ac24457ba3057221142ea9b4" is_pre_election: true
I0507 06:28:48.810653 3054 tablet_service.cc:1286] Received RequestConsensusVote() RPC: tablet_id: "9bbbc2f7a1fa40c2a9c8edb97b9fcb5d" candidate_uuid: "0c1b3bd57dab421faa01448383625df1" candidate_term: 2 candidate_status { last_received { term: 1 index: 2 } } ignore_live_leader: false dest_uuid: "9b897477ac24457ba3057221142ea9b4" is_pre_election: true
I0507 06:28:48.813019 3059 tablet_service.cc:1286] Received RequestConsensusVote() RPC: tablet_id: "9bbbc2f7a1fa40c2a9c8edb97b9fcb5d" candidate_uuid: "0c1b3bd57dab421faa01448383625df1" candidate_term: 2 candidate_status { last_received { term: 1 index: 2 } } ignore_live_leader: false dest_uuid: "9b897477ac24457ba3057221142ea9b4" is_pre_election: true
I0507 06:28:48.813045 3063 tablet_service.cc:1286] Received RequestConsensusVote() RPC: tablet_id: "9bbbc2f7a1fa40c2a9c8edb97b9fcb5d" candidate_uuid: "0c1b3bd57dab421faa01448383625df1" candidate_term: 2 candidate_status { last_received { term: 1 index: 2 } } ignore_live_leader: false dest_uuid: "9b897477ac24457ba3057221142ea9b4" is_pre_election: true
I0507 06:28:48.817191 3061 raft_consensus.cc:2307] T 9bbbc2f7a1fa40c2a9c8edb97b9fcb5d P 9b897477ac24457ba3057221142ea9b4 [term 1 LEADER]: Leader pre-election vote request: Denying vote to candidate 0c1b3bd57dab421faa01448383625df1 for term 2 because replica is either leader or believes a valid leader to be alive.
I0507 06:28:48.817622 3057 raft_consensus.cc:2321] T 9bbbc2f7a1fa40c2a9c8edb97b9fcb5d P 9b897477ac24457ba3057221142ea9b4 [term 1 LEADER]: Leader pre-election vote request: Denying vote to candidate 0c1b3bd57dab421faa01448383625df1 for term 2 because replica is already servicing an update from a current leader or another vote.
I0507 06:28:48.818579 3068 raft_consensus.cc:2321] T 9bbbc2f7a1fa40c2a9c8edb97b9fcb5d P 9b897477ac24457ba3057221142ea9b4 [term 1 LEADER]: Leader pre-election vote request: Denying vote to candidate 0c1b3bd57dab421faa01448383625df1 for term 2 because replica is already servicing an update from a current leader or another vote.
I0507 06:28:48.819371 3055 raft_consensus.cc:2321] T 9bbbc2f7a1fa40c2a9c8edb97b9fcb5d P 9b897477ac24457ba3057221142ea9b4 [term 1 LEADER]: Leader pre-election vote request: Denying vote to candidate 0c1b3bd57dab421faa01448383625df1 for term 2 because replica is already servicing an update from a current leader or another vote.
I0507 06:28:48.819659 3054 raft_consensus.cc:2321] T 9bbbc2f7a1fa40c2a9c8edb97b9fcb5d P 9b897477ac24457ba3057221142ea9b4 [term 1 LEADER]: Leader pre-election vote request: Denying vote to candidate 0c1b3bd57dab421faa01448383625df1 for term 2 because replica is already servicing an update from a current leader or another vote.
I0507 06:28:48.820022 3067 raft_consensus.cc:2321] T 9bbbc2f7a1fa40c2a9c8edb97b9fcb5d P 9b897477ac24457ba3057221142ea9b4 [term 1 LEADER]: Leader pre-election vote request: Denying vote to candidate 0c1b3bd57dab421faa01448383625df1 for term 2 because replica is already servicing an update from a current leader or another vote.
I0507 06:28:48.821477 3065 raft_consensus.cc:2321] T 9bbbc2f7a1fa40c2a9c8edb97b9fcb5d P 9b897477ac24457ba3057221142ea9b4 [term 1 LEADER]: Leader pre-election vote request: Denying vote to candidate 0c1b3bd57dab421faa01448383625df1 for term 2 because replica is already servicing an update from a current leader or another vote.
W0507 06:28:48.821467 2864 generic_service.cc:128] {username='slave'} at 127.0.0.1:57758 forcing change of non-runtime-safe flag enable_leader_failure_detection
I0507 06:28:48.821576 2864 generic_service.cc:148] {username='slave'} at 127.0.0.1:57758 changed flags via RPC: enable_leader_failure_detection from 'true' to 'false'
I0507 06:28:48.822324 3059 raft_consensus.cc:2321] T 9bbbc2f7a1fa40c2a9c8edb97b9fcb5d P 9b897477ac24457ba3057221142ea9b4 [term 1 LEADER]: Leader pre-election vote request: Denying vote to candidate 0c1b3bd57dab421faa01448383625df1 for term 2 because replica is already servicing an update from a current leader or another vote.
I0507 06:28:48.822543 3063 raft_consensus.cc:2321] T 9bbbc2f7a1fa40c2a9c8edb97b9fcb5d P 9b897477ac24457ba3057221142ea9b4 [term 1 LEADER]: Leader pre-election vote request: Denying vote to candidate 0c1b3bd57dab421faa01448383625df1 for term 2 because replica is already servicing an update from a current leader or another vote.
W0507 06:28:48.823316 2987 generic_service.cc:128] {username='slave'} at 127.0.0.1:39508 forcing change of non-runtime-safe flag enable_leader_failure_detection
I0507 06:28:48.823444 2987 generic_service.cc:148] {username='slave'} at 127.0.0.1:39508 changed flags via RPC: enable_leader_failure_detection from 'true' to 'false'
W0507 06:28:48.824934 3109 generic_service.cc:128] {username='slave'} at 127.0.0.1:60272 forcing change of non-runtime-safe flag enable_leader_failure_detection
I0507 06:28:48.825026 3109 generic_service.cc:148] {username='slave'} at 127.0.0.1:60272 changed flags via RPC: enable_leader_failure_detection from 'true' to 'false'
I0507 06:28:48.828474 231 external_mini_cluster.cc:1172] Attempting to check leaks for /tmp/dist-test-taskKhSYji/build/asan/bin/kudu-tserver pid 2871
I0507 06:28:48.829337 2987 generic_service.cc:171] Checking for leaks (request via RPC)
I0507 06:28:48.868569 3176 raft_consensus.cc:472] T 9bbbc2f7a1fa40c2a9c8edb97b9fcb5d P 0c1b3bd57dab421faa01448383625df1 [term 1 FOLLOWER]: Starting pre-election (detected failure of leader 9b897477ac24457ba3057221142ea9b4)
I0507 06:28:48.868743 3176 raft_consensus.cc:494] T 9bbbc2f7a1fa40c2a9c8edb97b9fcb5d P 0c1b3bd57dab421faa01448383625df1 [term 1 FOLLOWER]: Starting pre-election with config: opid_index: 2 OBSOLETE_local: false peers { permanent_uuid: "9b897477ac24457ba3057221142ea9b4" member_type: VOTER last_known_addr { host: "127.0.57.195" port: 38257 } } peers { permanent_uuid: "0c1b3bd57dab421faa01448383625df1" member_type: VOTER last_known_addr { host: "127.0.57.193" port: 35893 } } peers { permanent_uuid: "1f3225ac14a24ce4be60bcf2c130d634" member_type: NON_VOTER last_known_addr { host: "127.0.57.194" port: 41551 } attrs { } }
I0507 06:28:48.869850 3176 leader_election.cc:296] T 9bbbc2f7a1fa40c2a9c8edb97b9fcb5d P 0c1b3bd57dab421faa01448383625df1 [CANDIDATE]: Term 2 pre-election: Requested pre-vote from peers 9b897477ac24457ba3057221142ea9b4 (127.0.57.195:38257)
I0507 06:28:48.870050 3057 tablet_service.cc:1286] Received RequestConsensusVote() RPC: tablet_id: "9bbbc2f7a1fa40c2a9c8edb97b9fcb5d" candidate_uuid: "0c1b3bd57dab421faa01448383625df1" candidate_term: 2 candidate_status { last_received { term: 1 index: 2 } } ignore_live_leader: false dest_uuid: "9b897477ac24457ba3057221142ea9b4" is_pre_election: true
I0507 06:28:48.870272 3057 raft_consensus.cc:2307] T 9bbbc2f7a1fa40c2a9c8edb97b9fcb5d P 9b897477ac24457ba3057221142ea9b4 [term 1 LEADER]: Leader pre-election vote request: Denying vote to candidate 0c1b3bd57dab421faa01448383625df1 for term 2 because replica is either leader or believes a valid leader to be alive.
I0507 06:28:48.870808 2748 leader_election.cc:310] T 9bbbc2f7a1fa40c2a9c8edb97b9fcb5d P 0c1b3bd57dab421faa01448383625df1 [CANDIDATE]: Term 2 pre-election: Election decided. Result: candidate lost. Election summary: received 2 responses out of 2 voters: 1 yes votes; 1 no votes. yes voters: 0c1b3bd57dab421faa01448383625df1; no voters: 9b897477ac24457ba3057221142ea9b4
I0507 06:28:48.871124 3176 raft_consensus.cc:2588] T 9bbbc2f7a1fa40c2a9c8edb97b9fcb5d P 0c1b3bd57dab421faa01448383625df1 [term 1 FOLLOWER]: Leader pre-election lost for term 2. Reason: could not achieve majority
I0507 06:28:48.878170 231 external_mini_cluster.cc:1131] Killing /tmp/dist-test-taskKhSYji/build/asan/bin/kudu-tserver with pid 2871
I0507 06:28:48.889612 231 external_mini_cluster.cc:933] Running /tmp/dist-test-taskKhSYji/build/asan/bin/kudu-tserver /tmp/dist-test-taskKhSYji/build/asan/bin/kudu-tserver --fs_wal_dir=/tmp/dist-test-taskKhSYji/test-tmp/raft_consensus_nonvoter-itest.0.RaftConsensusNonVoterITest.NonVoterReplicasDoNotVote.1557210500371863-231/raft_consensus-itest-cluster/ts-1/wal --fs_data_dirs=/tmp/dist-test-taskKhSYji/test-tmp/raft_consensus_nonvoter-itest.0.RaftConsensusNonVoterITest.NonVoterReplicasDoNotVote.1557210500371863-231/raft_consensus-itest-cluster/ts-1/data --block_manager=log --rpc_bind_addresses=127.0.57.194:41551 --local_ip_for_outbound_sockets=127.0.57.194 --webserver_port=36339 --webserver_interface=127.0.57.194 --tserver_master_addrs=127.0.57.254:46409 --never_fsync --ipki_server_key_size=1024 --enable_minidumps=false --redact=none --metrics_log_interval_ms=1000 --logtostderr --logbuflevel=-1 --log_dir=/tmp/dist-test-taskKhSYji/test-tmp/raft_consensus_nonvoter-itest.0.RaftConsensusNonVoterITest.NonVoterReplicasDoNotVote.1557210500371863-231/raft_consensus-itest-cluster/ts-1/logs --server_dump_info_path=/tmp/dist-test-taskKhSYji/test-tmp/raft_consensus_nonvoter-itest.0.RaftConsensusNonVoterITest.NonVoterReplicasDoNotVote.1557210500371863-231/raft_consensus-itest-cluster/ts-1/data/info.pb --server_dump_info_format=pb --rpc_server_allow_ephemeral_ports --unlock_experimental_flags --unlock_unsafe_flags --raft_heartbeat_interval_ms=64 --leader_failure_max_missed_heartbeat_periods=1 with env {}
I0507 06:28:48.920166 3176 raft_consensus.cc:472] T 9bbbc2f7a1fa40c2a9c8edb97b9fcb5d P 0c1b3bd57dab421faa01448383625df1 [term 1 FOLLOWER]: Starting pre-election (detected failure of leader 9b897477ac24457ba3057221142ea9b4)
I0507 06:28:48.920465 3176 raft_consensus.cc:494] T 9bbbc2f7a1fa40c2a9c8edb97b9fcb5d P 0c1b3bd57dab421faa01448383625df1 [term 1 FOLLOWER]: Starting pre-election with config: opid_index: 2 OBSOLETE_local: false peers { permanent_uuid: "9b897477ac24457ba3057221142ea9b4" member_type: VOTER last_known_addr { host: "127.0.57.195" port: 38257 } } peers { permanent_uuid: "0c1b3bd57dab421faa01448383625df1" member_type: VOTER last_known_addr { host: "127.0.57.193" port: 35893 } } peers { permanent_uuid: "1f3225ac14a24ce4be60bcf2c130d634" member_type: NON_VOTER last_known_addr { host: "127.0.57.194" port: 41551 } attrs { } }
I0507 06:28:48.921093 3176 leader_election.cc:296] T 9bbbc2f7a1fa40c2a9c8edb97b9fcb5d P 0c1b3bd57dab421faa01448383625df1 [CANDIDATE]: Term 2 pre-election: Requested pre-vote from peers 9b897477ac24457ba3057221142ea9b4 (127.0.57.195:38257)
I0507 06:28:48.921916 3057 tablet_service.cc:1286] Received RequestConsensusVote() RPC: tablet_id: "9bbbc2f7a1fa40c2a9c8edb97b9fcb5d" candidate_uuid: "0c1b3bd57dab421faa01448383625df1" candidate_term: 2 candidate_status { last_received { term: 1 index: 2 } } ignore_live_leader: false dest_uuid: "9b897477ac24457ba3057221142ea9b4" is_pre_election: true
I0507 06:28:48.922096 3057 raft_consensus.cc:2307] T 9bbbc2f7a1fa40c2a9c8edb97b9fcb5d P 9b897477ac24457ba3057221142ea9b4 [term 1 LEADER]: Leader pre-election vote request: Denying vote to candidate 0c1b3bd57dab421faa01448383625df1 for term 2 because replica is either leader or believes a valid leader to be alive.
I0507 06:28:48.922508 2748 leader_election.cc:310] T 9bbbc2f7a1fa40c2a9c8edb97b9fcb5d P 0c1b3bd57dab421faa01448383625df1 [CANDIDATE]: Term 2 pre-election: Election decided. Result: candidate lost. Election summary: received 2 responses out of 2 voters: 1 yes votes; 1 no votes. yes voters: 0c1b3bd57dab421faa01448383625df1; no voters: 9b897477ac24457ba3057221142ea9b4
I0507 06:28:48.922909 3176 raft_consensus.cc:2588] T 9bbbc2f7a1fa40c2a9c8edb97b9fcb5d P 0c1b3bd57dab421faa01448383625df1 [term 1 FOLLOWER]: Leader pre-election lost for term 2. Reason: could not achieve majority
W0507 06:28:48.932727 3001 consensus_peers.cc:457] T 9bbbc2f7a1fa40c2a9c8edb97b9fcb5d P 9b897477ac24457ba3057221142ea9b4 -> Peer 1f3225ac14a24ce4be60bcf2c130d634 (127.0.57.194:41551): Couldn't send request to peer 1f3225ac14a24ce4be60bcf2c130d634. Status: Network error: Client connection negotiation failed: client connection to 127.0.57.194:41551: connect: Connection refused (error 111). This is attempt 1: this message will repeat every 5th retry.
I0507 06:28:48.985877 3176 raft_consensus.cc:472] T 9bbbc2f7a1fa40c2a9c8edb97b9fcb5d P 0c1b3bd57dab421faa01448383625df1 [term 1 FOLLOWER]: Starting pre-election (detected failure of leader 9b897477ac24457ba3057221142ea9b4)
I0507 06:28:48.986068 3176 raft_consensus.cc:494] T 9bbbc2f7a1fa40c2a9c8edb97b9fcb5d P 0c1b3bd57dab421faa01448383625df1 [term 1 FOLLOWER]: Starting pre-election with config: opid_index: 2 OBSOLETE_local: false peers { permanent_uuid: "9b897477ac24457ba3057221142ea9b4" member_type: VOTER last_known_addr { host: "127.0.57.195" port: 38257 } } peers { permanent_uuid: "0c1b3bd57dab421faa01448383625df1" member_type: VOTER last_known_addr { host: "127.0.57.193" port: 35893 } } peers { permanent_uuid: "1f3225ac14a24ce4be60bcf2c130d634" member_type: NON_VOTER last_known_addr { host: "127.0.57.194" port: 41551 } attrs { } }
I0507 06:28:48.986817 3176 leader_election.cc:296] T 9bbbc2f7a1fa40c2a9c8edb97b9fcb5d P 0c1b3bd57dab421faa01448383625df1 [CANDIDATE]: Term 2 pre-election: Requested pre-vote from peers 9b897477ac24457ba3057221142ea9b4 (127.0.57.195:38257)
I0507 06:28:48.987720 3057 tablet_service.cc:1286] Received RequestConsensusVote() RPC: tablet_id: "9bbbc2f7a1fa40c2a9c8edb97b9fcb5d" candidate_uuid: "0c1b3bd57dab421faa01448383625df1" candidate_term: 2 candidate_status { last_received { term: 1 index: 2 } } ignore_live_leader: false dest_uuid: "9b897477ac24457ba3057221142ea9b4" is_pre_election: true
I0507 06:28:48.987963 3057 raft_consensus.cc:2307] T 9bbbc2f7a1fa40c2a9c8edb97b9fcb5d P 9b897477ac24457ba3057221142ea9b4 [term 1 LEADER]: Leader pre-election vote request: Denying vote to candidate 0c1b3bd57dab421faa01448383625df1 for term 2 because replica is either leader or believes a valid leader to be alive.
I0507 06:28:48.988628 2748 leader_election.cc:310] T 9bbbc2f7a1fa40c2a9c8edb97b9fcb5d P 0c1b3bd57dab421faa01448383625df1 [CANDIDATE]: Term 2 pre-election: Election decided. Result: candidate lost. Election summary: received 2 responses out of 2 voters: 1 yes votes; 1 no votes. yes voters: 0c1b3bd57dab421faa01448383625df1; no voters: 9b897477ac24457ba3057221142ea9b4
I0507 06:28:48.988966 3176 raft_consensus.cc:2588] T 9bbbc2f7a1fa40c2a9c8edb97b9fcb5d P 0c1b3bd57dab421faa01448383625df1 [term 1 FOLLOWER]: Leader pre-election lost for term 2. Reason: could not achieve majority
I0507 06:28:49.040665 3176 raft_consensus.cc:472] T 9bbbc2f7a1fa40c2a9c8edb97b9fcb5d P 0c1b3bd57dab421faa01448383625df1 [term 1 FOLLOWER]: Starting pre-election (detected failure of leader 9b897477ac24457ba3057221142ea9b4)
I0507 06:28:49.040902 3176 raft_consensus.cc:494] T 9bbbc2f7a1fa40c2a9c8edb97b9fcb5d P 0c1b3bd57dab421faa01448383625df1 [term 1 FOLLOWER]: Starting pre-election with config: opid_index: 2 OBSOLETE_local: false peers { permanent_uuid: "9b897477ac24457ba3057221142ea9b4" member_type: VOTER last_known_addr { host: "127.0.57.195" port: 38257 } } peers { permanent_uuid: "0c1b3bd57dab421faa01448383625df1" member_type: VOTER last_known_addr { host: "127.0.57.193" port: 35893 } } peers { permanent_uuid: "1f3225ac14a24ce4be60bcf2c130d634" member_type: NON_VOTER last_known_addr { host: "127.0.57.194" port: 41551 } attrs { } }
I0507 06:28:49.041990 3176 leader_election.cc:296] T 9bbbc2f7a1fa40c2a9c8edb97b9fcb5d P 0c1b3bd57dab421faa01448383625df1 [CANDIDATE]: Term 2 pre-election: Requested pre-vote from peers 9b897477ac24457ba3057221142ea9b4 (127.0.57.195:38257)
I0507 06:28:49.042536 3057 tablet_service.cc:1286] Received RequestConsensusVote() RPC: tablet_id: "9bbbc2f7a1fa40c2a9c8edb97b9fcb5d" candidate_uuid: "0c1b3bd57dab421faa01448383625df1" candidate_term: 2 candidate_status { last_received { term: 1 index: 2 } } ignore_live_leader: false dest_uuid: "9b897477ac24457ba3057221142ea9b4" is_pre_election: true
I0507 06:28:49.042783 3057 raft_consensus.cc:2307] T 9bbbc2f7a1fa40c2a9c8edb97b9fcb5d P 9b897477ac24457ba3057221142ea9b4 [term 1 LEADER]: Leader pre-election vote request: Denying vote to candidate 0c1b3bd57dab421faa01448383625df1 for term 2 because replica is either leader or believes a valid leader to be alive.
I0507 06:28:49.043337 2748 leader_election.cc:310] T 9bbbc2f7a1fa40c2a9c8edb97b9fcb5d P 0c1b3bd57dab421faa01448383625df1 [CANDIDATE]: Term 2 pre-election: Election decided. Result: candidate lost. Election summary: received 2 responses out of 2 voters: 1 yes votes; 1 no votes. yes voters: 0c1b3bd57dab421faa01448383625df1; no voters: 9b897477ac24457ba3057221142ea9b4
I0507 06:28:49.043732 3176 raft_consensus.cc:2588] T 9bbbc2f7a1fa40c2a9c8edb97b9fcb5d P 0c1b3bd57dab421faa01448383625df1 [term 1 FOLLOWER]: Leader pre-election lost for term 2. Reason: could not achieve majority WARNING: Logging before InitGoogleLogging() is written to STDERR
W0507 06:28:49.066840 3177 flags.cc:404] Enabled unsafe flag: --rpc_server_allow_ephemeral_ports=true
W0507 06:28:49.067077 3177 flags.cc:404] Enabled unsafe flag: --never_fsync=true
W0507 06:28:49.069327 3177 flags.cc:404] Enabled experimental flag: --ipki_server_key_size=1024
W0507 06:28:49.069435 3177 flags.cc:404] Enabled experimental flag: --local_ip_for_outbound_sockets=127.0.57.194
I0507 06:28:49.073858 3177 tablet_server_main.cc:78] Tablet server non-default flags: --leader_failure_max_missed_heartbeat_periods=1 --raft_heartbeat_interval_ms=64 --fs_data_dirs=/tmp/dist-test-taskKhSYji/test-tmp/raft_consensus_nonvoter-itest.0.RaftConsensusNonVoterITest.NonVoterReplicasDoNotVote.1557210500371863-231/raft_consensus-itest-cluster/ts-1/data --fs_wal_dir=/tmp/dist-test-taskKhSYji/test-tmp/raft_consensus_nonvoter-itest.0.RaftConsensusNonVoterITest.NonVoterReplicasDoNotVote.1557210500371863-231/raft_consensus-itest-cluster/ts-1/wal --ipki_server_key_size=1024 --rpc_bind_addresses=127.0.57.194:41551 --rpc_server_allow_ephemeral_ports=true --metrics_log_interval_ms=1000 --server_dump_info_format=pb --server_dump_info_path=/tmp/dist-test-taskKhSYji/test-tmp/raft_consensus_nonvoter-itest.0.RaftConsensusNonVoterITest.NonVoterReplicasDoNotVote.1557210500371863-231/raft_consensus-itest-cluster/ts-1/data/info.pb --webserver_interface=127.0.57.194 --webserver_port=36339 --tserver_master_addrs=127.0.57.254:46409 --never_fsync=true --redact=none --unlock_experimental_flags=true --unlock_unsafe_flags=true --enable_minidumps=false --local_ip_for_outbound_sockets=127.0.57.194 --log_dir=/tmp/dist-test-taskKhSYji/test-tmp/raft_consensus_nonvoter-itest.0.RaftConsensusNonVoterITest.NonVoterReplicasDoNotVote.1557210500371863-231/raft_consensus-itest-cluster/ts-1/logs --logbuflevel=-1 --logtostderr=true Tablet server version: kudu 1.10.0-cdh6.x-SNAPSHOT revision 7d0ee26697926e87af9ef395008799577f6ab43f build type FASTDEBUG built by jenkins at 06 May 2019 22:44:21 PST on quasar-knmpfx-1.vpc.cloudera.com build id 322017 ASAN enabled
I0507 06:28:49.082895 3177 system_ntp.cc:202] NTP initialized. Skew: 500ppm Current error: 39016us
I0507 06:28:49.083660 3177 fs_manager.cc:263] Metadata directory not provided
I0507 06:28:49.083762 3177 fs_manager.cc:269] Using write-ahead log directory (fs_wal_dir) as metadata directory
I0507 06:28:49.091095 3176 raft_consensus.cc:472] T 9bbbc2f7a1fa40c2a9c8edb97b9fcb5d P 0c1b3bd57dab421faa01448383625df1 [term 1 FOLLOWER]: Starting pre-election (detected failure of leader 9b897477ac24457ba3057221142ea9b4)
I0507 06:28:49.091296 3177 fs_manager.cc:399] Time spent opening directory manager: real 0.006s user 0.003s sys 0.001s
I0507 06:28:49.091246 3176 raft_consensus.cc:494] T 9bbbc2f7a1fa40c2a9c8edb97b9fcb5d P 0c1b3bd57dab421faa01448383625df1 [term 1 FOLLOWER]: Starting pre-election with config: opid_index: 2 OBSOLETE_local: false peers { permanent_uuid: "9b897477ac24457ba3057221142ea9b4" member_type: VOTER last_known_addr { host: "127.0.57.195" port: 38257 } } peers { permanent_uuid: "0c1b3bd57dab421faa01448383625df1" member_type: VOTER last_known_addr { host: "127.0.57.193" port: 35893 } } peers { permanent_uuid: "1f3225ac14a24ce4be60bcf2c130d634" member_type: NON_VOTER last_known_addr { host: "127.0.57.194" port: 41551 } attrs { } }
I0507 06:28:49.091766 3176 leader_election.cc:296] T 9bbbc2f7a1fa40c2a9c8edb97b9fcb5d P 0c1b3bd57dab421faa01448383625df1 [CANDIDATE]: Term 2 pre-election: Requested pre-vote from peers 9b897477ac24457ba3057221142ea9b4 (127.0.57.195:38257)
I0507 06:28:49.092033 3177 env_posix.cc:1676] Not raising this process' open files per process limit of 1048576; it is already as high as it can go
I0507 06:28:49.092645 3057 tablet_service.cc:1286] Received RequestConsensusVote() RPC: tablet_id: "9bbbc2f7a1fa40c2a9c8edb97b9fcb5d" candidate_uuid: "0c1b3bd57dab421faa01448383625df1" candidate_term: 2 candidate_status { last_received { term: 1 index: 2 } } ignore_live_leader: false dest_uuid: "9b897477ac24457ba3057221142ea9b4" is_pre_election: true
I0507 06:28:49.092823 3177 file_cache.cc:466] Constructed file cache lbm with capacity 419430
I0507 06:28:49.092900 3057 raft_consensus.cc:2307] T 9bbbc2f7a1fa40c2a9c8edb97b9fcb5d P 9b897477ac24457ba3057221142ea9b4 [term 1 LEADER]: Leader pre-election vote request: Denying vote to candidate 0c1b3bd57dab421faa01448383625df1 for term 2 because replica is either leader or believes a valid leader to be alive.
I0507 06:28:49.093456 2748 leader_election.cc:310] T 9bbbc2f7a1fa40c2a9c8edb97b9fcb5d P 0c1b3bd57dab421faa01448383625df1 [CANDIDATE]: Term 2 pre-election: Election decided. Result: candidate lost. Election summary: received 2 responses out of 2 voters: 1 yes votes; 1 no votes. yes voters: 0c1b3bd57dab421faa01448383625df1; no voters: 9b897477ac24457ba3057221142ea9b4
I0507 06:28:49.093835 3176 raft_consensus.cc:2588] T 9bbbc2f7a1fa40c2a9c8edb97b9fcb5d P 0c1b3bd57dab421faa01448383625df1 [term 1 FOLLOWER]: Leader pre-election lost for term 2. Reason: could not achieve majority
I0507 06:28:49.096140 3177 fs_manager.cc:419] Time spent opening block manager: real 0.002s user 0.001s sys 0.000s
I0507 06:28:49.096222 3177 fs_manager.cc:436] Opened local filesystem: /tmp/dist-test-taskKhSYji/test-tmp/raft_consensus_nonvoter-itest.0.RaftConsensusNonVoterITest.NonVoterReplicasDoNotVote.1557210500371863-231/raft_consensus-itest-cluster/ts-1/data,/tmp/dist-test-taskKhSYji/test-tmp/raft_consensus_nonvoter-itest.0.RaftConsensusNonVoterITest.NonVoterReplicasDoNotVote.1557210500371863-231/raft_consensus-itest-cluster/ts-1/wal uuid: "1f3225ac14a24ce4be60bcf2c130d634" format_stamp: "Formatted at 2019-05-07 06:28:38 on dist-test-slave-dist-test-slave-rqp6"
I0507 06:28:49.097275 3177 fs_report.cc:352] FS layout report -------------------- wal directory: /tmp/dist-test-taskKhSYji/test-tmp/raft_consensus_nonvoter-itest.0.RaftConsensusNonVoterITest.NonVoterReplicasDoNotVote.1557210500371863-231/raft_consensus-itest-cluster/ts-1/wal metadata directory: /tmp/dist-test-taskKhSYji/test-tmp/raft_consensus_nonvoter-itest.0.RaftConsensusNonVoterITest.NonVoterReplicasDoNotVote.1557210500371863-231/raft_consensus-itest-cluster/ts-1/wal 1 data directories: /tmp/dist-test-taskKhSYji/test-tmp/raft_consensus_nonvoter-itest.0.RaftConsensusNonVoterITest.NonVoterReplicasDoNotVote.1557210500371863-231/raft_consensus-itest-cluster/ts-1/data/data Total live blocks: 0 Total live bytes: 0 Total live bytes (after alignment): 0 Total number of LBM containers: 0 (0 full) Did not check for missing blocks Did not check for orphaned blocks Total full LBM containers with extra space: 0 (0 repaired) Total full LBM container extra space in bytes: 0 (0 repaired) Total incomplete LBM containers: 0 (0 repaired) Total LBM partial records: 0 (0 repaired)
I0507 06:28:49.134910 3177 env_posix.cc:1676] Not raising this process' running threads per effective uid limit of 18446744073709551615; it is already as high as it can go
I0507 06:28:49.137081 3177 ts_tablet_manager.cc:344] Loading tablet metadata (0/1 complete)
I0507 06:28:49.141585 3177 ts_tablet_manager.cc:356] Loaded tablet metadata (1 total tablets, 1 live tablets)
I0507 06:28:49.141664 3177 ts_tablet_manager.cc:362] Registering tablets (0/1 complete)
I0507 06:28:49.145061 3193 tablet_bootstrap.cc:439] T 9bbbc2f7a1fa40c2a9c8edb97b9fcb5d P 1f3225ac14a24ce4be60bcf2c130d634: Bootstrap starting.
I0507 06:28:49.148614 3177 ts_tablet_manager.cc:376] Registered 1 tablets
I0507 06:28:49.164300 3193 log.cc:525] T 9bbbc2f7a1fa40c2a9c8edb97b9fcb5d P 1f3225ac14a24ce4be60bcf2c130d634: Log is configured to *not* fsync() on all Append() calls
I0507 06:28:49.169080 3176 raft_consensus.cc:472] T 9bbbc2f7a1fa40c2a9c8edb97b9fcb5d P 0c1b3bd57dab421faa01448383625df1 [term 1 FOLLOWER]: Starting pre-election (detected failure of leader 9b897477ac24457ba3057221142ea9b4)
I0507 06:28:49.169219 3176 raft_consensus.cc:494] T 9bbbc2f7a1fa40c2a9c8edb97b9fcb5d P 0c1b3bd57dab421faa01448383625df1 [term 1 FOLLOWER]: Starting pre-election with config: opid_index: 2 OBSOLETE_local: false peers { permanent_uuid: "9b897477ac24457ba3057221142ea9b4" member_type: VOTER last_known_addr { host: "127.0.57.195" port: 38257 } } peers { permanent_uuid: "0c1b3bd57dab421faa01448383625df1" member_type: VOTER last_known_addr { host: "127.0.57.193" port: 35893 } } peers { permanent_uuid: "1f3225ac14a24ce4be60bcf2c130d634" member_type: NON_VOTER last_known_addr { host: "127.0.57.194" port: 41551 } attrs { } }
I0507 06:28:49.169409 3193 tablet_bootstrap.cc:439] T 9bbbc2f7a1fa40c2a9c8edb97b9fcb5d P 1f3225ac14a24ce4be60bcf2c130d634: Bootstrap replayed 1/1 log segments. Stats: ops{read=2 overwritten=0 applied=2 ignored=0} inserts{seen=0 ignored=0} mutations{seen=0 ignored=0} orphaned_commits=0. Pending: 0 replicates
I0507 06:28:49.169729 3176 leader_election.cc:296] T 9bbbc2f7a1fa40c2a9c8edb97b9fcb5d P 0c1b3bd57dab421faa01448383625df1 [CANDIDATE]: Term 2 pre-election: Requested pre-vote from peers 9b897477ac24457ba3057221142ea9b4 (127.0.57.195:38257)
I0507 06:28:49.169858 3193 tablet_bootstrap.cc:439] T 9bbbc2f7a1fa40c2a9c8edb97b9fcb5d P 1f3225ac14a24ce4be60bcf2c130d634: Bootstrap complete.
I0507 06:28:49.170281 3057 tablet_service.cc:1286] Received RequestConsensusVote() RPC: tablet_id: "9bbbc2f7a1fa40c2a9c8edb97b9fcb5d" candidate_uuid: "0c1b3bd57dab421faa01448383625df1" candidate_term: 2 candidate_status { last_received { term: 1 index: 2 } } ignore_live_leader: false dest_uuid: "9b897477ac24457ba3057221142ea9b4" is_pre_election: true
I0507 06:28:49.170496 3057 raft_consensus.cc:2307] T 9bbbc2f7a1fa40c2a9c8edb97b9fcb5d P 9b897477ac24457ba3057221142ea9b4 [term 1 LEADER]: Leader pre-election vote request: Denying vote to candidate 0c1b3bd57dab421faa01448383625df1 for term 2 because replica is either leader or believes a valid leader to be alive.
I0507 06:28:49.170718 3193 ts_tablet_manager.cc:1053] T 9bbbc2f7a1fa40c2a9c8edb97b9fcb5d P 1f3225ac14a24ce4be60bcf2c130d634: Time spent bootstrapping tablet: real 0.026s user 0.004s sys 0.014s
I0507 06:28:49.170933 2748 leader_election.cc:310] T 9bbbc2f7a1fa40c2a9c8edb97b9fcb5d P 0c1b3bd57dab421faa01448383625df1 [CANDIDATE]: Term 2 pre-election: Election decided. Result: candidate lost. Election summary: received 2 responses out of 2 voters: 1 yes votes; 1 no votes. yes voters: 0c1b3bd57dab421faa01448383625df1; no voters: 9b897477ac24457ba3057221142ea9b4
I0507 06:28:49.171205 3176 raft_consensus.cc:2588] T 9bbbc2f7a1fa40c2a9c8edb97b9fcb5d P 0c1b3bd57dab421faa01448383625df1 [term 1 FOLLOWER]: Leader pre-election lost for term 2. Reason: could not achieve majority
I0507 06:28:49.181385 3193 raft_consensus.cc:340] T 9bbbc2f7a1fa40c2a9c8edb97b9fcb5d P 1f3225ac14a24ce4be60bcf2c130d634 [term 1 LEARNER]: Replica starting. Triggering 0 pending transactions. Active config: opid_index: 2 OBSOLETE_local: false peers { permanent_uuid: "9b897477ac24457ba3057221142ea9b4" member_type: VOTER last_known_addr { host: "127.0.57.195" port: 38257 } } peers { permanent_uuid: "0c1b3bd57dab421faa01448383625df1" member_type: VOTER last_known_addr { host: "127.0.57.193" port: 35893 } } peers { permanent_uuid: "1f3225ac14a24ce4be60bcf2c130d634" member_type: NON_VOTER last_known_addr { host: "127.0.57.194" port: 41551 } attrs { } }
I0507 06:28:49.183887 3193 raft_consensus.cc:705] T 9bbbc2f7a1fa40c2a9c8edb97b9fcb5d P 1f3225ac14a24ce4be60bcf2c130d634 [term 1 LEARNER]: Becoming Follower/Learner. State: Replica: 1f3225ac14a24ce4be60bcf2c130d634, State: Initialized, Role: LEARNER
I0507 06:28:49.184249 3193 consensus_queue.cc:229] T 9bbbc2f7a1fa40c2a9c8edb97b9fcb5d P 1f3225ac14a24ce4be60bcf2c130d634 [NON_LEADER]: Queue going to NON_LEADER mode. State: All replicated index: 0, Majority replicated index: 0, Committed index: 2, Last appended: 1.2, Last appended by leader: 2, Current term: 0, Majority size: -1, State: 0, Mode: NON_LEADER, active raft config: opid_index: 2 OBSOLETE_local: false peers { permanent_uuid: "9b897477ac24457ba3057221142ea9b4" member_type: VOTER last_known_addr { host: "127.0.57.195" port: 38257 } } peers { permanent_uuid: "0c1b3bd57dab421faa01448383625df1" member_type: VOTER last_known_addr { host: "127.0.57.193" port: 35893 } } peers { permanent_uuid: "1f3225ac14a24ce4be60bcf2c130d634" member_type: NON_VOTER last_known_addr { host: "127.0.57.194" port: 41551 } attrs { } }
I0507 06:28:49.185745 3193 ts_tablet_manager.cc:1081] T 9bbbc2f7a1fa40c2a9c8edb97b9fcb5d P 1f3225ac14a24ce4be60bcf2c130d634: Time spent starting tablet: real 0.015s user 0.010s sys 0.002s
I0507 06:28:49.204236 3177 rpc_server.cc:205] RPC server started. Bound to: 127.0.57.194:41551
I0507 06:28:49.205569 3177 webserver.cc:308] Webserver started at http://127.0.57.194:36339/ using document root and password file
I0507 06:28:49.206351 3177 server_base.cc:608] Dumped server information to /tmp/dist-test-taskKhSYji/test-tmp/raft_consensus_nonvoter-itest.0.RaftConsensusNonVoterITest.NonVoterReplicasDoNotVote.1557210500371863-231/raft_consensus-itest-cluster/ts-1/data/info.pb
I0507 06:28:49.208500 231 external_mini_cluster.cc:995] Started /tmp/dist-test-taskKhSYji/build/asan/bin/kudu-tserver as pid 3177
I0507 06:28:49.216958 3300 heartbeater.cc:345] Connected to a master server at 127.0.57.254:46409
I0507 06:28:49.217257 3300 heartbeater.cc:426] Registering TS with master...
I0507 06:28:49.217897 3300 heartbeater.cc:475] Master 127.0.57.254:46409 requested a full tablet report, sending...
I0507 06:28:49.219719 2702 ts_manager.cc:159] Re-registered known tserver with Master: 1f3225ac14a24ce4be60bcf2c130d634 (127.0.57.194:41551)
I0507 06:28:49.221042 2702 master_service.cc:273] Signed X509 certificate for tserver {username='slave'} at 127.0.57.194:58955
I0507 06:28:49.239080 3176 raft_consensus.cc:472] T 9bbbc2f7a1fa40c2a9c8edb97b9fcb5d P 0c1b3bd57dab421faa01448383625df1 [term 1 FOLLOWER]: Starting pre-election (detected failure of leader 9b897477ac24457ba3057221142ea9b4)
I0507 06:28:49.239238 3176 raft_consensus.cc:494] T 9bbbc2f7a1fa40c2a9c8edb97b9fcb5d P 0c1b3bd57dab421faa01448383625df1 [term 1 FOLLOWER]: Starting pre-election with config: opid_index: 2 OBSOLETE_local: false peers { permanent_uuid: "9b897477ac24457ba3057221142ea9b4" member_type: VOTER last_known_addr { host: "127.0.57.195" port: 38257 } } peers { permanent_uuid: "0c1b3bd57dab421faa01448383625df1" member_type: VOTER last_known_addr { host: "127.0.57.193" port: 35893 } } peers { permanent_uuid: "1f3225ac14a24ce4be60bcf2c130d634" member_type: NON_VOTER last_known_addr { host: "127.0.57.194" port: 41551 } attrs { } }
I0507 06:28:49.239778 3176 leader_election.cc:296] T 9bbbc2f7a1fa40c2a9c8edb97b9fcb5d P 0c1b3bd57dab421faa01448383625df1 [CANDIDATE]: Term 2 pre-election: Requested pre-vote from peers 9b897477ac24457ba3057221142ea9b4 (127.0.57.195:38257)
I0507 06:28:49.240451 3057 tablet_service.cc:1286] Received RequestConsensusVote() RPC: tablet_id: "9bbbc2f7a1fa40c2a9c8edb97b9fcb5d" candidate_uuid: "0c1b3bd57dab421faa01448383625df1" candidate_term: 2 candidate_status { last_received { term: 1 index: 2 } } ignore_live_leader: false dest_uuid: "9b897477ac24457ba3057221142ea9b4" is_pre_election: true
I0507 06:28:49.240710 3057 raft_consensus.cc:2307] T 9bbbc2f7a1fa40c2a9c8edb97b9fcb5d P 9b897477ac24457ba3057221142ea9b4 [term 1 LEADER]: Leader pre-election vote request: Denying vote to candidate 0c1b3bd57dab421faa01448383625df1 for term 2 because replica is either leader or believes a valid leader to be alive.
I0507 06:28:49.241179 2748 leader_election.cc:310] T 9bbbc2f7a1fa40c2a9c8edb97b9fcb5d P 0c1b3bd57dab421faa01448383625df1 [CANDIDATE]: Term 2 pre-election: Election decided. Result: candidate lost. Election summary: received 2 responses out of 2 voters: 1 yes votes; 1 no votes. yes voters: 0c1b3bd57dab421faa01448383625df1; no voters: 9b897477ac24457ba3057221142ea9b4
I0507 06:28:49.241463 3176 raft_consensus.cc:2588] T 9bbbc2f7a1fa40c2a9c8edb97b9fcb5d P 0c1b3bd57dab421faa01448383625df1 [term 1 FOLLOWER]: Leader pre-election lost for term 2. Reason: could not achieve majority
I0507 06:28:49.247812 3300 heartbeater.cc:467] Master 127.0.57.254:46409 was elected leader, sending a full tablet report...
I0507 06:28:49.296005 3176 raft_consensus.cc:472] T 9bbbc2f7a1fa40c2a9c8edb97b9fcb5d P 0c1b3bd57dab421faa01448383625df1 [term 1 FOLLOWER]: Starting pre-election (detected failure of leader 9b897477ac24457ba3057221142ea9b4)
I0507 06:28:49.296176 3176 raft_consensus.cc:494] T 9bbbc2f7a1fa40c2a9c8edb97b9fcb5d P 0c1b3bd57dab421faa01448383625df1 [term 1 FOLLOWER]: Starting pre-election with config: opid_index: 2 OBSOLETE_local: false peers { permanent_uuid: "9b897477ac24457ba3057221142ea9b4" member_type: VOTER last_known_addr { host: "127.0.57.195" port: 38257 } } peers { permanent_uuid: "0c1b3bd57dab421faa01448383625df1" member_type: VOTER last_known_addr { host: "127.0.57.193" port: 35893 } } peers { permanent_uuid: "1f3225ac14a24ce4be60bcf2c130d634" member_type: NON_VOTER last_known_addr { host: "127.0.57.194" port: 41551 } attrs { } }
I0507 06:28:49.296785 3176 leader_election.cc:296] T 9bbbc2f7a1fa40c2a9c8edb97b9fcb5d P 0c1b3bd57dab421faa01448383625df1 [CANDIDATE]: Term 2 pre-election: Requested pre-vote from peers 9b897477ac24457ba3057221142ea9b4 (127.0.57.195:38257)
I0507 06:28:49.297353 3057 tablet_service.cc:1286] Received RequestConsensusVote() RPC: tablet_id: "9bbbc2f7a1fa40c2a9c8edb97b9fcb5d" candidate_uuid: "0c1b3bd57dab421faa01448383625df1" candidate_term: 2 candidate_status { last_received { term: 1 index: 2 } } ignore_live_leader: false dest_uuid: "9b897477ac24457ba3057221142ea9b4" is_pre_election: true
I0507 06:28:49.297566 3057 raft_consensus.cc:2307] T 9bbbc2f7a1fa40c2a9c8edb97b9fcb5d P 9b897477ac24457ba3057221142ea9b4 [term 1 LEADER]: Leader pre-election vote request: Denying vote to candidate 0c1b3bd57dab421faa01448383625df1 for term 2 because replica is either leader or believes a valid leader to be alive.
I0507 06:28:49.297936 2748 leader_election.cc:310] T 9bbbc2f7a1fa40c2a9c8edb97b9fcb5d P 0c1b3bd57dab421faa01448383625df1 [CANDIDATE]: Term 2 pre-election: Election decided. Result: candidate lost. Election summary: received 2 responses out of 2 voters: 1 yes votes; 1 no votes. yes voters: 0c1b3bd57dab421faa01448383625df1; no voters: 9b897477ac24457ba3057221142ea9b4
I0507 06:28:49.298199 3176 raft_consensus.cc:2588] T 9bbbc2f7a1fa40c2a9c8edb97b9fcb5d P 0c1b3bd57dab421faa01448383625df1 [term 1 FOLLOWER]: Leader pre-election lost for term 2. Reason: could not achieve majority
I0507 06:28:49.355069 3176 raft_consensus.cc:472] T 9bbbc2f7a1fa40c2a9c8edb97b9fcb5d P 0c1b3bd57dab421faa01448383625df1 [term 1 FOLLOWER]: Starting pre-election (detected failure of leader 9b897477ac24457ba3057221142ea9b4)
I0507 06:28:49.355253 3176 raft_consensus.cc:494] T 9bbbc2f7a1fa40c2a9c8edb97b9fcb5d P 0c1b3bd57dab421faa01448383625df1 [term 1 FOLLOWER]: Starting pre-election with config: opid_index: 2 OBSOLETE_local: false peers { permanent_uuid: "9b897477ac24457ba3057221142ea9b4" member_type: VOTER last_known_addr { host: "127.0.57.195" port: 38257 } } peers { permanent_uuid: "0c1b3bd57dab421faa01448383625df1" member_type: VOTER last_known_addr { host: "127.0.57.193" port: 35893 } } peers { permanent_uuid: "1f3225ac14a24ce4be60bcf2c130d634" member_type: NON_VOTER last_known_addr { host: "127.0.57.194" port: 41551 } attrs { } }
I0507 06:28:49.355841 3176 leader_election.cc:296] T 9bbbc2f7a1fa40c2a9c8edb97b9fcb5d P 0c1b3bd57dab421faa01448383625df1 [CANDIDATE]: Term 2 pre-election: Requested pre-vote from peers 9b897477ac24457ba3057221142ea9b4 (127.0.57.195:38257)
I0507 06:28:49.356577 3057 tablet_service.cc:1286] Received RequestConsensusVote() RPC: tablet_id: "9bbbc2f7a1fa40c2a9c8edb97b9fcb5d" candidate_uuid: "0c1b3bd57dab421faa01448383625df1" candidate_term: 2 candidate_status { last_received { term: 1 index: 2 } } ignore_live_leader: false dest_uuid: "9b897477ac24457ba3057221142ea9b4" is_pre_election: true
I0507 06:28:49.356784 3057 raft_consensus.cc:2307] T 9bbbc2f7a1fa40c2a9c8edb97b9fcb5d P 9b897477ac24457ba3057221142ea9b4 [term 1 LEADER]: Leader pre-election vote request: Denying vote to candidate 0c1b3bd57dab421faa01448383625df1 for term 2 because replica is either leader or believes a valid leader to be alive.
I0507 06:28:49.357250 2748 leader_election.cc:310] T 9bbbc2f7a1fa40c2a9c8edb97b9fcb5d P 0c1b3bd57dab421faa01448383625df1 [CANDIDATE]: Term 2 pre-election: Election decided. Result: candidate lost. Election summary: received 2 responses out of 2 voters: 1 yes votes; 1 no votes. yes voters: 0c1b3bd57dab421faa01448383625df1; no voters: 9b897477ac24457ba3057221142ea9b4
I0507 06:28:49.357513 3176 raft_consensus.cc:2588] T 9bbbc2f7a1fa40c2a9c8edb97b9fcb5d P 0c1b3bd57dab421faa01448383625df1 [term 1 FOLLOWER]: Leader pre-election lost for term 2. Reason: could not achieve majority
I0507 06:28:49.418042 3176 raft_consensus.cc:472] T 9bbbc2f7a1fa40c2a9c8edb97b9fcb5d P 0c1b3bd57dab421faa01448383625df1 [term 1 FOLLOWER]: Starting pre-election (detected failure of leader 9b897477ac24457ba3057221142ea9b4)
I0507 06:28:49.418231 3176 raft_consensus.cc:494] T 9bbbc2f7a1fa40c2a9c8edb97b9fcb5d P 0c1b3bd57dab421faa01448383625df1 [term 1 FOLLOWER]: Starting pre-election with config: opid_index: 2 OBSOLETE_local: false peers { permanent_uuid: "9b897477ac24457ba3057221142ea9b4" member_type: VOTER last_known_addr { host: "127.0.57.195" port: 38257 } } peers { permanent_uuid: "0c1b3bd57dab421faa01448383625df1" member_type: VOTER last_known_addr { host: "127.0.57.193" port: 35893 } } peers { permanent_uuid: "1f3225ac14a24ce4be60bcf2c130d634" member_type: NON_VOTER last_known_addr { host: "127.0.57.194" port: 41551 } attrs { } }
I0507 06:28:49.418861 3176 leader_election.cc:296] T 9bbbc2f7a1fa40c2a9c8edb97b9fcb5d P 0c1b3bd57dab421faa01448383625df1 [CANDIDATE]: Term 2 pre-election: Requested pre-vote from peers 9b897477ac24457ba3057221142ea9b4 (127.0.57.195:38257)
I0507 06:28:49.419677 3057 tablet_service.cc:1286] Received RequestConsensusVote() RPC: tablet_id: "9bbbc2f7a1fa40c2a9c8edb97b9fcb5d" candidate_uuid: "0c1b3bd57dab421faa01448383625df1" candidate_term: 2 candidate_status { last_received { term: 1 index: 2 } } ignore_live_leader: false dest_uuid: "9b897477ac24457ba3057221142ea9b4" is_pre_election: true
I0507 06:28:49.419895 3057 raft_consensus.cc:2307] T 9bbbc2f7a1fa40c2a9c8edb97b9fcb5d P 9b897477ac24457ba3057221142ea9b4 [term 1 LEADER]: Leader pre-election vote request: Denying vote to candidate 0c1b3bd57dab421faa01448383625df1 for term 2 because replica is either leader or believes a valid leader to be alive.
