I0504 12:41:24.468854 1018 catalog_manager.cc:3389] Sending DeleteTablet(TABLET_DATA_DELETED) for tablet 6d587649e69f4d108cfd349c6bdc4c97 on 5deb521258654a2d8e92322cb2fe1299 (127.0.57.193:46161) (Partition dropped at 2019-05-04 12:41:24 UTC)
I0504 12:41:24.475049 231 alter_table-randomized-test.cc:466] Beginning Alterations
I0504 12:41:24.477056 231 alter_table-randomized-test.cc:580] Adding range partition: [1543503849, 1610612712) resulting partitions: (1543503849, 1610612712)
I0504 12:41:24.477210 231 alter_table-randomized-test.cc:580] Adding range partition: [1946157027, 2013265890) resulting partitions: (1543503849, 1610612712], (1946157027, 2013265890)
I0504 12:41:24.477324 231 alter_table-randomized-test.cc:612] Dropping range partition: [1946157027, 2013265890) resulting partitions: (1543503849, 1610612712)
I0504 12:41:24.477491 231 alter_table-randomized-test.cc:580] Adding range partition: [738197493, 805306356) resulting partitions: (738197493, 805306356], (1543503849, 1610612712)
I0504 12:41:24.477603 231 alter_table-randomized-test.cc:504] Adding column c310, existing columns: key
I0504 12:41:24.477800 231 alter_table-randomized-test.cc:541] Renaming PrimaryKey column key to c786
I0504 12:41:24.477918 231 alter_table-randomized-test.cc:504] Adding column c381, existing columns: c786, c310
I0504 12:41:24.478003 231 alter_table-randomized-test.cc:612] Dropping range partition: [1543503849, 1610612712) resulting partitions: (738197493, 805306356)
I0504 12:41:24.478111 231 alter_table-randomized-test.cc:498] Committing Alterations
I0504 12:41:24.480425 662 tablet_service.cc:1057] Processing DeleteTablet for tablet 6d587649e69f4d108cfd349c6bdc4c97 with delete_type TABLET_DATA_DELETED (Partition dropped at 2019-05-04 12:41:24 UTC) from {username='slave'} at 127.0.0.1:45136
I0504 12:41:24.480795 539 tablet_service.cc:1057] Processing DeleteTablet for tablet 6d587649e69f4d108cfd349c6bdc4c97 with delete_type TABLET_DATA_DELETED (Partition dropped at 2019-05-04 12:41:24 UTC) from {username='slave'} at 127.0.0.1:42710
I0504 12:41:24.482103 1089 tablet_replica.cc:264] T 6d587649e69f4d108cfd349c6bdc4c97 P ae21cbac31e2450cbbdbae7d58e9baf3: stopping tablet replica
I0504 12:41:24.482815 1090 tablet_replica.cc:264] T 6d587649e69f4d108cfd349c6bdc4c97 P 5deb521258654a2d8e92322cb2fe1299: stopping tablet replica
I0504 12:41:24.482925 784 tablet_service.cc:1057] Processing DeleteTablet for tablet 6d587649e69f4d108cfd349c6bdc4c97 with delete_type TABLET_DATA_DELETED (Partition dropped at 2019-05-04 12:41:24 UTC) from {username='slave'} at 127.0.0.1:42880
I0504 12:41:24.483177 1090 raft_consensus.cc:2143] T 6d587649e69f4d108cfd349c6bdc4c97 P 5deb521258654a2d8e92322cb2fe1299 [term 1 FOLLOWER]: Raft consensus shutting down.
I0504 12:41:24.483489 1090 raft_consensus.cc:2170] T 6d587649e69f4d108cfd349c6bdc4c97 P 5deb521258654a2d8e92322cb2fe1299 [term 1 FOLLOWER]: Raft consensus is shut down!
I0504 12:41:24.484228 1091 tablet_replica.cc:264] T 6d587649e69f4d108cfd349c6bdc4c97 P 1a3d6697bbce4be9ab2d2144768855ee: stopping tablet replica
I0504 12:41:24.484465 1091 raft_consensus.cc:2143] T 6d587649e69f4d108cfd349c6bdc4c97 P 1a3d6697bbce4be9ab2d2144768855ee [term 1 LEADER]: Raft consensus shutting down.
I0504 12:41:24.484874 1091 raft_consensus.cc:2170] T 6d587649e69f4d108cfd349c6bdc4c97 P 1a3d6697bbce4be9ab2d2144768855ee [term 1 FOLLOWER]: Raft consensus is shut down!
I0504 12:41:24.485385 1089 raft_consensus.cc:2143] T 6d587649e69f4d108cfd349c6bdc4c97 P ae21cbac31e2450cbbdbae7d58e9baf3 [term 1 FOLLOWER]: Raft consensus shutting down.
I0504 12:41:24.485481 1090 ts_tablet_manager.cc:1377] T 6d587649e69f4d108cfd349c6bdc4c97 P 5deb521258654a2d8e92322cb2fe1299: Deleting tablet data with delete state TABLET_DATA_DELETED
I0504 12:41:24.485761 1089 raft_consensus.cc:2170] T 6d587649e69f4d108cfd349c6bdc4c97 P ae21cbac31e2450cbbdbae7d58e9baf3 [term 1 FOLLOWER]: Raft consensus is shut down!
I0504 12:41:24.486945 1091 ts_tablet_manager.cc:1377] T 6d587649e69f4d108cfd349c6bdc4c97 P 1a3d6697bbce4be9ab2d2144768855ee: Deleting tablet data with delete state TABLET_DATA_DELETED
I0504 12:41:24.486563 1018 catalog_manager.cc:2313] Servicing AlterTable request from {username='slave'} at 127.0.0.1:41050: table { table_name: "default.test_table" } alter_schema_steps { type: ADD_RANGE_PARTITION add_range_partition { range_bounds { rows: "\006\001\351\377\377[\007\001\350\377\377_" } } } alter_schema_steps { type: ADD_RANGE_PARTITION add_range_partition { range_bounds { rows: "\006\001\343\377\377s\t\001\341\377\377w" } } } alter_schema_steps { type: DROP_RANGE_PARTITION drop_range_partition { range_bounds { rows: "\006\001\343\377\377s\007\001\342\377\377w" } } } alter_schema_steps { type: ADD_RANGE_PARTITION add_range_partition { range_bounds { rows: "\010\001\364\377\377+\t\001\363\377\377/" } } } alter_schema_steps { type: ADD_COLUMN add_column { schema { name: "c310" type: INT32 is_nullable: false read_default_value: "\247\275\217\030" encoding: AUTO_ENCODING compression: DEFAULT_COMPRESSION cfile_block_size: 0 } } } alter_schema_steps { type: RENAME_COLUMN rename_column { old_name: "key" new_name: "c786" } } alter_schema_steps { type: ADD_COLUMN add_column { schema { name: "c381" type: INT32 is_nullable: false read_default_value: "(Z\366\020" encoding: AUTO_ENCODING compression: DEFAULT_COMPRESSION cfile_block_size: 0 } } } alter_schema_steps { type: DROP_RANGE_PARTITION drop_range_partition { range_bounds { rows: "\006\001\351\377\377[\007\001\350\377\377_" } } } schema { columns { name: "key" type: INT32 is_key: true is_nullable: false encoding: AUTO_ENCODING compression: DEFAULT_COMPRESSION cfile_block_size: 0 } } modify_external_catalogs: true
I0504 12:41:24.487965 1089 ts_tablet_manager.cc:1377] T 6d587649e69f4d108cfd349c6bdc4c97 P ae21cbac31e2450cbbdbae7d58e9baf3: Deleting tablet data with delete state TABLET_DATA_DELETED
I0504 12:41:25.217209 1090 ts_tablet_manager.cc:1390] T 6d587649e69f4d108cfd349c6bdc4c97 P 5deb521258654a2d8e92322cb2fe1299: tablet deleted with delete type TABLET_DATA_DELETED: last-logged OpId 1.29
I0504 12:41:25.217213 1089 ts_tablet_manager.cc:1390] T 6d587649e69f4d108cfd349c6bdc4c97 P ae21cbac31e2450cbbdbae7d58e9baf3: tablet deleted with delete type TABLET_DATA_DELETED: last-logged OpId 1.29
I0504 12:41:25.217214 1091 ts_tablet_manager.cc:1390] T 6d587649e69f4d108cfd349c6bdc4c97 P 1a3d6697bbce4be9ab2d2144768855ee: tablet deleted with delete type TABLET_DATA_DELETED: last-logged OpId 1.29
I0504 12:41:25.217371 1090 log.cc:990] T 6d587649e69f4d108cfd349c6bdc4c97 P 5deb521258654a2d8e92322cb2fe1299: Deleting WAL directory at /tmp/dist-test-taskGU_k_F/test-tmp/alter_table-randomized-test.1.HmsSentryConfigurations_AlterTableRandomized.TestRandomSequence_1.1556973661650429-231/minicluster-data/ts-0/wal/wals/6d587649e69f4d108cfd349c6bdc4c97
I0504 12:41:25.217372 1091 log.cc:990] T 6d587649e69f4d108cfd349c6bdc4c97 P 1a3d6697bbce4be9ab2d2144768855ee: Deleting WAL directory at /tmp/dist-test-taskGU_k_F/test-tmp/alter_table-randomized-test.1.HmsSentryConfigurations_AlterTableRandomized.TestRandomSequence_1.1556973661650429-231/minicluster-data/ts-2/wal/wals/6d587649e69f4d108cfd349c6bdc4c97
I0504 12:41:25.217375 1089 log.cc:990] T 6d587649e69f4d108cfd349c6bdc4c97 P ae21cbac31e2450cbbdbae7d58e9baf3: Deleting WAL directory at /tmp/dist-test-taskGU_k_F/test-tmp/alter_table-randomized-test.1.HmsSentryConfigurations_AlterTableRandomized.TestRandomSequence_1.1556973661650429-231/minicluster-data/ts-1/wal/wals/6d587649e69f4d108cfd349c6bdc4c97
I0504 12:41:25.217839 1090 ts_tablet_manager.cc:1411] T 6d587649e69f4d108cfd349c6bdc4c97 P 5deb521258654a2d8e92322cb2fe1299: Deleting consensus metadata
I0504 12:41:25.217957 1089 ts_tablet_manager.cc:1411] T 6d587649e69f4d108cfd349c6bdc4c97 P ae21cbac31e2450cbbdbae7d58e9baf3: Deleting consensus metadata
I0504 12:41:25.218103 1091 ts_tablet_manager.cc:1411] T 6d587649e69f4d108cfd349c6bdc4c97 P 1a3d6697bbce4be9ab2d2144768855ee: Deleting consensus metadata
I0504 12:41:25.476239 662 tablet_service.cc:1016] Processing CreateTablet for tablet 3c0a027a01c845aaadaeea226b77eb9e (table=default.test_table [id=311ca297f46b4054b41964915062b3d8]), partition=RANGE (key) PARTITION 738197493 <= VALUES < 805306356
I0504 12:41:25.476274 539 tablet_service.cc:1016] Processing CreateTablet for tablet 3c0a027a01c845aaadaeea226b77eb9e (table=default.test_table [id=311ca297f46b4054b41964915062b3d8]), partition=RANGE (key) PARTITION 738197493 <= VALUES < 805306356
I0504 12:41:25.476279 784 tablet_service.cc:1016] Processing CreateTablet for tablet 3c0a027a01c845aaadaeea226b77eb9e (table=default.test_table [id=311ca297f46b4054b41964915062b3d8]), partition=RANGE (key) PARTITION 738197493 <= VALUES < 805306356
I0504 12:41:25.476709 662 data_dirs.cc:938] Could only allocate 1 dirs of requested 3 for tablet 3c0a027a01c845aaadaeea226b77eb9e. 1 dirs total, 0 dirs full, 0 dirs failed
I0504 12:41:25.476718 784 data_dirs.cc:938] Could only allocate 1 dirs of requested 3 for tablet 3c0a027a01c845aaadaeea226b77eb9e. 1 dirs total, 0 dirs full, 0 dirs failed
I0504 12:41:25.476727 539 data_dirs.cc:938] Could only allocate 1 dirs of requested 3 for tablet 3c0a027a01c845aaadaeea226b77eb9e. 1 dirs total, 0 dirs full, 0 dirs failed
I0504 12:41:25.482167 1096 tablet_bootstrap.cc:439] T 3c0a027a01c845aaadaeea226b77eb9e P 5deb521258654a2d8e92322cb2fe1299: Bootstrap starting.
I0504 12:41:25.482594 1097 tablet_bootstrap.cc:439] T 3c0a027a01c845aaadaeea226b77eb9e P 1a3d6697bbce4be9ab2d2144768855ee: Bootstrap starting.
I0504 12:41:25.485342 1096 tablet_bootstrap.cc:590] T 3c0a027a01c845aaadaeea226b77eb9e P 5deb521258654a2d8e92322cb2fe1299: No blocks or log segments found. Creating new log.
I0504 12:41:25.486552 1097 tablet_bootstrap.cc:590] T 3c0a027a01c845aaadaeea226b77eb9e P 1a3d6697bbce4be9ab2d2144768855ee: No blocks or log segments found. Creating new log.
I0504 12:41:25.488144 1096 tablet_bootstrap.cc:439] T 3c0a027a01c845aaadaeea226b77eb9e P 5deb521258654a2d8e92322cb2fe1299: No bootstrap required, opened a new log
I0504 12:41:25.488164 1095 tablet_bootstrap.cc:439] T 3c0a027a01c845aaadaeea226b77eb9e P ae21cbac31e2450cbbdbae7d58e9baf3: Bootstrap starting.
I0504 12:41:25.488356 1096 ts_tablet_manager.cc:1053] T 3c0a027a01c845aaadaeea226b77eb9e P 5deb521258654a2d8e92322cb2fe1299: Time spent bootstrapping tablet: real 0.006s user 0.003s sys 0.000s
I0504 12:41:25.488518 1097 tablet_bootstrap.cc:439] T 3c0a027a01c845aaadaeea226b77eb9e P 1a3d6697bbce4be9ab2d2144768855ee: No bootstrap required, opened a new log
I0504 12:41:25.488670 1097 ts_tablet_manager.cc:1053] T 3c0a027a01c845aaadaeea226b77eb9e P 1a3d6697bbce4be9ab2d2144768855ee: Time spent bootstrapping tablet: real 0.006s user 0.003s sys 0.000s
I0504 12:41:25.489339 1097 raft_consensus.cc:340] T 3c0a027a01c845aaadaeea226b77eb9e P 1a3d6697bbce4be9ab2d2144768855ee [term 0 FOLLOWER]: Replica starting. Triggering 0 pending transactions. Active config: opid_index: -1 OBSOLETE_local: false peers { permanent_uuid: "1a3d6697bbce4be9ab2d2144768855ee" member_type: VOTER last_known_addr { host: "127.0.57.195" port: 38403 } } peers { permanent_uuid: "5deb521258654a2d8e92322cb2fe1299" member_type: VOTER last_known_addr { host: "127.0.57.193" port: 46161 } } peers { permanent_uuid: "ae21cbac31e2450cbbdbae7d58e9baf3" member_type: VOTER last_known_addr { host: "127.0.57.194" port: 36583 } }
I0504 12:41:25.489296 1096 raft_consensus.cc:340] T 3c0a027a01c845aaadaeea226b77eb9e P 5deb521258654a2d8e92322cb2fe1299 [term 0 FOLLOWER]: Replica starting. Triggering 0 pending transactions. Active config: opid_index: -1 OBSOLETE_local: false peers { permanent_uuid: "1a3d6697bbce4be9ab2d2144768855ee" member_type: VOTER last_known_addr { host: "127.0.57.195" port: 38403 } } peers { permanent_uuid: "5deb521258654a2d8e92322cb2fe1299" member_type: VOTER last_known_addr { host: "127.0.57.193" port: 46161 } } peers { permanent_uuid: "ae21cbac31e2450cbbdbae7d58e9baf3" member_type: VOTER last_known_addr { host: "127.0.57.194" port: 36583 } }
I0504 12:41:25.489517 1097 raft_consensus.cc:366] T 3c0a027a01c845aaadaeea226b77eb9e P 1a3d6697bbce4be9ab2d2144768855ee [term 0 FOLLOWER]: Consensus starting up: Expiring failure detector timer to make a prompt election more likely
I0504 12:41:25.489532 1096 raft_consensus.cc:366] T 3c0a027a01c845aaadaeea226b77eb9e P 5deb521258654a2d8e92322cb2fe1299 [term 0 FOLLOWER]: Consensus starting up: Expiring failure detector timer to make a prompt election more likely
I0504 12:41:25.489599 1096 raft_consensus.cc:705] T 3c0a027a01c845aaadaeea226b77eb9e P 5deb521258654a2d8e92322cb2fe1299 [term 0 FOLLOWER]: Becoming Follower/Learner. State: Replica: 5deb521258654a2d8e92322cb2fe1299, State: Initialized, Role: FOLLOWER
I0504 12:41:25.489616 1097 raft_consensus.cc:705] T 3c0a027a01c845aaadaeea226b77eb9e P 1a3d6697bbce4be9ab2d2144768855ee [term 0 FOLLOWER]: Becoming Follower/Learner. State: Replica: 1a3d6697bbce4be9ab2d2144768855ee, State: Initialized, Role: FOLLOWER
I0504 12:41:25.489795 1095 tablet_bootstrap.cc:590] T 3c0a027a01c845aaadaeea226b77eb9e P ae21cbac31e2450cbbdbae7d58e9baf3: No blocks or log segments found. Creating new log.
I0504 12:41:25.489822 1096 consensus_queue.cc:229] T 3c0a027a01c845aaadaeea226b77eb9e P 5deb521258654a2d8e92322cb2fe1299 [NON_LEADER]: Queue going to NON_LEADER mode. State: All replicated index: 0, Majority replicated index: 0, Committed index: 0, Last appended: 0.0, Last appended by leader: 0, Current term: 0, Majority size: -1, State: 0, Mode: NON_LEADER, active raft config: opid_index: -1 OBSOLETE_local: false peers { permanent_uuid: "1a3d6697bbce4be9ab2d2144768855ee" member_type: VOTER last_known_addr { host: "127.0.57.195" port: 38403 } } peers { permanent_uuid: "5deb521258654a2d8e92322cb2fe1299" member_type: VOTER last_known_addr { host: "127.0.57.193" port: 46161 } } peers { permanent_uuid: "ae21cbac31e2450cbbdbae7d58e9baf3" member_type: VOTER last_known_addr { host: "127.0.57.194" port: 36583 } }
I0504 12:41:25.489869 1097 consensus_queue.cc:229] T 3c0a027a01c845aaadaeea226b77eb9e P 1a3d6697bbce4be9ab2d2144768855ee [NON_LEADER]: Queue going to NON_LEADER mode. State: All replicated index: 0, Majority replicated index: 0, Committed index: 0, Last appended: 0.0, Last appended by leader: 0, Current term: 0, Majority size: -1, State: 0, Mode: NON_LEADER, active raft config: opid_index: -1 OBSOLETE_local: false peers { permanent_uuid: "1a3d6697bbce4be9ab2d2144768855ee" member_type: VOTER last_known_addr { host: "127.0.57.195" port: 38403 } } peers { permanent_uuid: "5deb521258654a2d8e92322cb2fe1299" member_type: VOTER last_known_addr { host: "127.0.57.193" port: 46161 } } peers { permanent_uuid: "ae21cbac31e2450cbbdbae7d58e9baf3" member_type: VOTER last_known_addr { host: "127.0.57.194" port: 36583 } }
I0504 12:41:25.491184 1097 ts_tablet_manager.cc:1081] T 3c0a027a01c845aaadaeea226b77eb9e P 1a3d6697bbce4be9ab2d2144768855ee: Time spent starting tablet: real 0.002s user 0.000s sys 0.003s
I0504 12:41:25.491371 1101 raft_consensus.cc:472] T 3c0a027a01c845aaadaeea226b77eb9e P 1a3d6697bbce4be9ab2d2144768855ee [term 0 FOLLOWER]: Starting pre-election (no leader contacted us within the election timeout)
I0504 12:41:25.491931 1096 ts_tablet_manager.cc:1081] T 3c0a027a01c845aaadaeea226b77eb9e P 5deb521258654a2d8e92322cb2fe1299: Time spent starting tablet: real 0.003s user 0.003s sys 0.000s
I0504 12:41:25.493008 1095 tablet_bootstrap.cc:439] T 3c0a027a01c845aaadaeea226b77eb9e P ae21cbac31e2450cbbdbae7d58e9baf3: No bootstrap required, opened a new log
I0504 12:41:25.491878 1101 raft_consensus.cc:494] T 3c0a027a01c845aaadaeea226b77eb9e P 1a3d6697bbce4be9ab2d2144768855ee [term 0 FOLLOWER]: Starting pre-election with config: opid_index: -1 OBSOLETE_local: false peers { permanent_uuid: "1a3d6697bbce4be9ab2d2144768855ee" member_type: VOTER last_known_addr { host: "127.0.57.195" port: 38403 } } peers { permanent_uuid: "5deb521258654a2d8e92322cb2fe1299" member_type: VOTER last_known_addr { host: "127.0.57.193" port: 46161 } } peers { permanent_uuid: "ae21cbac31e2450cbbdbae7d58e9baf3" member_type: VOTER last_known_addr { host: "127.0.57.194" port: 36583 } }
I0504 12:41:25.493139 1095 ts_tablet_manager.cc:1053] T 3c0a027a01c845aaadaeea226b77eb9e P ae21cbac31e2450cbbdbae7d58e9baf3: Time spent bootstrapping tablet: real 0.005s user 0.000s sys 0.003s
I0504 12:41:25.493644 1101 leader_election.cc:296] T 3c0a027a01c845aaadaeea226b77eb9e P 1a3d6697bbce4be9ab2d2144768855ee [CANDIDATE]: Term 1 pre-election: Requested pre-vote from peers 5deb521258654a2d8e92322cb2fe1299 (127.0.57.193:46161), ae21cbac31e2450cbbdbae7d58e9baf3 (127.0.57.194:36583)
I0504 12:41:25.493870 1095 raft_consensus.cc:340] T 3c0a027a01c845aaadaeea226b77eb9e P ae21cbac31e2450cbbdbae7d58e9baf3 [term 0 FOLLOWER]: Replica starting. Triggering 0 pending transactions. Active config: opid_index: -1 OBSOLETE_local: false peers { permanent_uuid: "1a3d6697bbce4be9ab2d2144768855ee" member_type: VOTER last_known_addr { host: "127.0.57.195" port: 38403 } } peers { permanent_uuid: "5deb521258654a2d8e92322cb2fe1299" member_type: VOTER last_known_addr { host: "127.0.57.193" port: 46161 } } peers { permanent_uuid: "ae21cbac31e2450cbbdbae7d58e9baf3" member_type: VOTER last_known_addr { host: "127.0.57.194" port: 36583 } }
I0504 12:41:25.494122 1095 raft_consensus.cc:366] T 3c0a027a01c845aaadaeea226b77eb9e P ae21cbac31e2450cbbdbae7d58e9baf3 [term 0 FOLLOWER]: Consensus starting up: Expiring failure detector timer to make a prompt election more likely
I0504 12:41:25.494117 559 tablet_service.cc:1286] Received RequestConsensusVote() RPC: tablet_id: "3c0a027a01c845aaadaeea226b77eb9e" candidate_uuid: "1a3d6697bbce4be9ab2d2144768855ee" candidate_term: 1 candidate_status { last_received { term: 0 index: 0 } } ignore_live_leader: false dest_uuid: "5deb521258654a2d8e92322cb2fe1299" is_pre_election: true
I0504 12:41:25.494212 1095 raft_consensus.cc:705] T 3c0a027a01c845aaadaeea226b77eb9e P ae21cbac31e2450cbbdbae7d58e9baf3 [term 0 FOLLOWER]: Becoming Follower/Learner. State: Replica: ae21cbac31e2450cbbdbae7d58e9baf3, State: Initialized, Role: FOLLOWER
I0504 12:41:25.494336 559 raft_consensus.cc:2346] T 3c0a027a01c845aaadaeea226b77eb9e P 5deb521258654a2d8e92322cb2fe1299 [term 0 FOLLOWER]: Leader pre-election vote request: Granting yes vote for candidate 1a3d6697bbce4be9ab2d2144768855ee in term 0.
I0504 12:41:25.494264 681 tablet_service.cc:1286] Received RequestConsensusVote() RPC: tablet_id: "3c0a027a01c845aaadaeea226b77eb9e" candidate_uuid: "1a3d6697bbce4be9ab2d2144768855ee" candidate_term: 1 candidate_status { last_received { term: 0 index: 0 } } ignore_live_leader: false dest_uuid: "ae21cbac31e2450cbbdbae7d58e9baf3" is_pre_election: true
I0504 12:41:25.494446 1095 consensus_queue.cc:229] T 3c0a027a01c845aaadaeea226b77eb9e P ae21cbac31e2450cbbdbae7d58e9baf3 [NON_LEADER]: Queue going to NON_LEADER mode. State: All replicated index: 0, Majority replicated index: 0, Committed index: 0, Last appended: 0.0, Last appended by leader: 0, Current term: 0, Majority size: -1, State: 0, Mode: NON_LEADER, active raft config: opid_index: -1 OBSOLETE_local: false peers { permanent_uuid: "1a3d6697bbce4be9ab2d2144768855ee" member_type: VOTER last_known_addr { host: "127.0.57.195" port: 38403 } } peers { permanent_uuid: "5deb521258654a2d8e92322cb2fe1299" member_type: VOTER last_known_addr { host: "127.0.57.193" port: 46161 } } peers { permanent_uuid: "ae21cbac31e2450cbbdbae7d58e9baf3" member_type: VOTER last_known_addr { host: "127.0.57.194" port: 36583 } }
I0504 12:41:25.494715 681 raft_consensus.cc:2346] T 3c0a027a01c845aaadaeea226b77eb9e P ae21cbac31e2450cbbdbae7d58e9baf3 [term 0 FOLLOWER]: Leader pre-election vote request: Granting yes vote for candidate 1a3d6697bbce4be9ab2d2144768855ee in term 0.
I0504 12:41:25.494858 736 leader_election.cc:310] T 3c0a027a01c845aaadaeea226b77eb9e P 1a3d6697bbce4be9ab2d2144768855ee [CANDIDATE]: Term 1 pre-election: Election decided. Result: candidate won. Election summary: received 2 responses out of 3 voters: 2 yes votes; 0 no votes. yes voters: 1a3d6697bbce4be9ab2d2144768855ee, 5deb521258654a2d8e92322cb2fe1299; no voters:
I0504 12:41:25.495237 1101 raft_consensus.cc:2640] T 3c0a027a01c845aaadaeea226b77eb9e P 1a3d6697bbce4be9ab2d2144768855ee [term 0 FOLLOWER]: Leader pre-election won for term 1
I0504 12:41:25.495285 1095 ts_tablet_manager.cc:1081] T 3c0a027a01c845aaadaeea226b77eb9e P ae21cbac31e2450cbbdbae7d58e9baf3: Time spent starting tablet: real 0.002s user 0.000s sys 0.003s
I0504 12:41:25.495368 1101 raft_consensus.cc:472] T 3c0a027a01c845aaadaeea226b77eb9e P 1a3d6697bbce4be9ab2d2144768855ee [term 0 FOLLOWER]: Starting leader election (no leader contacted us within the election timeout)
I0504 12:41:25.495457 1101 raft_consensus.cc:2886] T 3c0a027a01c845aaadaeea226b77eb9e P 1a3d6697bbce4be9ab2d2144768855ee [term 0 FOLLOWER]: Advancing to term 1
I0504 12:41:25.761713 1090 rpcz_store.cc:269] Call kudu.tserver.TabletServerAdminService.DeleteTablet from 127.0.0.1:42710 (request call id 1) took 1281ms. Request Metrics: {"tablet-delete.queue_time_us":1679,"thread_start_us":1568,"threads_started":1}
I0504 12:41:25.762603 1001 catalog_manager.cc:3367] TS 5deb521258654a2d8e92322cb2fe1299 (127.0.57.193:46161): tablet 6d587649e69f4d108cfd349c6bdc4c97 (table default.test_table [id=311ca297f46b4054b41964915062b3d8]) successfully deleted
I0504 12:41:25.820260 1089 rpcz_store.cc:269] Call kudu.tserver.TabletServerAdminService.DeleteTablet from 127.0.0.1:45136 (request call id 1) took 1340ms. Request Metrics: {"tablet-delete.queue_time_us":1275,"thread_start_us":1144,"threads_started":1}
I0504 12:41:25.821214 1003 catalog_manager.cc:3367] TS ae21cbac31e2450cbbdbae7d58e9baf3 (127.0.57.194:36583): tablet 6d587649e69f4d108cfd349c6bdc4c97 (table default.test_table [id=311ca297f46b4054b41964915062b3d8]) successfully deleted
I0504 12:41:25.864470 1091 rpcz_store.cc:269] Call kudu.tserver.TabletServerAdminService.DeleteTablet from 127.0.0.1:42880 (request call id 1) took 1381ms. Request Metrics: {"tablet-delete.queue_time_us":975,"thread_start_us":844,"threads_started":1}
I0504 12:41:25.865335 1003 catalog_manager.cc:3367] TS 1a3d6697bbce4be9ab2d2144768855ee (127.0.57.195:38403): tablet 6d587649e69f4d108cfd349c6bdc4c97 (table default.test_table [id=311ca297f46b4054b41964915062b3d8]) successfully deleted
W0504 12:41:26.051112 1101 consensus_meta.cc:220] T 3c0a027a01c845aaadaeea226b77eb9e P 1a3d6697bbce4be9ab2d2144768855ee: Time spent flushing consensus metadata: real 0.556s user 0.002s sys 0.000s
I0504 12:41:26.051245 1101 raft_consensus.cc:494] T 3c0a027a01c845aaadaeea226b77eb9e P 1a3d6697bbce4be9ab2d2144768855ee [term 1 FOLLOWER]: Starting leader election with config: opid_index: -1 OBSOLETE_local: false peers { permanent_uuid: "1a3d6697bbce4be9ab2d2144768855ee" member_type: VOTER last_known_addr { host: "127.0.57.195" port: 38403 } } peers { permanent_uuid: "5deb521258654a2d8e92322cb2fe1299" member_type: VOTER last_known_addr { host: "127.0.57.193" port: 46161 } } peers { permanent_uuid: "ae21cbac31e2450cbbdbae7d58e9baf3" member_type: VOTER last_known_addr { host: "127.0.57.194" port: 36583 } }
I0504 12:41:26.052181 1101 leader_election.cc:296] T 3c0a027a01c845aaadaeea226b77eb9e P 1a3d6697bbce4be9ab2d2144768855ee [CANDIDATE]: Term 1 election: Requested vote from peers 5deb521258654a2d8e92322cb2fe1299 (127.0.57.193:46161), ae21cbac31e2450cbbdbae7d58e9baf3 (127.0.57.194:36583)
I0504 12:41:26.052793 681 tablet_service.cc:1286] Received RequestConsensusVote() RPC: tablet_id: "3c0a027a01c845aaadaeea226b77eb9e" candidate_uuid: "1a3d6697bbce4be9ab2d2144768855ee" candidate_term: 1 candidate_status { last_received { term: 0 index: 0 } } ignore_live_leader: false dest_uuid: "ae21cbac31e2450cbbdbae7d58e9baf3"
I0504 12:41:26.052798 559 tablet_service.cc:1286] Received RequestConsensusVote() RPC: tablet_id: "3c0a027a01c845aaadaeea226b77eb9e" candidate_uuid: "1a3d6697bbce4be9ab2d2144768855ee" candidate_term: 1 candidate_status { last_received { term: 0 index: 0 } } ignore_live_leader: false dest_uuid: "5deb521258654a2d8e92322cb2fe1299"
I0504 12:41:26.052958 681 raft_consensus.cc:2886] T 3c0a027a01c845aaadaeea226b77eb9e P ae21cbac31e2450cbbdbae7d58e9baf3 [term 0 FOLLOWER]: Advancing to term 1
I0504 12:41:26.052947 559 raft_consensus.cc:2886] T 3c0a027a01c845aaadaeea226b77eb9e P 5deb521258654a2d8e92322cb2fe1299 [term 0 FOLLOWER]: Advancing to term 1
W0504 12:41:26.793104 681 consensus_meta.cc:220] T 3c0a027a01c845aaadaeea226b77eb9e P ae21cbac31e2450cbbdbae7d58e9baf3: Time spent flushing consensus metadata: real 0.740s user 0.002s sys 0.000s
W0504 12:41:26.793092 559 consensus_meta.cc:220] T 3c0a027a01c845aaadaeea226b77eb9e P 5deb521258654a2d8e92322cb2fe1299: Time spent flushing consensus metadata: real 0.740s user 0.001s sys 0.001s
I0504 12:41:26.793215 559 raft_consensus.cc:2346] T 3c0a027a01c845aaadaeea226b77eb9e P 5deb521258654a2d8e92322cb2fe1299 [term 1 FOLLOWER]: Leader election vote request: Granting yes vote for candidate 1a3d6697bbce4be9ab2d2144768855ee in term 1.
I0504 12:41:26.793229 681 raft_consensus.cc:2346] T 3c0a027a01c845aaadaeea226b77eb9e P ae21cbac31e2450cbbdbae7d58e9baf3 [term 1 FOLLOWER]: Leader election vote request: Granting yes vote for candidate 1a3d6697bbce4be9ab2d2144768855ee in term 1.
I0504 12:41:26.793835 736 leader_election.cc:310] T 3c0a027a01c845aaadaeea226b77eb9e P 1a3d6697bbce4be9ab2d2144768855ee [CANDIDATE]: Term 1 election: Election decided. Result: candidate won. Election summary: received 2 responses out of 3 voters: 2 yes votes; 0 no votes. yes voters: 1a3d6697bbce4be9ab2d2144768855ee, 5deb521258654a2d8e92322cb2fe1299; no voters:
I0504 12:41:26.794565 1104 raft_consensus.cc:2640] T 3c0a027a01c845aaadaeea226b77eb9e P 1a3d6697bbce4be9ab2d2144768855ee [term 1 FOLLOWER]: Leader election won for term 1
I0504 12:41:26.794901 1104 raft_consensus.cc:667] T 3c0a027a01c845aaadaeea226b77eb9e P 1a3d6697bbce4be9ab2d2144768855ee [term 1 LEADER]: Becoming Leader. State: Replica: 1a3d6697bbce4be9ab2d2144768855ee, State: Running, Role: LEADER
I0504 12:41:26.795166 1104 consensus_queue.cc:206] T 3c0a027a01c845aaadaeea226b77eb9e P 1a3d6697bbce4be9ab2d2144768855ee [LEADER]: Queue going to LEADER mode. State: All replicated index: 0, Majority replicated index: 0, Committed index: 0, Last appended: 0.0, Last appended by leader: 0, Current term: 1, Majority size: 2, State: 0, Mode: LEADER, active raft config: opid_index: -1 OBSOLETE_local: false peers { permanent_uuid: "1a3d6697bbce4be9ab2d2144768855ee" member_type: VOTER last_known_addr { host: "127.0.57.195" port: 38403 } } peers { permanent_uuid: "5deb521258654a2d8e92322cb2fe1299" member_type: VOTER last_known_addr { host: "127.0.57.193" port: 46161 } } peers { permanent_uuid: "ae21cbac31e2450cbbdbae7d58e9baf3" member_type: VOTER last_known_addr { host: "127.0.57.194" port: 36583 } }
I0504 12:41:27.200770 559 raft_consensus.cc:1181] T 3c0a027a01c845aaadaeea226b77eb9e P 5deb521258654a2d8e92322cb2fe1299 [term 1 FOLLOWER]: Refusing update from remote peer 1a3d6697bbce4be9ab2d2144768855ee: Log matching property violated. Preceding OpId in replica: term: 0 index: 0. Preceding OpId from leader: term: 1 index: 1. (index mismatch)
I0504 12:41:27.201439 1104 consensus_queue.cc:984] T 3c0a027a01c845aaadaeea226b77eb9e P 1a3d6697bbce4be9ab2d2144768855ee [LEADER]: Connected to new peer: Peer: permanent_uuid: "5deb521258654a2d8e92322cb2fe1299" member_type: VOTER last_known_addr { host: "127.0.57.193" port: 46161 }, Status: LMP_MISMATCH, Last received: 0.0, Next index: 1, Last known committed idx: 0, Time since last communication: 0.000s
I0504 12:41:27.207247 681 raft_consensus.cc:1181] T 3c0a027a01c845aaadaeea226b77eb9e P ae21cbac31e2450cbbdbae7d58e9baf3 [term 1 FOLLOWER]: Refusing update from remote peer 1a3d6697bbce4be9ab2d2144768855ee: Log matching property violated. Preceding OpId in replica: term: 0 index: 0. Preceding OpId from leader: term: 1 index: 1. (index mismatch)
I0504 12:41:27.207837 1104 consensus_queue.cc:984] T 3c0a027a01c845aaadaeea226b77eb9e P 1a3d6697bbce4be9ab2d2144768855ee [LEADER]: Connected to new peer: Peer: permanent_uuid: "ae21cbac31e2450cbbdbae7d58e9baf3" member_type: VOTER last_known_addr { host: "127.0.57.194" port: 36583 }, Status: LMP_MISMATCH, Last received: 0.0, Next index: 1, Last known committed idx: 0, Time since last communication: 0.000s
W0504 12:41:34.480901 852 master_proxy_rpc.cc:192] Re-attempting AlterTable request to leader Master (127.0.57.254:35363)
W0504 12:41:37.618501 1064 hms_client.cc:255] Time spent alter HMS table: real 12.988s user 0.001s sys 0.000s
I0504 12:41:37.619124 1018 catalog_manager.cc:3167] Scheduling retry of 3c0a027a01c845aaadaeea226b77eb9e (table default.test_table [id=311ca297f46b4054b41964915062b3d8]) Alter Table RPC with a delay of 35 ms (attempt = 1)
W0504 12:41:37.619344 1018 catalog_manager.cc:4199] Failed to send alter table request: Not found: failed to reset TS proxy: No leader found: Tablet 3c0a027a01c845aaadaeea226b77eb9e consensus state has no leader
W0504 12:41:37.619751 1018 rpcz_store.cc:253] Call kudu.master.MasterService.AlterTable from 127.0.0.1:41050 (request call id 14) took 13140 ms (13.1 s). Client timeout 9999 ms (10 s)
W0504 12:41:37.621443 1018 rpcz_store.cc:259] Trace: 0504 12:41:24.479078 (+ 0us) service_pool.cc:162] Inserting onto call queue 0504 12:41:24.479129 (+ 51us) service_pool.cc:221] Handling call 0504 12:41:24.487122 (+ 7993us) catalog_manager.cc:1785] Looking up, locking, and authorizing table 0504 12:41:24.487289 (+ 167us) catalog_manager.cc:2472] Apply alter schema 0504 12:41:24.487772 (+ 483us) catalog_manager.cc:2540] Apply alter partitioning 0504 12:41:24.489100 (+ 1328us) catalog_manager.cc:2587] Updating metadata on disk 0504 12:41:24.491058 (+ 1958us) catalog_manager.cc:2618] Committing alterations to in-memory state 0504 12:41:37.619698 (+13128640us) inbound_call.cc:162] Queueing success response Related trace 'txn': 0504 12:41:24.489543 (+ 0us) write_transaction.cc:152] PREPARE: Starting. 0504 12:41:24.489609 (+ 66us) write_transaction.cc:332] Acquiring schema lock in shared mode 0504 12:41:24.489612 (+ 3us) write_transaction.cc:335] Acquired schema lock 0504 12:41:24.489613 (+ 1us) tablet.cc:439] Decoding operations 0504 12:41:24.489721 (+ 108us) tablet.cc:461] Acquiring locks for 2 operations 0504 12:41:24.489805 (+ 84us) tablet.cc:465] Locks acquired 0504 12:41:24.489807 (+ 2us) write_transaction.cc:187] PREPARE: Finished. 0504 12:41:24.489843 (+ 36us) write_transaction.cc:197] Start() 0504 12:41:24.489870 (+ 27us) write_transaction.cc:202] Timestamp: P: 1556973684489833 usec, L: 0 0504 12:41:24.489873 (+ 3us) transaction_driver.cc:325] REPLICATION: Starting. 0504 12:41:24.490009 (+ 136us) log.cc:588] Serialized 520 byte log entry 0504 12:41:24.490441 (+ 432us) transaction_driver.cc:438] REPLICATION: Finished. 0504 12:41:24.490554 (+ 113us) write_transaction.cc:210] APPLY: Starting. 0504 12:41:24.490788 (+ 234us) tablet_metrics.cc:371] ProbeStats: bloom_lookups=0,key_file_lookups=0,delta_file_lookups=0,mrs_lookups=1 0504 12:41:24.490794 (+ 6us) write_transaction.cc:221] APPLY: Finished. 0504 12:41:24.490853 (+ 59us) log.cc:588] Serialized 28 byte log entry 0504 12:41:24.490910 (+ 57us) write_transaction.cc:376] Releasing row and schema locks 0504 12:41:24.490957 (+ 47us) write_transaction.cc:341] Released schema lock 0504 12:41:24.490973 (+ 16us) write_transaction.cc:258] FINISH: Updating metrics. 0504 12:41:24.491045 (+ 72us) write_transaction.cc:376] Releasing row and schema locks 0504 12:41:24.491049 (+ 4us) write_transaction.cc:341] Released schema lock Metrics: {"Hive Metastore.queue_time_us":57,"Hive Metastore.run_cpu_time_us":1806,"Hive Metastore.run_wall_time_us":13127481,"child_traces":[["txn",{"apply.queue_time_us":61,"apply.run_cpu_time_us":561,"apply.run_wall_time_us":561,"num_ops":2,"prepare.queue_time_us":73,"prepare.run_cpu_time_us":531,"prepare.run_wall_time_us":530,"replication_time_us":547}]]}
W0504 12:41:37.621981 1019 rpcz_store.cc:253] Call kudu.master.MasterService.TSHeartbeat from 127.0.57.195:33091 (request call id 4) took 12130 ms (12.1 s). Client timeout 15000 ms (15 s)
W0504 12:41:37.623061 1017 rpcz_store.cc:253] Call kudu.master.MasterService.TSHeartbeat from 127.0.57.193:58151 (request call id 4) took 12131 ms (12.1 s). Client timeout 15000 ms (15 s)
W0504 12:41:37.623312 1017 rpcz_store.cc:259] Trace: 0504 12:41:25.491654 (+ 0us) service_pool.cc:162] Inserting onto call queue 0504 12:41:25.491719 (+ 65us) service_pool.cc:221] Handling call 0504 12:41:37.622977 (+12131258us) inbound_call.cc:162] Queueing success response Metrics: {"mutex_wait_us":81,"reported_tablets":1,"spinlock_wait_cycles":665728}
W0504 12:41:37.623611 1019 rpcz_store.cc:259] Trace: 0504 12:41:25.491544 (+ 0us) service_pool.cc:162] Inserting onto call queue 0504 12:41:25.491614 (+ 70us) service_pool.cc:221] Handling call 0504 12:41:37.621945 (+12130331us) inbound_call.cc:162] Queueing success response Metrics: {"mutex_wait_us":120,"reported_tablets":1}
W0504 12:41:37.623911 1016 rpcz_store.cc:253] Call kudu.master.MasterService.TSHeartbeat from 127.0.57.194:34217 (request call id 4) took 12128 ms (12.1 s). Client timeout 15000 ms (15 s)
W0504 12:41:37.625496 1016 rpcz_store.cc:259] Trace: 0504 12:41:25.495636 (+ 0us) service_pool.cc:162] Inserting onto call queue 0504 12:41:25.495708 (+ 72us) service_pool.cc:221] Handling call 0504 12:41:37.623849 (+12128141us) inbound_call.cc:162] Queueing success response Metrics: {"reported_tablets":1}
I0504 12:41:37.625913 1019 catalog_manager.cc:3987] T 3c0a027a01c845aaadaeea226b77eb9e P 1a3d6697bbce4be9ab2d2144768855ee reported cstate change: term changed from 0 to 1, leader changed from to 1a3d6697bbce4be9ab2d2144768855ee (127.0.57.195). New cstate: current_term: 1 leader_uuid: "1a3d6697bbce4be9ab2d2144768855ee" committed_config { opid_index: -1 OBSOLETE_local: false peers { permanent_uuid: "1a3d6697bbce4be9ab2d2144768855ee" member_type: VOTER last_known_addr { host: "127.0.57.195" port: 38403 } health_report { overall_health: HEALTHY } } peers { permanent_uuid: "5deb521258654a2d8e92322cb2fe1299" member_type: VOTER last_known_addr { host: "127.0.57.193" port: 46161 } health_report { overall_health: HEALTHY } } peers { permanent_uuid: "ae21cbac31e2450cbbdbae7d58e9baf3" member_type: VOTER last_known_addr { host: "127.0.57.194" port: 36583 } health_report { overall_health: HEALTHY } } }
I0504 12:41:37.626543 1019 catalog_manager.cc:4082] TS 1a3d6697bbce4be9ab2d2144768855ee (127.0.57.195:38403) does not have the latest schema for tablet 3c0a027a01c845aaadaeea226b77eb9e (table default.test_table [id=311ca297f46b4054b41964915062b3d8]). Expected version 1 got 0
I0504 12:41:37.635488 1015 catalog_manager.cc:2313] Servicing AlterTable request from {username='slave'} at 127.0.0.1:41050: table { table_name: "default.test_table" } alter_schema_steps { type: ADD_RANGE_PARTITION add_range_partition { range_bounds { rows: "\006\001\351\377\377[\007\001\350\377\377_" } } } alter_schema_steps { type: ADD_RANGE_PARTITION add_range_partition { range_bounds { rows: "\006\001\343\377\377s\t\001\341\377\377w" } } } alter_schema_steps { type: DROP_RANGE_PARTITION drop_range_partition { range_bounds { rows: "\006\001\343\377\377s\007\001\342\377\377w" } } } alter_schema_steps { type: ADD_RANGE_PARTITION add_range_partition { range_bounds { rows: "\010\001\364\377\377+\t\001\363\377\377/" } } } alter_schema_steps { type: ADD_COLUMN add_column { schema { name: "c310" type: INT32 is_nullable: false read_default_value: "\247\275\217\030" encoding: AUTO_ENCODING compression: DEFAULT_COMPRESSION cfile_block_size: 0 } } } alter_schema_steps { type: RENAME_COLUMN rename_column { old_name: "key" new_name: "c786" } } alter_schema_steps { type: ADD_COLUMN add_column { schema { name: "c381" type: INT32 is_nullable: false read_default_value: "(Z\366\020" encoding: AUTO_ENCODING compression: DEFAULT_COMPRESSION cfile_block_size: 0 } } } alter_schema_steps { type: DROP_RANGE_PARTITION drop_range_partition { range_bounds { rows: "\006\001\351\377\377[\007\001\350\377\377_" } } } schema { columns { name: "key" type: INT32 is_key: true is_nullable: false encoding: AUTO_ENCODING compression: DEFAULT_COMPRESSION cfile_block_size: 0 } } modify_external_catalogs: true
I0504 12:41:37.637811 1016 catalog_manager.cc:4082] TS 5deb521258654a2d8e92322cb2fe1299 (127.0.57.193:46161) does not have the latest schema for tablet 3c0a027a01c845aaadaeea226b77eb9e (table default.test_table [id=311ca297f46b4054b41964915062b3d8]). Expected version 1 got 0
I0504 12:41:37.637768 1015 rpcz_store.cc:269] Call kudu.master.MasterService.AlterTable from 127.0.0.1:41050 (request call id 15) took 3143ms. Request Metrics: {}
I0504 12:41:37.638229 1017 catalog_manager.cc:4082] TS ae21cbac31e2450cbbdbae7d58e9baf3 (127.0.57.194:36583) does not have the latest schema for tablet 3c0a027a01c845aaadaeea226b77eb9e (table default.test_table [id=311ca297f46b4054b41964915062b3d8]). Expected version 1 got 0
F0504 12:41:37.638859 231 alter_table-randomized-test.cc:499] Check failed: _s.ok() Bad status: Already present: The column already exists: c310 *** Check failure stack trace: *** *** Aborted at 1556973697 (unix time) try "date -d @1556973697" if you are using GNU date *** PC: @ 0x7f698597bc37 gsignal *** SIGABRT (@0x3e8000000e7) received by PID 231 (TID 0x7f69a02ef900) from PID 231; stack trace: *** @ 0x7f698d6c0330 (unknown) at ??:0 @ 0x7f698597bc37 gsignal at ??:0 @ 0x7f698597f028 abort at ??:0 @ 0x7f6988cbfa29 google::logging_fail() at ??:0 @ 0x7f6988cc131d google::LogMessage::Fail() at ??:0 @ 0x7f6988cc31dd google::LogMessage::SendToLog() at ??:0 @ 0x7f6988cc0e59 google::LogMessage::Flush() at ??:0 @ 0x7f6988cc3c7f google::LogMessageFatal::~LogMessageFatal() at ??:0 @ 0x586325 kudu::MirrorTable::RandomAlterTable() at /data/somelongdirectorytoavoidrpathissues/src/kudu/src/kudu/integration-tests/alter_table-randomized-test.cc:499 @ 0x5805b4 kudu::AlterTableRandomized_TestRandomSequence_Test::TestBody() at /data/somelongdirectorytoavoidrpathissues/src/kudu/src/kudu/integration-tests/alter_table-randomized-test.cc:749 @ 0x7f698ada0b98 testing::internal::HandleExceptionsInMethodIfSupported<>() at ??:0 @ 0x7f698ad8e1b2 testing::Test::Run() at ??:0 @ 0x7f698ad8e2f8 testing::TestInfo::Run() at ??:0
I0504 12:41:37.661181 1132 tablet.cc:1269] T 3c0a027a01c845aaadaeea226b77eb9e P 1a3d6697bbce4be9ab2d2144768855ee: Alter schema from ( 10:key INT32 NOT NULL, PRIMARY KEY (key) ) version 0 to ( 10:c786 INT32 NOT NULL, 11:c310 INT32 NOT NULL, 12:c381 INT32 NOT NULL, PRIMARY KEY (c786) ) version 1
I0504 12:41:37.662071 1132 tablet.cc:1208] T 3c0a027a01c845aaadaeea226b77eb9e P 1a3d6697bbce4be9ab2d2144768855ee: MemRowSet was empty: no flush needed.
I0504 12:41:37.663763 1134 tablet.cc:1269] T 3c0a027a01c845aaadaeea226b77eb9e P ae21cbac31e2450cbbdbae7d58e9baf3: Alter schema from ( 10:key INT32 NOT NULL, PRIMARY KEY (key) ) version 0 to ( 10:c786 INT32 NOT NULL, 11:c310 INT32 NOT NULL, 12:c381 INT32 NOT NULL, PRIMARY KEY (c786) ) version 1
I0504 12:41:37.665303 1134 tablet.cc:1208] T 3c0a027a01c845aaadaeea226b77eb9e P ae21cbac31e2450cbbdbae7d58e9baf3: MemRowSet was empty: no flush needed.
I0504 12:41:37.668025 1137 tablet.cc:1269] T 3c0a027a01c845aaadaeea226b77eb9e P 5deb521258654a2d8e92322cb2fe1299: Alter schema from ( 10:key INT32 NOT NULL, PRIMARY KEY (key) ) version 0 to ( 10:c786 INT32 NOT NULL, 11:c310 INT32 NOT NULL, 12:c381 INT32 NOT NULL, PRIMARY KEY (c786) ) version 1
I0504 12:41:37.669016 1137 tablet.cc:1208] T 3c0a027a01c845aaadaeea226b77eb9e P 5deb521258654a2d8e92322cb2fe1299: MemRowSet was empty: no flush needed.
I0504 12:41:37.672194 1017 catalog_manager.cc:4433] T 00000000000000000000000000000000 P 5dc378ab09af46b395462f96045bbda2: default.test_table [id=311ca297f46b4054b41964915062b3d8] alter complete (version 1) @ 0x7f698ad8e3d5 testing::TestCase::Run() at ??:0 @ 0x7f698ad94ed8 testing::internal::UnitTestImpl::RunAllTests() at ??:0 @ 0x7f698ada10a8 testing::internal::HandleExceptionsInMethodIfSupported<>() at ??:0 @ 0x7f698ad8e4ad testing::UnitTest::Run() at ??:0
I0504 12:41:37.683284 1132 tablet.cc:1264] T 3c0a027a01c845aaadaeea226b77eb9e P 1a3d6697bbce4be9ab2d2144768855ee: Skipping requested alter to schema version 1, tablet already version 1
I0504 12:41:37.685206 1134 tablet.cc:1264] T 3c0a027a01c845aaadaeea226b77eb9e P ae21cbac31e2450cbbdbae7d58e9baf3: Skipping requested alter to schema version 1, tablet already version 1 @ 0x7f699f508c45 main at ??:0 @ 0x7f6985966f45 __libc_start_main at ??:0 @ 0x46f339 (unknown) at ??:?
I0504 12:41:37.693661 1137 tablet.cc:1264] T 3c0a027a01c845aaadaeea226b77eb9e P 5deb521258654a2d8e92322cb2fe1299: Skipping requested alter to schema version 1, tablet already version 1
I0504 12:41:37.696921 1132 tablet.cc:1264] T 3c0a027a01c845aaadaeea226b77eb9e P 1a3d6697bbce4be9ab2d2144768855ee: Skipping requested alter to schema version 1, tablet already version 1
I0504 12:41:37.698843 1134 tablet.cc:1264] T 3c0a027a01c845aaadaeea226b77eb9e P ae21cbac31e2450cbbdbae7d58e9baf3: Skipping requested alter to schema version 1, tablet already version 1
I0504 12:41:37.700976 1137 tablet.cc:1264] T 3c0a027a01c845aaadaeea226b77eb9e P 5deb521258654a2d8e92322cb2fe1299: Skipping requested alter to schema version 1, tablet already version 1
I0504 12:41:37.708709 1137 tablet.cc:1264] T 3c0a027a01c845aaadaeea226b77eb9e P 5deb521258654a2d8e92322cb2fe1299: Skipping requested alter to schema version 1, tablet already version 1
I0504 12:41:37.709003 1132 tablet.cc:1264] T 3c0a027a01c845aaadaeea226b77eb9e P 1a3d6697bbce4be9ab2d2144768855ee: Skipping requested alter to schema version 1, tablet already version 1
I0504 12:41:37.712234 1134 tablet.cc:1264] T 3c0a027a01c845aaadaeea226b77eb9e P ae21cbac31e2450cbbdbae7d58e9baf3: Skipping requested alter to schema version 1, tablet already version 1