I0504 12:41:21.547468 878 raft_consensus.cc:340] T 6d587649e69f4d108cfd349c6bdc4c97 P 1a3d6697bbce4be9ab2d2144768855ee [term 0 FOLLOWER]: Replica starting. Triggering 0 pending transactions. Active config: opid_index: -1 OBSOLETE_local: false peers { permanent_uuid: "ae21cbac31e2450cbbdbae7d58e9baf3" member_type: VOTER last_known_addr { host: "127.0.57.194" port: 36583 } } peers { permanent_uuid: "1a3d6697bbce4be9ab2d2144768855ee" member_type: VOTER last_known_addr { host: "127.0.57.195" port: 38403 } } peers { permanent_uuid: "5deb521258654a2d8e92322cb2fe1299" member_type: VOTER last_known_addr { host: "127.0.57.193" port: 46161 } }
I0504 12:41:21.547760 878 raft_consensus.cc:366] T 6d587649e69f4d108cfd349c6bdc4c97 P 1a3d6697bbce4be9ab2d2144768855ee [term 0 FOLLOWER]: Consensus starting up: Expiring failure detector timer to make a prompt election more likely
I0504 12:41:21.547844 878 raft_consensus.cc:705] T 6d587649e69f4d108cfd349c6bdc4c97 P 1a3d6697bbce4be9ab2d2144768855ee [term 0 FOLLOWER]: Becoming Follower/Learner. State: Replica: 1a3d6697bbce4be9ab2d2144768855ee, State: Initialized, Role: FOLLOWER
I0504 12:41:21.548365 878 consensus_queue.cc:229] T 6d587649e69f4d108cfd349c6bdc4c97 P 1a3d6697bbce4be9ab2d2144768855ee [NON_LEADER]: Queue going to NON_LEADER mode. State: All replicated index: 0, Majority replicated index: 0, Committed index: 0, Last appended: 0.0, Last appended by leader: 0, Current term: 0, Majority size: -1, State: 0, Mode: NON_LEADER, active raft config: opid_index: -1 OBSOLETE_local: false peers { permanent_uuid: "ae21cbac31e2450cbbdbae7d58e9baf3" member_type: VOTER last_known_addr { host: "127.0.57.194" port: 36583 } } peers { permanent_uuid: "1a3d6697bbce4be9ab2d2144768855ee" member_type: VOTER last_known_addr { host: "127.0.57.195" port: 38403 } } peers { permanent_uuid: "5deb521258654a2d8e92322cb2fe1299" member_type: VOTER last_known_addr { host: "127.0.57.193" port: 46161 } }
I0504 12:41:21.549134 881 tablet_bootstrap.cc:439] T 6d587649e69f4d108cfd349c6bdc4c97 P 5deb521258654a2d8e92322cb2fe1299: No bootstrap required, opened a new log
I0504 12:41:21.549463 881 ts_tablet_manager.cc:1053] T 6d587649e69f4d108cfd349c6bdc4c97 P 5deb521258654a2d8e92322cb2fe1299: Time spent bootstrapping tablet: real 0.013s user 0.005s sys 0.000s
I0504 12:41:21.550575 878 ts_tablet_manager.cc:1081] T 6d587649e69f4d108cfd349c6bdc4c97 P 1a3d6697bbce4be9ab2d2144768855ee: Time spent starting tablet: real 0.018s user 0.009s sys 0.003s
I0504 12:41:21.555866 881 raft_consensus.cc:340] T 6d587649e69f4d108cfd349c6bdc4c97 P 5deb521258654a2d8e92322cb2fe1299 [term 0 FOLLOWER]: Replica starting. Triggering 0 pending transactions. Active config: opid_index: -1 OBSOLETE_local: false peers { permanent_uuid: "ae21cbac31e2450cbbdbae7d58e9baf3" member_type: VOTER last_known_addr { host: "127.0.57.194" port: 36583 } } peers { permanent_uuid: "1a3d6697bbce4be9ab2d2144768855ee" member_type: VOTER last_known_addr { host: "127.0.57.195" port: 38403 } } peers { permanent_uuid: "5deb521258654a2d8e92322cb2fe1299" member_type: VOTER last_known_addr { host: "127.0.57.193" port: 46161 } }
I0504 12:41:21.556223 881 raft_consensus.cc:366] T 6d587649e69f4d108cfd349c6bdc4c97 P 5deb521258654a2d8e92322cb2fe1299 [term 0 FOLLOWER]: Consensus starting up: Expiring failure detector timer to make a prompt election more likely
I0504 12:41:21.556295 881 raft_consensus.cc:705] T 6d587649e69f4d108cfd349c6bdc4c97 P 5deb521258654a2d8e92322cb2fe1299 [term 0 FOLLOWER]: Becoming Follower/Learner. State: Replica: 5deb521258654a2d8e92322cb2fe1299, State: Initialized, Role: FOLLOWER
I0504 12:41:21.556697 881 consensus_queue.cc:229] T 6d587649e69f4d108cfd349c6bdc4c97 P 5deb521258654a2d8e92322cb2fe1299 [NON_LEADER]: Queue going to NON_LEADER mode. State: All replicated index: 0, Majority replicated index: 0, Committed index: 0, Last appended: 0.0, Last appended by leader: 0, Current term: 0, Majority size: -1, State: 0, Mode: NON_LEADER, active raft config: opid_index: -1 OBSOLETE_local: false peers { permanent_uuid: "ae21cbac31e2450cbbdbae7d58e9baf3" member_type: VOTER last_known_addr { host: "127.0.57.194" port: 36583 } } peers { permanent_uuid: "1a3d6697bbce4be9ab2d2144768855ee" member_type: VOTER last_known_addr { host: "127.0.57.195" port: 38403 } } peers { permanent_uuid: "5deb521258654a2d8e92322cb2fe1299" member_type: VOTER last_known_addr { host: "127.0.57.193" port: 46161 } }
I0504 12:41:21.557816 881 ts_tablet_manager.cc:1081] T 6d587649e69f4d108cfd349c6bdc4c97 P 5deb521258654a2d8e92322cb2fe1299: Time spent starting tablet: real 0.008s user 0.008s sys 0.000s
W0504 12:41:21.580674 848 tablet.cc:1786] T 6d587649e69f4d108cfd349c6bdc4c97 P 1a3d6697bbce4be9ab2d2144768855ee: Can't schedule compaction. Clean time has not been advanced past its initial value.
I0504 12:41:21.587431 884 raft_consensus.cc:472] T 6d587649e69f4d108cfd349c6bdc4c97 P 1a3d6697bbce4be9ab2d2144768855ee [term 0 FOLLOWER]: Starting pre-election (no leader contacted us within the election timeout)
I0504 12:41:21.587594 884 raft_consensus.cc:494] T 6d587649e69f4d108cfd349c6bdc4c97 P 1a3d6697bbce4be9ab2d2144768855ee [term 0 FOLLOWER]: Starting pre-election with config: opid_index: -1 OBSOLETE_local: false peers { permanent_uuid: "ae21cbac31e2450cbbdbae7d58e9baf3" member_type: VOTER last_known_addr { host: "127.0.57.194" port: 36583 } } peers { permanent_uuid: "1a3d6697bbce4be9ab2d2144768855ee" member_type: VOTER last_known_addr { host: "127.0.57.195" port: 38403 } } peers { permanent_uuid: "5deb521258654a2d8e92322cb2fe1299" member_type: VOTER last_known_addr { host: "127.0.57.193" port: 46161 } }
I0504 12:41:21.588907 884 leader_election.cc:296] T 6d587649e69f4d108cfd349c6bdc4c97 P 1a3d6697bbce4be9ab2d2144768855ee [CANDIDATE]: Term 1 pre-election: Requested pre-vote from peers ae21cbac31e2450cbbdbae7d58e9baf3 (127.0.57.194:36583), 5deb521258654a2d8e92322cb2fe1299 (127.0.57.193:46161)
I0504 12:41:21.595320 559 tablet_service.cc:1286] Received RequestConsensusVote() RPC: tablet_id: "6d587649e69f4d108cfd349c6bdc4c97" candidate_uuid: "1a3d6697bbce4be9ab2d2144768855ee" candidate_term: 1 candidate_status { last_received { term: 0 index: 0 } } ignore_live_leader: false dest_uuid: "5deb521258654a2d8e92322cb2fe1299" is_pre_election: true
I0504 12:41:21.596395 682 tablet_service.cc:1286] Received RequestConsensusVote() RPC: tablet_id: "6d587649e69f4d108cfd349c6bdc4c97" candidate_uuid: "1a3d6697bbce4be9ab2d2144768855ee" candidate_term: 1 candidate_status { last_received { term: 0 index: 0 } } ignore_live_leader: false dest_uuid: "ae21cbac31e2450cbbdbae7d58e9baf3" is_pre_election: true
I0504 12:41:21.596658 559 raft_consensus.cc:2346] T 6d587649e69f4d108cfd349c6bdc4c97 P 5deb521258654a2d8e92322cb2fe1299 [term 0 FOLLOWER]: Leader pre-election vote request: Granting yes vote for candidate 1a3d6697bbce4be9ab2d2144768855ee in term 0.
I0504 12:41:21.596737 682 raft_consensus.cc:2346] T 6d587649e69f4d108cfd349c6bdc4c97 P ae21cbac31e2450cbbdbae7d58e9baf3 [term 0 FOLLOWER]: Leader pre-election vote request: Granting yes vote for candidate 1a3d6697bbce4be9ab2d2144768855ee in term 0.
I0504 12:41:21.597290 738 leader_election.cc:310] T 6d587649e69f4d108cfd349c6bdc4c97 P 1a3d6697bbce4be9ab2d2144768855ee [CANDIDATE]: Term 1 pre-election: Election decided. Result: candidate won. Election summary: received 2 responses out of 3 voters: 2 yes votes; 0 no votes. yes voters: 1a3d6697bbce4be9ab2d2144768855ee, ae21cbac31e2450cbbdbae7d58e9baf3; no voters:
I0504 12:41:21.597668 884 raft_consensus.cc:2640] T 6d587649e69f4d108cfd349c6bdc4c97 P 1a3d6697bbce4be9ab2d2144768855ee [term 0 FOLLOWER]: Leader pre-election won for term 1
I0504 12:41:21.597759 884 raft_consensus.cc:472] T 6d587649e69f4d108cfd349c6bdc4c97 P 1a3d6697bbce4be9ab2d2144768855ee [term 0 FOLLOWER]: Starting leader election (no leader contacted us within the election timeout)
I0504 12:41:21.597847 884 raft_consensus.cc:2886] T 6d587649e69f4d108cfd349c6bdc4c97 P 1a3d6697bbce4be9ab2d2144768855ee [term 0 FOLLOWER]: Advancing to term 1
I0504 12:41:21.599596 884 raft_consensus.cc:494] T 6d587649e69f4d108cfd349c6bdc4c97 P 1a3d6697bbce4be9ab2d2144768855ee [term 1 FOLLOWER]: Starting leader election with config: opid_index: -1 OBSOLETE_local: false peers { permanent_uuid: "ae21cbac31e2450cbbdbae7d58e9baf3" member_type: VOTER last_known_addr { host: "127.0.57.194" port: 36583 } } peers { permanent_uuid: "1a3d6697bbce4be9ab2d2144768855ee" member_type: VOTER last_known_addr { host: "127.0.57.195" port: 38403 } } peers { permanent_uuid: "5deb521258654a2d8e92322cb2fe1299" member_type: VOTER last_known_addr { host: "127.0.57.193" port: 46161 } }
I0504 12:41:21.600235 884 leader_election.cc:296] T 6d587649e69f4d108cfd349c6bdc4c97 P 1a3d6697bbce4be9ab2d2144768855ee [CANDIDATE]: Term 1 election: Requested vote from peers ae21cbac31e2450cbbdbae7d58e9baf3 (127.0.57.194:36583), 5deb521258654a2d8e92322cb2fe1299 (127.0.57.193:46161)
I0504 12:41:21.600565 682 tablet_service.cc:1286] Received RequestConsensusVote() RPC: tablet_id: "6d587649e69f4d108cfd349c6bdc4c97" candidate_uuid: "1a3d6697bbce4be9ab2d2144768855ee" candidate_term: 1 candidate_status { last_received { term: 0 index: 0 } } ignore_live_leader: false dest_uuid: "ae21cbac31e2450cbbdbae7d58e9baf3"
I0504 12:41:21.600751 682 raft_consensus.cc:2886] T 6d587649e69f4d108cfd349c6bdc4c97 P ae21cbac31e2450cbbdbae7d58e9baf3 [term 0 FOLLOWER]: Advancing to term 1
I0504 12:41:21.600730 559 tablet_service.cc:1286] Received RequestConsensusVote() RPC: tablet_id: "6d587649e69f4d108cfd349c6bdc4c97" candidate_uuid: "1a3d6697bbce4be9ab2d2144768855ee" candidate_term: 1 candidate_status { last_received { term: 0 index: 0 } } ignore_live_leader: false dest_uuid: "5deb521258654a2d8e92322cb2fe1299"
I0504 12:41:21.600873 559 raft_consensus.cc:2886] T 6d587649e69f4d108cfd349c6bdc4c97 P 5deb521258654a2d8e92322cb2fe1299 [term 0 FOLLOWER]: Advancing to term 1
I0504 12:41:21.603308 682 raft_consensus.cc:2346] T 6d587649e69f4d108cfd349c6bdc4c97 P ae21cbac31e2450cbbdbae7d58e9baf3 [term 1 FOLLOWER]: Leader election vote request: Granting yes vote for candidate 1a3d6697bbce4be9ab2d2144768855ee in term 1.
I0504 12:41:21.603364 559 raft_consensus.cc:2346] T 6d587649e69f4d108cfd349c6bdc4c97 P 5deb521258654a2d8e92322cb2fe1299 [term 1 FOLLOWER]: Leader election vote request: Granting yes vote for candidate 1a3d6697bbce4be9ab2d2144768855ee in term 1.
I0504 12:41:21.603682 738 leader_election.cc:310] T 6d587649e69f4d108cfd349c6bdc4c97 P 1a3d6697bbce4be9ab2d2144768855ee [CANDIDATE]: Term 1 election: Election decided. Result: candidate won. Election summary: received 2 responses out of 3 voters: 2 yes votes; 0 no votes. yes voters: 1a3d6697bbce4be9ab2d2144768855ee, ae21cbac31e2450cbbdbae7d58e9baf3; no voters:
I0504 12:41:21.603948 884 raft_consensus.cc:2640] T 6d587649e69f4d108cfd349c6bdc4c97 P 1a3d6697bbce4be9ab2d2144768855ee [term 1 FOLLOWER]: Leader election won for term 1
I0504 12:41:21.604324 884 raft_consensus.cc:667] T 6d587649e69f4d108cfd349c6bdc4c97 P 1a3d6697bbce4be9ab2d2144768855ee [term 1 LEADER]: Becoming Leader. State: Replica: 1a3d6697bbce4be9ab2d2144768855ee, State: Running, Role: LEADER
I0504 12:41:21.604651 884 consensus_queue.cc:206] T 6d587649e69f4d108cfd349c6bdc4c97 P 1a3d6697bbce4be9ab2d2144768855ee [LEADER]: Queue going to LEADER mode. State: All replicated index: 0, Majority replicated index: 0, Committed index: 0, Last appended: 0.0, Last appended by leader: 0, Current term: 1, Majority size: 2, State: 0, Mode: LEADER, active raft config: opid_index: -1 OBSOLETE_local: false peers { permanent_uuid: "ae21cbac31e2450cbbdbae7d58e9baf3" member_type: VOTER last_known_addr { host: "127.0.57.194" port: 36583 } } peers { permanent_uuid: "1a3d6697bbce4be9ab2d2144768855ee" member_type: VOTER last_known_addr { host: "127.0.57.195" port: 38403 } } peers { permanent_uuid: "5deb521258654a2d8e92322cb2fe1299" member_type: VOTER last_known_addr { host: "127.0.57.193" port: 46161 } }
I0504 12:41:21.608016 436 catalog_manager.cc:3987] T 6d587649e69f4d108cfd349c6bdc4c97 P 1a3d6697bbce4be9ab2d2144768855ee reported cstate change: term changed from 0 to 1, leader changed from to 1a3d6697bbce4be9ab2d2144768855ee (127.0.57.195). New cstate: current_term: 1 leader_uuid: "1a3d6697bbce4be9ab2d2144768855ee" committed_config { opid_index: -1 OBSOLETE_local: false peers { permanent_uuid: "ae21cbac31e2450cbbdbae7d58e9baf3" member_type: VOTER last_known_addr { host: "127.0.57.194" port: 36583 } health_report { overall_health: UNKNOWN } } peers { permanent_uuid: "1a3d6697bbce4be9ab2d2144768855ee" member_type: VOTER last_known_addr { host: "127.0.57.195" port: 38403 } health_report { overall_health: HEALTHY } } peers { permanent_uuid: "5deb521258654a2d8e92322cb2fe1299" member_type: VOTER last_known_addr { host: "127.0.57.193" port: 46161 } health_report { overall_health: UNKNOWN } } }
I0504 12:41:21.638247 231 test_util.cc:212] Using random seed: 792197979
I0504 12:41:21.639050 231 alter_table-randomized-test.cc:639] Verifying 0 rows in 1 tablets
W0504 12:41:21.654086 764 tablet_service.cc:2342] Rejecting scan request for tablet 6d587649e69f4d108cfd349c6bdc4c97: Uninitialized: safe time has not yet been initialized
W0504 12:41:21.737323 603 tablet.cc:1786] T 6d587649e69f4d108cfd349c6bdc4c97 P 5deb521258654a2d8e92322cb2fe1299: Can't schedule compaction. Clean time has not been advanced past its initial value.
W0504 12:41:21.782171 726 tablet.cc:1786] T 6d587649e69f4d108cfd349c6bdc4c97 P ae21cbac31e2450cbbdbae7d58e9baf3: Can't schedule compaction. Clean time has not been advanced past its initial value.
W0504 12:41:21.857421 764 tablet_service.cc:2342] Rejecting scan request for tablet 6d587649e69f4d108cfd349c6bdc4c97: Uninitialized: safe time has not yet been initialized
I0504 12:41:22.012331 559 raft_consensus.cc:1181] T 6d587649e69f4d108cfd349c6bdc4c97 P 5deb521258654a2d8e92322cb2fe1299 [term 1 FOLLOWER]: Refusing update from remote peer 1a3d6697bbce4be9ab2d2144768855ee: Log matching property violated. Preceding OpId in replica: term: 0 index: 0. Preceding OpId from leader: term: 1 index: 1. (index mismatch)
I0504 12:41:22.013388 884 consensus_queue.cc:984] T 6d587649e69f4d108cfd349c6bdc4c97 P 1a3d6697bbce4be9ab2d2144768855ee [LEADER]: Connected to new peer: Peer: permanent_uuid: "5deb521258654a2d8e92322cb2fe1299" member_type: VOTER last_known_addr { host: "127.0.57.193" port: 46161 }, Status: LMP_MISMATCH, Last received: 0.0, Next index: 1, Last known committed idx: 0, Time since last communication: 0.000s
I0504 12:41:22.020835 682 raft_consensus.cc:1181] T 6d587649e69f4d108cfd349c6bdc4c97 P ae21cbac31e2450cbbdbae7d58e9baf3 [term 1 FOLLOWER]: Refusing update from remote peer 1a3d6697bbce4be9ab2d2144768855ee: Log matching property violated. Preceding OpId in replica: term: 0 index: 0. Preceding OpId from leader: term: 1 index: 1. (index mismatch)
I0504 12:41:22.021667 888 consensus_queue.cc:984] T 6d587649e69f4d108cfd349c6bdc4c97 P 1a3d6697bbce4be9ab2d2144768855ee [LEADER]: Connected to new peer: Peer: permanent_uuid: "ae21cbac31e2450cbbdbae7d58e9baf3" member_type: VOTER last_known_addr { host: "127.0.57.194" port: 36583 }, Status: LMP_MISMATCH, Last received: 0.0, Next index: 1, Last known committed idx: 0, Time since last communication: 0.000s
I0504 12:41:22.368044 231 alter_table-randomized-test.cc:141] Restarting Master
I0504 12:41:22.368273 231 external_mini_cluster.cc:1172] Attempting to check leaks for /tmp/dist-test-taskGU_k_F/build/asan/bin/kudu-master pid 410
I0504 12:41:22.369344 466 generic_service.cc:171] Checking for leaks (request via RPC)
I0504 12:41:22.439241 231 external_mini_cluster.cc:1131] Killing /tmp/dist-test-taskGU_k_F/build/asan/bin/kudu-master with pid 410
I0504 12:41:22.453042 231 external_mini_cluster.cc:933] Running /tmp/dist-test-taskGU_k_F/build/asan/bin/kudu-master /tmp/dist-test-taskGU_k_F/build/asan/bin/kudu-master --fs_wal_dir=/tmp/dist-test-taskGU_k_F/test-tmp/alter_table-randomized-test.1.HmsSentryConfigurations_AlterTableRandomized.TestRandomSequence_1.1556973661650429-231/minicluster-data/master-0/wal --fs_data_dirs=/tmp/dist-test-taskGU_k_F/test-tmp/alter_table-randomized-test.1.HmsSentryConfigurations_AlterTableRandomized.TestRandomSequence_1.1556973661650429-231/minicluster-data/master-0/data --block_manager=log --webserver_interface=localhost --ipki_ca_key_size=1024 --tsk_num_rsa_bits=512 --rpc_bind_addresses=127.0.57.254:35363 --webserver_interface=127.0.57.254 --webserver_port=33471 --never_fsync --ipki_server_key_size=1024 --enable_minidumps=false --redact=none --metrics_log_interval_ms=1000 --logtostderr --logbuflevel=-1 --log_dir=/tmp/dist-test-taskGU_k_F/test-tmp/alter_table-randomized-test.1.HmsSentryConfigurations_AlterTableRandomized.TestRandomSequence_1.1556973661650429-231/minicluster-data/master-0/logs --server_dump_info_path=/tmp/dist-test-taskGU_k_F/test-tmp/alter_table-randomized-test.1.HmsSentryConfigurations_AlterTableRandomized.TestRandomSequence_1.1556973661650429-231/minicluster-data/master-0/data/info.pb --server_dump_info_format=pb --rpc_server_allow_ephemeral_ports --unlock_experimental_flags --unlock_unsafe_flags --rpc_reuseport=true --hive_metastore_uris=thrift://127.0.0.1:37573 with env {} WARNING: Logging before InitGoogleLogging() is written to STDERR
W0504 12:41:22.634198 904 flags.cc:404] Enabled unsafe flag: --rpc_server_allow_ephemeral_ports=true
W0504 12:41:22.634454 904 flags.cc:404] Enabled unsafe flag: --never_fsync=true
W0504 12:41:22.637032 904 flags.cc:404] Enabled experimental flag: --ipki_ca_key_size=1024
W0504 12:41:22.637080 904 flags.cc:404] Enabled experimental flag: --ipki_server_key_size=1024
W0504 12:41:22.637118 904 flags.cc:404] Enabled experimental flag: --tsk_num_rsa_bits=512
W0504 12:41:22.637187 904 flags.cc:404] Enabled experimental flag: --rpc_reuseport=true
I0504 12:41:22.641885 904 master_main.cc:73] Master server non-default flags: --fs_data_dirs=/tmp/dist-test-taskGU_k_F/test-tmp/alter_table-randomized-test.1.HmsSentryConfigurations_AlterTableRandomized.TestRandomSequence_1.1556973661650429-231/minicluster-data/master-0/data --fs_wal_dir=/tmp/dist-test-taskGU_k_F/test-tmp/alter_table-randomized-test.1.HmsSentryConfigurations_AlterTableRandomized.TestRandomSequence_1.1556973661650429-231/minicluster-data/master-0/wal --hive_metastore_uris=thrift://127.0.0.1:37573 --ipki_ca_key_size=1024 --ipki_server_key_size=1024 --tsk_num_rsa_bits=512 --rpc_bind_addresses=127.0.57.254:35363 --rpc_reuseport=true --rpc_server_allow_ephemeral_ports=true --metrics_log_interval_ms=1000 --server_dump_info_format=pb --server_dump_info_path=/tmp/dist-test-taskGU_k_F/test-tmp/alter_table-randomized-test.1.HmsSentryConfigurations_AlterTableRandomized.TestRandomSequence_1.1556973661650429-231/minicluster-data/master-0/data/info.pb --webserver_interface=127.0.57.254 --webserver_port=33471 --never_fsync=true --redact=none --unlock_experimental_flags=true --unlock_unsafe_flags=true --enable_minidumps=false --log_dir=/tmp/dist-test-taskGU_k_F/test-tmp/alter_table-randomized-test.1.HmsSentryConfigurations_AlterTableRandomized.TestRandomSequence_1.1556973661650429-231/minicluster-data/master-0/logs --logbuflevel=-1 --logtostderr=true Master server version: kudu 1.10.0-cdh6.x-SNAPSHOT revision 9f71c857a3824d8541c4608dda2722f71515784f build type FASTDEBUG built by jenkins at 04 May 2019 04:53:16 PST on quasar-btakog-1.vpc.cloudera.com build id 321096 ASAN enabled
I0504 12:41:22.648291 904 system_ntp.cc:202] NTP initialized. Skew: 500ppm Current error: 37016us
I0504 12:41:22.649526 904 fs_manager.cc:263] Metadata directory not provided
I0504 12:41:22.649655 904 fs_manager.cc:269] Using write-ahead log directory (fs_wal_dir) as metadata directory
I0504 12:41:22.655335 904 fs_manager.cc:399] Time spent opening directory manager: real 0.004s user 0.005s sys 0.000s
I0504 12:41:22.656136 904 env_posix.cc:1676] Not raising this process' open files per process limit of 1048576; it is already as high as it can go
I0504 12:41:22.656672 904 file_cache.cc:466] Constructed file cache lbm with capacity 419430
I0504 12:41:22.659724 904 fs_manager.cc:419] Time spent opening block manager: real 0.002s user 0.001s sys 0.000s
I0504 12:41:22.659839 904 fs_manager.cc:436] Opened local filesystem: /tmp/dist-test-taskGU_k_F/test-tmp/alter_table-randomized-test.1.HmsSentryConfigurations_AlterTableRandomized.TestRandomSequence_1.1556973661650429-231/minicluster-data/master-0/data,/tmp/dist-test-taskGU_k_F/test-tmp/alter_table-randomized-test.1.HmsSentryConfigurations_AlterTableRandomized.TestRandomSequence_1.1556973661650429-231/minicluster-data/master-0/wal uuid: "5dc378ab09af46b395462f96045bbda2" format_stamp: "Formatted at 2019-05-04 12:41:18 on dist-test-slave-dist-test-slave-0kqh"
I0504 12:41:22.660838 904 fs_report.cc:352] FS layout report -------------------- wal directory: /tmp/dist-test-taskGU_k_F/test-tmp/alter_table-randomized-test.1.HmsSentryConfigurations_AlterTableRandomized.TestRandomSequence_1.1556973661650429-231/minicluster-data/master-0/wal metadata directory: /tmp/dist-test-taskGU_k_F/test-tmp/alter_table-randomized-test.1.HmsSentryConfigurations_AlterTableRandomized.TestRandomSequence_1.1556973661650429-231/minicluster-data/master-0/wal 1 data directories: /tmp/dist-test-taskGU_k_F/test-tmp/alter_table-randomized-test.1.HmsSentryConfigurations_AlterTableRandomized.TestRandomSequence_1.1556973661650429-231/minicluster-data/master-0/data/data Total live blocks: 0 Total live bytes: 0 Total live bytes (after alignment): 0 Total number of LBM containers: 0 (0 full) Did not check for missing blocks Did not check for orphaned blocks Total full LBM containers with extra space: 0 (0 repaired) Total full LBM container extra space in bytes: 0 (0 repaired) Total incomplete LBM containers: 0 (0 repaired) Total LBM partial records: 0 (0 repaired)
I0504 12:41:22.699448 904 env_posix.cc:1676] Not raising this process' running threads per effective uid limit of 18446744073709551615; it is already as high as it can go
I0504 12:41:22.713876 904 rpc_server.cc:205] RPC server started. Bound to: 127.0.57.254:35363
I0504 12:41:22.714957 904 webserver.cc:308] Webserver started at http://127.0.57.254:33471/ using document root and password file
I0504 12:41:22.715791 904 server_base.cc:608] Dumped server information to /tmp/dist-test-taskGU_k_F/test-tmp/alter_table-randomized-test.1.HmsSentryConfigurations_AlterTableRandomized.TestRandomSequence_1.1556973661650429-231/minicluster-data/master-0/data/info.pb
I0504 12:41:22.723588 963 tablet_bootstrap.cc:439] T 00000000000000000000000000000000 P 5dc378ab09af46b395462f96045bbda2: Bootstrap starting.
I0504 12:41:22.723672 231 external_mini_cluster.cc:995] Started /tmp/dist-test-taskGU_k_F/build/asan/bin/kudu-master as pid 904
I0504 12:41:22.738772 963 log.cc:525] T 00000000000000000000000000000000 P 5dc378ab09af46b395462f96045bbda2: Log is configured to *not* fsync() on all Append() calls
I0504 12:41:22.746906 963 tablet_bootstrap.cc:439] T 00000000000000000000000000000000 P 5dc378ab09af46b395462f96045bbda2: Bootstrap replayed 1/1 log segments. Stats: ops{read=6 overwritten=0 applied=6 ignored=0} inserts{seen=4 ignored=0} mutations{seen=2 ignored=0} orphaned_commits=0. Pending: 0 replicates
I0504 12:41:22.747354 963 tablet_bootstrap.cc:439] T 00000000000000000000000000000000 P 5dc378ab09af46b395462f96045bbda2: Bootstrap complete.
I0504 12:41:22.754190 963 raft_consensus.cc:340] T 00000000000000000000000000000000 P 5dc378ab09af46b395462f96045bbda2 [term 1 FOLLOWER]: Replica starting. Triggering 0 pending transactions. Active config: opid_index: -1 OBSOLETE_local: true peers { permanent_uuid: "5dc378ab09af46b395462f96045bbda2" member_type: VOTER }
I0504 12:41:22.754936 963 raft_consensus.cc:705] T 00000000000000000000000000000000 P 5dc378ab09af46b395462f96045bbda2 [term 1 FOLLOWER]: Becoming Follower/Learner. State: Replica: 5dc378ab09af46b395462f96045bbda2, State: Initialized, Role: FOLLOWER
I0504 12:41:22.755452 963 consensus_queue.cc:229] T 00000000000000000000000000000000 P 5dc378ab09af46b395462f96045bbda2 [NON_LEADER]: Queue going to NON_LEADER mode. State: All replicated index: 0, Majority replicated index: 0, Committed index: 6, Last appended: 1.6, Last appended by leader: 6, Current term: 0, Majority size: -1, State: 0, Mode: NON_LEADER, active raft config: opid_index: -1 OBSOLETE_local: true peers { permanent_uuid: "5dc378ab09af46b395462f96045bbda2" member_type: VOTER }
I0504 12:41:22.755663 963 raft_consensus.cc:380] T 00000000000000000000000000000000 P 5dc378ab09af46b395462f96045bbda2 [term 1 FOLLOWER]: Only one voter in the Raft config. Triggering election immediately
I0504 12:41:22.755770 963 raft_consensus.cc:472] T 00000000000000000000000000000000 P 5dc378ab09af46b395462f96045bbda2 [term 1 FOLLOWER]: Starting leader election (initial election of a single-replica configuration)
I0504 12:41:22.755893 963 raft_consensus.cc:2886] T 00000000000000000000000000000000 P 5dc378ab09af46b395462f96045bbda2 [term 1 FOLLOWER]: Advancing to term 2
I0504 12:41:22.759814 963 raft_consensus.cc:494] T 00000000000000000000000000000000 P 5dc378ab09af46b395462f96045bbda2 [term 2 FOLLOWER]: Starting leader election with config: opid_index: -1 OBSOLETE_local: true peers { permanent_uuid: "5dc378ab09af46b395462f96045bbda2" member_type: VOTER }
I0504 12:41:22.760200 963 leader_election.cc:310] T 00000000000000000000000000000000 P 5dc378ab09af46b395462f96045bbda2 [CANDIDATE]: Term 2 election: Election decided. Result: candidate won. Election summary: received 1 responses out of 1 voters: 1 yes votes; 0 no votes. yes voters: 5dc378ab09af46b395462f96045bbda2; no voters:
I0504 12:41:22.760792 963 leader_election.cc:296] T 00000000000000000000000000000000 P 5dc378ab09af46b395462f96045bbda2 [CANDIDATE]: Term 2 election: Requested vote from peers
I0504 12:41:22.760983 967 raft_consensus.cc:2640] T 00000000000000000000000000000000 P 5dc378ab09af46b395462f96045bbda2 [term 2 FOLLOWER]: Leader election won for term 2
I0504 12:41:22.761803 967 raft_consensus.cc:667] T 00000000000000000000000000000000 P 5dc378ab09af46b395462f96045bbda2 [term 2 LEADER]: Becoming Leader. State: Replica: 5dc378ab09af46b395462f96045bbda2, State: Running, Role: LEADER
I0504 12:41:22.762156 967 consensus_queue.cc:206] T 00000000000000000000000000000000 P 5dc378ab09af46b395462f96045bbda2 [LEADER]: Queue going to LEADER mode. State: All replicated index: 0, Majority replicated index: 6, Committed index: 6, Last appended: 1.6, Last appended by leader: 6, Current term: 2, Majority size: 1, State: 0, Mode: LEADER, active raft config: opid_index: -1 OBSOLETE_local: true peers { permanent_uuid: "5dc378ab09af46b395462f96045bbda2" member_type: VOTER }
I0504 12:41:22.765103 968 sys_catalog.cc:337] T 00000000000000000000000000000000 P 5dc378ab09af46b395462f96045bbda2 [sys.catalog]: SysCatalogTable state changed. Reason: RaftConsensus started. Latest consensus state: current_term: 2 leader_uuid: "5dc378ab09af46b395462f96045bbda2" committed_config { opid_index: -1 OBSOLETE_local: true peers { permanent_uuid: "5dc378ab09af46b395462f96045bbda2" member_type: VOTER } }
I0504 12:41:22.765552 968 sys_catalog.cc:340] T 00000000000000000000000000000000 P 5dc378ab09af46b395462f96045bbda2 [sys.catalog]: This master's current role is: LEADER
I0504 12:41:22.765694 963 sys_catalog.cc:337] T 00000000000000000000000000000000 P 5dc378ab09af46b395462f96045bbda2 [sys.catalog]: SysCatalogTable state changed. Reason: Started TabletReplica. Latest consensus state: current_term: 2 leader_uuid: "5dc378ab09af46b395462f96045bbda2" committed_config { opid_index: -1 OBSOLETE_local: true peers { permanent_uuid: "5dc378ab09af46b395462f96045bbda2" member_type: VOTER } }
I0504 12:41:22.766010 963 sys_catalog.cc:340] T 00000000000000000000000000000000 P 5dc378ab09af46b395462f96045bbda2 [sys.catalog]: This master's current role is: LEADER
I0504 12:41:22.765717 969 sys_catalog.cc:337] T 00000000000000000000000000000000 P 5dc378ab09af46b395462f96045bbda2 [sys.catalog]: SysCatalogTable state changed. Reason: New leader 5dc378ab09af46b395462f96045bbda2. Latest consensus state: current_term: 2 leader_uuid: "5dc378ab09af46b395462f96045bbda2" committed_config { opid_index: -1 OBSOLETE_local: true peers { permanent_uuid: "5dc378ab09af46b395462f96045bbda2" member_type: VOTER } }
I0504 12:41:22.766522 969 sys_catalog.cc:340] T 00000000000000000000000000000000 P 5dc378ab09af46b395462f96045bbda2 [sys.catalog]: This master's current role is: LEADER
I0504 12:41:22.767566 963 sys_catalog.cc:424] T 00000000000000000000000000000000 P 5dc378ab09af46b395462f96045bbda2 [sys.catalog]: configured and running, proceeding with master startup.
I0504 12:41:22.767714 973 catalog_manager.cc:1055] Loading table and tablet metadata into memory...
I0504 12:41:22.772289 973 catalog_manager.cc:356] Loaded metadata for table default.test_table [id=311ca297f46b4054b41964915062b3d8]
I0504 12:41:22.774482 973 catalog_manager.cc:410] Loaded metadata for tablet 6d587649e69f4d108cfd349c6bdc4c97 (table default.test_table [id=311ca297f46b4054b41964915062b3d8])
I0504 12:41:22.774724 973 catalog_manager.cc:1066] Initializing Kudu internal certificate authority...
I0504 12:41:22.779376 973 catalog_manager.cc:1075] Loading token signing keys...
I0504 12:41:22.781033 973 catalog_manager.cc:4302] T 00000000000000000000000000000000 P 5dc378ab09af46b395462f96045bbda2: Loaded TSK: 0
I0504 12:41:22.783874 976 hms_notification_log_listener.cc:227] Skipping Hive Metastore notification log poll: Service unavailable: Catalog manager is not initialized. State: Starting
I0504 12:41:23.031613 930 master_service.cc:229] Got heartbeat from unknown tserver (permanent_uuid: "5deb521258654a2d8e92322cb2fe1299" instance_seqno: 1556973678705107) as {username='slave'} at 127.0.57.193:37993; Asking this server to re-register.
I0504 12:41:23.032356 602 heartbeater.cc:426] Registering TS with master...
I0504 12:41:23.032630 602 heartbeater.cc:475] Master 127.0.57.254:35363 requested a full tablet report, sending...
I0504 12:41:23.033917 930 ts_manager.cc:159] Registered new tserver with Master: 5deb521258654a2d8e92322cb2fe1299 (127.0.57.193:46161)
I0504 12:41:23.042141 930 master_service.cc:229] Got heartbeat from unknown tserver (permanent_uuid: "ae21cbac31e2450cbbdbae7d58e9baf3" instance_seqno: 1556973679019362) as {username='slave'} at 127.0.57.194:44463; Asking this server to re-register.
I0504 12:41:23.042860 725 heartbeater.cc:426] Registering TS with master...
I0504 12:41:23.043041 725 heartbeater.cc:475] Master 127.0.57.254:35363 requested a full tablet report, sending...
I0504 12:41:23.044071 930 ts_manager.cc:159] Registered new tserver with Master: ae21cbac31e2450cbbdbae7d58e9baf3 (127.0.57.194:36583)
I0504 12:41:23.292068 929 master_service.cc:229] Got heartbeat from unknown tserver (permanent_uuid: "1a3d6697bbce4be9ab2d2144768855ee" instance_seqno: 1556973679320625) as {username='slave'} at 127.0.57.195:57663; Asking this server to re-register.
I0504 12:41:23.292572 847 heartbeater.cc:426] Registering TS with master...
I0504 12:41:23.292753 847 heartbeater.cc:475] Master 127.0.57.254:35363 requested a full tablet report, sending...
I0504 12:41:23.293923 930 ts_manager.cc:159] Registered new tserver with Master: 1a3d6697bbce4be9ab2d2144768855ee (127.0.57.195:38403)
I0504 12:41:23.296186 231 external_mini_cluster.cc:623] 3 TS(s) registered with all masters
I0504 12:41:23.296242 231 alter_table-randomized-test.cc:146] Master Restarted
I0504 12:41:23.369421 231 alter_table-randomized-test.cc:141] Restarting Master
I0504 12:41:23.369539 231 external_mini_cluster.cc:1172] Attempting to check leaks for /tmp/dist-test-taskGU_k_F/build/asan/bin/kudu-master pid 904
I0504 12:41:23.370501 960 generic_service.cc:171] Checking for leaks (request via RPC)
I0504 12:41:23.441064 231 external_mini_cluster.cc:1131] Killing /tmp/dist-test-taskGU_k_F/build/asan/bin/kudu-master with pid 904
I0504 12:41:23.457473 231 external_mini_cluster.cc:933] Running /tmp/dist-test-taskGU_k_F/build/asan/bin/kudu-master /tmp/dist-test-taskGU_k_F/build/asan/bin/kudu-master --fs_wal_dir=/tmp/dist-test-taskGU_k_F/test-tmp/alter_table-randomized-test.1.HmsSentryConfigurations_AlterTableRandomized.TestRandomSequence_1.1556973661650429-231/minicluster-data/master-0/wal --fs_data_dirs=/tmp/dist-test-taskGU_k_F/test-tmp/alter_table-randomized-test.1.HmsSentryConfigurations_AlterTableRandomized.TestRandomSequence_1.1556973661650429-231/minicluster-data/master-0/data --block_manager=log --webserver_interface=localhost --ipki_ca_key_size=1024 --tsk_num_rsa_bits=512 --rpc_bind_addresses=127.0.57.254:35363 --webserver_interface=127.0.57.254 --webserver_port=33471 --never_fsync --ipki_server_key_size=1024 --enable_minidumps=false --redact=none --metrics_log_interval_ms=1000 --logtostderr --logbuflevel=-1 --log_dir=/tmp/dist-test-taskGU_k_F/test-tmp/alter_table-randomized-test.1.HmsSentryConfigurations_AlterTableRandomized.TestRandomSequence_1.1556973661650429-231/minicluster-data/master-0/logs --server_dump_info_path=/tmp/dist-test-taskGU_k_F/test-tmp/alter_table-randomized-test.1.HmsSentryConfigurations_AlterTableRandomized.TestRandomSequence_1.1556973661650429-231/minicluster-data/master-0/data/info.pb --server_dump_info_format=pb --rpc_server_allow_ephemeral_ports --unlock_experimental_flags --unlock_unsafe_flags --rpc_reuseport=true --hive_metastore_uris=thrift://127.0.0.1:37573 with env {} WARNING: Logging before InitGoogleLogging() is written to STDERR
W0504 12:41:23.633777 993 flags.cc:404] Enabled unsafe flag: --rpc_server_allow_ephemeral_ports=true
W0504 12:41:23.634008 993 flags.cc:404] Enabled unsafe flag: --never_fsync=true
W0504 12:41:23.636559 993 flags.cc:404] Enabled experimental flag: --ipki_ca_key_size=1024
W0504 12:41:23.636608 993 flags.cc:404] Enabled experimental flag: --ipki_server_key_size=1024
W0504 12:41:23.636659 993 flags.cc:404] Enabled experimental flag: --tsk_num_rsa_bits=512
W0504 12:41:23.636703 993 flags.cc:404] Enabled experimental flag: --rpc_reuseport=true
I0504 12:41:23.641155 993 master_main.cc:73] Master server non-default flags: --fs_data_dirs=/tmp/dist-test-taskGU_k_F/test-tmp/alter_table-randomized-test.1.HmsSentryConfigurations_AlterTableRandomized.TestRandomSequence_1.1556973661650429-231/minicluster-data/master-0/data --fs_wal_dir=/tmp/dist-test-taskGU_k_F/test-tmp/alter_table-randomized-test.1.HmsSentryConfigurations_AlterTableRandomized.TestRandomSequence_1.1556973661650429-231/minicluster-data/master-0/wal --hive_metastore_uris=thrift://127.0.0.1:37573 --ipki_ca_key_size=1024 --ipki_server_key_size=1024 --tsk_num_rsa_bits=512 --rpc_bind_addresses=127.0.57.254:35363 --rpc_reuseport=true --rpc_server_allow_ephemeral_ports=true --metrics_log_interval_ms=1000 --server_dump_info_format=pb --server_dump_info_path=/tmp/dist-test-taskGU_k_F/test-tmp/alter_table-randomized-test.1.HmsSentryConfigurations_AlterTableRandomized.TestRandomSequence_1.1556973661650429-231/minicluster-data/master-0/data/info.pb --webserver_interface=127.0.57.254 --webserver_port=33471 --never_fsync=true --redact=none --unlock_experimental_flags=true --unlock_unsafe_flags=true --enable_minidumps=false --log_dir=/tmp/dist-test-taskGU_k_F/test-tmp/alter_table-randomized-test.1.HmsSentryConfigurations_AlterTableRandomized.TestRandomSequence_1.1556973661650429-231/minicluster-data/master-0/logs --logbuflevel=-1 --logtostderr=true Master server version: kudu 1.10.0-cdh6.x-SNAPSHOT revision 9f71c857a3824d8541c4608dda2722f71515784f build type FASTDEBUG built by jenkins at 04 May 2019 04:53:16 PST on quasar-btakog-1.vpc.cloudera.com build id 321096 ASAN enabled
I0504 12:41:23.647807 993 system_ntp.cc:202] NTP initialized. Skew: 500ppm Current error: 37516us
I0504 12:41:23.649320 993 fs_manager.cc:263] Metadata directory not provided
I0504 12:41:23.649428 993 fs_manager.cc:269] Using write-ahead log directory (fs_wal_dir) as metadata directory
I0504 12:41:23.655997 993 fs_manager.cc:399] Time spent opening directory manager: real 0.004s user 0.006s sys 0.000s
I0504 12:41:23.656816 993 env_posix.cc:1676] Not raising this process' open files per process limit of 1048576; it is already as high as it can go
I0504 12:41:23.657371 993 file_cache.cc:466] Constructed file cache lbm with capacity 419430
I0504 12:41:23.660476 993 fs_manager.cc:419] Time spent opening block manager: real 0.002s user 0.000s sys 0.001s
I0504 12:41:23.660548 993 fs_manager.cc:436] Opened local filesystem: /tmp/dist-test-taskGU_k_F/test-tmp/alter_table-randomized-test.1.HmsSentryConfigurations_AlterTableRandomized.TestRandomSequence_1.1556973661650429-231/minicluster-data/master-0/data,/tmp/dist-test-taskGU_k_F/test-tmp/alter_table-randomized-test.1.HmsSentryConfigurations_AlterTableRandomized.TestRandomSequence_1.1556973661650429-231/minicluster-data/master-0/wal uuid: "5dc378ab09af46b395462f96045bbda2" format_stamp: "Formatted at 2019-05-04 12:41:18 on dist-test-slave-dist-test-slave-0kqh"
I0504 12:41:23.661516 993 fs_report.cc:352] FS layout report -------------------- wal directory: /tmp/dist-test-taskGU_k_F/test-tmp/alter_table-randomized-test.1.HmsSentryConfigurations_AlterTableRandomized.TestRandomSequence_1.1556973661650429-231/minicluster-data/master-0/wal metadata directory: /tmp/dist-test-taskGU_k_F/test-tmp/alter_table-randomized-test.1.HmsSentryConfigurations_AlterTableRandomized.TestRandomSequence_1.1556973661650429-231/minicluster-data/master-0/wal 1 data directories: /tmp/dist-test-taskGU_k_F/test-tmp/alter_table-randomized-test.1.HmsSentryConfigurations_AlterTableRandomized.TestRandomSequence_1.1556973661650429-231/minicluster-data/master-0/data/data Total live blocks: 0 Total live bytes: 0 Total live bytes (after alignment): 0 Total number of LBM containers: 0 (0 full) Did not check for missing blocks Did not check for orphaned blocks Total full LBM containers with extra space: 0 (0 repaired) Total full LBM container extra space in bytes: 0 (0 repaired) Total incomplete LBM containers: 0 (0 repaired) Total LBM partial records: 0 (0 repaired)
I0504 12:41:23.692731 993 env_posix.cc:1676] Not raising this process' running threads per effective uid limit of 18446744073709551615; it is already as high as it can go
I0504 12:41:23.707561 993 rpc_server.cc:205] RPC server started. Bound to: 127.0.57.254:35363
I0504 12:41:23.708645 993 webserver.cc:308] Webserver started at http://127.0.57.254:33471/ using document root and password file
I0504 12:41:23.709405 993 server_base.cc:608] Dumped server information to /tmp/dist-test-taskGU_k_F/test-tmp/alter_table-randomized-test.1.HmsSentryConfigurations_AlterTableRandomized.TestRandomSequence_1.1556973661650429-231/minicluster-data/master-0/data/info.pb
I0504 12:41:23.716694 1052 tablet_bootstrap.cc:439] T 00000000000000000000000000000000 P 5dc378ab09af46b395462f96045bbda2: Bootstrap starting.
I0504 12:41:23.717170 231 external_mini_cluster.cc:995] Started /tmp/dist-test-taskGU_k_F/build/asan/bin/kudu-master as pid 993
I0504 12:41:23.737371 1052 log.cc:525] T 00000000000000000000000000000000 P 5dc378ab09af46b395462f96045bbda2: Log is configured to *not* fsync() on all Append() calls
I0504 12:41:23.746618 1052 tablet_bootstrap.cc:439] T 00000000000000000000000000000000 P 5dc378ab09af46b395462f96045bbda2: Bootstrap replayed 1/1 log segments. Stats: ops{read=7 overwritten=0 applied=7 ignored=0} inserts{seen=4 ignored=0} mutations{seen=2 ignored=0} orphaned_commits=0. Pending: 0 replicates
I0504 12:41:23.747119 1052 tablet_bootstrap.cc:439] T 00000000000000000000000000000000 P 5dc378ab09af46b395462f96045bbda2: Bootstrap complete.
I0504 12:41:23.753825 1052 raft_consensus.cc:340] T 00000000000000000000000000000000 P 5dc378ab09af46b395462f96045bbda2 [term 2 FOLLOWER]: Replica starting. Triggering 0 pending transactions. Active config: opid_index: -1 OBSOLETE_local: true peers { permanent_uuid: "5dc378ab09af46b395462f96045bbda2" member_type: VOTER }
I0504 12:41:23.754583 1052 raft_consensus.cc:705] T 00000000000000000000000000000000 P 5dc378ab09af46b395462f96045bbda2 [term 2 FOLLOWER]: Becoming Follower/Learner. State: Replica: 5dc378ab09af46b395462f96045bbda2, State: Initialized, Role: FOLLOWER
I0504 12:41:23.755079 1052 consensus_queue.cc:229] T 00000000000000000000000000000000 P 5dc378ab09af46b395462f96045bbda2 [NON_LEADER]: Queue going to NON_LEADER mode. State: All replicated index: 0, Majority replicated index: 0, Committed index: 7, Last appended: 2.7, Last appended by leader: 7, Current term: 0, Majority size: -1, State: 0, Mode: NON_LEADER, active raft config: opid_index: -1 OBSOLETE_local: true peers { permanent_uuid: "5dc378ab09af46b395462f96045bbda2" member_type: VOTER }
I0504 12:41:23.755262 1052 raft_consensus.cc:380] T 00000000000000000000000000000000 P 5dc378ab09af46b395462f96045bbda2 [term 2 FOLLOWER]: Only one voter in the Raft config. Triggering election immediately
I0504 12:41:23.755381 1052 raft_consensus.cc:472] T 00000000000000000000000000000000 P 5dc378ab09af46b395462f96045bbda2 [term 2 FOLLOWER]: Starting leader election (initial election of a single-replica configuration)
I0504 12:41:23.755506 1052 raft_consensus.cc:2886] T 00000000000000000000000000000000 P 5dc378ab09af46b395462f96045bbda2 [term 2 FOLLOWER]: Advancing to term 3
I0504 12:41:23.795131 1052 raft_consensus.cc:494] T 00000000000000000000000000000000 P 5dc378ab09af46b395462f96045bbda2 [term 3 FOLLOWER]: Starting leader election with config: opid_index: -1 OBSOLETE_local: true peers { permanent_uuid: "5dc378ab09af46b395462f96045bbda2" member_type: VOTER }
I0504 12:41:23.795753 1052 leader_election.cc:310] T 00000000000000000000000000000000 P 5dc378ab09af46b395462f96045bbda2 [CANDIDATE]: Term 3 election: Election decided. Result: candidate won. Election summary: received 1 responses out of 1 voters: 1 yes votes; 0 no votes. yes voters: 5dc378ab09af46b395462f96045bbda2; no voters:
I0504 12:41:23.796675 1052 leader_election.cc:296] T 00000000000000000000000000000000 P 5dc378ab09af46b395462f96045bbda2 [CANDIDATE]: Term 3 election: Requested vote from peers
I0504 12:41:23.796850 1056 raft_consensus.cc:2640] T 00000000000000000000000000000000 P 5dc378ab09af46b395462f96045bbda2 [term 3 FOLLOWER]: Leader election won for term 3
I0504 12:41:23.797797 1056 raft_consensus.cc:667] T 00000000000000000000000000000000 P 5dc378ab09af46b395462f96045bbda2 [term 3 LEADER]: Becoming Leader. State: Replica: 5dc378ab09af46b395462f96045bbda2, State: Running, Role: LEADER
I0504 12:41:23.798198 1056 consensus_queue.cc:206] T 00000000000000000000000000000000 P 5dc378ab09af46b395462f96045bbda2 [LEADER]: Queue going to LEADER mode. State: All replicated index: 0, Majority replicated index: 7, Committed index: 7, Last appended: 2.7, Last appended by leader: 7, Current term: 3, Majority size: 1, State: 0, Mode: LEADER, active raft config: opid_index: -1 OBSOLETE_local: true peers { permanent_uuid: "5dc378ab09af46b395462f96045bbda2" member_type: VOTER }
I0504 12:41:23.801290 1052 sys_catalog.cc:337] T 00000000000000000000000000000000 P 5dc378ab09af46b395462f96045bbda2 [sys.catalog]: SysCatalogTable state changed. Reason: Started TabletReplica. Latest consensus state: current_term: 3 leader_uuid: "5dc378ab09af46b395462f96045bbda2" committed_config { opid_index: -1 OBSOLETE_local: true peers { permanent_uuid: "5dc378ab09af46b395462f96045bbda2" member_type: VOTER } }
I0504 12:41:23.801815 1052 sys_catalog.cc:340] T 00000000000000000000000000000000 P 5dc378ab09af46b395462f96045bbda2 [sys.catalog]: This master's current role is: LEADER
I0504 12:41:23.801959 1058 sys_catalog.cc:337] T 00000000000000000000000000000000 P 5dc378ab09af46b395462f96045bbda2 [sys.catalog]: SysCatalogTable state changed. Reason: New leader 5dc378ab09af46b395462f96045bbda2. Latest consensus state: current_term: 3 leader_uuid: "5dc378ab09af46b395462f96045bbda2" committed_config { opid_index: -1 OBSOLETE_local: true peers { permanent_uuid: "5dc378ab09af46b395462f96045bbda2" member_type: VOTER } }
I0504 12:41:23.801997 1057 sys_catalog.cc:337] T 00000000000000000000000000000000 P 5dc378ab09af46b395462f96045bbda2 [sys.catalog]: SysCatalogTable state changed. Reason: RaftConsensus started. Latest consensus state: current_term: 3 leader_uuid: "5dc378ab09af46b395462f96045bbda2" committed_config { opid_index: -1 OBSOLETE_local: true peers { permanent_uuid: "5dc378ab09af46b395462f96045bbda2" member_type: VOTER } }
I0504 12:41:23.802443 1058 sys_catalog.cc:340] T 00000000000000000000000000000000 P 5dc378ab09af46b395462f96045bbda2 [sys.catalog]: This master's current role is: LEADER
I0504 12:41:23.802489 1057 sys_catalog.cc:340] T 00000000000000000000000000000000 P 5dc378ab09af46b395462f96045bbda2 [sys.catalog]: This master's current role is: LEADER
I0504 12:41:23.803593 1052 sys_catalog.cc:424] T 00000000000000000000000000000000 P 5dc378ab09af46b395462f96045bbda2 [sys.catalog]: configured and running, proceeding with master startup.
I0504 12:41:23.803747 1062 catalog_manager.cc:1055] Loading table and tablet metadata into memory...
I0504 12:41:23.808534 1062 catalog_manager.cc:356] Loaded metadata for table default.test_table [id=311ca297f46b4054b41964915062b3d8]
I0504 12:41:23.810576 1062 catalog_manager.cc:410] Loaded metadata for tablet 6d587649e69f4d108cfd349c6bdc4c97 (table default.test_table [id=311ca297f46b4054b41964915062b3d8])
I0504 12:41:23.810809 1062 catalog_manager.cc:1066] Initializing Kudu internal certificate authority...
I0504 12:41:23.815057 1062 catalog_manager.cc:1075] Loading token signing keys...
I0504 12:41:23.816517 1062 catalog_manager.cc:4302] T 00000000000000000000000000000000 P 5dc378ab09af46b395462f96045bbda2: Loaded TSK: 0
I0504 12:41:23.824452 1065 hms_notification_log_listener.cc:227] Skipping Hive Metastore notification log poll: Service unavailable: Catalog manager is not initialized. State: Starting
I0504 12:41:24.052002 1019 master_service.cc:229] Got heartbeat from unknown tserver (permanent_uuid: "5deb521258654a2d8e92322cb2fe1299" instance_seqno: 1556973678705107) as {username='slave'} at 127.0.57.193:58151; Asking this server to re-register.
I0504 12:41:24.052824 602 heartbeater.cc:426] Registering TS with master...
I0504 12:41:24.053035 602 heartbeater.cc:475] Master 127.0.57.254:35363 requested a full tablet report, sending...
I0504 12:41:24.054682 1018 ts_manager.cc:159] Registered new tserver with Master: 5deb521258654a2d8e92322cb2fe1299 (127.0.57.193:46161)
I0504 12:41:24.057864 1019 master_service.cc:229] Got heartbeat from unknown tserver (permanent_uuid: "ae21cbac31e2450cbbdbae7d58e9baf3" instance_seqno: 1556973679019362) as {username='slave'} at 127.0.57.194:34217; Asking this server to re-register.
I0504 12:41:24.058434 725 heartbeater.cc:426] Registering TS with master...
I0504 12:41:24.058598 725 heartbeater.cc:475] Master 127.0.57.254:35363 requested a full tablet report, sending...
I0504 12:41:24.059525 1019 ts_manager.cc:159] Registered new tserver with Master: ae21cbac31e2450cbbdbae7d58e9baf3 (127.0.57.194:36583)
I0504 12:41:24.302063 1018 master_service.cc:229] Got heartbeat from unknown tserver (permanent_uuid: "1a3d6697bbce4be9ab2d2144768855ee" instance_seqno: 1556973679320625) as {username='slave'} at 127.0.57.195:33091; Asking this server to re-register.
I0504 12:41:24.302608 847 heartbeater.cc:426] Registering TS with master...
I0504 12:41:24.302820 847 heartbeater.cc:475] Master 127.0.57.254:35363 requested a full tablet report, sending...
I0504 12:41:24.303887 1018 ts_manager.cc:159] Registered new tserver with Master: 1a3d6697bbce4be9ab2d2144768855ee (127.0.57.195:38403)
I0504 12:41:24.306640 231 external_mini_cluster.cc:623] 3 TS(s) registered with all masters
I0504 12:41:24.306720 231 alter_table-randomized-test.cc:146] Master Restarted
I0504 12:41:24.379873 231 alter_table-randomized-test.cc:466] Beginning Alterations
I0504 12:41:24.381680 231 alter_table-randomized-test.cc:612] Dropping range partition: [1275068397, 1342177260) resulting partitions: ()
I0504 12:41:24.381932 231 alter_table-randomized-test.cc:580] Adding range partition: [1811939301, 1879048164) resulting partitions: (1811939301, 1879048164)
I0504 12:41:24.382118 231 alter_table-randomized-test.cc:612] Dropping range partition: [1811939301, 1879048164) resulting partitions: ()
I0504 12:41:24.382208 231 alter_table-randomized-test.cc:498] Committing Alterations
I0504 12:41:24.458202 1018 catalog_manager.cc:2313] Servicing AlterTable request from {username='slave'} at 127.0.0.1:41050: table { table_name: "default.test_table" } alter_schema_steps { type: DROP_RANGE_PARTITION drop_range_partition { range_bounds { rows: "\006\001\355\377\377K\007\001\354\377\377O" } } } alter_schema_steps { type: ADD_RANGE_PARTITION add_range_partition { range_bounds { rows: "\006\001\345\377\377k\007\001\344\377\377o" } } } alter_schema_steps { type: DROP_RANGE_PARTITION drop_range_partition { range_bounds { rows: "\006\001\345\377\377k\007\001\344\377\377o" } } } schema { columns { name: "key" type: INT32 is_key: true is_nullable: false encoding: AUTO_ENCODING compression: DEFAULT_COMPRESSION cfile_block_size: 0 } } modify_external_catalogs: true
I0504 12:41:24.466663 1018 catalog_manager.cc:4226] T 00000000000000000000000000000000 P 5dc378ab09af46b395462f96045bbda2: Sending DeleteTablet for 3 replicas of tablet 6d587649e69f4d108cfd349c6bdc4c97
I0504 12:41:24.467280 1018 catalog_manager.cc:3389] Sending DeleteTablet(TABLET_DATA_DELETED) for tablet 6d587649e69f4d108cfd349c6bdc4c97 on ae21cbac31e2450cbbdbae7d58e9baf3 (127.0.57.194:36583) (Partition dropped at 2019-05-04 12:41:24 UTC)
I0504 12:41:24.468549 1018 catalog_manager.cc:3389] Sending DeleteTablet(TABLET_DATA_DELETED) for tablet 6d587649e69f4d108cfd349c6bdc4c97 on 1a3d6697bbce4be9ab2d2144768855ee (127.0.57.195:38403) (Partition dropped at 2019-05-04 12:41:24 UTC)
