I0504 12:39:10.550263 3334 catalog_manager.cc:1415] Servicing CreateTable request from {username='slave'} at 127.0.0.1:46256: name: "TestTable" schema { columns { name: "key" type: INT32 is_key: true is_nullable: false encoding: AUTO_ENCODING compression: DEFAULT_COMPRESSION cfile_block_size: 0 } columns { name: "int_val" type: INT32 is_key: false is_nullable: false encoding: AUTO_ENCODING compression: DEFAULT_COMPRESSION cfile_block_size: 0 } columns { name: "string_val" type: STRING is_key: false is_nullable: true encoding: AUTO_ENCODING compression: DEFAULT_COMPRESSION cfile_block_size: 0 } } num_replicas: 3 split_rows_range_bounds { } partition_schema { range_schema { columns { name: "key" } } }
I0504 12:39:10.599808 3557 tablet_service.cc:1016] Processing CreateTablet for tablet 7f27e90fac8b4887b84d167318670d5e (table=TestTable [id=f522fd5a8b0a4d0f823f4b304ac0b265]), partition=RANGE (key) PARTITION UNBOUNDED
I0504 12:39:10.600903 3557 data_dirs.cc:938] Could only allocate 1 dirs of requested 3 for tablet 7f27e90fac8b4887b84d167318670d5e. 1 dirs total, 0 dirs full, 0 dirs failed
I0504 12:39:10.600775 3679 tablet_service.cc:1016] Processing CreateTablet for tablet 7f27e90fac8b4887b84d167318670d5e (table=TestTable [id=f522fd5a8b0a4d0f823f4b304ac0b265]), partition=RANGE (key) PARTITION UNBOUNDED
I0504 12:39:10.600773 3434 tablet_service.cc:1016] Processing CreateTablet for tablet 7f27e90fac8b4887b84d167318670d5e (table=TestTable [id=f522fd5a8b0a4d0f823f4b304ac0b265]), partition=RANGE (key) PARTITION UNBOUNDED
I0504 12:39:10.601809 3434 data_dirs.cc:938] Could only allocate 1 dirs of requested 3 for tablet 7f27e90fac8b4887b84d167318670d5e. 1 dirs total, 0 dirs full, 0 dirs failed
I0504 12:39:10.601809 3679 data_dirs.cc:938] Could only allocate 1 dirs of requested 3 for tablet 7f27e90fac8b4887b84d167318670d5e. 1 dirs total, 0 dirs full, 0 dirs failed
I0504 12:39:10.611271 3883 tablet_bootstrap.cc:439] T 7f27e90fac8b4887b84d167318670d5e P 5d454de3f9224ab4ae992a414cfbdbae: Bootstrap starting.
I0504 12:39:10.613664 3883 tablet_bootstrap.cc:590] T 7f27e90fac8b4887b84d167318670d5e P 5d454de3f9224ab4ae992a414cfbdbae: No blocks or log segments found. Creating new log.
I0504 12:39:10.614754 3884 tablet_bootstrap.cc:439] T 7f27e90fac8b4887b84d167318670d5e P c85371c011254fa9aba0b5d644912d2c: Bootstrap starting.
I0504 12:39:10.616755 3884 tablet_bootstrap.cc:590] T 7f27e90fac8b4887b84d167318670d5e P c85371c011254fa9aba0b5d644912d2c: No blocks or log segments found. Creating new log.
I0504 12:39:10.617560 3884 log.cc:525] T 7f27e90fac8b4887b84d167318670d5e P c85371c011254fa9aba0b5d644912d2c: Log is configured to *not* fsync() on all Append() calls
I0504 12:39:10.618636 3883 log.cc:525] T 7f27e90fac8b4887b84d167318670d5e P 5d454de3f9224ab4ae992a414cfbdbae: Log is configured to *not* fsync() on all Append() calls
I0504 12:39:10.618966 3885 tablet_bootstrap.cc:439] T 7f27e90fac8b4887b84d167318670d5e P 1db2335bd82b489ea0f4303451133b62: Bootstrap starting.
I0504 12:39:10.620810 3885 tablet_bootstrap.cc:590] T 7f27e90fac8b4887b84d167318670d5e P 1db2335bd82b489ea0f4303451133b62: No blocks or log segments found. Creating new log.
I0504 12:39:10.621542 3885 log.cc:525] T 7f27e90fac8b4887b84d167318670d5e P 1db2335bd82b489ea0f4303451133b62: Log is configured to *not* fsync() on all Append() calls
I0504 12:39:10.623039 3883 tablet_bootstrap.cc:439] T 7f27e90fac8b4887b84d167318670d5e P 5d454de3f9224ab4ae992a414cfbdbae: No bootstrap required, opened a new log
I0504 12:39:10.623298 3883 ts_tablet_manager.cc:1053] T 7f27e90fac8b4887b84d167318670d5e P 5d454de3f9224ab4ae992a414cfbdbae: Time spent bootstrapping tablet: real 0.012s user 0.000s sys 0.003s
I0504 12:39:10.623296 3885 tablet_bootstrap.cc:439] T 7f27e90fac8b4887b84d167318670d5e P 1db2335bd82b489ea0f4303451133b62: No bootstrap required, opened a new log
I0504 12:39:10.623292 3884 tablet_bootstrap.cc:439] T 7f27e90fac8b4887b84d167318670d5e P c85371c011254fa9aba0b5d644912d2c: No bootstrap required, opened a new log
I0504 12:39:10.623531 3885 ts_tablet_manager.cc:1053] T 7f27e90fac8b4887b84d167318670d5e P 1db2335bd82b489ea0f4303451133b62: Time spent bootstrapping tablet: real 0.005s user 0.003s sys 0.000s
I0504 12:39:10.623531 3884 ts_tablet_manager.cc:1053] T 7f27e90fac8b4887b84d167318670d5e P c85371c011254fa9aba0b5d644912d2c: Time spent bootstrapping tablet: real 0.009s user 0.003s sys 0.000s
I0504 12:39:10.629797 3883 raft_consensus.cc:340] T 7f27e90fac8b4887b84d167318670d5e P 5d454de3f9224ab4ae992a414cfbdbae [term 0 FOLLOWER]: Replica starting. Triggering 0 pending transactions. Active config: opid_index: -1 OBSOLETE_local: false peers { permanent_uuid: "c85371c011254fa9aba0b5d644912d2c" member_type: VOTER last_known_addr { host: "127.0.57.195" port: 35639 } } peers { permanent_uuid: "5d454de3f9224ab4ae992a414cfbdbae" member_type: VOTER last_known_addr { host: "127.0.57.194" port: 40333 } } peers { permanent_uuid: "1db2335bd82b489ea0f4303451133b62" member_type: VOTER last_known_addr { host: "127.0.57.193" port: 37541 } }
I0504 12:39:10.630151 3883 raft_consensus.cc:705] T 7f27e90fac8b4887b84d167318670d5e P 5d454de3f9224ab4ae992a414cfbdbae [term 0 FOLLOWER]: Becoming Follower/Learner. State: Replica: 5d454de3f9224ab4ae992a414cfbdbae, State: Initialized, Role: FOLLOWER
I0504 12:39:10.630497 3883 consensus_queue.cc:229] T 7f27e90fac8b4887b84d167318670d5e P 5d454de3f9224ab4ae992a414cfbdbae [NON_LEADER]: Queue going to NON_LEADER mode. State: All replicated index: 0, Majority replicated index: 0, Committed index: 0, Last appended: 0.0, Last appended by leader: 0, Current term: 0, Majority size: -1, State: 0, Mode: NON_LEADER, active raft config: opid_index: -1 OBSOLETE_local: false peers { permanent_uuid: "c85371c011254fa9aba0b5d644912d2c" member_type: VOTER last_known_addr { host: "127.0.57.195" port: 35639 } } peers { permanent_uuid: "5d454de3f9224ab4ae992a414cfbdbae" member_type: VOTER last_known_addr { host: "127.0.57.194" port: 40333 } } peers { permanent_uuid: "1db2335bd82b489ea0f4303451133b62" member_type: VOTER last_known_addr { host: "127.0.57.193" port: 37541 } }
I0504 12:39:10.632210 3884 raft_consensus.cc:340] T 7f27e90fac8b4887b84d167318670d5e P c85371c011254fa9aba0b5d644912d2c [term 0 FOLLOWER]: Replica starting. Triggering 0 pending transactions. Active config: opid_index: -1 OBSOLETE_local: false peers { permanent_uuid: "c85371c011254fa9aba0b5d644912d2c" member_type: VOTER last_known_addr { host: "127.0.57.195" port: 35639 } } peers { permanent_uuid: "5d454de3f9224ab4ae992a414cfbdbae" member_type: VOTER last_known_addr { host: "127.0.57.194" port: 40333 } } peers { permanent_uuid: "1db2335bd82b489ea0f4303451133b62" member_type: VOTER last_known_addr { host: "127.0.57.193" port: 37541 } }
I0504 12:39:10.632627 3884 raft_consensus.cc:705] T 7f27e90fac8b4887b84d167318670d5e P c85371c011254fa9aba0b5d644912d2c [term 0 FOLLOWER]: Becoming Follower/Learner. State: Replica: c85371c011254fa9aba0b5d644912d2c, State: Initialized, Role: FOLLOWER
I0504 12:39:10.632511 3885 raft_consensus.cc:340] T 7f27e90fac8b4887b84d167318670d5e P 1db2335bd82b489ea0f4303451133b62 [term 0 FOLLOWER]: Replica starting. Triggering 0 pending transactions. Active config: opid_index: -1 OBSOLETE_local: false peers { permanent_uuid: "c85371c011254fa9aba0b5d644912d2c" member_type: VOTER last_known_addr { host: "127.0.57.195" port: 35639 } } peers { permanent_uuid: "5d454de3f9224ab4ae992a414cfbdbae" member_type: VOTER last_known_addr { host: "127.0.57.194" port: 40333 } } peers { permanent_uuid: "1db2335bd82b489ea0f4303451133b62" member_type: VOTER last_known_addr { host: "127.0.57.193" port: 37541 } }
I0504 12:39:10.632869 3885 raft_consensus.cc:705] T 7f27e90fac8b4887b84d167318670d5e P 1db2335bd82b489ea0f4303451133b62 [term 0 FOLLOWER]: Becoming Follower/Learner. State: Replica: 1db2335bd82b489ea0f4303451133b62, State: Initialized, Role: FOLLOWER
I0504 12:39:10.632948 3884 consensus_queue.cc:229] T 7f27e90fac8b4887b84d167318670d5e P c85371c011254fa9aba0b5d644912d2c [NON_LEADER]: Queue going to NON_LEADER mode. State: All replicated index: 0, Majority replicated index: 0, Committed index: 0, Last appended: 0.0, Last appended by leader: 0, Current term: 0, Majority size: -1, State: 0, Mode: NON_LEADER, active raft config: opid_index: -1 OBSOLETE_local: false peers { permanent_uuid: "c85371c011254fa9aba0b5d644912d2c" member_type: VOTER last_known_addr { host: "127.0.57.195" port: 35639 } } peers { permanent_uuid: "5d454de3f9224ab4ae992a414cfbdbae" member_type: VOTER last_known_addr { host: "127.0.57.194" port: 40333 } } peers { permanent_uuid: "1db2335bd82b489ea0f4303451133b62" member_type: VOTER last_known_addr { host: "127.0.57.193" port: 37541 } }
I0504 12:39:10.633126 3885 consensus_queue.cc:229] T 7f27e90fac8b4887b84d167318670d5e P 1db2335bd82b489ea0f4303451133b62 [NON_LEADER]: Queue going to NON_LEADER mode. State: All replicated index: 0, Majority replicated index: 0, Committed index: 0, Last appended: 0.0, Last appended by leader: 0, Current term: 0, Majority size: -1, State: 0, Mode: NON_LEADER, active raft config: opid_index: -1 OBSOLETE_local: false peers { permanent_uuid: "c85371c011254fa9aba0b5d644912d2c" member_type: VOTER last_known_addr { host: "127.0.57.195" port: 35639 } } peers { permanent_uuid: "5d454de3f9224ab4ae992a414cfbdbae" member_type: VOTER last_known_addr { host: "127.0.57.194" port: 40333 } } peers { permanent_uuid: "1db2335bd82b489ea0f4303451133b62" member_type: VOTER last_known_addr { host: "127.0.57.193" port: 37541 } }
I0504 12:39:10.633829 3620 heartbeater.cc:467] Master 127.0.57.254:43043 was elected leader, sending a full tablet report...
I0504 12:39:10.633949 3742 heartbeater.cc:467] Master 127.0.57.254:43043 was elected leader, sending a full tablet report...
I0504 12:39:10.634088 3497 heartbeater.cc:467] Master 127.0.57.254:43043 was elected leader, sending a full tablet report...
I0504 12:39:10.634140 3883 ts_tablet_manager.cc:1081] T 7f27e90fac8b4887b84d167318670d5e P 5d454de3f9224ab4ae992a414cfbdbae: Time spent starting tablet: real 0.011s user 0.007s sys 0.004s
I0504 12:39:10.635092 3885 ts_tablet_manager.cc:1081] T 7f27e90fac8b4887b84d167318670d5e P 1db2335bd82b489ea0f4303451133b62: Time spent starting tablet: real 0.011s user 0.011s sys 0.000s
I0504 12:39:10.635299 3884 ts_tablet_manager.cc:1081] T 7f27e90fac8b4887b84d167318670d5e P c85371c011254fa9aba0b5d644912d2c: Time spent starting tablet: real 0.012s user 0.006s sys 0.005s
I0504 12:39:10.643723 231 external_mini_cluster.cc:623] 4 TS(s) registered with all masters
I0504 12:39:10.645020 231 ts_itest-base.cc:232] Waiting for 1 tablets on tserver 1db2335bd82b489ea0f4303451133b62 to finish bootstrapping
I0504 12:39:10.651185 231 ts_itest-base.cc:232] Waiting for 1 tablets on tserver 5d454de3f9224ab4ae992a414cfbdbae to finish bootstrapping
I0504 12:39:10.657069 231 ts_itest-base.cc:232] Waiting for 1 tablets on tserver c85371c011254fa9aba0b5d644912d2c to finish bootstrapping
I0504 12:39:10.662788 231 ts_itest-base.cc:232] Waiting for 0 tablets on tserver ee5cdbde7a244812acf41283ed4100b0 to finish bootstrapping
I0504 12:39:10.675451 3454 tablet_service.cc:1403] Received Run Leader Election RPC: tablet_id: "7f27e90fac8b4887b84d167318670d5e" dest_uuid: "1db2335bd82b489ea0f4303451133b62" from {username='slave'} at 127.0.0.1:59244
I0504 12:39:10.675760 3454 raft_consensus.cc:472] T 7f27e90fac8b4887b84d167318670d5e P 1db2335bd82b489ea0f4303451133b62 [term 0 FOLLOWER]: Starting forced leader election (received explicit request)
I0504 12:39:10.675927 3454 raft_consensus.cc:2886] T 7f27e90fac8b4887b84d167318670d5e P 1db2335bd82b489ea0f4303451133b62 [term 0 FOLLOWER]: Advancing to term 1
W0504 12:39:10.770045 3621 tablet.cc:1786] T 7f27e90fac8b4887b84d167318670d5e P 5d454de3f9224ab4ae992a414cfbdbae: Can't schedule compaction. Clean time has not been advanced past its initial value.
W0504 12:39:10.783010 3743 tablet.cc:1786] T 7f27e90fac8b4887b84d167318670d5e P c85371c011254fa9aba0b5d644912d2c: Can't schedule compaction. Clean time has not been advanced past its initial value.
W0504 12:39:10.792601 3498 tablet.cc:1786] T 7f27e90fac8b4887b84d167318670d5e P 1db2335bd82b489ea0f4303451133b62: Can't schedule compaction. Clean time has not been advanced past its initial value.
I0504 12:39:11.088824 3454 raft_consensus.cc:494] T 7f27e90fac8b4887b84d167318670d5e P 1db2335bd82b489ea0f4303451133b62 [term 1 FOLLOWER]: Starting forced leader election with config: opid_index: -1 OBSOLETE_local: false peers { permanent_uuid: "c85371c011254fa9aba0b5d644912d2c" member_type: VOTER last_known_addr { host: "127.0.57.195" port: 35639 } } peers { permanent_uuid: "5d454de3f9224ab4ae992a414cfbdbae" member_type: VOTER last_known_addr { host: "127.0.57.194" port: 40333 } } peers { permanent_uuid: "1db2335bd82b489ea0f4303451133b62" member_type: VOTER last_known_addr { host: "127.0.57.193" port: 37541 } }
I0504 12:39:11.090312 3454 leader_election.cc:296] T 7f27e90fac8b4887b84d167318670d5e P 1db2335bd82b489ea0f4303451133b62 [CANDIDATE]: Term 1 election: Requested vote from peers c85371c011254fa9aba0b5d644912d2c (127.0.57.195:35639), 5d454de3f9224ab4ae992a414cfbdbae (127.0.57.194:40333)
I0504 12:39:11.098052 3699 tablet_service.cc:1286] Received RequestConsensusVote() RPC: tablet_id: "7f27e90fac8b4887b84d167318670d5e" candidate_uuid: "1db2335bd82b489ea0f4303451133b62" candidate_term: 1 candidate_status { last_received { term: 0 index: 0 } } ignore_live_leader: true dest_uuid: "c85371c011254fa9aba0b5d644912d2c"
I0504 12:39:11.098013 3577 tablet_service.cc:1286] Received RequestConsensusVote() RPC: tablet_id: "7f27e90fac8b4887b84d167318670d5e" candidate_uuid: "1db2335bd82b489ea0f4303451133b62" candidate_term: 1 candidate_status { last_received { term: 0 index: 0 } } ignore_live_leader: true dest_uuid: "5d454de3f9224ab4ae992a414cfbdbae"
I0504 12:39:11.098351 3577 raft_consensus.cc:2886] T 7f27e90fac8b4887b84d167318670d5e P 5d454de3f9224ab4ae992a414cfbdbae [term 0 FOLLOWER]: Advancing to term 1
I0504 12:39:11.098345 3699 raft_consensus.cc:2886] T 7f27e90fac8b4887b84d167318670d5e P c85371c011254fa9aba0b5d644912d2c [term 0 FOLLOWER]: Advancing to term 1
W0504 12:39:11.261185 3385 leader_election.cc:341] T 7f27e90fac8b4887b84d167318670d5e P 1db2335bd82b489ea0f4303451133b62 [CANDIDATE]: Term 1 election: RPC error from VoteRequest() call to peer c85371c011254fa9aba0b5d644912d2c (127.0.57.195:35639): Timed out: RequestConsensusVote RPC to 127.0.57.195:35639 timed out after 0.170s (SENT)
W0504 12:39:11.261538 3387 leader_election.cc:341] T 7f27e90fac8b4887b84d167318670d5e P 1db2335bd82b489ea0f4303451133b62 [CANDIDATE]: Term 1 election: RPC error from VoteRequest() call to peer 5d454de3f9224ab4ae992a414cfbdbae (127.0.57.194:40333): Timed out: RequestConsensusVote RPC to 127.0.57.194:40333 timed out after 0.170s (SENT)
I0504 12:39:11.261698 3387 leader_election.cc:310] T 7f27e90fac8b4887b84d167318670d5e P 1db2335bd82b489ea0f4303451133b62 [CANDIDATE]: Term 1 election: Election decided. Result: candidate lost. Election summary: received 3 responses out of 3 voters: 1 yes votes; 2 no votes. yes voters: 1db2335bd82b489ea0f4303451133b62; no voters: 5d454de3f9224ab4ae992a414cfbdbae, c85371c011254fa9aba0b5d644912d2c
I0504 12:39:11.262462 3896 raft_consensus.cc:2588] T 7f27e90fac8b4887b84d167318670d5e P 1db2335bd82b489ea0f4303451133b62 [term 1 FOLLOWER]: Leader election lost for term 1. Reason: could not achieve majority
I0504 12:39:11.540894 3864 heartbeater.cc:467] Master 127.0.57.254:43043 was elected leader, sending a full tablet report...
W0504 12:39:11.599707 3577 consensus_meta.cc:220] T 7f27e90fac8b4887b84d167318670d5e P 5d454de3f9224ab4ae992a414cfbdbae: Time spent flushing consensus metadata: real 0.501s user 0.003s sys 0.000s
W0504 12:39:11.599707 3699 consensus_meta.cc:220] T 7f27e90fac8b4887b84d167318670d5e P c85371c011254fa9aba0b5d644912d2c: Time spent flushing consensus metadata: real 0.501s user 0.004s sys 0.000s
I0504 12:39:11.599836 3699 raft_consensus.cc:2346] T 7f27e90fac8b4887b84d167318670d5e P c85371c011254fa9aba0b5d644912d2c [term 1 FOLLOWER]: Leader election vote request: Granting yes vote for candidate 1db2335bd82b489ea0f4303451133b62 in term 1.
I0504 12:39:11.599838 3577 raft_consensus.cc:2346] T 7f27e90fac8b4887b84d167318670d5e P 5d454de3f9224ab4ae992a414cfbdbae [term 1 FOLLOWER]: Leader election vote request: Granting yes vote for candidate 1db2335bd82b489ea0f4303451133b62 in term 1.
W0504 12:39:11.600097 3699 rpcz_store.cc:253] Call kudu.consensus.ConsensusService.RequestConsensusVote from 127.0.57.193:38713 (request call id 1) took 502 ms (502 ms). Client timeout 170 ms (170 ms)
W0504 12:39:11.600124 3577 rpcz_store.cc:253] Call kudu.consensus.ConsensusService.RequestConsensusVote from 127.0.57.193:39809 (request call id 1) took 502 ms (502 ms). Client timeout 170 ms (170 ms)
W0504 12:39:11.600728 3699 rpcz_store.cc:259] Trace: 0504 12:39:11.097610 (+ 0us) service_pool.cc:162] Inserting onto call queue 0504 12:39:11.097680 (+ 70us) service_pool.cc:221] Handling call 0504 12:39:11.600036 (+502356us) inbound_call.cc:162] Queueing success response Metrics: {}
W0504 12:39:11.600728 3577 rpcz_store.cc:259] Trace: 0504 12:39:11.097443 (+ 0us) service_pool.cc:162] Inserting onto call queue 0504 12:39:11.097552 (+ 109us) service_pool.cc:221] Handling call 0504 12:39:11.600035 (+502483us) inbound_call.cc:162] Queueing success response Metrics: {}
I0504 12:41:09.599308 3323 maintenance_manager.cc:306] P 3744a79ca8264f1587a6daa834a73948: Scheduling FlushMRSOp(00000000000000000000000000000000): perf score=0.033371
I0504 12:41:09.626622 3322 maintenance_manager.cc:501] P 3744a79ca8264f1587a6daa834a73948: FlushMRSOp(00000000000000000000000000000000) complete. Timing: real 0.026s user 0.026s sys 0.000s Metrics: {"bytes_written":6723,"cfile_init":1,"data dirs.queue_time_us":1089,"data dirs.run_cpu_time_us":298,"data dirs.run_wall_time_us":743,"drs_written":1,"lbm_read_time_us":70,"lbm_reads_lt_1ms":4,"lbm_write_time_us":478,"lbm_writes_lt_1ms":27,"rows_written":4,"thread_start_us":1335,"threads_started":2,"wal-append.queue_time_us":338}
I0504 12:41:09.627954 3323 maintenance_manager.cc:306] P 3744a79ca8264f1587a6daa834a73948: Scheduling UndoDeltaBlockGCOp(00000000000000000000000000000000): 479 bytes on disk
I0504 12:41:09.628757 3322 maintenance_manager.cc:501] P 3744a79ca8264f1587a6daa834a73948: UndoDeltaBlockGCOp(00000000000000000000000000000000) complete. Timing: real 0.001s user 0.000s sys 0.000s Metrics: {"cfile_init":1,"lbm_read_time_us":70,"lbm_reads_lt_1ms":4} /data/somelongdirectorytoavoidrpathissues/src/kudu/src/kudu/integration-tests/raft_consensus_nonvoter-itest.cc:859: Failure Failed Bad status: Timed out: Replica TabletServer: 1db2335bd82b489ea0f4303451133b62, Rpc address: host: "127.0.57.193" port: 37541 is not leader after waiting for 120.000s: Not found: Error connecting to replica: Timed out: GetConsensusState RPC to 127.0.57.193:37541 timed out after -0.037s (ON_OUTBOUND_QUEUE)
I0504 12:41:11.134759 231 external_mini_cluster.cc:1172] Attempting to check leaks for /tmp/dist-test-taskHOObI0/build/asan/bin/kudu-tserver pid 3368
I0504 12:41:11.142941 3494 generic_service.cc:171] Checking for leaks (request via RPC)
I0504 12:41:11.210763 231 external_mini_cluster.cc:1131] Killing /tmp/dist-test-taskHOObI0/build/asan/bin/kudu-tserver with pid 3368
I0504 12:41:11.223901 231 external_mini_cluster.cc:1172] Attempting to check leaks for /tmp/dist-test-taskHOObI0/build/asan/bin/kudu-tserver pid 3501
I0504 12:41:11.229043 3617 generic_service.cc:171] Checking for leaks (request via RPC)
I0504 12:41:11.282596 231 external_mini_cluster.cc:1131] Killing /tmp/dist-test-taskHOObI0/build/asan/bin/kudu-tserver with pid 3501
I0504 12:41:11.296147 231 external_mini_cluster.cc:1172] Attempting to check leaks for /tmp/dist-test-taskHOObI0/build/asan/bin/kudu-tserver pid 3623
I0504 12:41:11.301869 3739 generic_service.cc:171] Checking for leaks (request via RPC)
I0504 12:41:11.363757 231 external_mini_cluster.cc:1131] Killing /tmp/dist-test-taskHOObI0/build/asan/bin/kudu-tserver with pid 3623
I0504 12:41:11.376716 231 external_mini_cluster.cc:1172] Attempting to check leaks for /tmp/dist-test-taskHOObI0/build/asan/bin/kudu-tserver pid 3745
I0504 12:41:11.382122 3861 generic_service.cc:171] Checking for leaks (request via RPC)
I0504 12:41:11.435705 231 external_mini_cluster.cc:1131] Killing /tmp/dist-test-taskHOObI0/build/asan/bin/kudu-tserver with pid 3745
I0504 12:41:11.447526 231 external_mini_cluster.cc:1172] Attempting to check leaks for /tmp/dist-test-taskHOObI0/build/asan/bin/kudu-master pid 3308
I0504 12:41:11.453375 3364 generic_service.cc:171] Checking for leaks (request via RPC)
I0504 12:41:11.552709 231 external_mini_cluster.cc:1131] Killing /tmp/dist-test-taskHOObI0/build/asan/bin/kudu-master with pid 3308
I0504 12:41:11.572476 231 test_util.cc:135] -----------------------------------------------
I0504 12:41:11.572540 231 test_util.cc:136] Had fatal failures, leaving test files at /tmp/dist-test-taskHOObI0/test-tmp/raft_consensus_nonvoter-itest.0.RaftConsensusNonVoterITest.PromoteAndDemote.1556973524314425-231 [ FAILED ] RaftConsensusNonVoterITest.PromoteAndDemote (122426 ms)