I0408 18:33:41.111627 9155 tablet_server_main.cc:72] Tablet server non-default flags: --log_compression_codec=NO_COMPRESSION --log_segment_size_mb=1 --block_manager=file --fs_data_dirs=/tmp/dist-test-task3Gp0Ia/test-tmp/ts_recovery-itest.0.BlockManagerType_TsRecoveryITest.TestCrashBeforeWriteLogSegmentHeader_0.1554748385377146-6360/minicluster-data/ts-0/data --fs_wal_dir=/tmp/dist-test-task3Gp0Ia/test-tmp/ts_recovery-itest.0.BlockManagerType_TsRecoveryITest.TestCrashBeforeWriteLogSegmentHeader_0.1554748385377146-6360/minicluster-data/ts-0/wal --ipki_server_key_size=1024 --rpc_bind_addresses=127.6.54.1:0 --rpc_server_allow_ephemeral_ports=true --metrics_log_interval_ms=1000 --server_dump_info_format=pb --server_dump_info_path=/tmp/dist-test-task3Gp0Ia/test-tmp/ts_recovery-itest.0.BlockManagerType_TsRecoveryITest.TestCrashBeforeWriteLogSegmentHeader_0.1554748385377146-6360/minicluster-data/ts-0/data/info.pb --webserver_interface=127.6.54.1 --webserver_port=0 --tserver_master_addrs=127.6.54.62:36737 --never_fsync=true --heap_profile_path=/tmp/kudu-tserver.9155 --redact=none --unlock_experimental_flags=true --unlock_unsafe_flags=true --enable_minidumps=false --local_ip_for_outbound_sockets=127.6.54.1 --log_dir=/tmp/dist-test-task3Gp0Ia/test-tmp/ts_recovery-itest.0.BlockManagerType_TsRecoveryITest.TestCrashBeforeWriteLogSegmentHeader_0.1554748385377146-6360/minicluster-data/ts-0/logs --logbuflevel=-1 --logtostderr=true Tablet server version: kudu 1.7.0-cdh5.17.0-SNAPSHOT revision 834a99bd863227e2c59278bd953b80acc7e18e4f build type RELEASE built by jenkins at 08 Apr 2019 11:04:39 PST on quasar-nlvoik-1.vpc.cloudera.com build id 305457
I0408 18:33:41.112937 9155 tablet_server_main.cc:79] Initializing tablet server...
I0408 18:33:41.113234 9155 system_ntp.cc:143] NTP initialized. Skew: 500ppm Current error: 29511us
I0408 18:33:41.113418 9155 fs_manager.cc:260] Metadata directory not provided
I0408 18:33:41.113461 9155 fs_manager.cc:266] Using write-ahead log directory (fs_wal_dir) as metadata directory
I0408 18:33:41.113579 9155 server_base.cc:434] Could not load existing FS layout: Not found: /tmp/dist-test-task3Gp0Ia/test-tmp/ts_recovery-itest.0.BlockManagerType_TsRecoveryITest.TestCrashBeforeWriteLogSegmentHeader_0.1554748385377146-6360/minicluster-data/ts-0/data/instance: No such file or directory (error 2)
I0408 18:33:41.113605 9155 server_base.cc:435] Attempting to create new FS layout instead
I0408 18:33:41.115414 9155 fs_manager.cc:595] Generated new instance metadata in path /tmp/dist-test-task3Gp0Ia/test-tmp/ts_recovery-itest.0.BlockManagerType_TsRecoveryITest.TestCrashBeforeWriteLogSegmentHeader_0.1554748385377146-6360/minicluster-data/ts-0/data/instance: uuid: "8dd0dee0c0eb412fb08f498e38e90e86" format_stamp: "Formatted at 2019-04-08 18:33:41 on dist-test-slave-dist-test-slave-gxv9"
I0408 18:33:41.115461 9152 catalog_manager.cc:870] Generated new certificate authority record
I0408 18:33:41.115669 9155 fs_manager.cc:595] Generated new instance metadata in path /tmp/dist-test-task3Gp0Ia/test-tmp/ts_recovery-itest.0.BlockManagerType_TsRecoveryITest.TestCrashBeforeWriteLogSegmentHeader_0.1554748385377146-6360/minicluster-data/ts-0/wal/instance: uuid: "8dd0dee0c0eb412fb08f498e38e90e86" format_stamp: "Formatted at 2019-04-08 18:33:41 on dist-test-slave-dist-test-slave-gxv9"
I0408 18:33:41.116117 9152 catalog_manager.cc:992] Loading token signing keys...
I0408 18:33:41.119434 9155 fs_manager.cc:495] Time spent creating directory manager: real 0.004s user 0.002s sys 0.000s
I0408 18:33:41.119799 9155 env_posix.cc:1634] Not raising this process' open files per process limit of 1048576; it is already as high as it can go
I0408 18:33:41.119839 9155 file_cache.cc:470] Constructed file cache fbm with capacity 419430
I0408 18:33:41.119935 9155 fs_manager.cc:417] Time spent opening block manager: real 0.000s user 0.001s sys 0.000s
I0408 18:33:41.119972 9155 fs_manager.cc:428] Opened local filesystem: /tmp/dist-test-task3Gp0Ia/test-tmp/ts_recovery-itest.0.BlockManagerType_TsRecoveryITest.TestCrashBeforeWriteLogSegmentHeader_0.1554748385377146-6360/minicluster-data/ts-0/data,/tmp/dist-test-task3Gp0Ia/test-tmp/ts_recovery-itest.0.BlockManagerType_TsRecoveryITest.TestCrashBeforeWriteLogSegmentHeader_0.1554748385377146-6360/minicluster-data/ts-0/wal uuid: "8dd0dee0c0eb412fb08f498e38e90e86" format_stamp: "Formatted at 2019-04-08 18:33:41 on dist-test-slave-dist-test-slave-gxv9"
I0408 18:33:41.120014 9155 fs_report.cc:347] Block manager report -------------------- 1 data directories: /tmp/dist-test-task3Gp0Ia/test-tmp/ts_recovery-itest.0.BlockManagerType_TsRecoveryITest.TestCrashBeforeWriteLogSegmentHeader_0.1554748385377146-6360/minicluster-data/ts-0/data/data Total live blocks: 0 Total live bytes: 0 Total live bytes (after alignment): 0 Total number of LBM containers: 0 (0 full) Did not check for missing blocks Did not check for orphaned blocks Did not check for full LBM containers with extra space Did not check for incomplete LBM containers Did not check for malformed LBM records Did not check for misaligned LBM blocks Did not check for partial LBM records
I0408 18:33:41.123098 9152 catalog_manager.cc:3871] T 00000000000000000000000000000000 P 043696b794e74b698e2c618241415087: Generated new TSK 0
I0408 18:33:41.158442 9155 env_posix.cc:1634] Not raising this process' running threads per effective uid limit of 18446744073709551615; it is already as high as it can go
I0408 18:33:41.158751 9155 ts_tablet_manager.cc:299] Loaded tablet metadata (0 live tablets)
I0408 18:33:41.158845 9155 tablet_server_main.cc:84] Starting tablet server...
I0408 18:33:41.163831 9155 rpc_server.cc:201] RPC server started. Bound to: 127.6.54.1:39775
I0408 18:33:41.163905 9155 webserver.cc:173] Starting webserver on 127.6.54.1:0
I0408 18:33:41.163920 9155 webserver.cc:184] Document root disabled
I0408 18:33:41.164130 9155 webserver.cc:311] Webserver started. Bound to: http://127.6.54.1:38757/
I0408 18:33:41.164352 9155 server_base.cc:607] Dumped server information to /tmp/dist-test-task3Gp0Ia/test-tmp/ts_recovery-itest.0.BlockManagerType_TsRecoveryITest.TestCrashBeforeWriteLogSegmentHeader_0.1554748385377146-6360/minicluster-data/ts-0/data/info.pb
I0408 18:33:41.164639 9155 tablet_server_main.cc:87] Tablet server successfully started.
I0408 18:33:41.165822 6360 external_mini_cluster.cc:871] Started /tmp/dist-test-task3Gp0Ia/build/release/bin/kudu-tserver as pid 9155
I0408 18:33:41.167587 9277 process_memory.cc:182] Process hard memory limit is 11.744250 GB
I0408 18:33:41.167609 9277 process_memory.cc:184] Process soft memory limit is 9.395400 GB
I0408 18:33:41.167616 9277 process_memory.cc:187] Process memory pressure threshold is 7.046550 GB
I0408 18:33:41.172471 9276 heartbeater.cc:346] Connected to a master server at 127.6.54.62:36737
I0408 18:33:41.172511 9276 heartbeater.cc:426] Registering TS with master...
I0408 18:33:41.172616 9276 heartbeater.cc:475] Master 127.6.54.62:36737 requested a full tablet report, sending...
I0408 18:33:41.173058 9112 ts_manager.cc:81] Registered new tserver with Master: 8dd0dee0c0eb412fb08f498e38e90e86 (127.6.54.1:39775)
I0408 18:33:41.173871 9112 master_service.cc:249] Signed X509 certificate for tserver {username='slave'} at 127.6.54.1:46161
I0408 18:33:41.174641 6360 external_mini_cluster.cc:499] 1 TS(s) registered with all masters
I0408 18:33:41.182315 6360 test_util.cc:200] Using random seed: 324801387
I0408 18:33:41.187434 9112 catalog_manager.cc:1294] Servicing CreateTable request from {username='slave'} at 127.0.0.1:54752: name: "test-workload" schema { columns { name: "key" type: INT32 is_key: true is_nullable: false encoding: AUTO_ENCODING compression: DEFAULT_COMPRESSION cfile_block_size: 0 } columns { name: "int_val" type: INT32 is_key: false is_nullable: false encoding: AUTO_ENCODING compression: DEFAULT_COMPRESSION cfile_block_size: 0 } columns { name: "string_val" type: STRING is_key: false is_nullable: true encoding: AUTO_ENCODING compression: DEFAULT_COMPRESSION cfile_block_size: 0 } } num_replicas: 1 split_rows_range_bounds { } partition_schema { range_schema { columns { name: "key" } } }
I0408 18:33:41.194171 9207 tablet_service.cc:758] Processing CreateTablet for tablet 13d6aa5379f0483995aac68de5c7f473 (table=test-workload [id=e5ada3153b4e4030bbd1561d986000ef]), partition=RANGE (key) PARTITION UNBOUNDED
I0408 18:33:41.194322 9207 data_dirs.cc:931] Could only allocate 1 dirs of requested 3 for tablet 13d6aa5379f0483995aac68de5c7f473. 1 dirs total, 0 dirs full, 0 dirs failed
I0408 18:33:41.196173 9207 ts_tablet_manager.cc:1080] T 13d6aa5379f0483995aac68de5c7f473 P 8dd0dee0c0eb412fb08f498e38e90e86: Registered tablet (data state: TABLET_DATA_READY)
I0408 18:33:41.199215 9294 ts_tablet_manager.cc:938] T 13d6aa5379f0483995aac68de5c7f473 P 8dd0dee0c0eb412fb08f498e38e90e86: Bootstrapping tablet
I0408 18:33:41.199288 9294 tablet_bootstrap.cc:436] T 13d6aa5379f0483995aac68de5c7f473 P 8dd0dee0c0eb412fb08f498e38e90e86: Bootstrap starting.
I0408 18:33:41.199688 9294 tablet_bootstrap.cc:581] T 13d6aa5379f0483995aac68de5c7f473 P 8dd0dee0c0eb412fb08f498e38e90e86: No blocks or log segments found. Creating new log.
W0408 18:33:41.199874 9294 compression_codec.cc:281] Unable to recognize the compression codec 'NO_COMPRESSION' using no compression as default.
I0408 18:33:41.199975 9294 log.cc:520] T 13d6aa5379f0483995aac68de5c7f473 P 8dd0dee0c0eb412fb08f498e38e90e86: Log is configured to *not* fsync() on all Append() calls
I0408 18:33:41.200362 9294 tablet_bootstrap.cc:436] T 13d6aa5379f0483995aac68de5c7f473 P 8dd0dee0c0eb412fb08f498e38e90e86: No bootstrap required, opened a new log
I0408 18:33:41.200412 9294 ts_tablet_manager.cc:955] T 13d6aa5379f0483995aac68de5c7f473 P 8dd0dee0c0eb412fb08f498e38e90e86: Time spent bootstrapping tablet: real 0.001s user 0.001s sys 0.000s
I0408 18:33:41.201488 9294 raft_consensus.cc:304] T 13d6aa5379f0483995aac68de5c7f473 P 8dd0dee0c0eb412fb08f498e38e90e86 [term 0 FOLLOWER]: Replica starting. Triggering 0 pending transactions. Active config: opid_index: -1 OBSOLETE_local: true peers { permanent_uuid: "8dd0dee0c0eb412fb08f498e38e90e86" member_type: VOTER last_known_addr { host: "127.6.54.1" port: 39775 } }
I0408 18:33:41.201539 9294 raft_consensus.cc:330] T 13d6aa5379f0483995aac68de5c7f473 P 8dd0dee0c0eb412fb08f498e38e90e86 [term 0 FOLLOWER]: Consensus starting up: Expiring failure detector timer to make a prompt election more likely
I0408 18:33:41.201561 9294 raft_consensus.cc:605] T 13d6aa5379f0483995aac68de5c7f473 P 8dd0dee0c0eb412fb08f498e38e90e86 [term 0 FOLLOWER]: Becoming Follower/Learner. State: Replica: 8dd0dee0c0eb412fb08f498e38e90e86, State: Initialized, Role: FOLLOWER
I0408 18:33:41.201746 9294 consensus_queue.cc:226] T 13d6aa5379f0483995aac68de5c7f473 P 8dd0dee0c0eb412fb08f498e38e90e86 [NON_LEADER]: Queue going to NON_LEADER mode. State: All replicated index: 0, Majority replicated index: 0, Committed index: 0, Last appended: 0.0, Last appended by leader: 0, Current term: 0, Majority size: -1, State: 0, Mode: NON_LEADER, active raft config: opid_index: -1 OBSOLETE_local: true peers { permanent_uuid: "8dd0dee0c0eb412fb08f498e38e90e86" member_type: VOTER last_known_addr { host: "127.6.54.1" port: 39775 } }
I0408 18:33:41.201774 9294 raft_consensus.cc:344] T 13d6aa5379f0483995aac68de5c7f473 P 8dd0dee0c0eb412fb08f498e38e90e86 [term 0 FOLLOWER]: Only one voter in the Raft config. Triggering election immediately
I0408 18:33:41.201789 9294 raft_consensus.cc:436] T 13d6aa5379f0483995aac68de5c7f473 P 8dd0dee0c0eb412fb08f498e38e90e86 [term 0 FOLLOWER]: Starting leader election (initial election of a single-replica configuration)
I0408 18:33:41.201814 9294 raft_consensus.cc:2700] T 13d6aa5379f0483995aac68de5c7f473 P 8dd0dee0c0eb412fb08f498e38e90e86: Snoozing failure detection for 2.007s (starting election)
I0408 18:33:41.201833 9294 raft_consensus.cc:2752] T 13d6aa5379f0483995aac68de5c7f473 P 8dd0dee0c0eb412fb08f498e38e90e86 [term 0 FOLLOWER]: Advancing to term 1
I0408 18:33:41.202248 9294 raft_consensus.cc:458] T 13d6aa5379f0483995aac68de5c7f473 P 8dd0dee0c0eb412fb08f498e38e90e86 [term 1 FOLLOWER]: Starting leader election with config: opid_index: -1 OBSOLETE_local: true peers { permanent_uuid: "8dd0dee0c0eb412fb08f498e38e90e86" member_type: VOTER last_known_addr { host: "127.6.54.1" port: 39775 } }
I0408 18:33:41.202308 9294 leader_election.cc:258] T 13d6aa5379f0483995aac68de5c7f473 P 8dd0dee0c0eb412fb08f498e38e90e86 [CANDIDATE]: Term 1 election: Election decided. Result: candidate won.
I0408 18:33:41.202497 9276 heartbeater.cc:467] Master 127.6.54.62:36737 was elected leader, sending a full tablet report...
I0408 18:33:41.202512 9294 ts_tablet_manager.cc:983] T 13d6aa5379f0483995aac68de5c7f473 P 8dd0dee0c0eb412fb08f498e38e90e86: Time spent starting tablet: real 0.002s user 0.002s sys 0.000s
I0408 18:33:41.203222 9296 raft_consensus.cc:2700] T 13d6aa5379f0483995aac68de5c7f473 P 8dd0dee0c0eb412fb08f498e38e90e86: Snoozing failure detection for 2.240s (election complete)
I0408 18:33:41.203249 9296 raft_consensus.cc:2507] T 13d6aa5379f0483995aac68de5c7f473 P 8dd0dee0c0eb412fb08f498e38e90e86 [term 1 FOLLOWER]: Leader election won for term 1
I0408 18:33:41.203322 9296 raft_consensus.cc:572] T 13d6aa5379f0483995aac68de5c7f473 P 8dd0dee0c0eb412fb08f498e38e90e86 [term 1 LEADER]: Becoming Leader. State: Replica: 8dd0dee0c0eb412fb08f498e38e90e86, State: Running, Role: LEADER
I0408 18:33:41.203393 9296 consensus_queue.cc:203] T 13d6aa5379f0483995aac68de5c7f473 P 8dd0dee0c0eb412fb08f498e38e90e86 [LEADER]: Queue going to LEADER mode. State: All replicated index: 0, Majority replicated index: 0, Committed index: 0, Last appended: 0.0, Last appended by leader: 0, Current term: 1, Majority size: 1, State: 0, Mode: LEADER, active raft config: opid_index: -1 OBSOLETE_local: true peers { permanent_uuid: "8dd0dee0c0eb412fb08f498e38e90e86" member_type: VOTER last_known_addr { host: "127.6.54.1" port: 39775 } }
I0408 18:33:41.203999 9112 catalog_manager.cc:3595] T 13d6aa5379f0483995aac68de5c7f473 P 8dd0dee0c0eb412fb08f498e38e90e86 reported cstate change: term changed from 0 to 1, leader changed from to 8dd0dee0c0eb412fb08f498e38e90e86 (127.6.54.1). New cstate: current_term: 1 leader_uuid: "8dd0dee0c0eb412fb08f498e38e90e86" committed_config { opid_index: -1 OBSOLETE_local: true peers { permanent_uuid: "8dd0dee0c0eb412fb08f498e38e90e86" member_type: VOTER last_known_addr { host: "127.6.54.1" port: 39775 } health_report { overall_health: HEALTHY } } }
W0408 18:33:41.208546 9273 generic_service.cc:126] {username='slave'} at 127.0.0.1:33342 forcing change of non-runtime-safe flag fault_crash_before_write_log_segment_header
I0408 18:33:41.208595 9273 generic_service.cc:146] {username='slave'} at 127.0.0.1:33342 changed flags via RPC: fault_crash_before_write_log_segment_header from '0' to '0.9'
I0408 18:33:41.257309 9299 log.cc:644] T 13d6aa5379f0483995aac68de5c7f473 P 8dd0dee0c0eb412fb08f498e38e90e86: Max segment size reached. Starting new segment allocation
W0408 18:33:41.258635 9299 fault_injection.cc:41] FAULT INJECTION ENABLED!
W0408 18:33:41.258658 9299 fault_injection.cc:42] THIS SERVER MAY CRASH!
E0408 18:33:41.258666 9299 fault_injection.cc:57] Injecting fault: FLAGS_fault_crash_before_write_log_segment_header (process will exit)
W0408 18:33:41.262419 9290 connection.cc:659] client connection to 127.6.54.1:39775 send error: Network error: failed to write to TLS socket: Connection reset by peer
W0408 18:33:41.262449 9290 meta_cache.cc:219] Tablet 13d6aa5379f0483995aac68de5c7f473: Replica 8dd0dee0c0eb412fb08f498e38e90e86 (127.6.54.1:39775) has failed: Network error: failed to write to TLS socket: Connection reset by peer
W0408 18:33:41.262511 9086 connection.cc:513] client connection to 127.6.54.1:39775 recv error: Network error: failed to read from TLS socket: Connection reset by peer (error 104)
W0408 18:33:41.262552 9290 connection.cc:186] Error closing socket: Network error: TlsSocket::Close: Success
W0408 18:33:41.262538 9097 connection.cc:513] server connection from 127.6.54.1:46161 recv error: Network error: failed to read from TLS socket: Connection reset by peer (error 104)
W0408 18:33:41.262646 9098 connection.cc:513] client connection to 127.6.54.1:39775 recv error: Network error: failed to read from TLS socket: Connection reset by peer (error 104)
W0408 18:33:42.216732 9290 batcher.cc:349] Timed out: Failed to write batch of 50 ops to tablet 13d6aa5379f0483995aac68de5c7f473 after 40 attempt(s): Failed to write to server: (no server available): Write(tablet: 13d6aa5379f0483995aac68de5c7f473, num_ops: 50, num_attempts: 40) passed its deadline: Network error: failed to write to TLS socket: Connection reset by peer
I0408 18:33:42.263550 6360 external_mini_cluster.cc:809] Running /tmp/dist-test-task3Gp0Ia/build/release/bin/kudu-tserver /tmp/dist-test-task3Gp0Ia/build/release/bin/kudu-tserver --fs_wal_dir=/tmp/dist-test-task3Gp0Ia/test-tmp/ts_recovery-itest.0.BlockManagerType_TsRecoveryITest.TestCrashBeforeWriteLogSegmentHeader_0.1554748385377146-6360/minicluster-data/ts-0/wal --fs_data_dirs=/tmp/dist-test-task3Gp0Ia/test-tmp/ts_recovery-itest.0.BlockManagerType_TsRecoveryITest.TestCrashBeforeWriteLogSegmentHeader_0.1554748385377146-6360/minicluster-data/ts-0/data --block_manager=file --rpc_bind_addresses=127.6.54.1:39775 --local_ip_for_outbound_sockets=127.6.54.1 --webserver_port=38757 --webserver_interface=127.6.54.1 --tserver_master_addrs=127.6.54.62:36737 --never_fsync --ipki_server_key_size=1024 --enable_minidumps=false --redact=none --metrics_log_interval_ms=1000 --logtostderr --logbuflevel=-1 --log_dir=/tmp/dist-test-task3Gp0Ia/test-tmp/ts_recovery-itest.0.BlockManagerType_TsRecoveryITest.TestCrashBeforeWriteLogSegmentHeader_0.1554748385377146-6360/minicluster-data/ts-0/logs --server_dump_info_path=/tmp/dist-test-task3Gp0Ia/test-tmp/ts_recovery-itest.0.BlockManagerType_TsRecoveryITest.TestCrashBeforeWriteLogSegmentHeader_0.1554748385377146-6360/minicluster-data/ts-0/data/info.pb --server_dump_info_format=pb --rpc_server_allow_ephemeral_ports --unlock_experimental_flags --unlock_unsafe_flags --log_segment_size_mb=1 --log_compression_codec=NO_COMPRESSION with env {} WARNING: Logging before InitGoogleLogging() is written to STDERR
W0408 18:33:42.296274 9307 flags.cc:412] Enabled unsafe flag: --rpc_server_allow_ephemeral_ports=true
W0408 18:33:42.296417 9307 flags.cc:412] Enabled unsafe flag: --never_fsync=true
W0408 18:33:42.297107 9307 flags.cc:412] Enabled experimental flag: --log_compression_codec=NO_COMPRESSION
W0408 18:33:42.297125 9307 flags.cc:412] Enabled experimental flag: --ipki_server_key_size=1024
W0408 18:33:42.297137 9307 flags.cc:412] Enabled experimental flag: --local_ip_for_outbound_sockets=127.6.54.1
I0408 18:33:42.298111 9307 tablet_server_main.cc:72] Tablet server non-default flags: --log_compression_codec=NO_COMPRESSION --log_segment_size_mb=1 --block_manager=file --fs_data_dirs=/tmp/dist-test-task3Gp0Ia/test-tmp/ts_recovery-itest.0.BlockManagerType_TsRecoveryITest.TestCrashBeforeWriteLogSegmentHeader_0.1554748385377146-6360/minicluster-data/ts-0/data --fs_wal_dir=/tmp/dist-test-task3Gp0Ia/test-tmp/ts_recovery-itest.0.BlockManagerType_TsRecoveryITest.TestCrashBeforeWriteLogSegmentHeader_0.1554748385377146-6360/minicluster-data/ts-0/wal --ipki_server_key_size=1024 --rpc_bind_addresses=127.6.54.1:39775 --rpc_server_allow_ephemeral_ports=true --metrics_log_interval_ms=1000 --server_dump_info_format=pb --server_dump_info_path=/tmp/dist-test-task3Gp0Ia/test-tmp/ts_recovery-itest.0.BlockManagerType_TsRecoveryITest.TestCrashBeforeWriteLogSegmentHeader_0.1554748385377146-6360/minicluster-data/ts-0/data/info.pb --webserver_interface=127.6.54.1 --webserver_port=38757 --tserver_master_addrs=127.6.54.62:36737 --never_fsync=true --heap_profile_path=/tmp/kudu-tserver.9307 --redact=none --unlock_experimental_flags=true --unlock_unsafe_flags=true --enable_minidumps=false --local_ip_for_outbound_sockets=127.6.54.1 --log_dir=/tmp/dist-test-task3Gp0Ia/test-tmp/ts_recovery-itest.0.BlockManagerType_TsRecoveryITest.TestCrashBeforeWriteLogSegmentHeader_0.1554748385377146-6360/minicluster-data/ts-0/logs --logbuflevel=-1 --logtostderr=true Tablet server version: kudu 1.7.0-cdh5.17.0-SNAPSHOT revision 834a99bd863227e2c59278bd953b80acc7e18e4f build type RELEASE built by jenkins at 08 Apr 2019 11:04:39 PST on quasar-nlvoik-1.vpc.cloudera.com build id 305457
I0408 18:33:42.299060 9307 tablet_server_main.cc:79] Initializing tablet server...
I0408 18:33:42.299321 9307 system_ntp.cc:143] NTP initialized. Skew: 500ppm Current error: 30011us
I0408 18:33:42.299463 9307 fs_manager.cc:260] Metadata directory not provided
I0408 18:33:42.299510 9307 fs_manager.cc:266] Using write-ahead log directory (fs_wal_dir) as metadata directory
I0408 18:33:42.300469 9307 fs_manager.cc:397] Time spent opening directory manager: real 0.000s user 0.001s sys 0.000s
I0408 18:33:42.300694 9307 env_posix.cc:1634] Not raising this process' open files per process limit of 1048576; it is already as high as it can go
I0408 18:33:42.300722 9307 file_cache.cc:470] Constructed file cache fbm with capacity 419430
I0408 18:33:42.300812 9307 fs_manager.cc:417] Time spent opening block manager: real 0.000s user 0.000s sys 0.000s
I0408 18:33:42.301162 9307 fs_manager.cc:428] Opened local filesystem: /tmp/dist-test-task3Gp0Ia/test-tmp/ts_recovery-itest.0.BlockManagerType_TsRecoveryITest.TestCrashBeforeWriteLogSegmentHeader_0.1554748385377146-6360/minicluster-data/ts-0/data,/tmp/dist-test-task3Gp0Ia/test-tmp/ts_recovery-itest.0.BlockManagerType_TsRecoveryITest.TestCrashBeforeWriteLogSegmentHeader_0.1554748385377146-6360/minicluster-data/ts-0/wal uuid: "8dd0dee0c0eb412fb08f498e38e90e86" format_stamp: "Formatted at 2019-04-08 18:33:41 on dist-test-slave-dist-test-slave-gxv9"
I0408 18:33:42.301200 9307 fs_report.cc:347] Block manager report -------------------- 1 data directories: /tmp/dist-test-task3Gp0Ia/test-tmp/ts_recovery-itest.0.BlockManagerType_TsRecoveryITest.TestCrashBeforeWriteLogSegmentHeader_0.1554748385377146-6360/minicluster-data/ts-0/data/data Total live blocks: 0 Total live bytes: 0 Total live bytes (after alignment): 0 Total number of LBM containers: 0 (0 full) Did not check for missing blocks Did not check for orphaned blocks Did not check for full LBM containers with extra space Did not check for incomplete LBM containers Did not check for malformed LBM records Did not check for misaligned LBM blocks Did not check for partial LBM records
I0408 18:33:42.325568 9307 env_posix.cc:1634] Not raising this process' running threads per effective uid limit of 18446744073709551615; it is already as high as it can go
I0408 18:33:42.325783 9307 ts_tablet_manager.cc:287] Loading tablet metadata (0/1 complete)
I0408 18:33:42.325803 9307 ts_tablet_manager.cc:915] T 13d6aa5379f0483995aac68de5c7f473 P 8dd0dee0c0eb412fb08f498e38e90e86: Loading tablet metadata
I0408 18:33:42.326334 9307 ts_tablet_manager.cc:299] Loaded tablet metadata (1 live tablets)
I0408 18:33:42.326856 9307 ts_tablet_manager.cc:1080] T 13d6aa5379f0483995aac68de5c7f473 P 8dd0dee0c0eb412fb08f498e38e90e86: Registered tablet (data state: TABLET_DATA_READY)
I0408 18:33:42.326990 9307 tablet_server_main.cc:84] Starting tablet server...
I0408 18:33:42.326990 9322 ts_tablet_manager.cc:938] T 13d6aa5379f0483995aac68de5c7f473 P 8dd0dee0c0eb412fb08f498e38e90e86: Bootstrapping tablet
I0408 18:33:42.327105 9322 tablet_bootstrap.cc:436] T 13d6aa5379f0483995aac68de5c7f473 P 8dd0dee0c0eb412fb08f498e38e90e86: Bootstrap starting.
W0408 18:33:42.328086 9322 log_util.cc:472] Log segment file /tmp/dist-test-task3Gp0Ia/test-tmp/ts_recovery-itest.0.BlockManagerType_TsRecoveryITest.TestCrashBeforeWriteLogSegmentHeader_0.1554748385377146-6360/minicluster-data/ts-0/wal/wals/13d6aa5379f0483995aac68de5c7f473.recovery/wal-000000002 has 12 initial NULL bytes instead of magic and header length: \x00\x00\x00\x00\x00\x00\x00\x00\x00\x00\x00\x00 and will be treated as a blank segment.
W0408 18:33:42.328131 9322 log_reader.cc:149] Ignoring log segment wal-000000002 since it was uninitialized (probably left after a prior tablet server crash)
W0408 18:33:42.328472 9322 compression_codec.cc:281] Unable to recognize the compression codec 'NO_COMPRESSION' using no compression as default.
I0408 18:33:42.328572 9322 log.cc:520] T 13d6aa5379f0483995aac68de5c7f473 P 8dd0dee0c0eb412fb08f498e38e90e86: Log is configured to *not* fsync() on all Append() calls
I0408 18:33:42.332563 9307 rpc_server.cc:201] RPC server started. Bound to: 127.6.54.1:39775
I0408 18:33:42.332636 9307 webserver.cc:173] Starting webserver on 127.6.54.1:38757
I0408 18:33:42.332643 9307 webserver.cc:184] Document root disabled
I0408 18:33:42.332834 9307 webserver.cc:311] Webserver started. Bound to: http://127.6.54.1:38757/
I0408 18:33:42.333012 9307 server_base.cc:607] Dumped server information to /tmp/dist-test-task3Gp0Ia/test-tmp/ts_recovery-itest.0.BlockManagerType_TsRecoveryITest.TestCrashBeforeWriteLogSegmentHeader_0.1554748385377146-6360/minicluster-data/ts-0/data/info.pb
I0408 18:33:42.333575 9307 tablet_server_main.cc:87] Tablet server successfully started.
I0408 18:33:42.333724 9429 process_memory.cc:182] Process hard memory limit is 11.744250 GB
I0408 18:33:42.333743 9429 process_memory.cc:184] Process soft memory limit is 9.395400 GB
I0408 18:33:42.333748 9429 process_memory.cc:187] Process memory pressure threshold is 7.046550 GB
I0408 18:33:42.335430 9322 log.cc:644] T 13d6aa5379f0483995aac68de5c7f473 P 8dd0dee0c0eb412fb08f498e38e90e86: Max segment size reached. Starting new segment allocation
I0408 18:33:42.335846 9322 tablet_bootstrap.cc:436] T 13d6aa5379f0483995aac68de5c7f473 P 8dd0dee0c0eb412fb08f498e38e90e86: Bootstrap replayed 1/1 log segments. Stats: ops{read=4 overwritten=0 applied=3 ignored=0} inserts{seen=100 ignored=0} mutations{seen=0 ignored=0} orphaned_commits=0. Pending: 1 replicates
I0408 18:33:42.336091 9322 tablet_bootstrap.cc:436] T 13d6aa5379f0483995aac68de5c7f473 P 8dd0dee0c0eb412fb08f498e38e90e86: Bootstrap complete.
I0408 18:33:42.336405 9322 ts_tablet_manager.cc:955] T 13d6aa5379f0483995aac68de5c7f473 P 8dd0dee0c0eb412fb08f498e38e90e86: Time spent bootstrapping tablet: real 0.009s user 0.003s sys 0.004s
I0408 18:33:42.336797 6360 external_mini_cluster.cc:871] Started /tmp/dist-test-task3Gp0Ia/build/release/bin/kudu-tserver as pid 9307
I0408 18:33:42.337625 9428 heartbeater.cc:346] Connected to a master server at 127.6.54.62:36737
I0408 18:33:42.337707 9428 heartbeater.cc:426] Registering TS with master...
I0408 18:33:42.337800 9322 raft_consensus.cc:304] T 13d6aa5379f0483995aac68de5c7f473 P 8dd0dee0c0eb412fb08f498e38e90e86 [term 1 FOLLOWER]: Replica starting. Triggering 1 pending transactions. Active config: opid_index: -1 OBSOLETE_local: true peers { permanent_uuid: "8dd0dee0c0eb412fb08f498e38e90e86" member_type: VOTER last_known_addr { host: "127.6.54.1" port: 39775 } }
I0408 18:33:42.337846 9428 heartbeater.cc:475] Master 127.6.54.62:36737 requested a full tablet report, sending...
I0408 18:33:42.338244 9322 raft_consensus.cc:605] T 13d6aa5379f0483995aac68de5c7f473 P 8dd0dee0c0eb412fb08f498e38e90e86 [term 1 FOLLOWER]: Becoming Follower/Learner. State: Replica: 8dd0dee0c0eb412fb08f498e38e90e86, State: Initialized, Role: FOLLOWER
I0408 18:33:42.338377 9322 consensus_queue.cc:226] T 13d6aa5379f0483995aac68de5c7f473 P 8dd0dee0c0eb412fb08f498e38e90e86 [NON_LEADER]: Queue going to NON_LEADER mode. State: All replicated index: 0, Majority replicated index: 0, Committed index: 3, Last appended: 1.4, Last appended by leader: 4, Current term: 0, Majority size: -1, State: 0, Mode: NON_LEADER, active raft config: opid_index: -1 OBSOLETE_local: true peers { permanent_uuid: "8dd0dee0c0eb412fb08f498e38e90e86" member_type: VOTER last_known_addr { host: "127.6.54.1" port: 39775 } }
I0408 18:33:42.338418 9322 raft_consensus.cc:344] T 13d6aa5379f0483995aac68de5c7f473 P 8dd0dee0c0eb412fb08f498e38e90e86 [term 1 FOLLOWER]: Only one voter in the Raft config. Triggering election immediately
I0408 18:33:42.338471 9322 raft_consensus.cc:436] T 13d6aa5379f0483995aac68de5c7f473 P 8dd0dee0c0eb412fb08f498e38e90e86 [term 1 FOLLOWER]: Starting leader election (initial election of a single-replica configuration)
I0408 18:33:42.338506 9322 raft_consensus.cc:2700] T 13d6aa5379f0483995aac68de5c7f473 P 8dd0dee0c0eb412fb08f498e38e90e86: Snoozing failure detection for 2.189s (starting election)
I0408 18:33:42.338557 9322 raft_consensus.cc:2752] T 13d6aa5379f0483995aac68de5c7f473 P 8dd0dee0c0eb412fb08f498e38e90e86 [term 1 FOLLOWER]: Advancing to term 2
I0408 18:33:42.338878 9106 ts_manager.cc:87] Re-registered known tserver with Master: 8dd0dee0c0eb412fb08f498e38e90e86 (127.6.54.1:39775)
I0408 18:33:42.339287 9322 raft_consensus.cc:458] T 13d6aa5379f0483995aac68de5c7f473 P 8dd0dee0c0eb412fb08f498e38e90e86 [term 2 FOLLOWER]: Starting leader election with config: opid_index: -1 OBSOLETE_local: true peers { permanent_uuid: "8dd0dee0c0eb412fb08f498e38e90e86" member_type: VOTER last_known_addr { host: "127.6.54.1" port: 39775 } }
I0408 18:33:42.339342 9322 leader_election.cc:258] T 13d6aa5379f0483995aac68de5c7f473 P 8dd0dee0c0eb412fb08f498e38e90e86 [CANDIDATE]: Term 2 election: Election decided. Result: candidate won.
I0408 18:33:42.339519 9322 ts_tablet_manager.cc:983] T 13d6aa5379f0483995aac68de5c7f473 P 8dd0dee0c0eb412fb08f498e38e90e86: Time spent starting tablet: real 0.003s user 0.000s sys 0.004s
I0408 18:33:42.339677 9106 master_service.cc:249] Signed X509 certificate for tserver {username='slave'} at 127.6.54.1:53943
I0408 18:33:42.339946 9438 raft_consensus.cc:2700] T 13d6aa5379f0483995aac68de5c7f473 P 8dd0dee0c0eb412fb08f498e38e90e86: Snoozing failure detection for 1.840s (election complete)
I0408 18:33:42.339977 9438 raft_consensus.cc:2507] T 13d6aa5379f0483995aac68de5c7f473 P 8dd0dee0c0eb412fb08f498e38e90e86 [term 2 FOLLOWER]: Leader election won for term 2
I0408 18:33:42.340050 9438 raft_consensus.cc:572] T 13d6aa5379f0483995aac68de5c7f473 P 8dd0dee0c0eb412fb08f498e38e90e86 [term 2 LEADER]: Becoming Leader. State: Replica: 8dd0dee0c0eb412fb08f498e38e90e86, State: Running, Role: LEADER
I0408 18:33:42.340135 9438 consensus_queue.cc:203] T 13d6aa5379f0483995aac68de5c7f473 P 8dd0dee0c0eb412fb08f498e38e90e86 [LEADER]: Queue going to LEADER mode. State: All replicated index: 0, Majority replicated index: 3, Committed index: 3, Last appended: 1.4, Last appended by leader: 4, Current term: 2, Majority size: 1, State: 0, Mode: LEADER, active raft config: opid_index: -1 OBSOLETE_local: true peers { permanent_uuid: "8dd0dee0c0eb412fb08f498e38e90e86" member_type: VOTER last_known_addr { host: "127.6.54.1" port: 39775 } }
I0408 18:33:42.340399 9428 heartbeater.cc:467] Master 127.6.54.62:36737 was elected leader, sending a full tablet report...
I0408 18:33:42.340545 9441 log.cc:571] T 13d6aa5379f0483995aac68de5c7f473 P 8dd0dee0c0eb412fb08f498e38e90e86: Rolled over to a new log segment at /tmp/dist-test-task3Gp0Ia/test-tmp/ts_recovery-itest.0.BlockManagerType_TsRecoveryITest.TestCrashBeforeWriteLogSegmentHeader_0.1554748385377146-6360/minicluster-data/ts-0/wal/wals/13d6aa5379f0483995aac68de5c7f473/wal-000000002
I0408 18:33:42.340770 9112 catalog_manager.cc:3595] T 13d6aa5379f0483995aac68de5c7f473 P 8dd0dee0c0eb412fb08f498e38e90e86 reported cstate change: term changed from 1 to 2. New cstate: current_term: 2 leader_uuid: "8dd0dee0c0eb412fb08f498e38e90e86" committed_config { opid_index: -1 OBSOLETE_local: true peers { permanent_uuid: "8dd0dee0c0eb412fb08f498e38e90e86" member_type: VOTER last_known_addr { host: "127.6.54.1" port: 39775 } health_report { overall_health: HEALTHY } } }
I0408 18:33:42.345614 6360 external_mini_cluster.cc:1001] Killing /tmp/dist-test-task3Gp0Ia/build/release/bin/kudu-tserver with pid 9307
W0408 18:33:42.349326 9098 connection.cc:513] server connection from 127.6.54.1:53943 recv error: Network error: failed to read from TLS socket: Connection reset by peer (error 104)
I0408 18:33:42.349514 6360 external_mini_cluster.cc:1001] Killing /tmp/dist-test-task3Gp0Ia/build/release/bin/kudu-master with pid 9087
W0408 18:33:42.352099 9282 connection.cc:513] client connection to 127.6.54.62:36737 recv error: Network error: failed to read from TLS socket: Connection reset by peer (error 104)
W0408 18:33:42.352133 9086 connection.cc:513] client connection to 127.6.54.62:36737 recv error: Network error: failed to read from TLS socket: Connection reset by peer (error 104) [ OK ] BlockManagerType/TsRecoveryITest.TestCrashBeforeWriteLogSegmentHeader/0 (1379 ms) [ RUN ] BlockManagerType/TsRecoveryITest.TestCrashBeforeWriteLogSegmentHeader/1
I0408 18:33:42.354655 6360 external_mini_cluster.cc:809] Running /tmp/dist-test-task3Gp0Ia/build/release/bin/kudu-master /tmp/dist-test-task3Gp0Ia/build/release/bin/kudu-master --fs_wal_dir=/tmp/dist-test-task3Gp0Ia/test-tmp/ts_recovery-itest.0.BlockManagerType_TsRecoveryITest.TestCrashBeforeWriteLogSegmentHeader_1.1554748385377146-6360/minicluster-data/master-0/wal --fs_data_dirs=/tmp/dist-test-task3Gp0Ia/test-tmp/ts_recovery-itest.0.BlockManagerType_TsRecoveryITest.TestCrashBeforeWriteLogSegmentHeader_1.1554748385377146-6360/minicluster-data/master-0/data --block_manager=log --webserver_interface=localhost --ipki_ca_key_size=1024 --tsk_num_rsa_bits=512 --rpc_bind_addresses=127.6.54.62:0 --webserver_interface=127.6.54.62 --webserver_port=0 --never_fsync --ipki_server_key_size=1024 --enable_minidumps=false --redact=none --metrics_log_interval_ms=1000 --logtostderr --logbuflevel=-1 --log_dir=/tmp/dist-test-task3Gp0Ia/test-tmp/ts_recovery-itest.0.BlockManagerType_TsRecoveryITest.TestCrashBeforeWriteLogSegmentHeader_1.1554748385377146-6360/minicluster-data/master-0/logs --server_dump_info_path=/tmp/dist-test-task3Gp0Ia/test-tmp/ts_recovery-itest.0.BlockManagerType_TsRecoveryITest.TestCrashBeforeWriteLogSegmentHeader_1.1554748385377146-6360/minicluster-data/master-0/data/info.pb --server_dump_info_format=pb --rpc_server_allow_ephemeral_ports --unlock_experimental_flags --unlock_unsafe_flags with env {} WARNING: Logging before InitGoogleLogging() is written to STDERR
W0408 18:33:42.387449 9451 flags.cc:412] Enabled unsafe flag: --rpc_server_allow_ephemeral_ports=true
W0408 18:33:42.387604 9451 flags.cc:412] Enabled unsafe flag: --never_fsync=true
W0408 18:33:42.388311 9451 flags.cc:412] Enabled experimental flag: --ipki_ca_key_size=1024
W0408 18:33:42.388324 9451 flags.cc:412] Enabled experimental flag: --ipki_server_key_size=1024
W0408 18:33:42.388327 9451 flags.cc:412] Enabled experimental flag: --tsk_num_rsa_bits=512
I0408 18:33:42.389326 9451 master_main.cc:66] Master server non-default flags: --fs_data_dirs=/tmp/dist-test-task3Gp0Ia/test-tmp/ts_recovery-itest.0.BlockManagerType_TsRecoveryITest.TestCrashBeforeWriteLogSegmentHeader_1.1554748385377146-6360/minicluster-data/master-0/data --fs_wal_dir=/tmp/dist-test-task3Gp0Ia/test-tmp/ts_recovery-itest.0.BlockManagerType_TsRecoveryITest.TestCrashBeforeWriteLogSegmentHeader_1.1554748385377146-6360/minicluster-data/master-0/wal --ipki_ca_key_size=1024 --ipki_server_key_size=1024 --tsk_num_rsa_bits=512 --rpc_bind_addresses=127.6.54.62:0 --rpc_server_allow_ephemeral_ports=true --metrics_log_interval_ms=1000 --server_dump_info_format=pb --server_dump_info_path=/tmp/dist-test-task3Gp0Ia/test-tmp/ts_recovery-itest.0.BlockManagerType_TsRecoveryITest.TestCrashBeforeWriteLogSegmentHeader_1.1554748385377146-6360/minicluster-data/master-0/data/info.pb --webserver_interface=127.6.54.62 --webserver_port=0 --never_fsync=true --heap_profile_path=/tmp/kudu-master.9451 --redact=none --unlock_experimental_flags=true --unlock_unsafe_flags=true --enable_minidumps=false --log_dir=/tmp/dist-test-task3Gp0Ia/test-tmp/ts_recovery-itest.0.BlockManagerType_TsRecoveryITest.TestCrashBeforeWriteLogSegmentHeader_1.1554748385377146-6360/minicluster-data/master-0/logs --logbuflevel=-1 --logtostderr=true Master server version: kudu 1.7.0-cdh5.17.0-SNAPSHOT revision 834a99bd863227e2c59278bd953b80acc7e18e4f build type RELEASE built by jenkins at 08 Apr 2019 11:04:39 PST on quasar-nlvoik-1.vpc.cloudera.com build id 305457
I0408 18:33:42.390208 9451 master_main.cc:73] Initializing master server...
I0408 18:33:42.390409 9451 system_ntp.cc:143] NTP initialized. Skew: 500ppm Current error: 30011us
I0408 18:33:42.390605 9451 fs_manager.cc:260] Metadata directory not provided
I0408 18:33:42.390640 9451 fs_manager.cc:266] Using write-ahead log directory (fs_wal_dir) as metadata directory
I0408 18:33:42.390713 9451 server_base.cc:434] Could not load existing FS layout: Not found: /tmp/dist-test-task3Gp0Ia/test-tmp/ts_recovery-itest.0.BlockManagerType_TsRecoveryITest.TestCrashBeforeWriteLogSegmentHeader_1.1554748385377146-6360/minicluster-data/master-0/data/instance: No such file or directory (error 2)
I0408 18:33:42.390730 9451 server_base.cc:435] Attempting to create new FS layout instead
I0408 18:33:42.392038 9451 fs_manager.cc:595] Generated new instance metadata in path /tmp/dist-test-task3Gp0Ia/test-tmp/ts_recovery-itest.0.BlockManagerType_TsRecoveryITest.TestCrashBeforeWriteLogSegmentHeader_1.1554748385377146-6360/minicluster-data/master-0/data/instance: uuid: "90b172b4dccc4129acf773a9d4dd24d5" format_stamp: "Formatted at 2019-04-08 18:33:42 on dist-test-slave-dist-test-slave-gxv9"
I0408 18:33:42.392220 9451 fs_manager.cc:595] Generated new instance metadata in path /tmp/dist-test-task3Gp0Ia/test-tmp/ts_recovery-itest.0.BlockManagerType_TsRecoveryITest.TestCrashBeforeWriteLogSegmentHeader_1.1554748385377146-6360/minicluster-data/master-0/wal/instance: uuid: "90b172b4dccc4129acf773a9d4dd24d5" format_stamp: "Formatted at 2019-04-08 18:33:42 on dist-test-slave-dist-test-slave-gxv9"
I0408 18:33:42.393501 9451 fs_manager.cc:495] Time spent creating directory manager: real 0.001s user 0.000s sys 0.002s
I0408 18:33:42.393757 9451 env_posix.cc:1634] Not raising this process' open files per process limit of 1048576; it is already as high as it can go
I0408 18:33:42.393790 9451 file_cache.cc:470] Constructed file cache lbm with capacity 419430
I0408 18:33:42.394389 9451 fs_manager.cc:417] Time spent opening block manager: real 0.000s user 0.000s sys 0.000s
I0408 18:33:42.394428 9451 fs_manager.cc:428] Opened local filesystem: /tmp/dist-test-task3Gp0Ia/test-tmp/ts_recovery-itest.0.BlockManagerType_TsRecoveryITest.TestCrashBeforeWriteLogSegmentHeader_1.1554748385377146-6360/minicluster-data/master-0/data,/tmp/dist-test-task3Gp0Ia/test-tmp/ts_recovery-itest.0.BlockManagerType_TsRecoveryITest.TestCrashBeforeWriteLogSegmentHeader_1.1554748385377146-6360/minicluster-data/master-0/wal uuid: "90b172b4dccc4129acf773a9d4dd24d5" format_stamp: "Formatted at 2019-04-08 18:33:42 on dist-test-slave-dist-test-slave-gxv9"
I0408 18:33:42.394474 9451 fs_report.cc:347] Block manager report -------------------- 1 data directories: /tmp/dist-test-task3Gp0Ia/test-tmp/ts_recovery-itest.0.BlockManagerType_TsRecoveryITest.TestCrashBeforeWriteLogSegmentHeader_1.1554748385377146-6360/minicluster-data/master-0/data/data Total live blocks: 0 Total live bytes: 0 Total live bytes (after alignment): 0 Total number of LBM containers: 0 (0 full) Did not check for missing blocks Did not check for orphaned blocks Total full LBM containers with extra space: 0 (0 repaired) Total full LBM container extra space in bytes: 0 (0 repaired) Total incomplete LBM containers: 0 (0 repaired) Total LBM partial records: 0 (0 repaired)
I0408 18:33:42.419991 9451 env_posix.cc:1634] Not raising this process' running threads per effective uid limit of 18446744073709551615; it is already as high as it can go
I0408 18:33:42.420069 9451 master_main.cc:76] Starting Master server...
I0408 18:33:42.420204 9466 process_memory.cc:182] Process hard memory limit is 11.744250 GB
I0408 18:33:42.420225 9466 process_memory.cc:184] Process soft memory limit is 9.395400 GB
I0408 18:33:42.420228 9466 process_memory.cc:187] Process memory pressure threshold is 7.046550 GB
I0408 18:33:42.422196 9451 rpc_server.cc:201] RPC server started. Bound to: 127.6.54.62:43405
I0408 18:33:42.422272 9451 webserver.cc:173] Starting webserver on 127.6.54.62:0
I0408 18:33:42.422286 9451 webserver.cc:184] Document root disabled
I0408 18:33:42.422490 9451 webserver.cc:311] Webserver started. Bound to: http://127.6.54.62:42875/
I0408 18:33:42.422719 9451 server_base.cc:607] Dumped server information to /tmp/dist-test-task3Gp0Ia/test-tmp/ts_recovery-itest.0.BlockManagerType_TsRecoveryITest.TestCrashBeforeWriteLogSegmentHeader_1.1554748385377146-6360/minicluster-data/master-0/data/info.pb
I0408 18:33:42.423249 9510 data_dirs.cc:931] Could only allocate 1 dirs of requested 3 for tablet 00000000000000000000000000000000. 1 dirs total, 0 dirs full, 0 dirs failed
I0408 18:33:42.425292 9510 tablet_bootstrap.cc:436] T 00000000000000000000000000000000 P 90b172b4dccc4129acf773a9d4dd24d5: Bootstrap starting.
I0408 18:33:42.425701 9510 tablet_bootstrap.cc:581] T 00000000000000000000000000000000 P 90b172b4dccc4129acf773a9d4dd24d5: No blocks or log segments found. Creating new log.
I0408 18:33:42.425899 9510 log.cc:520] T 00000000000000000000000000000000 P 90b172b4dccc4129acf773a9d4dd24d5: Log is configured to *not* fsync() on all Append() calls
I0408 18:33:42.426296 9510 tablet_bootstrap.cc:436] T 00000000000000000000000000000000 P 90b172b4dccc4129acf773a9d4dd24d5: No bootstrap required, opened a new log
I0408 18:33:42.427482 6360 external_mini_cluster.cc:871] Started /tmp/dist-test-task3Gp0Ia/build/release/bin/kudu-master as pid 9451
I0408 18:33:42.427496 9510 raft_consensus.cc:304] T 00000000000000000000000000000000 P 90b172b4dccc4129acf773a9d4dd24d5 [term 0 FOLLOWER]: Replica starting. Triggering 0 pending transactions. Active config: opid_index: -1 OBSOLETE_local: true peers { permanent_uuid: "90b172b4dccc4129acf773a9d4dd24d5" member_type: VOTER }
I0408 18:33:42.427521 9510 raft_consensus.cc:330] T 00000000000000000000000000000000 P 90b172b4dccc4129acf773a9d4dd24d5 [term 0 FOLLOWER]: Consensus starting up: Expiring failure detector timer to make a prompt election more likely
I0408 18:33:42.427547 9510 raft_consensus.cc:605] T 00000000000000000000000000000000 P 90b172b4dccc4129acf773a9d4dd24d5 [term 0 FOLLOWER]: Becoming Follower/Learner. State: Replica: 90b172b4dccc4129acf773a9d4dd24d5, State: Initialized, Role: FOLLOWER
I0408 18:33:42.427659 9510 consensus_queue.cc:226] T 00000000000000000000000000000000 P 90b172b4dccc4129acf773a9d4dd24d5 [NON_LEADER]: Queue going to NON_LEADER mode. State: All replicated index: 0, Majority replicated index: 0, Committed index: 0, Last appended: 0.0, Last appended by leader: 0, Current term: 0, Majority size: -1, State: 0, Mode: NON_LEADER, active raft config: opid_index: -1 OBSOLETE_local: true peers { permanent_uuid: "90b172b4dccc4129acf773a9d4dd24d5" member_type: VOTER }
I0408 18:33:42.427685 9510 raft_consensus.cc:344] T 00000000000000000000000000000000 P 90b172b4dccc4129acf773a9d4dd24d5 [term 0 FOLLOWER]: Only one voter in the Raft config. Triggering election immediately
I0408 18:33:42.427703 9510 raft_consensus.cc:436] T 00000000000000000000000000000000 P 90b172b4dccc4129acf773a9d4dd24d5 [term 0 FOLLOWER]: Starting leader election (initial election of a single-replica configuration)
I0408 18:33:42.427728 9510 raft_consensus.cc:2700] T 00000000000000000000000000000000 P 90b172b4dccc4129acf773a9d4dd24d5: Snoozing failure detection for 2.013s (starting election)
I0408 18:33:42.427747 9510 raft_consensus.cc:2752] T 00000000000000000000000000000000 P 90b172b4dccc4129acf773a9d4dd24d5 [term 0 FOLLOWER]: Advancing to term 1
I0408 18:33:42.427762 6360 external_mini_cluster.cc:809] Running /tmp/dist-test-task3Gp0Ia/build/release/bin/kudu-tserver /tmp/dist-test-task3Gp0Ia/build/release/bin/kudu-tserver --fs_wal_dir=/tmp/dist-test-task3Gp0Ia/test-tmp/ts_recovery-itest.0.BlockManagerType_TsRecoveryITest.TestCrashBeforeWriteLogSegmentHeader_1.1554748385377146-6360/minicluster-data/ts-0/wal --fs_data_dirs=/tmp/dist-test-task3Gp0Ia/test-tmp/ts_recovery-itest.0.BlockManagerType_TsRecoveryITest.TestCrashBeforeWriteLogSegmentHeader_1.1554748385377146-6360/minicluster-data/ts-0/data --block_manager=log --rpc_bind_addresses=127.6.54.1:0 --local_ip_for_outbound_sockets=127.6.54.1 --webserver_interface=127.6.54.1 --webserver_port=0 --tserver_master_addrs=127.6.54.62:43405 --never_fsync --ipki_server_key_size=1024 --enable_minidumps=false --redact=none --metrics_log_interval_ms=1000 --logtostderr --logbuflevel=-1 --log_dir=/tmp/dist-test-task3Gp0Ia/test-tmp/ts_recovery-itest.0.BlockManagerType_TsRecoveryITest.TestCrashBeforeWriteLogSegmentHeader_1.1554748385377146-6360/minicluster-data/ts-0/logs --server_dump_info_path=/tmp/dist-test-task3Gp0Ia/test-tmp/ts_recovery-itest.0.BlockManagerType_TsRecoveryITest.TestCrashBeforeWriteLogSegmentHeader_1.1554748385377146-6360/minicluster-data/ts-0/data/info.pb --server_dump_info_format=pb --rpc_server_allow_ephemeral_ports --unlock_experimental_flags --unlock_unsafe_flags --log_segment_size_mb=1 --log_compression_codec=NO_COMPRESSION with env {}
I0408 18:33:42.428160 9510 raft_consensus.cc:458] T 00000000000000000000000000000000 P 90b172b4dccc4129acf773a9d4dd24d5 [term 1 FOLLOWER]: Starting leader election with config: opid_index: -1 OBSOLETE_local: true peers { permanent_uuid: "90b172b4dccc4129acf773a9d4dd24d5" member_type: VOTER }
I0408 18:33:42.428220 9510 leader_election.cc:258] T 00000000000000000000000000000000 P 90b172b4dccc4129acf773a9d4dd24d5 [CANDIDATE]: Term 1 election: Election decided. Result: candidate won.
I0408 18:33:42.428400 9512 raft_consensus.cc:2700] T 00000000000000000000000000000000 P 90b172b4dccc4129acf773a9d4dd24d5: Snoozing failure detection for 1.728s (election complete)
I0408 18:33:42.428427 9512 raft_consensus.cc:2507] T 00000000000000000000000000000000 P 90b172b4dccc4129acf773a9d4dd24d5 [term 1 FOLLOWER]: Leader election won for term 1
I0408 18:33:42.428503 9512 raft_consensus.cc:572] T 00000000000000000000000000000000 P 90b172b4dccc4129acf773a9d4dd24d5 [term 1 LEADER]: Becoming Leader. State: Replica: 90b172b4dccc4129acf773a9d4dd24d5, State: Running, Role: LEADER
I0408 18:33:42.428606 9512 consensus_queue.cc:203] T 00000000000000000000000000000000 P 90b172b4dccc4129acf773a9d4dd24d5 [LEADER]: Queue going to LEADER mode. State: All replicated index: 0, Majority replicated index: 0, Committed index: 0, Last appended: 0.0, Last appended by leader: 0, Current term: 1, Majority size: 1, State: 0, Mode: LEADER, active raft config: opid_index: -1 OBSOLETE_local: true peers { permanent_uuid: "90b172b4dccc4129acf773a9d4dd24d5" member_type: VOTER }
I0408 18:33:42.428844 9510 sys_catalog.cc:335] T 00000000000000000000000000000000 P 90b172b4dccc4129acf773a9d4dd24d5 [sys.catalog]: SysCatalogTable state changed. Reason: Started TabletReplica. Latest consensus state: current_term: 1 leader_uuid: "90b172b4dccc4129acf773a9d4dd24d5" committed_config { opid_index: -1 OBSOLETE_local: true peers { permanent_uuid: "90b172b4dccc4129acf773a9d4dd24d5" member_type: VOTER } }
I0408 18:33:42.428884 9510 sys_catalog.cc:338] T 00000000000000000000000000000000 P 90b172b4dccc4129acf773a9d4dd24d5 [sys.catalog]: This master's current role is: LEADER
I0408 18:33:42.428970 9512 sys_catalog.cc:335] T 00000000000000000000000000000000 P 90b172b4dccc4129acf773a9d4dd24d5 [sys.catalog]: SysCatalogTable state changed. Reason: RaftConsensus started. Latest consensus state: current_term: 1 leader_uuid: "90b172b4dccc4129acf773a9d4dd24d5" committed_config { opid_index: -1 OBSOLETE_local: true peers { permanent_uuid: "90b172b4dccc4129acf773a9d4dd24d5" member_type: VOTER } }
I0408 18:33:42.429033 9512 sys_catalog.cc:338] T 00000000000000000000000000000000 P 90b172b4dccc4129acf773a9d4dd24d5 [sys.catalog]: This master's current role is: LEADER
I0408 18:33:42.429033 9510 sys_catalog.cc:422] T 00000000000000000000000000000000 P 90b172b4dccc4129acf773a9d4dd24d5 [sys.catalog]: configured and running, proceeding with master startup.
I0408 18:33:42.428856 9513 sys_catalog.cc:335] T 00000000000000000000000000000000 P 90b172b4dccc4129acf773a9d4dd24d5 [sys.catalog]: SysCatalogTable state changed. Reason: New leader 90b172b4dccc4129acf773a9d4dd24d5. Latest consensus state: current_term: 1 leader_uuid: "90b172b4dccc4129acf773a9d4dd24d5" committed_config { opid_index: -1 OBSOLETE_local: true peers { permanent_uuid: "90b172b4dccc4129acf773a9d4dd24d5" member_type: VOTER } }
I0408 18:33:42.429122 9513 sys_catalog.cc:338] T 00000000000000000000000000000000 P 90b172b4dccc4129acf773a9d4dd24d5 [sys.catalog]: This master's current role is: LEADER
I0408 18:33:42.429369 9451 master_main.cc:79] Master server successfully started.
W0408 18:33:42.429621 9518 catalog_manager.cc:1018] T 00000000000000000000000000000000 P 90b172b4dccc4129acf773a9d4dd24d5: acquiring CA information for follower catalog manager: Not found: root CA entry not found
W0408 18:33:42.429643 9518 catalog_manager.cc:560] Not found: root CA entry not found: failed to prepare follower catalog manager, will retry
I0408 18:33:42.429677 9517 catalog_manager.cc:972] Loading table and tablet metadata into memory...
I0408 18:33:42.429790 9517 catalog_manager.cc:983] Initializing Kudu internal certificate authority... WARNING: Logging before InitGoogleLogging() is written to STDERR
W0408 18:33:42.460837 9516 flags.cc:412] Enabled unsafe flag: --rpc_server_allow_ephemeral_ports=true
W0408 18:33:42.460979 9516 flags.cc:412] Enabled unsafe flag: --never_fsync=true
W0408 18:33:42.461666 9516 flags.cc:412] Enabled experimental flag: --log_compression_codec=NO_COMPRESSION
W0408 18:33:42.461686 9516 flags.cc:412] Enabled experimental flag: --ipki_server_key_size=1024
W0408 18:33:42.461704 9516 flags.cc:412] Enabled experimental flag: --local_ip_for_outbound_sockets=127.6.54.1
