I0408 18:33:45.313602 11242 tablet_bootstrap.cc:581] T ad5d88fd99744865a364185c5252c276 P 312a97f4d00e453a8e99704e8073fa47: No blocks or log segments found. Creating new log.
I0408 18:33:45.313798 11242 log.cc:520] T ad5d88fd99744865a364185c5252c276 P 312a97f4d00e453a8e99704e8073fa47: Log is configured to *not* fsync() on all Append() calls
I0408 18:33:45.314260 11241 tablet_bootstrap.cc:436] T ad5d88fd99744865a364185c5252c276 P b812540aa2e74153b4f96cc45fc3dd92: No bootstrap required, opened a new log
I0408 18:33:45.314324 11241 ts_tablet_manager.cc:955] T ad5d88fd99744865a364185c5252c276 P b812540aa2e74153b4f96cc45fc3dd92: Time spent bootstrapping tablet: real 0.002s user 0.001s sys 0.000s
I0408 18:33:45.314399 11242 tablet_bootstrap.cc:436] T ad5d88fd99744865a364185c5252c276 P 312a97f4d00e453a8e99704e8073fa47: No bootstrap required, opened a new log
I0408 18:33:45.314457 11242 ts_tablet_manager.cc:955] T ad5d88fd99744865a364185c5252c276 P 312a97f4d00e453a8e99704e8073fa47: Time spent bootstrapping tablet: real 0.001s user 0.001s sys 0.000s
I0408 18:33:45.314551 11240 tablet_bootstrap.cc:436] T ad5d88fd99744865a364185c5252c276 P 8c18cbbe25874ef99a282b8f1bd40dda: No bootstrap required, opened a new log
I0408 18:33:45.314632 11240 ts_tablet_manager.cc:955] T ad5d88fd99744865a364185c5252c276 P 8c18cbbe25874ef99a282b8f1bd40dda: Time spent bootstrapping tablet: real 0.003s user 0.001s sys 0.000s
I0408 18:33:45.315655 11242 raft_consensus.cc:304] T ad5d88fd99744865a364185c5252c276 P 312a97f4d00e453a8e99704e8073fa47 [term 0 FOLLOWER]: Replica starting. Triggering 0 pending transactions. Active config: opid_index: -1 OBSOLETE_local: false peers { permanent_uuid: "312a97f4d00e453a8e99704e8073fa47" member_type: VOTER last_known_addr { host: "127.6.54.2" port: 44415 } } peers { permanent_uuid: "8c18cbbe25874ef99a282b8f1bd40dda" member_type: VOTER last_known_addr { host: "127.6.54.3" port: 45705 } } peers { permanent_uuid: "b812540aa2e74153b4f96cc45fc3dd92" member_type: VOTER last_known_addr { host: "127.6.54.1" port: 34049 } }
I0408 18:33:45.315697 11242 raft_consensus.cc:330] T ad5d88fd99744865a364185c5252c276 P 312a97f4d00e453a8e99704e8073fa47 [term 0 FOLLOWER]: Consensus starting up: Expiring failure detector timer to make a prompt election more likely
I0408 18:33:45.315719 11242 raft_consensus.cc:605] T ad5d88fd99744865a364185c5252c276 P 312a97f4d00e453a8e99704e8073fa47 [term 0 FOLLOWER]: Becoming Follower/Learner. State: Replica: 312a97f4d00e453a8e99704e8073fa47, State: Initialized, Role: FOLLOWER
I0408 18:33:45.315843 11242 consensus_queue.cc:226] T ad5d88fd99744865a364185c5252c276 P 312a97f4d00e453a8e99704e8073fa47 [NON_LEADER]: Queue going to NON_LEADER mode. State: All replicated index: 0, Majority replicated index: 0, Committed index: 0, Last appended: 0.0, Last appended by leader: 0, Current term: 0, Majority size: -1, State: 0, Mode: NON_LEADER, active raft config: opid_index: -1 OBSOLETE_local: false peers { permanent_uuid: "312a97f4d00e453a8e99704e8073fa47" member_type: VOTER last_known_addr { host: "127.6.54.2" port: 44415 } } peers { permanent_uuid: "8c18cbbe25874ef99a282b8f1bd40dda" member_type: VOTER last_known_addr { host: "127.6.54.3" port: 45705 } } peers { permanent_uuid: "b812540aa2e74153b4f96cc45fc3dd92" member_type: VOTER last_known_addr { host: "127.6.54.1" port: 34049 } }
I0408 18:33:45.315914 11241 raft_consensus.cc:304] T ad5d88fd99744865a364185c5252c276 P b812540aa2e74153b4f96cc45fc3dd92 [term 0 FOLLOWER]: Replica starting. Triggering 0 pending transactions. Active config: opid_index: -1 OBSOLETE_local: false peers { permanent_uuid: "312a97f4d00e453a8e99704e8073fa47" member_type: VOTER last_known_addr { host: "127.6.54.2" port: 44415 } } peers { permanent_uuid: "8c18cbbe25874ef99a282b8f1bd40dda" member_type: VOTER last_known_addr { host: "127.6.54.3" port: 45705 } } peers { permanent_uuid: "b812540aa2e74153b4f96cc45fc3dd92" member_type: VOTER last_known_addr { host: "127.6.54.1" port: 34049 } }
I0408 18:33:45.315986 11095 heartbeater.cc:467] Master 127.6.54.62:36789 was elected leader, sending a full tablet report...
I0408 18:33:45.315996 11241 raft_consensus.cc:330] T ad5d88fd99744865a364185c5252c276 P b812540aa2e74153b4f96cc45fc3dd92 [term 0 FOLLOWER]: Consensus starting up: Expiring failure detector timer to make a prompt election more likely
I0408 18:33:45.316020 11241 raft_consensus.cc:605] T ad5d88fd99744865a364185c5252c276 P b812540aa2e74153b4f96cc45fc3dd92 [term 0 FOLLOWER]: Becoming Follower/Learner. State: Replica: b812540aa2e74153b4f96cc45fc3dd92, State: Initialized, Role: FOLLOWER
I0408 18:33:45.316155 11241 consensus_queue.cc:226] T ad5d88fd99744865a364185c5252c276 P b812540aa2e74153b4f96cc45fc3dd92 [NON_LEADER]: Queue going to NON_LEADER mode. State: All replicated index: 0, Majority replicated index: 0, Committed index: 0, Last appended: 0.0, Last appended by leader: 0, Current term: 0, Majority size: -1, State: 0, Mode: NON_LEADER, active raft config: opid_index: -1 OBSOLETE_local: false peers { permanent_uuid: "312a97f4d00e453a8e99704e8073fa47" member_type: VOTER last_known_addr { host: "127.6.54.2" port: 44415 } } peers { permanent_uuid: "8c18cbbe25874ef99a282b8f1bd40dda" member_type: VOTER last_known_addr { host: "127.6.54.3" port: 45705 } } peers { permanent_uuid: "b812540aa2e74153b4f96cc45fc3dd92" member_type: VOTER last_known_addr { host: "127.6.54.1" port: 34049 } }
I0408 18:33:45.316156 11242 ts_tablet_manager.cc:983] T ad5d88fd99744865a364185c5252c276 P 312a97f4d00e453a8e99704e8073fa47: Time spent starting tablet: real 0.002s user 0.001s sys 0.000s
I0408 18:33:45.316177 11240 raft_consensus.cc:304] T ad5d88fd99744865a364185c5252c276 P 8c18cbbe25874ef99a282b8f1bd40dda [term 0 FOLLOWER]: Replica starting. Triggering 0 pending transactions. Active config: opid_index: -1 OBSOLETE_local: false peers { permanent_uuid: "312a97f4d00e453a8e99704e8073fa47" member_type: VOTER last_known_addr { host: "127.6.54.2" port: 44415 } } peers { permanent_uuid: "8c18cbbe25874ef99a282b8f1bd40dda" member_type: VOTER last_known_addr { host: "127.6.54.3" port: 45705 } } peers { permanent_uuid: "b812540aa2e74153b4f96cc45fc3dd92" member_type: VOTER last_known_addr { host: "127.6.54.1" port: 34049 } }
I0408 18:33:45.316222 11240 raft_consensus.cc:330] T ad5d88fd99744865a364185c5252c276 P 8c18cbbe25874ef99a282b8f1bd40dda [term 0 FOLLOWER]: Consensus starting up: Expiring failure detector timer to make a prompt election more likely
I0408 18:33:45.316352 11240 raft_consensus.cc:605] T ad5d88fd99744865a364185c5252c276 P 8c18cbbe25874ef99a282b8f1bd40dda [term 0 FOLLOWER]: Becoming Follower/Learner. State: Replica: 8c18cbbe25874ef99a282b8f1bd40dda, State: Initialized, Role: FOLLOWER
I0408 18:33:45.316377 10970 heartbeater.cc:467] Master 127.6.54.62:36789 was elected leader, sending a full tablet report...
I0408 18:33:45.316390 11241 ts_tablet_manager.cc:983] T ad5d88fd99744865a364185c5252c276 P b812540aa2e74153b4f96cc45fc3dd92: Time spent starting tablet: real 0.002s user 0.002s sys 0.000s
I0408 18:33:45.316520 11240 consensus_queue.cc:226] T ad5d88fd99744865a364185c5252c276 P 8c18cbbe25874ef99a282b8f1bd40dda [NON_LEADER]: Queue going to NON_LEADER mode. State: All replicated index: 0, Majority replicated index: 0, Committed index: 0, Last appended: 0.0, Last appended by leader: 0, Current term: 0, Majority size: -1, State: 0, Mode: NON_LEADER, active raft config: opid_index: -1 OBSOLETE_local: false peers { permanent_uuid: "312a97f4d00e453a8e99704e8073fa47" member_type: VOTER last_known_addr { host: "127.6.54.2" port: 44415 } } peers { permanent_uuid: "8c18cbbe25874ef99a282b8f1bd40dda" member_type: VOTER last_known_addr { host: "127.6.54.3" port: 45705 } } peers { permanent_uuid: "b812540aa2e74153b4f96cc45fc3dd92" member_type: VOTER last_known_addr { host: "127.6.54.1" port: 34049 } }
I0408 18:33:45.316673 11240 ts_tablet_manager.cc:983] T ad5d88fd99744865a364185c5252c276 P 8c18cbbe25874ef99a282b8f1bd40dda: Time spent starting tablet: real 0.002s user 0.000s sys 0.002s
I0408 18:33:45.316658 11219 heartbeater.cc:467] Master 127.6.54.62:36789 was elected leader, sending a full tablet report...
W0408 18:33:45.377889 10971 tablet.cc:1679] T ad5d88fd99744865a364185c5252c276 P b812540aa2e74153b4f96cc45fc3dd92: Can't schedule compaction. Clean time has not been advanced past its initial value.
I0408 18:33:45.439677 11247 raft_consensus.cc:436] T ad5d88fd99744865a364185c5252c276 P b812540aa2e74153b4f96cc45fc3dd92 [term 0 FOLLOWER]: Starting pre-election (no leader contacted us within the election timeout)
I0408 18:33:45.439769 11247 raft_consensus.cc:2700] T ad5d88fd99744865a364185c5252c276 P b812540aa2e74153b4f96cc45fc3dd92: Snoozing failure detection for 1.940s (starting election)
I0408 18:33:45.439846 11247 raft_consensus.cc:458] T ad5d88fd99744865a364185c5252c276 P b812540aa2e74153b4f96cc45fc3dd92 [term 0 FOLLOWER]: Starting pre-election with config: opid_index: -1 OBSOLETE_local: false peers { permanent_uuid: "312a97f4d00e453a8e99704e8073fa47" member_type: VOTER last_known_addr { host: "127.6.54.2" port: 44415 } } peers { permanent_uuid: "8c18cbbe25874ef99a282b8f1bd40dda" member_type: VOTER last_known_addr { host: "127.6.54.3" port: 45705 } } peers { permanent_uuid: "b812540aa2e74153b4f96cc45fc3dd92" member_type: VOTER last_known_addr { host: "127.6.54.1" port: 34049 } }
I0408 18:33:45.440075 11247 leader_election.cc:231] T ad5d88fd99744865a364185c5252c276 P b812540aa2e74153b4f96cc45fc3dd92 [CANDIDATE]: Term 1 pre-election: Requesting pre-vote from peer 312a97f4d00e453a8e99704e8073fa47
I0408 18:33:45.440158 11247 leader_election.cc:231] T ad5d88fd99744865a364185c5252c276 P b812540aa2e74153b4f96cc45fc3dd92 [CANDIDATE]: Term 1 pre-election: Requesting pre-vote from peer 8c18cbbe25874ef99a282b8f1bd40dda
I0408 18:33:45.442823 11169 tablet_service.cc:994] Received RequestConsensusVote() RPC: tablet_id: "ad5d88fd99744865a364185c5252c276" candidate_uuid: "b812540aa2e74153b4f96cc45fc3dd92" candidate_term: 1 candidate_status { last_received { term: 0 index: 0 } } ignore_live_leader: false dest_uuid: "8c18cbbe25874ef99a282b8f1bd40dda" is_pre_election: true
I0408 18:33:45.442898 11169 raft_consensus.cc:2700] T ad5d88fd99744865a364185c5252c276 P 8c18cbbe25874ef99a282b8f1bd40dda: Snoozing failure detection for 2.015s (vote granted)
I0408 18:33:45.442925 11169 raft_consensus.cc:2215] T ad5d88fd99744865a364185c5252c276 P 8c18cbbe25874ef99a282b8f1bd40dda [term 0 FOLLOWER]: Leader pre-election vote request: Granting yes vote for candidate b812540aa2e74153b4f96cc45fc3dd92 in term 0.
I0408 18:33:45.442956 11052 tablet_service.cc:994] Received RequestConsensusVote() RPC: tablet_id: "ad5d88fd99744865a364185c5252c276" candidate_uuid: "b812540aa2e74153b4f96cc45fc3dd92" candidate_term: 1 candidate_status { last_received { term: 0 index: 0 } } ignore_live_leader: false dest_uuid: "312a97f4d00e453a8e99704e8073fa47" is_pre_election: true
I0408 18:33:45.443025 11052 raft_consensus.cc:2700] T ad5d88fd99744865a364185c5252c276 P 312a97f4d00e453a8e99704e8073fa47: Snoozing failure detection for 1.550s (vote granted)
I0408 18:33:45.443047 11052 raft_consensus.cc:2215] T ad5d88fd99744865a364185c5252c276 P 312a97f4d00e453a8e99704e8073fa47 [term 0 FOLLOWER]: Leader pre-election vote request: Granting yes vote for candidate b812540aa2e74153b4f96cc45fc3dd92 in term 0.
I0408 18:33:45.443192 10862 leader_election.cc:363] T ad5d88fd99744865a364185c5252c276 P b812540aa2e74153b4f96cc45fc3dd92 [CANDIDATE]: Term 1 pre-election: Vote granted by peer 8c18cbbe25874ef99a282b8f1bd40dda
I0408 18:33:45.443219 10862 leader_election.cc:258] T ad5d88fd99744865a364185c5252c276 P b812540aa2e74153b4f96cc45fc3dd92 [CANDIDATE]: Term 1 pre-election: Election decided. Result: candidate won.
I0408 18:33:45.443274 10859 leader_election.cc:363] T ad5d88fd99744865a364185c5252c276 P b812540aa2e74153b4f96cc45fc3dd92 [CANDIDATE]: Term 1 pre-election: Vote granted by peer 312a97f4d00e453a8e99704e8073fa47
I0408 18:33:45.443287 11247 raft_consensus.cc:2700] T ad5d88fd99744865a364185c5252c276 P b812540aa2e74153b4f96cc45fc3dd92: Snoozing failure detection for 2.236s (election complete)
I0408 18:33:45.443305 11247 raft_consensus.cc:2507] T ad5d88fd99744865a364185c5252c276 P b812540aa2e74153b4f96cc45fc3dd92 [term 0 FOLLOWER]: Leader pre-election won for term 1
I0408 18:33:45.443329 11247 raft_consensus.cc:436] T ad5d88fd99744865a364185c5252c276 P b812540aa2e74153b4f96cc45fc3dd92 [term 0 FOLLOWER]: Starting leader election (no leader contacted us within the election timeout)
I0408 18:33:45.443343 11247 raft_consensus.cc:2700] T ad5d88fd99744865a364185c5252c276 P b812540aa2e74153b4f96cc45fc3dd92: Snoozing failure detection for 1.881s (starting election)
I0408 18:33:45.443351 11247 raft_consensus.cc:2752] T ad5d88fd99744865a364185c5252c276 P b812540aa2e74153b4f96cc45fc3dd92 [term 0 FOLLOWER]: Advancing to term 1
I0408 18:33:45.443961 11247 raft_consensus.cc:458] T ad5d88fd99744865a364185c5252c276 P b812540aa2e74153b4f96cc45fc3dd92 [term 1 FOLLOWER]: Starting leader election with config: opid_index: -1 OBSOLETE_local: false peers { permanent_uuid: "312a97f4d00e453a8e99704e8073fa47" member_type: VOTER last_known_addr { host: "127.6.54.2" port: 44415 } } peers { permanent_uuid: "8c18cbbe25874ef99a282b8f1bd40dda" member_type: VOTER last_known_addr { host: "127.6.54.3" port: 45705 } } peers { permanent_uuid: "b812540aa2e74153b4f96cc45fc3dd92" member_type: VOTER last_known_addr { host: "127.6.54.1" port: 34049 } }
I0408 18:33:45.444103 11247 leader_election.cc:231] T ad5d88fd99744865a364185c5252c276 P b812540aa2e74153b4f96cc45fc3dd92 [CANDIDATE]: Term 1 election: Requesting vote from peer 312a97f4d00e453a8e99704e8073fa47
I0408 18:33:45.444135 11247 leader_election.cc:231] T ad5d88fd99744865a364185c5252c276 P b812540aa2e74153b4f96cc45fc3dd92 [CANDIDATE]: Term 1 election: Requesting vote from peer 8c18cbbe25874ef99a282b8f1bd40dda
I0408 18:33:45.444386 11052 tablet_service.cc:994] Received RequestConsensusVote() RPC: tablet_id: "ad5d88fd99744865a364185c5252c276" candidate_uuid: "b812540aa2e74153b4f96cc45fc3dd92" candidate_term: 1 candidate_status { last_received { term: 0 index: 0 } } ignore_live_leader: false dest_uuid: "312a97f4d00e453a8e99704e8073fa47"
I0408 18:33:45.444396 11169 tablet_service.cc:994] Received RequestConsensusVote() RPC: tablet_id: "ad5d88fd99744865a364185c5252c276" candidate_uuid: "b812540aa2e74153b4f96cc45fc3dd92" candidate_term: 1 candidate_status { last_received { term: 0 index: 0 } } ignore_live_leader: false dest_uuid: "8c18cbbe25874ef99a282b8f1bd40dda"
I0408 18:33:45.444414 11169 raft_consensus.cc:2752] T ad5d88fd99744865a364185c5252c276 P 8c18cbbe25874ef99a282b8f1bd40dda [term 0 FOLLOWER]: Advancing to term 1
I0408 18:33:45.444413 11052 raft_consensus.cc:2752] T ad5d88fd99744865a364185c5252c276 P 312a97f4d00e453a8e99704e8073fa47 [term 0 FOLLOWER]: Advancing to term 1
I0408 18:33:45.444432 11169 raft_consensus.cc:2700] T ad5d88fd99744865a364185c5252c276 P 8c18cbbe25874ef99a282b8f1bd40dda: Snoozing failure detection for 1.573s (vote granted)
I0408 18:33:45.444442 11052 raft_consensus.cc:2700] T ad5d88fd99744865a364185c5252c276 P 312a97f4d00e453a8e99704e8073fa47: Snoozing failure detection for 2.220s (vote granted)
I0408 18:33:45.444926 11052 raft_consensus.cc:2215] T ad5d88fd99744865a364185c5252c276 P 312a97f4d00e453a8e99704e8073fa47 [term 1 FOLLOWER]: Leader election vote request: Granting yes vote for candidate b812540aa2e74153b4f96cc45fc3dd92 in term 1.
I0408 18:33:45.444926 11169 raft_consensus.cc:2215] T ad5d88fd99744865a364185c5252c276 P 8c18cbbe25874ef99a282b8f1bd40dda [term 1 FOLLOWER]: Leader election vote request: Granting yes vote for candidate b812540aa2e74153b4f96cc45fc3dd92 in term 1.
I0408 18:33:45.445120 10859 leader_election.cc:363] T ad5d88fd99744865a364185c5252c276 P b812540aa2e74153b4f96cc45fc3dd92 [CANDIDATE]: Term 1 election: Vote granted by peer 312a97f4d00e453a8e99704e8073fa47
I0408 18:33:45.445143 10859 leader_election.cc:258] T ad5d88fd99744865a364185c5252c276 P b812540aa2e74153b4f96cc45fc3dd92 [CANDIDATE]: Term 1 election: Election decided. Result: candidate won.
I0408 18:33:45.445233 10862 leader_election.cc:363] T ad5d88fd99744865a364185c5252c276 P b812540aa2e74153b4f96cc45fc3dd92 [CANDIDATE]: Term 1 election: Vote granted by peer 8c18cbbe25874ef99a282b8f1bd40dda
I0408 18:33:45.445251 11247 raft_consensus.cc:2700] T ad5d88fd99744865a364185c5252c276 P b812540aa2e74153b4f96cc45fc3dd92: Snoozing failure detection for 1.508s (election complete)
I0408 18:33:45.445266 11247 raft_consensus.cc:2507] T ad5d88fd99744865a364185c5252c276 P b812540aa2e74153b4f96cc45fc3dd92 [term 1 FOLLOWER]: Leader election won for term 1
I0408 18:33:45.445346 11247 raft_consensus.cc:572] T ad5d88fd99744865a364185c5252c276 P b812540aa2e74153b4f96cc45fc3dd92 [term 1 LEADER]: Becoming Leader. State: Replica: b812540aa2e74153b4f96cc45fc3dd92, State: Running, Role: LEADER
I0408 18:33:45.445433 11247 consensus_queue.cc:203] T ad5d88fd99744865a364185c5252c276 P b812540aa2e74153b4f96cc45fc3dd92 [LEADER]: Queue going to LEADER mode. State: All replicated index: 0, Majority replicated index: 0, Committed index: 0, Last appended: 0.0, Last appended by leader: 0, Current term: 1, Majority size: 2, State: 0, Mode: LEADER, active raft config: opid_index: -1 OBSOLETE_local: false peers { permanent_uuid: "312a97f4d00e453a8e99704e8073fa47" member_type: VOTER last_known_addr { host: "127.6.54.2" port: 44415 } } peers { permanent_uuid: "8c18cbbe25874ef99a282b8f1bd40dda" member_type: VOTER last_known_addr { host: "127.6.54.3" port: 45705 } } peers { permanent_uuid: "b812540aa2e74153b4f96cc45fc3dd92" member_type: VOTER last_known_addr { host: "127.6.54.1" port: 34049 } }
I0408 18:33:45.446271 10805 catalog_manager.cc:3595] T ad5d88fd99744865a364185c5252c276 P b812540aa2e74153b4f96cc45fc3dd92 reported cstate change: term changed from 0 to 1, leader changed from to b812540aa2e74153b4f96cc45fc3dd92 (127.6.54.1). New cstate: current_term: 1 leader_uuid: "b812540aa2e74153b4f96cc45fc3dd92" committed_config { opid_index: -1 OBSOLETE_local: false peers { permanent_uuid: "312a97f4d00e453a8e99704e8073fa47" member_type: VOTER last_known_addr { host: "127.6.54.2" port: 44415 } health_report { overall_health: UNKNOWN } } peers { permanent_uuid: "8c18cbbe25874ef99a282b8f1bd40dda" member_type: VOTER last_known_addr { host: "127.6.54.3" port: 45705 } health_report { overall_health: UNKNOWN } } peers { permanent_uuid: "b812540aa2e74153b4f96cc45fc3dd92" member_type: VOTER last_known_addr { host: "127.6.54.1" port: 34049 } health_report { overall_health: HEALTHY } } }
W0408 18:33:45.454386 10967 generic_service.cc:126] {username='slave'} at 127.0.0.1:42092 forcing change of non-runtime-safe flag fault_crash_before_flush_tablet_meta_after_compaction
I0408 18:33:45.454429 10967 generic_service.cc:146] {username='slave'} at 127.0.0.1:42092 changed flags via RPC: fault_crash_before_flush_tablet_meta_after_compaction from '0' to '0.3'
I0408 18:33:45.463133 11169 raft_consensus.cc:1058] T ad5d88fd99744865a364185c5252c276 P 8c18cbbe25874ef99a282b8f1bd40dda [term 1 FOLLOWER]: Refusing update from remote peer b812540aa2e74153b4f96cc45fc3dd92: Log matching property violated. Preceding OpId in replica: term: 0 index: 0. Preceding OpId from leader: term: 1 index: 2. (index mismatch)
I0408 18:33:45.463191 11052 raft_consensus.cc:1058] T ad5d88fd99744865a364185c5252c276 P 312a97f4d00e453a8e99704e8073fa47 [term 1 FOLLOWER]: Refusing update from remote peer b812540aa2e74153b4f96cc45fc3dd92: Log matching property violated. Preceding OpId in replica: term: 0 index: 0. Preceding OpId from leader: term: 1 index: 2. (index mismatch)
I0408 18:33:45.463477 11247 consensus_queue.cc:962] T ad5d88fd99744865a364185c5252c276 P b812540aa2e74153b4f96cc45fc3dd92 [LEADER]: Connected to new peer: Peer: permanent_uuid: "8c18cbbe25874ef99a282b8f1bd40dda" member_type: VOTER last_known_addr { host: "127.6.54.3" port: 45705 }, Status: LMP_MISMATCH, Last received: 0.0, Next index: 1, Last known committed idx: 0, Time since last communication: 0.000s
I0408 18:33:45.463580 11250 consensus_queue.cc:962] T ad5d88fd99744865a364185c5252c276 P b812540aa2e74153b4f96cc45fc3dd92 [LEADER]: Connected to new peer: Peer: permanent_uuid: "312a97f4d00e453a8e99704e8073fa47" member_type: VOTER last_known_addr { host: "127.6.54.2" port: 44415 }, Status: LMP_MISMATCH, Last received: 0.0, Next index: 1, Last known committed idx: 0, Time since last communication: 0.000s
W0408 18:33:45.464184 11096 tablet.cc:1679] T ad5d88fd99744865a364185c5252c276 P 312a97f4d00e453a8e99704e8073fa47: Can't schedule compaction. Clean time has not been advanced past its initial value.
I0408 18:33:46.128438 10971 maintenance_manager.cc:302] P b812540aa2e74153b4f96cc45fc3dd92: Scheduling FlushMRSOp(ad5d88fd99744865a364185c5252c276): perf score=0.945090
I0408 18:33:46.128648 10856 tablet.cc:1153] T ad5d88fd99744865a364185c5252c276 P b812540aa2e74153b4f96cc45fc3dd92: Flush: entering stage 1 (old memrowset already frozen for inserts)
I0408 18:33:46.128666 10856 compaction.cc:914] Selected 1 rowsets to compact:
I0408 18:33:46.128680 10856 compaction.cc:917] memrowset(current size on disk: ~0 bytes)
I0408 18:33:46.128685 10856 tablet.cc:1155] T ad5d88fd99744865a364185c5252c276 P b812540aa2e74153b4f96cc45fc3dd92: Memstore in-memory size: 2039575 bytes
I0408 18:33:46.128723 10856 tablet.cc:1444] T ad5d88fd99744865a364185c5252c276 P b812540aa2e74153b4f96cc45fc3dd92: Flush: entering phase 1 (flushing snapshot). Phase 1 snapshot: MvccSnapshot[committed={T|T < 6368249553414885376 or (T in {6368249553414885376})}]
I0408 18:33:46.130087 10856 multi_column_writer.cc:98] Opened CFile writers for 3 column(s)
I0408 18:33:46.145107 10856 tablet.cc:1529] T ad5d88fd99744865a364185c5252c276 P b812540aa2e74153b4f96cc45fc3dd92: Flush: entering phase 2 (starting to duplicate updates in new rowsets)
I0408 18:33:46.147220 10856 tablet.cc:1584] T ad5d88fd99744865a364185c5252c276 P b812540aa2e74153b4f96cc45fc3dd92: Flush Phase 2: carrying over any updates which arrived during Phase 1
I0408 18:33:46.147305 10856 tablet.cc:1586] T ad5d88fd99744865a364185c5252c276 P b812540aa2e74153b4f96cc45fc3dd92: Phase 2 snapshot: MvccSnapshot[committed={T|T < 6368249553490821120 or (T in {6368249553490821120})}]
I0408 18:33:46.148993 10856 delta_tracker.cc:722] T ad5d88fd99744865a364185c5252c276 P b812540aa2e74153b4f96cc45fc3dd92: Flushing 14 deltas (763 bytes in memory) from DMS 0
I0408 18:33:46.151371 10856 delta_tracker.cc:663] T ad5d88fd99744865a364185c5252c276 P b812540aa2e74153b4f96cc45fc3dd92: Flushed delta block 0000000000000008 (405 bytes on disk) stats: ts range=[6368249553418129408, 6368249553493798912], delete_count=[0], reinsert_count=[0], update_counts_by_col_id=[1:14]
I0408 18:33:46.153383 10856 tablet.cc:1634] T ad5d88fd99744865a364185c5252c276 P b812540aa2e74153b4f96cc45fc3dd92: Flush successful on 14100 rows (68130 bytes)
I0408 18:33:46.153630 10856 maintenance_manager.cc:492] P b812540aa2e74153b4f96cc45fc3dd92: FlushMRSOp(ad5d88fd99744865a364185c5252c276) complete. Timing: real 0.025s user 0.016s sys 0.000s Metrics: {"cfile_init":1,"compiler_manager_pool.queue_time_us":534,"data dirs.queue_time_us":98,"data dirs.run_cpu_time_us":97,"data dirs.run_wall_time_us":881,"lbm_read_time_us":20,"lbm_reads_lt_1ms":4,"lbm_write_time_us":560,"lbm_writes_lt_1ms":42,"thread_start_us":107,"threads_started":2}
I0408 18:33:46.153851 10971 maintenance_manager.cc:302] P b812540aa2e74153b4f96cc45fc3dd92: Scheduling UndoDeltaBlockGCOp(ad5d88fd99744865a364185c5252c276): 130558 bytes on disk
I0408 18:33:46.153898 10971 maintenance_manager.cc:302] P b812540aa2e74153b4f96cc45fc3dd92: Scheduling UndoDeltaBlockGCOp(ad5d88fd99744865a364185c5252c276): 130558 bytes on disk
I0408 18:33:46.153926 10971 maintenance_manager.cc:302] P b812540aa2e74153b4f96cc45fc3dd92: Scheduling UndoDeltaBlockGCOp(ad5d88fd99744865a364185c5252c276): 130558 bytes on disk
I0408 18:33:46.154100 10855 maintenance_manager.cc:492] P b812540aa2e74153b4f96cc45fc3dd92: UndoDeltaBlockGCOp(ad5d88fd99744865a364185c5252c276) complete. Timing: real 0.000s user 0.000s sys 0.000s Metrics: {"cfile_init":1,"lbm_read_time_us":18,"lbm_reads_lt_1ms":4}
I0408 18:33:46.154144 10855 maintenance_manager.cc:492] P b812540aa2e74153b4f96cc45fc3dd92: UndoDeltaBlockGCOp(ad5d88fd99744865a364185c5252c276) complete. Timing: real 0.000s user 0.000s sys 0.000s Metrics: {}
I0408 18:33:46.154167 10855 maintenance_manager.cc:492] P b812540aa2e74153b4f96cc45fc3dd92: UndoDeltaBlockGCOp(ad5d88fd99744865a364185c5252c276) complete. Timing: real 0.000s user 0.000s sys 0.000s Metrics: {}
I0408 18:33:46.904968 10971 maintenance_manager.cc:302] P b812540aa2e74153b4f96cc45fc3dd92: Scheduling FlushMRSOp(ad5d88fd99744865a364185c5252c276): perf score=0.945090
I0408 18:33:46.905123 10856 tablet.cc:1153] T ad5d88fd99744865a364185c5252c276 P b812540aa2e74153b4f96cc45fc3dd92: Flush: entering stage 1 (old memrowset already frozen for inserts)
I0408 18:33:46.905146 10856 compaction.cc:914] Selected 1 rowsets to compact:
I0408 18:33:46.905150 10856 compaction.cc:917] memrowset(current size on disk: ~0 bytes)
I0408 18:33:46.905153 10856 tablet.cc:1155] T ad5d88fd99744865a364185c5252c276 P b812540aa2e74153b4f96cc45fc3dd92: Memstore in-memory size: 2039575 bytes
I0408 18:33:46.905160 10856 tablet.cc:1444] T ad5d88fd99744865a364185c5252c276 P b812540aa2e74153b4f96cc45fc3dd92: Flush: entering phase 1 (flushing snapshot). Phase 1 snapshot: MvccSnapshot[committed={T|T < 6368249556596342784 or (T in {6368249556596342784})}]
I0408 18:33:46.905323 10856 multi_column_writer.cc:98] Opened CFile writers for 3 column(s)
I0408 18:33:46.913126 10856 tablet.cc:1529] T ad5d88fd99744865a364185c5252c276 P b812540aa2e74153b4f96cc45fc3dd92: Flush: entering phase 2 (starting to duplicate updates in new rowsets)
I0408 18:33:46.913223 10856 tablet.cc:1584] T ad5d88fd99744865a364185c5252c276 P b812540aa2e74153b4f96cc45fc3dd92: Flush Phase 2: carrying over any updates which arrived during Phase 1
I0408 18:33:46.913272 10856 tablet.cc:1586] T ad5d88fd99744865a364185c5252c276 P b812540aa2e74153b4f96cc45fc3dd92: Phase 2 snapshot: MvccSnapshot[committed={T|T < 6368249556627857408 or (T in {6368249556627857408})}]
I0408 18:33:46.914090 10856 delta_tracker.cc:722] T ad5d88fd99744865a364185c5252c276 P b812540aa2e74153b4f96cc45fc3dd92: Flushing 6 deltas (763 bytes in memory) from DMS 0
I0408 18:33:46.914255 10856 delta_tracker.cc:663] T ad5d88fd99744865a364185c5252c276 P b812540aa2e74153b4f96cc45fc3dd92: Flushed delta block 0000000000000015 (281 bytes on disk) stats: ts range=[6368249556609642496, 6368249556627238912], delete_count=[0], reinsert_count=[0], update_counts_by_col_id=[1:6]
I0408 18:33:46.915746 10856 tablet.cc:1634] T ad5d88fd99744865a364185c5252c276 P b812540aa2e74153b4f96cc45fc3dd92: Flush successful on 15000 rows (58691 bytes)
I0408 18:33:46.915872 10856 maintenance_manager.cc:492] P b812540aa2e74153b4f96cc45fc3dd92: FlushMRSOp(ad5d88fd99744865a364185c5252c276) complete. Timing: real 0.011s user 0.008s sys 0.000s Metrics: {"cfile_init":1,"data dirs.queue_time_us":891,"data dirs.run_cpu_time_us":152,"data dirs.run_wall_time_us":848,"lbm_read_time_us":13,"lbm_reads_lt_1ms":4,"lbm_write_time_us":417,"lbm_writes_lt_1ms":42,"thread_start_us":57,"threads_started":1}
I0408 18:33:46.915983 10971 maintenance_manager.cc:302] P b812540aa2e74153b4f96cc45fc3dd92: Scheduling UndoDeltaBlockGCOp(ad5d88fd99744865a364185c5252c276): 127248 bytes on disk
I0408 18:33:46.916035 10971 maintenance_manager.cc:302] P b812540aa2e74153b4f96cc45fc3dd92: Scheduling CompactRowSetsOp(ad5d88fd99744865a364185c5252c276): perf score=0.989928
I0408 18:33:46.916083 10971 maintenance_manager.cc:302] P b812540aa2e74153b4f96cc45fc3dd92: Scheduling UndoDeltaBlockGCOp(ad5d88fd99744865a364185c5252c276): 127248 bytes on disk
I0408 18:33:46.916134 10855 tablet.cc:1664] T ad5d88fd99744865a364185c5252c276 P b812540aa2e74153b4f96cc45fc3dd92: Compaction: stage 1 complete, picked 2 rowsets to compact or flush
I0408 18:33:46.916146 10855 compaction.cc:914] Selected 2 rowsets to compact:
I0408 18:33:46.916152 10855 compaction.cc:917] RowSet(0)(current size on disk: ~199093 bytes)
I0408 18:33:46.916155 10855 compaction.cc:917] RowSet(1)(current size on disk: ~186220 bytes)
I0408 18:33:46.916160 10855 tablet.cc:1444] T ad5d88fd99744865a364185c5252c276 P b812540aa2e74153b4f96cc45fc3dd92: Compaction: entering phase 1 (flushing snapshot). Phase 1 snapshot: MvccSnapshot[committed={T|T < 6368249556637298688 or (T in {6368249556637298688})}]
I0408 18:33:46.916167 10854 maintenance_manager.cc:492] P b812540aa2e74153b4f96cc45fc3dd92: UndoDeltaBlockGCOp(ad5d88fd99744865a364185c5252c276) complete. Timing: real 0.000s user 0.000s sys 0.000s Metrics: {"cfile_init":1,"lbm_read_time_us":21,"lbm_reads_lt_1ms":4}
I0408 18:33:46.916230 10854 maintenance_manager.cc:492] P b812540aa2e74153b4f96cc45fc3dd92: UndoDeltaBlockGCOp(ad5d88fd99744865a364185c5252c276) complete. Timing: real 0.000s user 0.000s sys 0.000s Metrics: {}
I0408 18:33:46.916301 10855 multi_column_writer.cc:98] Opened CFile writers for 3 column(s)
I0408 18:33:46.916304 10971 maintenance_manager.cc:302] P b812540aa2e74153b4f96cc45fc3dd92: Scheduling CompactRowSetsOp(ad5d88fd99744865a364185c5252c276): perf score=0.989928
I0408 18:33:46.916366 10854 tablet.cc:1664] T ad5d88fd99744865a364185c5252c276 P b812540aa2e74153b4f96cc45fc3dd92: Compaction: stage 1 complete, picked 0 rowsets to compact or flush
I0408 18:33:46.916376 10854 compaction.cc:914] Selected 0 rowsets to compact:
I0408 18:33:46.916384 10854 tablet.cc:1444] T ad5d88fd99744865a364185c5252c276 P b812540aa2e74153b4f96cc45fc3dd92: Compaction: entering phase 1 (flushing snapshot). Phase 1 snapshot: MvccSnapshot[committed={T|T < 6368249556637298688 or (T in {6368249556637298688})}]
I0408 18:33:46.916968 10854 multi_column_writer.cc:98] Opened CFile writers for 3 column(s)
I0408 18:33:46.917503 10854 tablet.cc:1473] T ad5d88fd99744865a364185c5252c276 P b812540aa2e74153b4f96cc45fc3dd92: Compaction resulted in no output rows (all input rows were GCed!) Removing all input rowsets.
I0408 18:33:46.919224 10854 maintenance_manager.cc:492] P b812540aa2e74153b4f96cc45fc3dd92: CompactRowSetsOp(ad5d88fd99744865a364185c5252c276) complete. Timing: real 0.003s user 0.002s sys 0.000s Metrics: {"data dirs.queue_time_us":2620,"data dirs.run_cpu_time_us":180,"data dirs.run_wall_time_us":1464,"lbm_write_time_us":38,"lbm_writes_lt_1ms":6}
I0408 18:33:46.930541 10855 tablet.cc:1529] T ad5d88fd99744865a364185c5252c276 P b812540aa2e74153b4f96cc45fc3dd92: Compaction: entering phase 2 (starting to duplicate updates in new rowsets)
I0408 18:33:46.930590 10855 tablet.cc:1584] T ad5d88fd99744865a364185c5252c276 P b812540aa2e74153b4f96cc45fc3dd92: Compaction Phase 2: carrying over any updates which arrived during Phase 1
I0408 18:33:46.930598 10855 tablet.cc:1586] T ad5d88fd99744865a364185c5252c276 P b812540aa2e74153b4f96cc45fc3dd92: Phase 2 snapshot: MvccSnapshot[committed={T|T < 6368249556698275840 or (T in {6368249556698275840})}]
I0408 18:33:46.934176 10855 delta_tracker.cc:722] T ad5d88fd99744865a364185c5252c276 P b812540aa2e74153b4f96cc45fc3dd92: Flushing 22 deltas (3751 bytes in memory) from DMS 0
I0408 18:33:46.934428 10855 delta_tracker.cc:663] T ad5d88fd99744865a364185c5252c276 P b812540aa2e74153b4f96cc45fc3dd92: Flushed delta block 0000000000000028 (547 bytes on disk) stats: ts range=[6368249556646612992, 6368249556715175936], delete_count=[0], reinsert_count=[0], update_counts_by_col_id=[1:22]
W0408 18:33:46.934509 10855 fault_injection.cc:41] FAULT INJECTION ENABLED!
W0408 18:33:46.934628 10855 fault_injection.cc:42] THIS SERVER MAY CRASH!
E0408 18:33:46.934656 10855 fault_injection.cc:57] Injecting fault: FLAGS_fault_crash_before_flush_tablet_meta_after_compaction (process will exit)
W0408 18:33:46.939334 11108 connection.cc:513] server connection from 127.6.54.1:49825 recv error: Network error: failed to read from TLS socket: Connection reset by peer (error 104)
W0408 18:33:46.939376 11253 connection.cc:513] client connection to 127.6.54.1:34049 recv error: Network error: failed to read from TLS socket: Connection reset by peer (error 104)
W0408 18:33:46.939404 11253 meta_cache.cc:219] Tablet ad5d88fd99744865a364185c5252c276: Replica b812540aa2e74153b4f96cc45fc3dd92 (127.6.54.1:34049) has failed: Network error: failed to read from TLS socket: Connection reset by peer (error 104)
W0408 18:33:46.939385 10984 connection.cc:513] server connection from 127.6.54.1:60027 recv error: Network error: failed to read from TLS socket: Connection reset by peer (error 104)
W0408 18:33:46.939445 10788 connection.cc:513] client connection to 127.6.54.1:34049 recv error: Network error: failed to read from TLS socket: Connection reset by peer (error 104)
W0408 18:33:46.939561 11253 connection.cc:186] Error closing socket: Network error: TlsSocket::Close: Broken pipe
W0408 18:33:46.939760 10788 connection.cc:513] server connection from 127.6.54.1:42565 recv error: Network error: failed to read from TLS socket: Connection reset by peer (error 104)
W0408 18:33:46.939924 10778 connection.cc:513] client connection to 127.6.54.1:34049 recv error: Network error: failed to read from TLS socket: Connection reset by peer (error 104)
W0408 18:33:47.944757 11253 batcher.cc:349] Timed out: Failed to write batch of 100 ops to tablet ad5d88fd99744865a364185c5252c276 after 41 attempt(s): Failed to write to server: (no server available): Write(tablet: ad5d88fd99744865a364185c5252c276, num_ops: 100, num_attempts: 41) passed its deadline: Network error: failed to read from TLS socket: Connection reset by peer (error 104)
W0408 18:33:47.944954 6360 ts_recovery-itest.cc:752] could not flush session: IO error: Some errors occurred
I0408 18:33:47.945020 6360 ts_recovery-itest.cc:756] successfully detected TS crash!
W0408 18:33:48.010730 11253 meta_cache.cc:219] Tablet ad5d88fd99744865a364185c5252c276: Replica b812540aa2e74153b4f96cc45fc3dd92 (127.6.54.1:34049) has failed: Network error: Client connection negotiation failed: client connection to 127.6.54.1:34049: connect: Connection refused (error 111)
I0408 18:33:48.434486 11289 raft_consensus.cc:436] T ad5d88fd99744865a364185c5252c276 P 312a97f4d00e453a8e99704e8073fa47 [term 1 FOLLOWER]: Starting pre-election (detected failure of leader b812540aa2e74153b4f96cc45fc3dd92)
I0408 18:33:48.434541 11289 raft_consensus.cc:2700] T ad5d88fd99744865a364185c5252c276 P 312a97f4d00e453a8e99704e8073fa47: Snoozing failure detection for 2.184s (starting election)
I0408 18:33:48.434612 11289 raft_consensus.cc:458] T ad5d88fd99744865a364185c5252c276 P 312a97f4d00e453a8e99704e8073fa47 [term 1 FOLLOWER]: Starting pre-election with config: opid_index: -1 OBSOLETE_local: false peers { permanent_uuid: "312a97f4d00e453a8e99704e8073fa47" member_type: VOTER last_known_addr { host: "127.6.54.2" port: 44415 } } peers { permanent_uuid: "8c18cbbe25874ef99a282b8f1bd40dda" member_type: VOTER last_known_addr { host: "127.6.54.3" port: 45705 } } peers { permanent_uuid: "b812540aa2e74153b4f96cc45fc3dd92" member_type: VOTER last_known_addr { host: "127.6.54.1" port: 34049 } }
I0408 18:33:48.434859 11289 leader_election.cc:231] T ad5d88fd99744865a364185c5252c276 P 312a97f4d00e453a8e99704e8073fa47 [CANDIDATE]: Term 2 pre-election: Requesting pre-vote from peer 8c18cbbe25874ef99a282b8f1bd40dda
I0408 18:33:48.434916 11289 leader_election.cc:231] T ad5d88fd99744865a364185c5252c276 P 312a97f4d00e453a8e99704e8073fa47 [CANDIDATE]: Term 2 pre-election: Requesting pre-vote from peer b812540aa2e74153b4f96cc45fc3dd92
I0408 18:33:48.435300 11292 raft_consensus.cc:436] T ad5d88fd99744865a364185c5252c276 P 8c18cbbe25874ef99a282b8f1bd40dda [term 1 FOLLOWER]: Starting pre-election (detected failure of leader b812540aa2e74153b4f96cc45fc3dd92)
W0408 18:33:48.435304 10985 leader_election.cc:287] T ad5d88fd99744865a364185c5252c276 P 312a97f4d00e453a8e99704e8073fa47 [CANDIDATE]: Term 2 pre-election: RPC error from VoteRequest() call to peer b812540aa2e74153b4f96cc45fc3dd92: Network error: Client connection negotiation failed: client connection to 127.6.54.1:34049: connect: Connection refused (error 111)
I0408 18:33:48.435334 11292 raft_consensus.cc:2700] T ad5d88fd99744865a364185c5252c276 P 8c18cbbe25874ef99a282b8f1bd40dda: Snoozing failure detection for 1.624s (starting election)
I0408 18:33:48.435386 11292 raft_consensus.cc:458] T ad5d88fd99744865a364185c5252c276 P 8c18cbbe25874ef99a282b8f1bd40dda [term 1 FOLLOWER]: Starting pre-election with config: opid_index: -1 OBSOLETE_local: false peers { permanent_uuid: "312a97f4d00e453a8e99704e8073fa47" member_type: VOTER last_known_addr { host: "127.6.54.2" port: 44415 } } peers { permanent_uuid: "8c18cbbe25874ef99a282b8f1bd40dda" member_type: VOTER last_known_addr { host: "127.6.54.3" port: 45705 } } peers { permanent_uuid: "b812540aa2e74153b4f96cc45fc3dd92" member_type: VOTER last_known_addr { host: "127.6.54.1" port: 34049 } }
I0408 18:33:48.435572 11292 leader_election.cc:231] T ad5d88fd99744865a364185c5252c276 P 8c18cbbe25874ef99a282b8f1bd40dda [CANDIDATE]: Term 2 pre-election: Requesting pre-vote from peer 312a97f4d00e453a8e99704e8073fa47
I0408 18:33:48.435628 11292 leader_election.cc:231] T ad5d88fd99744865a364185c5252c276 P 8c18cbbe25874ef99a282b8f1bd40dda [CANDIDATE]: Term 2 pre-election: Requesting pre-vote from peer b812540aa2e74153b4f96cc45fc3dd92
W0408 18:33:48.435904 11109 leader_election.cc:287] T ad5d88fd99744865a364185c5252c276 P 8c18cbbe25874ef99a282b8f1bd40dda [CANDIDATE]: Term 2 pre-election: RPC error from VoteRequest() call to peer b812540aa2e74153b4f96cc45fc3dd92: Network error: Client connection negotiation failed: client connection to 127.6.54.1:34049: connect: Connection refused (error 111)
I0408 18:33:48.437973 11169 tablet_service.cc:994] Received RequestConsensusVote() RPC: tablet_id: "ad5d88fd99744865a364185c5252c276" candidate_uuid: "312a97f4d00e453a8e99704e8073fa47" candidate_term: 2 candidate_status { last_received { term: 1 index: 2502 } } ignore_live_leader: false dest_uuid: "8c18cbbe25874ef99a282b8f1bd40dda" is_pre_election: true
I0408 18:33:48.438004 11169 raft_consensus.cc:2700] T ad5d88fd99744865a364185c5252c276 P 8c18cbbe25874ef99a282b8f1bd40dda: Snoozing failure detection for 1.971s (vote granted)
I0408 18:33:48.438017 11169 raft_consensus.cc:2215] T ad5d88fd99744865a364185c5252c276 P 8c18cbbe25874ef99a282b8f1bd40dda [term 1 FOLLOWER]: Leader pre-election vote request: Granting yes vote for candidate 312a97f4d00e453a8e99704e8073fa47 in term 1.
I0408 18:33:48.438098 11052 tablet_service.cc:994] Received RequestConsensusVote() RPC: tablet_id: "ad5d88fd99744865a364185c5252c276" candidate_uuid: "8c18cbbe25874ef99a282b8f1bd40dda" candidate_term: 2 candidate_status { last_received { term: 1 index: 2502 } } ignore_live_leader: false dest_uuid: "312a97f4d00e453a8e99704e8073fa47" is_pre_election: true
I0408 18:33:48.438132 11052 raft_consensus.cc:2700] T ad5d88fd99744865a364185c5252c276 P 312a97f4d00e453a8e99704e8073fa47: Snoozing failure detection for 1.628s (vote granted)
I0408 18:33:48.438144 11052 raft_consensus.cc:2215] T ad5d88fd99744865a364185c5252c276 P 312a97f4d00e453a8e99704e8073fa47 [term 1 FOLLOWER]: Leader pre-election vote request: Granting yes vote for candidate 8c18cbbe25874ef99a282b8f1bd40dda in term 1.
I0408 18:33:48.438215 10987 leader_election.cc:363] T ad5d88fd99744865a364185c5252c276 P 312a97f4d00e453a8e99704e8073fa47 [CANDIDATE]: Term 2 pre-election: Vote granted by peer 8c18cbbe25874ef99a282b8f1bd40dda
I0408 18:33:48.438258 10987 leader_election.cc:258] T ad5d88fd99744865a364185c5252c276 P 312a97f4d00e453a8e99704e8073fa47 [CANDIDATE]: Term 2 pre-election: Election decided. Result: candidate won.
I0408 18:33:48.438310 11289 raft_consensus.cc:2700] T ad5d88fd99744865a364185c5252c276 P 312a97f4d00e453a8e99704e8073fa47: Snoozing failure detection for 1.865s (election complete)
I0408 18:33:48.438329 11108 leader_election.cc:363] T ad5d88fd99744865a364185c5252c276 P 8c18cbbe25874ef99a282b8f1bd40dda [CANDIDATE]: Term 2 pre-election: Vote granted by peer 312a97f4d00e453a8e99704e8073fa47
I0408 18:33:48.438335 11289 raft_consensus.cc:2507] T ad5d88fd99744865a364185c5252c276 P 312a97f4d00e453a8e99704e8073fa47 [term 1 FOLLOWER]: Leader pre-election won for term 2
I0408 18:33:48.438344 11108 leader_election.cc:258] T ad5d88fd99744865a364185c5252c276 P 8c18cbbe25874ef99a282b8f1bd40dda [CANDIDATE]: Term 2 pre-election: Election decided. Result: candidate won.
I0408 18:33:48.438345 11289 raft_consensus.cc:436] T ad5d88fd99744865a364185c5252c276 P 312a97f4d00e453a8e99704e8073fa47 [term 1 FOLLOWER]: Starting leader election (detected failure of leader b812540aa2e74153b4f96cc45fc3dd92)
I0408 18:33:48.438354 11289 raft_consensus.cc:2700] T ad5d88fd99744865a364185c5252c276 P 312a97f4d00e453a8e99704e8073fa47: Snoozing failure detection for 1.564s (starting election)
I0408 18:33:48.438360 11289 raft_consensus.cc:2752] T ad5d88fd99744865a364185c5252c276 P 312a97f4d00e453a8e99704e8073fa47 [term 1 FOLLOWER]: Advancing to term 2
I0408 18:33:48.438941 11289 raft_consensus.cc:458] T ad5d88fd99744865a364185c5252c276 P 312a97f4d00e453a8e99704e8073fa47 [term 2 FOLLOWER]: Starting leader election with config: opid_index: -1 OBSOLETE_local: false peers { permanent_uuid: "312a97f4d00e453a8e99704e8073fa47" member_type: VOTER last_known_addr { host: "127.6.54.2" port: 44415 } } peers { permanent_uuid: "8c18cbbe25874ef99a282b8f1bd40dda" member_type: VOTER last_known_addr { host: "127.6.54.3" port: 45705 } } peers { permanent_uuid: "b812540aa2e74153b4f96cc45fc3dd92" member_type: VOTER last_known_addr { host: "127.6.54.1" port: 34049 } }
I0408 18:33:48.439072 11289 leader_election.cc:231] T ad5d88fd99744865a364185c5252c276 P 312a97f4d00e453a8e99704e8073fa47 [CANDIDATE]: Term 2 election: Requesting vote from peer 8c18cbbe25874ef99a282b8f1bd40dda
I0408 18:33:48.439113 11289 leader_election.cc:231] T ad5d88fd99744865a364185c5252c276 P 312a97f4d00e453a8e99704e8073fa47 [CANDIDATE]: Term 2 election: Requesting vote from peer b812540aa2e74153b4f96cc45fc3dd92
I0408 18:33:48.439267 11292 raft_consensus.cc:2700] T ad5d88fd99744865a364185c5252c276 P 8c18cbbe25874ef99a282b8f1bd40dda: Snoozing failure detection for 1.840s (election complete)
I0408 18:33:48.439293 11292 raft_consensus.cc:2507] T ad5d88fd99744865a364185c5252c276 P 8c18cbbe25874ef99a282b8f1bd40dda [term 1 FOLLOWER]: Leader pre-election won for term 2
I0408 18:33:48.439301 11292 raft_consensus.cc:436] T ad5d88fd99744865a364185c5252c276 P 8c18cbbe25874ef99a282b8f1bd40dda [term 1 FOLLOWER]: Starting leader election (detected failure of leader b812540aa2e74153b4f96cc45fc3dd92)
I0408 18:33:48.439306 11292 raft_consensus.cc:2700] T ad5d88fd99744865a364185c5252c276 P 8c18cbbe25874ef99a282b8f1bd40dda: Snoozing failure detection for 1.968s (starting election)
I0408 18:33:48.439311 11292 raft_consensus.cc:2752] T ad5d88fd99744865a364185c5252c276 P 8c18cbbe25874ef99a282b8f1bd40dda [term 1 FOLLOWER]: Advancing to term 2
I0408 18:33:48.439366 11169 tablet_service.cc:994] Received RequestConsensusVote() RPC: tablet_id: "ad5d88fd99744865a364185c5252c276" candidate_uuid: "312a97f4d00e453a8e99704e8073fa47" candidate_term: 2 candidate_status { last_received { term: 1 index: 2502 } } ignore_live_leader: false dest_uuid: "8c18cbbe25874ef99a282b8f1bd40dda"
W0408 18:33:48.439404 10985 leader_election.cc:287] T ad5d88fd99744865a364185c5252c276 P 312a97f4d00e453a8e99704e8073fa47 [CANDIDATE]: Term 2 election: RPC error from VoteRequest() call to peer b812540aa2e74153b4f96cc45fc3dd92: Network error: Client connection negotiation failed: client connection to 127.6.54.1:34049: connect: Connection refused (error 111)
I0408 18:33:48.439819 11292 raft_consensus.cc:458] T ad5d88fd99744865a364185c5252c276 P 8c18cbbe25874ef99a282b8f1bd40dda [term 2 FOLLOWER]: Starting leader election with config: opid_index: -1 OBSOLETE_local: false peers { permanent_uuid: "312a97f4d00e453a8e99704e8073fa47" member_type: VOTER last_known_addr { host: "127.6.54.2" port: 44415 } } peers { permanent_uuid: "8c18cbbe25874ef99a282b8f1bd40dda" member_type: VOTER last_known_addr { host: "127.6.54.3" port: 45705 } } peers { permanent_uuid: "b812540aa2e74153b4f96cc45fc3dd92" member_type: VOTER last_known_addr { host: "127.6.54.1" port: 34049 } }
I0408 18:33:48.439960 11292 leader_election.cc:231] T ad5d88fd99744865a364185c5252c276 P 8c18cbbe25874ef99a282b8f1bd40dda [CANDIDATE]: Term 2 election: Requesting vote from peer 312a97f4d00e453a8e99704e8073fa47
I0408 18:33:48.439994 11169 raft_consensus.cc:2145] T ad5d88fd99744865a364185c5252c276 P 8c18cbbe25874ef99a282b8f1bd40dda [term 2 FOLLOWER]: Leader election vote request: Denying vote to candidate 312a97f4d00e453a8e99704e8073fa47 in current term 2: Already voted for candidate 8c18cbbe25874ef99a282b8f1bd40dda in this term.
I0408 18:33:48.439999 11292 leader_election.cc:231] T ad5d88fd99744865a364185c5252c276 P 8c18cbbe25874ef99a282b8f1bd40dda [CANDIDATE]: Term 2 election: Requesting vote from peer b812540aa2e74153b4f96cc45fc3dd92
I0408 18:33:48.440214 10987 leader_election.cc:377] T ad5d88fd99744865a364185c5252c276 P 312a97f4d00e453a8e99704e8073fa47 [CANDIDATE]: Term 2 election: Vote denied by peer 8c18cbbe25874ef99a282b8f1bd40dda. Message: Invalid argument: T ad5d88fd99744865a364185c5252c276 P 8c18cbbe25874ef99a282b8f1bd40dda [term 2 FOLLOWER]: Leader election vote request: Denying vote to candidate 312a97f4d00e453a8e99704e8073fa47 in current term 2: Already voted for candidate 8c18cbbe25874ef99a282b8f1bd40dda in this term.
W0408 18:33:48.440225 11109 leader_election.cc:287] T ad5d88fd99744865a364185c5252c276 P 8c18cbbe25874ef99a282b8f1bd40dda [CANDIDATE]: Term 2 election: RPC error from VoteRequest() call to peer b812540aa2e74153b4f96cc45fc3dd92: Network error: Client connection negotiation failed: client connection to 127.6.54.1:34049: connect: Connection refused (error 111)
I0408 18:33:48.440239 10987 leader_election.cc:258] T ad5d88fd99744865a364185c5252c276 P 312a97f4d00e453a8e99704e8073fa47 [CANDIDATE]: Term 2 election: Election decided. Result: candidate lost.
I0408 18:33:48.440280 11289 raft_consensus.cc:2700] T ad5d88fd99744865a364185c5252c276 P 312a97f4d00e453a8e99704e8073fa47: Snoozing failure detection for 2.178s (election complete)
I0408 18:33:48.440292 11052 tablet_service.cc:994] Received RequestConsensusVote() RPC: tablet_id: "ad5d88fd99744865a364185c5252c276" candidate_uuid: "8c18cbbe25874ef99a282b8f1bd40dda" candidate_term: 2 candidate_status { last_received { term: 1 index: 2502 } } ignore_live_leader: false dest_uuid: "312a97f4d00e453a8e99704e8073fa47"
I0408 18:33:48.440295 11289 raft_consensus.cc:2455] T ad5d88fd99744865a364185c5252c276 P 312a97f4d00e453a8e99704e8073fa47 [term 2 FOLLOWER]: Leader election lost for term 2. Reason: could not achieve majority
I0408 18:33:48.440328 11052 raft_consensus.cc:2145] T ad5d88fd99744865a364185c5252c276 P 312a97f4d00e453a8e99704e8073fa47 [term 2 FOLLOWER]: Leader election vote request: Denying vote to candidate 8c18cbbe25874ef99a282b8f1bd40dda in current term 2: Already voted for candidate 312a97f4d00e453a8e99704e8073fa47 in this term.
I0408 18:33:48.440551 11108 leader_election.cc:377] T ad5d88fd99744865a364185c5252c276 P 8c18cbbe25874ef99a282b8f1bd40dda [CANDIDATE]: Term 2 election: Vote denied by peer 312a97f4d00e453a8e99704e8073fa47. Message: Invalid argument: T ad5d88fd99744865a364185c5252c276 P 312a97f4d00e453a8e99704e8073fa47 [term 2 FOLLOWER]: Leader election vote request: Denying vote to candidate 8c18cbbe25874ef99a282b8f1bd40dda in current term 2: Already voted for candidate 312a97f4d00e453a8e99704e8073fa47 in this term.
I0408 18:33:48.440569 11108 leader_election.cc:258] T ad5d88fd99744865a364185c5252c276 P 8c18cbbe25874ef99a282b8f1bd40dda [CANDIDATE]: Term 2 election: Election decided. Result: candidate lost.
I0408 18:33:48.440627 11292 raft_consensus.cc:2700] T ad5d88fd99744865a364185c5252c276 P 8c18cbbe25874ef99a282b8f1bd40dda: Snoozing failure detection for 1.673s (election complete)
I0408 18:33:48.440649 11292 raft_consensus.cc:2455] T ad5d88fd99744865a364185c5252c276 P 8c18cbbe25874ef99a282b8f1bd40dda [term 2 FOLLOWER]: Leader election lost for term 2. Reason: could not achieve majority
W0408 18:33:48.945183 6360 thread.cc:454] Waited for 1000ms trying to join with updater (tid 11257)
W0408 18:33:48.945746 11252 batcher.cc:349] Timed out: Failed to write batch of 1 ops to tablet ad5d88fd99744865a364185c5252c276 after 2 attempt(s): Failed to write to server: 312a97f4d00e453a8e99704e8073fa47 (127.6.54.2:44415): Write RPC to 127.6.54.2:44415 timed out after 2.000s (SENT)
W0408 18:33:48.945816 11259 ts_recovery-itest.cc:666] failed to flush updates: IO error: Some errors occurred
W0408 18:33:48.953192 11260 ts_recovery-itest.cc:666] failed to flush updates: IO error: Some errors occurred
W0408 18:33:48.960407 11257 ts_recovery-itest.cc:666] failed to flush updates: IO error: Some errors occurred
W0408 18:33:48.978605 11258 ts_recovery-itest.cc:666] failed to flush updates: IO error: Some errors occurred
