I0408 18:33:37.512029 7183 heartbeater.cc:346] Connected to a master server at 127.6.54.62:33005
I0408 18:33:37.512076 7183 heartbeater.cc:426] Registering TS with master...
I0408 18:33:37.512169 7183 heartbeater.cc:475] Master 127.6.54.62:33005 requested a full tablet report, sending...
I0408 18:33:37.512688 7020 ts_manager.cc:81] Registered new tserver with Master: ec730ea11e2f448dbd771aa556aea5b7 (127.6.54.1:44705)
I0408 18:33:37.513463 6360 external_mini_cluster.cc:499] 1 TS(s) registered with all masters
I0408 18:33:37.513947 7020 master_service.cc:249] Signed X509 certificate for tserver {username='slave'} at 127.6.54.1:60879
I0408 18:33:37.518254 6360 test_util.cc:200] Using random seed: 321137325
I0408 18:33:37.523679 7020 catalog_manager.cc:1294] Servicing CreateTable request from {username='slave'} at 127.0.0.1:36828: name: "test-workload" schema { columns { name: "key" type: INT32 is_key: true is_nullable: false encoding: AUTO_ENCODING compression: DEFAULT_COMPRESSION cfile_block_size: 0 } columns { name: "int_val" type: INT32 is_key: false is_nullable: false encoding: AUTO_ENCODING compression: DEFAULT_COMPRESSION cfile_block_size: 0 } columns { name: "string_val" type: STRING is_key: false is_nullable: true encoding: AUTO_ENCODING compression: DEFAULT_COMPRESSION cfile_block_size: 0 } } num_replicas: 1 split_rows_range_bounds { } partition_schema { range_schema { columns { name: "key" } } }
I0408 18:33:37.530344 7117 tablet_service.cc:758] Processing CreateTablet for tablet bb51e69139f14cb2a6834cff70d9e745 (table=test-workload [id=5a6e4e61cad947e584aeadbc967d0844]), partition=RANGE (key) PARTITION UNBOUNDED
I0408 18:33:37.530477 7117 data_dirs.cc:931] Could only allocate 1 dirs of requested 3 for tablet bb51e69139f14cb2a6834cff70d9e745. 1 dirs total, 0 dirs full, 0 dirs failed
I0408 18:33:37.532174 7117 ts_tablet_manager.cc:1080] T bb51e69139f14cb2a6834cff70d9e745 P ec730ea11e2f448dbd771aa556aea5b7: Registered tablet (data state: TABLET_DATA_READY)
I0408 18:33:37.532315 7201 ts_tablet_manager.cc:938] T bb51e69139f14cb2a6834cff70d9e745 P ec730ea11e2f448dbd771aa556aea5b7: Bootstrapping tablet
I0408 18:33:37.532385 7201 tablet_bootstrap.cc:436] T bb51e69139f14cb2a6834cff70d9e745 P ec730ea11e2f448dbd771aa556aea5b7: Bootstrap starting.
I0408 18:33:37.532781 7201 tablet_bootstrap.cc:581] T bb51e69139f14cb2a6834cff70d9e745 P ec730ea11e2f448dbd771aa556aea5b7: No blocks or log segments found. Creating new log.
I0408 18:33:37.533017 7201 log.cc:520] T bb51e69139f14cb2a6834cff70d9e745 P ec730ea11e2f448dbd771aa556aea5b7: Log is configured to *not* fsync() on all Append() calls
I0408 18:33:37.533428 7201 tablet_bootstrap.cc:436] T bb51e69139f14cb2a6834cff70d9e745 P ec730ea11e2f448dbd771aa556aea5b7: No bootstrap required, opened a new log
I0408 18:33:37.533484 7201 ts_tablet_manager.cc:955] T bb51e69139f14cb2a6834cff70d9e745 P ec730ea11e2f448dbd771aa556aea5b7: Time spent bootstrapping tablet: real 0.001s user 0.001s sys 0.000s
I0408 18:33:37.534488 7201 raft_consensus.cc:304] T bb51e69139f14cb2a6834cff70d9e745 P ec730ea11e2f448dbd771aa556aea5b7 [term 0 FOLLOWER]: Replica starting. Triggering 0 pending transactions. Active config: opid_index: -1 OBSOLETE_local: true peers { permanent_uuid: "ec730ea11e2f448dbd771aa556aea5b7" member_type: VOTER last_known_addr { host: "127.6.54.1" port: 44705 } }
I0408 18:33:37.534538 7201 raft_consensus.cc:330] T bb51e69139f14cb2a6834cff70d9e745 P ec730ea11e2f448dbd771aa556aea5b7 [term 0 FOLLOWER]: Consensus starting up: Expiring failure detector timer to make a prompt election more likely
I0408 18:33:37.534559 7201 raft_consensus.cc:605] T bb51e69139f14cb2a6834cff70d9e745 P ec730ea11e2f448dbd771aa556aea5b7 [term 0 FOLLOWER]: Becoming Follower/Learner. State: Replica: ec730ea11e2f448dbd771aa556aea5b7, State: Initialized, Role: FOLLOWER
I0408 18:33:37.534667 7201 consensus_queue.cc:226] T bb51e69139f14cb2a6834cff70d9e745 P ec730ea11e2f448dbd771aa556aea5b7 [NON_LEADER]: Queue going to NON_LEADER mode. State: All replicated index: 0, Majority replicated index: 0, Committed index: 0, Last appended: 0.0, Last appended by leader: 0, Current term: 0, Majority size: -1, State: 0, Mode: NON_LEADER, active raft config: opid_index: -1 OBSOLETE_local: true peers { permanent_uuid: "ec730ea11e2f448dbd771aa556aea5b7" member_type: VOTER last_known_addr { host: "127.6.54.1" port: 44705 } }
I0408 18:33:37.534690 7201 raft_consensus.cc:344] T bb51e69139f14cb2a6834cff70d9e745 P ec730ea11e2f448dbd771aa556aea5b7 [term 0 FOLLOWER]: Only one voter in the Raft config. Triggering election immediately
I0408 18:33:37.534705 7201 raft_consensus.cc:436] T bb51e69139f14cb2a6834cff70d9e745 P ec730ea11e2f448dbd771aa556aea5b7 [term 0 FOLLOWER]: Starting leader election (initial election of a single-replica configuration)
I0408 18:33:37.534730 7201 raft_consensus.cc:2700] T bb51e69139f14cb2a6834cff70d9e745 P ec730ea11e2f448dbd771aa556aea5b7: Snoozing failure detection for 1.511s (starting election)
I0408 18:33:37.534747 7201 raft_consensus.cc:2752] T bb51e69139f14cb2a6834cff70d9e745 P ec730ea11e2f448dbd771aa556aea5b7 [term 0 FOLLOWER]: Advancing to term 1
I0408 18:33:37.535179 7201 raft_consensus.cc:458] T bb51e69139f14cb2a6834cff70d9e745 P ec730ea11e2f448dbd771aa556aea5b7 [term 1 FOLLOWER]: Starting leader election with config: opid_index: -1 OBSOLETE_local: true peers { permanent_uuid: "ec730ea11e2f448dbd771aa556aea5b7" member_type: VOTER last_known_addr { host: "127.6.54.1" port: 44705 } }
I0408 18:33:37.535243 7201 leader_election.cc:258] T bb51e69139f14cb2a6834cff70d9e745 P ec730ea11e2f448dbd771aa556aea5b7 [CANDIDATE]: Term 1 election: Election decided. Result: candidate won.
I0408 18:33:37.535383 7203 raft_consensus.cc:2700] T bb51e69139f14cb2a6834cff70d9e745 P ec730ea11e2f448dbd771aa556aea5b7: Snoozing failure detection for 1.758s (election complete)
I0408 18:33:37.535409 7203 raft_consensus.cc:2507] T bb51e69139f14cb2a6834cff70d9e745 P ec730ea11e2f448dbd771aa556aea5b7 [term 1 FOLLOWER]: Leader election won for term 1
I0408 18:33:37.535459 7183 heartbeater.cc:467] Master 127.6.54.62:33005 was elected leader, sending a full tablet report...
I0408 18:33:37.535473 7201 ts_tablet_manager.cc:983] T bb51e69139f14cb2a6834cff70d9e745 P ec730ea11e2f448dbd771aa556aea5b7: Time spent starting tablet: real 0.002s user 0.002s sys 0.000s
I0408 18:33:37.535476 7203 raft_consensus.cc:572] T bb51e69139f14cb2a6834cff70d9e745 P ec730ea11e2f448dbd771aa556aea5b7 [term 1 LEADER]: Becoming Leader. State: Replica: ec730ea11e2f448dbd771aa556aea5b7, State: Running, Role: LEADER
I0408 18:33:37.535611 7203 consensus_queue.cc:203] T bb51e69139f14cb2a6834cff70d9e745 P ec730ea11e2f448dbd771aa556aea5b7 [LEADER]: Queue going to LEADER mode. State: All replicated index: 0, Majority replicated index: 0, Committed index: 0, Last appended: 0.0, Last appended by leader: 0, Current term: 1, Majority size: 1, State: 0, Mode: LEADER, active raft config: opid_index: -1 OBSOLETE_local: true peers { permanent_uuid: "ec730ea11e2f448dbd771aa556aea5b7" member_type: VOTER last_known_addr { host: "127.6.54.1" port: 44705 } }
I0408 18:33:37.536242 7020 catalog_manager.cc:3595] T bb51e69139f14cb2a6834cff70d9e745 P ec730ea11e2f448dbd771aa556aea5b7 reported cstate change: term changed from 0 to 1, leader changed from to ec730ea11e2f448dbd771aa556aea5b7 (127.6.54.1). New cstate: current_term: 1 leader_uuid: "ec730ea11e2f448dbd771aa556aea5b7" committed_config { opid_index: -1 OBSOLETE_local: true peers { permanent_uuid: "ec730ea11e2f448dbd771aa556aea5b7" member_type: VOTER last_known_addr { host: "127.6.54.1" port: 44705 } health_report { overall_health: HEALTHY } } }
I0408 18:33:37.539963 7180 generic_service.cc:146] {username='slave'} at 127.0.0.1:53106 changed flags via RPC: fault_crash_before_append_commit from '0' to '0.05'
W0408 18:33:37.551740 7214 fault_injection.cc:41] FAULT INJECTION ENABLED!
W0408 18:33:37.551793 7214 fault_injection.cc:42] THIS SERVER MAY CRASH!
E0408 18:33:37.554586 7213 fault_injection.cc:57] Injecting fault: FLAGS_fault_crash_before_append_commit (process will exit)
W0408 18:33:37.557762 7197 connection.cc:513] client connection to 127.6.54.1:44705 recv error: Network error: failed to read from TLS socket: Connection reset by peer (error 104)
W0408 18:33:37.557786 6993 connection.cc:513] client connection to 127.6.54.1:44705 recv error: Network error: failed to read from TLS socket: Connection reset by peer (error 104)
W0408 18:33:37.557796 7197 meta_cache.cc:219] Tablet bb51e69139f14cb2a6834cff70d9e745: Replica ec730ea11e2f448dbd771aa556aea5b7 (127.6.54.1:44705) has failed: Network error: failed to read from TLS socket: Connection reset by peer (error 104)
W0408 18:33:37.557832 7004 connection.cc:513] server connection from 127.6.54.1:60879 recv error: Network error: failed to read from TLS socket: Connection reset by peer (error 104)
W0408 18:33:37.557874 7197 connection.cc:186] Error closing socket: Network error: TlsSocket::Close: Broken pipe
W0408 18:33:37.557940 7005 connection.cc:513] client connection to 127.6.54.1:44705 recv error: Network error: failed to read from TLS socket: Connection reset by peer (error 104)
W0408 18:33:38.555675 7197 batcher.cc:349] Timed out: Failed to write batch of 50 ops to tablet bb51e69139f14cb2a6834cff70d9e745 after 41 attempt(s): Failed to write to server: (no server available): Write(tablet: bb51e69139f14cb2a6834cff70d9e745, num_ops: 50, num_attempts: 41) passed its deadline: Network error: failed to read from TLS socket: Connection reset by peer (error 104)
I0408 18:33:38.589705 6360 external_mini_cluster.cc:809] Running /tmp/dist-test-task3Gp0Ia/build/release/bin/kudu-tserver /tmp/dist-test-task3Gp0Ia/build/release/bin/kudu-tserver --fs_wal_dir=/tmp/dist-test-task3Gp0Ia/test-tmp/ts_recovery-itest.0.BlockManagerType_TsRecoveryITest.TestRestartWithOrphanedReplicates_1.1554748385377146-6360/minicluster-data/ts-0/wal --fs_data_dirs=/tmp/dist-test-task3Gp0Ia/test-tmp/ts_recovery-itest.0.BlockManagerType_TsRecoveryITest.TestRestartWithOrphanedReplicates_1.1554748385377146-6360/minicluster-data/ts-0/data --block_manager=log --rpc_bind_addresses=127.6.54.1:44705 --local_ip_for_outbound_sockets=127.6.54.1 --webserver_port=36397 --webserver_interface=127.6.54.1 --tserver_master_addrs=127.6.54.62:33005 --never_fsync --ipki_server_key_size=1024 --enable_minidumps=false --redact=none --metrics_log_interval_ms=1000 --logtostderr --logbuflevel=-1 --log_dir=/tmp/dist-test-task3Gp0Ia/test-tmp/ts_recovery-itest.0.BlockManagerType_TsRecoveryITest.TestRestartWithOrphanedReplicates_1.1554748385377146-6360/minicluster-data/ts-0/logs --server_dump_info_path=/tmp/dist-test-task3Gp0Ia/test-tmp/ts_recovery-itest.0.BlockManagerType_TsRecoveryITest.TestRestartWithOrphanedReplicates_1.1554748385377146-6360/minicluster-data/ts-0/data/info.pb --server_dump_info_format=pb --rpc_server_allow_ephemeral_ports --unlock_experimental_flags --unlock_unsafe_flags with env {} WARNING: Logging before InitGoogleLogging() is written to STDERR
W0408 18:33:38.622391 7217 flags.cc:412] Enabled unsafe flag: --rpc_server_allow_ephemeral_ports=true
W0408 18:33:38.622546 7217 flags.cc:412] Enabled unsafe flag: --never_fsync=true
W0408 18:33:38.623236 7217 flags.cc:412] Enabled experimental flag: --ipki_server_key_size=1024
W0408 18:33:38.623260 7217 flags.cc:412] Enabled experimental flag: --local_ip_for_outbound_sockets=127.6.54.1
I0408 18:33:38.624209 7217 tablet_server_main.cc:72] Tablet server non-default flags: --fs_data_dirs=/tmp/dist-test-task3Gp0Ia/test-tmp/ts_recovery-itest.0.BlockManagerType_TsRecoveryITest.TestRestartWithOrphanedReplicates_1.1554748385377146-6360/minicluster-data/ts-0/data --fs_wal_dir=/tmp/dist-test-task3Gp0Ia/test-tmp/ts_recovery-itest.0.BlockManagerType_TsRecoveryITest.TestRestartWithOrphanedReplicates_1.1554748385377146-6360/minicluster-data/ts-0/wal --ipki_server_key_size=1024 --rpc_bind_addresses=127.6.54.1:44705 --rpc_server_allow_ephemeral_ports=true --metrics_log_interval_ms=1000 --server_dump_info_format=pb --server_dump_info_path=/tmp/dist-test-task3Gp0Ia/test-tmp/ts_recovery-itest.0.BlockManagerType_TsRecoveryITest.TestRestartWithOrphanedReplicates_1.1554748385377146-6360/minicluster-data/ts-0/data/info.pb --webserver_interface=127.6.54.1 --webserver_port=36397 --tserver_master_addrs=127.6.54.62:33005 --never_fsync=true --heap_profile_path=/tmp/kudu-tserver.7217 --redact=none --unlock_experimental_flags=true --unlock_unsafe_flags=true --enable_minidumps=false --local_ip_for_outbound_sockets=127.6.54.1 --log_dir=/tmp/dist-test-task3Gp0Ia/test-tmp/ts_recovery-itest.0.BlockManagerType_TsRecoveryITest.TestRestartWithOrphanedReplicates_1.1554748385377146-6360/minicluster-data/ts-0/logs --logbuflevel=-1 --logtostderr=true Tablet server version: kudu 1.7.0-cdh5.17.0-SNAPSHOT revision 834a99bd863227e2c59278bd953b80acc7e18e4f build type RELEASE built by jenkins at 08 Apr 2019 11:04:39 PST on quasar-nlvoik-1.vpc.cloudera.com build id 305457
I0408 18:33:38.625182 7217 tablet_server_main.cc:79] Initializing tablet server...
I0408 18:33:38.625421 7217 system_ntp.cc:143] NTP initialized. Skew: 500ppm Current error: 28011us
I0408 18:33:38.625576 7217 fs_manager.cc:260] Metadata directory not provided
I0408 18:33:38.625627 7217 fs_manager.cc:266] Using write-ahead log directory (fs_wal_dir) as metadata directory
I0408 18:33:38.626610 7217 fs_manager.cc:397] Time spent opening directory manager: real 0.000s user 0.001s sys 0.000s
I0408 18:33:38.626821 7217 env_posix.cc:1634] Not raising this process' open files per process limit of 1048576; it is already as high as it can go
I0408 18:33:38.626852 7217 file_cache.cc:470] Constructed file cache lbm with capacity 419430
I0408 18:33:38.627470 7217 fs_manager.cc:417] Time spent opening block manager: real 0.000s user 0.000s sys 0.000s
I0408 18:33:38.627852 7217 fs_manager.cc:428] Opened local filesystem: /tmp/dist-test-task3Gp0Ia/test-tmp/ts_recovery-itest.0.BlockManagerType_TsRecoveryITest.TestRestartWithOrphanedReplicates_1.1554748385377146-6360/minicluster-data/ts-0/data,/tmp/dist-test-task3Gp0Ia/test-tmp/ts_recovery-itest.0.BlockManagerType_TsRecoveryITest.TestRestartWithOrphanedReplicates_1.1554748385377146-6360/minicluster-data/ts-0/wal uuid: "ec730ea11e2f448dbd771aa556aea5b7" format_stamp: "Formatted at 2019-04-08 18:33:37 on dist-test-slave-dist-test-slave-gxv9"
I0408 18:33:38.627902 7217 fs_report.cc:347] Block manager report -------------------- 1 data directories: /tmp/dist-test-task3Gp0Ia/test-tmp/ts_recovery-itest.0.BlockManagerType_TsRecoveryITest.TestRestartWithOrphanedReplicates_1.1554748385377146-6360/minicluster-data/ts-0/data/data Total live blocks: 0 Total live bytes: 0 Total live bytes (after alignment): 0 Total number of LBM containers: 0 (0 full) Did not check for missing blocks Did not check for orphaned blocks Total full LBM containers with extra space: 0 (0 repaired) Total full LBM container extra space in bytes: 0 (0 repaired) Total incomplete LBM containers: 0 (0 repaired) Total LBM partial records: 0 (0 repaired)
I0408 18:33:38.659611 7217 env_posix.cc:1634] Not raising this process' running threads per effective uid limit of 18446744073709551615; it is already as high as it can go
I0408 18:33:38.659837 7217 ts_tablet_manager.cc:287] Loading tablet metadata (0/1 complete)
I0408 18:33:38.659860 7217 ts_tablet_manager.cc:915] T bb51e69139f14cb2a6834cff70d9e745 P ec730ea11e2f448dbd771aa556aea5b7: Loading tablet metadata
I0408 18:33:38.660459 7217 ts_tablet_manager.cc:299] Loaded tablet metadata (1 live tablets)
I0408 18:33:38.660979 7217 ts_tablet_manager.cc:1080] T bb51e69139f14cb2a6834cff70d9e745 P ec730ea11e2f448dbd771aa556aea5b7: Registered tablet (data state: TABLET_DATA_READY)
I0408 18:33:38.661135 7232 ts_tablet_manager.cc:938] T bb51e69139f14cb2a6834cff70d9e745 P ec730ea11e2f448dbd771aa556aea5b7: Bootstrapping tablet
I0408 18:33:38.661147 7217 tablet_server_main.cc:84] Starting tablet server...
I0408 18:33:38.661237 7232 tablet_bootstrap.cc:436] T bb51e69139f14cb2a6834cff70d9e745 P ec730ea11e2f448dbd771aa556aea5b7: Bootstrap starting.
I0408 18:33:38.666826 7217 rpc_server.cc:201] RPC server started. Bound to: 127.6.54.1:44705
I0408 18:33:38.666914 7217 webserver.cc:173] Starting webserver on 127.6.54.1:36397
I0408 18:33:38.666929 7217 webserver.cc:184] Document root disabled
I0408 18:33:38.667136 7217 webserver.cc:311] Webserver started. Bound to: http://127.6.54.1:36397/
I0408 18:33:38.667476 7217 server_base.cc:607] Dumped server information to /tmp/dist-test-task3Gp0Ia/test-tmp/ts_recovery-itest.0.BlockManagerType_TsRecoveryITest.TestRestartWithOrphanedReplicates_1.1554748385377146-6360/minicluster-data/ts-0/data/info.pb
I0408 18:33:38.667773 7217 tablet_server_main.cc:87] Tablet server successfully started.
I0408 18:33:38.667930 7338 process_memory.cc:182] Process hard memory limit is 11.744250 GB
I0408 18:33:38.667958 7338 process_memory.cc:184] Process soft memory limit is 9.395400 GB
I0408 18:33:38.667965 7338 process_memory.cc:187] Process memory pressure threshold is 7.046550 GB
I0408 18:33:38.669518 7232 log.cc:520] T bb51e69139f14cb2a6834cff70d9e745 P ec730ea11e2f448dbd771aa556aea5b7: Log is configured to *not* fsync() on all Append() calls
I0408 18:33:38.672086 7337 heartbeater.cc:346] Connected to a master server at 127.6.54.62:33005
I0408 18:33:38.672135 7337 heartbeater.cc:426] Registering TS with master...
I0408 18:33:38.672233 7337 heartbeater.cc:475] Master 127.6.54.62:33005 requested a full tablet report, sending...
I0408 18:33:38.672637 7232 tablet_bootstrap.cc:436] T bb51e69139f14cb2a6834cff70d9e745 P ec730ea11e2f448dbd771aa556aea5b7: Bootstrap replayed 1/1 log segments. Stats: ops{read=12 overwritten=0 applied=10 ignored=0} inserts{seen=450 ignored=0} mutations{seen=0 ignored=0} orphaned_commits=0. Pending: 2 replicates
I0408 18:33:38.672686 7019 ts_manager.cc:87] Re-registered known tserver with Master: ec730ea11e2f448dbd771aa556aea5b7 (127.6.54.1:44705)
I0408 18:33:38.672929 7232 tablet_bootstrap.cc:436] T bb51e69139f14cb2a6834cff70d9e745 P ec730ea11e2f448dbd771aa556aea5b7: Bootstrap complete.
I0408 18:33:38.672922 6360 external_mini_cluster.cc:871] Started /tmp/dist-test-task3Gp0Ia/build/release/bin/kudu-tserver as pid 7217
I0408 18:33:38.673450 7019 master_service.cc:249] Signed X509 certificate for tserver {username='slave'} at 127.6.54.1:42337
I0408 18:33:38.673949 7232 ts_tablet_manager.cc:955] T bb51e69139f14cb2a6834cff70d9e745 P ec730ea11e2f448dbd771aa556aea5b7: Time spent bootstrapping tablet: real 0.013s user 0.004s sys 0.008s
I0408 18:33:38.674984 7232 raft_consensus.cc:304] T bb51e69139f14cb2a6834cff70d9e745 P ec730ea11e2f448dbd771aa556aea5b7 [term 1 FOLLOWER]: Replica starting. Triggering 2 pending transactions. Active config: opid_index: -1 OBSOLETE_local: true peers { permanent_uuid: "ec730ea11e2f448dbd771aa556aea5b7" member_type: VOTER last_known_addr { host: "127.6.54.1" port: 44705 } }
I0408 18:33:38.675549 7232 raft_consensus.cc:605] T bb51e69139f14cb2a6834cff70d9e745 P ec730ea11e2f448dbd771aa556aea5b7 [term 1 FOLLOWER]: Becoming Follower/Learner. State: Replica: ec730ea11e2f448dbd771aa556aea5b7, State: Initialized, Role: FOLLOWER
I0408 18:33:38.675698 7232 consensus_queue.cc:226] T bb51e69139f14cb2a6834cff70d9e745 P ec730ea11e2f448dbd771aa556aea5b7 [NON_LEADER]: Queue going to NON_LEADER mode. State: All replicated index: 0, Majority replicated index: 0, Committed index: 10, Last appended: 1.12, Last appended by leader: 12, Current term: 0, Majority size: -1, State: 0, Mode: NON_LEADER, active raft config: opid_index: -1 OBSOLETE_local: true peers { permanent_uuid: "ec730ea11e2f448dbd771aa556aea5b7" member_type: VOTER last_known_addr { host: "127.6.54.1" port: 44705 } }
I0408 18:33:38.675727 7232 raft_consensus.cc:344] T bb51e69139f14cb2a6834cff70d9e745 P ec730ea11e2f448dbd771aa556aea5b7 [term 1 FOLLOWER]: Only one voter in the Raft config. Triggering election immediately
I0408 18:33:38.675750 7232 raft_consensus.cc:436] T bb51e69139f14cb2a6834cff70d9e745 P ec730ea11e2f448dbd771aa556aea5b7 [term 1 FOLLOWER]: Starting leader election (initial election of a single-replica configuration)
I0408 18:33:38.675770 7232 raft_consensus.cc:2700] T bb51e69139f14cb2a6834cff70d9e745 P ec730ea11e2f448dbd771aa556aea5b7: Snoozing failure detection for 1.926s (starting election)
I0408 18:33:38.675778 7232 raft_consensus.cc:2752] T bb51e69139f14cb2a6834cff70d9e745 P ec730ea11e2f448dbd771aa556aea5b7 [term 1 FOLLOWER]: Advancing to term 2
I0408 18:33:38.676538 7232 raft_consensus.cc:458] T bb51e69139f14cb2a6834cff70d9e745 P ec730ea11e2f448dbd771aa556aea5b7 [term 2 FOLLOWER]: Starting leader election with config: opid_index: -1 OBSOLETE_local: true peers { permanent_uuid: "ec730ea11e2f448dbd771aa556aea5b7" member_type: VOTER last_known_addr { host: "127.6.54.1" port: 44705 } }
I0408 18:33:38.676590 7232 leader_election.cc:258] T bb51e69139f14cb2a6834cff70d9e745 P ec730ea11e2f448dbd771aa556aea5b7 [CANDIDATE]: Term 2 election: Election decided. Result: candidate won.
I0408 18:33:38.676734 7348 raft_consensus.cc:2700] T bb51e69139f14cb2a6834cff70d9e745 P ec730ea11e2f448dbd771aa556aea5b7: Snoozing failure detection for 2.188s (election complete)
I0408 18:33:38.676760 7348 raft_consensus.cc:2507] T bb51e69139f14cb2a6834cff70d9e745 P ec730ea11e2f448dbd771aa556aea5b7 [term 2 FOLLOWER]: Leader election won for term 2
I0408 18:33:38.676822 7232 ts_tablet_manager.cc:983] T bb51e69139f14cb2a6834cff70d9e745 P ec730ea11e2f448dbd771aa556aea5b7: Time spent starting tablet: real 0.003s user 0.003s sys 0.000s
I0408 18:33:38.676829 7348 raft_consensus.cc:572] T bb51e69139f14cb2a6834cff70d9e745 P ec730ea11e2f448dbd771aa556aea5b7 [term 2 LEADER]: Becoming Leader. State: Replica: ec730ea11e2f448dbd771aa556aea5b7, State: Running, Role: LEADER
I0408 18:33:38.677016 7348 consensus_queue.cc:203] T bb51e69139f14cb2a6834cff70d9e745 P ec730ea11e2f448dbd771aa556aea5b7 [LEADER]: Queue going to LEADER mode. State: All replicated index: 0, Majority replicated index: 10, Committed index: 10, Last appended: 1.12, Last appended by leader: 12, Current term: 2, Majority size: 1, State: 0, Mode: LEADER, active raft config: opid_index: -1 OBSOLETE_local: true peers { permanent_uuid: "ec730ea11e2f448dbd771aa556aea5b7" member_type: VOTER last_known_addr { host: "127.6.54.1" port: 44705 } }
I0408 18:33:38.676895 7337 heartbeater.cc:467] Master 127.6.54.62:33005 was elected leader, sending a full tablet report...
I0408 18:33:38.677500 7019 catalog_manager.cc:3595] T bb51e69139f14cb2a6834cff70d9e745 P ec730ea11e2f448dbd771aa556aea5b7 reported cstate change: term changed from 1 to 2. New cstate: current_term: 2 leader_uuid: "ec730ea11e2f448dbd771aa556aea5b7" committed_config { opid_index: -1 OBSOLETE_local: true peers { permanent_uuid: "ec730ea11e2f448dbd771aa556aea5b7" member_type: VOTER last_known_addr { host: "127.6.54.1" port: 44705 } health_report { overall_health: HEALTHY } } }
I0408 18:33:38.682714 6360 external_mini_cluster.cc:1001] Killing /tmp/dist-test-task3Gp0Ia/build/release/bin/kudu-tserver with pid 7217
W0408 18:33:38.686843 7003 connection.cc:513] server connection from 127.6.54.1:42337 recv error: Network error: failed to read from TLS socket: Connection reset by peer (error 104)
I0408 18:33:38.686964 6360 external_mini_cluster.cc:1001] Killing /tmp/dist-test-task3Gp0Ia/build/release/bin/kudu-master with pid 6994
W0408 18:33:38.689580 7190 connection.cc:513] client connection to 127.6.54.62:33005 recv error: Network error: failed to read from TLS socket: Connection reset by peer (error 104)
W0408 18:33:38.689651 6993 connection.cc:513] client connection to 127.6.54.62:33005 recv error: Network error: failed to read from TLS socket: Connection reset by peer (error 104) [ OK ] BlockManagerType/TsRecoveryITest.TestRestartWithOrphanedReplicates/1 (1354 ms) [ RUN ] BlockManagerType/TsRecoveryITest.TestRestartWithPendingCommitFromFailedOp/0
I0408 18:33:38.691941 6360 external_mini_cluster.cc:809] Running /tmp/dist-test-task3Gp0Ia/build/release/bin/kudu-master /tmp/dist-test-task3Gp0Ia/build/release/bin/kudu-master --fs_wal_dir=/tmp/dist-test-task3Gp0Ia/test-tmp/ts_recovery-itest.0.BlockManagerType_TsRecoveryITest.TestRestartWithPendingCommitFromFailedOp_0.1554748385377146-6360/minicluster-data/master-0/wal --fs_data_dirs=/tmp/dist-test-task3Gp0Ia/test-tmp/ts_recovery-itest.0.BlockManagerType_TsRecoveryITest.TestRestartWithPendingCommitFromFailedOp_0.1554748385377146-6360/minicluster-data/master-0/data --block_manager=file --webserver_interface=localhost --ipki_ca_key_size=1024 --tsk_num_rsa_bits=512 --rpc_bind_addresses=127.6.54.62:0 --webserver_interface=127.6.54.62 --webserver_port=0 --never_fsync --ipki_server_key_size=1024 --enable_minidumps=false --redact=none --metrics_log_interval_ms=1000 --logtostderr --logbuflevel=-1 --log_dir=/tmp/dist-test-task3Gp0Ia/test-tmp/ts_recovery-itest.0.BlockManagerType_TsRecoveryITest.TestRestartWithPendingCommitFromFailedOp_0.1554748385377146-6360/minicluster-data/master-0/logs --server_dump_info_path=/tmp/dist-test-task3Gp0Ia/test-tmp/ts_recovery-itest.0.BlockManagerType_TsRecoveryITest.TestRestartWithPendingCommitFromFailedOp_0.1554748385377146-6360/minicluster-data/master-0/data/info.pb --server_dump_info_format=pb --rpc_server_allow_ephemeral_ports --unlock_experimental_flags --unlock_unsafe_flags with env {} WARNING: Logging before InitGoogleLogging() is written to STDERR
W0408 18:33:38.724401 7362 flags.cc:412] Enabled unsafe flag: --rpc_server_allow_ephemeral_ports=true
W0408 18:33:38.724560 7362 flags.cc:412] Enabled unsafe flag: --never_fsync=true
W0408 18:33:38.725302 7362 flags.cc:412] Enabled experimental flag: --ipki_ca_key_size=1024
W0408 18:33:38.725318 7362 flags.cc:412] Enabled experimental flag: --ipki_server_key_size=1024
W0408 18:33:38.725322 7362 flags.cc:412] Enabled experimental flag: --tsk_num_rsa_bits=512
I0408 18:33:38.726378 7362 master_main.cc:66] Master server non-default flags: --block_manager=file --fs_data_dirs=/tmp/dist-test-task3Gp0Ia/test-tmp/ts_recovery-itest.0.BlockManagerType_TsRecoveryITest.TestRestartWithPendingCommitFromFailedOp_0.1554748385377146-6360/minicluster-data/master-0/data --fs_wal_dir=/tmp/dist-test-task3Gp0Ia/test-tmp/ts_recovery-itest.0.BlockManagerType_TsRecoveryITest.TestRestartWithPendingCommitFromFailedOp_0.1554748385377146-6360/minicluster-data/master-0/wal --ipki_ca_key_size=1024 --ipki_server_key_size=1024 --tsk_num_rsa_bits=512 --rpc_bind_addresses=127.6.54.62:0 --rpc_server_allow_ephemeral_ports=true --metrics_log_interval_ms=1000 --server_dump_info_format=pb --server_dump_info_path=/tmp/dist-test-task3Gp0Ia/test-tmp/ts_recovery-itest.0.BlockManagerType_TsRecoveryITest.TestRestartWithPendingCommitFromFailedOp_0.1554748385377146-6360/minicluster-data/master-0/data/info.pb --webserver_interface=127.6.54.62 --webserver_port=0 --never_fsync=true --heap_profile_path=/tmp/kudu-master.7362 --redact=none --unlock_experimental_flags=true --unlock_unsafe_flags=true --enable_minidumps=false --log_dir=/tmp/dist-test-task3Gp0Ia/test-tmp/ts_recovery-itest.0.BlockManagerType_TsRecoveryITest.TestRestartWithPendingCommitFromFailedOp_0.1554748385377146-6360/minicluster-data/master-0/logs --logbuflevel=-1 --logtostderr=true Master server version: kudu 1.7.0-cdh5.17.0-SNAPSHOT revision 834a99bd863227e2c59278bd953b80acc7e18e4f build type RELEASE built by jenkins at 08 Apr 2019 11:04:39 PST on quasar-nlvoik-1.vpc.cloudera.com build id 305457
I0408 18:33:38.727303 7362 master_main.cc:73] Initializing master server...
I0408 18:33:38.727506 7362 system_ntp.cc:143] NTP initialized. Skew: 500ppm Current error: 28011us
I0408 18:33:38.727689 7362 fs_manager.cc:260] Metadata directory not provided
I0408 18:33:38.727708 7362 fs_manager.cc:266] Using write-ahead log directory (fs_wal_dir) as metadata directory
I0408 18:33:38.727766 7362 server_base.cc:434] Could not load existing FS layout: Not found: /tmp/dist-test-task3Gp0Ia/test-tmp/ts_recovery-itest.0.BlockManagerType_TsRecoveryITest.TestRestartWithPendingCommitFromFailedOp_0.1554748385377146-6360/minicluster-data/master-0/data/instance: No such file or directory (error 2)
I0408 18:33:38.727774 7362 server_base.cc:435] Attempting to create new FS layout instead
I0408 18:33:38.729030 7362 fs_manager.cc:595] Generated new instance metadata in path /tmp/dist-test-task3Gp0Ia/test-tmp/ts_recovery-itest.0.BlockManagerType_TsRecoveryITest.TestRestartWithPendingCommitFromFailedOp_0.1554748385377146-6360/minicluster-data/master-0/data/instance: uuid: "4eb040d232ce43d6a59499f86ee8f7a9" format_stamp: "Formatted at 2019-04-08 18:33:38 on dist-test-slave-dist-test-slave-gxv9"
I0408 18:33:38.729189 7362 fs_manager.cc:595] Generated new instance metadata in path /tmp/dist-test-task3Gp0Ia/test-tmp/ts_recovery-itest.0.BlockManagerType_TsRecoveryITest.TestRestartWithPendingCommitFromFailedOp_0.1554748385377146-6360/minicluster-data/master-0/wal/instance: uuid: "4eb040d232ce43d6a59499f86ee8f7a9" format_stamp: "Formatted at 2019-04-08 18:33:38 on dist-test-slave-dist-test-slave-gxv9"
I0408 18:33:38.730294 7362 fs_manager.cc:495] Time spent creating directory manager: real 0.001s user 0.002s sys 0.000s
I0408 18:33:38.730502 7362 env_posix.cc:1634] Not raising this process' open files per process limit of 1048576; it is already as high as it can go
I0408 18:33:38.730540 7362 file_cache.cc:470] Constructed file cache fbm with capacity 419430
I0408 18:33:38.730621 7362 fs_manager.cc:417] Time spent opening block manager: real 0.000s user 0.000s sys 0.000s
I0408 18:33:38.730656 7362 fs_manager.cc:428] Opened local filesystem: /tmp/dist-test-task3Gp0Ia/test-tmp/ts_recovery-itest.0.BlockManagerType_TsRecoveryITest.TestRestartWithPendingCommitFromFailedOp_0.1554748385377146-6360/minicluster-data/master-0/data,/tmp/dist-test-task3Gp0Ia/test-tmp/ts_recovery-itest.0.BlockManagerType_TsRecoveryITest.TestRestartWithPendingCommitFromFailedOp_0.1554748385377146-6360/minicluster-data/master-0/wal uuid: "4eb040d232ce43d6a59499f86ee8f7a9" format_stamp: "Formatted at 2019-04-08 18:33:38 on dist-test-slave-dist-test-slave-gxv9"
I0408 18:33:38.730686 7362 fs_report.cc:347] Block manager report -------------------- 1 data directories: /tmp/dist-test-task3Gp0Ia/test-tmp/ts_recovery-itest.0.BlockManagerType_TsRecoveryITest.TestRestartWithPendingCommitFromFailedOp_0.1554748385377146-6360/minicluster-data/master-0/data/data Total live blocks: 0 Total live bytes: 0 Total live bytes (after alignment): 0 Total number of LBM containers: 0 (0 full) Did not check for missing blocks Did not check for orphaned blocks Did not check for full LBM containers with extra space Did not check for incomplete LBM containers Did not check for malformed LBM records Did not check for misaligned LBM blocks Did not check for partial LBM records
I0408 18:33:38.756904 7362 env_posix.cc:1634] Not raising this process' running threads per effective uid limit of 18446744073709551615; it is already as high as it can go
I0408 18:33:38.756975 7362 master_main.cc:76] Starting Master server...
I0408 18:33:38.757138 7377 process_memory.cc:182] Process hard memory limit is 11.744250 GB
I0408 18:33:38.757164 7377 process_memory.cc:184] Process soft memory limit is 9.395400 GB
I0408 18:33:38.757169 7377 process_memory.cc:187] Process memory pressure threshold is 7.046550 GB
I0408 18:33:38.759366 7362 rpc_server.cc:201] RPC server started. Bound to: 127.6.54.62:45097
I0408 18:33:38.759426 7362 webserver.cc:173] Starting webserver on 127.6.54.62:0
I0408 18:33:38.759460 7362 webserver.cc:184] Document root disabled
I0408 18:33:38.759677 7362 webserver.cc:311] Webserver started. Bound to: http://127.6.54.62:40677/
I0408 18:33:38.759907 7362 server_base.cc:607] Dumped server information to /tmp/dist-test-task3Gp0Ia/test-tmp/ts_recovery-itest.0.BlockManagerType_TsRecoveryITest.TestRestartWithPendingCommitFromFailedOp_0.1554748385377146-6360/minicluster-data/master-0/data/info.pb
I0408 18:33:38.760341 7421 data_dirs.cc:931] Could only allocate 1 dirs of requested 3 for tablet 00000000000000000000000000000000. 1 dirs total, 0 dirs full, 0 dirs failed
I0408 18:33:38.762452 7421 tablet_bootstrap.cc:436] T 00000000000000000000000000000000 P 4eb040d232ce43d6a59499f86ee8f7a9: Bootstrap starting.
I0408 18:33:38.762908 7421 tablet_bootstrap.cc:581] T 00000000000000000000000000000000 P 4eb040d232ce43d6a59499f86ee8f7a9: No blocks or log segments found. Creating new log.
I0408 18:33:38.763168 7421 log.cc:520] T 00000000000000000000000000000000 P 4eb040d232ce43d6a59499f86ee8f7a9: Log is configured to *not* fsync() on all Append() calls
I0408 18:33:38.763566 7421 tablet_bootstrap.cc:436] T 00000000000000000000000000000000 P 4eb040d232ce43d6a59499f86ee8f7a9: No bootstrap required, opened a new log
I0408 18:33:38.764608 6360 external_mini_cluster.cc:871] Started /tmp/dist-test-task3Gp0Ia/build/release/bin/kudu-master as pid 7362
I0408 18:33:38.764734 7421 raft_consensus.cc:304] T 00000000000000000000000000000000 P 4eb040d232ce43d6a59499f86ee8f7a9 [term 0 FOLLOWER]: Replica starting. Triggering 0 pending transactions. Active config: opid_index: -1 OBSOLETE_local: true peers { permanent_uuid: "4eb040d232ce43d6a59499f86ee8f7a9" member_type: VOTER }
I0408 18:33:38.764771 7421 raft_consensus.cc:330] T 00000000000000000000000000000000 P 4eb040d232ce43d6a59499f86ee8f7a9 [term 0 FOLLOWER]: Consensus starting up: Expiring failure detector timer to make a prompt election more likely
I0408 18:33:38.764784 7421 raft_consensus.cc:605] T 00000000000000000000000000000000 P 4eb040d232ce43d6a59499f86ee8f7a9 [term 0 FOLLOWER]: Becoming Follower/Learner. State: Replica: 4eb040d232ce43d6a59499f86ee8f7a9, State: Initialized, Role: FOLLOWER
I0408 18:33:38.764869 6360 external_mini_cluster.cc:809] Running /tmp/dist-test-task3Gp0Ia/build/release/bin/kudu-tserver /tmp/dist-test-task3Gp0Ia/build/release/bin/kudu-tserver --fs_wal_dir=/tmp/dist-test-task3Gp0Ia/test-tmp/ts_recovery-itest.0.BlockManagerType_TsRecoveryITest.TestRestartWithPendingCommitFromFailedOp_0.1554748385377146-6360/minicluster-data/ts-0/wal --fs_data_dirs=/tmp/dist-test-task3Gp0Ia/test-tmp/ts_recovery-itest.0.BlockManagerType_TsRecoveryITest.TestRestartWithPendingCommitFromFailedOp_0.1554748385377146-6360/minicluster-data/ts-0/data --block_manager=file --rpc_bind_addresses=127.6.54.1:0 --local_ip_for_outbound_sockets=127.6.54.1 --webserver_interface=127.6.54.1 --webserver_port=0 --tserver_master_addrs=127.6.54.62:45097 --never_fsync --ipki_server_key_size=1024 --enable_minidumps=false --redact=none --metrics_log_interval_ms=1000 --logtostderr --logbuflevel=-1 --log_dir=/tmp/dist-test-task3Gp0Ia/test-tmp/ts_recovery-itest.0.BlockManagerType_TsRecoveryITest.TestRestartWithPendingCommitFromFailedOp_0.1554748385377146-6360/minicluster-data/ts-0/logs --server_dump_info_path=/tmp/dist-test-task3Gp0Ia/test-tmp/ts_recovery-itest.0.BlockManagerType_TsRecoveryITest.TestRestartWithPendingCommitFromFailedOp_0.1554748385377146-6360/minicluster-data/ts-0/data/info.pb --server_dump_info_format=pb --rpc_server_allow_ephemeral_ports --unlock_experimental_flags --unlock_unsafe_flags with env {}
I0408 18:33:38.764895 7421 consensus_queue.cc:226] T 00000000000000000000000000000000 P 4eb040d232ce43d6a59499f86ee8f7a9 [NON_LEADER]: Queue going to NON_LEADER mode. State: All replicated index: 0, Majority replicated index: 0, Committed index: 0, Last appended: 0.0, Last appended by leader: 0, Current term: 0, Majority size: -1, State: 0, Mode: NON_LEADER, active raft config: opid_index: -1 OBSOLETE_local: true peers { permanent_uuid: "4eb040d232ce43d6a59499f86ee8f7a9" member_type: VOTER }
I0408 18:33:38.764914 7421 raft_consensus.cc:344] T 00000000000000000000000000000000 P 4eb040d232ce43d6a59499f86ee8f7a9 [term 0 FOLLOWER]: Only one voter in the Raft config. Triggering election immediately
I0408 18:33:38.764927 7421 raft_consensus.cc:436] T 00000000000000000000000000000000 P 4eb040d232ce43d6a59499f86ee8f7a9 [term 0 FOLLOWER]: Starting leader election (initial election of a single-replica configuration)
I0408 18:33:38.764953 7421 raft_consensus.cc:2700] T 00000000000000000000000000000000 P 4eb040d232ce43d6a59499f86ee8f7a9: Snoozing failure detection for 2.134s (starting election)
I0408 18:33:38.764963 7421 raft_consensus.cc:2752] T 00000000000000000000000000000000 P 4eb040d232ce43d6a59499f86ee8f7a9 [term 0 FOLLOWER]: Advancing to term 1
I0408 18:33:38.765367 7421 raft_consensus.cc:458] T 00000000000000000000000000000000 P 4eb040d232ce43d6a59499f86ee8f7a9 [term 1 FOLLOWER]: Starting leader election with config: opid_index: -1 OBSOLETE_local: true peers { permanent_uuid: "4eb040d232ce43d6a59499f86ee8f7a9" member_type: VOTER }
I0408 18:33:38.765429 7421 leader_election.cc:258] T 00000000000000000000000000000000 P 4eb040d232ce43d6a59499f86ee8f7a9 [CANDIDATE]: Term 1 election: Election decided. Result: candidate won.
I0408 18:33:38.765589 7423 raft_consensus.cc:2700] T 00000000000000000000000000000000 P 4eb040d232ce43d6a59499f86ee8f7a9: Snoozing failure detection for 1.822s (election complete)
I0408 18:33:38.765615 7423 raft_consensus.cc:2507] T 00000000000000000000000000000000 P 4eb040d232ce43d6a59499f86ee8f7a9 [term 1 FOLLOWER]: Leader election won for term 1
I0408 18:33:38.765691 7423 raft_consensus.cc:572] T 00000000000000000000000000000000 P 4eb040d232ce43d6a59499f86ee8f7a9 [term 1 LEADER]: Becoming Leader. State: Replica: 4eb040d232ce43d6a59499f86ee8f7a9, State: Running, Role: LEADER
I0408 18:33:38.766448 7423 consensus_queue.cc:203] T 00000000000000000000000000000000 P 4eb040d232ce43d6a59499f86ee8f7a9 [LEADER]: Queue going to LEADER mode. State: All replicated index: 0, Majority replicated index: 0, Committed index: 0, Last appended: 0.0, Last appended by leader: 0, Current term: 1, Majority size: 1, State: 0, Mode: LEADER, active raft config: opid_index: -1 OBSOLETE_local: true peers { permanent_uuid: "4eb040d232ce43d6a59499f86ee8f7a9" member_type: VOTER }
I0408 18:33:38.766789 7425 sys_catalog.cc:335] T 00000000000000000000000000000000 P 4eb040d232ce43d6a59499f86ee8f7a9 [sys.catalog]: SysCatalogTable state changed. Reason: New leader 4eb040d232ce43d6a59499f86ee8f7a9. Latest consensus state: current_term: 1 leader_uuid: "4eb040d232ce43d6a59499f86ee8f7a9" committed_config { opid_index: -1 OBSOLETE_local: true peers { permanent_uuid: "4eb040d232ce43d6a59499f86ee8f7a9" member_type: VOTER } }
I0408 18:33:38.766878 7425 sys_catalog.cc:338] T 00000000000000000000000000000000 P 4eb040d232ce43d6a59499f86ee8f7a9 [sys.catalog]: This master's current role is: LEADER
I0408 18:33:38.767032 7421 sys_catalog.cc:335] T 00000000000000000000000000000000 P 4eb040d232ce43d6a59499f86ee8f7a9 [sys.catalog]: SysCatalogTable state changed. Reason: Started TabletReplica. Latest consensus state: current_term: 1 leader_uuid: "4eb040d232ce43d6a59499f86ee8f7a9" committed_config { opid_index: -1 OBSOLETE_local: true peers { permanent_uuid: "4eb040d232ce43d6a59499f86ee8f7a9" member_type: VOTER } }
I0408 18:33:38.767112 7421 sys_catalog.cc:338] T 00000000000000000000000000000000 P 4eb040d232ce43d6a59499f86ee8f7a9 [sys.catalog]: This master's current role is: LEADER
I0408 18:33:38.767124 7424 sys_catalog.cc:335] T 00000000000000000000000000000000 P 4eb040d232ce43d6a59499f86ee8f7a9 [sys.catalog]: SysCatalogTable state changed. Reason: RaftConsensus started. Latest consensus state: current_term: 1 leader_uuid: "4eb040d232ce43d6a59499f86ee8f7a9" committed_config { opid_index: -1 OBSOLETE_local: true peers { permanent_uuid: "4eb040d232ce43d6a59499f86ee8f7a9" member_type: VOTER } }
I0408 18:33:38.767179 7424 sys_catalog.cc:338] T 00000000000000000000000000000000 P 4eb040d232ce43d6a59499f86ee8f7a9 [sys.catalog]: This master's current role is: LEADER
I0408 18:33:38.767285 7421 sys_catalog.cc:422] T 00000000000000000000000000000000 P 4eb040d232ce43d6a59499f86ee8f7a9 [sys.catalog]: configured and running, proceeding with master startup.
I0408 18:33:38.767505 7362 master_main.cc:79] Master server successfully started.
W0408 18:33:38.767727 7429 catalog_manager.cc:1018] T 00000000000000000000000000000000 P 4eb040d232ce43d6a59499f86ee8f7a9: acquiring CA information for follower catalog manager: Not found: root CA entry not found
W0408 18:33:38.767752 7429 catalog_manager.cc:560] Not found: root CA entry not found: failed to prepare follower catalog manager, will retry
I0408 18:33:38.767803 7428 catalog_manager.cc:972] Loading table and tablet metadata into memory...
I0408 18:33:38.767930 7428 catalog_manager.cc:983] Initializing Kudu internal certificate authority...
I0408 18:33:38.785434 7428 catalog_manager.cc:870] Generated new certificate authority record
I0408 18:33:38.786033 7428 catalog_manager.cc:992] Loading token signing keys...
I0408 18:33:38.789832 7428 catalog_manager.cc:3871] T 00000000000000000000000000000000 P 4eb040d232ce43d6a59499f86ee8f7a9: Generated new TSK 0 WARNING: Logging before InitGoogleLogging() is written to STDERR
W0408 18:33:38.812553 7426 flags.cc:412] Enabled unsafe flag: --rpc_server_allow_ephemeral_ports=true
W0408 18:33:38.812757 7426 flags.cc:412] Enabled unsafe flag: --never_fsync=true
W0408 18:33:38.813771 7426 flags.cc:412] Enabled experimental flag: --ipki_server_key_size=1024
W0408 18:33:38.813807 7426 flags.cc:412] Enabled experimental flag: --local_ip_for_outbound_sockets=127.6.54.1
I0408 18:33:38.815243 7426 tablet_server_main.cc:72] Tablet server non-default flags: --block_manager=file --fs_data_dirs=/tmp/dist-test-task3Gp0Ia/test-tmp/ts_recovery-itest.0.BlockManagerType_TsRecoveryITest.TestRestartWithPendingCommitFromFailedOp_0.1554748385377146-6360/minicluster-data/ts-0/data --fs_wal_dir=/tmp/dist-test-task3Gp0Ia/test-tmp/ts_recovery-itest.0.BlockManagerType_TsRecoveryITest.TestRestartWithPendingCommitFromFailedOp_0.1554748385377146-6360/minicluster-data/ts-0/wal --ipki_server_key_size=1024 --rpc_bind_addresses=127.6.54.1:0 --rpc_server_allow_ephemeral_ports=true --metrics_log_interval_ms=1000 --server_dump_info_format=pb --server_dump_info_path=/tmp/dist-test-task3Gp0Ia/test-tmp/ts_recovery-itest.0.BlockManagerType_TsRecoveryITest.TestRestartWithPendingCommitFromFailedOp_0.1554748385377146-6360/minicluster-data/ts-0/data/info.pb --webserver_interface=127.6.54.1 --webserver_port=0 --tserver_master_addrs=127.6.54.62:45097 --never_fsync=true --heap_profile_path=/tmp/kudu-tserver.7426 --redact=none --unlock_experimental_flags=true --unlock_unsafe_flags=true --enable_minidumps=false --local_ip_for_outbound_sockets=127.6.54.1 --log_dir=/tmp/dist-test-task3Gp0Ia/test-tmp/ts_recovery-itest.0.BlockManagerType_TsRecoveryITest.TestRestartWithPendingCommitFromFailedOp_0.1554748385377146-6360/minicluster-data/ts-0/logs --logbuflevel=-1 --logtostderr=true Tablet server version: kudu 1.7.0-cdh5.17.0-SNAPSHOT revision 834a99bd863227e2c59278bd953b80acc7e18e4f build type RELEASE built by jenkins at 08 Apr 2019 11:04:39 PST on quasar-nlvoik-1.vpc.cloudera.com build id 305457
I0408 18:33:38.816680 7426 tablet_server_main.cc:79] Initializing tablet server...
I0408 18:33:38.816998 7426 system_ntp.cc:143] NTP initialized. Skew: 500ppm Current error: 28011us
I0408 18:33:38.817193 7426 fs_manager.cc:260] Metadata directory not provided
I0408 18:33:38.817242 7426 fs_manager.cc:266] Using write-ahead log directory (fs_wal_dir) as metadata directory
I0408 18:33:38.817384 7426 server_base.cc:434] Could not load existing FS layout: Not found: /tmp/dist-test-task3Gp0Ia/test-tmp/ts_recovery-itest.0.BlockManagerType_TsRecoveryITest.TestRestartWithPendingCommitFromFailedOp_0.1554748385377146-6360/minicluster-data/ts-0/data/instance: No such file or directory (error 2)
I0408 18:33:38.817415 7426 server_base.cc:435] Attempting to create new FS layout instead
I0408 18:33:38.819566 7426 fs_manager.cc:595] Generated new instance metadata in path /tmp/dist-test-task3Gp0Ia/test-tmp/ts_recovery-itest.0.BlockManagerType_TsRecoveryITest.TestRestartWithPendingCommitFromFailedOp_0.1554748385377146-6360/minicluster-data/ts-0/data/instance: uuid: "cbd3ec9db28e48b78d32958ae4f09054" format_stamp: "Formatted at 2019-04-08 18:33:38 on dist-test-slave-dist-test-slave-gxv9"
I0408 18:33:38.821300 7426 fs_manager.cc:595] Generated new instance metadata in path /tmp/dist-test-task3Gp0Ia/test-tmp/ts_recovery-itest.0.BlockManagerType_TsRecoveryITest.TestRestartWithPendingCommitFromFailedOp_0.1554748385377146-6360/minicluster-data/ts-0/wal/instance: uuid: "cbd3ec9db28e48b78d32958ae4f09054" format_stamp: "Formatted at 2019-04-08 18:33:38 on dist-test-slave-dist-test-slave-gxv9"
I0408 18:33:38.822948 7426 fs_manager.cc:495] Time spent creating directory manager: real 0.001s user 0.002s sys 0.000s
I0408 18:33:38.823283 7426 env_posix.cc:1634] Not raising this process' open files per process limit of 1048576; it is already as high as it can go
I0408 18:33:38.823319 7426 file_cache.cc:470] Constructed file cache fbm with capacity 419430
I0408 18:33:38.823427 7426 fs_manager.cc:417] Time spent opening block manager: real 0.000s user 0.000s sys 0.000s
I0408 18:33:38.823467 7426 fs_manager.cc:428] Opened local filesystem: /tmp/dist-test-task3Gp0Ia/test-tmp/ts_recovery-itest.0.BlockManagerType_TsRecoveryITest.TestRestartWithPendingCommitFromFailedOp_0.1554748385377146-6360/minicluster-data/ts-0/data,/tmp/dist-test-task3Gp0Ia/test-tmp/ts_recovery-itest.0.BlockManagerType_TsRecoveryITest.TestRestartWithPendingCommitFromFailedOp_0.1554748385377146-6360/minicluster-data/ts-0/wal uuid: "cbd3ec9db28e48b78d32958ae4f09054" format_stamp: "Formatted at 2019-04-08 18:33:38 on dist-test-slave-dist-test-slave-gxv9"
I0408 18:33:38.823513 7426 fs_report.cc:347] Block manager report -------------------- 1 data directories: /tmp/dist-test-task3Gp0Ia/test-tmp/ts_recovery-itest.0.BlockManagerType_TsRecoveryITest.TestRestartWithPendingCommitFromFailedOp_0.1554748385377146-6360/minicluster-data/ts-0/data/data Total live blocks: 0 Total live bytes: 0 Total live bytes (after alignment): 0 Total number of LBM containers: 0 (0 full) Did not check for missing blocks Did not check for orphaned blocks Did not check for full LBM containers with extra space Did not check for incomplete LBM containers Did not check for malformed LBM records Did not check for misaligned LBM blocks Did not check for partial LBM records
I0408 18:33:38.896814 7426 env_posix.cc:1634] Not raising this process' running threads per effective uid limit of 18446744073709551615; it is already as high as it can go
I0408 18:33:38.897079 7426 ts_tablet_manager.cc:299] Loaded tablet metadata (0 live tablets)
I0408 18:33:38.897156 7426 tablet_server_main.cc:84] Starting tablet server...
I0408 18:33:38.901614 7426 rpc_server.cc:201] RPC server started. Bound to: 127.6.54.1:43563
I0408 18:33:38.901702 7426 webserver.cc:173] Starting webserver on 127.6.54.1:0
I0408 18:33:38.901720 7426 webserver.cc:184] Document root disabled
I0408 18:33:38.901967 7426 webserver.cc:311] Webserver started. Bound to: http://127.6.54.1:36765/
I0408 18:33:38.902220 7426 server_base.cc:607] Dumped server information to /tmp/dist-test-task3Gp0Ia/test-tmp/ts_recovery-itest.0.BlockManagerType_TsRecoveryITest.TestRestartWithPendingCommitFromFailedOp_0.1554748385377146-6360/minicluster-data/ts-0/data/info.pb
I0408 18:33:38.902613 7426 tablet_server_main.cc:87] Tablet server successfully started.
I0408 18:33:38.902627 7552 process_memory.cc:182] Process hard memory limit is 11.744250 GB
I0408 18:33:38.902639 7552 process_memory.cc:184] Process soft memory limit is 9.395400 GB
I0408 18:33:38.902645 7552 process_memory.cc:187] Process memory pressure threshold is 7.046550 GB
I0408 18:33:38.907292 7551 heartbeater.cc:346] Connected to a master server at 127.6.54.62:45097
I0408 18:33:38.907333 7551 heartbeater.cc:426] Registering TS with master...
I0408 18:33:38.907429 7551 heartbeater.cc:475] Master 127.6.54.62:45097 requested a full tablet report, sending...
I0408 18:33:38.907907 7388 ts_manager.cc:81] Registered new tserver with Master: cbd3ec9db28e48b78d32958ae4f09054 (127.6.54.1:43563)
I0408 18:33:38.908677 7388 master_service.cc:249] Signed X509 certificate for tserver {username='slave'} at 127.6.54.1:40345
I0408 18:33:38.908901 6360 external_mini_cluster.cc:871] Started /tmp/dist-test-task3Gp0Ia/build/release/bin/kudu-tserver as pid 7426
I0408 18:33:38.911554 6360 external_mini_cluster.cc:499] 1 TS(s) registered with all masters
I0408 18:33:38.918043 7548 generic_service.cc:146] {username='slave'} at 127.0.0.1:36112 changed flags via RPC: fault_crash_before_append_commit from '0' to '0.01'
I0408 18:33:38.918298 6360 test_util.cc:200] Using random seed: 322537369
I0408 18:33:38.922868 7388 catalog_manager.cc:1294] Servicing CreateTable request from {username='slave'} at 127.0.0.1:47108: name: "test-workload" schema { columns { name: "key" type: INT32 is_key: true is_nullable: false encoding: AUTO_ENCODING compression: DEFAULT_COMPRESSION cfile_block_size: 0 } columns { name: "int_val" type: INT32 is_key: false is_nullable: false encoding: AUTO_ENCODING compression: DEFAULT_COMPRESSION cfile_block_size: 0 } columns { name: "string_val" type: STRING is_key: false is_nullable: true encoding: AUTO_ENCODING compression: DEFAULT_COMPRESSION cfile_block_size: 0 } } num_replicas: 1 split_rows_range_bounds { } partition_schema { range_schema { columns { name: "key" } } }
I0408 18:33:38.927207 7488 tablet_service.cc:758] Processing CreateTablet for tablet eed5de6e1d21458e89aaad2d796a4b97 (table=test-workload [id=19decff4bd8a40168aa1135e569fee2b]), partition=RANGE (key) PARTITION UNBOUNDED
I0408 18:33:38.927378 7488 data_dirs.cc:931] Could only allocate 1 dirs of requested 3 for tablet eed5de6e1d21458e89aaad2d796a4b97. 1 dirs total, 0 dirs full, 0 dirs failed
I0408 18:33:38.929352 7488 ts_tablet_manager.cc:1080] T eed5de6e1d21458e89aaad2d796a4b97 P cbd3ec9db28e48b78d32958ae4f09054: Registered tablet (data state: TABLET_DATA_READY)
