W0408 18:33:51.099648 11568 catalog_manager.cc:1450] The number of live tablet servers is not enough to re-replicate a tablet replica of the newly created table test-workload in case of a replica failure: 4 tablet servers are needed, 3 are alive. Consider bringing up additional tablet server(s) or running both the masters and all tablet servers with --raft_prepare_replacement_before_eviction=false flag (not recommended).
I0408 18:33:51.104348 11673 tablet_service.cc:758] Processing CreateTablet for tablet dd1b98d584d5486294a0219bf1a80f1b (table=test-workload [id=64c520a98bcc4727b52b47ab1b98e5a5]), partition=RANGE (key) PARTITION UNBOUNDED
I0408 18:33:51.104540 11673 data_dirs.cc:931] Could only allocate 1 dirs of requested 3 for tablet dd1b98d584d5486294a0219bf1a80f1b. 1 dirs total, 0 dirs full, 0 dirs failed
I0408 18:33:51.105432 11925 tablet_service.cc:758] Processing CreateTablet for tablet dd1b98d584d5486294a0219bf1a80f1b (table=test-workload [id=64c520a98bcc4727b52b47ab1b98e5a5]), partition=RANGE (key) PARTITION UNBOUNDED
I0408 18:33:51.105595 11925 data_dirs.cc:931] Could only allocate 1 dirs of requested 3 for tablet dd1b98d584d5486294a0219bf1a80f1b. 1 dirs total, 0 dirs full, 0 dirs failed
I0408 18:33:51.105609 11801 tablet_service.cc:758] Processing CreateTablet for tablet dd1b98d584d5486294a0219bf1a80f1b (table=test-workload [id=64c520a98bcc4727b52b47ab1b98e5a5]), partition=RANGE (key) PARTITION UNBOUNDED
I0408 18:33:51.105736 11801 data_dirs.cc:931] Could only allocate 1 dirs of requested 3 for tablet dd1b98d584d5486294a0219bf1a80f1b. 1 dirs total, 0 dirs full, 0 dirs failed
I0408 18:33:51.106446 11673 ts_tablet_manager.cc:1080] T dd1b98d584d5486294a0219bf1a80f1b P 3502ea6d66a64ab2b1aaed18d282ebec: Registered tablet (data state: TABLET_DATA_READY)
I0408 18:33:51.107947 11925 ts_tablet_manager.cc:1080] T dd1b98d584d5486294a0219bf1a80f1b P 87aa5becfacc4cf39bdcb08f191990b8: Registered tablet (data state: TABLET_DATA_READY)
I0408 18:33:51.108027 11801 ts_tablet_manager.cc:1080] T dd1b98d584d5486294a0219bf1a80f1b P 6c9d88f121474dd99a68c2b254085723: Registered tablet (data state: TABLET_DATA_READY)
I0408 18:33:51.108186 12008 ts_tablet_manager.cc:938] T dd1b98d584d5486294a0219bf1a80f1b P 3502ea6d66a64ab2b1aaed18d282ebec: Bootstrapping tablet
I0408 18:33:51.108271 12008 tablet_bootstrap.cc:436] T dd1b98d584d5486294a0219bf1a80f1b P 3502ea6d66a64ab2b1aaed18d282ebec: Bootstrap starting.
I0408 18:33:51.108686 12008 tablet_bootstrap.cc:581] T dd1b98d584d5486294a0219bf1a80f1b P 3502ea6d66a64ab2b1aaed18d282ebec: No blocks or log segments found. Creating new log.
I0408 18:33:51.108897 12008 log.cc:520] T dd1b98d584d5486294a0219bf1a80f1b P 3502ea6d66a64ab2b1aaed18d282ebec: Log is configured to *not* fsync() on all Append() calls
I0408 18:33:51.109019 12009 ts_tablet_manager.cc:938] T dd1b98d584d5486294a0219bf1a80f1b P 87aa5becfacc4cf39bdcb08f191990b8: Bootstrapping tablet
I0408 18:33:51.109069 12009 tablet_bootstrap.cc:436] T dd1b98d584d5486294a0219bf1a80f1b P 87aa5becfacc4cf39bdcb08f191990b8: Bootstrap starting.
I0408 18:33:51.109364 12008 tablet_bootstrap.cc:436] T dd1b98d584d5486294a0219bf1a80f1b P 3502ea6d66a64ab2b1aaed18d282ebec: No bootstrap required, opened a new log
I0408 18:33:51.109400 12009 tablet_bootstrap.cc:581] T dd1b98d584d5486294a0219bf1a80f1b P 87aa5becfacc4cf39bdcb08f191990b8: No blocks or log segments found. Creating new log.
I0408 18:33:51.109413 12008 ts_tablet_manager.cc:955] T dd1b98d584d5486294a0219bf1a80f1b P 3502ea6d66a64ab2b1aaed18d282ebec: Time spent bootstrapping tablet: real 0.001s user 0.001s sys 0.000s
I0408 18:33:51.109617 12009 log.cc:520] T dd1b98d584d5486294a0219bf1a80f1b P 87aa5becfacc4cf39bdcb08f191990b8: Log is configured to *not* fsync() on all Append() calls
I0408 18:33:51.109755 12010 ts_tablet_manager.cc:938] T dd1b98d584d5486294a0219bf1a80f1b P 6c9d88f121474dd99a68c2b254085723: Bootstrapping tablet
I0408 18:33:51.109856 12010 tablet_bootstrap.cc:436] T dd1b98d584d5486294a0219bf1a80f1b P 6c9d88f121474dd99a68c2b254085723: Bootstrap starting.
I0408 18:33:51.110036 12009 tablet_bootstrap.cc:436] T dd1b98d584d5486294a0219bf1a80f1b P 87aa5becfacc4cf39bdcb08f191990b8: No bootstrap required, opened a new log
I0408 18:33:51.110139 12009 ts_tablet_manager.cc:955] T dd1b98d584d5486294a0219bf1a80f1b P 87aa5becfacc4cf39bdcb08f191990b8: Time spent bootstrapping tablet: real 0.001s user 0.001s sys 0.000s
I0408 18:33:51.110278 12010 tablet_bootstrap.cc:581] T dd1b98d584d5486294a0219bf1a80f1b P 6c9d88f121474dd99a68c2b254085723: No blocks or log segments found. Creating new log.
I0408 18:33:51.110500 12010 log.cc:520] T dd1b98d584d5486294a0219bf1a80f1b P 6c9d88f121474dd99a68c2b254085723: Log is configured to *not* fsync() on all Append() calls
I0408 18:33:51.110906 12008 raft_consensus.cc:304] T dd1b98d584d5486294a0219bf1a80f1b P 3502ea6d66a64ab2b1aaed18d282ebec [term 0 FOLLOWER]: Replica starting. Triggering 0 pending transactions. Active config: opid_index: -1 OBSOLETE_local: false peers { permanent_uuid: "3502ea6d66a64ab2b1aaed18d282ebec" member_type: VOTER last_known_addr { host: "127.6.54.1" port: 43137 } } peers { permanent_uuid: "87aa5becfacc4cf39bdcb08f191990b8" member_type: VOTER last_known_addr { host: "127.6.54.3" port: 44449 } } peers { permanent_uuid: "6c9d88f121474dd99a68c2b254085723" member_type: VOTER last_known_addr { host: "127.6.54.2" port: 34299 } }
I0408 18:33:51.110957 12008 raft_consensus.cc:330] T dd1b98d584d5486294a0219bf1a80f1b P 3502ea6d66a64ab2b1aaed18d282ebec [term 0 FOLLOWER]: Consensus starting up: Expiring failure detector timer to make a prompt election more likely
I0408 18:33:51.110980 12008 raft_consensus.cc:605] T dd1b98d584d5486294a0219bf1a80f1b P 3502ea6d66a64ab2b1aaed18d282ebec [term 0 FOLLOWER]: Becoming Follower/Learner. State: Replica: 3502ea6d66a64ab2b1aaed18d282ebec, State: Initialized, Role: FOLLOWER
I0408 18:33:51.111111 12008 consensus_queue.cc:226] T dd1b98d584d5486294a0219bf1a80f1b P 3502ea6d66a64ab2b1aaed18d282ebec [NON_LEADER]: Queue going to NON_LEADER mode. State: All replicated index: 0, Majority replicated index: 0, Committed index: 0, Last appended: 0.0, Last appended by leader: 0, Current term: 0, Majority size: -1, State: 0, Mode: NON_LEADER, active raft config: opid_index: -1 OBSOLETE_local: false peers { permanent_uuid: "3502ea6d66a64ab2b1aaed18d282ebec" member_type: VOTER last_known_addr { host: "127.6.54.1" port: 43137 } } peers { permanent_uuid: "87aa5becfacc4cf39bdcb08f191990b8" member_type: VOTER last_known_addr { host: "127.6.54.3" port: 44449 } } peers { permanent_uuid: "6c9d88f121474dd99a68c2b254085723" member_type: VOTER last_known_addr { host: "127.6.54.2" port: 34299 } }
I0408 18:33:51.111310 11739 heartbeater.cc:467] Master 127.6.54.62:46549 was elected leader, sending a full tablet report...
I0408 18:33:51.111336 12008 ts_tablet_manager.cc:983] T dd1b98d584d5486294a0219bf1a80f1b P 3502ea6d66a64ab2b1aaed18d282ebec: Time spent starting tablet: real 0.002s user 0.002s sys 0.000s
I0408 18:33:51.111594 12010 tablet_bootstrap.cc:436] T dd1b98d584d5486294a0219bf1a80f1b P 6c9d88f121474dd99a68c2b254085723: No bootstrap required, opened a new log
I0408 18:33:51.111649 12010 ts_tablet_manager.cc:955] T dd1b98d584d5486294a0219bf1a80f1b P 6c9d88f121474dd99a68c2b254085723: Time spent bootstrapping tablet: real 0.002s user 0.001s sys 0.000s
I0408 18:33:51.111778 12009 raft_consensus.cc:304] T dd1b98d584d5486294a0219bf1a80f1b P 87aa5becfacc4cf39bdcb08f191990b8 [term 0 FOLLOWER]: Replica starting. Triggering 0 pending transactions. Active config: opid_index: -1 OBSOLETE_local: false peers { permanent_uuid: "3502ea6d66a64ab2b1aaed18d282ebec" member_type: VOTER last_known_addr { host: "127.6.54.1" port: 43137 } } peers { permanent_uuid: "87aa5becfacc4cf39bdcb08f191990b8" member_type: VOTER last_known_addr { host: "127.6.54.3" port: 44449 } } peers { permanent_uuid: "6c9d88f121474dd99a68c2b254085723" member_type: VOTER last_known_addr { host: "127.6.54.2" port: 34299 } }
I0408 18:33:51.111815 12009 raft_consensus.cc:330] T dd1b98d584d5486294a0219bf1a80f1b P 87aa5becfacc4cf39bdcb08f191990b8 [term 0 FOLLOWER]: Consensus starting up: Expiring failure detector timer to make a prompt election more likely
I0408 18:33:51.111835 12009 raft_consensus.cc:605] T dd1b98d584d5486294a0219bf1a80f1b P 87aa5becfacc4cf39bdcb08f191990b8 [term 0 FOLLOWER]: Becoming Follower/Learner. State: Replica: 87aa5becfacc4cf39bdcb08f191990b8, State: Initialized, Role: FOLLOWER
I0408 18:33:51.111966 12009 consensus_queue.cc:226] T dd1b98d584d5486294a0219bf1a80f1b P 87aa5becfacc4cf39bdcb08f191990b8 [NON_LEADER]: Queue going to NON_LEADER mode. State: All replicated index: 0, Majority replicated index: 0, Committed index: 0, Last appended: 0.0, Last appended by leader: 0, Current term: 0, Majority size: -1, State: 0, Mode: NON_LEADER, active raft config: opid_index: -1 OBSOLETE_local: false peers { permanent_uuid: "3502ea6d66a64ab2b1aaed18d282ebec" member_type: VOTER last_known_addr { host: "127.6.54.1" port: 43137 } } peers { permanent_uuid: "87aa5becfacc4cf39bdcb08f191990b8" member_type: VOTER last_known_addr { host: "127.6.54.3" port: 44449 } } peers { permanent_uuid: "6c9d88f121474dd99a68c2b254085723" member_type: VOTER last_known_addr { host: "127.6.54.2" port: 34299 } }
I0408 18:33:51.112118 12009 ts_tablet_manager.cc:983] T dd1b98d584d5486294a0219bf1a80f1b P 87aa5becfacc4cf39bdcb08f191990b8: Time spent starting tablet: real 0.002s user 0.002s sys 0.000s
I0408 18:33:51.112124 11988 heartbeater.cc:467] Master 127.6.54.62:46549 was elected leader, sending a full tablet report...
I0408 18:33:51.113003 12010 raft_consensus.cc:304] T dd1b98d584d5486294a0219bf1a80f1b P 6c9d88f121474dd99a68c2b254085723 [term 0 FOLLOWER]: Replica starting. Triggering 0 pending transactions. Active config: opid_index: -1 OBSOLETE_local: false peers { permanent_uuid: "3502ea6d66a64ab2b1aaed18d282ebec" member_type: VOTER last_known_addr { host: "127.6.54.1" port: 43137 } } peers { permanent_uuid: "87aa5becfacc4cf39bdcb08f191990b8" member_type: VOTER last_known_addr { host: "127.6.54.3" port: 44449 } } peers { permanent_uuid: "6c9d88f121474dd99a68c2b254085723" member_type: VOTER last_known_addr { host: "127.6.54.2" port: 34299 } }
I0408 18:33:51.113039 12010 raft_consensus.cc:330] T dd1b98d584d5486294a0219bf1a80f1b P 6c9d88f121474dd99a68c2b254085723 [term 0 FOLLOWER]: Consensus starting up: Expiring failure detector timer to make a prompt election more likely
I0408 18:33:51.113050 12010 raft_consensus.cc:605] T dd1b98d584d5486294a0219bf1a80f1b P 6c9d88f121474dd99a68c2b254085723 [term 0 FOLLOWER]: Becoming Follower/Learner. State: Replica: 6c9d88f121474dd99a68c2b254085723, State: Initialized, Role: FOLLOWER
I0408 18:33:51.113154 12010 consensus_queue.cc:226] T dd1b98d584d5486294a0219bf1a80f1b P 6c9d88f121474dd99a68c2b254085723 [NON_LEADER]: Queue going to NON_LEADER mode. State: All replicated index: 0, Majority replicated index: 0, Committed index: 0, Last appended: 0.0, Last appended by leader: 0, Current term: 0, Majority size: -1, State: 0, Mode: NON_LEADER, active raft config: opid_index: -1 OBSOLETE_local: false peers { permanent_uuid: "3502ea6d66a64ab2b1aaed18d282ebec" member_type: VOTER last_known_addr { host: "127.6.54.1" port: 43137 } } peers { permanent_uuid: "87aa5becfacc4cf39bdcb08f191990b8" member_type: VOTER last_known_addr { host: "127.6.54.3" port: 44449 } } peers { permanent_uuid: "6c9d88f121474dd99a68c2b254085723" member_type: VOTER last_known_addr { host: "127.6.54.2" port: 34299 } }
I0408 18:33:51.113302 11864 heartbeater.cc:467] Master 127.6.54.62:46549 was elected leader, sending a full tablet report...
I0408 18:33:51.113312 12010 ts_tablet_manager.cc:983] T dd1b98d584d5486294a0219bf1a80f1b P 6c9d88f121474dd99a68c2b254085723: Time spent starting tablet: real 0.002s user 0.002s sys 0.000s
I0408 18:33:51.116152 12014 raft_consensus.cc:436] T dd1b98d584d5486294a0219bf1a80f1b P 3502ea6d66a64ab2b1aaed18d282ebec [term 0 FOLLOWER]: Starting pre-election (no leader contacted us within the election timeout)
I0408 18:33:51.116194 12014 raft_consensus.cc:2700] T dd1b98d584d5486294a0219bf1a80f1b P 3502ea6d66a64ab2b1aaed18d282ebec: Snoozing failure detection for 1.620s (starting election)
I0408 18:33:51.116245 12014 raft_consensus.cc:458] T dd1b98d584d5486294a0219bf1a80f1b P 3502ea6d66a64ab2b1aaed18d282ebec [term 0 FOLLOWER]: Starting pre-election with config: opid_index: -1 OBSOLETE_local: false peers { permanent_uuid: "3502ea6d66a64ab2b1aaed18d282ebec" member_type: VOTER last_known_addr { host: "127.6.54.1" port: 43137 } } peers { permanent_uuid: "87aa5becfacc4cf39bdcb08f191990b8" member_type: VOTER last_known_addr { host: "127.6.54.3" port: 44449 } } peers { permanent_uuid: "6c9d88f121474dd99a68c2b254085723" member_type: VOTER last_known_addr { host: "127.6.54.2" port: 34299 } }
I0408 18:33:51.116468 12014 leader_election.cc:231] T dd1b98d584d5486294a0219bf1a80f1b P 3502ea6d66a64ab2b1aaed18d282ebec [CANDIDATE]: Term 1 pre-election: Requesting pre-vote from peer 87aa5becfacc4cf39bdcb08f191990b8
I0408 18:33:51.116540 12014 leader_election.cc:231] T dd1b98d584d5486294a0219bf1a80f1b P 3502ea6d66a64ab2b1aaed18d282ebec [CANDIDATE]: Term 1 pre-election: Requesting pre-vote from peer 6c9d88f121474dd99a68c2b254085723
I0408 18:33:51.119210 11945 tablet_service.cc:994] Received RequestConsensusVote() RPC: tablet_id: "dd1b98d584d5486294a0219bf1a80f1b" candidate_uuid: "3502ea6d66a64ab2b1aaed18d282ebec" candidate_term: 1 candidate_status { last_received { term: 0 index: 0 } } ignore_live_leader: false dest_uuid: "87aa5becfacc4cf39bdcb08f191990b8" is_pre_election: true
I0408 18:33:51.119284 11945 raft_consensus.cc:2700] T dd1b98d584d5486294a0219bf1a80f1b P 87aa5becfacc4cf39bdcb08f191990b8: Snoozing failure detection for 1.798s (vote granted)
I0408 18:33:51.119313 11945 raft_consensus.cc:2215] T dd1b98d584d5486294a0219bf1a80f1b P 87aa5becfacc4cf39bdcb08f191990b8 [term 0 FOLLOWER]: Leader pre-election vote request: Granting yes vote for candidate 3502ea6d66a64ab2b1aaed18d282ebec in term 0.
I0408 18:33:51.119442 11821 tablet_service.cc:994] Received RequestConsensusVote() RPC: tablet_id: "dd1b98d584d5486294a0219bf1a80f1b" candidate_uuid: "3502ea6d66a64ab2b1aaed18d282ebec" candidate_term: 1 candidate_status { last_received { term: 0 index: 0 } } ignore_live_leader: false dest_uuid: "6c9d88f121474dd99a68c2b254085723" is_pre_election: true
I0408 18:33:51.119500 11821 raft_consensus.cc:2700] T dd1b98d584d5486294a0219bf1a80f1b P 6c9d88f121474dd99a68c2b254085723: Snoozing failure detection for 1.913s (vote granted)
I0408 18:33:51.119518 11821 raft_consensus.cc:2215] T dd1b98d584d5486294a0219bf1a80f1b P 6c9d88f121474dd99a68c2b254085723 [term 0 FOLLOWER]: Leader pre-election vote request: Granting yes vote for candidate 3502ea6d66a64ab2b1aaed18d282ebec in term 0.
I0408 18:33:51.119573 11630 leader_election.cc:363] T dd1b98d584d5486294a0219bf1a80f1b P 3502ea6d66a64ab2b1aaed18d282ebec [CANDIDATE]: Term 1 pre-election: Vote granted by peer 87aa5becfacc4cf39bdcb08f191990b8
I0408 18:33:51.119591 11630 leader_election.cc:258] T dd1b98d584d5486294a0219bf1a80f1b P 3502ea6d66a64ab2b1aaed18d282ebec [CANDIDATE]: Term 1 pre-election: Election decided. Result: candidate won.
I0408 18:33:51.119644 12014 raft_consensus.cc:2700] T dd1b98d584d5486294a0219bf1a80f1b P 3502ea6d66a64ab2b1aaed18d282ebec: Snoozing failure detection for 1.768s (election complete)
I0408 18:33:51.119678 12014 raft_consensus.cc:2507] T dd1b98d584d5486294a0219bf1a80f1b P 3502ea6d66a64ab2b1aaed18d282ebec [term 0 FOLLOWER]: Leader pre-election won for term 1
I0408 18:33:51.119709 12014 raft_consensus.cc:436] T dd1b98d584d5486294a0219bf1a80f1b P 3502ea6d66a64ab2b1aaed18d282ebec [term 0 FOLLOWER]: Starting leader election (no leader contacted us within the election timeout)
I0408 18:33:51.119719 12014 raft_consensus.cc:2700] T dd1b98d584d5486294a0219bf1a80f1b P 3502ea6d66a64ab2b1aaed18d282ebec: Snoozing failure detection for 2.179s (starting election)
I0408 18:33:51.119719 11631 leader_election.cc:363] T dd1b98d584d5486294a0219bf1a80f1b P 3502ea6d66a64ab2b1aaed18d282ebec [CANDIDATE]: Term 1 pre-election: Vote granted by peer 6c9d88f121474dd99a68c2b254085723
I0408 18:33:51.119726 12014 raft_consensus.cc:2752] T dd1b98d584d5486294a0219bf1a80f1b P 3502ea6d66a64ab2b1aaed18d282ebec [term 0 FOLLOWER]: Advancing to term 1
I0408 18:33:51.120282 12014 raft_consensus.cc:458] T dd1b98d584d5486294a0219bf1a80f1b P 3502ea6d66a64ab2b1aaed18d282ebec [term 1 FOLLOWER]: Starting leader election with config: opid_index: -1 OBSOLETE_local: false peers { permanent_uuid: "3502ea6d66a64ab2b1aaed18d282ebec" member_type: VOTER last_known_addr { host: "127.6.54.1" port: 43137 } } peers { permanent_uuid: "87aa5becfacc4cf39bdcb08f191990b8" member_type: VOTER last_known_addr { host: "127.6.54.3" port: 44449 } } peers { permanent_uuid: "6c9d88f121474dd99a68c2b254085723" member_type: VOTER last_known_addr { host: "127.6.54.2" port: 34299 } }
I0408 18:33:51.120390 12014 leader_election.cc:231] T dd1b98d584d5486294a0219bf1a80f1b P 3502ea6d66a64ab2b1aaed18d282ebec [CANDIDATE]: Term 1 election: Requesting vote from peer 87aa5becfacc4cf39bdcb08f191990b8
I0408 18:33:51.120419 12014 leader_election.cc:231] T dd1b98d584d5486294a0219bf1a80f1b P 3502ea6d66a64ab2b1aaed18d282ebec [CANDIDATE]: Term 1 election: Requesting vote from peer 6c9d88f121474dd99a68c2b254085723
I0408 18:33:51.120673 11945 tablet_service.cc:994] Received RequestConsensusVote() RPC: tablet_id: "dd1b98d584d5486294a0219bf1a80f1b" candidate_uuid: "3502ea6d66a64ab2b1aaed18d282ebec" candidate_term: 1 candidate_status { last_received { term: 0 index: 0 } } ignore_live_leader: false dest_uuid: "87aa5becfacc4cf39bdcb08f191990b8"
I0408 18:33:51.120676 11821 tablet_service.cc:994] Received RequestConsensusVote() RPC: tablet_id: "dd1b98d584d5486294a0219bf1a80f1b" candidate_uuid: "3502ea6d66a64ab2b1aaed18d282ebec" candidate_term: 1 candidate_status { last_received { term: 0 index: 0 } } ignore_live_leader: false dest_uuid: "6c9d88f121474dd99a68c2b254085723"
I0408 18:33:51.120704 11945 raft_consensus.cc:2752] T dd1b98d584d5486294a0219bf1a80f1b P 87aa5becfacc4cf39bdcb08f191990b8 [term 0 FOLLOWER]: Advancing to term 1
I0408 18:33:51.120704 11821 raft_consensus.cc:2752] T dd1b98d584d5486294a0219bf1a80f1b P 6c9d88f121474dd99a68c2b254085723 [term 0 FOLLOWER]: Advancing to term 1
I0408 18:33:51.120740 11821 raft_consensus.cc:2700] T dd1b98d584d5486294a0219bf1a80f1b P 6c9d88f121474dd99a68c2b254085723: Snoozing failure detection for 2.039s (vote granted)
I0408 18:33:51.120740 11945 raft_consensus.cc:2700] T dd1b98d584d5486294a0219bf1a80f1b P 87aa5becfacc4cf39bdcb08f191990b8: Snoozing failure detection for 1.694s (vote granted)
I0408 18:33:51.121366 11821 raft_consensus.cc:2215] T dd1b98d584d5486294a0219bf1a80f1b P 6c9d88f121474dd99a68c2b254085723 [term 1 FOLLOWER]: Leader election vote request: Granting yes vote for candidate 3502ea6d66a64ab2b1aaed18d282ebec in term 1.
I0408 18:33:51.121366 11945 raft_consensus.cc:2215] T dd1b98d584d5486294a0219bf1a80f1b P 87aa5becfacc4cf39bdcb08f191990b8 [term 1 FOLLOWER]: Leader election vote request: Granting yes vote for candidate 3502ea6d66a64ab2b1aaed18d282ebec in term 1.
I0408 18:33:51.121562 11631 leader_election.cc:363] T dd1b98d584d5486294a0219bf1a80f1b P 3502ea6d66a64ab2b1aaed18d282ebec [CANDIDATE]: Term 1 election: Vote granted by peer 6c9d88f121474dd99a68c2b254085723
I0408 18:33:51.121626 11631 leader_election.cc:258] T dd1b98d584d5486294a0219bf1a80f1b P 3502ea6d66a64ab2b1aaed18d282ebec [CANDIDATE]: Term 1 election: Election decided. Result: candidate won.
I0408 18:33:51.121659 11630 leader_election.cc:363] T dd1b98d584d5486294a0219bf1a80f1b P 3502ea6d66a64ab2b1aaed18d282ebec [CANDIDATE]: Term 1 election: Vote granted by peer 87aa5becfacc4cf39bdcb08f191990b8
I0408 18:33:51.121697 12014 raft_consensus.cc:2700] T dd1b98d584d5486294a0219bf1a80f1b P 3502ea6d66a64ab2b1aaed18d282ebec: Snoozing failure detection for 1.699s (election complete)
I0408 18:33:51.121718 12014 raft_consensus.cc:2507] T dd1b98d584d5486294a0219bf1a80f1b P 3502ea6d66a64ab2b1aaed18d282ebec [term 1 FOLLOWER]: Leader election won for term 1
I0408 18:33:51.121796 12014 raft_consensus.cc:572] T dd1b98d584d5486294a0219bf1a80f1b P 3502ea6d66a64ab2b1aaed18d282ebec [term 1 LEADER]: Becoming Leader. State: Replica: 3502ea6d66a64ab2b1aaed18d282ebec, State: Running, Role: LEADER
I0408 18:33:51.121877 12014 consensus_queue.cc:203] T dd1b98d584d5486294a0219bf1a80f1b P 3502ea6d66a64ab2b1aaed18d282ebec [LEADER]: Queue going to LEADER mode. State: All replicated index: 0, Majority replicated index: 0, Committed index: 0, Last appended: 0.0, Last appended by leader: 0, Current term: 1, Majority size: 2, State: 0, Mode: LEADER, active raft config: opid_index: -1 OBSOLETE_local: false peers { permanent_uuid: "3502ea6d66a64ab2b1aaed18d282ebec" member_type: VOTER last_known_addr { host: "127.6.54.1" port: 43137 } } peers { permanent_uuid: "87aa5becfacc4cf39bdcb08f191990b8" member_type: VOTER last_known_addr { host: "127.6.54.3" port: 44449 } } peers { permanent_uuid: "6c9d88f121474dd99a68c2b254085723" member_type: VOTER last_known_addr { host: "127.6.54.2" port: 34299 } }
I0408 18:33:51.122733 11565 catalog_manager.cc:3595] T dd1b98d584d5486294a0219bf1a80f1b P 3502ea6d66a64ab2b1aaed18d282ebec reported cstate change: term changed from 0 to 1, leader changed from to 3502ea6d66a64ab2b1aaed18d282ebec (127.6.54.1). New cstate: current_term: 1 leader_uuid: "3502ea6d66a64ab2b1aaed18d282ebec" committed_config { opid_index: -1 OBSOLETE_local: false peers { permanent_uuid: "3502ea6d66a64ab2b1aaed18d282ebec" member_type: VOTER last_known_addr { host: "127.6.54.1" port: 43137 } health_report { overall_health: HEALTHY } } peers { permanent_uuid: "87aa5becfacc4cf39bdcb08f191990b8" member_type: VOTER last_known_addr { host: "127.6.54.3" port: 44449 } health_report { overall_health: UNKNOWN } } peers { permanent_uuid: "6c9d88f121474dd99a68c2b254085723" member_type: VOTER last_known_addr { host: "127.6.54.2" port: 34299 } health_report { overall_health: UNKNOWN } } }
W0408 18:33:51.134461 11736 generic_service.cc:126] {username='slave'} at 127.0.0.1:42360 forcing change of non-runtime-safe flag fault_crash_before_flush_tablet_meta_after_flush_mrs
I0408 18:33:51.134555 11736 generic_service.cc:146] {username='slave'} at 127.0.0.1:42360 changed flags via RPC: fault_crash_before_flush_tablet_meta_after_flush_mrs from '0' to '0.3'
I0408 18:33:51.152089 11821 raft_consensus.cc:1058] T dd1b98d584d5486294a0219bf1a80f1b P 6c9d88f121474dd99a68c2b254085723 [term 1 FOLLOWER]: Refusing update from remote peer 3502ea6d66a64ab2b1aaed18d282ebec: Log matching property violated. Preceding OpId in replica: term: 0 index: 0. Preceding OpId from leader: term: 1 index: 2. (index mismatch)
I0408 18:33:51.152103 11945 raft_consensus.cc:1058] T dd1b98d584d5486294a0219bf1a80f1b P 87aa5becfacc4cf39bdcb08f191990b8 [term 1 FOLLOWER]: Refusing update from remote peer 3502ea6d66a64ab2b1aaed18d282ebec: Log matching property violated. Preceding OpId in replica: term: 0 index: 0. Preceding OpId from leader: term: 1 index: 2. (index mismatch)
I0408 18:33:51.152484 12018 consensus_queue.cc:962] T dd1b98d584d5486294a0219bf1a80f1b P 3502ea6d66a64ab2b1aaed18d282ebec [LEADER]: Connected to new peer: Peer: permanent_uuid: "6c9d88f121474dd99a68c2b254085723" member_type: VOTER last_known_addr { host: "127.6.54.2" port: 34299 }, Status: LMP_MISMATCH, Last received: 0.0, Next index: 1, Last known committed idx: 0, Time since last communication: 0.000s
I0408 18:33:51.152576 12014 consensus_queue.cc:962] T dd1b98d584d5486294a0219bf1a80f1b P 3502ea6d66a64ab2b1aaed18d282ebec [LEADER]: Connected to new peer: Peer: permanent_uuid: "87aa5becfacc4cf39bdcb08f191990b8" member_type: VOTER last_known_addr { host: "127.6.54.3" port: 44449 }, Status: LMP_MISMATCH, Last received: 0.0, Next index: 1, Last known committed idx: 0, Time since last communication: 0.000s
I0408 18:33:51.669968 11740 maintenance_manager.cc:302] P 3502ea6d66a64ab2b1aaed18d282ebec: Scheduling FlushMRSOp(dd1b98d584d5486294a0219bf1a80f1b): perf score=0.945090
I0408 18:33:51.670239 11625 tablet.cc:1153] T dd1b98d584d5486294a0219bf1a80f1b P 3502ea6d66a64ab2b1aaed18d282ebec: Flush: entering stage 1 (old memrowset already frozen for inserts)
I0408 18:33:51.670258 11625 compaction.cc:914] Selected 1 rowsets to compact:
I0408 18:33:51.670275 11625 compaction.cc:917] memrowset(current size on disk: ~0 bytes)
I0408 18:33:51.670281 11625 tablet.cc:1155] T dd1b98d584d5486294a0219bf1a80f1b P 3502ea6d66a64ab2b1aaed18d282ebec: Memstore in-memory size: 2039575 bytes
I0408 18:33:51.670310 11625 tablet.cc:1444] T dd1b98d584d5486294a0219bf1a80f1b P 3502ea6d66a64ab2b1aaed18d282ebec: Flush: entering phase 1 (flushing snapshot). Phase 1 snapshot: MvccSnapshot[committed={T|T < 6368249576113102848 or (T in {6368249576113102848})}]
I0408 18:33:51.671664 11625 multi_column_writer.cc:98] Opened CFile writers for 3 column(s)
I0408 18:33:51.681404 11625 tablet.cc:1529] T dd1b98d584d5486294a0219bf1a80f1b P 3502ea6d66a64ab2b1aaed18d282ebec: Flush: entering phase 2 (starting to duplicate updates in new rowsets)
I0408 18:33:51.681555 11625 tablet.cc:1584] T dd1b98d584d5486294a0219bf1a80f1b P 3502ea6d66a64ab2b1aaed18d282ebec: Flush Phase 2: carrying over any updates which arrived during Phase 1
I0408 18:33:51.681632 11625 tablet.cc:1586] T dd1b98d584d5486294a0219bf1a80f1b P 3502ea6d66a64ab2b1aaed18d282ebec: Phase 2 snapshot: MvccSnapshot[committed={T|T < 6368249576158367744 or (T in {6368249576158367744})}]
I0408 18:33:51.682879 11625 delta_tracker.cc:722] T dd1b98d584d5486294a0219bf1a80f1b P 3502ea6d66a64ab2b1aaed18d282ebec: Flushing 15 deltas (1759 bytes in memory) from DMS 0
I0408 18:33:51.683185 11625 delta_tracker.cc:663] T dd1b98d584d5486294a0219bf1a80f1b P 3502ea6d66a64ab2b1aaed18d282ebec: Flushed delta block 0000000000000008 (420 bytes on disk) stats: ts range=[6368249576120303616, 6368249576160415744], delete_count=[0], reinsert_count=[0], update_counts_by_col_id=[1:15]
W0408 18:33:51.683284 11625 fault_injection.cc:41] FAULT INJECTION ENABLED!
W0408 18:33:51.683327 11625 fault_injection.cc:42] THIS SERVER MAY CRASH!
I0408 18:33:51.684234 11625 tablet.cc:1634] T dd1b98d584d5486294a0219bf1a80f1b P 3502ea6d66a64ab2b1aaed18d282ebec: Flush successful on 10600 rows (52795 bytes)
I0408 18:33:51.684392 11625 maintenance_manager.cc:492] P 3502ea6d66a64ab2b1aaed18d282ebec: FlushMRSOp(dd1b98d584d5486294a0219bf1a80f1b) complete. Timing: real 0.014s user 0.009s sys 0.004s Metrics: {"cfile_init":1,"compiler_manager_pool.queue_time_us":2465,"data dirs.queue_time_us":705,"data dirs.run_cpu_time_us":109,"data dirs.run_wall_time_us":2537,"lbm_read_time_us":21,"lbm_reads_lt_1ms":4,"lbm_write_time_us":452,"lbm_writes_lt_1ms":38,"thread_start_us":424,"threads_started":2}
I0408 18:33:51.684609 11740 maintenance_manager.cc:302] P 3502ea6d66a64ab2b1aaed18d282ebec: Scheduling UndoDeltaBlockGCOp(dd1b98d584d5486294a0219bf1a80f1b): 98531 bytes on disk
I0408 18:33:51.684660 11740 maintenance_manager.cc:302] P 3502ea6d66a64ab2b1aaed18d282ebec: Scheduling UndoDeltaBlockGCOp(dd1b98d584d5486294a0219bf1a80f1b): 98531 bytes on disk
I0408 18:33:51.684687 11740 maintenance_manager.cc:302] P 3502ea6d66a64ab2b1aaed18d282ebec: Scheduling UndoDeltaBlockGCOp(dd1b98d584d5486294a0219bf1a80f1b): 98531 bytes on disk
I0408 18:33:51.684830 11624 maintenance_manager.cc:492] P 3502ea6d66a64ab2b1aaed18d282ebec: UndoDeltaBlockGCOp(dd1b98d584d5486294a0219bf1a80f1b) complete. Timing: real 0.000s user 0.000s sys 0.000s Metrics: {"cfile_init":1,"lbm_read_time_us":17,"lbm_reads_lt_1ms":4}
I0408 18:33:51.684870 11624 maintenance_manager.cc:492] P 3502ea6d66a64ab2b1aaed18d282ebec: UndoDeltaBlockGCOp(dd1b98d584d5486294a0219bf1a80f1b) complete. Timing: real 0.000s user 0.000s sys 0.000s Metrics: {}
I0408 18:33:51.684891 11624 maintenance_manager.cc:492] P 3502ea6d66a64ab2b1aaed18d282ebec: UndoDeltaBlockGCOp(dd1b98d584d5486294a0219bf1a80f1b) complete. Timing: real 0.000s user 0.000s sys 0.000s Metrics: {}
I0408 18:33:52.435382 11740 maintenance_manager.cc:302] P 3502ea6d66a64ab2b1aaed18d282ebec: Scheduling FlushMRSOp(dd1b98d584d5486294a0219bf1a80f1b): perf score=0.945090
I0408 18:33:52.435559 11625 tablet.cc:1153] T dd1b98d584d5486294a0219bf1a80f1b P 3502ea6d66a64ab2b1aaed18d282ebec: Flush: entering stage 1 (old memrowset already frozen for inserts)
I0408 18:33:52.435573 11625 compaction.cc:914] Selected 1 rowsets to compact:
I0408 18:33:52.435590 11625 compaction.cc:917] memrowset(current size on disk: ~0 bytes)
I0408 18:33:52.435595 11625 tablet.cc:1155] T dd1b98d584d5486294a0219bf1a80f1b P 3502ea6d66a64ab2b1aaed18d282ebec: Memstore in-memory size: 2039575 bytes
I0408 18:33:52.435606 11625 tablet.cc:1444] T dd1b98d584d5486294a0219bf1a80f1b P 3502ea6d66a64ab2b1aaed18d282ebec: Flush: entering phase 1 (flushing snapshot). Phase 1 snapshot: MvccSnapshot[committed={T|T < 6368249579249221632 or (T in {6368249579249221632})}]
I0408 18:33:52.435777 11625 multi_column_writer.cc:98] Opened CFile writers for 3 column(s)
I0408 18:33:52.441423 11625 tablet.cc:1529] T dd1b98d584d5486294a0219bf1a80f1b P 3502ea6d66a64ab2b1aaed18d282ebec: Flush: entering phase 2 (starting to duplicate updates in new rowsets)
I0408 18:33:52.441462 11625 tablet.cc:1584] T dd1b98d584d5486294a0219bf1a80f1b P 3502ea6d66a64ab2b1aaed18d282ebec: Flush Phase 2: carrying over any updates which arrived during Phase 1
I0408 18:33:52.441469 11625 tablet.cc:1586] T dd1b98d584d5486294a0219bf1a80f1b P 3502ea6d66a64ab2b1aaed18d282ebec: Phase 2 snapshot: MvccSnapshot[committed={T|T < 6368249579249221632 or (T in {6368249579249221632})}]
I0408 18:33:52.443512 11625 tablet.cc:1634] T dd1b98d584d5486294a0219bf1a80f1b P 3502ea6d66a64ab2b1aaed18d282ebec: Flush successful on 13900 rows (58752 bytes)
I0408 18:33:52.443673 11625 maintenance_manager.cc:492] P 3502ea6d66a64ab2b1aaed18d282ebec: FlushMRSOp(dd1b98d584d5486294a0219bf1a80f1b) complete. Timing: real 0.008s user 0.007s sys 0.000s Metrics: {"cfile_init":1,"data dirs.queue_time_us":84,"data dirs.run_cpu_time_us":97,"data dirs.run_wall_time_us":720,"lbm_read_time_us":9,"lbm_reads_lt_1ms":4,"lbm_write_time_us":340,"lbm_writes_lt_1ms":37,"thread_start_us":43,"threads_started":1}
I0408 18:33:52.443833 11740 maintenance_manager.cc:302] P 3502ea6d66a64ab2b1aaed18d282ebec: Scheduling UndoDeltaBlockGCOp(dd1b98d584d5486294a0219bf1a80f1b): 119178 bytes on disk
I0408 18:33:52.443893 11740 maintenance_manager.cc:302] P 3502ea6d66a64ab2b1aaed18d282ebec: Scheduling CompactRowSetsOp(dd1b98d584d5486294a0219bf1a80f1b): perf score=0.989939
I0408 18:33:52.443940 11740 maintenance_manager.cc:302] P 3502ea6d66a64ab2b1aaed18d282ebec: Scheduling CompactRowSetsOp(dd1b98d584d5486294a0219bf1a80f1b): perf score=0.989939
I0408 18:33:52.443974 11623 maintenance_manager.cc:492] P 3502ea6d66a64ab2b1aaed18d282ebec: UndoDeltaBlockGCOp(dd1b98d584d5486294a0219bf1a80f1b) complete. Timing: real 0.000s user 0.000s sys 0.000s Metrics: {"cfile_init":1,"lbm_read_time_us":18,"lbm_reads_lt_1ms":4}
I0408 18:33:52.443992 11624 tablet.cc:1664] T dd1b98d584d5486294a0219bf1a80f1b P 3502ea6d66a64ab2b1aaed18d282ebec: Compaction: stage 1 complete, picked 2 rowsets to compact or flush
I0408 18:33:52.444000 11624 compaction.cc:914] Selected 2 rowsets to compact:
I0408 18:33:52.444007 11624 compaction.cc:917] RowSet(0)(current size on disk: ~151746 bytes)
I0408 18:33:52.444013 11624 compaction.cc:917] RowSet(1)(current size on disk: ~177930 bytes)
I0408 18:33:52.444017 11623 tablet.cc:1664] T dd1b98d584d5486294a0219bf1a80f1b P 3502ea6d66a64ab2b1aaed18d282ebec: Compaction: stage 1 complete, picked 0 rowsets to compact or flush
I0408 18:33:52.444020 11624 tablet.cc:1444] T dd1b98d584d5486294a0219bf1a80f1b P 3502ea6d66a64ab2b1aaed18d282ebec: Compaction: entering phase 1 (flushing snapshot). Phase 1 snapshot: MvccSnapshot[committed={T|T < 6368249579285843968}]
I0408 18:33:52.444025 11623 compaction.cc:914] Selected 0 rowsets to compact:
I0408 18:33:52.444030 11623 tablet.cc:1444] T dd1b98d584d5486294a0219bf1a80f1b P 3502ea6d66a64ab2b1aaed18d282ebec: Compaction: entering phase 1 (flushing snapshot). Phase 1 snapshot: MvccSnapshot[committed={T|T < 6368249579285843968}]
I0408 18:33:52.444114 11623 multi_column_writer.cc:98] Opened CFile writers for 3 column(s)
I0408 18:33:52.444386 11624 multi_column_writer.cc:98] Opened CFile writers for 3 column(s)
I0408 18:33:52.444772 11623 tablet.cc:1473] T dd1b98d584d5486294a0219bf1a80f1b P 3502ea6d66a64ab2b1aaed18d282ebec: Compaction resulted in no output rows (all input rows were GCed!) Removing all input rowsets.
I0408 18:33:52.446017 11623 maintenance_manager.cc:492] P 3502ea6d66a64ab2b1aaed18d282ebec: CompactRowSetsOp(dd1b98d584d5486294a0219bf1a80f1b) complete. Timing: real 0.002s user 0.001s sys 0.000s Metrics: {"data dirs.queue_time_us":954,"lbm_write_time_us":58,"lbm_writes_lt_1ms":6,"spinlock_wait_cycles":3200}
I0408 18:33:52.466372 11624 tablet.cc:1529] T dd1b98d584d5486294a0219bf1a80f1b P 3502ea6d66a64ab2b1aaed18d282ebec: Compaction: entering phase 2 (starting to duplicate updates in new rowsets)
I0408 18:33:52.466468 11624 tablet.cc:1584] T dd1b98d584d5486294a0219bf1a80f1b P 3502ea6d66a64ab2b1aaed18d282ebec: Compaction Phase 2: carrying over any updates which arrived during Phase 1
I0408 18:33:52.466513 11624 tablet.cc:1586] T dd1b98d584d5486294a0219bf1a80f1b P 3502ea6d66a64ab2b1aaed18d282ebec: Phase 2 snapshot: MvccSnapshot[committed={T|T < 6368249579374092288 or (T in {6368249579374092288})}]
I0408 18:33:52.470691 11624 delta_tracker.cc:722] T dd1b98d584d5486294a0219bf1a80f1b P 3502ea6d66a64ab2b1aaed18d282ebec: Flushing 37 deltas (3751 bytes in memory) from DMS 0
I0408 18:33:52.470935 11624 delta_tracker.cc:663] T dd1b98d584d5486294a0219bf1a80f1b P 3502ea6d66a64ab2b1aaed18d282ebec: Flushed delta block 0000000000000027 (803 bytes on disk) stats: ts range=[6368249579285843968, 6368249579390595072], delete_count=[0], reinsert_count=[0], update_counts_by_col_id=[1:37]
I0408 18:33:52.472015 11624 tablet.cc:1634] T dd1b98d584d5486294a0219bf1a80f1b P 3502ea6d66a64ab2b1aaed18d282ebec: Compaction successful on 24500 rows (115238 bytes)
I0408 18:33:52.472491 11624 maintenance_manager.cc:492] P 3502ea6d66a64ab2b1aaed18d282ebec: CompactRowSetsOp(dd1b98d584d5486294a0219bf1a80f1b) complete. Timing: real 0.028s user 0.022s sys 0.001s Metrics: {"cfile_cache_hit":15,"cfile_cache_hit_bytes":10281,"cfile_cache_miss":47,"cfile_cache_miss_bytes":515443,"cfile_init":5,"data dirs.queue_time_us":90,"data dirs.run_cpu_time_us":261,"data dirs.run_wall_time_us":2558,"delta_iterators_relevant":6,"lbm_read_time_us":433,"lbm_reads_lt_1ms":67,"lbm_write_time_us":806,"lbm_writes_lt_1ms":53}
I0408 18:33:52.472662 11740 maintenance_manager.cc:302] P 3502ea6d66a64ab2b1aaed18d282ebec: Scheduling UndoDeltaBlockGCOp(dd1b98d584d5486294a0219bf1a80f1b): 228364 bytes on disk
I0408 18:33:52.472705 11740 maintenance_manager.cc:302] P 3502ea6d66a64ab2b1aaed18d282ebec: Scheduling UndoDeltaBlockGCOp(dd1b98d584d5486294a0219bf1a80f1b): 228364 bytes on disk
I0408 18:33:52.472733 11740 maintenance_manager.cc:302] P 3502ea6d66a64ab2b1aaed18d282ebec: Scheduling UndoDeltaBlockGCOp(dd1b98d584d5486294a0219bf1a80f1b): 228364 bytes on disk
I0408 18:33:52.472842 11625 maintenance_manager.cc:492] P 3502ea6d66a64ab2b1aaed18d282ebec: UndoDeltaBlockGCOp(dd1b98d584d5486294a0219bf1a80f1b) complete. Timing: real 0.000s user 0.000s sys 0.000s Metrics: {"cfile_init":1,"lbm_read_time_us":16,"lbm_reads_lt_1ms":4}
I0408 18:33:52.472885 11625 maintenance_manager.cc:492] P 3502ea6d66a64ab2b1aaed18d282ebec: UndoDeltaBlockGCOp(dd1b98d584d5486294a0219bf1a80f1b) complete. Timing: real 0.000s user 0.000s sys 0.000s Metrics: {}
I0408 18:33:52.472923 11625 maintenance_manager.cc:492] P 3502ea6d66a64ab2b1aaed18d282ebec: UndoDeltaBlockGCOp(dd1b98d584d5486294a0219bf1a80f1b) complete. Timing: real 0.000s user 0.000s sys 0.000s Metrics: {}
I0408 18:33:53.223314 11740 maintenance_manager.cc:302] P 3502ea6d66a64ab2b1aaed18d282ebec: Scheduling FlushMRSOp(dd1b98d584d5486294a0219bf1a80f1b): perf score=0.945090
I0408 18:33:53.223475 11624 tablet.cc:1153] T dd1b98d584d5486294a0219bf1a80f1b P 3502ea6d66a64ab2b1aaed18d282ebec: Flush: entering stage 1 (old memrowset already frozen for inserts)
I0408 18:33:53.223491 11624 compaction.cc:914] Selected 1 rowsets to compact:
I0408 18:33:53.223497 11624 compaction.cc:917] memrowset(current size on disk: ~0 bytes)
I0408 18:33:53.223502 11624 tablet.cc:1155] T dd1b98d584d5486294a0219bf1a80f1b P 3502ea6d66a64ab2b1aaed18d282ebec: Memstore in-memory size: 2039575 bytes
I0408 18:33:53.223511 11624 tablet.cc:1444] T dd1b98d584d5486294a0219bf1a80f1b P 3502ea6d66a64ab2b1aaed18d282ebec: Flush: entering phase 1 (flushing snapshot). Phase 1 snapshot: MvccSnapshot[committed={T|T < 6368249582476701696 or (T in {6368249582476701696})}]
I0408 18:33:53.223659 11624 multi_column_writer.cc:98] Opened CFile writers for 3 column(s)
I0408 18:33:53.229419 11624 tablet.cc:1529] T dd1b98d584d5486294a0219bf1a80f1b P 3502ea6d66a64ab2b1aaed18d282ebec: Flush: entering phase 2 (starting to duplicate updates in new rowsets)
I0408 18:33:53.229452 11624 tablet.cc:1584] T dd1b98d584d5486294a0219bf1a80f1b P 3502ea6d66a64ab2b1aaed18d282ebec: Flush Phase 2: carrying over any updates which arrived during Phase 1
I0408 18:33:53.229459 11624 tablet.cc:1586] T dd1b98d584d5486294a0219bf1a80f1b P 3502ea6d66a64ab2b1aaed18d282ebec: Phase 2 snapshot: MvccSnapshot[committed={T|T < 6368249582481510400 or (T in {6368249582481510400})}]
I0408 18:33:53.230042 11624 delta_tracker.cc:722] T dd1b98d584d5486294a0219bf1a80f1b P 3502ea6d66a64ab2b1aaed18d282ebec: Flushing 2 deltas (763 bytes in memory) from DMS 0
I0408 18:33:53.230156 11624 delta_tracker.cc:663] T dd1b98d584d5486294a0219bf1a80f1b P 3502ea6d66a64ab2b1aaed18d282ebec: Flushed delta block 0000000000000034 (196 bytes on disk) stats: ts range=[6368249582477201408, 6368249582481510400], delete_count=[0], reinsert_count=[0], update_counts_by_col_id=[1:2]
I0408 18:33:53.231623 11624 tablet.cc:1634] T dd1b98d584d5486294a0219bf1a80f1b P 3502ea6d66a64ab2b1aaed18d282ebec: Flush successful on 13800 rows (53537 bytes)
I0408 18:33:53.231781 11624 maintenance_manager.cc:492] P 3502ea6d66a64ab2b1aaed18d282ebec: FlushMRSOp(dd1b98d584d5486294a0219bf1a80f1b) complete. Timing: real 0.008s user 0.004s sys 0.003s Metrics: {"cfile_init":1,"data dirs.queue_time_us":98,"data dirs.run_cpu_time_us":100,"data dirs.run_wall_time_us":1090,"lbm_read_time_us":11,"lbm_reads_lt_1ms":4,"lbm_write_time_us":320,"lbm_writes_lt_1ms":41,"thread_start_us":53,"threads_started":1}
I0408 18:33:53.231933 11740 maintenance_manager.cc:302] P 3502ea6d66a64ab2b1aaed18d282ebec: Scheduling CompactRowSetsOp(dd1b98d584d5486294a0219bf1a80f1b): perf score=0.989890
I0408 18:33:53.231987 11740 maintenance_manager.cc:302] P 3502ea6d66a64ab2b1aaed18d282ebec: Scheduling UndoDeltaBlockGCOp(dd1b98d584d5486294a0219bf1a80f1b): 115814 bytes on disk
I0408 18:33:53.232017 11740 maintenance_manager.cc:302] P 3502ea6d66a64ab2b1aaed18d282ebec: Scheduling UndoDeltaBlockGCOp(dd1b98d584d5486294a0219bf1a80f1b): 115814 bytes on disk
I0408 18:33:53.232059 11623 tablet.cc:1664] T dd1b98d584d5486294a0219bf1a80f1b P 3502ea6d66a64ab2b1aaed18d282ebec: Compaction: stage 1 complete, picked 2 rowsets to compact or flush
I0408 18:33:53.232067 11623 compaction.cc:914] Selected 2 rowsets to compact:
I0408 18:33:53.232072 11623 compaction.cc:917] RowSet(3)(current size on disk: ~344405 bytes)
I0408 18:33:53.232077 11623 compaction.cc:917] RowSet(4)(current size on disk: ~169547 bytes)
I0408 18:33:53.232084 11623 tablet.cc:1444] T dd1b98d584d5486294a0219bf1a80f1b P 3502ea6d66a64ab2b1aaed18d282ebec: Compaction: entering phase 1 (flushing snapshot). Phase 1 snapshot: MvccSnapshot[committed={T|T < 6368249582512312320}]
I0408 18:33:53.232203 11623 multi_column_writer.cc:98] Opened CFile writers for 3 column(s)
I0408 18:33:53.235204 11625 maintenance_manager.cc:492] P 3502ea6d66a64ab2b1aaed18d282ebec: UndoDeltaBlockGCOp(dd1b98d584d5486294a0219bf1a80f1b) complete. Timing: real 0.000s user 0.000s sys 0.000s Metrics: {}
I0408 18:33:53.235236 11625 maintenance_manager.cc:492] P 3502ea6d66a64ab2b1aaed18d282ebec: UndoDeltaBlockGCOp(dd1b98d584d5486294a0219bf1a80f1b) complete. Timing: real 0.000s user 0.000s sys 0.000s Metrics: {}
I0408 18:33:53.235286 11740 maintenance_manager.cc:302] P 3502ea6d66a64ab2b1aaed18d282ebec: Scheduling CompactRowSetsOp(dd1b98d584d5486294a0219bf1a80f1b): perf score=0.989890
I0408 18:33:53.235359 11625 tablet.cc:1664] T dd1b98d584d5486294a0219bf1a80f1b P 3502ea6d66a64ab2b1aaed18d282ebec: Compaction: stage 1 complete, picked 0 rowsets to compact or flush
I0408 18:33:53.235368 11625 compaction.cc:914] Selected 0 rowsets to compact:
I0408 18:33:53.235376 11625 tablet.cc:1444] T dd1b98d584d5486294a0219bf1a80f1b P 3502ea6d66a64ab2b1aaed18d282ebec: Compaction: entering phase 1 (flushing snapshot). Phase 1 snapshot: MvccSnapshot[committed={T|T < 6368249582512312320}]
I0408 18:33:53.235472 11625 multi_column_writer.cc:98] Opened CFile writers for 3 column(s)
I0408 18:33:53.235971 11625 tablet.cc:1473] T dd1b98d584d5486294a0219bf1a80f1b P 3502ea6d66a64ab2b1aaed18d282ebec: Compaction resulted in no output rows (all input rows were GCed!) Removing all input rowsets.
I0408 18:33:53.239734 11625 maintenance_manager.cc:492] P 3502ea6d66a64ab2b1aaed18d282ebec: CompactRowSetsOp(dd1b98d584d5486294a0219bf1a80f1b) complete. Timing: real 0.004s user 0.001s sys 0.000s Metrics: {"data dirs.queue_time_us":10901,"data dirs.run_cpu_time_us":270,"data dirs.run_wall_time_us":3431,"lbm_write_time_us":75,"lbm_writes_lt_1ms":6}
I0408 18:33:53.257725 11623 tablet.cc:1529] T dd1b98d584d5486294a0219bf1a80f1b P 3502ea6d66a64ab2b1aaed18d282ebec: Compaction: entering phase 2 (starting to duplicate updates in new rowsets)
I0408 18:33:53.257850 11623 tablet.cc:1584] T dd1b98d584d5486294a0219bf1a80f1b P 3502ea6d66a64ab2b1aaed18d282ebec: Compaction Phase 2: carrying over any updates which arrived during Phase 1
I0408 18:33:53.257874 11623 tablet.cc:1586] T dd1b98d584d5486294a0219bf1a80f1b P 3502ea6d66a64ab2b1aaed18d282ebec: Phase 2 snapshot: MvccSnapshot[committed={T|T < 6368249582612680704 or (T in {6368249582612680704})}]
I0408 18:33:53.264516 11623 delta_tracker.cc:722] T dd1b98d584d5486294a0219bf1a80f1b P 3502ea6d66a64ab2b1aaed18d282ebec: Flushing 31 deltas (3751 bytes in memory) from DMS 0
I0408 18:33:53.264791 11623 delta_tracker.cc:663] T dd1b98d584d5486294a0219bf1a80f1b P 3502ea6d66a64ab2b1aaed18d282ebec: Flushed delta block 0000000000000047 (705 bytes on disk) stats: ts range=[6368249582512312320, 6368249582629330944], delete_count=[0], reinsert_count=[0], update_counts_by_col_id=[1:31]
I0408 18:33:53.265774 11623 tablet.cc:1634] T dd1b98d584d5486294a0219bf1a80f1b P 3502ea6d66a64ab2b1aaed18d282ebec: Compaction successful on 38300 rows (178594 bytes)
I0408 18:33:53.266058 11623 maintenance_manager.cc:492] P 3502ea6d66a64ab2b1aaed18d282ebec: CompactRowSetsOp(dd1b98d584d5486294a0219bf1a80f1b) complete. Timing: real 0.034s user 0.032s sys 0.000s Metrics: {"cfile_cache_hit":15,"cfile_cache_hit_bytes":11833,"cfile_cache_miss":65,"cfile_cache_miss_bytes":816315,"cfile_init":7,"data dirs.queue_time_us":40,"data dirs.run_cpu_time_us":175,"data dirs.run_wall_time_us":719,"delta_iterators_relevant":8,"lbm_read_time_us":636,"lbm_reads_lt_1ms":93,"lbm_write_time_us":1075,"lbm_writes_lt_1ms":68}
I0408 18:33:53.266212 11740 maintenance_manager.cc:302] P 3502ea6d66a64ab2b1aaed18d282ebec: Scheduling UndoDeltaBlockGCOp(dd1b98d584d5486294a0219bf1a80f1b): 357798 bytes on disk
I0408 18:33:53.266255 11740 maintenance_manager.cc:302] P 3502ea6d66a64ab2b1aaed18d282ebec: Scheduling UndoDeltaBlockGCOp(dd1b98d584d5486294a0219bf1a80f1b): 357798 bytes on disk
I0408 18:33:53.266294 11740 maintenance_manager.cc:302] P 3502ea6d66a64ab2b1aaed18d282ebec: Scheduling UndoDeltaBlockGCOp(dd1b98d584d5486294a0219bf1a80f1b): 357798 bytes on disk
I0408 18:33:53.266376 11624 maintenance_manager.cc:492] P 3502ea6d66a64ab2b1aaed18d282ebec: UndoDeltaBlockGCOp(dd1b98d584d5486294a0219bf1a80f1b) complete. Timing: real 0.000s user 0.000s sys 0.000s Metrics: {"cfile_init":1,"lbm_read_time_us":17,"lbm_reads_lt_1ms":4}
I0408 18:33:53.266415 11623 maintenance_manager.cc:492] P 3502ea6d66a64ab2b1aaed18d282ebec: UndoDeltaBlockGCOp(dd1b98d584d5486294a0219bf1a80f1b) complete. Timing: real 0.000s user 0.000s sys 0.000s Metrics: {}
I0408 18:33:53.266420 11625 maintenance_manager.cc:492] P 3502ea6d66a64ab2b1aaed18d282ebec: UndoDeltaBlockGCOp(dd1b98d584d5486294a0219bf1a80f1b) complete. Timing: real 0.000s user 0.000s sys 0.000s Metrics: {}
I0408 18:33:53.766754 11740 maintenance_manager.cc:302] P 3502ea6d66a64ab2b1aaed18d282ebec: Scheduling FlushMRSOp(dd1b98d584d5486294a0219bf1a80f1b): perf score=0.945090
I0408 18:33:53.766918 11625 tablet.cc:1153] T dd1b98d584d5486294a0219bf1a80f1b P 3502ea6d66a64ab2b1aaed18d282ebec: Flush: entering stage 1 (old memrowset already frozen for inserts)
I0408 18:33:53.766934 11625 compaction.cc:914] Selected 1 rowsets to compact:
I0408 18:33:53.766940 11625 compaction.cc:917] memrowset(current size on disk: ~0 bytes)
I0408 18:33:53.766945 11625 tablet.cc:1155] T dd1b98d584d5486294a0219bf1a80f1b P 3502ea6d66a64ab2b1aaed18d282ebec: Memstore in-memory size: 2039575 bytes
I0408 18:33:53.766952 11625 tablet.cc:1444] T dd1b98d584d5486294a0219bf1a80f1b P 3502ea6d66a64ab2b1aaed18d282ebec: Flush: entering phase 1 (flushing snapshot). Phase 1 snapshot: MvccSnapshot[committed={T|T < 6368249584706117632}]
I0408 18:33:53.767094 11625 multi_column_writer.cc:98] Opened CFile writers for 3 column(s)
I0408 18:33:53.774703 11625 tablet.cc:1529] T dd1b98d584d5486294a0219bf1a80f1b P 3502ea6d66a64ab2b1aaed18d282ebec: Flush: entering phase 2 (starting to duplicate updates in new rowsets)
I0408 18:33:53.774901 11625 tablet.cc:1584] T dd1b98d584d5486294a0219bf1a80f1b P 3502ea6d66a64ab2b1aaed18d282ebec: Flush Phase 2: carrying over any updates which arrived during Phase 1
I0408 18:33:53.774958 11625 tablet.cc:1586] T dd1b98d584d5486294a0219bf1a80f1b P 3502ea6d66a64ab2b1aaed18d282ebec: Phase 2 snapshot: MvccSnapshot[committed={T|T < 6368249584734928896 or (T in {6368249584734928896})}]
I0408 18:33:53.775851 11625 delta_tracker.cc:722] T dd1b98d584d5486294a0219bf1a80f1b P 3502ea6d66a64ab2b1aaed18d282ebec: Flushing 2 deltas (763 bytes in memory) from DMS 0
I0408 18:33:53.776029 11625 delta_tracker.cc:663] T dd1b98d584d5486294a0219bf1a80f1b P 3502ea6d66a64ab2b1aaed18d282ebec: Flushed delta block 0000000000000054 (198 bytes on disk) stats: ts range=[6368249584711483392, 6368249584723546112], delete_count=[0], reinsert_count=[0], update_counts_by_col_id=[1:2]
I0408 18:33:53.777058 11625 tablet.cc:1634] T dd1b98d584d5486294a0219bf1a80f1b P 3502ea6d66a64ab2b1aaed18d282ebec: Flush successful on 10400 rows (38741 bytes)
I0408 18:33:53.777191 11625 maintenance_manager.cc:492] P 3502ea6d66a64ab2b1aaed18d282ebec: FlushMRSOp(dd1b98d584d5486294a0219bf1a80f1b) complete. Timing: real 0.010s user 0.003s sys 0.005s Metrics: {"cfile_init":1,"data dirs.queue_time_us":93,"data dirs.run_cpu_time_us":90,"data dirs.run_wall_time_us":630,"lbm_read_time_us":17,"lbm_reads_lt_1ms":4,"lbm_write_time_us":725,"lbm_writes_lt_1ms":37,"spinlock_wait_cycles":1920,"thread_start_us":63,"threads_started":1}
I0408 18:33:53.777582 11740 maintenance_manager.cc:302] P 3502ea6d66a64ab2b1aaed18d282ebec: Scheduling CompactRowSetsOp(dd1b98d584d5486294a0219bf1a80f1b): perf score=0.989823
I0408 18:33:53.777638 11740 maintenance_manager.cc:302] P 3502ea6d66a64ab2b1aaed18d282ebec: Scheduling UndoDeltaBlockGCOp(dd1b98d584d5486294a0219bf1a80f1b): 86106 bytes on disk
I0408 18:33:53.777671 11740 maintenance_manager.cc:302] P 3502ea6d66a64ab2b1aaed18d282ebec: Scheduling CompactRowSetsOp(dd1b98d584d5486294a0219bf1a80f1b): perf score=0.989823
I0408 18:33:53.777714 11623 tablet.cc:1664] T dd1b98d584d5486294a0219bf1a80f1b P 3502ea6d66a64ab2b1aaed18d282ebec: Compaction: stage 1 complete, picked 2 rowsets to compact or flush
I0408 18:33:53.777720 11623 compaction.cc:914] Selected 2 rowsets to compact:
I0408 18:33:53.777725 11623 compaction.cc:917] RowSet(5)(current size on disk: ~537097 bytes)
I0408 18:33:53.777729 11623 compaction.cc:917] RowSet(7)(current size on disk: ~125045 bytes)
I0408 18:33:53.777737 11623 tablet.cc:1444] T dd1b98d584d5486294a0219bf1a80f1b P 3502ea6d66a64ab2b1aaed18d282ebec: Compaction: entering phase 1 (flushing snapshot). Phase 1 snapshot: MvccSnapshot[committed={T|T < 6368249584746250240 or (T in {6368249584746250240})}]
I0408 18:33:53.777828 11623 multi_column_writer.cc:98] Opened CFile writers for 3 column(s)
I0408 18:33:53.779273 11624 maintenance_manager.cc:492] P 3502ea6d66a64ab2b1aaed18d282ebec: UndoDeltaBlockGCOp(dd1b98d584d5486294a0219bf1a80f1b) complete. Timing: real 0.000s user 0.000s sys 0.000s Metrics: {}
I0408 18:33:53.779299 11624 tablet.cc:1664] T dd1b98d584d5486294a0219bf1a80f1b P 3502ea6d66a64ab2b1aaed18d282ebec: Compaction: stage 1 complete, picked 0 rowsets to compact or flush
I0408 18:33:53.779304 11624 compaction.cc:914] Selected 0 rowsets to compact:
I0408 18:33:53.779310 11624 tablet.cc:1444] T dd1b98d584d5486294a0219bf1a80f1b P 3502ea6d66a64ab2b1aaed18d282ebec: Compaction: entering phase 1 (flushing snapshot). Phase 1 snapshot: MvccSnapshot[committed={T|T < 6368249584746250240 or (T in {6368249584746250240})}]
I0408 18:33:53.779381 11624 multi_column_writer.cc:98] Opened CFile writers for 3 column(s)
I0408 18:33:53.779578 11624 tablet.cc:1473] T dd1b98d584d5486294a0219bf1a80f1b P 3502ea6d66a64ab2b1aaed18d282ebec: Compaction resulted in no output rows (all input rows were GCed!) Removing all input rowsets.
