I0405 05:42:03.463698 3398 consensus_queue.cc:229] T 12b8e24237724b87b477d37b2d11af36 P 1f47cd09f5484f14b00848e4d0df5edb [NON_LEADER]: Queue going to NON_LEADER mode. State: All replicated index: 0, Majority replicated index: 0, Committed index: 0, Last appended: 0.0, Last appended by leader: 0, Current term: 0, Majority size: -1, State: 0, Mode: NON_LEADER, active raft config: opid_index: -1 OBSOLETE_local: true peers { permanent_uuid: "1f47cd09f5484f14b00848e4d0df5edb" member_type: VOTER last_known_addr { host: "127.0.59.1" port: 33883 } }
I0405 05:42:03.464265 3398 raft_consensus.cc:380] T 12b8e24237724b87b477d37b2d11af36 P 1f47cd09f5484f14b00848e4d0df5edb [term 0 FOLLOWER]: Only one voter in the Raft config. Triggering election immediately
I0405 05:42:03.464514 3398 raft_consensus.cc:472] T 12b8e24237724b87b477d37b2d11af36 P 1f47cd09f5484f14b00848e4d0df5edb [term 0 FOLLOWER]: Starting leader election (initial election of a single-replica configuration)
I0405 05:42:03.464773 3398 raft_consensus.cc:2886] T 12b8e24237724b87b477d37b2d11af36 P 1f47cd09f5484f14b00848e4d0df5edb [term 0 FOLLOWER]: Advancing to term 1
I0405 05:42:03.469630 3398 raft_consensus.cc:494] T 12b8e24237724b87b477d37b2d11af36 P 1f47cd09f5484f14b00848e4d0df5edb [term 1 FOLLOWER]: Starting leader election with config: opid_index: -1 OBSOLETE_local: true peers { permanent_uuid: "1f47cd09f5484f14b00848e4d0df5edb" member_type: VOTER last_known_addr { host: "127.0.59.1" port: 33883 } }
I0405 05:42:03.470350 3398 leader_election.cc:310] T 12b8e24237724b87b477d37b2d11af36 P 1f47cd09f5484f14b00848e4d0df5edb [CANDIDATE]: Term 1 election: Election decided. Result: candidate won. Election summary: received 1 responses out of 1 voters: 1 yes votes; 0 no votes. yes voters: 1f47cd09f5484f14b00848e4d0df5edb; no voters:
I0405 05:42:03.474428 3398 leader_election.cc:296] T 12b8e24237724b87b477d37b2d11af36 P 1f47cd09f5484f14b00848e4d0df5edb [CANDIDATE]: Term 1 election: Requested vote from peers
I0405 05:42:03.474740 3400 raft_consensus.cc:2640] T 12b8e24237724b87b477d37b2d11af36 P 1f47cd09f5484f14b00848e4d0df5edb [term 1 FOLLOWER]: Leader election won for term 1
I0405 05:42:03.553885 3400 raft_consensus.cc:667] T 12b8e24237724b87b477d37b2d11af36 P 1f47cd09f5484f14b00848e4d0df5edb [term 1 LEADER]: Becoming Leader. State: Replica: 1f47cd09f5484f14b00848e4d0df5edb, State: Running, Role: LEADER
I0405 05:42:03.554589 3400 consensus_queue.cc:206] T 12b8e24237724b87b477d37b2d11af36 P 1f47cd09f5484f14b00848e4d0df5edb [LEADER]: Queue going to LEADER mode. State: All replicated index: 0, Majority replicated index: 0, Committed index: 0, Last appended: 0.0, Last appended by leader: 0, Current term: 1, Majority size: 1, State: 0, Mode: LEADER, active raft config: opid_index: -1 OBSOLETE_local: true peers { permanent_uuid: "1f47cd09f5484f14b00848e4d0df5edb" member_type: VOTER last_known_addr { host: "127.0.59.1" port: 33883 } }
I0405 05:42:03.556321 3382 heartbeater.cc:467] Master 127.0.59.62:36859 was elected leader, sending a full tablet report...
I0405 05:42:03.557425 3398 ts_tablet_manager.cc:1081] T 12b8e24237724b87b477d37b2d11af36 P 1f47cd09f5484f14b00848e4d0df5edb: Time spent starting tablet: real 0.113s user 0.023s sys 0.012s
I0405 05:42:03.561260 3216 catalog_manager.cc:3977] T 12b8e24237724b87b477d37b2d11af36 P 1f47cd09f5484f14b00848e4d0df5edb reported cstate change: term changed from 0 to 1, leader changed from to 1f47cd09f5484f14b00848e4d0df5edb (127.0.59.1). New cstate: current_term: 1 leader_uuid: "1f47cd09f5484f14b00848e4d0df5edb" committed_config { opid_index: -1 OBSOLETE_local: true peers { permanent_uuid: "1f47cd09f5484f14b00848e4d0df5edb" member_type: VOTER last_known_addr { host: "127.0.59.1" port: 33883 } health_report { overall_health: HEALTHY } } }
I0405 05:42:03.595919 3216 catalog_manager.cc:1416] Servicing CreateTable request from {username='slave'} at 127.0.0.1:51726: name: "foo.bar" schema { columns { name: "foo" type: INT32 is_key: true is_nullable: false encoding: AUTO_ENCODING compression: DEFAULT_COMPRESSION cfile_block_size: 0 } } num_replicas: 1 split_rows_range_bounds { } partition_schema { range_schema { columns { name: "foo" } } }
I0405 05:42:03.606957 3319 tablet_service.cc:1006] Processing CreateTablet for tablet c8ca0c7520d94e03a129169e50615953 (table=foo.bar [id=6a9dc5a1e5eb47e4b58b45e7c01918f4]), partition=RANGE (foo) PARTITION UNBOUNDED
I0405 05:42:03.607650 3319 data_dirs.cc:938] Could only allocate 1 dirs of requested 3 for tablet c8ca0c7520d94e03a129169e50615953. 1 dirs total, 0 dirs full, 0 dirs failed
I0405 05:42:03.617147 3398 tablet_bootstrap.cc:439] T c8ca0c7520d94e03a129169e50615953 P 1f47cd09f5484f14b00848e4d0df5edb: Bootstrap starting.
I0405 05:42:03.619910 3398 tablet_bootstrap.cc:590] T c8ca0c7520d94e03a129169e50615953 P 1f47cd09f5484f14b00848e4d0df5edb: No blocks or log segments found. Creating new log.
I0405 05:42:03.623893 3398 tablet_bootstrap.cc:439] T c8ca0c7520d94e03a129169e50615953 P 1f47cd09f5484f14b00848e4d0df5edb: No bootstrap required, opened a new log
I0405 05:42:03.624258 3398 ts_tablet_manager.cc:1053] T c8ca0c7520d94e03a129169e50615953 P 1f47cd09f5484f14b00848e4d0df5edb: Time spent bootstrapping tablet: real 0.007s user 0.003s sys 0.002s
I0405 05:42:03.625495 3398 raft_consensus.cc:340] T c8ca0c7520d94e03a129169e50615953 P 1f47cd09f5484f14b00848e4d0df5edb [term 0 FOLLOWER]: Replica starting. Triggering 0 pending transactions. Active config: opid_index: -1 OBSOLETE_local: true peers { permanent_uuid: "1f47cd09f5484f14b00848e4d0df5edb" member_type: VOTER last_known_addr { host: "127.0.59.1" port: 33883 } }
I0405 05:42:03.625849 3398 raft_consensus.cc:366] T c8ca0c7520d94e03a129169e50615953 P 1f47cd09f5484f14b00848e4d0df5edb [term 0 FOLLOWER]: Consensus starting up: Expiring failure detector timer to make a prompt election more likely
I0405 05:42:03.625991 3398 raft_consensus.cc:705] T c8ca0c7520d94e03a129169e50615953 P 1f47cd09f5484f14b00848e4d0df5edb [term 0 FOLLOWER]: Becoming Follower/Learner. State: Replica: 1f47cd09f5484f14b00848e4d0df5edb, State: Initialized, Role: FOLLOWER
I0405 05:42:03.626348 3398 consensus_queue.cc:229] T c8ca0c7520d94e03a129169e50615953 P 1f47cd09f5484f14b00848e4d0df5edb [NON_LEADER]: Queue going to NON_LEADER mode. State: All replicated index: 0, Majority replicated index: 0, Committed index: 0, Last appended: 0.0, Last appended by leader: 0, Current term: 0, Majority size: -1, State: 0, Mode: NON_LEADER, active raft config: opid_index: -1 OBSOLETE_local: true peers { permanent_uuid: "1f47cd09f5484f14b00848e4d0df5edb" member_type: VOTER last_known_addr { host: "127.0.59.1" port: 33883 } }
I0405 05:42:03.626716 3398 raft_consensus.cc:380] T c8ca0c7520d94e03a129169e50615953 P 1f47cd09f5484f14b00848e4d0df5edb [term 0 FOLLOWER]: Only one voter in the Raft config. Triggering election immediately
I0405 05:42:03.626850 3398 raft_consensus.cc:472] T c8ca0c7520d94e03a129169e50615953 P 1f47cd09f5484f14b00848e4d0df5edb [term 0 FOLLOWER]: Starting leader election (initial election of a single-replica configuration)
I0405 05:42:03.627045 3398 raft_consensus.cc:2886] T c8ca0c7520d94e03a129169e50615953 P 1f47cd09f5484f14b00848e4d0df5edb [term 0 FOLLOWER]: Advancing to term 1
I0405 05:42:03.630424 3398 raft_consensus.cc:494] T c8ca0c7520d94e03a129169e50615953 P 1f47cd09f5484f14b00848e4d0df5edb [term 1 FOLLOWER]: Starting leader election with config: opid_index: -1 OBSOLETE_local: true peers { permanent_uuid: "1f47cd09f5484f14b00848e4d0df5edb" member_type: VOTER last_known_addr { host: "127.0.59.1" port: 33883 } }
I0405 05:42:03.630859 3398 leader_election.cc:310] T c8ca0c7520d94e03a129169e50615953 P 1f47cd09f5484f14b00848e4d0df5edb [CANDIDATE]: Term 1 election: Election decided. Result: candidate won. Election summary: received 1 responses out of 1 voters: 1 yes votes; 0 no votes. yes voters: 1f47cd09f5484f14b00848e4d0df5edb; no voters:
I0405 05:42:03.631239 3398 leader_election.cc:296] T c8ca0c7520d94e03a129169e50615953 P 1f47cd09f5484f14b00848e4d0df5edb [CANDIDATE]: Term 1 election: Requested vote from peers
I0405 05:42:03.631417 3400 raft_consensus.cc:2640] T c8ca0c7520d94e03a129169e50615953 P 1f47cd09f5484f14b00848e4d0df5edb [term 1 FOLLOWER]: Leader election won for term 1
I0405 05:42:03.632120 3398 ts_tablet_manager.cc:1081] T c8ca0c7520d94e03a129169e50615953 P 1f47cd09f5484f14b00848e4d0df5edb: Time spent starting tablet: real 0.008s user 0.007s sys 0.000s
I0405 05:42:03.631996 3400 raft_consensus.cc:667] T c8ca0c7520d94e03a129169e50615953 P 1f47cd09f5484f14b00848e4d0df5edb [term 1 LEADER]: Becoming Leader. State: Replica: 1f47cd09f5484f14b00848e4d0df5edb, State: Running, Role: LEADER
I0405 05:42:03.632491 3400 consensus_queue.cc:206] T c8ca0c7520d94e03a129169e50615953 P 1f47cd09f5484f14b00848e4d0df5edb [LEADER]: Queue going to LEADER mode. State: All replicated index: 0, Majority replicated index: 0, Committed index: 0, Last appended: 0.0, Last appended by leader: 0, Current term: 1, Majority size: 1, State: 0, Mode: LEADER, active raft config: opid_index: -1 OBSOLETE_local: true peers { permanent_uuid: "1f47cd09f5484f14b00848e4d0df5edb" member_type: VOTER last_known_addr { host: "127.0.59.1" port: 33883 } }
I0405 05:42:03.637138 3216 catalog_manager.cc:3977] T c8ca0c7520d94e03a129169e50615953 P 1f47cd09f5484f14b00848e4d0df5edb reported cstate change: term changed from 0 to 1, leader changed from to 1f47cd09f5484f14b00848e4d0df5edb (127.0.59.1). New cstate: current_term: 1 leader_uuid: "1f47cd09f5484f14b00848e4d0df5edb" committed_config { opid_index: -1 OBSOLETE_local: true peers { permanent_uuid: "1f47cd09f5484f14b00848e4d0df5edb" member_type: VOTER last_known_addr { host: "127.0.59.1" port: 33883 } health_report { overall_health: HEALTHY } } }
I0405 05:42:03.646883 3215 catalog_manager.cc:1416] Servicing CreateTable request from {username='slave'} at 127.0.0.1:51726: name: "FOO.bar" schema { columns { name: "foo" type: INT32 is_key: true is_nullable: false encoding: AUTO_ENCODING compression: DEFAULT_COMPRESSION cfile_block_size: 0 } } num_replicas: 1 split_rows_range_bounds { } partition_schema { range_schema { columns { name: "foo" } } }
I0405 05:42:03.658051 3319 tablet_service.cc:1006] Processing CreateTablet for tablet 34167c1783a54a0aabae8c84200108c3 (table=FOO.bar [id=da7cb7b87c234d45b5d9e60b9ee98de4]), partition=RANGE (foo) PARTITION UNBOUNDED
I0405 05:42:03.658740 3319 data_dirs.cc:938] Could only allocate 1 dirs of requested 3 for tablet 34167c1783a54a0aabae8c84200108c3. 1 dirs total, 0 dirs full, 0 dirs failed
I0405 05:42:03.672508 3398 tablet_bootstrap.cc:439] T 34167c1783a54a0aabae8c84200108c3 P 1f47cd09f5484f14b00848e4d0df5edb: Bootstrap starting.
I0405 05:42:03.675151 3398 tablet_bootstrap.cc:590] T 34167c1783a54a0aabae8c84200108c3 P 1f47cd09f5484f14b00848e4d0df5edb: No blocks or log segments found. Creating new log.
I0405 05:42:03.679258 3398 tablet_bootstrap.cc:439] T 34167c1783a54a0aabae8c84200108c3 P 1f47cd09f5484f14b00848e4d0df5edb: No bootstrap required, opened a new log
I0405 05:42:03.679563 3398 ts_tablet_manager.cc:1053] T 34167c1783a54a0aabae8c84200108c3 P 1f47cd09f5484f14b00848e4d0df5edb: Time spent bootstrapping tablet: real 0.007s user 0.000s sys 0.006s
I0405 05:42:03.680775 3398 raft_consensus.cc:340] T 34167c1783a54a0aabae8c84200108c3 P 1f47cd09f5484f14b00848e4d0df5edb [term 0 FOLLOWER]: Replica starting. Triggering 0 pending transactions. Active config: opid_index: -1 OBSOLETE_local: true peers { permanent_uuid: "1f47cd09f5484f14b00848e4d0df5edb" member_type: VOTER last_known_addr { host: "127.0.59.1" port: 33883 } }
I0405 05:42:03.681135 3398 raft_consensus.cc:366] T 34167c1783a54a0aabae8c84200108c3 P 1f47cd09f5484f14b00848e4d0df5edb [term 0 FOLLOWER]: Consensus starting up: Expiring failure detector timer to make a prompt election more likely
I0405 05:42:03.681270 3398 raft_consensus.cc:705] T 34167c1783a54a0aabae8c84200108c3 P 1f47cd09f5484f14b00848e4d0df5edb [term 0 FOLLOWER]: Becoming Follower/Learner. State: Replica: 1f47cd09f5484f14b00848e4d0df5edb, State: Initialized, Role: FOLLOWER
I0405 05:42:03.681635 3398 consensus_queue.cc:229] T 34167c1783a54a0aabae8c84200108c3 P 1f47cd09f5484f14b00848e4d0df5edb [NON_LEADER]: Queue going to NON_LEADER mode. State: All replicated index: 0, Majority replicated index: 0, Committed index: 0, Last appended: 0.0, Last appended by leader: 0, Current term: 0, Majority size: -1, State: 0, Mode: NON_LEADER, active raft config: opid_index: -1 OBSOLETE_local: true peers { permanent_uuid: "1f47cd09f5484f14b00848e4d0df5edb" member_type: VOTER last_known_addr { host: "127.0.59.1" port: 33883 } }
I0405 05:42:03.682080 3398 raft_consensus.cc:380] T 34167c1783a54a0aabae8c84200108c3 P 1f47cd09f5484f14b00848e4d0df5edb [term 0 FOLLOWER]: Only one voter in the Raft config. Triggering election immediately
I0405 05:42:03.682252 3398 raft_consensus.cc:472] T 34167c1783a54a0aabae8c84200108c3 P 1f47cd09f5484f14b00848e4d0df5edb [term 0 FOLLOWER]: Starting leader election (initial election of a single-replica configuration)
I0405 05:42:03.682477 3398 raft_consensus.cc:2886] T 34167c1783a54a0aabae8c84200108c3 P 1f47cd09f5484f14b00848e4d0df5edb [term 0 FOLLOWER]: Advancing to term 1
I0405 05:42:03.685896 3398 raft_consensus.cc:494] T 34167c1783a54a0aabae8c84200108c3 P 1f47cd09f5484f14b00848e4d0df5edb [term 1 FOLLOWER]: Starting leader election with config: opid_index: -1 OBSOLETE_local: true peers { permanent_uuid: "1f47cd09f5484f14b00848e4d0df5edb" member_type: VOTER last_known_addr { host: "127.0.59.1" port: 33883 } }
I0405 05:42:03.686416 3398 leader_election.cc:310] T 34167c1783a54a0aabae8c84200108c3 P 1f47cd09f5484f14b00848e4d0df5edb [CANDIDATE]: Term 1 election: Election decided. Result: candidate won. Election summary: received 1 responses out of 1 voters: 1 yes votes; 0 no votes. yes voters: 1f47cd09f5484f14b00848e4d0df5edb; no voters:
I0405 05:42:03.686805 3398 leader_election.cc:296] T 34167c1783a54a0aabae8c84200108c3 P 1f47cd09f5484f14b00848e4d0df5edb [CANDIDATE]: Term 1 election: Requested vote from peers
I0405 05:42:03.686954 3400 raft_consensus.cc:2640] T 34167c1783a54a0aabae8c84200108c3 P 1f47cd09f5484f14b00848e4d0df5edb [term 1 FOLLOWER]: Leader election won for term 1
I0405 05:42:03.687469 3400 raft_consensus.cc:667] T 34167c1783a54a0aabae8c84200108c3 P 1f47cd09f5484f14b00848e4d0df5edb [term 1 LEADER]: Becoming Leader. State: Replica: 1f47cd09f5484f14b00848e4d0df5edb, State: Running, Role: LEADER
I0405 05:42:03.688164 3398 ts_tablet_manager.cc:1081] T 34167c1783a54a0aabae8c84200108c3 P 1f47cd09f5484f14b00848e4d0df5edb: Time spent starting tablet: real 0.008s user 0.007s sys 0.001s
I0405 05:42:03.687933 3400 consensus_queue.cc:206] T 34167c1783a54a0aabae8c84200108c3 P 1f47cd09f5484f14b00848e4d0df5edb [LEADER]: Queue going to LEADER mode. State: All replicated index: 0, Majority replicated index: 0, Committed index: 0, Last appended: 0.0, Last appended by leader: 0, Current term: 1, Majority size: 1, State: 0, Mode: LEADER, active raft config: opid_index: -1 OBSOLETE_local: true peers { permanent_uuid: "1f47cd09f5484f14b00848e4d0df5edb" member_type: VOTER last_known_addr { host: "127.0.59.1" port: 33883 } }
I0405 05:42:03.692554 3215 catalog_manager.cc:3977] T 34167c1783a54a0aabae8c84200108c3 P 1f47cd09f5484f14b00848e4d0df5edb reported cstate change: term changed from 0 to 1, leader changed from to 1f47cd09f5484f14b00848e4d0df5edb (127.0.59.1). New cstate: current_term: 1 leader_uuid: "1f47cd09f5484f14b00848e4d0df5edb" committed_config { opid_index: -1 OBSOLETE_local: true peers { permanent_uuid: "1f47cd09f5484f14b00848e4d0df5edb" member_type: VOTER last_known_addr { host: "127.0.59.1" port: 33883 } health_report { overall_health: HEALTHY } } }
I0405 05:42:03.719195 3215 catalog_manager.cc:1416] Servicing CreateTable request from {username='slave'} at 127.0.0.1:51726: name: "foo.BAR" schema { columns { name: "foo" type: INT32 is_key: true is_nullable: false encoding: AUTO_ENCODING compression: DEFAULT_COMPRESSION cfile_block_size: 0 } } num_replicas: 1 split_rows_range_bounds { } partition_schema { range_schema { columns { name: "foo" } } }
I0405 05:42:03.731773 3319 tablet_service.cc:1006] Processing CreateTablet for tablet 2bf3cff34de740a78a567b70a7c744b8 (table=foo.BAR [id=7c4b983d0b8d465f9c80b05478b28a1a]), partition=RANGE (foo) PARTITION UNBOUNDED
I0405 05:42:03.732488 3319 data_dirs.cc:938] Could only allocate 1 dirs of requested 3 for tablet 2bf3cff34de740a78a567b70a7c744b8. 1 dirs total, 0 dirs full, 0 dirs failed
I0405 05:42:03.742082 3398 tablet_bootstrap.cc:439] T 2bf3cff34de740a78a567b70a7c744b8 P 1f47cd09f5484f14b00848e4d0df5edb: Bootstrap starting.
I0405 05:42:03.744366 3398 tablet_bootstrap.cc:590] T 2bf3cff34de740a78a567b70a7c744b8 P 1f47cd09f5484f14b00848e4d0df5edb: No blocks or log segments found. Creating new log.
I0405 05:42:03.762475 3398 tablet_bootstrap.cc:439] T 2bf3cff34de740a78a567b70a7c744b8 P 1f47cd09f5484f14b00848e4d0df5edb: No bootstrap required, opened a new log
I0405 05:42:03.762794 3398 ts_tablet_manager.cc:1053] T 2bf3cff34de740a78a567b70a7c744b8 P 1f47cd09f5484f14b00848e4d0df5edb: Time spent bootstrapping tablet: real 0.021s user 0.002s sys 0.007s
I0405 05:42:03.763972 3398 raft_consensus.cc:340] T 2bf3cff34de740a78a567b70a7c744b8 P 1f47cd09f5484f14b00848e4d0df5edb [term 0 FOLLOWER]: Replica starting. Triggering 0 pending transactions. Active config: opid_index: -1 OBSOLETE_local: true peers { permanent_uuid: "1f47cd09f5484f14b00848e4d0df5edb" member_type: VOTER last_known_addr { host: "127.0.59.1" port: 33883 } }
I0405 05:42:03.764309 3398 raft_consensus.cc:366] T 2bf3cff34de740a78a567b70a7c744b8 P 1f47cd09f5484f14b00848e4d0df5edb [term 0 FOLLOWER]: Consensus starting up: Expiring failure detector timer to make a prompt election more likely
I0405 05:42:03.764441 3398 raft_consensus.cc:705] T 2bf3cff34de740a78a567b70a7c744b8 P 1f47cd09f5484f14b00848e4d0df5edb [term 0 FOLLOWER]: Becoming Follower/Learner. State: Replica: 1f47cd09f5484f14b00848e4d0df5edb, State: Initialized, Role: FOLLOWER
I0405 05:42:03.764807 3398 consensus_queue.cc:229] T 2bf3cff34de740a78a567b70a7c744b8 P 1f47cd09f5484f14b00848e4d0df5edb [NON_LEADER]: Queue going to NON_LEADER mode. State: All replicated index: 0, Majority replicated index: 0, Committed index: 0, Last appended: 0.0, Last appended by leader: 0, Current term: 0, Majority size: -1, State: 0, Mode: NON_LEADER, active raft config: opid_index: -1 OBSOLETE_local: true peers { permanent_uuid: "1f47cd09f5484f14b00848e4d0df5edb" member_type: VOTER last_known_addr { host: "127.0.59.1" port: 33883 } }
I0405 05:42:03.765166 3398 raft_consensus.cc:380] T 2bf3cff34de740a78a567b70a7c744b8 P 1f47cd09f5484f14b00848e4d0df5edb [term 0 FOLLOWER]: Only one voter in the Raft config. Triggering election immediately
I0405 05:42:03.765297 3398 raft_consensus.cc:472] T 2bf3cff34de740a78a567b70a7c744b8 P 1f47cd09f5484f14b00848e4d0df5edb [term 0 FOLLOWER]: Starting leader election (initial election of a single-replica configuration)
I0405 05:42:03.765456 3398 raft_consensus.cc:2886] T 2bf3cff34de740a78a567b70a7c744b8 P 1f47cd09f5484f14b00848e4d0df5edb [term 0 FOLLOWER]: Advancing to term 1
I0405 05:42:03.769014 3398 raft_consensus.cc:494] T 2bf3cff34de740a78a567b70a7c744b8 P 1f47cd09f5484f14b00848e4d0df5edb [term 1 FOLLOWER]: Starting leader election with config: opid_index: -1 OBSOLETE_local: true peers { permanent_uuid: "1f47cd09f5484f14b00848e4d0df5edb" member_type: VOTER last_known_addr { host: "127.0.59.1" port: 33883 } }
I0405 05:42:03.769522 3398 leader_election.cc:310] T 2bf3cff34de740a78a567b70a7c744b8 P 1f47cd09f5484f14b00848e4d0df5edb [CANDIDATE]: Term 1 election: Election decided. Result: candidate won. Election summary: received 1 responses out of 1 voters: 1 yes votes; 0 no votes. yes voters: 1f47cd09f5484f14b00848e4d0df5edb; no voters:
I0405 05:42:03.770035 3398 leader_election.cc:296] T 2bf3cff34de740a78a567b70a7c744b8 P 1f47cd09f5484f14b00848e4d0df5edb [CANDIDATE]: Term 1 election: Requested vote from peers
I0405 05:42:03.770237 3400 raft_consensus.cc:2640] T 2bf3cff34de740a78a567b70a7c744b8 P 1f47cd09f5484f14b00848e4d0df5edb [term 1 FOLLOWER]: Leader election won for term 1
I0405 05:42:03.770571 3400 raft_consensus.cc:667] T 2bf3cff34de740a78a567b70a7c744b8 P 1f47cd09f5484f14b00848e4d0df5edb [term 1 LEADER]: Becoming Leader. State: Replica: 1f47cd09f5484f14b00848e4d0df5edb, State: Running, Role: LEADER
I0405 05:42:03.770948 3400 consensus_queue.cc:206] T 2bf3cff34de740a78a567b70a7c744b8 P 1f47cd09f5484f14b00848e4d0df5edb [LEADER]: Queue going to LEADER mode. State: All replicated index: 0, Majority replicated index: 0, Committed index: 0, Last appended: 0.0, Last appended by leader: 0, Current term: 1, Majority size: 1, State: 0, Mode: LEADER, active raft config: opid_index: -1 OBSOLETE_local: true peers { permanent_uuid: "1f47cd09f5484f14b00848e4d0df5edb" member_type: VOTER last_known_addr { host: "127.0.59.1" port: 33883 } }
I0405 05:42:03.771414 3398 ts_tablet_manager.cc:1081] T 2bf3cff34de740a78a567b70a7c744b8 P 1f47cd09f5484f14b00848e4d0df5edb: Time spent starting tablet: real 0.008s user 0.008s sys 0.000s
I0405 05:42:03.775689 3215 catalog_manager.cc:3977] T 2bf3cff34de740a78a567b70a7c744b8 P 1f47cd09f5484f14b00848e4d0df5edb reported cstate change: term changed from 0 to 1, leader changed from to 1f47cd09f5484f14b00848e4d0df5edb (127.0.59.1). New cstate: current_term: 1 leader_uuid: "1f47cd09f5484f14b00848e4d0df5edb" committed_config { opid_index: -1 OBSOLETE_local: true peers { permanent_uuid: "1f47cd09f5484f14b00848e4d0df5edb" member_type: VOTER last_known_addr { host: "127.0.59.1" port: 33883 } health_report { overall_health: HEALTHY } } }
I0405 05:42:03.808164 3215 catalog_manager.cc:1416] Servicing CreateTable request from {username='slave'} at 127.0.0.1:51726: name: "fuzz" schema { columns { name: "foo" type: INT32 is_key: true is_nullable: false encoding: AUTO_ENCODING compression: DEFAULT_COMPRESSION cfile_block_size: 0 } } num_replicas: 1 split_rows_range_bounds { } partition_schema { range_schema { columns { name: "foo" } } }
I0405 05:42:03.819723 3319 tablet_service.cc:1006] Processing CreateTablet for tablet d0d5e0410a684afab87e022bd3c88dc9 (table=fuzz [id=ef1fb4df187548fd92ede5a2d447adb8]), partition=RANGE (foo) PARTITION UNBOUNDED
I0405 05:42:03.820430 3319 data_dirs.cc:938] Could only allocate 1 dirs of requested 3 for tablet d0d5e0410a684afab87e022bd3c88dc9. 1 dirs total, 0 dirs full, 0 dirs failed
I0405 05:42:03.827788 3398 tablet_bootstrap.cc:439] T d0d5e0410a684afab87e022bd3c88dc9 P 1f47cd09f5484f14b00848e4d0df5edb: Bootstrap starting.
I0405 05:42:03.830320 3398 tablet_bootstrap.cc:590] T d0d5e0410a684afab87e022bd3c88dc9 P 1f47cd09f5484f14b00848e4d0df5edb: No blocks or log segments found. Creating new log.
I0405 05:42:03.833585 3398 tablet_bootstrap.cc:439] T d0d5e0410a684afab87e022bd3c88dc9 P 1f47cd09f5484f14b00848e4d0df5edb: No bootstrap required, opened a new log
I0405 05:42:03.833917 3398 ts_tablet_manager.cc:1053] T d0d5e0410a684afab87e022bd3c88dc9 P 1f47cd09f5484f14b00848e4d0df5edb: Time spent bootstrapping tablet: real 0.006s user 0.006s sys 0.000s
I0405 05:42:03.835196 3398 raft_consensus.cc:340] T d0d5e0410a684afab87e022bd3c88dc9 P 1f47cd09f5484f14b00848e4d0df5edb [term 0 FOLLOWER]: Replica starting. Triggering 0 pending transactions. Active config: opid_index: -1 OBSOLETE_local: true peers { permanent_uuid: "1f47cd09f5484f14b00848e4d0df5edb" member_type: VOTER last_known_addr { host: "127.0.59.1" port: 33883 } }
I0405 05:42:03.835713 3398 raft_consensus.cc:366] T d0d5e0410a684afab87e022bd3c88dc9 P 1f47cd09f5484f14b00848e4d0df5edb [term 0 FOLLOWER]: Consensus starting up: Expiring failure detector timer to make a prompt election more likely
I0405 05:42:03.835872 3398 raft_consensus.cc:705] T d0d5e0410a684afab87e022bd3c88dc9 P 1f47cd09f5484f14b00848e4d0df5edb [term 0 FOLLOWER]: Becoming Follower/Learner. State: Replica: 1f47cd09f5484f14b00848e4d0df5edb, State: Initialized, Role: FOLLOWER
I0405 05:42:03.836256 3398 consensus_queue.cc:229] T d0d5e0410a684afab87e022bd3c88dc9 P 1f47cd09f5484f14b00848e4d0df5edb [NON_LEADER]: Queue going to NON_LEADER mode. State: All replicated index: 0, Majority replicated index: 0, Committed index: 0, Last appended: 0.0, Last appended by leader: 0, Current term: 0, Majority size: -1, State: 0, Mode: NON_LEADER, active raft config: opid_index: -1 OBSOLETE_local: true peers { permanent_uuid: "1f47cd09f5484f14b00848e4d0df5edb" member_type: VOTER last_known_addr { host: "127.0.59.1" port: 33883 } }
I0405 05:42:03.836599 3398 raft_consensus.cc:380] T d0d5e0410a684afab87e022bd3c88dc9 P 1f47cd09f5484f14b00848e4d0df5edb [term 0 FOLLOWER]: Only one voter in the Raft config. Triggering election immediately
I0405 05:42:03.836774 3398 raft_consensus.cc:472] T d0d5e0410a684afab87e022bd3c88dc9 P 1f47cd09f5484f14b00848e4d0df5edb [term 0 FOLLOWER]: Starting leader election (initial election of a single-replica configuration)
I0405 05:42:03.836943 3398 raft_consensus.cc:2886] T d0d5e0410a684afab87e022bd3c88dc9 P 1f47cd09f5484f14b00848e4d0df5edb [term 0 FOLLOWER]: Advancing to term 1
I0405 05:42:03.840065 3398 raft_consensus.cc:494] T d0d5e0410a684afab87e022bd3c88dc9 P 1f47cd09f5484f14b00848e4d0df5edb [term 1 FOLLOWER]: Starting leader election with config: opid_index: -1 OBSOLETE_local: true peers { permanent_uuid: "1f47cd09f5484f14b00848e4d0df5edb" member_type: VOTER last_known_addr { host: "127.0.59.1" port: 33883 } }
I0405 05:42:03.840529 3398 leader_election.cc:310] T d0d5e0410a684afab87e022bd3c88dc9 P 1f47cd09f5484f14b00848e4d0df5edb [CANDIDATE]: Term 1 election: Election decided. Result: candidate won. Election summary: received 1 responses out of 1 voters: 1 yes votes; 0 no votes. yes voters: 1f47cd09f5484f14b00848e4d0df5edb; no voters:
I0405 05:42:03.840987 3398 leader_election.cc:296] T d0d5e0410a684afab87e022bd3c88dc9 P 1f47cd09f5484f14b00848e4d0df5edb [CANDIDATE]: Term 1 election: Requested vote from peers
I0405 05:42:03.841135 3400 raft_consensus.cc:2640] T d0d5e0410a684afab87e022bd3c88dc9 P 1f47cd09f5484f14b00848e4d0df5edb [term 1 FOLLOWER]: Leader election won for term 1
I0405 05:42:03.841490 3400 raft_consensus.cc:667] T d0d5e0410a684afab87e022bd3c88dc9 P 1f47cd09f5484f14b00848e4d0df5edb [term 1 LEADER]: Becoming Leader. State: Replica: 1f47cd09f5484f14b00848e4d0df5edb, State: Running, Role: LEADER
I0405 05:42:03.842083 3398 ts_tablet_manager.cc:1081] T d0d5e0410a684afab87e022bd3c88dc9 P 1f47cd09f5484f14b00848e4d0df5edb: Time spent starting tablet: real 0.008s user 0.008s sys 0.000s
I0405 05:42:03.841897 3400 consensus_queue.cc:206] T d0d5e0410a684afab87e022bd3c88dc9 P 1f47cd09f5484f14b00848e4d0df5edb [LEADER]: Queue going to LEADER mode. State: All replicated index: 0, Majority replicated index: 0, Committed index: 0, Last appended: 0.0, Last appended by leader: 0, Current term: 1, Majority size: 1, State: 0, Mode: LEADER, active raft config: opid_index: -1 OBSOLETE_local: true peers { permanent_uuid: "1f47cd09f5484f14b00848e4d0df5edb" member_type: VOTER last_known_addr { host: "127.0.59.1" port: 33883 } }
I0405 05:42:03.845450 3215 catalog_manager.cc:3977] T d0d5e0410a684afab87e022bd3c88dc9 P 1f47cd09f5484f14b00848e4d0df5edb reported cstate change: term changed from 0 to 1, leader changed from to 1f47cd09f5484f14b00848e4d0df5edb (127.0.59.1). New cstate: current_term: 1 leader_uuid: "1f47cd09f5484f14b00848e4d0df5edb" committed_config { opid_index: -1 OBSOLETE_local: true peers { permanent_uuid: "1f47cd09f5484f14b00848e4d0df5edb" member_type: VOTER last_known_addr { host: "127.0.59.1" port: 33883 } health_report { overall_health: HEALTHY } } }
I0405 05:42:03.856791 3215 catalog_manager.cc:1416] Servicing CreateTable request from {username='slave'} at 127.0.0.1:51726: name: "FUZZ" schema { columns { name: "foo" type: INT32 is_key: true is_nullable: false encoding: AUTO_ENCODING compression: DEFAULT_COMPRESSION cfile_block_size: 0 } } num_replicas: 1 split_rows_range_bounds { } partition_schema { range_schema { columns { name: "foo" } } }
I0405 05:42:03.866361 3319 tablet_service.cc:1006] Processing CreateTablet for tablet 1a859fe5c96c45cbbae95f0c7c3d7206 (table=FUZZ [id=e3f1c3e03d1f43b5b9f9bf2f6b0e4eb0]), partition=RANGE (foo) PARTITION UNBOUNDED
I0405 05:42:03.866888 3319 data_dirs.cc:938] Could only allocate 1 dirs of requested 3 for tablet 1a859fe5c96c45cbbae95f0c7c3d7206. 1 dirs total, 0 dirs full, 0 dirs failed
I0405 05:42:03.873836 3398 tablet_bootstrap.cc:439] T 1a859fe5c96c45cbbae95f0c7c3d7206 P 1f47cd09f5484f14b00848e4d0df5edb: Bootstrap starting.
I0405 05:42:03.876790 3398 tablet_bootstrap.cc:590] T 1a859fe5c96c45cbbae95f0c7c3d7206 P 1f47cd09f5484f14b00848e4d0df5edb: No blocks or log segments found. Creating new log.
I0405 05:42:03.880270 3398 tablet_bootstrap.cc:439] T 1a859fe5c96c45cbbae95f0c7c3d7206 P 1f47cd09f5484f14b00848e4d0df5edb: No bootstrap required, opened a new log
I0405 05:42:03.880568 3398 ts_tablet_manager.cc:1053] T 1a859fe5c96c45cbbae95f0c7c3d7206 P 1f47cd09f5484f14b00848e4d0df5edb: Time spent bootstrapping tablet: real 0.007s user 0.004s sys 0.002s
I0405 05:42:03.882073 3398 raft_consensus.cc:340] T 1a859fe5c96c45cbbae95f0c7c3d7206 P 1f47cd09f5484f14b00848e4d0df5edb [term 0 FOLLOWER]: Replica starting. Triggering 0 pending transactions. Active config: opid_index: -1 OBSOLETE_local: true peers { permanent_uuid: "1f47cd09f5484f14b00848e4d0df5edb" member_type: VOTER last_known_addr { host: "127.0.59.1" port: 33883 } }
I0405 05:42:03.882459 3398 raft_consensus.cc:366] T 1a859fe5c96c45cbbae95f0c7c3d7206 P 1f47cd09f5484f14b00848e4d0df5edb [term 0 FOLLOWER]: Consensus starting up: Expiring failure detector timer to make a prompt election more likely
I0405 05:42:03.882630 3398 raft_consensus.cc:705] T 1a859fe5c96c45cbbae95f0c7c3d7206 P 1f47cd09f5484f14b00848e4d0df5edb [term 0 FOLLOWER]: Becoming Follower/Learner. State: Replica: 1f47cd09f5484f14b00848e4d0df5edb, State: Initialized, Role: FOLLOWER
I0405 05:42:03.882966 3398 consensus_queue.cc:229] T 1a859fe5c96c45cbbae95f0c7c3d7206 P 1f47cd09f5484f14b00848e4d0df5edb [NON_LEADER]: Queue going to NON_LEADER mode. State: All replicated index: 0, Majority replicated index: 0, Committed index: 0, Last appended: 0.0, Last appended by leader: 0, Current term: 0, Majority size: -1, State: 0, Mode: NON_LEADER, active raft config: opid_index: -1 OBSOLETE_local: true peers { permanent_uuid: "1f47cd09f5484f14b00848e4d0df5edb" member_type: VOTER last_known_addr { host: "127.0.59.1" port: 33883 } }
I0405 05:42:03.883293 3398 raft_consensus.cc:380] T 1a859fe5c96c45cbbae95f0c7c3d7206 P 1f47cd09f5484f14b00848e4d0df5edb [term 0 FOLLOWER]: Only one voter in the Raft config. Triggering election immediately
I0405 05:42:03.883417 3398 raft_consensus.cc:472] T 1a859fe5c96c45cbbae95f0c7c3d7206 P 1f47cd09f5484f14b00848e4d0df5edb [term 0 FOLLOWER]: Starting leader election (initial election of a single-replica configuration)
I0405 05:42:03.883558 3398 raft_consensus.cc:2886] T 1a859fe5c96c45cbbae95f0c7c3d7206 P 1f47cd09f5484f14b00848e4d0df5edb [term 0 FOLLOWER]: Advancing to term 1
I0405 05:42:03.886761 3398 raft_consensus.cc:494] T 1a859fe5c96c45cbbae95f0c7c3d7206 P 1f47cd09f5484f14b00848e4d0df5edb [term 1 FOLLOWER]: Starting leader election with config: opid_index: -1 OBSOLETE_local: true peers { permanent_uuid: "1f47cd09f5484f14b00848e4d0df5edb" member_type: VOTER last_known_addr { host: "127.0.59.1" port: 33883 } }
I0405 05:42:03.887171 3398 leader_election.cc:310] T 1a859fe5c96c45cbbae95f0c7c3d7206 P 1f47cd09f5484f14b00848e4d0df5edb [CANDIDATE]: Term 1 election: Election decided. Result: candidate won. Election summary: received 1 responses out of 1 voters: 1 yes votes; 0 no votes. yes voters: 1f47cd09f5484f14b00848e4d0df5edb; no voters:
I0405 05:42:03.887570 3398 leader_election.cc:296] T 1a859fe5c96c45cbbae95f0c7c3d7206 P 1f47cd09f5484f14b00848e4d0df5edb [CANDIDATE]: Term 1 election: Requested vote from peers
I0405 05:42:03.887701 3400 raft_consensus.cc:2640] T 1a859fe5c96c45cbbae95f0c7c3d7206 P 1f47cd09f5484f14b00848e4d0df5edb [term 1 FOLLOWER]: Leader election won for term 1
I0405 05:42:03.888147 3400 raft_consensus.cc:667] T 1a859fe5c96c45cbbae95f0c7c3d7206 P 1f47cd09f5484f14b00848e4d0df5edb [term 1 LEADER]: Becoming Leader. State: Replica: 1f47cd09f5484f14b00848e4d0df5edb, State: Running, Role: LEADER
I0405 05:42:03.888685 3398 ts_tablet_manager.cc:1081] T 1a859fe5c96c45cbbae95f0c7c3d7206 P 1f47cd09f5484f14b00848e4d0df5edb: Time spent starting tablet: real 0.008s user 0.008s sys 0.000s
I0405 05:42:03.888547 3400 consensus_queue.cc:206] T 1a859fe5c96c45cbbae95f0c7c3d7206 P 1f47cd09f5484f14b00848e4d0df5edb [LEADER]: Queue going to LEADER mode. State: All replicated index: 0, Majority replicated index: 0, Committed index: 0, Last appended: 0.0, Last appended by leader: 0, Current term: 1, Majority size: 1, State: 0, Mode: LEADER, active raft config: opid_index: -1 OBSOLETE_local: true peers { permanent_uuid: "1f47cd09f5484f14b00848e4d0df5edb" member_type: VOTER last_known_addr { host: "127.0.59.1" port: 33883 } }
I0405 05:42:03.892869 3215 catalog_manager.cc:3977] T 1a859fe5c96c45cbbae95f0c7c3d7206 P 1f47cd09f5484f14b00848e4d0df5edb reported cstate change: term changed from 0 to 1, leader changed from to 1f47cd09f5484f14b00848e4d0df5edb (127.0.59.1). New cstate: current_term: 1 leader_uuid: "1f47cd09f5484f14b00848e4d0df5edb" committed_config { opid_index: -1 OBSOLETE_local: true peers { permanent_uuid: "1f47cd09f5484f14b00848e4d0df5edb" member_type: VOTER last_known_addr { host: "127.0.59.1" port: 33883 } health_report { overall_health: HEALTHY } } }
I0405 05:42:03.903687 3215 catalog_manager.cc:1416] Servicing CreateTable request from {username='slave'} at 127.0.0.1:51726: name: "a.b!" schema { columns { name: "foo" type: INT32 is_key: true is_nullable: false encoding: AUTO_ENCODING compression: DEFAULT_COMPRESSION cfile_block_size: 0 } } num_replicas: 1 split_rows_range_bounds { } partition_schema { range_schema { columns { name: "foo" } } }
I0405 05:42:03.914010 3319 tablet_service.cc:1006] Processing CreateTablet for tablet 0268b7aba8e9463cb05c48be5d9d8952 (table=a.b! [id=b90f89546db44d6fadd6b3e8fb814577]), partition=RANGE (foo) PARTITION UNBOUNDED
I0405 05:42:03.914563 3319 data_dirs.cc:938] Could only allocate 1 dirs of requested 3 for tablet 0268b7aba8e9463cb05c48be5d9d8952. 1 dirs total, 0 dirs full, 0 dirs failed
I0405 05:42:03.922335 3398 tablet_bootstrap.cc:439] T 0268b7aba8e9463cb05c48be5d9d8952 P 1f47cd09f5484f14b00848e4d0df5edb: Bootstrap starting.
I0405 05:42:03.924652 3398 tablet_bootstrap.cc:590] T 0268b7aba8e9463cb05c48be5d9d8952 P 1f47cd09f5484f14b00848e4d0df5edb: No blocks or log segments found. Creating new log.
I0405 05:42:03.927605 3398 tablet_bootstrap.cc:439] T 0268b7aba8e9463cb05c48be5d9d8952 P 1f47cd09f5484f14b00848e4d0df5edb: No bootstrap required, opened a new log
I0405 05:42:03.927873 3398 ts_tablet_manager.cc:1053] T 0268b7aba8e9463cb05c48be5d9d8952 P 1f47cd09f5484f14b00848e4d0df5edb: Time spent bootstrapping tablet: real 0.006s user 0.004s sys 0.000s
I0405 05:42:03.929026 3398 raft_consensus.cc:340] T 0268b7aba8e9463cb05c48be5d9d8952 P 1f47cd09f5484f14b00848e4d0df5edb [term 0 FOLLOWER]: Replica starting. Triggering 0 pending transactions. Active config: opid_index: -1 OBSOLETE_local: true peers { permanent_uuid: "1f47cd09f5484f14b00848e4d0df5edb" member_type: VOTER last_known_addr { host: "127.0.59.1" port: 33883 } }
I0405 05:42:03.929358 3398 raft_consensus.cc:366] T 0268b7aba8e9463cb05c48be5d9d8952 P 1f47cd09f5484f14b00848e4d0df5edb [term 0 FOLLOWER]: Consensus starting up: Expiring failure detector timer to make a prompt election more likely
I0405 05:42:03.929497 3398 raft_consensus.cc:705] T 0268b7aba8e9463cb05c48be5d9d8952 P 1f47cd09f5484f14b00848e4d0df5edb [term 0 FOLLOWER]: Becoming Follower/Learner. State: Replica: 1f47cd09f5484f14b00848e4d0df5edb, State: Initialized, Role: FOLLOWER
I0405 05:42:03.929937 3398 consensus_queue.cc:229] T 0268b7aba8e9463cb05c48be5d9d8952 P 1f47cd09f5484f14b00848e4d0df5edb [NON_LEADER]: Queue going to NON_LEADER mode. State: All replicated index: 0, Majority replicated index: 0, Committed index: 0, Last appended: 0.0, Last appended by leader: 0, Current term: 0, Majority size: -1, State: 0, Mode: NON_LEADER, active raft config: opid_index: -1 OBSOLETE_local: true peers { permanent_uuid: "1f47cd09f5484f14b00848e4d0df5edb" member_type: VOTER last_known_addr { host: "127.0.59.1" port: 33883 } }
I0405 05:42:03.930371 3398 raft_consensus.cc:380] T 0268b7aba8e9463cb05c48be5d9d8952 P 1f47cd09f5484f14b00848e4d0df5edb [term 0 FOLLOWER]: Only one voter in the Raft config. Triggering election immediately
I0405 05:42:03.930506 3398 raft_consensus.cc:472] T 0268b7aba8e9463cb05c48be5d9d8952 P 1f47cd09f5484f14b00848e4d0df5edb [term 0 FOLLOWER]: Starting leader election (initial election of a single-replica configuration)
I0405 05:42:03.930670 3398 raft_consensus.cc:2886] T 0268b7aba8e9463cb05c48be5d9d8952 P 1f47cd09f5484f14b00848e4d0df5edb [term 0 FOLLOWER]: Advancing to term 1
I0405 05:42:03.933689 3398 raft_consensus.cc:494] T 0268b7aba8e9463cb05c48be5d9d8952 P 1f47cd09f5484f14b00848e4d0df5edb [term 1 FOLLOWER]: Starting leader election with config: opid_index: -1 OBSOLETE_local: true peers { permanent_uuid: "1f47cd09f5484f14b00848e4d0df5edb" member_type: VOTER last_known_addr { host: "127.0.59.1" port: 33883 } }
I0405 05:42:03.934211 3398 leader_election.cc:310] T 0268b7aba8e9463cb05c48be5d9d8952 P 1f47cd09f5484f14b00848e4d0df5edb [CANDIDATE]: Term 1 election: Election decided. Result: candidate won. Election summary: received 1 responses out of 1 voters: 1 yes votes; 0 no votes. yes voters: 1f47cd09f5484f14b00848e4d0df5edb; no voters:
I0405 05:42:03.934604 3398 leader_election.cc:296] T 0268b7aba8e9463cb05c48be5d9d8952 P 1f47cd09f5484f14b00848e4d0df5edb [CANDIDATE]: Term 1 election: Requested vote from peers
I0405 05:42:03.934728 3400 raft_consensus.cc:2640] T 0268b7aba8e9463cb05c48be5d9d8952 P 1f47cd09f5484f14b00848e4d0df5edb [term 1 FOLLOWER]: Leader election won for term 1
I0405 05:42:03.935055 3400 raft_consensus.cc:667] T 0268b7aba8e9463cb05c48be5d9d8952 P 1f47cd09f5484f14b00848e4d0df5edb [term 1 LEADER]: Becoming Leader. State: Replica: 1f47cd09f5484f14b00848e4d0df5edb, State: Running, Role: LEADER
I0405 05:42:03.935444 3398 ts_tablet_manager.cc:1081] T 0268b7aba8e9463cb05c48be5d9d8952 P 1f47cd09f5484f14b00848e4d0df5edb: Time spent starting tablet: real 0.007s user 0.007s sys 0.000s
I0405 05:42:03.935433 3400 consensus_queue.cc:206] T 0268b7aba8e9463cb05c48be5d9d8952 P 1f47cd09f5484f14b00848e4d0df5edb [LEADER]: Queue going to LEADER mode. State: All replicated index: 0, Majority replicated index: 0, Committed index: 0, Last appended: 0.0, Last appended by leader: 0, Current term: 1, Majority size: 1, State: 0, Mode: LEADER, active raft config: opid_index: -1 OBSOLETE_local: true peers { permanent_uuid: "1f47cd09f5484f14b00848e4d0df5edb" member_type: VOTER last_known_addr { host: "127.0.59.1" port: 33883 } }
I0405 05:42:03.939539 3215 catalog_manager.cc:3977] T 0268b7aba8e9463cb05c48be5d9d8952 P 1f47cd09f5484f14b00848e4d0df5edb reported cstate change: term changed from 0 to 1, leader changed from to 1f47cd09f5484f14b00848e4d0df5edb (127.0.59.1). New cstate: current_term: 1 leader_uuid: "1f47cd09f5484f14b00848e4d0df5edb" committed_config { opid_index: -1 OBSOLETE_local: true peers { permanent_uuid: "1f47cd09f5484f14b00848e4d0df5edb" member_type: VOTER last_known_addr { host: "127.0.59.1" port: 33883 } health_report { overall_health: HEALTHY } } }
I0405 05:42:03.950078 3215 catalog_manager.cc:1416] Servicing CreateTable request from {username='slave'} at 127.0.0.1:51726: name: "A.B!" schema { columns { name: "foo" type: INT32 is_key: true is_nullable: false encoding: AUTO_ENCODING compression: DEFAULT_COMPRESSION cfile_block_size: 0 } } num_replicas: 1 split_rows_range_bounds { } partition_schema { range_schema { columns { name: "foo" } } }
I0405 05:42:03.960249 3319 tablet_service.cc:1006] Processing CreateTablet for tablet 85d1fd8a04b34c63b83731a43406c3e2 (table=A.B! [id=6419ae1fd53c4574aa1796680da63b20]), partition=RANGE (foo) PARTITION UNBOUNDED
I0405 05:42:03.960889 3319 data_dirs.cc:938] Could only allocate 1 dirs of requested 3 for tablet 85d1fd8a04b34c63b83731a43406c3e2. 1 dirs total, 0 dirs full, 0 dirs failed
I0405 05:42:03.968600 3398 tablet_bootstrap.cc:439] T 85d1fd8a04b34c63b83731a43406c3e2 P 1f47cd09f5484f14b00848e4d0df5edb: Bootstrap starting.
I0405 05:42:03.971210 3398 tablet_bootstrap.cc:590] T 85d1fd8a04b34c63b83731a43406c3e2 P 1f47cd09f5484f14b00848e4d0df5edb: No blocks or log segments found. Creating new log.
I0405 05:42:03.974058 3398 tablet_bootstrap.cc:439] T 85d1fd8a04b34c63b83731a43406c3e2 P 1f47cd09f5484f14b00848e4d0df5edb: No bootstrap required, opened a new log
I0405 05:42:03.974325 3398 ts_tablet_manager.cc:1053] T 85d1fd8a04b34c63b83731a43406c3e2 P 1f47cd09f5484f14b00848e4d0df5edb: Time spent bootstrapping tablet: real 0.006s user 0.001s sys 0.004s
I0405 05:42:03.975567 3398 raft_consensus.cc:340] T 85d1fd8a04b34c63b83731a43406c3e2 P 1f47cd09f5484f14b00848e4d0df5edb [term 0 FOLLOWER]: Replica starting. Triggering 0 pending transactions. Active config: opid_index: -1 OBSOLETE_local: true peers { permanent_uuid: "1f47cd09f5484f14b00848e4d0df5edb" member_type: VOTER last_known_addr { host: "127.0.59.1" port: 33883 } }
I0405 05:42:03.975905 3398 raft_consensus.cc:366] T 85d1fd8a04b34c63b83731a43406c3e2 P 1f47cd09f5484f14b00848e4d0df5edb [term 0 FOLLOWER]: Consensus starting up: Expiring failure detector timer to make a prompt election more likely
I0405 05:42:03.976054 3398 raft_consensus.cc:705] T 85d1fd8a04b34c63b83731a43406c3e2 P 1f47cd09f5484f14b00848e4d0df5edb [term 0 FOLLOWER]: Becoming Follower/Learner. State: Replica: 1f47cd09f5484f14b00848e4d0df5edb, State: Initialized, Role: FOLLOWER
I0405 05:42:03.976349 3398 consensus_queue.cc:229] T 85d1fd8a04b34c63b83731a43406c3e2 P 1f47cd09f5484f14b00848e4d0df5edb [NON_LEADER]: Queue going to NON_LEADER mode. State: All replicated index: 0, Majority replicated index: 0, Committed index: 0, Last appended: 0.0, Last appended by leader: 0, Current term: 0, Majority size: -1, State: 0, Mode: NON_LEADER, active raft config: opid_index: -1 OBSOLETE_local: true peers { permanent_uuid: "1f47cd09f5484f14b00848e4d0df5edb" member_type: VOTER last_known_addr { host: "127.0.59.1" port: 33883 } }
I0405 05:42:03.976671 3398 raft_consensus.cc:380] T 85d1fd8a04b34c63b83731a43406c3e2 P 1f47cd09f5484f14b00848e4d0df5edb [term 0 FOLLOWER]: Only one voter in the Raft config. Triggering election immediately
I0405 05:42:03.976796 3398 raft_consensus.cc:472] T 85d1fd8a04b34c63b83731a43406c3e2 P 1f47cd09f5484f14b00848e4d0df5edb [term 0 FOLLOWER]: Starting leader election (initial election of a single-replica configuration)
I0405 05:42:03.976944 3398 raft_consensus.cc:2886] T 85d1fd8a04b34c63b83731a43406c3e2 P 1f47cd09f5484f14b00848e4d0df5edb [term 0 FOLLOWER]: Advancing to term 1
I0405 05:42:03.979871 3398 raft_consensus.cc:494] T 85d1fd8a04b34c63b83731a43406c3e2 P 1f47cd09f5484f14b00848e4d0df5edb [term 1 FOLLOWER]: Starting leader election with config: opid_index: -1 OBSOLETE_local: true peers { permanent_uuid: "1f47cd09f5484f14b00848e4d0df5edb" member_type: VOTER last_known_addr { host: "127.0.59.1" port: 33883 } }
I0405 05:42:03.980355 3398 leader_election.cc:310] T 85d1fd8a04b34c63b83731a43406c3e2 P 1f47cd09f5484f14b00848e4d0df5edb [CANDIDATE]: Term 1 election: Election decided. Result: candidate won. Election summary: received 1 responses out of 1 voters: 1 yes votes; 0 no votes. yes voters: 1f47cd09f5484f14b00848e4d0df5edb; no voters:
I0405 05:42:03.980726 3398 leader_election.cc:296] T 85d1fd8a04b34c63b83731a43406c3e2 P 1f47cd09f5484f14b00848e4d0df5edb [CANDIDATE]: Term 1 election: Requested vote from peers
I0405 05:42:03.980852 3400 raft_consensus.cc:2640] T 85d1fd8a04b34c63b83731a43406c3e2 P 1f47cd09f5484f14b00848e4d0df5edb [term 1 FOLLOWER]: Leader election won for term 1
I0405 05:42:03.981194 3400 raft_consensus.cc:667] T 85d1fd8a04b34c63b83731a43406c3e2 P 1f47cd09f5484f14b00848e4d0df5edb [term 1 LEADER]: Becoming Leader. State: Replica: 1f47cd09f5484f14b00848e4d0df5edb, State: Running, Role: LEADER
I0405 05:42:03.981674 3398 ts_tablet_manager.cc:1081] T 85d1fd8a04b34c63b83731a43406c3e2 P 1f47cd09f5484f14b00848e4d0df5edb: Time spent starting tablet: real 0.007s user 0.007s sys 0.000s
I0405 05:42:03.981561 3400 consensus_queue.cc:206] T 85d1fd8a04b34c63b83731a43406c3e2 P 1f47cd09f5484f14b00848e4d0df5edb [LEADER]: Queue going to LEADER mode. State: All replicated index: 0, Majority replicated index: 0, Committed index: 0, Last appended: 0.0, Last appended by leader: 0, Current term: 1, Majority size: 1, State: 0, Mode: LEADER, active raft config: opid_index: -1 OBSOLETE_local: true peers { permanent_uuid: "1f47cd09f5484f14b00848e4d0df5edb" member_type: VOTER last_known_addr { host: "127.0.59.1" port: 33883 } }
I0405 05:42:03.985476 3215 catalog_manager.cc:3977] T 85d1fd8a04b34c63b83731a43406c3e2 P 1f47cd09f5484f14b00848e4d0df5edb reported cstate change: term changed from 0 to 1, leader changed from to 1f47cd09f5484f14b00848e4d0df5edb (127.0.59.1). New cstate: current_term: 1 leader_uuid: "1f47cd09f5484f14b00848e4d0df5edb" committed_config { opid_index: -1 OBSOLETE_local: true peers { permanent_uuid: "1f47cd09f5484f14b00848e4d0df5edb" member_type: VOTER last_known_addr { host: "127.0.59.1" port: 33883 } health_report { overall_health: HEALTHY } } }
I0405 05:42:06.550732 3215 catalog_manager.cc:2314] Servicing AlterTable request from {username='slave'} at 127.0.0.1:51732: table { table_name: "FOO.bar" } new_table_name: "foo.bar2" modify_external_catalogs: true
I0405 05:42:06.575786 3452 tablet.cc:1269] T 34167c1783a54a0aabae8c84200108c3 P 1f47cd09f5484f14b00848e4d0df5edb: Alter schema from ( 10:foo INT32 NOT NULL, PRIMARY KEY (foo) ) version 0 to ( 10:foo INT32 NOT NULL, PRIMARY KEY (foo) ) version 1
I0405 05:42:06.587666 3215 catalog_manager.cc:4423] T 00000000000000000000000000000000 P 55c5b0b3a0b64545810b61836985798e: foo.bar2 [id=da7cb7b87c234d45b5d9e60b9ee98de4] alter complete (version 1)
W0405 05:42:06.726406 3201 debug-util.cc:397] Leaking SignalData structure 0x7b08000290a0 after lost signal to thread 3189
I0405 05:42:08.327495 3215 catalog_manager.cc:2314] Servicing AlterTable request from {username='slave'} at 127.0.0.1:51734: table { table_name: "foo.BAR" } new_table_name: "foo.bar3" modify_external_catalogs: true
I0405 05:42:08.341130 3473 tablet.cc:1269] T 2bf3cff34de740a78a567b70a7c744b8 P 1f47cd09f5484f14b00848e4d0df5edb: Alter schema from ( 10:foo INT32 NOT NULL, PRIMARY KEY (foo) ) version 0 to ( 10:foo INT32 NOT NULL, PRIMARY KEY (foo) ) version 1
I0405 05:42:08.352619 3215 catalog_manager.cc:4423] T 00000000000000000000000000000000 P 55c5b0b3a0b64545810b61836985798e: foo.bar3 [id=7c4b983d0b8d465f9c80b05478b28a1a] alter complete (version 1)
I0405 05:42:11.128908 236 external_mini_cluster.cc:1131] Killing /tmp/dist-test-taskvH0aH1/build/tsan/bin/kudu-master with pid 3188
I0405 05:42:11.149930 236 external_mini_cluster.cc:933] Running /tmp/dist-test-taskvH0aH1/build/tsan/bin/kudu-master /tmp/dist-test-taskvH0aH1/build/tsan/bin/kudu-master --fs_wal_dir=/tmp/dist-test-taskvH0aH1/test-tmp/kudu-tool-test.0.ToolTest.TestHmsPrecheck.1554442812470121-236/minicluster-data/master-0/wal --fs_data_dirs=/tmp/dist-test-taskvH0aH1/test-tmp/kudu-tool-test.0.ToolTest.TestHmsPrecheck.1554442812470121-236/minicluster-data/master-0/data --block_manager=log --webserver_interface=localhost --ipki_ca_key_size=1024 --tsk_num_rsa_bits=512 --rpc_bind_addresses=127.0.59.62:36859 --webserver_interface=127.0.59.62 --webserver_port=35303 --never_fsync --ipki_server_key_size=1024 --enable_minidumps=false --redact=none --metrics_log_interval_ms=1000 --logtostderr --logbuflevel=-1 --log_dir=/tmp/dist-test-taskvH0aH1/test-tmp/kudu-tool-test.0.ToolTest.TestHmsPrecheck.1554442812470121-236/minicluster-data/master-0/logs --server_dump_info_path=/tmp/dist-test-taskvH0aH1/test-tmp/kudu-tool-test.0.ToolTest.TestHmsPrecheck.1554442812470121-236/minicluster-data/master-0/data/info.pb --server_dump_info_format=pb --rpc_server_allow_ephemeral_ports --unlock_experimental_flags --unlock_unsafe_flags --rpc_reuseport=true --hive_metastore_uris=thrift://127.0.0.1:41253 --hive_metastore_sasl_enabled=false with env {} WARNING: Logging before InitGoogleLogging() is written to STDERR
W0405 05:42:11.309095 3487 flags.cc:406] Enabled unsafe flag: --rpc_server_allow_ephemeral_ports=true
W0405 05:42:11.309661 3487 flags.cc:406] Enabled unsafe flag: --never_fsync=true
W0405 05:42:11.321552 3487 flags.cc:406] Enabled experimental flag: --hive_metastore_sasl_enabled=false
W0405 05:42:11.321703 3487 flags.cc:406] Enabled experimental flag: --hive_metastore_uris=thrift://127.0.0.1:41253
W0405 05:42:11.321853 3487 flags.cc:406] Enabled experimental flag: --ipki_ca_key_size=1024
W0405 05:42:11.321981 3487 flags.cc:406] Enabled experimental flag: --ipki_server_key_size=1024
W0405 05:42:11.322089 3487 flags.cc:406] Enabled experimental flag: --tsk_num_rsa_bits=512
W0405 05:42:11.322227 3487 flags.cc:406] Enabled experimental flag: --rpc_reuseport=true
