I0405 05:43:38.960937 6432 tablet_server_main.cc:78] Tablet server non-default flags: --raft_prepare_replacement_before_eviction=false --fs_data_dirs=/tmp/dist-test-taskvH0aH1/test-tmp/kudu-tool-test.0.Is343ReplicaUtilTest.Is343Cluster_0.1554442812470121-236/minicluster-data/ts-2/data --fs_wal_dir=/tmp/dist-test-taskvH0aH1/test-tmp/kudu-tool-test.0.Is343ReplicaUtilTest.Is343Cluster_0.1554442812470121-236/minicluster-data/ts-2/wal --ipki_server_key_size=1024 --rpc_bind_addresses=127.0.59.3:0 --rpc_server_allow_ephemeral_ports=true --metrics_log_interval_ms=1000 --server_dump_info_format=pb --server_dump_info_path=/tmp/dist-test-taskvH0aH1/test-tmp/kudu-tool-test.0.Is343ReplicaUtilTest.Is343Cluster_0.1554442812470121-236/minicluster-data/ts-2/data/info.pb --webserver_interface=127.0.59.3 --webserver_port=0 --tserver_master_addrs=127.0.59.62:34157 --never_fsync=true --redact=none --unlock_experimental_flags=true --unlock_unsafe_flags=true --enable_minidumps=false --local_ip_for_outbound_sockets=127.0.59.3 --log_dir=/tmp/dist-test-taskvH0aH1/test-tmp/kudu-tool-test.0.Is343ReplicaUtilTest.Is343Cluster_0.1554442812470121-236/minicluster-data/ts-2/logs --logbuflevel=-1 --logtostderr=true Tablet server version: kudu 1.10.0-cdh6.x-SNAPSHOT revision 7a1df1a09f5ce1f3a0bcbb40f71d73b44044f2bc build type FASTDEBUG built by jenkins at 04 Apr 2019 22:07:29 PST on quasar-byykkt-1.vpc.cloudera.com build id 304242 TSAN enabled
I0405 05:43:38.978521 6432 system_ntp.cc:199] NTP initialized. Skew: 500ppm Current error: 123016us
I0405 05:43:38.979048 6432 fs_manager.cc:263] Metadata directory not provided
I0405 05:43:38.979166 6432 fs_manager.cc:269] Using write-ahead log directory (fs_wal_dir) as metadata directory
I0405 05:43:38.979403 6432 server_base.cc:433] Could not load existing FS layout: Not found: could not find a healthy instance file
I0405 05:43:38.979512 6432 server_base.cc:434] Attempting to create new FS layout instead
I0405 05:43:38.982626 6432 fs_manager.cc:602] Generated new instance metadata in path /tmp/dist-test-taskvH0aH1/test-tmp/kudu-tool-test.0.Is343ReplicaUtilTest.Is343Cluster_0.1554442812470121-236/minicluster-data/ts-2/data/instance: uuid: "8f12c612e2df47adb1290b03b8ef052d" format_stamp: "Formatted at 2019-04-05 05:43:38 on dist-test-slave-dist-test-slave-bl6s"
I0405 05:43:38.983371 6432 fs_manager.cc:602] Generated new instance metadata in path /tmp/dist-test-taskvH0aH1/test-tmp/kudu-tool-test.0.Is343ReplicaUtilTest.Is343Cluster_0.1554442812470121-236/minicluster-data/ts-2/wal/instance: uuid: "8f12c612e2df47adb1290b03b8ef052d" format_stamp: "Formatted at 2019-04-05 05:43:38 on dist-test-slave-dist-test-slave-bl6s"
I0405 05:43:38.993829 6432 fs_manager.cc:503] Time spent creating directory manager: real 0.010s user 0.010s sys 0.001s
I0405 05:43:38.995093 6432 env_posix.cc:1676] Not raising this process' open files per process limit of 1048576; it is already as high as it can go
I0405 05:43:38.995652 6432 file_cache.cc:466] Constructed file cache lbm with capacity 419430
I0405 05:43:39.002728 6432 fs_manager.cc:419] Time spent opening block manager: real 0.002s user 0.001s sys 0.000s
I0405 05:43:39.002851 6432 fs_manager.cc:436] Opened local filesystem: /tmp/dist-test-taskvH0aH1/test-tmp/kudu-tool-test.0.Is343ReplicaUtilTest.Is343Cluster_0.1554442812470121-236/minicluster-data/ts-2/data,/tmp/dist-test-taskvH0aH1/test-tmp/kudu-tool-test.0.Is343ReplicaUtilTest.Is343Cluster_0.1554442812470121-236/minicluster-data/ts-2/wal uuid: "8f12c612e2df47adb1290b03b8ef052d" format_stamp: "Formatted at 2019-04-05 05:43:38 on dist-test-slave-dist-test-slave-bl6s"
I0405 05:43:39.003060 6432 fs_report.cc:352] FS layout report -------------------- wal directory: /tmp/dist-test-taskvH0aH1/test-tmp/kudu-tool-test.0.Is343ReplicaUtilTest.Is343Cluster_0.1554442812470121-236/minicluster-data/ts-2/wal metadata directory: /tmp/dist-test-taskvH0aH1/test-tmp/kudu-tool-test.0.Is343ReplicaUtilTest.Is343Cluster_0.1554442812470121-236/minicluster-data/ts-2/wal 1 data directories: /tmp/dist-test-taskvH0aH1/test-tmp/kudu-tool-test.0.Is343ReplicaUtilTest.Is343Cluster_0.1554442812470121-236/minicluster-data/ts-2/data/data Total live blocks: 0 Total live bytes: 0 Total live bytes (after alignment): 0 Total number of LBM containers: 0 (0 full) Did not check for missing blocks Did not check for orphaned blocks Total full LBM containers with extra space: 0 (0 repaired) Total full LBM container extra space in bytes: 0 (0 repaired) Total incomplete LBM containers: 0 (0 repaired) Total LBM partial records: 0 (0 repaired)
W0405 05:43:39.543828 6432 thread.cc:599] rpc reactor (reactor) Time spent creating pthread: real 0.518s user 0.104s sys 0.411s
W0405 05:43:39.544028 6432 thread.cc:566] rpc reactor (reactor) Time spent starting thread: real 0.518s user 0.104s sys 0.411s
I0405 05:43:39.570163 6432 env_posix.cc:1676] Not raising this process' running threads per effective uid limit of 18446744073709551615; it is already as high as it can go
I0405 05:43:39.573647 6432 ts_tablet_manager.cc:356] Loaded tablet metadata (0 total tablets, 0 live tablets)
I0405 05:43:39.573801 6432 ts_tablet_manager.cc:376] Registered 0 tablets
I0405 05:43:39.721901 6432 rpc_server.cc:205] RPC server started. Bound to: 127.0.59.3:43599
I0405 05:43:39.724239 6432 webserver.cc:308] Webserver started at http://127.0.59.3:36783/ using document root and password file
I0405 05:43:39.725049 6432 server_base.cc:608] Dumped server information to /tmp/dist-test-taskvH0aH1/test-tmp/kudu-tool-test.0.Is343ReplicaUtilTest.Is343Cluster_0.1554442812470121-236/minicluster-data/ts-2/data/info.pb
I0405 05:43:39.730250 236 external_mini_cluster.cc:995] Started /tmp/dist-test-taskvH0aH1/build/tsan/bin/kudu-tserver as pid 6432
I0405 05:43:39.751287 6553 heartbeater.cc:345] Connected to a master server at 127.0.59.62:34157
I0405 05:43:39.751602 6553 heartbeater.cc:426] Registering TS with master...
I0405 05:43:39.752171 6553 heartbeater.cc:475] Master 127.0.59.62:34157 requested a full tablet report, sending...
I0405 05:43:39.753439 6138 ts_manager.cc:159] Registered new tserver with Master: 8f12c612e2df47adb1290b03b8ef052d (127.0.59.3:43599)
I0405 05:43:39.754849 6138 master_service.cc:271] Signed X509 certificate for tserver {username='slave'} at 127.0.59.3:34979
I0405 05:43:39.754961 236 external_mini_cluster.cc:623] 3 TS(s) registered with all masters
I0405 05:43:39.795296 236 test_util.cc:212] Using random seed: -133907647
I0405 05:43:39.812851 6428 heartbeater.cc:467] Master 127.0.59.62:34157 was elected leader, sending a full tablet report...
I0405 05:43:39.809434 6138 catalog_manager.cc:1416] Servicing CreateTable request from {username='slave'} at 127.0.0.1:37374: name: "is_343_test_table" schema { columns { name: "key" type: INT32 is_key: true is_nullable: false encoding: AUTO_ENCODING compression: DEFAULT_COMPRESSION cfile_block_size: 0 } columns { name: "int_val" type: INT32 is_key: false is_nullable: false encoding: AUTO_ENCODING compression: DEFAULT_COMPRESSION cfile_block_size: 0 } columns { name: "string_val" type: STRING is_key: false is_nullable: true encoding: AUTO_ENCODING compression: DEFAULT_COMPRESSION cfile_block_size: 0 } } num_replicas: 3 split_rows_range_bounds { } partition_schema { range_schema { columns { name: "key" } } }
I0405 05:43:39.859336 6365 tablet_service.cc:1006] Processing CreateTablet for tablet 0362355168ce4923a6a0466b4b7444e5 (table=is_343_test_table [id=97f8ebd618fd4ea29ec8bbc314e09f0b]), partition=RANGE (key) PARTITION UNBOUNDED
I0405 05:43:39.860461 6365 data_dirs.cc:938] Could only allocate 1 dirs of requested 3 for tablet 0362355168ce4923a6a0466b4b7444e5. 1 dirs total, 0 dirs full, 0 dirs failed
I0405 05:43:39.862808 6240 tablet_service.cc:1006] Processing CreateTablet for tablet 0362355168ce4923a6a0466b4b7444e5 (table=is_343_test_table [id=97f8ebd618fd4ea29ec8bbc314e09f0b]), partition=RANGE (key) PARTITION UNBOUNDED
I0405 05:43:39.863304 6490 tablet_service.cc:1006] Processing CreateTablet for tablet 0362355168ce4923a6a0466b4b7444e5 (table=is_343_test_table [id=97f8ebd618fd4ea29ec8bbc314e09f0b]), partition=RANGE (key) PARTITION UNBOUNDED
I0405 05:43:39.863930 6240 data_dirs.cc:938] Could only allocate 1 dirs of requested 3 for tablet 0362355168ce4923a6a0466b4b7444e5. 1 dirs total, 0 dirs full, 0 dirs failed
I0405 05:43:39.864240 6490 data_dirs.cc:938] Could only allocate 1 dirs of requested 3 for tablet 0362355168ce4923a6a0466b4b7444e5. 1 dirs total, 0 dirs full, 0 dirs failed
I0405 05:43:39.878063 6584 tablet_bootstrap.cc:439] T 0362355168ce4923a6a0466b4b7444e5 P 4099cfa2b0a1437ca9b705157731ba47: Bootstrap starting.
I0405 05:43:39.880738 6584 tablet_bootstrap.cc:590] T 0362355168ce4923a6a0466b4b7444e5 P 4099cfa2b0a1437ca9b705157731ba47: No blocks or log segments found. Creating new log.
I0405 05:43:39.882174 6584 log.cc:525] T 0362355168ce4923a6a0466b4b7444e5 P 4099cfa2b0a1437ca9b705157731ba47: Log is configured to *not* fsync() on all Append() calls
I0405 05:43:39.884811 6586 tablet_bootstrap.cc:439] T 0362355168ce4923a6a0466b4b7444e5 P 8f12c612e2df47adb1290b03b8ef052d: Bootstrap starting.
I0405 05:43:39.886695 6587 tablet_bootstrap.cc:439] T 0362355168ce4923a6a0466b4b7444e5 P f456ef0f7f2040fdaa50c9f66f62a9f3: Bootstrap starting.
I0405 05:43:39.891922 6586 tablet_bootstrap.cc:590] T 0362355168ce4923a6a0466b4b7444e5 P 8f12c612e2df47adb1290b03b8ef052d: No blocks or log segments found. Creating new log.
I0405 05:43:39.893378 6586 log.cc:525] T 0362355168ce4923a6a0466b4b7444e5 P 8f12c612e2df47adb1290b03b8ef052d: Log is configured to *not* fsync() on all Append() calls
I0405 05:43:39.893985 6587 tablet_bootstrap.cc:590] T 0362355168ce4923a6a0466b4b7444e5 P f456ef0f7f2040fdaa50c9f66f62a9f3: No blocks or log segments found. Creating new log.
I0405 05:43:39.895390 6584 tablet_bootstrap.cc:439] T 0362355168ce4923a6a0466b4b7444e5 P 4099cfa2b0a1437ca9b705157731ba47: No bootstrap required, opened a new log
I0405 05:43:39.895470 6587 log.cc:525] T 0362355168ce4923a6a0466b4b7444e5 P f456ef0f7f2040fdaa50c9f66f62a9f3: Log is configured to *not* fsync() on all Append() calls
I0405 05:43:39.895846 6584 ts_tablet_manager.cc:1053] T 0362355168ce4923a6a0466b4b7444e5 P 4099cfa2b0a1437ca9b705157731ba47: Time spent bootstrapping tablet: real 0.018s user 0.007s sys 0.000s
I0405 05:43:39.898762 6587 tablet_bootstrap.cc:439] T 0362355168ce4923a6a0466b4b7444e5 P f456ef0f7f2040fdaa50c9f66f62a9f3: No bootstrap required, opened a new log
I0405 05:43:39.899173 6587 ts_tablet_manager.cc:1053] T 0362355168ce4923a6a0466b4b7444e5 P f456ef0f7f2040fdaa50c9f66f62a9f3: Time spent bootstrapping tablet: real 0.013s user 0.006s sys 0.000s
I0405 05:43:39.899425 6586 tablet_bootstrap.cc:439] T 0362355168ce4923a6a0466b4b7444e5 P 8f12c612e2df47adb1290b03b8ef052d: No bootstrap required, opened a new log
I0405 05:43:39.899778 6586 ts_tablet_manager.cc:1053] T 0362355168ce4923a6a0466b4b7444e5 P 8f12c612e2df47adb1290b03b8ef052d: Time spent bootstrapping tablet: real 0.015s user 0.000s sys 0.007s
I0405 05:43:39.911872 6586 raft_consensus.cc:340] T 0362355168ce4923a6a0466b4b7444e5 P 8f12c612e2df47adb1290b03b8ef052d [term 0 FOLLOWER]: Replica starting. Triggering 0 pending transactions. Active config: opid_index: -1 OBSOLETE_local: false peers { permanent_uuid: "4099cfa2b0a1437ca9b705157731ba47" member_type: VOTER last_known_addr { host: "127.0.59.2" port: 43663 } } peers { permanent_uuid: "f456ef0f7f2040fdaa50c9f66f62a9f3" member_type: VOTER last_known_addr { host: "127.0.59.1" port: 34351 } } peers { permanent_uuid: "8f12c612e2df47adb1290b03b8ef052d" member_type: VOTER last_known_addr { host: "127.0.59.3" port: 43599 } }
I0405 05:43:39.912747 6586 raft_consensus.cc:366] T 0362355168ce4923a6a0466b4b7444e5 P 8f12c612e2df47adb1290b03b8ef052d [term 0 FOLLOWER]: Consensus starting up: Expiring failure detector timer to make a prompt election more likely
I0405 05:43:39.912952 6586 raft_consensus.cc:705] T 0362355168ce4923a6a0466b4b7444e5 P 8f12c612e2df47adb1290b03b8ef052d [term 0 FOLLOWER]: Becoming Follower/Learner. State: Replica: 8f12c612e2df47adb1290b03b8ef052d, State: Initialized, Role: FOLLOWER
I0405 05:43:39.913158 6584 raft_consensus.cc:340] T 0362355168ce4923a6a0466b4b7444e5 P 4099cfa2b0a1437ca9b705157731ba47 [term 0 FOLLOWER]: Replica starting. Triggering 0 pending transactions. Active config: opid_index: -1 OBSOLETE_local: false peers { permanent_uuid: "4099cfa2b0a1437ca9b705157731ba47" member_type: VOTER last_known_addr { host: "127.0.59.2" port: 43663 } } peers { permanent_uuid: "f456ef0f7f2040fdaa50c9f66f62a9f3" member_type: VOTER last_known_addr { host: "127.0.59.1" port: 34351 } } peers { permanent_uuid: "8f12c612e2df47adb1290b03b8ef052d" member_type: VOTER last_known_addr { host: "127.0.59.3" port: 43599 } }
I0405 05:43:39.914016 6584 raft_consensus.cc:366] T 0362355168ce4923a6a0466b4b7444e5 P 4099cfa2b0a1437ca9b705157731ba47 [term 0 FOLLOWER]: Consensus starting up: Expiring failure detector timer to make a prompt election more likely
I0405 05:43:39.913691 6586 consensus_queue.cc:229] T 0362355168ce4923a6a0466b4b7444e5 P 8f12c612e2df47adb1290b03b8ef052d [NON_LEADER]: Queue going to NON_LEADER mode. State: All replicated index: 0, Majority replicated index: 0, Committed index: 0, Last appended: 0.0, Last appended by leader: 0, Current term: 0, Majority size: -1, State: 0, Mode: NON_LEADER, active raft config: opid_index: -1 OBSOLETE_local: false peers { permanent_uuid: "4099cfa2b0a1437ca9b705157731ba47" member_type: VOTER last_known_addr { host: "127.0.59.2" port: 43663 } } peers { permanent_uuid: "f456ef0f7f2040fdaa50c9f66f62a9f3" member_type: VOTER last_known_addr { host: "127.0.59.1" port: 34351 } } peers { permanent_uuid: "8f12c612e2df47adb1290b03b8ef052d" member_type: VOTER last_known_addr { host: "127.0.59.3" port: 43599 } }
I0405 05:43:39.914243 6584 raft_consensus.cc:705] T 0362355168ce4923a6a0466b4b7444e5 P 4099cfa2b0a1437ca9b705157731ba47 [term 0 FOLLOWER]: Becoming Follower/Learner. State: Replica: 4099cfa2b0a1437ca9b705157731ba47, State: Initialized, Role: FOLLOWER
I0405 05:43:39.914853 6584 consensus_queue.cc:229] T 0362355168ce4923a6a0466b4b7444e5 P 4099cfa2b0a1437ca9b705157731ba47 [NON_LEADER]: Queue going to NON_LEADER mode. State: All replicated index: 0, Majority replicated index: 0, Committed index: 0, Last appended: 0.0, Last appended by leader: 0, Current term: 0, Majority size: -1, State: 0, Mode: NON_LEADER, active raft config: opid_index: -1 OBSOLETE_local: false peers { permanent_uuid: "4099cfa2b0a1437ca9b705157731ba47" member_type: VOTER last_known_addr { host: "127.0.59.2" port: 43663 } } peers { permanent_uuid: "f456ef0f7f2040fdaa50c9f66f62a9f3" member_type: VOTER last_known_addr { host: "127.0.59.1" port: 34351 } } peers { permanent_uuid: "8f12c612e2df47adb1290b03b8ef052d" member_type: VOTER last_known_addr { host: "127.0.59.3" port: 43599 } }
I0405 05:43:39.916210 6553 heartbeater.cc:467] Master 127.0.59.62:34157 was elected leader, sending a full tablet report...
I0405 05:43:39.917783 6586 ts_tablet_manager.cc:1081] T 0362355168ce4923a6a0466b4b7444e5 P 8f12c612e2df47adb1290b03b8ef052d: Time spent starting tablet: real 0.018s user 0.010s sys 0.007s
I0405 05:43:39.919759 6584 ts_tablet_manager.cc:1081] T 0362355168ce4923a6a0466b4b7444e5 P 4099cfa2b0a1437ca9b705157731ba47: Time spent starting tablet: real 0.024s user 0.023s sys 0.000s
I0405 05:43:39.919811 6587 raft_consensus.cc:340] T 0362355168ce4923a6a0466b4b7444e5 P f456ef0f7f2040fdaa50c9f66f62a9f3 [term 0 FOLLOWER]: Replica starting. Triggering 0 pending transactions. Active config: opid_index: -1 OBSOLETE_local: false peers { permanent_uuid: "4099cfa2b0a1437ca9b705157731ba47" member_type: VOTER last_known_addr { host: "127.0.59.2" port: 43663 } } peers { permanent_uuid: "f456ef0f7f2040fdaa50c9f66f62a9f3" member_type: VOTER last_known_addr { host: "127.0.59.1" port: 34351 } } peers { permanent_uuid: "8f12c612e2df47adb1290b03b8ef052d" member_type: VOTER last_known_addr { host: "127.0.59.3" port: 43599 } }
I0405 05:43:39.920665 6587 raft_consensus.cc:366] T 0362355168ce4923a6a0466b4b7444e5 P f456ef0f7f2040fdaa50c9f66f62a9f3 [term 0 FOLLOWER]: Consensus starting up: Expiring failure detector timer to make a prompt election more likely
I0405 05:43:39.921145 6587 raft_consensus.cc:705] T 0362355168ce4923a6a0466b4b7444e5 P f456ef0f7f2040fdaa50c9f66f62a9f3 [term 0 FOLLOWER]: Becoming Follower/Learner. State: Replica: f456ef0f7f2040fdaa50c9f66f62a9f3, State: Initialized, Role: FOLLOWER
I0405 05:43:39.921931 6587 consensus_queue.cc:229] T 0362355168ce4923a6a0466b4b7444e5 P f456ef0f7f2040fdaa50c9f66f62a9f3 [NON_LEADER]: Queue going to NON_LEADER mode. State: All replicated index: 0, Majority replicated index: 0, Committed index: 0, Last appended: 0.0, Last appended by leader: 0, Current term: 0, Majority size: -1, State: 0, Mode: NON_LEADER, active raft config: opid_index: -1 OBSOLETE_local: false peers { permanent_uuid: "4099cfa2b0a1437ca9b705157731ba47" member_type: VOTER last_known_addr { host: "127.0.59.2" port: 43663 } } peers { permanent_uuid: "f456ef0f7f2040fdaa50c9f66f62a9f3" member_type: VOTER last_known_addr { host: "127.0.59.1" port: 34351 } } peers { permanent_uuid: "8f12c612e2df47adb1290b03b8ef052d" member_type: VOTER last_known_addr { host: "127.0.59.3" port: 43599 } }
I0405 05:43:39.924799 6587 ts_tablet_manager.cc:1081] T 0362355168ce4923a6a0466b4b7444e5 P f456ef0f7f2040fdaa50c9f66f62a9f3: Time spent starting tablet: real 0.025s user 0.018s sys 0.008s
I0405 05:43:39.973429 6590 raft_consensus.cc:472] T 0362355168ce4923a6a0466b4b7444e5 P 8f12c612e2df47adb1290b03b8ef052d [term 0 FOLLOWER]: Starting pre-election (no leader contacted us within the election timeout)
I0405 05:43:40.051496 6590 raft_consensus.cc:494] T 0362355168ce4923a6a0466b4b7444e5 P 8f12c612e2df47adb1290b03b8ef052d [term 0 FOLLOWER]: Starting pre-election with config: opid_index: -1 OBSOLETE_local: false peers { permanent_uuid: "4099cfa2b0a1437ca9b705157731ba47" member_type: VOTER last_known_addr { host: "127.0.59.2" port: 43663 } } peers { permanent_uuid: "f456ef0f7f2040fdaa50c9f66f62a9f3" member_type: VOTER last_known_addr { host: "127.0.59.1" port: 34351 } } peers { permanent_uuid: "8f12c612e2df47adb1290b03b8ef052d" member_type: VOTER last_known_addr { host: "127.0.59.3" port: 43599 } }
I0405 05:43:40.053205 6590 leader_election.cc:296] T 0362355168ce4923a6a0466b4b7444e5 P 8f12c612e2df47adb1290b03b8ef052d [CANDIDATE]: Term 1 pre-election: Requested pre-vote from peers 4099cfa2b0a1437ca9b705157731ba47 (127.0.59.2:43663), f456ef0f7f2040fdaa50c9f66f62a9f3 (127.0.59.1:34351)
W0405 05:43:39.978168 6554 tablet.cc:1786] T 0362355168ce4923a6a0466b4b7444e5 P 8f12c612e2df47adb1290b03b8ef052d: Can't schedule compaction. Clean time has not been advanced past its initial value.
I0405 05:43:40.087338 6260 tablet_service.cc:1276] Received RequestConsensusVote() RPC: tablet_id: "0362355168ce4923a6a0466b4b7444e5" candidate_uuid: "8f12c612e2df47adb1290b03b8ef052d" candidate_term: 1 candidate_status { last_received { term: 0 index: 0 } } ignore_live_leader: false dest_uuid: "f456ef0f7f2040fdaa50c9f66f62a9f3" is_pre_election: true
I0405 05:43:40.087339 6385 tablet_service.cc:1276] Received RequestConsensusVote() RPC: tablet_id: "0362355168ce4923a6a0466b4b7444e5" candidate_uuid: "8f12c612e2df47adb1290b03b8ef052d" candidate_term: 1 candidate_status { last_received { term: 0 index: 0 } } ignore_live_leader: false dest_uuid: "4099cfa2b0a1437ca9b705157731ba47" is_pre_election: true
I0405 05:43:40.088109 6260 raft_consensus.cc:2346] T 0362355168ce4923a6a0466b4b7444e5 P f456ef0f7f2040fdaa50c9f66f62a9f3 [term 0 FOLLOWER]: Leader pre-election vote request: Granting yes vote for candidate 8f12c612e2df47adb1290b03b8ef052d in term 0.
I0405 05:43:40.088109 6385 raft_consensus.cc:2346] T 0362355168ce4923a6a0466b4b7444e5 P 4099cfa2b0a1437ca9b705157731ba47 [term 0 FOLLOWER]: Leader pre-election vote request: Granting yes vote for candidate 8f12c612e2df47adb1290b03b8ef052d in term 0.
I0405 05:43:40.089267 6441 leader_election.cc:310] T 0362355168ce4923a6a0466b4b7444e5 P 8f12c612e2df47adb1290b03b8ef052d [CANDIDATE]: Term 1 pre-election: Election decided. Result: candidate won. Election summary: received 2 responses out of 3 voters: 2 yes votes; 0 no votes. yes voters: 4099cfa2b0a1437ca9b705157731ba47, 8f12c612e2df47adb1290b03b8ef052d; no voters:
I0405 05:43:40.089993 6590 raft_consensus.cc:2640] T 0362355168ce4923a6a0466b4b7444e5 P 8f12c612e2df47adb1290b03b8ef052d [term 0 FOLLOWER]: Leader pre-election won for term 1
I0405 05:43:40.090220 6590 raft_consensus.cc:472] T 0362355168ce4923a6a0466b4b7444e5 P 8f12c612e2df47adb1290b03b8ef052d [term 0 FOLLOWER]: Starting leader election (no leader contacted us within the election timeout)
I0405 05:43:40.090453 6590 raft_consensus.cc:2886] T 0362355168ce4923a6a0466b4b7444e5 P 8f12c612e2df47adb1290b03b8ef052d [term 0 FOLLOWER]: Advancing to term 1
I0405 05:43:40.094123 6590 raft_consensus.cc:494] T 0362355168ce4923a6a0466b4b7444e5 P 8f12c612e2df47adb1290b03b8ef052d [term 1 FOLLOWER]: Starting leader election with config: opid_index: -1 OBSOLETE_local: false peers { permanent_uuid: "4099cfa2b0a1437ca9b705157731ba47" member_type: VOTER last_known_addr { host: "127.0.59.2" port: 43663 } } peers { permanent_uuid: "f456ef0f7f2040fdaa50c9f66f62a9f3" member_type: VOTER last_known_addr { host: "127.0.59.1" port: 34351 } } peers { permanent_uuid: "8f12c612e2df47adb1290b03b8ef052d" member_type: VOTER last_known_addr { host: "127.0.59.3" port: 43599 } }
I0405 05:43:40.095216 6590 leader_election.cc:296] T 0362355168ce4923a6a0466b4b7444e5 P 8f12c612e2df47adb1290b03b8ef052d [CANDIDATE]: Term 1 election: Requested vote from peers 4099cfa2b0a1437ca9b705157731ba47 (127.0.59.2:43663), f456ef0f7f2040fdaa50c9f66f62a9f3 (127.0.59.1:34351)
I0405 05:43:40.096320 6260 tablet_service.cc:1276] Received RequestConsensusVote() RPC: tablet_id: "0362355168ce4923a6a0466b4b7444e5" candidate_uuid: "8f12c612e2df47adb1290b03b8ef052d" candidate_term: 1 candidate_status { last_received { term: 0 index: 0 } } ignore_live_leader: false dest_uuid: "f456ef0f7f2040fdaa50c9f66f62a9f3"
I0405 05:43:40.096434 6385 tablet_service.cc:1276] Received RequestConsensusVote() RPC: tablet_id: "0362355168ce4923a6a0466b4b7444e5" candidate_uuid: "8f12c612e2df47adb1290b03b8ef052d" candidate_term: 1 candidate_status { last_received { term: 0 index: 0 } } ignore_live_leader: false dest_uuid: "4099cfa2b0a1437ca9b705157731ba47"
I0405 05:43:40.096724 6260 raft_consensus.cc:2886] T 0362355168ce4923a6a0466b4b7444e5 P f456ef0f7f2040fdaa50c9f66f62a9f3 [term 0 FOLLOWER]: Advancing to term 1
I0405 05:43:40.096932 6385 raft_consensus.cc:2886] T 0362355168ce4923a6a0466b4b7444e5 P 4099cfa2b0a1437ca9b705157731ba47 [term 0 FOLLOWER]: Advancing to term 1
I0405 05:43:40.100219 6260 raft_consensus.cc:2346] T 0362355168ce4923a6a0466b4b7444e5 P f456ef0f7f2040fdaa50c9f66f62a9f3 [term 1 FOLLOWER]: Leader election vote request: Granting yes vote for candidate 8f12c612e2df47adb1290b03b8ef052d in term 1.
I0405 05:43:40.100978 6441 leader_election.cc:310] T 0362355168ce4923a6a0466b4b7444e5 P 8f12c612e2df47adb1290b03b8ef052d [CANDIDATE]: Term 1 election: Election decided. Result: candidate won. Election summary: received 2 responses out of 3 voters: 2 yes votes; 0 no votes. yes voters: 8f12c612e2df47adb1290b03b8ef052d, f456ef0f7f2040fdaa50c9f66f62a9f3; no voters:
I0405 05:43:40.101572 6590 raft_consensus.cc:2640] T 0362355168ce4923a6a0466b4b7444e5 P 8f12c612e2df47adb1290b03b8ef052d [term 1 FOLLOWER]: Leader election won for term 1
I0405 05:43:40.101702 6385 raft_consensus.cc:2346] T 0362355168ce4923a6a0466b4b7444e5 P 4099cfa2b0a1437ca9b705157731ba47 [term 1 FOLLOWER]: Leader election vote request: Granting yes vote for candidate 8f12c612e2df47adb1290b03b8ef052d in term 1.
I0405 05:43:40.103452 6590 raft_consensus.cc:667] T 0362355168ce4923a6a0466b4b7444e5 P 8f12c612e2df47adb1290b03b8ef052d [term 1 LEADER]: Becoming Leader. State: Replica: 8f12c612e2df47adb1290b03b8ef052d, State: Running, Role: LEADER
I0405 05:43:40.103900 6590 consensus_queue.cc:206] T 0362355168ce4923a6a0466b4b7444e5 P 8f12c612e2df47adb1290b03b8ef052d [LEADER]: Queue going to LEADER mode. State: All replicated index: 0, Majority replicated index: 0, Committed index: 0, Last appended: 0.0, Last appended by leader: 0, Current term: 1, Majority size: 2, State: 0, Mode: LEADER, active raft config: opid_index: -1 OBSOLETE_local: false peers { permanent_uuid: "4099cfa2b0a1437ca9b705157731ba47" member_type: VOTER last_known_addr { host: "127.0.59.2" port: 43663 } } peers { permanent_uuid: "f456ef0f7f2040fdaa50c9f66f62a9f3" member_type: VOTER last_known_addr { host: "127.0.59.1" port: 34351 } } peers { permanent_uuid: "8f12c612e2df47adb1290b03b8ef052d" member_type: VOTER last_known_addr { host: "127.0.59.3" port: 43599 } }
I0405 05:43:40.110956 6136 catalog_manager.cc:3977] T 0362355168ce4923a6a0466b4b7444e5 P 8f12c612e2df47adb1290b03b8ef052d reported cstate change: term changed from 0 to 1, leader changed from to 8f12c612e2df47adb1290b03b8ef052d (127.0.59.3). New cstate: current_term: 1 leader_uuid: "8f12c612e2df47adb1290b03b8ef052d" committed_config { opid_index: -1 OBSOLETE_local: false peers { permanent_uuid: "4099cfa2b0a1437ca9b705157731ba47" member_type: VOTER last_known_addr { host: "127.0.59.2" port: 43663 } } peers { permanent_uuid: "f456ef0f7f2040fdaa50c9f66f62a9f3" member_type: VOTER last_known_addr { host: "127.0.59.1" port: 34351 } } peers { permanent_uuid: "8f12c612e2df47adb1290b03b8ef052d" member_type: VOTER last_known_addr { host: "127.0.59.3" port: 43599 } } }
W0405 05:43:40.040412 6429 tablet.cc:1786] T 0362355168ce4923a6a0466b4b7444e5 P 4099cfa2b0a1437ca9b705157731ba47: Can't schedule compaction. Clean time has not been advanced past its initial value.
W0405 05:43:40.125902 6304 tablet.cc:1786] T 0362355168ce4923a6a0466b4b7444e5 P f456ef0f7f2040fdaa50c9f66f62a9f3: Can't schedule compaction. Clean time has not been advanced past its initial value.
I0405 05:43:40.222801 236 external_mini_cluster.cc:1131] Killing /tmp/dist-test-taskvH0aH1/build/tsan/bin/kudu-tserver with pid 6172
I0405 05:43:40.239898 236 external_mini_cluster.cc:1131] Killing /tmp/dist-test-taskvH0aH1/build/tsan/bin/kudu-tserver with pid 6307
I0405 05:43:40.257215 236 external_mini_cluster.cc:1131] Killing /tmp/dist-test-taskvH0aH1/build/tsan/bin/kudu-tserver with pid 6432
I0405 05:43:40.278055 236 external_mini_cluster.cc:1131] Killing /tmp/dist-test-taskvH0aH1/build/tsan/bin/kudu-master with pid 6110 [ OK ] Is343ReplicaUtilTest.Is343Cluster/0 (4441 ms) [----------] 1 test from Is343ReplicaUtilTest (4441 ms total) [----------] Global test environment tear-down [==========] 18 tests from 5 test cases ran. (207806 ms total) [ PASSED ] 17 tests. [ FAILED ] 1 test, listed below: [ FAILED ] ToolTest.TestLoadgenAutoFlushBackgroundRandom 1 FAILED TEST