I0405 05:41:12.826661 2579 raft_consensus.cc:2640] T 00000000000000000000000000000000 P c5888cfaf92a4ece8d80be615aadcee4 [term 1 FOLLOWER]: Leader election won for term 1
I0405 05:41:12.919301 2579 raft_consensus.cc:667] T 00000000000000000000000000000000 P c5888cfaf92a4ece8d80be615aadcee4 [term 1 LEADER]: Becoming Leader. State: Replica: c5888cfaf92a4ece8d80be615aadcee4, State: Running, Role: LEADER
I0405 05:41:12.919958 2579 consensus_queue.cc:206] T 00000000000000000000000000000000 P c5888cfaf92a4ece8d80be615aadcee4 [LEADER]: Queue going to LEADER mode. State: All replicated index: 0, Majority replicated index: 0, Committed index: 0, Last appended: 0.0, Last appended by leader: 0, Current term: 1, Majority size: 1, State: 0, Mode: LEADER, active raft config: opid_index: -1 OBSOLETE_local: true peers { permanent_uuid: "c5888cfaf92a4ece8d80be615aadcee4" member_type: VOTER }
I0405 05:41:12.927471 2576 sys_catalog.cc:337] T 00000000000000000000000000000000 P c5888cfaf92a4ece8d80be615aadcee4 [sys.catalog]: SysCatalogTable state changed. Reason: Started TabletReplica. Latest consensus state: current_term: 1 leader_uuid: "c5888cfaf92a4ece8d80be615aadcee4" committed_config { opid_index: -1 OBSOLETE_local: true peers { permanent_uuid: "c5888cfaf92a4ece8d80be615aadcee4" member_type: VOTER } }
I0405 05:41:12.927610 2581 sys_catalog.cc:337] T 00000000000000000000000000000000 P c5888cfaf92a4ece8d80be615aadcee4 [sys.catalog]: SysCatalogTable state changed. Reason: New leader c5888cfaf92a4ece8d80be615aadcee4. Latest consensus state: current_term: 1 leader_uuid: "c5888cfaf92a4ece8d80be615aadcee4" committed_config { opid_index: -1 OBSOLETE_local: true peers { permanent_uuid: "c5888cfaf92a4ece8d80be615aadcee4" member_type: VOTER } }
I0405 05:41:12.928951 2576 sys_catalog.cc:340] T 00000000000000000000000000000000 P c5888cfaf92a4ece8d80be615aadcee4 [sys.catalog]: This master's current role is: LEADER
I0405 05:41:12.929673 2581 sys_catalog.cc:340] T 00000000000000000000000000000000 P c5888cfaf92a4ece8d80be615aadcee4 [sys.catalog]: This master's current role is: LEADER
I0405 05:41:12.929075 2580 sys_catalog.cc:337] T 00000000000000000000000000000000 P c5888cfaf92a4ece8d80be615aadcee4 [sys.catalog]: SysCatalogTable state changed. Reason: RaftConsensus started. Latest consensus state: current_term: 1 leader_uuid: "c5888cfaf92a4ece8d80be615aadcee4" committed_config { opid_index: -1 OBSOLETE_local: true peers { permanent_uuid: "c5888cfaf92a4ece8d80be615aadcee4" member_type: VOTER } }
I0405 05:41:12.930037 2580 sys_catalog.cc:340] T 00000000000000000000000000000000 P c5888cfaf92a4ece8d80be615aadcee4 [sys.catalog]: This master's current role is: LEADER
I0405 05:41:12.935477 2576 sys_catalog.cc:424] T 00000000000000000000000000000000 P c5888cfaf92a4ece8d80be615aadcee4 [sys.catalog]: configured and running, proceeding with master startup.
I0405 05:41:12.936285 2583 catalog_manager.cc:1055] Loading table and tablet metadata into memory...
I0405 05:41:12.945056 2583 catalog_manager.cc:1066] Initializing Kudu internal certificate authority... WARNING: Logging before InitGoogleLogging() is written to STDERR
W0405 05:41:12.996908 2577 flags.cc:406] Enabled unsafe flag: --rpc_server_allow_ephemeral_ports=true
W0405 05:41:12.997514 2577 flags.cc:406] Enabled unsafe flag: --never_fsync=true
I0405 05:41:13.009414 2583 catalog_manager.cc:950] Generated new certificate authority record
I0405 05:41:13.010915 2583 catalog_manager.cc:1075] Loading token signing keys...
W0405 05:41:13.011166 2577 flags.cc:406] Enabled experimental flag: --ipki_server_key_size=1024
W0405 05:41:13.011766 2577 flags.cc:406] Enabled experimental flag: --local_ip_for_outbound_sockets=127.0.59.1
I0405 05:41:13.021622 2583 catalog_manager.cc:4281] T 00000000000000000000000000000000 P c5888cfaf92a4ece8d80be615aadcee4: Generated new TSK 0
I0405 05:41:13.035357 2577 tablet_server_main.cc:78] Tablet server non-default flags: --fs_data_dirs=/tmp/dist-test-taskvH0aH1/test-tmp/kudu-tool-test.0.ToolTest.TestListTables.1554442812470121-236/minicluster-data/ts-0/data --fs_wal_dir=/tmp/dist-test-taskvH0aH1/test-tmp/kudu-tool-test.0.ToolTest.TestListTables.1554442812470121-236/minicluster-data/ts-0/wal --ipki_server_key_size=1024 --rpc_bind_addresses=127.0.59.1:0 --rpc_server_allow_ephemeral_ports=true --metrics_log_interval_ms=1000 --server_dump_info_format=pb --server_dump_info_path=/tmp/dist-test-taskvH0aH1/test-tmp/kudu-tool-test.0.ToolTest.TestListTables.1554442812470121-236/minicluster-data/ts-0/data/info.pb --webserver_interface=127.0.59.1 --webserver_port=0 --tserver_master_addrs=127.0.59.62:32891 --never_fsync=true --redact=none --unlock_experimental_flags=true --unlock_unsafe_flags=true --enable_minidumps=false --local_ip_for_outbound_sockets=127.0.59.1 --log_dir=/tmp/dist-test-taskvH0aH1/test-tmp/kudu-tool-test.0.ToolTest.TestListTables.1554442812470121-236/minicluster-data/ts-0/logs --logbuflevel=-1 --logtostderr=true Tablet server version: kudu 1.10.0-cdh6.x-SNAPSHOT revision 7a1df1a09f5ce1f3a0bcbb40f71d73b44044f2bc build type FASTDEBUG built by jenkins at 04 Apr 2019 22:07:29 PST on quasar-byykkt-1.vpc.cloudera.com build id 304242 TSAN enabled
I0405 05:41:13.061214 2577 system_ntp.cc:199] NTP initialized. Skew: 500ppm Current error: 50516us
I0405 05:41:13.061955 2577 fs_manager.cc:263] Metadata directory not provided
I0405 05:41:13.062134 2577 fs_manager.cc:269] Using write-ahead log directory (fs_wal_dir) as metadata directory
I0405 05:41:13.062518 2577 server_base.cc:433] Could not load existing FS layout: Not found: could not find a healthy instance file
I0405 05:41:13.062690 2577 server_base.cc:434] Attempting to create new FS layout instead
I0405 05:41:13.067009 2577 fs_manager.cc:602] Generated new instance metadata in path /tmp/dist-test-taskvH0aH1/test-tmp/kudu-tool-test.0.ToolTest.TestListTables.1554442812470121-236/minicluster-data/ts-0/data/instance: uuid: "4e40b00c13b84ea58862bc98124e4b70" format_stamp: "Formatted at 2019-04-05 05:41:13 on dist-test-slave-dist-test-slave-bl6s"
I0405 05:41:13.068032 2577 fs_manager.cc:602] Generated new instance metadata in path /tmp/dist-test-taskvH0aH1/test-tmp/kudu-tool-test.0.ToolTest.TestListTables.1554442812470121-236/minicluster-data/ts-0/wal/instance: uuid: "4e40b00c13b84ea58862bc98124e4b70" format_stamp: "Formatted at 2019-04-05 05:41:13 on dist-test-slave-dist-test-slave-bl6s"
I0405 05:41:13.083885 2577 fs_manager.cc:503] Time spent creating directory manager: real 0.015s user 0.015s sys 0.001s
I0405 05:41:13.086325 2577 env_posix.cc:1676] Not raising this process' open files per process limit of 1048576; it is already as high as it can go
I0405 05:41:13.087080 2577 file_cache.cc:466] Constructed file cache lbm with capacity 419430
I0405 05:41:13.098515 2577 fs_manager.cc:419] Time spent opening block manager: real 0.003s user 0.001s sys 0.000s
I0405 05:41:13.098714 2577 fs_manager.cc:436] Opened local filesystem: /tmp/dist-test-taskvH0aH1/test-tmp/kudu-tool-test.0.ToolTest.TestListTables.1554442812470121-236/minicluster-data/ts-0/data,/tmp/dist-test-taskvH0aH1/test-tmp/kudu-tool-test.0.ToolTest.TestListTables.1554442812470121-236/minicluster-data/ts-0/wal uuid: "4e40b00c13b84ea58862bc98124e4b70" format_stamp: "Formatted at 2019-04-05 05:41:13 on dist-test-slave-dist-test-slave-bl6s"
I0405 05:41:13.099053 2577 fs_report.cc:352] FS layout report -------------------- wal directory: /tmp/dist-test-taskvH0aH1/test-tmp/kudu-tool-test.0.ToolTest.TestListTables.1554442812470121-236/minicluster-data/ts-0/wal metadata directory: /tmp/dist-test-taskvH0aH1/test-tmp/kudu-tool-test.0.ToolTest.TestListTables.1554442812470121-236/minicluster-data/ts-0/wal 1 data directories: /tmp/dist-test-taskvH0aH1/test-tmp/kudu-tool-test.0.ToolTest.TestListTables.1554442812470121-236/minicluster-data/ts-0/data/data Total live blocks: 0 Total live bytes: 0 Total live bytes (after alignment): 0 Total number of LBM containers: 0 (0 full) Did not check for missing blocks Did not check for orphaned blocks Total full LBM containers with extra space: 0 (0 repaired) Total full LBM container extra space in bytes: 0 (0 repaired) Total incomplete LBM containers: 0 (0 repaired) Total LBM partial records: 0 (0 repaired)
I0405 05:41:13.655102 2577 env_posix.cc:1676] Not raising this process' running threads per effective uid limit of 18446744073709551615; it is already as high as it can go
I0405 05:41:13.659627 2577 ts_tablet_manager.cc:356] Loaded tablet metadata (0 total tablets, 0 live tablets)
I0405 05:41:13.659916 2577 ts_tablet_manager.cc:376] Registered 0 tablets
I0405 05:41:14.034519 2577 rpc_server.cc:205] RPC server started. Bound to: 127.0.59.1:34015
I0405 05:41:14.036962 2577 webserver.cc:308] Webserver started at http://127.0.59.1:46879/ using document root and password file
I0405 05:41:14.037781 2577 server_base.cc:608] Dumped server information to /tmp/dist-test-taskvH0aH1/test-tmp/kudu-tool-test.0.ToolTest.TestListTables.1554442812470121-236/minicluster-data/ts-0/data/info.pb
I0405 05:41:14.047379 236 external_mini_cluster.cc:995] Started /tmp/dist-test-taskvH0aH1/build/tsan/bin/kudu-tserver as pid 2577
I0405 05:41:14.073629 2708 heartbeater.cc:345] Connected to a master server at 127.0.59.62:32891
I0405 05:41:14.073942 2708 heartbeater.cc:426] Registering TS with master...
I0405 05:41:14.074568 2708 heartbeater.cc:475] Master 127.0.59.62:32891 requested a full tablet report, sending...
I0405 05:41:14.076514 2542 ts_manager.cc:159] Registered new tserver with Master: 4e40b00c13b84ea58862bc98124e4b70 (127.0.59.1:34015)
I0405 05:41:14.078624 236 external_mini_cluster.cc:623] 1 TS(s) registered with all masters
I0405 05:41:14.078821 2542 master_service.cc:271] Signed X509 certificate for tserver {username='slave'} at 127.0.59.1:53433
I0405 05:41:14.096807 236 test_util.cc:212] Using random seed: -279606135
I0405 05:41:14.114840 2542 catalog_manager.cc:1416] Servicing CreateTable request from {username='slave'} at 127.0.0.1:33566: name: "kudu.table_0" schema { columns { name: "key" type: INT32 is_key: true is_nullable: false encoding: AUTO_ENCODING compression: DEFAULT_COMPRESSION cfile_block_size: 0 } columns { name: "int_val" type: INT32 is_key: false is_nullable: false encoding: AUTO_ENCODING compression: DEFAULT_COMPRESSION cfile_block_size: 0 } columns { name: "string_val" type: STRING is_key: false is_nullable: true encoding: AUTO_ENCODING compression: DEFAULT_COMPRESSION cfile_block_size: 0 } } num_replicas: 1 split_rows_range_bounds { } partition_schema { range_schema { columns { name: "key" } } }
I0405 05:41:14.153081 2645 tablet_service.cc:1006] Processing CreateTablet for tablet 949e9e17bab0481ea2545879d358d738 (table=kudu.table_0 [id=c6c2bb220a1c476e9a1ec3dd3a00627e]), partition=RANGE (key) PARTITION UNBOUNDED
I0405 05:41:14.153995 2645 data_dirs.cc:938] Could only allocate 1 dirs of requested 3 for tablet 949e9e17bab0481ea2545879d358d738. 1 dirs total, 0 dirs full, 0 dirs failed
I0405 05:41:14.169273 2730 tablet_bootstrap.cc:439] T 949e9e17bab0481ea2545879d358d738 P 4e40b00c13b84ea58862bc98124e4b70: Bootstrap starting.
I0405 05:41:14.171921 2730 tablet_bootstrap.cc:590] T 949e9e17bab0481ea2545879d358d738 P 4e40b00c13b84ea58862bc98124e4b70: No blocks or log segments found. Creating new log.
I0405 05:41:14.173272 2730 log.cc:525] T 949e9e17bab0481ea2545879d358d738 P 4e40b00c13b84ea58862bc98124e4b70: Log is configured to *not* fsync() on all Append() calls
I0405 05:41:14.179422 2730 tablet_bootstrap.cc:439] T 949e9e17bab0481ea2545879d358d738 P 4e40b00c13b84ea58862bc98124e4b70: No bootstrap required, opened a new log
I0405 05:41:14.179754 2730 ts_tablet_manager.cc:1053] T 949e9e17bab0481ea2545879d358d738 P 4e40b00c13b84ea58862bc98124e4b70: Time spent bootstrapping tablet: real 0.011s user 0.003s sys 0.006s
I0405 05:41:14.191572 2730 raft_consensus.cc:340] T 949e9e17bab0481ea2545879d358d738 P 4e40b00c13b84ea58862bc98124e4b70 [term 0 FOLLOWER]: Replica starting. Triggering 0 pending transactions. Active config: opid_index: -1 OBSOLETE_local: true peers { permanent_uuid: "4e40b00c13b84ea58862bc98124e4b70" member_type: VOTER last_known_addr { host: "127.0.59.1" port: 34015 } }
I0405 05:41:14.192051 2730 raft_consensus.cc:366] T 949e9e17bab0481ea2545879d358d738 P 4e40b00c13b84ea58862bc98124e4b70 [term 0 FOLLOWER]: Consensus starting up: Expiring failure detector timer to make a prompt election more likely
I0405 05:41:14.192210 2730 raft_consensus.cc:705] T 949e9e17bab0481ea2545879d358d738 P 4e40b00c13b84ea58862bc98124e4b70 [term 0 FOLLOWER]: Becoming Follower/Learner. State: Replica: 4e40b00c13b84ea58862bc98124e4b70, State: Initialized, Role: FOLLOWER
I0405 05:41:14.192684 2730 consensus_queue.cc:229] T 949e9e17bab0481ea2545879d358d738 P 4e40b00c13b84ea58862bc98124e4b70 [NON_LEADER]: Queue going to NON_LEADER mode. State: All replicated index: 0, Majority replicated index: 0, Committed index: 0, Last appended: 0.0, Last appended by leader: 0, Current term: 0, Majority size: -1, State: 0, Mode: NON_LEADER, active raft config: opid_index: -1 OBSOLETE_local: true peers { permanent_uuid: "4e40b00c13b84ea58862bc98124e4b70" member_type: VOTER last_known_addr { host: "127.0.59.1" port: 34015 } }
I0405 05:41:14.193076 2730 raft_consensus.cc:380] T 949e9e17bab0481ea2545879d358d738 P 4e40b00c13b84ea58862bc98124e4b70 [term 0 FOLLOWER]: Only one voter in the Raft config. Triggering election immediately
I0405 05:41:14.193256 2730 raft_consensus.cc:472] T 949e9e17bab0481ea2545879d358d738 P 4e40b00c13b84ea58862bc98124e4b70 [term 0 FOLLOWER]: Starting leader election (initial election of a single-replica configuration)
I0405 05:41:14.193449 2730 raft_consensus.cc:2886] T 949e9e17bab0481ea2545879d358d738 P 4e40b00c13b84ea58862bc98124e4b70 [term 0 FOLLOWER]: Advancing to term 1
I0405 05:41:14.196501 2730 raft_consensus.cc:494] T 949e9e17bab0481ea2545879d358d738 P 4e40b00c13b84ea58862bc98124e4b70 [term 1 FOLLOWER]: Starting leader election with config: opid_index: -1 OBSOLETE_local: true peers { permanent_uuid: "4e40b00c13b84ea58862bc98124e4b70" member_type: VOTER last_known_addr { host: "127.0.59.1" port: 34015 } }
I0405 05:41:14.197122 2730 leader_election.cc:310] T 949e9e17bab0481ea2545879d358d738 P 4e40b00c13b84ea58862bc98124e4b70 [CANDIDATE]: Term 1 election: Election decided. Result: candidate won. Election summary: received 1 responses out of 1 voters: 1 yes votes; 0 no votes. yes voters: 4e40b00c13b84ea58862bc98124e4b70; no voters:
I0405 05:41:14.199246 2730 leader_election.cc:296] T 949e9e17bab0481ea2545879d358d738 P 4e40b00c13b84ea58862bc98124e4b70 [CANDIDATE]: Term 1 election: Requested vote from peers
I0405 05:41:14.199605 2732 raft_consensus.cc:2640] T 949e9e17bab0481ea2545879d358d738 P 4e40b00c13b84ea58862bc98124e4b70 [term 1 FOLLOWER]: Leader election won for term 1
I0405 05:41:14.298971 2708 heartbeater.cc:467] Master 127.0.59.62:32891 was elected leader, sending a full tablet report...
I0405 05:41:14.299365 2730 ts_tablet_manager.cc:1081] T 949e9e17bab0481ea2545879d358d738 P 4e40b00c13b84ea58862bc98124e4b70: Time spent starting tablet: real 0.119s user 0.012s sys 0.011s
I0405 05:41:14.300141 2732 raft_consensus.cc:667] T 949e9e17bab0481ea2545879d358d738 P 4e40b00c13b84ea58862bc98124e4b70 [term 1 LEADER]: Becoming Leader. State: Replica: 4e40b00c13b84ea58862bc98124e4b70, State: Running, Role: LEADER
I0405 05:41:14.300699 2732 consensus_queue.cc:206] T 949e9e17bab0481ea2545879d358d738 P 4e40b00c13b84ea58862bc98124e4b70 [LEADER]: Queue going to LEADER mode. State: All replicated index: 0, Majority replicated index: 0, Committed index: 0, Last appended: 0.0, Last appended by leader: 0, Current term: 1, Majority size: 1, State: 0, Mode: LEADER, active raft config: opid_index: -1 OBSOLETE_local: true peers { permanent_uuid: "4e40b00c13b84ea58862bc98124e4b70" member_type: VOTER last_known_addr { host: "127.0.59.1" port: 34015 } }
I0405 05:41:14.308883 2542 catalog_manager.cc:3977] T 949e9e17bab0481ea2545879d358d738 P 4e40b00c13b84ea58862bc98124e4b70 reported cstate change: term changed from 0 to 1, leader changed from to 4e40b00c13b84ea58862bc98124e4b70 (127.0.59.1). New cstate: current_term: 1 leader_uuid: "4e40b00c13b84ea58862bc98124e4b70" committed_config { opid_index: -1 OBSOLETE_local: true peers { permanent_uuid: "4e40b00c13b84ea58862bc98124e4b70" member_type: VOTER last_known_addr { host: "127.0.59.1" port: 34015 } health_report { overall_health: HEALTHY } } }
I0405 05:41:14.342339 236 test_util.cc:212] Using random seed: -279360609
I0405 05:41:14.373045 2542 catalog_manager.cc:1416] Servicing CreateTable request from {username='slave'} at 127.0.0.1:33570: name: "kudu.table_1" schema { columns { name: "key" type: INT32 is_key: true is_nullable: false encoding: AUTO_ENCODING compression: DEFAULT_COMPRESSION cfile_block_size: 0 } columns { name: "int_val" type: INT32 is_key: false is_nullable: false encoding: AUTO_ENCODING compression: DEFAULT_COMPRESSION cfile_block_size: 0 } columns { name: "string_val" type: STRING is_key: false is_nullable: true encoding: AUTO_ENCODING compression: DEFAULT_COMPRESSION cfile_block_size: 0 } } num_replicas: 1 split_rows_range_bounds { } partition_schema { range_schema { columns { name: "key" } } }
I0405 05:41:14.384208 2645 tablet_service.cc:1006] Processing CreateTablet for tablet f9a9b86708c1487897cbf87d99fec62b (table=kudu.table_1 [id=7337e4a7be594cd18c4eea876e864990]), partition=RANGE (key) PARTITION UNBOUNDED
I0405 05:41:14.384738 2645 data_dirs.cc:938] Could only allocate 1 dirs of requested 3 for tablet f9a9b86708c1487897cbf87d99fec62b. 1 dirs total, 0 dirs full, 0 dirs failed
I0405 05:41:14.391942 2730 tablet_bootstrap.cc:439] T f9a9b86708c1487897cbf87d99fec62b P 4e40b00c13b84ea58862bc98124e4b70: Bootstrap starting.
I0405 05:41:14.394199 2730 tablet_bootstrap.cc:590] T f9a9b86708c1487897cbf87d99fec62b P 4e40b00c13b84ea58862bc98124e4b70: No blocks or log segments found. Creating new log.
I0405 05:41:14.399155 2730 tablet_bootstrap.cc:439] T f9a9b86708c1487897cbf87d99fec62b P 4e40b00c13b84ea58862bc98124e4b70: No bootstrap required, opened a new log
I0405 05:41:14.399534 2730 ts_tablet_manager.cc:1053] T f9a9b86708c1487897cbf87d99fec62b P 4e40b00c13b84ea58862bc98124e4b70: Time spent bootstrapping tablet: real 0.008s user 0.003s sys 0.004s
I0405 05:41:14.400810 2730 raft_consensus.cc:340] T f9a9b86708c1487897cbf87d99fec62b P 4e40b00c13b84ea58862bc98124e4b70 [term 0 FOLLOWER]: Replica starting. Triggering 0 pending transactions. Active config: opid_index: -1 OBSOLETE_local: true peers { permanent_uuid: "4e40b00c13b84ea58862bc98124e4b70" member_type: VOTER last_known_addr { host: "127.0.59.1" port: 34015 } }
I0405 05:41:14.401141 2730 raft_consensus.cc:366] T f9a9b86708c1487897cbf87d99fec62b P 4e40b00c13b84ea58862bc98124e4b70 [term 0 FOLLOWER]: Consensus starting up: Expiring failure detector timer to make a prompt election more likely
I0405 05:41:14.401288 2730 raft_consensus.cc:705] T f9a9b86708c1487897cbf87d99fec62b P 4e40b00c13b84ea58862bc98124e4b70 [term 0 FOLLOWER]: Becoming Follower/Learner. State: Replica: 4e40b00c13b84ea58862bc98124e4b70, State: Initialized, Role: FOLLOWER
I0405 05:41:14.401608 2730 consensus_queue.cc:229] T f9a9b86708c1487897cbf87d99fec62b P 4e40b00c13b84ea58862bc98124e4b70 [NON_LEADER]: Queue going to NON_LEADER mode. State: All replicated index: 0, Majority replicated index: 0, Committed index: 0, Last appended: 0.0, Last appended by leader: 0, Current term: 0, Majority size: -1, State: 0, Mode: NON_LEADER, active raft config: opid_index: -1 OBSOLETE_local: true peers { permanent_uuid: "4e40b00c13b84ea58862bc98124e4b70" member_type: VOTER last_known_addr { host: "127.0.59.1" port: 34015 } }
I0405 05:41:14.401983 2730 raft_consensus.cc:380] T f9a9b86708c1487897cbf87d99fec62b P 4e40b00c13b84ea58862bc98124e4b70 [term 0 FOLLOWER]: Only one voter in the Raft config. Triggering election immediately
I0405 05:41:14.402119 2730 raft_consensus.cc:472] T f9a9b86708c1487897cbf87d99fec62b P 4e40b00c13b84ea58862bc98124e4b70 [term 0 FOLLOWER]: Starting leader election (initial election of a single-replica configuration)
I0405 05:41:14.402289 2730 raft_consensus.cc:2886] T f9a9b86708c1487897cbf87d99fec62b P 4e40b00c13b84ea58862bc98124e4b70 [term 0 FOLLOWER]: Advancing to term 1
I0405 05:41:14.405486 2730 raft_consensus.cc:494] T f9a9b86708c1487897cbf87d99fec62b P 4e40b00c13b84ea58862bc98124e4b70 [term 1 FOLLOWER]: Starting leader election with config: opid_index: -1 OBSOLETE_local: true peers { permanent_uuid: "4e40b00c13b84ea58862bc98124e4b70" member_type: VOTER last_known_addr { host: "127.0.59.1" port: 34015 } }
I0405 05:41:14.406010 2730 leader_election.cc:310] T f9a9b86708c1487897cbf87d99fec62b P 4e40b00c13b84ea58862bc98124e4b70 [CANDIDATE]: Term 1 election: Election decided. Result: candidate won. Election summary: received 1 responses out of 1 voters: 1 yes votes; 0 no votes. yes voters: 4e40b00c13b84ea58862bc98124e4b70; no voters:
I0405 05:41:14.406440 2730 leader_election.cc:296] T f9a9b86708c1487897cbf87d99fec62b P 4e40b00c13b84ea58862bc98124e4b70 [CANDIDATE]: Term 1 election: Requested vote from peers
I0405 05:41:14.406584 2732 raft_consensus.cc:2640] T f9a9b86708c1487897cbf87d99fec62b P 4e40b00c13b84ea58862bc98124e4b70 [term 1 FOLLOWER]: Leader election won for term 1
I0405 05:41:14.406936 2732 raft_consensus.cc:667] T f9a9b86708c1487897cbf87d99fec62b P 4e40b00c13b84ea58862bc98124e4b70 [term 1 LEADER]: Becoming Leader. State: Replica: 4e40b00c13b84ea58862bc98124e4b70, State: Running, Role: LEADER
I0405 05:41:14.407481 2730 ts_tablet_manager.cc:1081] T f9a9b86708c1487897cbf87d99fec62b P 4e40b00c13b84ea58862bc98124e4b70: Time spent starting tablet: real 0.008s user 0.006s sys 0.002s
I0405 05:41:14.407336 2732 consensus_queue.cc:206] T f9a9b86708c1487897cbf87d99fec62b P 4e40b00c13b84ea58862bc98124e4b70 [LEADER]: Queue going to LEADER mode. State: All replicated index: 0, Majority replicated index: 0, Committed index: 0, Last appended: 0.0, Last appended by leader: 0, Current term: 1, Majority size: 1, State: 0, Mode: LEADER, active raft config: opid_index: -1 OBSOLETE_local: true peers { permanent_uuid: "4e40b00c13b84ea58862bc98124e4b70" member_type: VOTER last_known_addr { host: "127.0.59.1" port: 34015 } }
I0405 05:41:14.411648 2542 catalog_manager.cc:3977] T f9a9b86708c1487897cbf87d99fec62b P 4e40b00c13b84ea58862bc98124e4b70 reported cstate change: term changed from 0 to 1, leader changed from to 4e40b00c13b84ea58862bc98124e4b70 (127.0.59.1). New cstate: current_term: 1 leader_uuid: "4e40b00c13b84ea58862bc98124e4b70" committed_config { opid_index: -1 OBSOLETE_local: true peers { permanent_uuid: "4e40b00c13b84ea58862bc98124e4b70" member_type: VOTER last_known_addr { host: "127.0.59.1" port: 34015 } health_report { overall_health: HEALTHY } } }
I0405 05:41:14.424919 236 test_util.cc:212] Using random seed: -279278026
I0405 05:41:14.442914 2543 catalog_manager.cc:1416] Servicing CreateTable request from {username='slave'} at 127.0.0.1:33572: name: "kudu.table_2" schema { columns { name: "key" type: INT32 is_key: true is_nullable: false encoding: AUTO_ENCODING compression: DEFAULT_COMPRESSION cfile_block_size: 0 } columns { name: "int_val" type: INT32 is_key: false is_nullable: false encoding: AUTO_ENCODING compression: DEFAULT_COMPRESSION cfile_block_size: 0 } columns { name: "string_val" type: STRING is_key: false is_nullable: true encoding: AUTO_ENCODING compression: DEFAULT_COMPRESSION cfile_block_size: 0 } } num_replicas: 1 split_rows_range_bounds { } partition_schema { range_schema { columns { name: "key" } } }
I0405 05:41:14.455519 2645 tablet_service.cc:1006] Processing CreateTablet for tablet 2d5f0af69c964ee0be4efc70a6cb673f (table=kudu.table_2 [id=cb18a1aa6728407a8dd2bbcc9fb673ec]), partition=RANGE (key) PARTITION UNBOUNDED
I0405 05:41:14.456064 2645 data_dirs.cc:938] Could only allocate 1 dirs of requested 3 for tablet 2d5f0af69c964ee0be4efc70a6cb673f. 1 dirs total, 0 dirs full, 0 dirs failed
I0405 05:41:14.463270 2730 tablet_bootstrap.cc:439] T 2d5f0af69c964ee0be4efc70a6cb673f P 4e40b00c13b84ea58862bc98124e4b70: Bootstrap starting.
I0405 05:41:14.465543 2730 tablet_bootstrap.cc:590] T 2d5f0af69c964ee0be4efc70a6cb673f P 4e40b00c13b84ea58862bc98124e4b70: No blocks or log segments found. Creating new log.
I0405 05:41:14.470367 2730 tablet_bootstrap.cc:439] T 2d5f0af69c964ee0be4efc70a6cb673f P 4e40b00c13b84ea58862bc98124e4b70: No bootstrap required, opened a new log
I0405 05:41:14.470675 2730 ts_tablet_manager.cc:1053] T 2d5f0af69c964ee0be4efc70a6cb673f P 4e40b00c13b84ea58862bc98124e4b70: Time spent bootstrapping tablet: real 0.008s user 0.005s sys 0.001s
I0405 05:41:14.471964 2730 raft_consensus.cc:340] T 2d5f0af69c964ee0be4efc70a6cb673f P 4e40b00c13b84ea58862bc98124e4b70 [term 0 FOLLOWER]: Replica starting. Triggering 0 pending transactions. Active config: opid_index: -1 OBSOLETE_local: true peers { permanent_uuid: "4e40b00c13b84ea58862bc98124e4b70" member_type: VOTER last_known_addr { host: "127.0.59.1" port: 34015 } }
I0405 05:41:14.472288 2730 raft_consensus.cc:366] T 2d5f0af69c964ee0be4efc70a6cb673f P 4e40b00c13b84ea58862bc98124e4b70 [term 0 FOLLOWER]: Consensus starting up: Expiring failure detector timer to make a prompt election more likely
I0405 05:41:14.472434 2730 raft_consensus.cc:705] T 2d5f0af69c964ee0be4efc70a6cb673f P 4e40b00c13b84ea58862bc98124e4b70 [term 0 FOLLOWER]: Becoming Follower/Learner. State: Replica: 4e40b00c13b84ea58862bc98124e4b70, State: Initialized, Role: FOLLOWER
I0405 05:41:14.472787 2730 consensus_queue.cc:229] T 2d5f0af69c964ee0be4efc70a6cb673f P 4e40b00c13b84ea58862bc98124e4b70 [NON_LEADER]: Queue going to NON_LEADER mode. State: All replicated index: 0, Majority replicated index: 0, Committed index: 0, Last appended: 0.0, Last appended by leader: 0, Current term: 0, Majority size: -1, State: 0, Mode: NON_LEADER, active raft config: opid_index: -1 OBSOLETE_local: true peers { permanent_uuid: "4e40b00c13b84ea58862bc98124e4b70" member_type: VOTER last_known_addr { host: "127.0.59.1" port: 34015 } }
I0405 05:41:14.473143 2730 raft_consensus.cc:380] T 2d5f0af69c964ee0be4efc70a6cb673f P 4e40b00c13b84ea58862bc98124e4b70 [term 0 FOLLOWER]: Only one voter in the Raft config. Triggering election immediately
I0405 05:41:14.473289 2730 raft_consensus.cc:472] T 2d5f0af69c964ee0be4efc70a6cb673f P 4e40b00c13b84ea58862bc98124e4b70 [term 0 FOLLOWER]: Starting leader election (initial election of a single-replica configuration)
I0405 05:41:14.473448 2730 raft_consensus.cc:2886] T 2d5f0af69c964ee0be4efc70a6cb673f P 4e40b00c13b84ea58862bc98124e4b70 [term 0 FOLLOWER]: Advancing to term 1
I0405 05:41:14.476466 2730 raft_consensus.cc:494] T 2d5f0af69c964ee0be4efc70a6cb673f P 4e40b00c13b84ea58862bc98124e4b70 [term 1 FOLLOWER]: Starting leader election with config: opid_index: -1 OBSOLETE_local: true peers { permanent_uuid: "4e40b00c13b84ea58862bc98124e4b70" member_type: VOTER last_known_addr { host: "127.0.59.1" port: 34015 } }
I0405 05:41:14.476977 2730 leader_election.cc:310] T 2d5f0af69c964ee0be4efc70a6cb673f P 4e40b00c13b84ea58862bc98124e4b70 [CANDIDATE]: Term 1 election: Election decided. Result: candidate won. Election summary: received 1 responses out of 1 voters: 1 yes votes; 0 no votes. yes voters: 4e40b00c13b84ea58862bc98124e4b70; no voters:
I0405 05:41:14.477497 2730 leader_election.cc:296] T 2d5f0af69c964ee0be4efc70a6cb673f P 4e40b00c13b84ea58862bc98124e4b70 [CANDIDATE]: Term 1 election: Requested vote from peers
I0405 05:41:14.477604 2732 raft_consensus.cc:2640] T 2d5f0af69c964ee0be4efc70a6cb673f P 4e40b00c13b84ea58862bc98124e4b70 [term 1 FOLLOWER]: Leader election won for term 1
I0405 05:41:14.477944 2732 raft_consensus.cc:667] T 2d5f0af69c964ee0be4efc70a6cb673f P 4e40b00c13b84ea58862bc98124e4b70 [term 1 LEADER]: Becoming Leader. State: Replica: 4e40b00c13b84ea58862bc98124e4b70, State: Running, Role: LEADER
I0405 05:41:14.478338 2732 consensus_queue.cc:206] T 2d5f0af69c964ee0be4efc70a6cb673f P 4e40b00c13b84ea58862bc98124e4b70 [LEADER]: Queue going to LEADER mode. State: All replicated index: 0, Majority replicated index: 0, Committed index: 0, Last appended: 0.0, Last appended by leader: 0, Current term: 1, Majority size: 1, State: 0, Mode: LEADER, active raft config: opid_index: -1 OBSOLETE_local: true peers { permanent_uuid: "4e40b00c13b84ea58862bc98124e4b70" member_type: VOTER last_known_addr { host: "127.0.59.1" port: 34015 } }
I0405 05:41:14.478720 2730 ts_tablet_manager.cc:1081] T 2d5f0af69c964ee0be4efc70a6cb673f P 4e40b00c13b84ea58862bc98124e4b70: Time spent starting tablet: real 0.008s user 0.008s sys 0.000s
I0405 05:41:14.483053 2543 catalog_manager.cc:3977] T 2d5f0af69c964ee0be4efc70a6cb673f P 4e40b00c13b84ea58862bc98124e4b70 reported cstate change: term changed from 0 to 1, leader changed from to 4e40b00c13b84ea58862bc98124e4b70 (127.0.59.1). New cstate: current_term: 1 leader_uuid: "4e40b00c13b84ea58862bc98124e4b70" committed_config { opid_index: -1 OBSOLETE_local: true peers { permanent_uuid: "4e40b00c13b84ea58862bc98124e4b70" member_type: VOTER last_known_addr { host: "127.0.59.1" port: 34015 } health_report { overall_health: HEALTHY } } }
I0405 05:41:14.492786 236 test_util.cc:212] Using random seed: -279210162
I0405 05:41:14.509989 2543 catalog_manager.cc:1416] Servicing CreateTable request from {username='slave'} at 127.0.0.1:33574: name: "kudu.table_3" schema { columns { name: "key" type: INT32 is_key: true is_nullable: false encoding: AUTO_ENCODING compression: DEFAULT_COMPRESSION cfile_block_size: 0 } columns { name: "int_val" type: INT32 is_key: false is_nullable: false encoding: AUTO_ENCODING compression: DEFAULT_COMPRESSION cfile_block_size: 0 } columns { name: "string_val" type: STRING is_key: false is_nullable: true encoding: AUTO_ENCODING compression: DEFAULT_COMPRESSION cfile_block_size: 0 } } num_replicas: 1 split_rows_range_bounds { } partition_schema { range_schema { columns { name: "key" } } }
I0405 05:41:14.520407 2645 tablet_service.cc:1006] Processing CreateTablet for tablet 4973fa6f680f47079a6c598cec72701e (table=kudu.table_3 [id=0cc2e1e954cb467eb71e23571e1835a6]), partition=RANGE (key) PARTITION UNBOUNDED
I0405 05:41:14.520927 2645 data_dirs.cc:938] Could only allocate 1 dirs of requested 3 for tablet 4973fa6f680f47079a6c598cec72701e. 1 dirs total, 0 dirs full, 0 dirs failed
I0405 05:41:14.528295 2730 tablet_bootstrap.cc:439] T 4973fa6f680f47079a6c598cec72701e P 4e40b00c13b84ea58862bc98124e4b70: Bootstrap starting.
I0405 05:41:14.530786 2730 tablet_bootstrap.cc:590] T 4973fa6f680f47079a6c598cec72701e P 4e40b00c13b84ea58862bc98124e4b70: No blocks or log segments found. Creating new log.
I0405 05:41:14.535137 2730 tablet_bootstrap.cc:439] T 4973fa6f680f47079a6c598cec72701e P 4e40b00c13b84ea58862bc98124e4b70: No bootstrap required, opened a new log
I0405 05:41:14.535462 2730 ts_tablet_manager.cc:1053] T 4973fa6f680f47079a6c598cec72701e P 4e40b00c13b84ea58862bc98124e4b70: Time spent bootstrapping tablet: real 0.007s user 0.004s sys 0.002s
I0405 05:41:14.536759 2730 raft_consensus.cc:340] T 4973fa6f680f47079a6c598cec72701e P 4e40b00c13b84ea58862bc98124e4b70 [term 0 FOLLOWER]: Replica starting. Triggering 0 pending transactions. Active config: opid_index: -1 OBSOLETE_local: true peers { permanent_uuid: "4e40b00c13b84ea58862bc98124e4b70" member_type: VOTER last_known_addr { host: "127.0.59.1" port: 34015 } }
I0405 05:41:14.537075 2730 raft_consensus.cc:366] T 4973fa6f680f47079a6c598cec72701e P 4e40b00c13b84ea58862bc98124e4b70 [term 0 FOLLOWER]: Consensus starting up: Expiring failure detector timer to make a prompt election more likely
I0405 05:41:14.537200 2730 raft_consensus.cc:705] T 4973fa6f680f47079a6c598cec72701e P 4e40b00c13b84ea58862bc98124e4b70 [term 0 FOLLOWER]: Becoming Follower/Learner. State: Replica: 4e40b00c13b84ea58862bc98124e4b70, State: Initialized, Role: FOLLOWER
I0405 05:41:14.537492 2730 consensus_queue.cc:229] T 4973fa6f680f47079a6c598cec72701e P 4e40b00c13b84ea58862bc98124e4b70 [NON_LEADER]: Queue going to NON_LEADER mode. State: All replicated index: 0, Majority replicated index: 0, Committed index: 0, Last appended: 0.0, Last appended by leader: 0, Current term: 0, Majority size: -1, State: 0, Mode: NON_LEADER, active raft config: opid_index: -1 OBSOLETE_local: true peers { permanent_uuid: "4e40b00c13b84ea58862bc98124e4b70" member_type: VOTER last_known_addr { host: "127.0.59.1" port: 34015 } }
I0405 05:41:14.537829 2730 raft_consensus.cc:380] T 4973fa6f680f47079a6c598cec72701e P 4e40b00c13b84ea58862bc98124e4b70 [term 0 FOLLOWER]: Only one voter in the Raft config. Triggering election immediately
I0405 05:41:14.537968 2730 raft_consensus.cc:472] T 4973fa6f680f47079a6c598cec72701e P 4e40b00c13b84ea58862bc98124e4b70 [term 0 FOLLOWER]: Starting leader election (initial election of a single-replica configuration)
I0405 05:41:14.538111 2730 raft_consensus.cc:2886] T 4973fa6f680f47079a6c598cec72701e P 4e40b00c13b84ea58862bc98124e4b70 [term 0 FOLLOWER]: Advancing to term 1
I0405 05:41:14.541105 2730 raft_consensus.cc:494] T 4973fa6f680f47079a6c598cec72701e P 4e40b00c13b84ea58862bc98124e4b70 [term 1 FOLLOWER]: Starting leader election with config: opid_index: -1 OBSOLETE_local: true peers { permanent_uuid: "4e40b00c13b84ea58862bc98124e4b70" member_type: VOTER last_known_addr { host: "127.0.59.1" port: 34015 } }
I0405 05:41:14.541604 2730 leader_election.cc:310] T 4973fa6f680f47079a6c598cec72701e P 4e40b00c13b84ea58862bc98124e4b70 [CANDIDATE]: Term 1 election: Election decided. Result: candidate won. Election summary: received 1 responses out of 1 voters: 1 yes votes; 0 no votes. yes voters: 4e40b00c13b84ea58862bc98124e4b70; no voters:
I0405 05:41:14.542002 2730 leader_election.cc:296] T 4973fa6f680f47079a6c598cec72701e P 4e40b00c13b84ea58862bc98124e4b70 [CANDIDATE]: Term 1 election: Requested vote from peers
I0405 05:41:14.542119 2732 raft_consensus.cc:2640] T 4973fa6f680f47079a6c598cec72701e P 4e40b00c13b84ea58862bc98124e4b70 [term 1 FOLLOWER]: Leader election won for term 1
I0405 05:41:14.542474 2732 raft_consensus.cc:667] T 4973fa6f680f47079a6c598cec72701e P 4e40b00c13b84ea58862bc98124e4b70 [term 1 LEADER]: Becoming Leader. State: Replica: 4e40b00c13b84ea58862bc98124e4b70, State: Running, Role: LEADER
I0405 05:41:14.542750 2730 ts_tablet_manager.cc:1081] T 4973fa6f680f47079a6c598cec72701e P 4e40b00c13b84ea58862bc98124e4b70: Time spent starting tablet: real 0.007s user 0.008s sys 0.000s
I0405 05:41:14.542825 2732 consensus_queue.cc:206] T 4973fa6f680f47079a6c598cec72701e P 4e40b00c13b84ea58862bc98124e4b70 [LEADER]: Queue going to LEADER mode. State: All replicated index: 0, Majority replicated index: 0, Committed index: 0, Last appended: 0.0, Last appended by leader: 0, Current term: 1, Majority size: 1, State: 0, Mode: LEADER, active raft config: opid_index: -1 OBSOLETE_local: true peers { permanent_uuid: "4e40b00c13b84ea58862bc98124e4b70" member_type: VOTER last_known_addr { host: "127.0.59.1" port: 34015 } }
I0405 05:41:14.546419 2543 catalog_manager.cc:3977] T 4973fa6f680f47079a6c598cec72701e P 4e40b00c13b84ea58862bc98124e4b70 reported cstate change: term changed from 0 to 1, leader changed from to 4e40b00c13b84ea58862bc98124e4b70 (127.0.59.1). New cstate: current_term: 1 leader_uuid: "4e40b00c13b84ea58862bc98124e4b70" committed_config { opid_index: -1 OBSOLETE_local: true peers { permanent_uuid: "4e40b00c13b84ea58862bc98124e4b70" member_type: VOTER last_known_addr { host: "127.0.59.1" port: 34015 } health_report { overall_health: HEALTHY } } }
I0405 05:41:14.556416 236 test_util.cc:212] Using random seed: -279146701
I0405 05:41:14.571197 2543 catalog_manager.cc:1416] Servicing CreateTable request from {username='slave'} at 127.0.0.1:33576: name: "kudu.table_4" schema { columns { name: "key" type: INT32 is_key: true is_nullable: false encoding: AUTO_ENCODING compression: DEFAULT_COMPRESSION cfile_block_size: 0 } columns { name: "int_val" type: INT32 is_key: false is_nullable: false encoding: AUTO_ENCODING compression: DEFAULT_COMPRESSION cfile_block_size: 0 } columns { name: "string_val" type: STRING is_key: false is_nullable: true encoding: AUTO_ENCODING compression: DEFAULT_COMPRESSION cfile_block_size: 0 } } num_replicas: 1 split_rows_range_bounds { } partition_schema { range_schema { columns { name: "key" } } }
I0405 05:41:14.580714 2645 tablet_service.cc:1006] Processing CreateTablet for tablet 27ff08311f804832bef557063fd397c1 (table=kudu.table_4 [id=f901f3a2b6e64179a92a39d5f647a881]), partition=RANGE (key) PARTITION UNBOUNDED
I0405 05:41:14.581316 2645 data_dirs.cc:938] Could only allocate 1 dirs of requested 3 for tablet 27ff08311f804832bef557063fd397c1. 1 dirs total, 0 dirs full, 0 dirs failed
I0405 05:41:14.588760 2730 tablet_bootstrap.cc:439] T 27ff08311f804832bef557063fd397c1 P 4e40b00c13b84ea58862bc98124e4b70: Bootstrap starting.
I0405 05:41:14.591321 2730 tablet_bootstrap.cc:590] T 27ff08311f804832bef557063fd397c1 P 4e40b00c13b84ea58862bc98124e4b70: No blocks or log segments found. Creating new log.
I0405 05:41:14.595798 2730 tablet_bootstrap.cc:439] T 27ff08311f804832bef557063fd397c1 P 4e40b00c13b84ea58862bc98124e4b70: No bootstrap required, opened a new log
I0405 05:41:14.596088 2730 ts_tablet_manager.cc:1053] T 27ff08311f804832bef557063fd397c1 P 4e40b00c13b84ea58862bc98124e4b70: Time spent bootstrapping tablet: real 0.007s user 0.000s sys 0.006s
I0405 05:41:14.597175 2730 raft_consensus.cc:340] T 27ff08311f804832bef557063fd397c1 P 4e40b00c13b84ea58862bc98124e4b70 [term 0 FOLLOWER]: Replica starting. Triggering 0 pending transactions. Active config: opid_index: -1 OBSOLETE_local: true peers { permanent_uuid: "4e40b00c13b84ea58862bc98124e4b70" member_type: VOTER last_known_addr { host: "127.0.59.1" port: 34015 } }
I0405 05:41:14.597503 2730 raft_consensus.cc:366] T 27ff08311f804832bef557063fd397c1 P 4e40b00c13b84ea58862bc98124e4b70 [term 0 FOLLOWER]: Consensus starting up: Expiring failure detector timer to make a prompt election more likely
I0405 05:41:14.597630 2730 raft_consensus.cc:705] T 27ff08311f804832bef557063fd397c1 P 4e40b00c13b84ea58862bc98124e4b70 [term 0 FOLLOWER]: Becoming Follower/Learner. State: Replica: 4e40b00c13b84ea58862bc98124e4b70, State: Initialized, Role: FOLLOWER
I0405 05:41:14.597990 2730 consensus_queue.cc:229] T 27ff08311f804832bef557063fd397c1 P 4e40b00c13b84ea58862bc98124e4b70 [NON_LEADER]: Queue going to NON_LEADER mode. State: All replicated index: 0, Majority replicated index: 0, Committed index: 0, Last appended: 0.0, Last appended by leader: 0, Current term: 0, Majority size: -1, State: 0, Mode: NON_LEADER, active raft config: opid_index: -1 OBSOLETE_local: true peers { permanent_uuid: "4e40b00c13b84ea58862bc98124e4b70" member_type: VOTER last_known_addr { host: "127.0.59.1" port: 34015 } }
I0405 05:41:14.598359 2730 raft_consensus.cc:380] T 27ff08311f804832bef557063fd397c1 P 4e40b00c13b84ea58862bc98124e4b70 [term 0 FOLLOWER]: Only one voter in the Raft config. Triggering election immediately
I0405 05:41:14.598497 2730 raft_consensus.cc:472] T 27ff08311f804832bef557063fd397c1 P 4e40b00c13b84ea58862bc98124e4b70 [term 0 FOLLOWER]: Starting leader election (initial election of a single-replica configuration)
I0405 05:41:14.598655 2730 raft_consensus.cc:2886] T 27ff08311f804832bef557063fd397c1 P 4e40b00c13b84ea58862bc98124e4b70 [term 0 FOLLOWER]: Advancing to term 1
I0405 05:41:14.602123 2730 raft_consensus.cc:494] T 27ff08311f804832bef557063fd397c1 P 4e40b00c13b84ea58862bc98124e4b70 [term 1 FOLLOWER]: Starting leader election with config: opid_index: -1 OBSOLETE_local: true peers { permanent_uuid: "4e40b00c13b84ea58862bc98124e4b70" member_type: VOTER last_known_addr { host: "127.0.59.1" port: 34015 } }
I0405 05:41:14.602504 2730 leader_election.cc:310] T 27ff08311f804832bef557063fd397c1 P 4e40b00c13b84ea58862bc98124e4b70 [CANDIDATE]: Term 1 election: Election decided. Result: candidate won. Election summary: received 1 responses out of 1 voters: 1 yes votes; 0 no votes. yes voters: 4e40b00c13b84ea58862bc98124e4b70; no voters:
I0405 05:41:14.602876 2730 leader_election.cc:296] T 27ff08311f804832bef557063fd397c1 P 4e40b00c13b84ea58862bc98124e4b70 [CANDIDATE]: Term 1 election: Requested vote from peers
I0405 05:41:14.603003 2732 raft_consensus.cc:2640] T 27ff08311f804832bef557063fd397c1 P 4e40b00c13b84ea58862bc98124e4b70 [term 1 FOLLOWER]: Leader election won for term 1
I0405 05:41:14.603341 2732 raft_consensus.cc:667] T 27ff08311f804832bef557063fd397c1 P 4e40b00c13b84ea58862bc98124e4b70 [term 1 LEADER]: Becoming Leader. State: Replica: 4e40b00c13b84ea58862bc98124e4b70, State: Running, Role: LEADER
I0405 05:41:14.603678 2730 ts_tablet_manager.cc:1081] T 27ff08311f804832bef557063fd397c1 P 4e40b00c13b84ea58862bc98124e4b70: Time spent starting tablet: real 0.007s user 0.006s sys 0.001s
I0405 05:41:14.603718 2732 consensus_queue.cc:206] T 27ff08311f804832bef557063fd397c1 P 4e40b00c13b84ea58862bc98124e4b70 [LEADER]: Queue going to LEADER mode. State: All replicated index: 0, Majority replicated index: 0, Committed index: 0, Last appended: 0.0, Last appended by leader: 0, Current term: 1, Majority size: 1, State: 0, Mode: LEADER, active raft config: opid_index: -1 OBSOLETE_local: true peers { permanent_uuid: "4e40b00c13b84ea58862bc98124e4b70" member_type: VOTER last_known_addr { host: "127.0.59.1" port: 34015 } }
I0405 05:41:14.607764 2543 catalog_manager.cc:3977] T 27ff08311f804832bef557063fd397c1 P 4e40b00c13b84ea58862bc98124e4b70 reported cstate change: term changed from 0 to 1, leader changed from to 4e40b00c13b84ea58862bc98124e4b70 (127.0.59.1). New cstate: current_term: 1 leader_uuid: "4e40b00c13b84ea58862bc98124e4b70" committed_config { opid_index: -1 OBSOLETE_local: true peers { permanent_uuid: "4e40b00c13b84ea58862bc98124e4b70" member_type: VOTER last_known_addr { host: "127.0.59.1" port: 34015 } health_report { overall_health: HEALTHY } } }
I0405 05:41:14.616472 236 test_util.cc:212] Using random seed: -279086472
I0405 05:41:14.630681 2543 catalog_manager.cc:1416] Servicing CreateTable request from {username='slave'} at 127.0.0.1:33578: name: "kudu.table_5" schema { columns { name: "key" type: INT32 is_key: true is_nullable: false encoding: AUTO_ENCODING compression: DEFAULT_COMPRESSION cfile_block_size: 0 } columns { name: "int_val" type: INT32 is_key: false is_nullable: false encoding: AUTO_ENCODING compression: DEFAULT_COMPRESSION cfile_block_size: 0 } columns { name: "string_val" type: STRING is_key: false is_nullable: true encoding: AUTO_ENCODING compression: DEFAULT_COMPRESSION cfile_block_size: 0 } } num_replicas: 1 split_rows_range_bounds { } partition_schema { range_schema { columns { name: "key" } } }
I0405 05:41:14.640625 2645 tablet_service.cc:1006] Processing CreateTablet for tablet 18aaef92169e4e578a7d442b95cb130e (table=kudu.table_5 [id=d0c1bcc37b004408ba3d75a8ba543e33]), partition=RANGE (key) PARTITION UNBOUNDED
I0405 05:41:14.641199 2645 data_dirs.cc:938] Could only allocate 1 dirs of requested 3 for tablet 18aaef92169e4e578a7d442b95cb130e. 1 dirs total, 0 dirs full, 0 dirs failed
I0405 05:41:14.648847 2730 tablet_bootstrap.cc:439] T 18aaef92169e4e578a7d442b95cb130e P 4e40b00c13b84ea58862bc98124e4b70: Bootstrap starting.
I0405 05:41:14.651477 2730 tablet_bootstrap.cc:590] T 18aaef92169e4e578a7d442b95cb130e P 4e40b00c13b84ea58862bc98124e4b70: No blocks or log segments found. Creating new log.
I0405 05:41:14.654680 2730 tablet_bootstrap.cc:439] T 18aaef92169e4e578a7d442b95cb130e P 4e40b00c13b84ea58862bc98124e4b70: No bootstrap required, opened a new log
I0405 05:41:14.654966 2730 ts_tablet_manager.cc:1053] T 18aaef92169e4e578a7d442b95cb130e P 4e40b00c13b84ea58862bc98124e4b70: Time spent bootstrapping tablet: real 0.006s user 0.001s sys 0.004s
I0405 05:41:14.656332 2730 raft_consensus.cc:340] T 18aaef92169e4e578a7d442b95cb130e P 4e40b00c13b84ea58862bc98124e4b70 [term 0 FOLLOWER]: Replica starting. Triggering 0 pending transactions. Active config: opid_index: -1 OBSOLETE_local: true peers { permanent_uuid: "4e40b00c13b84ea58862bc98124e4b70" member_type: VOTER last_known_addr { host: "127.0.59.1" port: 34015 } }
I0405 05:41:14.656718 2730 raft_consensus.cc:366] T 18aaef92169e4e578a7d442b95cb130e P 4e40b00c13b84ea58862bc98124e4b70 [term 0 FOLLOWER]: Consensus starting up: Expiring failure detector timer to make a prompt election more likely
I0405 05:41:14.656858 2730 raft_consensus.cc:705] T 18aaef92169e4e578a7d442b95cb130e P 4e40b00c13b84ea58862bc98124e4b70 [term 0 FOLLOWER]: Becoming Follower/Learner. State: Replica: 4e40b00c13b84ea58862bc98124e4b70, State: Initialized, Role: FOLLOWER
I0405 05:41:14.657233 2730 consensus_queue.cc:229] T 18aaef92169e4e578a7d442b95cb130e P 4e40b00c13b84ea58862bc98124e4b70 [NON_LEADER]: Queue going to NON_LEADER mode. State: All replicated index: 0, Majority replicated index: 0, Committed index: 0, Last appended: 0.0, Last appended by leader: 0, Current term: 0, Majority size: -1, State: 0, Mode: NON_LEADER, active raft config: opid_index: -1 OBSOLETE_local: true peers { permanent_uuid: "4e40b00c13b84ea58862bc98124e4b70" member_type: VOTER last_known_addr { host: "127.0.59.1" port: 34015 } }
I0405 05:41:14.657621 2730 raft_consensus.cc:380] T 18aaef92169e4e578a7d442b95cb130e P 4e40b00c13b84ea58862bc98124e4b70 [term 0 FOLLOWER]: Only one voter in the Raft config. Triggering election immediately
I0405 05:41:14.657757 2730 raft_consensus.cc:472] T 18aaef92169e4e578a7d442b95cb130e P 4e40b00c13b84ea58862bc98124e4b70 [term 0 FOLLOWER]: Starting leader election (initial election of a single-replica configuration)
I0405 05:41:14.657956 2730 raft_consensus.cc:2886] T 18aaef92169e4e578a7d442b95cb130e P 4e40b00c13b84ea58862bc98124e4b70 [term 0 FOLLOWER]: Advancing to term 1
I0405 05:41:14.661064 2730 raft_consensus.cc:494] T 18aaef92169e4e578a7d442b95cb130e P 4e40b00c13b84ea58862bc98124e4b70 [term 1 FOLLOWER]: Starting leader election with config: opid_index: -1 OBSOLETE_local: true peers { permanent_uuid: "4e40b00c13b84ea58862bc98124e4b70" member_type: VOTER last_known_addr { host: "127.0.59.1" port: 34015 } }
I0405 05:41:14.661485 2730 leader_election.cc:310] T 18aaef92169e4e578a7d442b95cb130e P 4e40b00c13b84ea58862bc98124e4b70 [CANDIDATE]: Term 1 election: Election decided. Result: candidate won. Election summary: received 1 responses out of 1 voters: 1 yes votes; 0 no votes. yes voters: 4e40b00c13b84ea58862bc98124e4b70; no voters:
I0405 05:41:14.661988 2730 leader_election.cc:296] T 18aaef92169e4e578a7d442b95cb130e P 4e40b00c13b84ea58862bc98124e4b70 [CANDIDATE]: Term 1 election: Requested vote from peers
I0405 05:41:14.662107 2732 raft_consensus.cc:2640] T 18aaef92169e4e578a7d442b95cb130e P 4e40b00c13b84ea58862bc98124e4b70 [term 1 FOLLOWER]: Leader election won for term 1
I0405 05:41:14.662431 2732 raft_consensus.cc:667] T 18aaef92169e4e578a7d442b95cb130e P 4e40b00c13b84ea58862bc98124e4b70 [term 1 LEADER]: Becoming Leader. State: Replica: 4e40b00c13b84ea58862bc98124e4b70, State: Running, Role: LEADER
I0405 05:41:14.662812 2732 consensus_queue.cc:206] T 18aaef92169e4e578a7d442b95cb130e P 4e40b00c13b84ea58862bc98124e4b70 [LEADER]: Queue going to LEADER mode. State: All replicated index: 0, Majority replicated index: 0, Committed index: 0, Last appended: 0.0, Last appended by leader: 0, Current term: 1, Majority size: 1, State: 0, Mode: LEADER, active raft config: opid_index: -1 OBSOLETE_local: true peers { permanent_uuid: "4e40b00c13b84ea58862bc98124e4b70" member_type: VOTER last_known_addr { host: "127.0.59.1" port: 34015 } }
I0405 05:41:14.663108 2730 ts_tablet_manager.cc:1081] T 18aaef92169e4e578a7d442b95cb130e P 4e40b00c13b84ea58862bc98124e4b70: Time spent starting tablet: real 0.008s user 0.005s sys 0.002s
I0405 05:41:14.668275 2543 catalog_manager.cc:3977] T 18aaef92169e4e578a7d442b95cb130e P 4e40b00c13b84ea58862bc98124e4b70 reported cstate change: term changed from 0 to 1, leader changed from to 4e40b00c13b84ea58862bc98124e4b70 (127.0.59.1). New cstate: current_term: 1 leader_uuid: "4e40b00c13b84ea58862bc98124e4b70" committed_config { opid_index: -1 OBSOLETE_local: true peers { permanent_uuid: "4e40b00c13b84ea58862bc98124e4b70" member_type: VOTER last_known_addr { host: "127.0.59.1" port: 34015 } health_report { overall_health: HEALTHY } } }
I0405 05:41:14.677767 236 test_util.cc:212] Using random seed: -279025178
I0405 05:41:14.707630 2543 catalog_manager.cc:1416] Servicing CreateTable request from {username='slave'} at 127.0.0.1:33580: name: "kudu.table_6" schema { columns { name: "key" type: INT32 is_key: true is_nullable: false encoding: AUTO_ENCODING compression: DEFAULT_COMPRESSION cfile_block_size: 0 } columns { name: "int_val" type: INT32 is_key: false is_nullable: false encoding: AUTO_ENCODING compression: DEFAULT_COMPRESSION cfile_block_size: 0 } columns { name: "string_val" type: STRING is_key: false is_nullable: true encoding: AUTO_ENCODING compression: DEFAULT_COMPRESSION cfile_block_size: 0 } } num_replicas: 1 split_rows_range_bounds { } partition_schema { range_schema { columns { name: "key" } } }
I0405 05:41:14.719555 2645 tablet_service.cc:1006] Processing CreateTablet for tablet 7ce0ce8e4653401b83dbd0ad0bd340e2 (table=kudu.table_6 [id=e72cdef5a55d42639aa781d85282748f]), partition=RANGE (key) PARTITION UNBOUNDED
I0405 05:41:14.720254 2645 data_dirs.cc:938] Could only allocate 1 dirs of requested 3 for tablet 7ce0ce8e4653401b83dbd0ad0bd340e2. 1 dirs total, 0 dirs full, 0 dirs failed
I0405 05:41:14.730712 2730 tablet_bootstrap.cc:439] T 7ce0ce8e4653401b83dbd0ad0bd340e2 P 4e40b00c13b84ea58862bc98124e4b70: Bootstrap starting.
I0405 05:41:14.732985 2730 tablet_bootstrap.cc:590] T 7ce0ce8e4653401b83dbd0ad0bd340e2 P 4e40b00c13b84ea58862bc98124e4b70: No blocks or log segments found. Creating new log.
I0405 05:41:14.735983 2730 tablet_bootstrap.cc:439] T 7ce0ce8e4653401b83dbd0ad0bd340e2 P 4e40b00c13b84ea58862bc98124e4b70: No bootstrap required, opened a new log
