I0405 05:40:28.250746 1012 raft_consensus.cc:340] T 767393d48e1a4b9dbb1c77d84243de2f P f581ad77010e48c08b65021ea7fc4569 [term 0 FOLLOWER]: Replica starting. Triggering 0 pending transactions. Active config: opid_index: -1 OBSOLETE_local: false peers { permanent_uuid: "ec3926d7aa194fb5b34179301fb67a4d" member_type: VOTER last_known_addr { host: "127.0.59.2" port: 42257 } } peers { permanent_uuid: "a37356ee097342538b072da484f76bd3" member_type: VOTER last_known_addr { host: "127.0.59.1" port: 35007 } } peers { permanent_uuid: "f581ad77010e48c08b65021ea7fc4569" member_type: VOTER last_known_addr { host: "127.0.59.4" port: 43425 } } peers { permanent_uuid: "67fe2e497c1243dabeb7ef850bf4969d" member_type: VOTER last_known_addr { host: "127.0.59.3" port: 41327 } } peers { permanent_uuid: "facb8ca437fe4f77a2ee4af6ea171a7e" member_type: VOTER last_known_addr { host: "127.0.59.5" port: 34661 } }
I0405 05:40:28.251260 1012 raft_consensus.cc:366] T 767393d48e1a4b9dbb1c77d84243de2f P f581ad77010e48c08b65021ea7fc4569 [term 0 FOLLOWER]: Consensus starting up: Expiring failure detector timer to make a prompt election more likely
I0405 05:40:28.251444 1012 raft_consensus.cc:705] T 767393d48e1a4b9dbb1c77d84243de2f P f581ad77010e48c08b65021ea7fc4569 [term 0 FOLLOWER]: Becoming Follower/Learner. State: Replica: f581ad77010e48c08b65021ea7fc4569, State: Initialized, Role: FOLLOWER
I0405 05:40:28.251788 1012 consensus_queue.cc:229] T 767393d48e1a4b9dbb1c77d84243de2f P f581ad77010e48c08b65021ea7fc4569 [NON_LEADER]: Queue going to NON_LEADER mode. State: All replicated index: 0, Majority replicated index: 0, Committed index: 0, Last appended: 0.0, Last appended by leader: 0, Current term: 0, Majority size: -1, State: 0, Mode: NON_LEADER, active raft config: opid_index: -1 OBSOLETE_local: false peers { permanent_uuid: "ec3926d7aa194fb5b34179301fb67a4d" member_type: VOTER last_known_addr { host: "127.0.59.2" port: 42257 } } peers { permanent_uuid: "a37356ee097342538b072da484f76bd3" member_type: VOTER last_known_addr { host: "127.0.59.1" port: 35007 } } peers { permanent_uuid: "f581ad77010e48c08b65021ea7fc4569" member_type: VOTER last_known_addr { host: "127.0.59.4" port: 43425 } } peers { permanent_uuid: "67fe2e497c1243dabeb7ef850bf4969d" member_type: VOTER last_known_addr { host: "127.0.59.3" port: 41327 } } peers { permanent_uuid: "facb8ca437fe4f77a2ee4af6ea171a7e" member_type: VOTER last_known_addr { host: "127.0.59.5" port: 34661 } }
I0405 05:40:28.252748 1012 ts_tablet_manager.cc:1081] T 767393d48e1a4b9dbb1c77d84243de2f P f581ad77010e48c08b65021ea7fc4569: Time spent starting tablet: real 0.003s user 0.002s sys 0.000s
W0405 05:40:28.283710 488 tablet.cc:1786] T 0b0defba64c2467f94d78a20c7f4c2a0 P a37356ee097342538b072da484f76bd3: Can't schedule compaction. Clean time has not been advanced past its initial value.
W0405 05:40:28.300693 987 tablet.cc:1786] T 0b0defba64c2467f94d78a20c7f4c2a0 P facb8ca437fe4f77a2ee4af6ea171a7e: Can't schedule compaction. Clean time has not been advanced past its initial value.
W0405 05:40:28.370393 862 tablet.cc:1786] T 0b0defba64c2467f94d78a20c7f4c2a0 P f581ad77010e48c08b65021ea7fc4569: Can't schedule compaction. Clean time has not been advanced past its initial value.
I0405 05:40:28.432296 1028 raft_consensus.cc:472] T 767393d48e1a4b9dbb1c77d84243de2f P f581ad77010e48c08b65021ea7fc4569 [term 0 FOLLOWER]: Starting pre-election (no leader contacted us within the election timeout)
I0405 05:40:28.432698 1028 raft_consensus.cc:494] T 767393d48e1a4b9dbb1c77d84243de2f P f581ad77010e48c08b65021ea7fc4569 [term 0 FOLLOWER]: Starting pre-election with config: opid_index: -1 OBSOLETE_local: false peers { permanent_uuid: "ec3926d7aa194fb5b34179301fb67a4d" member_type: VOTER last_known_addr { host: "127.0.59.2" port: 42257 } } peers { permanent_uuid: "a37356ee097342538b072da484f76bd3" member_type: VOTER last_known_addr { host: "127.0.59.1" port: 35007 } } peers { permanent_uuid: "f581ad77010e48c08b65021ea7fc4569" member_type: VOTER last_known_addr { host: "127.0.59.4" port: 43425 } } peers { permanent_uuid: "67fe2e497c1243dabeb7ef850bf4969d" member_type: VOTER last_known_addr { host: "127.0.59.3" port: 41327 } } peers { permanent_uuid: "facb8ca437fe4f77a2ee4af6ea171a7e" member_type: VOTER last_known_addr { host: "127.0.59.5" port: 34661 } }
I0405 05:40:28.434711 1028 leader_election.cc:296] T 767393d48e1a4b9dbb1c77d84243de2f P f581ad77010e48c08b65021ea7fc4569 [CANDIDATE]: Term 1 pre-election: Requested pre-vote from peers ec3926d7aa194fb5b34179301fb67a4d (127.0.59.2:42257), a37356ee097342538b072da484f76bd3 (127.0.59.1:35007), 67fe2e497c1243dabeb7ef850bf4969d (127.0.59.3:41327), facb8ca437fe4f77a2ee4af6ea171a7e (127.0.59.5:34661)
I0405 05:40:28.454250 568 tablet_service.cc:1276] Received RequestConsensusVote() RPC: tablet_id: "767393d48e1a4b9dbb1c77d84243de2f" candidate_uuid: "f581ad77010e48c08b65021ea7fc4569" candidate_term: 1 candidate_status { last_received { term: 0 index: 0 } } ignore_live_leader: false dest_uuid: "ec3926d7aa194fb5b34179301fb67a4d" is_pre_election: true
I0405 05:40:28.454905 568 raft_consensus.cc:2346] T 767393d48e1a4b9dbb1c77d84243de2f P ec3926d7aa194fb5b34179301fb67a4d [term 0 FOLLOWER]: Leader pre-election vote request: Granting yes vote for candidate f581ad77010e48c08b65021ea7fc4569 in term 0.
I0405 05:40:28.455386 943 tablet_service.cc:1276] Received RequestConsensusVote() RPC: tablet_id: "767393d48e1a4b9dbb1c77d84243de2f" candidate_uuid: "f581ad77010e48c08b65021ea7fc4569" candidate_term: 1 candidate_status { last_received { term: 0 index: 0 } } ignore_live_leader: false dest_uuid: "facb8ca437fe4f77a2ee4af6ea171a7e" is_pre_election: true
I0405 05:40:28.455739 443 tablet_service.cc:1276] Received RequestConsensusVote() RPC: tablet_id: "767393d48e1a4b9dbb1c77d84243de2f" candidate_uuid: "f581ad77010e48c08b65021ea7fc4569" candidate_term: 1 candidate_status { last_received { term: 0 index: 0 } } ignore_live_leader: false dest_uuid: "a37356ee097342538b072da484f76bd3" is_pre_election: true
I0405 05:40:28.456015 943 raft_consensus.cc:2346] T 767393d48e1a4b9dbb1c77d84243de2f P facb8ca437fe4f77a2ee4af6ea171a7e [term 0 FOLLOWER]: Leader pre-election vote request: Granting yes vote for candidate f581ad77010e48c08b65021ea7fc4569 in term 0.
I0405 05:40:28.456180 693 tablet_service.cc:1276] Received RequestConsensusVote() RPC: tablet_id: "767393d48e1a4b9dbb1c77d84243de2f" candidate_uuid: "f581ad77010e48c08b65021ea7fc4569" candidate_term: 1 candidate_status { last_received { term: 0 index: 0 } } ignore_live_leader: false dest_uuid: "67fe2e497c1243dabeb7ef850bf4969d" is_pre_election: true
I0405 05:40:28.456384 443 raft_consensus.cc:2346] T 767393d48e1a4b9dbb1c77d84243de2f P a37356ee097342538b072da484f76bd3 [term 0 FOLLOWER]: Leader pre-election vote request: Granting yes vote for candidate f581ad77010e48c08b65021ea7fc4569 in term 0.
I0405 05:40:28.456758 693 raft_consensus.cc:2346] T 767393d48e1a4b9dbb1c77d84243de2f P 67fe2e497c1243dabeb7ef850bf4969d [term 0 FOLLOWER]: Leader pre-election vote request: Granting yes vote for candidate f581ad77010e48c08b65021ea7fc4569 in term 0.
I0405 05:40:28.457149 748 leader_election.cc:310] T 767393d48e1a4b9dbb1c77d84243de2f P f581ad77010e48c08b65021ea7fc4569 [CANDIDATE]: Term 1 pre-election: Election decided. Result: candidate won. Election summary: received 3 responses out of 5 voters: 3 yes votes; 0 no votes. yes voters: ec3926d7aa194fb5b34179301fb67a4d, f581ad77010e48c08b65021ea7fc4569, facb8ca437fe4f77a2ee4af6ea171a7e; no voters:
I0405 05:40:28.457837 1028 raft_consensus.cc:2640] T 767393d48e1a4b9dbb1c77d84243de2f P f581ad77010e48c08b65021ea7fc4569 [term 0 FOLLOWER]: Leader pre-election won for term 1
I0405 05:40:28.458050 1028 raft_consensus.cc:472] T 767393d48e1a4b9dbb1c77d84243de2f P f581ad77010e48c08b65021ea7fc4569 [term 0 FOLLOWER]: Starting leader election (no leader contacted us within the election timeout)
I0405 05:40:28.458204 1028 raft_consensus.cc:2886] T 767393d48e1a4b9dbb1c77d84243de2f P f581ad77010e48c08b65021ea7fc4569 [term 0 FOLLOWER]: Advancing to term 1
W0405 05:40:28.460079 737 tablet.cc:1786] T 0b0defba64c2467f94d78a20c7f4c2a0 P 67fe2e497c1243dabeb7ef850bf4969d: Can't schedule compaction. Clean time has not been advanced past its initial value.
I0405 05:40:28.461402 1028 raft_consensus.cc:494] T 767393d48e1a4b9dbb1c77d84243de2f P f581ad77010e48c08b65021ea7fc4569 [term 1 FOLLOWER]: Starting leader election with config: opid_index: -1 OBSOLETE_local: false peers { permanent_uuid: "ec3926d7aa194fb5b34179301fb67a4d" member_type: VOTER last_known_addr { host: "127.0.59.2" port: 42257 } } peers { permanent_uuid: "a37356ee097342538b072da484f76bd3" member_type: VOTER last_known_addr { host: "127.0.59.1" port: 35007 } } peers { permanent_uuid: "f581ad77010e48c08b65021ea7fc4569" member_type: VOTER last_known_addr { host: "127.0.59.4" port: 43425 } } peers { permanent_uuid: "67fe2e497c1243dabeb7ef850bf4969d" member_type: VOTER last_known_addr { host: "127.0.59.3" port: 41327 } } peers { permanent_uuid: "facb8ca437fe4f77a2ee4af6ea171a7e" member_type: VOTER last_known_addr { host: "127.0.59.5" port: 34661 } }
I0405 05:40:28.462924 1028 leader_election.cc:296] T 767393d48e1a4b9dbb1c77d84243de2f P f581ad77010e48c08b65021ea7fc4569 [CANDIDATE]: Term 1 election: Requested vote from peers ec3926d7aa194fb5b34179301fb67a4d (127.0.59.2:42257), a37356ee097342538b072da484f76bd3 (127.0.59.1:35007), 67fe2e497c1243dabeb7ef850bf4969d (127.0.59.3:41327), facb8ca437fe4f77a2ee4af6ea171a7e (127.0.59.5:34661)
I0405 05:40:28.463341 568 tablet_service.cc:1276] Received RequestConsensusVote() RPC: tablet_id: "767393d48e1a4b9dbb1c77d84243de2f" candidate_uuid: "f581ad77010e48c08b65021ea7fc4569" candidate_term: 1 candidate_status { last_received { term: 0 index: 0 } } ignore_live_leader: false dest_uuid: "ec3926d7aa194fb5b34179301fb67a4d"
I0405 05:40:28.463434 693 tablet_service.cc:1276] Received RequestConsensusVote() RPC: tablet_id: "767393d48e1a4b9dbb1c77d84243de2f" candidate_uuid: "f581ad77010e48c08b65021ea7fc4569" candidate_term: 1 candidate_status { last_received { term: 0 index: 0 } } ignore_live_leader: false dest_uuid: "67fe2e497c1243dabeb7ef850bf4969d"
I0405 05:40:28.463670 568 raft_consensus.cc:2886] T 767393d48e1a4b9dbb1c77d84243de2f P ec3926d7aa194fb5b34179301fb67a4d [term 0 FOLLOWER]: Advancing to term 1
I0405 05:40:28.463780 693 raft_consensus.cc:2886] T 767393d48e1a4b9dbb1c77d84243de2f P 67fe2e497c1243dabeb7ef850bf4969d [term 0 FOLLOWER]: Advancing to term 1
I0405 05:40:28.466022 443 tablet_service.cc:1276] Received RequestConsensusVote() RPC: tablet_id: "767393d48e1a4b9dbb1c77d84243de2f" candidate_uuid: "f581ad77010e48c08b65021ea7fc4569" candidate_term: 1 candidate_status { last_received { term: 0 index: 0 } } ignore_live_leader: false dest_uuid: "a37356ee097342538b072da484f76bd3"
I0405 05:40:28.466375 443 raft_consensus.cc:2886] T 767393d48e1a4b9dbb1c77d84243de2f P a37356ee097342538b072da484f76bd3 [term 0 FOLLOWER]: Advancing to term 1
I0405 05:40:28.468159 693 raft_consensus.cc:2346] T 767393d48e1a4b9dbb1c77d84243de2f P 67fe2e497c1243dabeb7ef850bf4969d [term 1 FOLLOWER]: Leader election vote request: Granting yes vote for candidate f581ad77010e48c08b65021ea7fc4569 in term 1.
I0405 05:40:28.470592 943 tablet_service.cc:1276] Received RequestConsensusVote() RPC: tablet_id: "767393d48e1a4b9dbb1c77d84243de2f" candidate_uuid: "f581ad77010e48c08b65021ea7fc4569" candidate_term: 1 candidate_status { last_received { term: 0 index: 0 } } ignore_live_leader: false dest_uuid: "facb8ca437fe4f77a2ee4af6ea171a7e"
I0405 05:40:28.471060 943 raft_consensus.cc:2886] T 767393d48e1a4b9dbb1c77d84243de2f P facb8ca437fe4f77a2ee4af6ea171a7e [term 0 FOLLOWER]: Advancing to term 1
I0405 05:40:28.471626 568 raft_consensus.cc:2346] T 767393d48e1a4b9dbb1c77d84243de2f P ec3926d7aa194fb5b34179301fb67a4d [term 1 FOLLOWER]: Leader election vote request: Granting yes vote for candidate f581ad77010e48c08b65021ea7fc4569 in term 1.
I0405 05:40:28.472424 750 leader_election.cc:310] T 767393d48e1a4b9dbb1c77d84243de2f P f581ad77010e48c08b65021ea7fc4569 [CANDIDATE]: Term 1 election: Election decided. Result: candidate won. Election summary: received 3 responses out of 5 voters: 3 yes votes; 0 no votes. yes voters: 67fe2e497c1243dabeb7ef850bf4969d, ec3926d7aa194fb5b34179301fb67a4d, f581ad77010e48c08b65021ea7fc4569; no voters:
I0405 05:40:28.472965 1028 raft_consensus.cc:2640] T 767393d48e1a4b9dbb1c77d84243de2f P f581ad77010e48c08b65021ea7fc4569 [term 1 FOLLOWER]: Leader election won for term 1
I0405 05:40:28.475035 443 raft_consensus.cc:2346] T 767393d48e1a4b9dbb1c77d84243de2f P a37356ee097342538b072da484f76bd3 [term 1 FOLLOWER]: Leader election vote request: Granting yes vote for candidate f581ad77010e48c08b65021ea7fc4569 in term 1.
I0405 05:40:28.475394 1028 raft_consensus.cc:667] T 767393d48e1a4b9dbb1c77d84243de2f P f581ad77010e48c08b65021ea7fc4569 [term 1 LEADER]: Becoming Leader. State: Replica: f581ad77010e48c08b65021ea7fc4569, State: Running, Role: LEADER
I0405 05:40:28.476171 1028 consensus_queue.cc:206] T 767393d48e1a4b9dbb1c77d84243de2f P f581ad77010e48c08b65021ea7fc4569 [LEADER]: Queue going to LEADER mode. State: All replicated index: 0, Majority replicated index: 0, Committed index: 0, Last appended: 0.0, Last appended by leader: 0, Current term: 1, Majority size: 3, State: 0, Mode: LEADER, active raft config: opid_index: -1 OBSOLETE_local: false peers { permanent_uuid: "ec3926d7aa194fb5b34179301fb67a4d" member_type: VOTER last_known_addr { host: "127.0.59.2" port: 42257 } } peers { permanent_uuid: "a37356ee097342538b072da484f76bd3" member_type: VOTER last_known_addr { host: "127.0.59.1" port: 35007 } } peers { permanent_uuid: "f581ad77010e48c08b65021ea7fc4569" member_type: VOTER last_known_addr { host: "127.0.59.4" port: 43425 } } peers { permanent_uuid: "67fe2e497c1243dabeb7ef850bf4969d" member_type: VOTER last_known_addr { host: "127.0.59.3" port: 41327 } } peers { permanent_uuid: "facb8ca437fe4f77a2ee4af6ea171a7e" member_type: VOTER last_known_addr { host: "127.0.59.5" port: 34661 } }
I0405 05:40:28.476701 943 raft_consensus.cc:2346] T 767393d48e1a4b9dbb1c77d84243de2f P facb8ca437fe4f77a2ee4af6ea171a7e [term 1 FOLLOWER]: Leader election vote request: Granting yes vote for candidate f581ad77010e48c08b65021ea7fc4569 in term 1.
I0405 05:40:28.483003 319 catalog_manager.cc:3977] T 767393d48e1a4b9dbb1c77d84243de2f P f581ad77010e48c08b65021ea7fc4569 reported cstate change: term changed from 0 to 1, leader changed from to f581ad77010e48c08b65021ea7fc4569 (127.0.59.4). New cstate: current_term: 1 leader_uuid: "f581ad77010e48c08b65021ea7fc4569" committed_config { opid_index: -1 OBSOLETE_local: false peers { permanent_uuid: "ec3926d7aa194fb5b34179301fb67a4d" member_type: VOTER last_known_addr { host: "127.0.59.2" port: 42257 } health_report { overall_health: UNKNOWN } } peers { permanent_uuid: "a37356ee097342538b072da484f76bd3" member_type: VOTER last_known_addr { host: "127.0.59.1" port: 35007 } health_report { overall_health: UNKNOWN } } peers { permanent_uuid: "f581ad77010e48c08b65021ea7fc4569" member_type: VOTER last_known_addr { host: "127.0.59.4" port: 43425 } health_report { overall_health: HEALTHY } } peers { permanent_uuid: "67fe2e497c1243dabeb7ef850bf4969d" member_type: VOTER last_known_addr { host: "127.0.59.3" port: 41327 } health_report { overall_health: UNKNOWN } } peers { permanent_uuid: "facb8ca437fe4f77a2ee4af6ea171a7e" member_type: VOTER last_known_addr { host: "127.0.59.5" port: 34661 } health_report { overall_health: UNKNOWN } } }
I0405 05:40:28.506057 1025 raft_consensus.cc:472] T 0b0defba64c2467f94d78a20c7f4c2a0 P facb8ca437fe4f77a2ee4af6ea171a7e [term 0 FOLLOWER]: Starting pre-election (no leader contacted us within the election timeout)
I0405 05:40:28.506412 1025 raft_consensus.cc:494] T 0b0defba64c2467f94d78a20c7f4c2a0 P facb8ca437fe4f77a2ee4af6ea171a7e [term 0 FOLLOWER]: Starting pre-election with config: opid_index: -1 OBSOLETE_local: false peers { permanent_uuid: "67fe2e497c1243dabeb7ef850bf4969d" member_type: VOTER last_known_addr { host: "127.0.59.3" port: 41327 } } peers { permanent_uuid: "f581ad77010e48c08b65021ea7fc4569" member_type: VOTER last_known_addr { host: "127.0.59.4" port: 43425 } } peers { permanent_uuid: "facb8ca437fe4f77a2ee4af6ea171a7e" member_type: VOTER last_known_addr { host: "127.0.59.5" port: 34661 } } peers { permanent_uuid: "a37356ee097342538b072da484f76bd3" member_type: VOTER last_known_addr { host: "127.0.59.1" port: 35007 } } peers { permanent_uuid: "ec3926d7aa194fb5b34179301fb67a4d" member_type: VOTER last_known_addr { host: "127.0.59.2" port: 42257 } }
I0405 05:40:28.509392 1025 leader_election.cc:296] T 0b0defba64c2467f94d78a20c7f4c2a0 P facb8ca437fe4f77a2ee4af6ea171a7e [CANDIDATE]: Term 1 pre-election: Requested pre-vote from peers 67fe2e497c1243dabeb7ef850bf4969d (127.0.59.3:41327), f581ad77010e48c08b65021ea7fc4569 (127.0.59.4:43425), a37356ee097342538b072da484f76bd3 (127.0.59.1:35007), ec3926d7aa194fb5b34179301fb67a4d (127.0.59.2:42257)
I0405 05:40:28.517176 1019 raft_consensus.cc:472] T 0b0defba64c2467f94d78a20c7f4c2a0 P a37356ee097342538b072da484f76bd3 [term 0 FOLLOWER]: Starting pre-election (no leader contacted us within the election timeout)
I0405 05:40:28.517581 1019 raft_consensus.cc:494] T 0b0defba64c2467f94d78a20c7f4c2a0 P a37356ee097342538b072da484f76bd3 [term 0 FOLLOWER]: Starting pre-election with config: opid_index: -1 OBSOLETE_local: false peers { permanent_uuid: "67fe2e497c1243dabeb7ef850bf4969d" member_type: VOTER last_known_addr { host: "127.0.59.3" port: 41327 } } peers { permanent_uuid: "f581ad77010e48c08b65021ea7fc4569" member_type: VOTER last_known_addr { host: "127.0.59.4" port: 43425 } } peers { permanent_uuid: "facb8ca437fe4f77a2ee4af6ea171a7e" member_type: VOTER last_known_addr { host: "127.0.59.5" port: 34661 } } peers { permanent_uuid: "a37356ee097342538b072da484f76bd3" member_type: VOTER last_known_addr { host: "127.0.59.1" port: 35007 } } peers { permanent_uuid: "ec3926d7aa194fb5b34179301fb67a4d" member_type: VOTER last_known_addr { host: "127.0.59.2" port: 42257 } }
I0405 05:40:28.541920 1019 leader_election.cc:296] T 0b0defba64c2467f94d78a20c7f4c2a0 P a37356ee097342538b072da484f76bd3 [CANDIDATE]: Term 1 pre-election: Requested pre-vote from peers 67fe2e497c1243dabeb7ef850bf4969d (127.0.59.3:41327), f581ad77010e48c08b65021ea7fc4569 (127.0.59.4:43425), facb8ca437fe4f77a2ee4af6ea171a7e (127.0.59.5:34661), ec3926d7aa194fb5b34179301fb67a4d (127.0.59.2:42257)
I0405 05:40:28.546975 568 tablet_service.cc:1276] Received RequestConsensusVote() RPC: tablet_id: "0b0defba64c2467f94d78a20c7f4c2a0" candidate_uuid: "facb8ca437fe4f77a2ee4af6ea171a7e" candidate_term: 1 candidate_status { last_received { term: 0 index: 0 } } ignore_live_leader: false dest_uuid: "ec3926d7aa194fb5b34179301fb67a4d" is_pre_election: true
I0405 05:40:28.547451 568 raft_consensus.cc:2346] T 0b0defba64c2467f94d78a20c7f4c2a0 P ec3926d7aa194fb5b34179301fb67a4d [term 0 FOLLOWER]: Leader pre-election vote request: Granting yes vote for candidate facb8ca437fe4f77a2ee4af6ea171a7e in term 0.
I0405 05:40:28.549094 693 tablet_service.cc:1276] Received RequestConsensusVote() RPC: tablet_id: "0b0defba64c2467f94d78a20c7f4c2a0" candidate_uuid: "facb8ca437fe4f77a2ee4af6ea171a7e" candidate_term: 1 candidate_status { last_received { term: 0 index: 0 } } ignore_live_leader: false dest_uuid: "67fe2e497c1243dabeb7ef850bf4969d" is_pre_election: true
I0405 05:40:28.549634 693 raft_consensus.cc:2346] T 0b0defba64c2467f94d78a20c7f4c2a0 P 67fe2e497c1243dabeb7ef850bf4969d [term 0 FOLLOWER]: Leader pre-election vote request: Granting yes vote for candidate facb8ca437fe4f77a2ee4af6ea171a7e in term 0.
I0405 05:40:28.551060 877 leader_election.cc:310] T 0b0defba64c2467f94d78a20c7f4c2a0 P facb8ca437fe4f77a2ee4af6ea171a7e [CANDIDATE]: Term 1 pre-election: Election decided. Result: candidate won. Election summary: received 3 responses out of 5 voters: 3 yes votes; 0 no votes. yes voters: 67fe2e497c1243dabeb7ef850bf4969d, ec3926d7aa194fb5b34179301fb67a4d, facb8ca437fe4f77a2ee4af6ea171a7e; no voters:
I0405 05:40:28.552331 1025 raft_consensus.cc:2640] T 0b0defba64c2467f94d78a20c7f4c2a0 P facb8ca437fe4f77a2ee4af6ea171a7e [term 0 FOLLOWER]: Leader pre-election won for term 1
I0405 05:40:28.552191 443 tablet_service.cc:1276] Received RequestConsensusVote() RPC: tablet_id: "0b0defba64c2467f94d78a20c7f4c2a0" candidate_uuid: "facb8ca437fe4f77a2ee4af6ea171a7e" candidate_term: 1 candidate_status { last_received { term: 0 index: 0 } } ignore_live_leader: false dest_uuid: "a37356ee097342538b072da484f76bd3" is_pre_election: true
I0405 05:40:28.552578 1025 raft_consensus.cc:472] T 0b0defba64c2467f94d78a20c7f4c2a0 P facb8ca437fe4f77a2ee4af6ea171a7e [term 0 FOLLOWER]: Starting leader election (no leader contacted us within the election timeout)
I0405 05:40:28.552780 1025 raft_consensus.cc:2886] T 0b0defba64c2467f94d78a20c7f4c2a0 P facb8ca437fe4f77a2ee4af6ea171a7e [term 0 FOLLOWER]: Advancing to term 1
I0405 05:40:28.552726 443 raft_consensus.cc:2346] T 0b0defba64c2467f94d78a20c7f4c2a0 P a37356ee097342538b072da484f76bd3 [term 0 FOLLOWER]: Leader pre-election vote request: Granting yes vote for candidate facb8ca437fe4f77a2ee4af6ea171a7e in term 0.
I0405 05:40:28.554919 1028 raft_consensus.cc:472] T 0b0defba64c2467f94d78a20c7f4c2a0 P f581ad77010e48c08b65021ea7fc4569 [term 0 FOLLOWER]: Starting pre-election (no leader contacted us within the election timeout)
I0405 05:40:28.555368 1028 raft_consensus.cc:494] T 0b0defba64c2467f94d78a20c7f4c2a0 P f581ad77010e48c08b65021ea7fc4569 [term 0 FOLLOWER]: Starting pre-election with config: opid_index: -1 OBSOLETE_local: false peers { permanent_uuid: "67fe2e497c1243dabeb7ef850bf4969d" member_type: VOTER last_known_addr { host: "127.0.59.3" port: 41327 } } peers { permanent_uuid: "f581ad77010e48c08b65021ea7fc4569" member_type: VOTER last_known_addr { host: "127.0.59.4" port: 43425 } } peers { permanent_uuid: "facb8ca437fe4f77a2ee4af6ea171a7e" member_type: VOTER last_known_addr { host: "127.0.59.5" port: 34661 } } peers { permanent_uuid: "a37356ee097342538b072da484f76bd3" member_type: VOTER last_known_addr { host: "127.0.59.1" port: 35007 } } peers { permanent_uuid: "ec3926d7aa194fb5b34179301fb67a4d" member_type: VOTER last_known_addr { host: "127.0.59.2" port: 42257 } }
I0405 05:40:28.558642 443 tablet_service.cc:1276] Received RequestConsensusVote() RPC: tablet_id: "0b0defba64c2467f94d78a20c7f4c2a0" candidate_uuid: "f581ad77010e48c08b65021ea7fc4569" candidate_term: 1 candidate_status { last_received { term: 0 index: 0 } } ignore_live_leader: false dest_uuid: "a37356ee097342538b072da484f76bd3" is_pre_election: true
I0405 05:40:28.558815 693 tablet_service.cc:1276] Received RequestConsensusVote() RPC: tablet_id: "0b0defba64c2467f94d78a20c7f4c2a0" candidate_uuid: "f581ad77010e48c08b65021ea7fc4569" candidate_term: 1 candidate_status { last_received { term: 0 index: 0 } } ignore_live_leader: false dest_uuid: "67fe2e497c1243dabeb7ef850bf4969d" is_pre_election: true
I0405 05:40:28.559149 443 raft_consensus.cc:2346] T 0b0defba64c2467f94d78a20c7f4c2a0 P a37356ee097342538b072da484f76bd3 [term 0 FOLLOWER]: Leader pre-election vote request: Granting yes vote for candidate f581ad77010e48c08b65021ea7fc4569 in term 0.
I0405 05:40:28.559319 693 raft_consensus.cc:2346] T 0b0defba64c2467f94d78a20c7f4c2a0 P 67fe2e497c1243dabeb7ef850bf4969d [term 0 FOLLOWER]: Leader pre-election vote request: Granting yes vote for candidate f581ad77010e48c08b65021ea7fc4569 in term 0.
I0405 05:40:28.560247 752 leader_election.cc:310] T 0b0defba64c2467f94d78a20c7f4c2a0 P f581ad77010e48c08b65021ea7fc4569 [CANDIDATE]: Term 1 pre-election: Election decided. Result: candidate won. Election summary: received 3 responses out of 5 voters: 3 yes votes; 0 no votes. yes voters: 67fe2e497c1243dabeb7ef850bf4969d, a37356ee097342538b072da484f76bd3, f581ad77010e48c08b65021ea7fc4569; no voters:
I0405 05:40:28.560487 1025 raft_consensus.cc:494] T 0b0defba64c2467f94d78a20c7f4c2a0 P facb8ca437fe4f77a2ee4af6ea171a7e [term 1 FOLLOWER]: Starting leader election with config: opid_index: -1 OBSOLETE_local: false peers { permanent_uuid: "67fe2e497c1243dabeb7ef850bf4969d" member_type: VOTER last_known_addr { host: "127.0.59.3" port: 41327 } } peers { permanent_uuid: "f581ad77010e48c08b65021ea7fc4569" member_type: VOTER last_known_addr { host: "127.0.59.4" port: 43425 } } peers { permanent_uuid: "facb8ca437fe4f77a2ee4af6ea171a7e" member_type: VOTER last_known_addr { host: "127.0.59.5" port: 34661 } } peers { permanent_uuid: "a37356ee097342538b072da484f76bd3" member_type: VOTER last_known_addr { host: "127.0.59.1" port: 35007 } } peers { permanent_uuid: "ec3926d7aa194fb5b34179301fb67a4d" member_type: VOTER last_known_addr { host: "127.0.59.2" port: 42257 } }
I0405 05:40:28.561056 1035 raft_consensus.cc:2640] T 0b0defba64c2467f94d78a20c7f4c2a0 P f581ad77010e48c08b65021ea7fc4569 [term 0 FOLLOWER]: Leader pre-election won for term 1
I0405 05:40:28.561094 568 tablet_service.cc:1276] Received RequestConsensusVote() RPC: tablet_id: "0b0defba64c2467f94d78a20c7f4c2a0" candidate_uuid: "f581ad77010e48c08b65021ea7fc4569" candidate_term: 1 candidate_status { last_received { term: 0 index: 0 } } ignore_live_leader: false dest_uuid: "ec3926d7aa194fb5b34179301fb67a4d" is_pre_election: true
I0405 05:40:28.561287 1035 raft_consensus.cc:472] T 0b0defba64c2467f94d78a20c7f4c2a0 P f581ad77010e48c08b65021ea7fc4569 [term 0 FOLLOWER]: Starting leader election (no leader contacted us within the election timeout)
I0405 05:40:28.561493 1035 raft_consensus.cc:2886] T 0b0defba64c2467f94d78a20c7f4c2a0 P f581ad77010e48c08b65021ea7fc4569 [term 0 FOLLOWER]: Advancing to term 1
I0405 05:40:28.561583 568 raft_consensus.cc:2346] T 0b0defba64c2467f94d78a20c7f4c2a0 P ec3926d7aa194fb5b34179301fb67a4d [term 0 FOLLOWER]: Leader pre-election vote request: Granting yes vote for candidate f581ad77010e48c08b65021ea7fc4569 in term 0.
I0405 05:40:28.562523 1028 leader_election.cc:296] T 0b0defba64c2467f94d78a20c7f4c2a0 P f581ad77010e48c08b65021ea7fc4569 [CANDIDATE]: Term 1 pre-election: Requested pre-vote from peers 67fe2e497c1243dabeb7ef850bf4969d (127.0.59.3:41327), facb8ca437fe4f77a2ee4af6ea171a7e (127.0.59.5:34661), a37356ee097342538b072da484f76bd3 (127.0.59.1:35007), ec3926d7aa194fb5b34179301fb67a4d (127.0.59.2:42257)
I0405 05:40:28.563398 443 tablet_service.cc:1276] Received RequestConsensusVote() RPC: tablet_id: "0b0defba64c2467f94d78a20c7f4c2a0" candidate_uuid: "facb8ca437fe4f77a2ee4af6ea171a7e" candidate_term: 1 candidate_status { last_received { term: 0 index: 0 } } ignore_live_leader: false dest_uuid: "a37356ee097342538b072da484f76bd3"
I0405 05:40:28.563725 443 raft_consensus.cc:2886] T 0b0defba64c2467f94d78a20c7f4c2a0 P a37356ee097342538b072da484f76bd3 [term 0 FOLLOWER]: Advancing to term 1
I0405 05:40:28.565505 1025 leader_election.cc:296] T 0b0defba64c2467f94d78a20c7f4c2a0 P facb8ca437fe4f77a2ee4af6ea171a7e [CANDIDATE]: Term 1 election: Requested vote from peers 67fe2e497c1243dabeb7ef850bf4969d (127.0.59.3:41327), f581ad77010e48c08b65021ea7fc4569 (127.0.59.4:43425), a37356ee097342538b072da484f76bd3 (127.0.59.1:35007), ec3926d7aa194fb5b34179301fb67a4d (127.0.59.2:42257)
I0405 05:40:28.566314 568 tablet_service.cc:1276] Received RequestConsensusVote() RPC: tablet_id: "0b0defba64c2467f94d78a20c7f4c2a0" candidate_uuid: "facb8ca437fe4f77a2ee4af6ea171a7e" candidate_term: 1 candidate_status { last_received { term: 0 index: 0 } } ignore_live_leader: false dest_uuid: "ec3926d7aa194fb5b34179301fb67a4d"
I0405 05:40:28.566766 568 raft_consensus.cc:2886] T 0b0defba64c2467f94d78a20c7f4c2a0 P ec3926d7aa194fb5b34179301fb67a4d [term 0 FOLLOWER]: Advancing to term 1
I0405 05:40:28.567144 1035 raft_consensus.cc:494] T 0b0defba64c2467f94d78a20c7f4c2a0 P f581ad77010e48c08b65021ea7fc4569 [term 1 FOLLOWER]: Starting leader election with config: opid_index: -1 OBSOLETE_local: false peers { permanent_uuid: "67fe2e497c1243dabeb7ef850bf4969d" member_type: VOTER last_known_addr { host: "127.0.59.3" port: 41327 } } peers { permanent_uuid: "f581ad77010e48c08b65021ea7fc4569" member_type: VOTER last_known_addr { host: "127.0.59.4" port: 43425 } } peers { permanent_uuid: "facb8ca437fe4f77a2ee4af6ea171a7e" member_type: VOTER last_known_addr { host: "127.0.59.5" port: 34661 } } peers { permanent_uuid: "a37356ee097342538b072da484f76bd3" member_type: VOTER last_known_addr { host: "127.0.59.1" port: 35007 } } peers { permanent_uuid: "ec3926d7aa194fb5b34179301fb67a4d" member_type: VOTER last_known_addr { host: "127.0.59.2" port: 42257 } }
I0405 05:40:28.567781 943 tablet_service.cc:1276] Received RequestConsensusVote() RPC: tablet_id: "0b0defba64c2467f94d78a20c7f4c2a0" candidate_uuid: "f581ad77010e48c08b65021ea7fc4569" candidate_term: 1 candidate_status { last_received { term: 0 index: 0 } } ignore_live_leader: false dest_uuid: "facb8ca437fe4f77a2ee4af6ea171a7e" is_pre_election: true
I0405 05:40:28.568408 943 raft_consensus.cc:2276] T 0b0defba64c2467f94d78a20c7f4c2a0 P facb8ca437fe4f77a2ee4af6ea171a7e [term 1 FOLLOWER]: Leader pre-election vote request: Denying vote to candidate f581ad77010e48c08b65021ea7fc4569 in current term 1: Already voted for candidate facb8ca437fe4f77a2ee4af6ea171a7e in this term.
I0405 05:40:28.569614 693 tablet_service.cc:1276] Received RequestConsensusVote() RPC: tablet_id: "0b0defba64c2467f94d78a20c7f4c2a0" candidate_uuid: "f581ad77010e48c08b65021ea7fc4569" candidate_term: 1 candidate_status { last_received { term: 0 index: 0 } } ignore_live_leader: false dest_uuid: "67fe2e497c1243dabeb7ef850bf4969d"
I0405 05:40:28.569736 692 tablet_service.cc:1276] Received RequestConsensusVote() RPC: tablet_id: "0b0defba64c2467f94d78a20c7f4c2a0" candidate_uuid: "facb8ca437fe4f77a2ee4af6ea171a7e" candidate_term: 1 candidate_status { last_received { term: 0 index: 0 } } ignore_live_leader: false dest_uuid: "67fe2e497c1243dabeb7ef850bf4969d"
I0405 05:40:28.570091 693 raft_consensus.cc:2886] T 0b0defba64c2467f94d78a20c7f4c2a0 P 67fe2e497c1243dabeb7ef850bf4969d [term 0 FOLLOWER]: Advancing to term 1
I0405 05:40:28.573472 1035 leader_election.cc:296] T 0b0defba64c2467f94d78a20c7f4c2a0 P f581ad77010e48c08b65021ea7fc4569 [CANDIDATE]: Term 1 election: Requested vote from peers 67fe2e497c1243dabeb7ef850bf4969d (127.0.59.3:41327), facb8ca437fe4f77a2ee4af6ea171a7e (127.0.59.5:34661), a37356ee097342538b072da484f76bd3 (127.0.59.1:35007), ec3926d7aa194fb5b34179301fb67a4d (127.0.59.2:42257)
I0405 05:40:28.573722 567 tablet_service.cc:1276] Received RequestConsensusVote() RPC: tablet_id: "0b0defba64c2467f94d78a20c7f4c2a0" candidate_uuid: "f581ad77010e48c08b65021ea7fc4569" candidate_term: 1 candidate_status { last_received { term: 0 index: 0 } } ignore_live_leader: false dest_uuid: "ec3926d7aa194fb5b34179301fb67a4d"
I0405 05:40:28.574069 442 tablet_service.cc:1276] Received RequestConsensusVote() RPC: tablet_id: "0b0defba64c2467f94d78a20c7f4c2a0" candidate_uuid: "f581ad77010e48c08b65021ea7fc4569" candidate_term: 1 candidate_status { last_received { term: 0 index: 0 } } ignore_live_leader: false dest_uuid: "a37356ee097342538b072da484f76bd3"
I0405 05:40:28.574285 568 raft_consensus.cc:2346] T 0b0defba64c2467f94d78a20c7f4c2a0 P ec3926d7aa194fb5b34179301fb67a4d [term 1 FOLLOWER]: Leader election vote request: Granting yes vote for candidate facb8ca437fe4f77a2ee4af6ea171a7e in term 1.
I0405 05:40:28.575260 693 raft_consensus.cc:2346] T 0b0defba64c2467f94d78a20c7f4c2a0 P 67fe2e497c1243dabeb7ef850bf4969d [term 1 FOLLOWER]: Leader election vote request: Granting yes vote for candidate f581ad77010e48c08b65021ea7fc4569 in term 1.
I0405 05:40:28.576864 692 raft_consensus.cc:2321] T 0b0defba64c2467f94d78a20c7f4c2a0 P 67fe2e497c1243dabeb7ef850bf4969d [term 1 FOLLOWER]: Leader election vote request: Denying vote to candidate facb8ca437fe4f77a2ee4af6ea171a7e for term 1 because replica is already servicing an update from a current leader or another vote.
I0405 05:40:28.576908 567 raft_consensus.cc:2321] T 0b0defba64c2467f94d78a20c7f4c2a0 P ec3926d7aa194fb5b34179301fb67a4d [term 1 FOLLOWER]: Leader election vote request: Denying vote to candidate f581ad77010e48c08b65021ea7fc4569 for term 1 because replica is already servicing an update from a current leader or another vote.
I0405 05:40:28.577699 818 tablet_service.cc:1276] Received RequestConsensusVote() RPC: tablet_id: "0b0defba64c2467f94d78a20c7f4c2a0" candidate_uuid: "facb8ca437fe4f77a2ee4af6ea171a7e" candidate_term: 1 candidate_status { last_received { term: 0 index: 0 } } ignore_live_leader: false dest_uuid: "f581ad77010e48c08b65021ea7fc4569" is_pre_election: true
I0405 05:40:28.578608 818 raft_consensus.cc:2276] T 0b0defba64c2467f94d78a20c7f4c2a0 P f581ad77010e48c08b65021ea7fc4569 [term 1 FOLLOWER]: Leader pre-election vote request: Denying vote to candidate facb8ca437fe4f77a2ee4af6ea171a7e in current term 1: Already voted for candidate f581ad77010e48c08b65021ea7fc4569 in this term.
I0405 05:40:28.578665 943 tablet_service.cc:1276] Received RequestConsensusVote() RPC: tablet_id: "0b0defba64c2467f94d78a20c7f4c2a0" candidate_uuid: "f581ad77010e48c08b65021ea7fc4569" candidate_term: 1 candidate_status { last_received { term: 0 index: 0 } } ignore_live_leader: false dest_uuid: "facb8ca437fe4f77a2ee4af6ea171a7e"
I0405 05:40:28.578056 817 tablet_service.cc:1276] Received RequestConsensusVote() RPC: tablet_id: "0b0defba64c2467f94d78a20c7f4c2a0" candidate_uuid: "facb8ca437fe4f77a2ee4af6ea171a7e" candidate_term: 1 candidate_status { last_received { term: 0 index: 0 } } ignore_live_leader: false dest_uuid: "f581ad77010e48c08b65021ea7fc4569"
I0405 05:40:28.579217 943 raft_consensus.cc:2276] T 0b0defba64c2467f94d78a20c7f4c2a0 P facb8ca437fe4f77a2ee4af6ea171a7e [term 1 FOLLOWER]: Leader election vote request: Denying vote to candidate f581ad77010e48c08b65021ea7fc4569 in current term 1: Already voted for candidate facb8ca437fe4f77a2ee4af6ea171a7e in this term.
I0405 05:40:28.579480 817 raft_consensus.cc:2276] T 0b0defba64c2467f94d78a20c7f4c2a0 P f581ad77010e48c08b65021ea7fc4569 [term 1 FOLLOWER]: Leader election vote request: Denying vote to candidate facb8ca437fe4f77a2ee4af6ea171a7e in current term 1: Already voted for candidate f581ad77010e48c08b65021ea7fc4569 in this term.
I0405 05:40:28.580514 443 raft_consensus.cc:2346] T 0b0defba64c2467f94d78a20c7f4c2a0 P a37356ee097342538b072da484f76bd3 [term 1 FOLLOWER]: Leader election vote request: Granting yes vote for candidate facb8ca437fe4f77a2ee4af6ea171a7e in term 1.
I0405 05:40:28.582062 442 raft_consensus.cc:2321] T 0b0defba64c2467f94d78a20c7f4c2a0 P a37356ee097342538b072da484f76bd3 [term 1 FOLLOWER]: Leader election vote request: Denying vote to candidate f581ad77010e48c08b65021ea7fc4569 for term 1 because replica is already servicing an update from a current leader or another vote.
I0405 05:40:28.587270 692 tablet_service.cc:1276] Received RequestConsensusVote() RPC: tablet_id: "0b0defba64c2467f94d78a20c7f4c2a0" candidate_uuid: "a37356ee097342538b072da484f76bd3" candidate_term: 1 candidate_status { last_received { term: 0 index: 0 } } ignore_live_leader: false dest_uuid: "67fe2e497c1243dabeb7ef850bf4969d" is_pre_election: true
I0405 05:40:28.587368 873 leader_election.cc:310] T 0b0defba64c2467f94d78a20c7f4c2a0 P facb8ca437fe4f77a2ee4af6ea171a7e [CANDIDATE]: Term 1 election: Election decided. Result: candidate won. Election summary: received 5 responses out of 5 voters: 3 yes votes; 2 no votes. yes voters: a37356ee097342538b072da484f76bd3, ec3926d7aa194fb5b34179301fb67a4d, facb8ca437fe4f77a2ee4af6ea171a7e; no voters: 67fe2e497c1243dabeb7ef850bf4969d, f581ad77010e48c08b65021ea7fc4569
I0405 05:40:28.587527 748 leader_election.cc:310] T 0b0defba64c2467f94d78a20c7f4c2a0 P f581ad77010e48c08b65021ea7fc4569 [CANDIDATE]: Term 1 election: Election decided. Result: candidate lost. Election summary: received 5 responses out of 5 voters: 2 yes votes; 3 no votes. yes voters: 67fe2e497c1243dabeb7ef850bf4969d, f581ad77010e48c08b65021ea7fc4569; no voters: a37356ee097342538b072da484f76bd3, ec3926d7aa194fb5b34179301fb67a4d, facb8ca437fe4f77a2ee4af6ea171a7e
I0405 05:40:28.587806 692 raft_consensus.cc:2276] T 0b0defba64c2467f94d78a20c7f4c2a0 P 67fe2e497c1243dabeb7ef850bf4969d [term 1 FOLLOWER]: Leader pre-election vote request: Denying vote to candidate a37356ee097342538b072da484f76bd3 in current term 1: Already voted for candidate f581ad77010e48c08b65021ea7fc4569 in this term.
I0405 05:40:28.588150 1035 raft_consensus.cc:2588] T 0b0defba64c2467f94d78a20c7f4c2a0 P f581ad77010e48c08b65021ea7fc4569 [term 1 FOLLOWER]: Leader election lost for term 1. Reason: could not achieve majority
I0405 05:40:28.588620 1025 raft_consensus.cc:2640] T 0b0defba64c2467f94d78a20c7f4c2a0 P facb8ca437fe4f77a2ee4af6ea171a7e [term 1 FOLLOWER]: Leader election won for term 1
I0405 05:40:28.591099 1025 raft_consensus.cc:667] T 0b0defba64c2467f94d78a20c7f4c2a0 P facb8ca437fe4f77a2ee4af6ea171a7e [term 1 LEADER]: Becoming Leader. State: Replica: facb8ca437fe4f77a2ee4af6ea171a7e, State: Running, Role: LEADER
I0405 05:40:28.591733 1025 consensus_queue.cc:206] T 0b0defba64c2467f94d78a20c7f4c2a0 P facb8ca437fe4f77a2ee4af6ea171a7e [LEADER]: Queue going to LEADER mode. State: All replicated index: 0, Majority replicated index: 0, Committed index: 0, Last appended: 0.0, Last appended by leader: 0, Current term: 1, Majority size: 3, State: 0, Mode: LEADER, active raft config: opid_index: -1 OBSOLETE_local: false peers { permanent_uuid: "67fe2e497c1243dabeb7ef850bf4969d" member_type: VOTER last_known_addr { host: "127.0.59.3" port: 41327 } } peers { permanent_uuid: "f581ad77010e48c08b65021ea7fc4569" member_type: VOTER last_known_addr { host: "127.0.59.4" port: 43425 } } peers { permanent_uuid: "facb8ca437fe4f77a2ee4af6ea171a7e" member_type: VOTER last_known_addr { host: "127.0.59.5" port: 34661 } } peers { permanent_uuid: "a37356ee097342538b072da484f76bd3" member_type: VOTER last_known_addr { host: "127.0.59.1" port: 35007 } } peers { permanent_uuid: "ec3926d7aa194fb5b34179301fb67a4d" member_type: VOTER last_known_addr { host: "127.0.59.2" port: 42257 } }
I0405 05:40:28.595872 943 tablet_service.cc:1276] Received RequestConsensusVote() RPC: tablet_id: "0b0defba64c2467f94d78a20c7f4c2a0" candidate_uuid: "a37356ee097342538b072da484f76bd3" candidate_term: 1 candidate_status { last_received { term: 0 index: 0 } } ignore_live_leader: false dest_uuid: "facb8ca437fe4f77a2ee4af6ea171a7e" is_pre_election: true
I0405 05:40:28.596560 568 tablet_service.cc:1276] Received RequestConsensusVote() RPC: tablet_id: "0b0defba64c2467f94d78a20c7f4c2a0" candidate_uuid: "a37356ee097342538b072da484f76bd3" candidate_term: 1 candidate_status { last_received { term: 0 index: 0 } } ignore_live_leader: false dest_uuid: "ec3926d7aa194fb5b34179301fb67a4d" is_pre_election: true
I0405 05:40:28.598136 568 raft_consensus.cc:2276] T 0b0defba64c2467f94d78a20c7f4c2a0 P ec3926d7aa194fb5b34179301fb67a4d [term 1 FOLLOWER]: Leader pre-election vote request: Denying vote to candidate a37356ee097342538b072da484f76bd3 in current term 1: Already voted for candidate facb8ca437fe4f77a2ee4af6ea171a7e in this term.
I0405 05:40:28.599697 943 raft_consensus.cc:2307] T 0b0defba64c2467f94d78a20c7f4c2a0 P facb8ca437fe4f77a2ee4af6ea171a7e [term 1 LEADER]: Leader pre-election vote request: Denying vote to candidate a37356ee097342538b072da484f76bd3 for term 1 because replica is either leader or believes a valid leader to be alive.
I0405 05:40:28.601897 373 leader_election.cc:310] T 0b0defba64c2467f94d78a20c7f4c2a0 P a37356ee097342538b072da484f76bd3 [CANDIDATE]: Term 1 pre-election: Election decided. Result: candidate lost. Election summary: received 4 responses out of 5 voters: 1 yes votes; 3 no votes. yes voters: a37356ee097342538b072da484f76bd3; no voters: 67fe2e497c1243dabeb7ef850bf4969d, ec3926d7aa194fb5b34179301fb67a4d, facb8ca437fe4f77a2ee4af6ea171a7e
I0405 05:40:28.602742 1019 raft_consensus.cc:2588] T 0b0defba64c2467f94d78a20c7f4c2a0 P a37356ee097342538b072da484f76bd3 [term 1 FOLLOWER]: Leader pre-election lost for term 1. Reason: could not achieve majority
I0405 05:40:28.603283 319 catalog_manager.cc:3977] T 0b0defba64c2467f94d78a20c7f4c2a0 P facb8ca437fe4f77a2ee4af6ea171a7e reported cstate change: term changed from 0 to 1, leader changed from to facb8ca437fe4f77a2ee4af6ea171a7e (127.0.59.5). New cstate: current_term: 1 leader_uuid: "facb8ca437fe4f77a2ee4af6ea171a7e" committed_config { opid_index: -1 OBSOLETE_local: false peers { permanent_uuid: "67fe2e497c1243dabeb7ef850bf4969d" member_type: VOTER last_known_addr { host: "127.0.59.3" port: 41327 } health_report { overall_health: UNKNOWN } } peers { permanent_uuid: "f581ad77010e48c08b65021ea7fc4569" member_type: VOTER last_known_addr { host: "127.0.59.4" port: 43425 } health_report { overall_health: UNKNOWN } } peers { permanent_uuid: "facb8ca437fe4f77a2ee4af6ea171a7e" member_type: VOTER last_known_addr { host: "127.0.59.5" port: 34661 } health_report { overall_health: HEALTHY } } peers { permanent_uuid: "a37356ee097342538b072da484f76bd3" member_type: VOTER last_known_addr { host: "127.0.59.1" port: 35007 } health_report { overall_health: UNKNOWN } } peers { permanent_uuid: "ec3926d7aa194fb5b34179301fb67a4d" member_type: VOTER last_known_addr { host: "127.0.59.2" port: 42257 } health_report { overall_health: UNKNOWN } } }
I0405 05:40:28.605497 817 tablet_service.cc:1276] Received RequestConsensusVote() RPC: tablet_id: "0b0defba64c2467f94d78a20c7f4c2a0" candidate_uuid: "a37356ee097342538b072da484f76bd3" candidate_term: 1 candidate_status { last_received { term: 0 index: 0 } } ignore_live_leader: false dest_uuid: "f581ad77010e48c08b65021ea7fc4569" is_pre_election: true
I0405 05:40:28.606034 817 raft_consensus.cc:2276] T 0b0defba64c2467f94d78a20c7f4c2a0 P f581ad77010e48c08b65021ea7fc4569 [term 1 FOLLOWER]: Leader pre-election vote request: Denying vote to candidate a37356ee097342538b072da484f76bd3 in current term 1: Already voted for candidate f581ad77010e48c08b65021ea7fc4569 in this term.
I0405 05:40:28.857252 943 raft_consensus.cc:1181] T 767393d48e1a4b9dbb1c77d84243de2f P facb8ca437fe4f77a2ee4af6ea171a7e [term 1 FOLLOWER]: Refusing update from remote peer f581ad77010e48c08b65021ea7fc4569: Log matching property violated. Preceding OpId in replica: term: 0 index: 0. Preceding OpId from leader: term: 1 index: 1. (index mismatch)
I0405 05:40:28.858392 1035 consensus_queue.cc:984] T 767393d48e1a4b9dbb1c77d84243de2f P f581ad77010e48c08b65021ea7fc4569 [LEADER]: Connected to new peer: Peer: permanent_uuid: "facb8ca437fe4f77a2ee4af6ea171a7e" member_type: VOTER last_known_addr { host: "127.0.59.5" port: 34661 }, Status: LMP_MISMATCH, Last received: 0.0, Next index: 1, Last known committed idx: 0, Time since last communication: 0.000s
I0405 05:40:28.987979 692 raft_consensus.cc:1181] T 0b0defba64c2467f94d78a20c7f4c2a0 P 67fe2e497c1243dabeb7ef850bf4969d [term 1 FOLLOWER]: Refusing update from remote peer facb8ca437fe4f77a2ee4af6ea171a7e: Log matching property violated. Preceding OpId in replica: term: 0 index: 0. Preceding OpId from leader: term: 1 index: 1. (index mismatch)
I0405 05:40:28.989089 1025 consensus_queue.cc:984] T 0b0defba64c2467f94d78a20c7f4c2a0 P facb8ca437fe4f77a2ee4af6ea171a7e [LEADER]: Connected to new peer: Peer: permanent_uuid: "67fe2e497c1243dabeb7ef850bf4969d" member_type: VOTER last_known_addr { host: "127.0.59.3" port: 41327 }, Status: LMP_MISMATCH, Last received: 0.0, Next index: 1, Last known committed idx: 0, Time since last communication: 0.000s
I0405 05:40:29.024916 568 raft_consensus.cc:1181] T 767393d48e1a4b9dbb1c77d84243de2f P ec3926d7aa194fb5b34179301fb67a4d [term 1 FOLLOWER]: Refusing update from remote peer f581ad77010e48c08b65021ea7fc4569: Log matching property violated. Preceding OpId in replica: term: 0 index: 0. Preceding OpId from leader: term: 1 index: 1. (index mismatch)
I0405 05:40:29.026021 1035 consensus_queue.cc:984] T 767393d48e1a4b9dbb1c77d84243de2f P f581ad77010e48c08b65021ea7fc4569 [LEADER]: Connected to new peer: Peer: permanent_uuid: "ec3926d7aa194fb5b34179301fb67a4d" member_type: VOTER last_known_addr { host: "127.0.59.2" port: 42257 }, Status: LMP_MISMATCH, Last received: 0.0, Next index: 1, Last known committed idx: 0, Time since last communication: 0.000s
I0405 05:40:29.044709 692 raft_consensus.cc:1181] T 767393d48e1a4b9dbb1c77d84243de2f P 67fe2e497c1243dabeb7ef850bf4969d [term 1 FOLLOWER]: Refusing update from remote peer f581ad77010e48c08b65021ea7fc4569: Log matching property violated. Preceding OpId in replica: term: 0 index: 0. Preceding OpId from leader: term: 1 index: 1. (index mismatch)
I0405 05:40:29.046062 1062 consensus_queue.cc:984] T 767393d48e1a4b9dbb1c77d84243de2f P f581ad77010e48c08b65021ea7fc4569 [LEADER]: Connected to new peer: Peer: permanent_uuid: "67fe2e497c1243dabeb7ef850bf4969d" member_type: VOTER last_known_addr { host: "127.0.59.3" port: 41327 }, Status: LMP_MISMATCH, Last received: 0.0, Next index: 1, Last known committed idx: 0, Time since last communication: 0.000s
I0405 05:40:29.049911 443 raft_consensus.cc:1181] T 767393d48e1a4b9dbb1c77d84243de2f P a37356ee097342538b072da484f76bd3 [term 1 FOLLOWER]: Refusing update from remote peer f581ad77010e48c08b65021ea7fc4569: Log matching property violated. Preceding OpId in replica: term: 0 index: 0. Preceding OpId from leader: term: 1 index: 1. (index mismatch)
I0405 05:40:29.051426 1035 consensus_queue.cc:984] T 767393d48e1a4b9dbb1c77d84243de2f P f581ad77010e48c08b65021ea7fc4569 [LEADER]: Connected to new peer: Peer: permanent_uuid: "a37356ee097342538b072da484f76bd3" member_type: VOTER last_known_addr { host: "127.0.59.1" port: 35007 }, Status: LMP_MISMATCH, Last received: 0.0, Next index: 1, Last known committed idx: 0, Time since last communication: 0.000s
I0405 05:40:29.097944 568 raft_consensus.cc:1181] T 0b0defba64c2467f94d78a20c7f4c2a0 P ec3926d7aa194fb5b34179301fb67a4d [term 1 FOLLOWER]: Refusing update from remote peer facb8ca437fe4f77a2ee4af6ea171a7e: Log matching property violated. Preceding OpId in replica: term: 0 index: 0. Preceding OpId from leader: term: 1 index: 1. (index mismatch)
I0405 05:40:29.098855 1025 consensus_queue.cc:984] T 0b0defba64c2467f94d78a20c7f4c2a0 P facb8ca437fe4f77a2ee4af6ea171a7e [LEADER]: Connected to new peer: Peer: permanent_uuid: "ec3926d7aa194fb5b34179301fb67a4d" member_type: VOTER last_known_addr { host: "127.0.59.2" port: 42257 }, Status: LMP_MISMATCH, Last received: 0.0, Next index: 1, Last known committed idx: 0, Time since last communication: 0.000s
I0405 05:40:29.114614 443 raft_consensus.cc:1181] T 0b0defba64c2467f94d78a20c7f4c2a0 P a37356ee097342538b072da484f76bd3 [term 1 FOLLOWER]: Refusing update from remote peer facb8ca437fe4f77a2ee4af6ea171a7e: Log matching property violated. Preceding OpId in replica: term: 0 index: 0. Preceding OpId from leader: term: 1 index: 1. (index mismatch)
I0405 05:40:29.132345 1072 consensus_queue.cc:984] T 0b0defba64c2467f94d78a20c7f4c2a0 P facb8ca437fe4f77a2ee4af6ea171a7e [LEADER]: Connected to new peer: Peer: permanent_uuid: "a37356ee097342538b072da484f76bd3" member_type: VOTER last_known_addr { host: "127.0.59.1" port: 35007 }, Status: LMP_MISMATCH, Last received: 0.0, Next index: 1, Last known committed idx: 0, Time since last communication: 0.001s
I0405 05:40:29.136957 817 raft_consensus.cc:1181] T 0b0defba64c2467f94d78a20c7f4c2a0 P f581ad77010e48c08b65021ea7fc4569 [term 1 FOLLOWER]: Refusing update from remote peer facb8ca437fe4f77a2ee4af6ea171a7e: Log matching property violated. Preceding OpId in replica: term: 0 index: 0. Preceding OpId from leader: term: 1 index: 1. (index mismatch)
I0405 05:40:29.139869 1025 consensus_queue.cc:984] T 0b0defba64c2467f94d78a20c7f4c2a0 P facb8ca437fe4f77a2ee4af6ea171a7e [LEADER]: Connected to new peer: Peer: permanent_uuid: "f581ad77010e48c08b65021ea7fc4569" member_type: VOTER last_known_addr { host: "127.0.59.4" port: 43425 }, Status: LMP_MISMATCH, Last received: 0.0, Next index: 1, Last known committed idx: 0, Time since last communication: 0.000s
W0405 05:40:29.341495 1076 flags.cc:406] Enabled unsafe flag: --never_fsync=true
W0405 05:40:29.949453 1076 thread.cc:599] rpc reactor (reactor) Time spent creating pthread: real 0.549s user 0.002s sys 0.000s
