I0405 05:40:52.308485 1973 tablet_bootstrap.cc:590] T 0432df2df5bb4c4f95b65ef94c6b69ff P f9e91a68485540d99e3acca269700436: No blocks or log segments found. Creating new log.
I0405 05:40:52.308882 1975 tablet_bootstrap.cc:590] T 005c0559778b48938c1273876eb19fd5 P a045d9deadef4ebfa261aa01aea39485: No blocks or log segments found. Creating new log.
I0405 05:40:52.310854 1975 log.cc:525] T 005c0559778b48938c1273876eb19fd5 P a045d9deadef4ebfa261aa01aea39485: Log is configured to *not* fsync() on all Append() calls
I0405 05:40:52.165192 1827 heartbeater.cc:467] Master dist-test-slave-dist-test-slave-bl6s:37487 was elected leader, sending a full tablet report...
I0405 05:40:52.316521 1973 tablet_bootstrap.cc:439] T 0432df2df5bb4c4f95b65ef94c6b69ff P f9e91a68485540d99e3acca269700436: No bootstrap required, opened a new log
I0405 05:40:52.314324 1975 tablet_bootstrap.cc:439] T 005c0559778b48938c1273876eb19fd5 P a045d9deadef4ebfa261aa01aea39485: No bootstrap required, opened a new log
I0405 05:40:52.316833 1973 ts_tablet_manager.cc:1053] T 0432df2df5bb4c4f95b65ef94c6b69ff P f9e91a68485540d99e3acca269700436: Time spent bootstrapping tablet: real 0.013s user 0.001s sys 0.005s
I0405 05:40:52.317257 1975 ts_tablet_manager.cc:1053] T 005c0559778b48938c1273876eb19fd5 P a045d9deadef4ebfa261aa01aea39485: Time spent bootstrapping tablet: real 0.015s user 0.005s sys 0.004s
I0405 05:40:52.318512 1974 tablet_bootstrap.cc:439] T 005c0559778b48938c1273876eb19fd5 P 77947e161a68400dbc7dc55a29079277: Bootstrap starting.
I0405 05:40:52.318254 1973 raft_consensus.cc:340] T 0432df2df5bb4c4f95b65ef94c6b69ff P f9e91a68485540d99e3acca269700436 [term 0 FOLLOWER]: Replica starting. Triggering 0 pending transactions. Active config: opid_index: -1 OBSOLETE_local: false peers { permanent_uuid: "a045d9deadef4ebfa261aa01aea39485" member_type: VOTER last_known_addr { host: "dist-test-slave-dist-test-slave-bl6s" port: 44939 } } peers { permanent_uuid: "77947e161a68400dbc7dc55a29079277" member_type: VOTER last_known_addr { host: "dist-test-slave-dist-test-slave-bl6s" port: 37841 } } peers { permanent_uuid: "f9e91a68485540d99e3acca269700436" member_type: VOTER last_known_addr { host: "dist-test-slave-dist-test-slave-bl6s" port: 34687 } }
I0405 05:40:52.318917 1973 raft_consensus.cc:705] T 0432df2df5bb4c4f95b65ef94c6b69ff P f9e91a68485540d99e3acca269700436 [term 0 FOLLOWER]: Becoming Follower/Learner. State: Replica: f9e91a68485540d99e3acca269700436, State: Initialized, Role: FOLLOWER
I0405 05:40:52.319342 1973 consensus_queue.cc:229] T 0432df2df5bb4c4f95b65ef94c6b69ff P f9e91a68485540d99e3acca269700436 [NON_LEADER]: Queue going to NON_LEADER mode. State: All replicated index: 0, Majority replicated index: 0, Committed index: 0, Last appended: 0.0, Last appended by leader: 0, Current term: 0, Majority size: -1, State: 0, Mode: NON_LEADER, active raft config: opid_index: -1 OBSOLETE_local: false peers { permanent_uuid: "a045d9deadef4ebfa261aa01aea39485" member_type: VOTER last_known_addr { host: "dist-test-slave-dist-test-slave-bl6s" port: 44939 } } peers { permanent_uuid: "77947e161a68400dbc7dc55a29079277" member_type: VOTER last_known_addr { host: "dist-test-slave-dist-test-slave-bl6s" port: 37841 } } peers { permanent_uuid: "f9e91a68485540d99e3acca269700436" member_type: VOTER last_known_addr { host: "dist-test-slave-dist-test-slave-bl6s" port: 34687 } }
I0405 05:40:52.322391 1974 tablet_bootstrap.cc:590] T 005c0559778b48938c1273876eb19fd5 P 77947e161a68400dbc7dc55a29079277: No blocks or log segments found. Creating new log.
I0405 05:40:52.323467 1973 ts_tablet_manager.cc:1081] T 0432df2df5bb4c4f95b65ef94c6b69ff P f9e91a68485540d99e3acca269700436: Time spent starting tablet: real 0.006s user 0.004s sys 0.000s
I0405 05:40:52.324182 1974 log.cc:525] T 005c0559778b48938c1273876eb19fd5 P 77947e161a68400dbc7dc55a29079277: Log is configured to *not* fsync() on all Append() calls
I0405 05:40:52.328372 1974 tablet_bootstrap.cc:439] T 005c0559778b48938c1273876eb19fd5 P 77947e161a68400dbc7dc55a29079277: No bootstrap required, opened a new log
I0405 05:40:52.328817 1974 ts_tablet_manager.cc:1053] T 005c0559778b48938c1273876eb19fd5 P 77947e161a68400dbc7dc55a29079277: Time spent bootstrapping tablet: real 0.011s user 0.005s sys 0.005s
I0405 05:40:52.332438 1975 raft_consensus.cc:340] T 005c0559778b48938c1273876eb19fd5 P a045d9deadef4ebfa261aa01aea39485 [term 0 FOLLOWER]: Replica starting. Triggering 0 pending transactions. Active config: opid_index: -1 OBSOLETE_local: false peers { permanent_uuid: "77947e161a68400dbc7dc55a29079277" member_type: VOTER last_known_addr { host: "dist-test-slave-dist-test-slave-bl6s" port: 37841 } } peers { permanent_uuid: "a045d9deadef4ebfa261aa01aea39485" member_type: VOTER last_known_addr { host: "dist-test-slave-dist-test-slave-bl6s" port: 44939 } } peers { permanent_uuid: "f9e91a68485540d99e3acca269700436" member_type: VOTER last_known_addr { host: "dist-test-slave-dist-test-slave-bl6s" port: 34687 } }
I0405 05:40:52.333088 1975 raft_consensus.cc:705] T 005c0559778b48938c1273876eb19fd5 P a045d9deadef4ebfa261aa01aea39485 [term 0 FOLLOWER]: Becoming Follower/Learner. State: Replica: a045d9deadef4ebfa261aa01aea39485, State: Initialized, Role: FOLLOWER
I0405 05:40:52.333489 1975 consensus_queue.cc:229] T 005c0559778b48938c1273876eb19fd5 P a045d9deadef4ebfa261aa01aea39485 [NON_LEADER]: Queue going to NON_LEADER mode. State: All replicated index: 0, Majority replicated index: 0, Committed index: 0, Last appended: 0.0, Last appended by leader: 0, Current term: 0, Majority size: -1, State: 0, Mode: NON_LEADER, active raft config: opid_index: -1 OBSOLETE_local: false peers { permanent_uuid: "77947e161a68400dbc7dc55a29079277" member_type: VOTER last_known_addr { host: "dist-test-slave-dist-test-slave-bl6s" port: 37841 } } peers { permanent_uuid: "a045d9deadef4ebfa261aa01aea39485" member_type: VOTER last_known_addr { host: "dist-test-slave-dist-test-slave-bl6s" port: 44939 } } peers { permanent_uuid: "f9e91a68485540d99e3acca269700436" member_type: VOTER last_known_addr { host: "dist-test-slave-dist-test-slave-bl6s" port: 34687 } }
I0405 05:40:52.336324 1975 ts_tablet_manager.cc:1081] T 005c0559778b48938c1273876eb19fd5 P a045d9deadef4ebfa261aa01aea39485: Time spent starting tablet: real 0.019s user 0.016s sys 0.002s
I0405 05:40:52.336881 1975 tablet_bootstrap.cc:439] T d163abda808b4989885f29b0dc473fbc P a045d9deadef4ebfa261aa01aea39485: Bootstrap starting.
I0405 05:40:52.339402 1975 tablet_bootstrap.cc:590] T d163abda808b4989885f29b0dc473fbc P a045d9deadef4ebfa261aa01aea39485: No blocks or log segments found. Creating new log.
I0405 05:40:52.343735 1975 tablet_bootstrap.cc:439] T d163abda808b4989885f29b0dc473fbc P a045d9deadef4ebfa261aa01aea39485: No bootstrap required, opened a new log
I0405 05:40:52.344005 1975 ts_tablet_manager.cc:1053] T d163abda808b4989885f29b0dc473fbc P a045d9deadef4ebfa261aa01aea39485: Time spent bootstrapping tablet: real 0.007s user 0.006s sys 0.000s
I0405 05:40:52.343655 1974 raft_consensus.cc:340] T 005c0559778b48938c1273876eb19fd5 P 77947e161a68400dbc7dc55a29079277 [term 0 FOLLOWER]: Replica starting. Triggering 0 pending transactions. Active config: opid_index: -1 OBSOLETE_local: false peers { permanent_uuid: "77947e161a68400dbc7dc55a29079277" member_type: VOTER last_known_addr { host: "dist-test-slave-dist-test-slave-bl6s" port: 37841 } } peers { permanent_uuid: "a045d9deadef4ebfa261aa01aea39485" member_type: VOTER last_known_addr { host: "dist-test-slave-dist-test-slave-bl6s" port: 44939 } } peers { permanent_uuid: "f9e91a68485540d99e3acca269700436" member_type: VOTER last_known_addr { host: "dist-test-slave-dist-test-slave-bl6s" port: 34687 } }
I0405 05:40:52.344372 1974 raft_consensus.cc:705] T 005c0559778b48938c1273876eb19fd5 P 77947e161a68400dbc7dc55a29079277 [term 0 FOLLOWER]: Becoming Follower/Learner. State: Replica: 77947e161a68400dbc7dc55a29079277, State: Initialized, Role: FOLLOWER
I0405 05:40:52.344724 1974 consensus_queue.cc:229] T 005c0559778b48938c1273876eb19fd5 P 77947e161a68400dbc7dc55a29079277 [NON_LEADER]: Queue going to NON_LEADER mode. State: All replicated index: 0, Majority replicated index: 0, Committed index: 0, Last appended: 0.0, Last appended by leader: 0, Current term: 0, Majority size: -1, State: 0, Mode: NON_LEADER, active raft config: opid_index: -1 OBSOLETE_local: false peers { permanent_uuid: "77947e161a68400dbc7dc55a29079277" member_type: VOTER last_known_addr { host: "dist-test-slave-dist-test-slave-bl6s" port: 37841 } } peers { permanent_uuid: "a045d9deadef4ebfa261aa01aea39485" member_type: VOTER last_known_addr { host: "dist-test-slave-dist-test-slave-bl6s" port: 44939 } } peers { permanent_uuid: "f9e91a68485540d99e3acca269700436" member_type: VOTER last_known_addr { host: "dist-test-slave-dist-test-slave-bl6s" port: 34687 } }
I0405 05:40:52.345167 1975 raft_consensus.cc:340] T d163abda808b4989885f29b0dc473fbc P a045d9deadef4ebfa261aa01aea39485 [term 0 FOLLOWER]: Replica starting. Triggering 0 pending transactions. Active config: opid_index: -1 OBSOLETE_local: false peers { permanent_uuid: "77947e161a68400dbc7dc55a29079277" member_type: VOTER last_known_addr { host: "dist-test-slave-dist-test-slave-bl6s" port: 37841 } } peers { permanent_uuid: "a045d9deadef4ebfa261aa01aea39485" member_type: VOTER last_known_addr { host: "dist-test-slave-dist-test-slave-bl6s" port: 44939 } } peers { permanent_uuid: "f9e91a68485540d99e3acca269700436" member_type: VOTER last_known_addr { host: "dist-test-slave-dist-test-slave-bl6s" port: 34687 } }
I0405 05:40:52.345631 1975 raft_consensus.cc:705] T d163abda808b4989885f29b0dc473fbc P a045d9deadef4ebfa261aa01aea39485 [term 0 FOLLOWER]: Becoming Follower/Learner. State: Replica: a045d9deadef4ebfa261aa01aea39485, State: Initialized, Role: FOLLOWER
I0405 05:40:52.345990 1975 consensus_queue.cc:229] T d163abda808b4989885f29b0dc473fbc P a045d9deadef4ebfa261aa01aea39485 [NON_LEADER]: Queue going to NON_LEADER mode. State: All replicated index: 0, Majority replicated index: 0, Committed index: 0, Last appended: 0.0, Last appended by leader: 0, Current term: 0, Majority size: -1, State: 0, Mode: NON_LEADER, active raft config: opid_index: -1 OBSOLETE_local: false peers { permanent_uuid: "77947e161a68400dbc7dc55a29079277" member_type: VOTER last_known_addr { host: "dist-test-slave-dist-test-slave-bl6s" port: 37841 } } peers { permanent_uuid: "a045d9deadef4ebfa261aa01aea39485" member_type: VOTER last_known_addr { host: "dist-test-slave-dist-test-slave-bl6s" port: 44939 } } peers { permanent_uuid: "f9e91a68485540d99e3acca269700436" member_type: VOTER last_known_addr { host: "dist-test-slave-dist-test-slave-bl6s" port: 34687 } }
I0405 05:40:52.347018 1975 ts_tablet_manager.cc:1081] T d163abda808b4989885f29b0dc473fbc P a045d9deadef4ebfa261aa01aea39485: Time spent starting tablet: real 0.003s user 0.003s sys 0.000s
I0405 05:40:52.347518 1975 tablet_bootstrap.cc:439] T 0432df2df5bb4c4f95b65ef94c6b69ff P a045d9deadef4ebfa261aa01aea39485: Bootstrap starting.
I0405 05:40:52.350651 1975 tablet_bootstrap.cc:590] T 0432df2df5bb4c4f95b65ef94c6b69ff P a045d9deadef4ebfa261aa01aea39485: No blocks or log segments found. Creating new log.
I0405 05:40:52.351894 1974 ts_tablet_manager.cc:1081] T 005c0559778b48938c1273876eb19fd5 P 77947e161a68400dbc7dc55a29079277: Time spent starting tablet: real 0.023s user 0.013s sys 0.009s
I0405 05:40:52.352411 1974 tablet_bootstrap.cc:439] T d163abda808b4989885f29b0dc473fbc P 77947e161a68400dbc7dc55a29079277: Bootstrap starting.
I0405 05:40:52.354806 1975 tablet_bootstrap.cc:439] T 0432df2df5bb4c4f95b65ef94c6b69ff P a045d9deadef4ebfa261aa01aea39485: No bootstrap required, opened a new log
I0405 05:40:52.355182 1974 tablet_bootstrap.cc:590] T d163abda808b4989885f29b0dc473fbc P 77947e161a68400dbc7dc55a29079277: No blocks or log segments found. Creating new log.
I0405 05:40:52.355211 1975 ts_tablet_manager.cc:1053] T 0432df2df5bb4c4f95b65ef94c6b69ff P a045d9deadef4ebfa261aa01aea39485: Time spent bootstrapping tablet: real 0.008s user 0.006s sys 0.000s
I0405 05:40:52.356693 1975 raft_consensus.cc:340] T 0432df2df5bb4c4f95b65ef94c6b69ff P a045d9deadef4ebfa261aa01aea39485 [term 0 FOLLOWER]: Replica starting. Triggering 0 pending transactions. Active config: opid_index: -1 OBSOLETE_local: false peers { permanent_uuid: "a045d9deadef4ebfa261aa01aea39485" member_type: VOTER last_known_addr { host: "dist-test-slave-dist-test-slave-bl6s" port: 44939 } } peers { permanent_uuid: "77947e161a68400dbc7dc55a29079277" member_type: VOTER last_known_addr { host: "dist-test-slave-dist-test-slave-bl6s" port: 37841 } } peers { permanent_uuid: "f9e91a68485540d99e3acca269700436" member_type: VOTER last_known_addr { host: "dist-test-slave-dist-test-slave-bl6s" port: 34687 } }
I0405 05:40:52.357318 1975 raft_consensus.cc:705] T 0432df2df5bb4c4f95b65ef94c6b69ff P a045d9deadef4ebfa261aa01aea39485 [term 0 FOLLOWER]: Becoming Follower/Learner. State: Replica: a045d9deadef4ebfa261aa01aea39485, State: Initialized, Role: FOLLOWER
I0405 05:40:52.357658 1975 consensus_queue.cc:229] T 0432df2df5bb4c4f95b65ef94c6b69ff P a045d9deadef4ebfa261aa01aea39485 [NON_LEADER]: Queue going to NON_LEADER mode. State: All replicated index: 0, Majority replicated index: 0, Committed index: 0, Last appended: 0.0, Last appended by leader: 0, Current term: 0, Majority size: -1, State: 0, Mode: NON_LEADER, active raft config: opid_index: -1 OBSOLETE_local: false peers { permanent_uuid: "a045d9deadef4ebfa261aa01aea39485" member_type: VOTER last_known_addr { host: "dist-test-slave-dist-test-slave-bl6s" port: 44939 } } peers { permanent_uuid: "77947e161a68400dbc7dc55a29079277" member_type: VOTER last_known_addr { host: "dist-test-slave-dist-test-slave-bl6s" port: 37841 } } peers { permanent_uuid: "f9e91a68485540d99e3acca269700436" member_type: VOTER last_known_addr { host: "dist-test-slave-dist-test-slave-bl6s" port: 34687 } }
I0405 05:40:52.358922 1975 ts_tablet_manager.cc:1081] T 0432df2df5bb4c4f95b65ef94c6b69ff P a045d9deadef4ebfa261aa01aea39485: Time spent starting tablet: real 0.004s user 0.003s sys 0.000s
I0405 05:40:52.365937 1974 tablet_bootstrap.cc:439] T d163abda808b4989885f29b0dc473fbc P 77947e161a68400dbc7dc55a29079277: No bootstrap required, opened a new log
I0405 05:40:52.366312 1974 ts_tablet_manager.cc:1053] T d163abda808b4989885f29b0dc473fbc P 77947e161a68400dbc7dc55a29079277: Time spent bootstrapping tablet: real 0.014s user 0.001s sys 0.012s
I0405 05:40:52.367591 1974 raft_consensus.cc:340] T d163abda808b4989885f29b0dc473fbc P 77947e161a68400dbc7dc55a29079277 [term 0 FOLLOWER]: Replica starting. Triggering 0 pending transactions. Active config: opid_index: -1 OBSOLETE_local: false peers { permanent_uuid: "77947e161a68400dbc7dc55a29079277" member_type: VOTER last_known_addr { host: "dist-test-slave-dist-test-slave-bl6s" port: 37841 } } peers { permanent_uuid: "a045d9deadef4ebfa261aa01aea39485" member_type: VOTER last_known_addr { host: "dist-test-slave-dist-test-slave-bl6s" port: 44939 } } peers { permanent_uuid: "f9e91a68485540d99e3acca269700436" member_type: VOTER last_known_addr { host: "dist-test-slave-dist-test-slave-bl6s" port: 34687 } }
I0405 05:40:52.368260 1974 raft_consensus.cc:705] T d163abda808b4989885f29b0dc473fbc P 77947e161a68400dbc7dc55a29079277 [term 0 FOLLOWER]: Becoming Follower/Learner. State: Replica: 77947e161a68400dbc7dc55a29079277, State: Initialized, Role: FOLLOWER
I0405 05:40:52.368602 1974 consensus_queue.cc:229] T d163abda808b4989885f29b0dc473fbc P 77947e161a68400dbc7dc55a29079277 [NON_LEADER]: Queue going to NON_LEADER mode. State: All replicated index: 0, Majority replicated index: 0, Committed index: 0, Last appended: 0.0, Last appended by leader: 0, Current term: 0, Majority size: -1, State: 0, Mode: NON_LEADER, active raft config: opid_index: -1 OBSOLETE_local: false peers { permanent_uuid: "77947e161a68400dbc7dc55a29079277" member_type: VOTER last_known_addr { host: "dist-test-slave-dist-test-slave-bl6s" port: 37841 } } peers { permanent_uuid: "a045d9deadef4ebfa261aa01aea39485" member_type: VOTER last_known_addr { host: "dist-test-slave-dist-test-slave-bl6s" port: 44939 } } peers { permanent_uuid: "f9e91a68485540d99e3acca269700436" member_type: VOTER last_known_addr { host: "dist-test-slave-dist-test-slave-bl6s" port: 34687 } }
I0405 05:40:52.369984 1974 ts_tablet_manager.cc:1081] T d163abda808b4989885f29b0dc473fbc P 77947e161a68400dbc7dc55a29079277: Time spent starting tablet: real 0.004s user 0.004s sys 0.000s
I0405 05:40:52.370535 1974 tablet_bootstrap.cc:439] T 0432df2df5bb4c4f95b65ef94c6b69ff P 77947e161a68400dbc7dc55a29079277: Bootstrap starting.
I0405 05:40:52.372894 1974 tablet_bootstrap.cc:590] T 0432df2df5bb4c4f95b65ef94c6b69ff P 77947e161a68400dbc7dc55a29079277: No blocks or log segments found. Creating new log.
I0405 05:40:52.377190 1974 tablet_bootstrap.cc:439] T 0432df2df5bb4c4f95b65ef94c6b69ff P 77947e161a68400dbc7dc55a29079277: No bootstrap required, opened a new log
I0405 05:40:52.377472 1974 ts_tablet_manager.cc:1053] T 0432df2df5bb4c4f95b65ef94c6b69ff P 77947e161a68400dbc7dc55a29079277: Time spent bootstrapping tablet: real 0.007s user 0.006s sys 0.000s
I0405 05:40:52.378605 1974 raft_consensus.cc:340] T 0432df2df5bb4c4f95b65ef94c6b69ff P 77947e161a68400dbc7dc55a29079277 [term 0 FOLLOWER]: Replica starting. Triggering 0 pending transactions. Active config: opid_index: -1 OBSOLETE_local: false peers { permanent_uuid: "a045d9deadef4ebfa261aa01aea39485" member_type: VOTER last_known_addr { host: "dist-test-slave-dist-test-slave-bl6s" port: 44939 } } peers { permanent_uuid: "77947e161a68400dbc7dc55a29079277" member_type: VOTER last_known_addr { host: "dist-test-slave-dist-test-slave-bl6s" port: 37841 } } peers { permanent_uuid: "f9e91a68485540d99e3acca269700436" member_type: VOTER last_known_addr { host: "dist-test-slave-dist-test-slave-bl6s" port: 34687 } }
I0405 05:40:52.379032 1974 raft_consensus.cc:705] T 0432df2df5bb4c4f95b65ef94c6b69ff P 77947e161a68400dbc7dc55a29079277 [term 0 FOLLOWER]: Becoming Follower/Learner. State: Replica: 77947e161a68400dbc7dc55a29079277, State: Initialized, Role: FOLLOWER
W0405 05:40:52.379513 1828 tablet.cc:1786] T 005c0559778b48938c1273876eb19fd5 P 77947e161a68400dbc7dc55a29079277: Can't schedule compaction. Clean time has not been advanced past its initial value.
I0405 05:40:52.379374 1974 consensus_queue.cc:229] T 0432df2df5bb4c4f95b65ef94c6b69ff P 77947e161a68400dbc7dc55a29079277 [NON_LEADER]: Queue going to NON_LEADER mode. State: All replicated index: 0, Majority replicated index: 0, Committed index: 0, Last appended: 0.0, Last appended by leader: 0, Current term: 0, Majority size: -1, State: 0, Mode: NON_LEADER, active raft config: opid_index: -1 OBSOLETE_local: false peers { permanent_uuid: "a045d9deadef4ebfa261aa01aea39485" member_type: VOTER last_known_addr { host: "dist-test-slave-dist-test-slave-bl6s" port: 44939 } } peers { permanent_uuid: "77947e161a68400dbc7dc55a29079277" member_type: VOTER last_known_addr { host: "dist-test-slave-dist-test-slave-bl6s" port: 37841 } } peers { permanent_uuid: "f9e91a68485540d99e3acca269700436" member_type: VOTER last_known_addr { host: "dist-test-slave-dist-test-slave-bl6s" port: 34687 } }
I0405 05:40:52.381186 1974 ts_tablet_manager.cc:1081] T 0432df2df5bb4c4f95b65ef94c6b69ff P 77947e161a68400dbc7dc55a29079277: Time spent starting tablet: real 0.004s user 0.001s sys 0.002s
W0405 05:40:52.454445 1703 tablet.cc:1786] T 005c0559778b48938c1273876eb19fd5 P a045d9deadef4ebfa261aa01aea39485: Can't schedule compaction. Clean time has not been advanced past its initial value.
W0405 05:40:53.162582 2013 ts_tablet_manager.cc:474] T 0432df2df5bb4c4f95b65ef94c6b69ff P 77947e161a68400dbc7dc55a29079277: Tablet Copy: Invalid argument: Leader has replica of tablet 0432df2df5bb4c4f95b65ef94c6b69ff with term -1, which is lower than last-logged term 0 on local replica. Rejecting tablet copy request
I0405 05:40:54.921394 2038 tablet_replica.cc:264] T 0432df2df5bb4c4f95b65ef94c6b69ff P 77947e161a68400dbc7dc55a29079277: stopping tablet replica
I0405 05:40:54.921869 2038 raft_consensus.cc:2143] T 0432df2df5bb4c4f95b65ef94c6b69ff P 77947e161a68400dbc7dc55a29079277 [term 0 FOLLOWER]: Raft consensus shutting down.
I0405 05:40:54.922155 2038 raft_consensus.cc:2170] T 0432df2df5bb4c4f95b65ef94c6b69ff P 77947e161a68400dbc7dc55a29079277 [term 0 FOLLOWER]: Raft consensus is shut down!
I0405 05:40:54.923707 2038 ts_tablet_manager.cc:1377] T 0432df2df5bb4c4f95b65ef94c6b69ff P 77947e161a68400dbc7dc55a29079277: Deleting tablet data with delete state TABLET_DATA_TOMBSTONED
I0405 05:40:54.930747 2038 ts_tablet_manager.cc:1390] T 0432df2df5bb4c4f95b65ef94c6b69ff P 77947e161a68400dbc7dc55a29079277: tablet deleted with delete type TABLET_DATA_TOMBSTONED: last-logged OpId 0.0
I0405 05:40:54.930950 2038 log.cc:990] T 0432df2df5bb4c4f95b65ef94c6b69ff P 77947e161a68400dbc7dc55a29079277: Deleting WAL directory at /tmp/dist-test-taskvH0aH1/test-tmp/kudu-tool-test.0.ToolTest.TestRemoteReplicaCopy.1554442812470121-236/minicluster-data/ts-1/wal/wals/0432df2df5bb4c4f95b65ef94c6b69ff
I0405 05:40:54.931483 2038 ts_tablet_manager.cc:676] T 0432df2df5bb4c4f95b65ef94c6b69ff P 77947e161a68400dbc7dc55a29079277: Initiating tablet copy from peer a045d9deadef4ebfa261aa01aea39485 (dist-test-slave-dist-test-slave-bl6s:44939)
I0405 05:40:54.931919 2038 tablet_copy_client.cc:240] T 0432df2df5bb4c4f95b65ef94c6b69ff P 77947e161a68400dbc7dc55a29079277: tablet copy: Beginning tablet copy session from remote peer at address dist-test-slave-dist-test-slave-bl6s:44939
I0405 05:40:54.940892 1679 tablet_copy_service.cc:135] P a045d9deadef4ebfa261aa01aea39485: Received BeginTabletCopySession request for tablet 0432df2df5bb4c4f95b65ef94c6b69ff from peer 77947e161a68400dbc7dc55a29079277 ({username='slave'} at 172.17.0.2:53513)
I0405 05:40:54.941201 1679 tablet_copy_service.cc:156] P a045d9deadef4ebfa261aa01aea39485: Beginning new tablet copy session on tablet 0432df2df5bb4c4f95b65ef94c6b69ff from peer 77947e161a68400dbc7dc55a29079277 at {username='slave'} at 172.17.0.2:53513: session id = 77947e161a68400dbc7dc55a29079277-0432df2df5bb4c4f95b65ef94c6b69ff
I0405 05:40:54.945435 1679 tablet_copy_source_session.cc:202] T 0432df2df5bb4c4f95b65ef94c6b69ff P a045d9deadef4ebfa261aa01aea39485: Tablet Copy: opened 0 blocks and 1 log segments
I0405 05:40:54.947541 2038 ts_tablet_manager.cc:1377] T 0432df2df5bb4c4f95b65ef94c6b69ff P 77947e161a68400dbc7dc55a29079277: Deleting tablet data with delete state TABLET_DATA_COPYING
I0405 05:40:54.954541 2038 ts_tablet_manager.cc:1390] T 0432df2df5bb4c4f95b65ef94c6b69ff P 77947e161a68400dbc7dc55a29079277: tablet deleted with delete type TABLET_DATA_COPYING: last-logged OpId 0.0
I0405 05:40:54.954907 2038 data_dirs.cc:938] Could only allocate 1 dirs of requested 3 for tablet 0432df2df5bb4c4f95b65ef94c6b69ff. 1 dirs total, 0 dirs full, 0 dirs failed
I0405 05:40:54.958286 2038 tablet_copy_client.cc:575] T 0432df2df5bb4c4f95b65ef94c6b69ff P 77947e161a68400dbc7dc55a29079277: tablet copy: Starting download of 0 data blocks...
I0405 05:40:54.958643 2038 tablet_copy_client.cc:538] T 0432df2df5bb4c4f95b65ef94c6b69ff P 77947e161a68400dbc7dc55a29079277: tablet copy: Starting download of 1 WAL segments...
I0405 05:40:54.961375 2038 tablet_copy_client.cc:414] T 0432df2df5bb4c4f95b65ef94c6b69ff P 77947e161a68400dbc7dc55a29079277: tablet copy: Tablet Copy complete. Replacing tablet superblock.
I0405 05:40:54.964939 2038 tablet_bootstrap.cc:439] T 0432df2df5bb4c4f95b65ef94c6b69ff P 77947e161a68400dbc7dc55a29079277: Bootstrap starting.
I0405 05:40:54.971439 2038 tablet_bootstrap.cc:439] T 0432df2df5bb4c4f95b65ef94c6b69ff P 77947e161a68400dbc7dc55a29079277: Bootstrap replayed 1/1 log segments. Stats: ops{read=0 overwritten=0 applied=0 ignored=0} inserts{seen=0 ignored=0} mutations{seen=0 ignored=0} orphaned_commits=0. Pending: 0 replicates
I0405 05:40:54.971897 2038 tablet_bootstrap.cc:439] T 0432df2df5bb4c4f95b65ef94c6b69ff P 77947e161a68400dbc7dc55a29079277: Bootstrap complete.
I0405 05:40:54.972316 2038 ts_tablet_manager.cc:1053] T 0432df2df5bb4c4f95b65ef94c6b69ff P 77947e161a68400dbc7dc55a29079277: Time spent bootstrapping tablet: real 0.008s user 0.005s sys 0.004s
I0405 05:40:54.973448 2038 raft_consensus.cc:340] T 0432df2df5bb4c4f95b65ef94c6b69ff P 77947e161a68400dbc7dc55a29079277 [term 0 FOLLOWER]: Replica starting. Triggering 0 pending transactions. Active config: opid_index: -1 OBSOLETE_local: false peers { permanent_uuid: "a045d9deadef4ebfa261aa01aea39485" member_type: VOTER last_known_addr { host: "dist-test-slave-dist-test-slave-bl6s" port: 44939 } } peers { permanent_uuid: "77947e161a68400dbc7dc55a29079277" member_type: VOTER last_known_addr { host: "dist-test-slave-dist-test-slave-bl6s" port: 37841 } } peers { permanent_uuid: "f9e91a68485540d99e3acca269700436" member_type: VOTER last_known_addr { host: "dist-test-slave-dist-test-slave-bl6s" port: 34687 } }
I0405 05:40:54.974089 2038 raft_consensus.cc:705] T 0432df2df5bb4c4f95b65ef94c6b69ff P 77947e161a68400dbc7dc55a29079277 [term 0 FOLLOWER]: Becoming Follower/Learner. State: Replica: 77947e161a68400dbc7dc55a29079277, State: Initialized, Role: FOLLOWER
I0405 05:40:54.974376 2038 consensus_queue.cc:229] T 0432df2df5bb4c4f95b65ef94c6b69ff P 77947e161a68400dbc7dc55a29079277 [NON_LEADER]: Queue going to NON_LEADER mode. State: All replicated index: 0, Majority replicated index: 0, Committed index: 0, Last appended: 0.0, Last appended by leader: 0, Current term: 0, Majority size: -1, State: 0, Mode: NON_LEADER, active raft config: opid_index: -1 OBSOLETE_local: false peers { permanent_uuid: "a045d9deadef4ebfa261aa01aea39485" member_type: VOTER last_known_addr { host: "dist-test-slave-dist-test-slave-bl6s" port: 44939 } } peers { permanent_uuid: "77947e161a68400dbc7dc55a29079277" member_type: VOTER last_known_addr { host: "dist-test-slave-dist-test-slave-bl6s" port: 37841 } } peers { permanent_uuid: "f9e91a68485540d99e3acca269700436" member_type: VOTER last_known_addr { host: "dist-test-slave-dist-test-slave-bl6s" port: 34687 } }
I0405 05:40:54.976668 2038 ts_tablet_manager.cc:1081] T 0432df2df5bb4c4f95b65ef94c6b69ff P 77947e161a68400dbc7dc55a29079277: Time spent starting tablet: real 0.004s user 0.005s sys 0.000s
I0405 05:40:54.977861 1679 tablet_copy_service.cc:325] P a045d9deadef4ebfa261aa01aea39485: Request end of tablet copy session 77947e161a68400dbc7dc55a29079277-0432df2df5bb4c4f95b65ef94c6b69ff received from {username='slave'} at 172.17.0.2:53513
I0405 05:40:54.978061 1679 tablet_copy_service.cc:413] P a045d9deadef4ebfa261aa01aea39485: ending tablet copy session 77947e161a68400dbc7dc55a29079277-0432df2df5bb4c4f95b65ef94c6b69ff on tablet 0432df2df5bb4c4f95b65ef94c6b69ff with peer 77947e161a68400dbc7dc55a29079277
I0405 05:40:55.986891 1764 tablet_service.cc:1047] Processing DeleteTablet for tablet 005c0559778b48938c1273876eb19fd5 with delete_type TABLET_DATA_TOMBSTONED from {username='slave'} at 172.17.0.2:34278
I0405 05:40:55.988585 2042 tablet_replica.cc:264] T 005c0559778b48938c1273876eb19fd5 P 77947e161a68400dbc7dc55a29079277: stopping tablet replica
I0405 05:40:55.988994 2042 raft_consensus.cc:2143] T 005c0559778b48938c1273876eb19fd5 P 77947e161a68400dbc7dc55a29079277 [term 0 FOLLOWER]: Raft consensus shutting down.
I0405 05:40:55.989234 2042 raft_consensus.cc:2170] T 005c0559778b48938c1273876eb19fd5 P 77947e161a68400dbc7dc55a29079277 [term 0 FOLLOWER]: Raft consensus is shut down!
I0405 05:40:55.990344 2042 ts_tablet_manager.cc:1377] T 005c0559778b48938c1273876eb19fd5 P 77947e161a68400dbc7dc55a29079277: Deleting tablet data with delete state TABLET_DATA_TOMBSTONED
I0405 05:40:55.997014 2042 ts_tablet_manager.cc:1390] T 005c0559778b48938c1273876eb19fd5 P 77947e161a68400dbc7dc55a29079277: tablet deleted with delete type TABLET_DATA_TOMBSTONED: last-logged OpId 0.0
I0405 05:40:55.997205 2042 log.cc:990] T 005c0559778b48938c1273876eb19fd5 P 77947e161a68400dbc7dc55a29079277: Deleting WAL directory at /tmp/dist-test-taskvH0aH1/test-tmp/kudu-tool-test.0.ToolTest.TestRemoteReplicaCopy.1554442812470121-236/minicluster-data/ts-1/wal/wals/005c0559778b48938c1273876eb19fd5
I0405 05:40:55.999049 236 external_mini_cluster.cc:1131] Killing /tmp/dist-test-taskvH0aH1/build/tsan/bin/kudu-tserver with pid 1706
I0405 05:40:57.255067 236 external_mini_cluster.cc:933] Running /tmp/dist-test-taskvH0aH1/build/tsan/bin/kudu-tserver /tmp/dist-test-taskvH0aH1/build/tsan/bin/kudu-tserver --fs_wal_dir=/tmp/dist-test-taskvH0aH1/test-tmp/kudu-tool-test.0.ToolTest.TestRemoteReplicaCopy.1554442812470121-236/minicluster-data/ts-1/wal --fs_data_dirs=/tmp/dist-test-taskvH0aH1/test-tmp/kudu-tool-test.0.ToolTest.TestRemoteReplicaCopy.1554442812470121-236/minicluster-data/ts-1/data --block_manager=log --rpc_bind_addresses=0.0.0.0:37841 --local_ip_for_outbound_sockets=0.0.0.0 --webserver_port=37395 --webserver_interface=0.0.0.0 --tserver_master_addrs=dist-test-slave-dist-test-slave-bl6s:37487 --never_fsync --ipki_server_key_size=1024 --enable_minidumps=false --redact=none --metrics_log_interval_ms=1000 --logtostderr --logbuflevel=-1 --log_dir=/tmp/dist-test-taskvH0aH1/test-tmp/kudu-tool-test.0.ToolTest.TestRemoteReplicaCopy.1554442812470121-236/minicluster-data/ts-1/logs --server_dump_info_path=/tmp/dist-test-taskvH0aH1/test-tmp/kudu-tool-test.0.ToolTest.TestRemoteReplicaCopy.1554442812470121-236/minicluster-data/ts-1/data/info.pb --server_dump_info_format=pb --rpc_server_allow_ephemeral_ports --unlock_experimental_flags --unlock_unsafe_flags --enable_leader_failure_detection=false with env {} WARNING: Logging before InitGoogleLogging() is written to STDERR
W0405 05:40:57.385124 2051 flags.cc:406] Enabled unsafe flag: --enable_leader_failure_detection=false
W0405 05:40:57.385550 2051 flags.cc:406] Enabled unsafe flag: --rpc_server_allow_ephemeral_ports=true
W0405 05:40:57.385787 2051 flags.cc:406] Enabled unsafe flag: --never_fsync=true
W0405 05:40:57.394902 2051 flags.cc:406] Enabled experimental flag: --ipki_server_key_size=1024
W0405 05:40:57.395300 2051 flags.cc:406] Enabled experimental flag: --local_ip_for_outbound_sockets=0.0.0.0
I0405 05:40:57.409683 2051 tablet_server_main.cc:78] Tablet server non-default flags: --enable_leader_failure_detection=false --fs_data_dirs=/tmp/dist-test-taskvH0aH1/test-tmp/kudu-tool-test.0.ToolTest.TestRemoteReplicaCopy.1554442812470121-236/minicluster-data/ts-1/data --fs_wal_dir=/tmp/dist-test-taskvH0aH1/test-tmp/kudu-tool-test.0.ToolTest.TestRemoteReplicaCopy.1554442812470121-236/minicluster-data/ts-1/wal --ipki_server_key_size=1024 --rpc_bind_addresses=0.0.0.0:37841 --rpc_server_allow_ephemeral_ports=true --metrics_log_interval_ms=1000 --server_dump_info_format=pb --server_dump_info_path=/tmp/dist-test-taskvH0aH1/test-tmp/kudu-tool-test.0.ToolTest.TestRemoteReplicaCopy.1554442812470121-236/minicluster-data/ts-1/data/info.pb --webserver_interface=0.0.0.0 --webserver_port=37395 --tserver_master_addrs=dist-test-slave-dist-test-slave-bl6s:37487 --never_fsync=true --redact=none --unlock_experimental_flags=true --unlock_unsafe_flags=true --enable_minidumps=false --local_ip_for_outbound_sockets=0.0.0.0 --log_dir=/tmp/dist-test-taskvH0aH1/test-tmp/kudu-tool-test.0.ToolTest.TestRemoteReplicaCopy.1554442812470121-236/minicluster-data/ts-1/logs --logbuflevel=-1 --logtostderr=true Tablet server version: kudu 1.10.0-cdh6.x-SNAPSHOT revision 7a1df1a09f5ce1f3a0bcbb40f71d73b44044f2bc build type FASTDEBUG built by jenkins at 04 Apr 2019 22:07:29 PST on quasar-byykkt-1.vpc.cloudera.com build id 304242 TSAN enabled
I0405 05:40:57.426035 2051 system_ntp.cc:199] NTP initialized. Skew: 500ppm Current error: 42516us
I0405 05:40:57.426571 2051 fs_manager.cc:263] Metadata directory not provided
I0405 05:40:57.426705 2051 fs_manager.cc:269] Using write-ahead log directory (fs_wal_dir) as metadata directory
I0405 05:40:57.432896 2051 fs_manager.cc:399] Time spent opening directory manager: real 0.004s user 0.005s sys 0.001s
I0405 05:40:57.433557 2051 env_posix.cc:1676] Not raising this process' open files per process limit of 1048576; it is already as high as it can go
I0405 05:40:57.434105 2051 file_cache.cc:466] Constructed file cache lbm with capacity 419430
I0405 05:40:57.440547 2051 fs_manager.cc:419] Time spent opening block manager: real 0.002s user 0.001s sys 0.000s
I0405 05:40:57.440680 2051 fs_manager.cc:436] Opened local filesystem: /tmp/dist-test-taskvH0aH1/test-tmp/kudu-tool-test.0.ToolTest.TestRemoteReplicaCopy.1554442812470121-236/minicluster-data/ts-1/data,/tmp/dist-test-taskvH0aH1/test-tmp/kudu-tool-test.0.ToolTest.TestRemoteReplicaCopy.1554442812470121-236/minicluster-data/ts-1/wal uuid: "77947e161a68400dbc7dc55a29079277" format_stamp: "Formatted at 2019-04-05 05:40:50 on dist-test-slave-dist-test-slave-bl6s"
I0405 05:40:57.441967 2051 fs_report.cc:352] FS layout report -------------------- wal directory: /tmp/dist-test-taskvH0aH1/test-tmp/kudu-tool-test.0.ToolTest.TestRemoteReplicaCopy.1554442812470121-236/minicluster-data/ts-1/wal metadata directory: /tmp/dist-test-taskvH0aH1/test-tmp/kudu-tool-test.0.ToolTest.TestRemoteReplicaCopy.1554442812470121-236/minicluster-data/ts-1/wal 1 data directories: /tmp/dist-test-taskvH0aH1/test-tmp/kudu-tool-test.0.ToolTest.TestRemoteReplicaCopy.1554442812470121-236/minicluster-data/ts-1/data/data Total live blocks: 0 Total live bytes: 0 Total live bytes (after alignment): 0 Total number of LBM containers: 0 (0 full) Did not check for missing blocks Did not check for orphaned blocks Total full LBM containers with extra space: 0 (0 repaired) Total full LBM container extra space in bytes: 0 (0 repaired) Total incomplete LBM containers: 0 (0 repaired) Total LBM partial records: 0 (0 repaired)
W0405 05:40:57.977085 2051 thread.cc:599] rpc reactor (reactor) Time spent creating pthread: real 0.512s user 0.114s sys 0.368s
W0405 05:40:57.977282 2051 thread.cc:566] rpc reactor (reactor) Time spent starting thread: real 0.512s user 0.114s sys 0.369s
I0405 05:40:57.998893 2051 env_posix.cc:1676] Not raising this process' running threads per effective uid limit of 18446744073709551615; it is already as high as it can go
I0405 05:40:58.002643 2051 ts_tablet_manager.cc:344] Loading tablet metadata (0/2 complete)
I0405 05:40:58.013679 2051 ts_tablet_manager.cc:356] Loaded tablet metadata (2 total tablets, 1 live tablets)
I0405 05:40:58.013854 2051 ts_tablet_manager.cc:362] Registering tablets (0/1 complete)
I0405 05:40:58.019253 2051 ts_tablet_manager.cc:376] Registered 1 tablets
I0405 05:40:58.019990 2068 tablet_bootstrap.cc:439] T 0432df2df5bb4c4f95b65ef94c6b69ff P 77947e161a68400dbc7dc55a29079277: Bootstrap starting.
I0405 05:40:58.099184 2068 log.cc:525] T 0432df2df5bb4c4f95b65ef94c6b69ff P 77947e161a68400dbc7dc55a29079277: Log is configured to *not* fsync() on all Append() calls
I0405 05:40:58.103960 2068 tablet_bootstrap.cc:439] T 0432df2df5bb4c4f95b65ef94c6b69ff P 77947e161a68400dbc7dc55a29079277: Bootstrap replayed 1/1 log segments. Stats: ops{read=0 overwritten=0 applied=0 ignored=0} inserts{seen=0 ignored=0} mutations{seen=0 ignored=0} orphaned_commits=0. Pending: 0 replicates
I0405 05:40:58.104691 2068 tablet_bootstrap.cc:439] T 0432df2df5bb4c4f95b65ef94c6b69ff P 77947e161a68400dbc7dc55a29079277: Bootstrap complete.
I0405 05:40:58.106041 2068 ts_tablet_manager.cc:1053] T 0432df2df5bb4c4f95b65ef94c6b69ff P 77947e161a68400dbc7dc55a29079277: Time spent bootstrapping tablet: real 0.086s user 0.024s sys 0.020s
I0405 05:40:58.135373 2068 raft_consensus.cc:340] T 0432df2df5bb4c4f95b65ef94c6b69ff P 77947e161a68400dbc7dc55a29079277 [term 0 FOLLOWER]: Replica starting. Triggering 0 pending transactions. Active config: opid_index: -1 OBSOLETE_local: false peers { permanent_uuid: "a045d9deadef4ebfa261aa01aea39485" member_type: VOTER last_known_addr { host: "dist-test-slave-dist-test-slave-bl6s" port: 44939 } } peers { permanent_uuid: "77947e161a68400dbc7dc55a29079277" member_type: VOTER last_known_addr { host: "dist-test-slave-dist-test-slave-bl6s" port: 37841 } } peers { permanent_uuid: "f9e91a68485540d99e3acca269700436" member_type: VOTER last_known_addr { host: "dist-test-slave-dist-test-slave-bl6s" port: 34687 } }
I0405 05:40:58.143852 2068 raft_consensus.cc:705] T 0432df2df5bb4c4f95b65ef94c6b69ff P 77947e161a68400dbc7dc55a29079277 [term 0 FOLLOWER]: Becoming Follower/Learner. State: Replica: 77947e161a68400dbc7dc55a29079277, State: Initialized, Role: FOLLOWER
I0405 05:40:58.144397 2068 consensus_queue.cc:229] T 0432df2df5bb4c4f95b65ef94c6b69ff P 77947e161a68400dbc7dc55a29079277 [NON_LEADER]: Queue going to NON_LEADER mode. State: All replicated index: 0, Majority replicated index: 0, Committed index: 0, Last appended: 0.0, Last appended by leader: 0, Current term: 0, Majority size: -1, State: 0, Mode: NON_LEADER, active raft config: opid_index: -1 OBSOLETE_local: false peers { permanent_uuid: "a045d9deadef4ebfa261aa01aea39485" member_type: VOTER last_known_addr { host: "dist-test-slave-dist-test-slave-bl6s" port: 44939 } } peers { permanent_uuid: "77947e161a68400dbc7dc55a29079277" member_type: VOTER last_known_addr { host: "dist-test-slave-dist-test-slave-bl6s" port: 37841 } } peers { permanent_uuid: "f9e91a68485540d99e3acca269700436" member_type: VOTER last_known_addr { host: "dist-test-slave-dist-test-slave-bl6s" port: 34687 } }
I0405 05:40:58.147487 2068 ts_tablet_manager.cc:1081] T 0432df2df5bb4c4f95b65ef94c6b69ff P 77947e161a68400dbc7dc55a29079277: Time spent starting tablet: real 0.041s user 0.027s sys 0.013s
I0405 05:40:58.206507 2051 rpc_server.cc:205] RPC server started. Bound to: 0.0.0.0:37841
I0405 05:40:58.209185 2051 webserver.cc:308] Webserver started at http://0.0.0.0:37395/ using document root and password file
I0405 05:40:58.210192 2051 server_base.cc:608] Dumped server information to /tmp/dist-test-taskvH0aH1/test-tmp/kudu-tool-test.0.ToolTest.TestRemoteReplicaCopy.1554442812470121-236/minicluster-data/ts-1/data/info.pb
W0405 05:40:58.213521 2177 tablet.cc:1786] T 0432df2df5bb4c4f95b65ef94c6b69ff P 77947e161a68400dbc7dc55a29079277: Can't schedule compaction. Clean time has not been advanced past its initial value.
I0405 05:40:58.215487 236 external_mini_cluster.cc:995] Started /tmp/dist-test-taskvH0aH1/build/tsan/bin/kudu-tserver as pid 2051
I0405 05:40:58.230648 2176 heartbeater.cc:345] Connected to a master server at dist-test-slave-dist-test-slave-bl6s:37487
I0405 05:40:58.230947 2176 heartbeater.cc:426] Registering TS with master...
I0405 05:40:58.231609 2176 heartbeater.cc:475] Master dist-test-slave-dist-test-slave-bl6s:37487 requested a full tablet report, sending...
I0405 05:40:58.234308 1536 ts_manager.cc:159] Re-registered known tserver with Master: 77947e161a68400dbc7dc55a29079277 (dist-test-slave-dist-test-slave-bl6s:37841)
I0405 05:40:58.236848 1536 master_service.cc:271] Signed X509 certificate for tserver {username='slave'} at 172.17.0.2:57017
I0405 05:40:58.997068 2206 tablet_replica.cc:264] T 005c0559778b48938c1273876eb19fd5 P 77947e161a68400dbc7dc55a29079277: stopping tablet replica
I0405 05:40:58.997352 2206 raft_consensus.cc:2143] T 005c0559778b48938c1273876eb19fd5 P 77947e161a68400dbc7dc55a29079277 [term 0 FOLLOWER]: Raft consensus shutting down.
I0405 05:40:58.997568 2206 raft_consensus.cc:2170] T 005c0559778b48938c1273876eb19fd5 P 77947e161a68400dbc7dc55a29079277 [term 0 FOLLOWER]: Raft consensus is shut down!
I0405 05:40:58.997898 2206 ts_tablet_manager.cc:676] T 005c0559778b48938c1273876eb19fd5 P 77947e161a68400dbc7dc55a29079277: Initiating tablet copy from peer a045d9deadef4ebfa261aa01aea39485 (dist-test-slave-dist-test-slave-bl6s:44939)
I0405 05:40:58.998134 2206 tablet_copy_client.cc:203] T 005c0559778b48938c1273876eb19fd5 P 77947e161a68400dbc7dc55a29079277: tablet copy: overwriting existing tombstoned replica with an unknown last-logged opid
I0405 05:40:58.998548 2206 tablet_copy_client.cc:240] T 005c0559778b48938c1273876eb19fd5 P 77947e161a68400dbc7dc55a29079277: tablet copy: Beginning tablet copy session from remote peer at address dist-test-slave-dist-test-slave-bl6s:44939
I0405 05:40:59.007969 1679 tablet_copy_service.cc:135] P a045d9deadef4ebfa261aa01aea39485: Received BeginTabletCopySession request for tablet 005c0559778b48938c1273876eb19fd5 from peer 77947e161a68400dbc7dc55a29079277 ({username='slave'} at 172.17.0.2:54653)
I0405 05:40:59.008249 1679 tablet_copy_service.cc:156] P a045d9deadef4ebfa261aa01aea39485: Beginning new tablet copy session on tablet 005c0559778b48938c1273876eb19fd5 from peer 77947e161a68400dbc7dc55a29079277 at {username='slave'} at 172.17.0.2:54653: session id = 77947e161a68400dbc7dc55a29079277-005c0559778b48938c1273876eb19fd5
I0405 05:40:59.011775 1679 tablet_copy_source_session.cc:202] T 005c0559778b48938c1273876eb19fd5 P a045d9deadef4ebfa261aa01aea39485: Tablet Copy: opened 0 blocks and 1 log segments
I0405 05:40:59.013505 2206 ts_tablet_manager.cc:1377] T 005c0559778b48938c1273876eb19fd5 P 77947e161a68400dbc7dc55a29079277: Deleting tablet data with delete state TABLET_DATA_COPYING
I0405 05:40:59.023313 2206 ts_tablet_manager.cc:1390] T 005c0559778b48938c1273876eb19fd5 P 77947e161a68400dbc7dc55a29079277: tablet deleted with delete type TABLET_DATA_COPYING: last-logged OpId unknown
I0405 05:40:59.023710 2206 data_dirs.cc:938] Could only allocate 1 dirs of requested 3 for tablet 005c0559778b48938c1273876eb19fd5. 1 dirs total, 0 dirs full, 0 dirs failed
I0405 05:40:59.026898 2206 tablet_copy_client.cc:575] T 005c0559778b48938c1273876eb19fd5 P 77947e161a68400dbc7dc55a29079277: tablet copy: Starting download of 0 data blocks...
I0405 05:40:59.027226 2206 tablet_copy_client.cc:538] T 005c0559778b48938c1273876eb19fd5 P 77947e161a68400dbc7dc55a29079277: tablet copy: Starting download of 1 WAL segments...
I0405 05:40:59.029748 2206 tablet_copy_client.cc:414] T 005c0559778b48938c1273876eb19fd5 P 77947e161a68400dbc7dc55a29079277: tablet copy: Tablet Copy complete. Replacing tablet superblock.
I0405 05:40:59.033710 2206 tablet_bootstrap.cc:439] T 005c0559778b48938c1273876eb19fd5 P 77947e161a68400dbc7dc55a29079277: Bootstrap starting.
I0405 05:40:59.039275 2206 tablet_bootstrap.cc:439] T 005c0559778b48938c1273876eb19fd5 P 77947e161a68400dbc7dc55a29079277: Bootstrap replayed 1/1 log segments. Stats: ops{read=0 overwritten=0 applied=0 ignored=0} inserts{seen=0 ignored=0} mutations{seen=0 ignored=0} orphaned_commits=0. Pending: 0 replicates
I0405 05:40:59.039710 2206 tablet_bootstrap.cc:439] T 005c0559778b48938c1273876eb19fd5 P 77947e161a68400dbc7dc55a29079277: Bootstrap complete.
I0405 05:40:59.040002 2206 ts_tablet_manager.cc:1053] T 005c0559778b48938c1273876eb19fd5 P 77947e161a68400dbc7dc55a29079277: Time spent bootstrapping tablet: real 0.006s user 0.006s sys 0.003s
I0405 05:40:59.041110 2206 raft_consensus.cc:340] T 005c0559778b48938c1273876eb19fd5 P 77947e161a68400dbc7dc55a29079277 [term 0 FOLLOWER]: Replica starting. Triggering 0 pending transactions. Active config: opid_index: -1 OBSOLETE_local: false peers { permanent_uuid: "77947e161a68400dbc7dc55a29079277" member_type: VOTER last_known_addr { host: "dist-test-slave-dist-test-slave-bl6s" port: 37841 } } peers { permanent_uuid: "a045d9deadef4ebfa261aa01aea39485" member_type: VOTER last_known_addr { host: "dist-test-slave-dist-test-slave-bl6s" port: 44939 } } peers { permanent_uuid: "f9e91a68485540d99e3acca269700436" member_type: VOTER last_known_addr { host: "dist-test-slave-dist-test-slave-bl6s" port: 34687 } }
I0405 05:40:59.041571 2206 raft_consensus.cc:705] T 005c0559778b48938c1273876eb19fd5 P 77947e161a68400dbc7dc55a29079277 [term 0 FOLLOWER]: Becoming Follower/Learner. State: Replica: 77947e161a68400dbc7dc55a29079277, State: Initialized, Role: FOLLOWER
I0405 05:40:59.041900 2206 consensus_queue.cc:229] T 005c0559778b48938c1273876eb19fd5 P 77947e161a68400dbc7dc55a29079277 [NON_LEADER]: Queue going to NON_LEADER mode. State: All replicated index: 0, Majority replicated index: 0, Committed index: 0, Last appended: 0.0, Last appended by leader: 0, Current term: 0, Majority size: -1, State: 0, Mode: NON_LEADER, active raft config: opid_index: -1 OBSOLETE_local: false peers { permanent_uuid: "77947e161a68400dbc7dc55a29079277" member_type: VOTER last_known_addr { host: "dist-test-slave-dist-test-slave-bl6s" port: 37841 } } peers { permanent_uuid: "a045d9deadef4ebfa261aa01aea39485" member_type: VOTER last_known_addr { host: "dist-test-slave-dist-test-slave-bl6s" port: 44939 } } peers { permanent_uuid: "f9e91a68485540d99e3acca269700436" member_type: VOTER last_known_addr { host: "dist-test-slave-dist-test-slave-bl6s" port: 34687 } }
I0405 05:40:59.043632 2176 heartbeater.cc:467] Master dist-test-slave-dist-test-slave-bl6s:37487 was elected leader, sending a full tablet report...
I0405 05:40:59.043838 2206 ts_tablet_manager.cc:1081] T 005c0559778b48938c1273876eb19fd5 P 77947e161a68400dbc7dc55a29079277: Time spent starting tablet: real 0.004s user 0.004s sys 0.000s
I0405 05:40:59.045055 1679 tablet_copy_service.cc:325] P a045d9deadef4ebfa261aa01aea39485: Request end of tablet copy session 77947e161a68400dbc7dc55a29079277-005c0559778b48938c1273876eb19fd5 received from {username='slave'} at 172.17.0.2:54653
I0405 05:40:59.045306 1679 tablet_copy_service.cc:413] P a045d9deadef4ebfa261aa01aea39485: ending tablet copy session 77947e161a68400dbc7dc55a29079277-005c0559778b48938c1273876eb19fd5 on tablet 005c0559778b48938c1273876eb19fd5 with peer 77947e161a68400dbc7dc55a29079277
I0405 05:41:00.801565 2235 ts_tablet_manager.cc:676] T d163abda808b4989885f29b0dc473fbc P 77947e161a68400dbc7dc55a29079277: Initiating tablet copy from peer a045d9deadef4ebfa261aa01aea39485 (dist-test-slave-dist-test-slave-bl6s:44939)
I0405 05:41:00.801985 2235 tablet_copy_client.cc:240] T d163abda808b4989885f29b0dc473fbc P 77947e161a68400dbc7dc55a29079277: tablet copy: Beginning tablet copy session from remote peer at address dist-test-slave-dist-test-slave-bl6s:44939
I0405 05:41:00.803139 1679 tablet_copy_service.cc:135] P a045d9deadef4ebfa261aa01aea39485: Received BeginTabletCopySession request for tablet d163abda808b4989885f29b0dc473fbc from peer 77947e161a68400dbc7dc55a29079277 ({username='slave'} at 172.17.0.2:54653)
I0405 05:41:00.803436 1679 tablet_copy_service.cc:156] P a045d9deadef4ebfa261aa01aea39485: Beginning new tablet copy session on tablet d163abda808b4989885f29b0dc473fbc from peer 77947e161a68400dbc7dc55a29079277 at {username='slave'} at 172.17.0.2:54653: session id = 77947e161a68400dbc7dc55a29079277-d163abda808b4989885f29b0dc473fbc
I0405 05:41:00.807212 1679 tablet_copy_source_session.cc:202] T d163abda808b4989885f29b0dc473fbc P a045d9deadef4ebfa261aa01aea39485: Tablet Copy: opened 0 blocks and 1 log segments
I0405 05:41:00.808977 2235 data_dirs.cc:938] Could only allocate 1 dirs of requested 3 for tablet d163abda808b4989885f29b0dc473fbc. 1 dirs total, 0 dirs full, 0 dirs failed
I0405 05:41:00.817226 2235 tablet_copy_client.cc:575] T d163abda808b4989885f29b0dc473fbc P 77947e161a68400dbc7dc55a29079277: tablet copy: Starting download of 0 data blocks...
I0405 05:41:00.817623 2235 tablet_copy_client.cc:538] T d163abda808b4989885f29b0dc473fbc P 77947e161a68400dbc7dc55a29079277: tablet copy: Starting download of 1 WAL segments...
I0405 05:41:00.820288 2235 tablet_copy_client.cc:414] T d163abda808b4989885f29b0dc473fbc P 77947e161a68400dbc7dc55a29079277: tablet copy: Tablet Copy complete. Replacing tablet superblock.
I0405 05:41:00.825306 2235 tablet_bootstrap.cc:439] T d163abda808b4989885f29b0dc473fbc P 77947e161a68400dbc7dc55a29079277: Bootstrap starting.
I0405 05:41:00.834141 2235 tablet_bootstrap.cc:439] T d163abda808b4989885f29b0dc473fbc P 77947e161a68400dbc7dc55a29079277: Bootstrap replayed 1/1 log segments. Stats: ops{read=0 overwritten=0 applied=0 ignored=0} inserts{seen=0 ignored=0} mutations{seen=0 ignored=0} orphaned_commits=0. Pending: 0 replicates
I0405 05:41:00.834790 2235 tablet_bootstrap.cc:439] T d163abda808b4989885f29b0dc473fbc P 77947e161a68400dbc7dc55a29079277: Bootstrap complete.
I0405 05:41:00.835240 2235 ts_tablet_manager.cc:1053] T d163abda808b4989885f29b0dc473fbc P 77947e161a68400dbc7dc55a29079277: Time spent bootstrapping tablet: real 0.010s user 0.011s sys 0.000s
I0405 05:41:00.836784 2235 raft_consensus.cc:340] T d163abda808b4989885f29b0dc473fbc P 77947e161a68400dbc7dc55a29079277 [term 0 FOLLOWER]: Replica starting. Triggering 0 pending transactions. Active config: opid_index: -1 OBSOLETE_local: false peers { permanent_uuid: "77947e161a68400dbc7dc55a29079277" member_type: VOTER last_known_addr { host: "dist-test-slave-dist-test-slave-bl6s" port: 37841 } } peers { permanent_uuid: "a045d9deadef4ebfa261aa01aea39485" member_type: VOTER last_known_addr { host: "dist-test-slave-dist-test-slave-bl6s" port: 44939 } } peers { permanent_uuid: "f9e91a68485540d99e3acca269700436" member_type: VOTER last_known_addr { host: "dist-test-slave-dist-test-slave-bl6s" port: 34687 } }
I0405 05:41:00.837505 2235 raft_consensus.cc:705] T d163abda808b4989885f29b0dc473fbc P 77947e161a68400dbc7dc55a29079277 [term 0 FOLLOWER]: Becoming Follower/Learner. State: Replica: 77947e161a68400dbc7dc55a29079277, State: Initialized, Role: FOLLOWER
