I0405 05:41:14.736323 2730 ts_tablet_manager.cc:1053] T 7ce0ce8e4653401b83dbd0ad0bd340e2 P 4e40b00c13b84ea58862bc98124e4b70: Time spent bootstrapping tablet: real 0.006s user 0.004s sys 0.001s
I0405 05:41:14.737532 2730 raft_consensus.cc:340] T 7ce0ce8e4653401b83dbd0ad0bd340e2 P 4e40b00c13b84ea58862bc98124e4b70 [term 0 FOLLOWER]: Replica starting. Triggering 0 pending transactions. Active config: opid_index: -1 OBSOLETE_local: true peers { permanent_uuid: "4e40b00c13b84ea58862bc98124e4b70" member_type: VOTER last_known_addr { host: "127.0.59.1" port: 34015 } }
I0405 05:41:14.737886 2730 raft_consensus.cc:366] T 7ce0ce8e4653401b83dbd0ad0bd340e2 P 4e40b00c13b84ea58862bc98124e4b70 [term 0 FOLLOWER]: Consensus starting up: Expiring failure detector timer to make a prompt election more likely
I0405 05:41:14.738009 2730 raft_consensus.cc:705] T 7ce0ce8e4653401b83dbd0ad0bd340e2 P 4e40b00c13b84ea58862bc98124e4b70 [term 0 FOLLOWER]: Becoming Follower/Learner. State: Replica: 4e40b00c13b84ea58862bc98124e4b70, State: Initialized, Role: FOLLOWER
I0405 05:41:14.738340 2730 consensus_queue.cc:229] T 7ce0ce8e4653401b83dbd0ad0bd340e2 P 4e40b00c13b84ea58862bc98124e4b70 [NON_LEADER]: Queue going to NON_LEADER mode. State: All replicated index: 0, Majority replicated index: 0, Committed index: 0, Last appended: 0.0, Last appended by leader: 0, Current term: 0, Majority size: -1, State: 0, Mode: NON_LEADER, active raft config: opid_index: -1 OBSOLETE_local: true peers { permanent_uuid: "4e40b00c13b84ea58862bc98124e4b70" member_type: VOTER last_known_addr { host: "127.0.59.1" port: 34015 } }
I0405 05:41:14.738683 2730 raft_consensus.cc:380] T 7ce0ce8e4653401b83dbd0ad0bd340e2 P 4e40b00c13b84ea58862bc98124e4b70 [term 0 FOLLOWER]: Only one voter in the Raft config. Triggering election immediately
I0405 05:41:14.738804 2730 raft_consensus.cc:472] T 7ce0ce8e4653401b83dbd0ad0bd340e2 P 4e40b00c13b84ea58862bc98124e4b70 [term 0 FOLLOWER]: Starting leader election (initial election of a single-replica configuration)
I0405 05:41:14.738946 2730 raft_consensus.cc:2886] T 7ce0ce8e4653401b83dbd0ad0bd340e2 P 4e40b00c13b84ea58862bc98124e4b70 [term 0 FOLLOWER]: Advancing to term 1
I0405 05:41:14.742396 2730 raft_consensus.cc:494] T 7ce0ce8e4653401b83dbd0ad0bd340e2 P 4e40b00c13b84ea58862bc98124e4b70 [term 1 FOLLOWER]: Starting leader election with config: opid_index: -1 OBSOLETE_local: true peers { permanent_uuid: "4e40b00c13b84ea58862bc98124e4b70" member_type: VOTER last_known_addr { host: "127.0.59.1" port: 34015 } }
I0405 05:41:14.742763 2730 leader_election.cc:310] T 7ce0ce8e4653401b83dbd0ad0bd340e2 P 4e40b00c13b84ea58862bc98124e4b70 [CANDIDATE]: Term 1 election: Election decided. Result: candidate won. Election summary: received 1 responses out of 1 voters: 1 yes votes; 0 no votes. yes voters: 4e40b00c13b84ea58862bc98124e4b70; no voters:
I0405 05:41:14.743090 2730 leader_election.cc:296] T 7ce0ce8e4653401b83dbd0ad0bd340e2 P 4e40b00c13b84ea58862bc98124e4b70 [CANDIDATE]: Term 1 election: Requested vote from peers
I0405 05:41:14.743239 2732 raft_consensus.cc:2640] T 7ce0ce8e4653401b83dbd0ad0bd340e2 P 4e40b00c13b84ea58862bc98124e4b70 [term 1 FOLLOWER]: Leader election won for term 1
I0405 05:41:14.743731 2732 raft_consensus.cc:667] T 7ce0ce8e4653401b83dbd0ad0bd340e2 P 4e40b00c13b84ea58862bc98124e4b70 [term 1 LEADER]: Becoming Leader. State: Replica: 4e40b00c13b84ea58862bc98124e4b70, State: Running, Role: LEADER
I0405 05:41:14.743851 2730 ts_tablet_manager.cc:1081] T 7ce0ce8e4653401b83dbd0ad0bd340e2 P 4e40b00c13b84ea58862bc98124e4b70: Time spent starting tablet: real 0.007s user 0.008s sys 0.000s
I0405 05:41:14.744194 2732 consensus_queue.cc:206] T 7ce0ce8e4653401b83dbd0ad0bd340e2 P 4e40b00c13b84ea58862bc98124e4b70 [LEADER]: Queue going to LEADER mode. State: All replicated index: 0, Majority replicated index: 0, Committed index: 0, Last appended: 0.0, Last appended by leader: 0, Current term: 1, Majority size: 1, State: 0, Mode: LEADER, active raft config: opid_index: -1 OBSOLETE_local: true peers { permanent_uuid: "4e40b00c13b84ea58862bc98124e4b70" member_type: VOTER last_known_addr { host: "127.0.59.1" port: 34015 } }
I0405 05:41:14.751648 2543 catalog_manager.cc:3977] T 7ce0ce8e4653401b83dbd0ad0bd340e2 P 4e40b00c13b84ea58862bc98124e4b70 reported cstate change: term changed from 0 to 1, leader changed from to 4e40b00c13b84ea58862bc98124e4b70 (127.0.59.1). New cstate: current_term: 1 leader_uuid: "4e40b00c13b84ea58862bc98124e4b70" committed_config { opid_index: -1 OBSOLETE_local: true peers { permanent_uuid: "4e40b00c13b84ea58862bc98124e4b70" member_type: VOTER last_known_addr { host: "127.0.59.1" port: 34015 } health_report { overall_health: HEALTHY } } }
I0405 05:41:14.761939 236 test_util.cc:212] Using random seed: -278941006
I0405 05:41:14.776697 2543 catalog_manager.cc:1416] Servicing CreateTable request from {username='slave'} at 127.0.0.1:33582: name: "kudu.table_7" schema { columns { name: "key" type: INT32 is_key: true is_nullable: false encoding: AUTO_ENCODING compression: DEFAULT_COMPRESSION cfile_block_size: 0 } columns { name: "int_val" type: INT32 is_key: false is_nullable: false encoding: AUTO_ENCODING compression: DEFAULT_COMPRESSION cfile_block_size: 0 } columns { name: "string_val" type: STRING is_key: false is_nullable: true encoding: AUTO_ENCODING compression: DEFAULT_COMPRESSION cfile_block_size: 0 } } num_replicas: 1 split_rows_range_bounds { } partition_schema { range_schema { columns { name: "key" } } }
I0405 05:41:14.786979 2645 tablet_service.cc:1006] Processing CreateTablet for tablet e7fba6a61ff7459e9ff0dac556edfd16 (table=kudu.table_7 [id=879c92e3b365437ab6ab2e33a8d20da6]), partition=RANGE (key) PARTITION UNBOUNDED
I0405 05:41:14.787524 2645 data_dirs.cc:938] Could only allocate 1 dirs of requested 3 for tablet e7fba6a61ff7459e9ff0dac556edfd16. 1 dirs total, 0 dirs full, 0 dirs failed
I0405 05:41:14.794313 2730 tablet_bootstrap.cc:439] T e7fba6a61ff7459e9ff0dac556edfd16 P 4e40b00c13b84ea58862bc98124e4b70: Bootstrap starting.
I0405 05:41:14.796649 2730 tablet_bootstrap.cc:590] T e7fba6a61ff7459e9ff0dac556edfd16 P 4e40b00c13b84ea58862bc98124e4b70: No blocks or log segments found. Creating new log.
I0405 05:41:14.800165 2730 tablet_bootstrap.cc:439] T e7fba6a61ff7459e9ff0dac556edfd16 P 4e40b00c13b84ea58862bc98124e4b70: No bootstrap required, opened a new log
I0405 05:41:14.800407 2730 ts_tablet_manager.cc:1053] T e7fba6a61ff7459e9ff0dac556edfd16 P 4e40b00c13b84ea58862bc98124e4b70: Time spent bootstrapping tablet: real 0.006s user 0.004s sys 0.000s
I0405 05:41:14.801780 2730 raft_consensus.cc:340] T e7fba6a61ff7459e9ff0dac556edfd16 P 4e40b00c13b84ea58862bc98124e4b70 [term 0 FOLLOWER]: Replica starting. Triggering 0 pending transactions. Active config: opid_index: -1 OBSOLETE_local: true peers { permanent_uuid: "4e40b00c13b84ea58862bc98124e4b70" member_type: VOTER last_known_addr { host: "127.0.59.1" port: 34015 } }
I0405 05:41:14.802258 2730 raft_consensus.cc:366] T e7fba6a61ff7459e9ff0dac556edfd16 P 4e40b00c13b84ea58862bc98124e4b70 [term 0 FOLLOWER]: Consensus starting up: Expiring failure detector timer to make a prompt election more likely
I0405 05:41:14.802392 2730 raft_consensus.cc:705] T e7fba6a61ff7459e9ff0dac556edfd16 P 4e40b00c13b84ea58862bc98124e4b70 [term 0 FOLLOWER]: Becoming Follower/Learner. State: Replica: 4e40b00c13b84ea58862bc98124e4b70, State: Initialized, Role: FOLLOWER
I0405 05:41:14.802795 2730 consensus_queue.cc:229] T e7fba6a61ff7459e9ff0dac556edfd16 P 4e40b00c13b84ea58862bc98124e4b70 [NON_LEADER]: Queue going to NON_LEADER mode. State: All replicated index: 0, Majority replicated index: 0, Committed index: 0, Last appended: 0.0, Last appended by leader: 0, Current term: 0, Majority size: -1, State: 0, Mode: NON_LEADER, active raft config: opid_index: -1 OBSOLETE_local: true peers { permanent_uuid: "4e40b00c13b84ea58862bc98124e4b70" member_type: VOTER last_known_addr { host: "127.0.59.1" port: 34015 } }
I0405 05:41:14.803257 2730 raft_consensus.cc:380] T e7fba6a61ff7459e9ff0dac556edfd16 P 4e40b00c13b84ea58862bc98124e4b70 [term 0 FOLLOWER]: Only one voter in the Raft config. Triggering election immediately
I0405 05:41:14.803406 2730 raft_consensus.cc:472] T e7fba6a61ff7459e9ff0dac556edfd16 P 4e40b00c13b84ea58862bc98124e4b70 [term 0 FOLLOWER]: Starting leader election (initial election of a single-replica configuration)
I0405 05:41:14.803557 2730 raft_consensus.cc:2886] T e7fba6a61ff7459e9ff0dac556edfd16 P 4e40b00c13b84ea58862bc98124e4b70 [term 0 FOLLOWER]: Advancing to term 1
I0405 05:41:14.806784 2730 raft_consensus.cc:494] T e7fba6a61ff7459e9ff0dac556edfd16 P 4e40b00c13b84ea58862bc98124e4b70 [term 1 FOLLOWER]: Starting leader election with config: opid_index: -1 OBSOLETE_local: true peers { permanent_uuid: "4e40b00c13b84ea58862bc98124e4b70" member_type: VOTER last_known_addr { host: "127.0.59.1" port: 34015 } }
I0405 05:41:14.807168 2730 leader_election.cc:310] T e7fba6a61ff7459e9ff0dac556edfd16 P 4e40b00c13b84ea58862bc98124e4b70 [CANDIDATE]: Term 1 election: Election decided. Result: candidate won. Election summary: received 1 responses out of 1 voters: 1 yes votes; 0 no votes. yes voters: 4e40b00c13b84ea58862bc98124e4b70; no voters:
I0405 05:41:14.807633 2730 leader_election.cc:296] T e7fba6a61ff7459e9ff0dac556edfd16 P 4e40b00c13b84ea58862bc98124e4b70 [CANDIDATE]: Term 1 election: Requested vote from peers
I0405 05:41:14.807760 2732 raft_consensus.cc:2640] T e7fba6a61ff7459e9ff0dac556edfd16 P 4e40b00c13b84ea58862bc98124e4b70 [term 1 FOLLOWER]: Leader election won for term 1
I0405 05:41:14.808110 2732 raft_consensus.cc:667] T e7fba6a61ff7459e9ff0dac556edfd16 P 4e40b00c13b84ea58862bc98124e4b70 [term 1 LEADER]: Becoming Leader. State: Replica: 4e40b00c13b84ea58862bc98124e4b70, State: Running, Role: LEADER
I0405 05:41:14.808483 2732 consensus_queue.cc:206] T e7fba6a61ff7459e9ff0dac556edfd16 P 4e40b00c13b84ea58862bc98124e4b70 [LEADER]: Queue going to LEADER mode. State: All replicated index: 0, Majority replicated index: 0, Committed index: 0, Last appended: 0.0, Last appended by leader: 0, Current term: 1, Majority size: 1, State: 0, Mode: LEADER, active raft config: opid_index: -1 OBSOLETE_local: true peers { permanent_uuid: "4e40b00c13b84ea58862bc98124e4b70" member_type: VOTER last_known_addr { host: "127.0.59.1" port: 34015 } }
I0405 05:41:14.808758 2730 ts_tablet_manager.cc:1081] T e7fba6a61ff7459e9ff0dac556edfd16 P 4e40b00c13b84ea58862bc98124e4b70: Time spent starting tablet: real 0.008s user 0.004s sys 0.004s
I0405 05:41:14.812239 2543 catalog_manager.cc:3977] T e7fba6a61ff7459e9ff0dac556edfd16 P 4e40b00c13b84ea58862bc98124e4b70 reported cstate change: term changed from 0 to 1, leader changed from to 4e40b00c13b84ea58862bc98124e4b70 (127.0.59.1). New cstate: current_term: 1 leader_uuid: "4e40b00c13b84ea58862bc98124e4b70" committed_config { opid_index: -1 OBSOLETE_local: true peers { permanent_uuid: "4e40b00c13b84ea58862bc98124e4b70" member_type: VOTER last_known_addr { host: "127.0.59.1" port: 34015 } health_report { overall_health: HEALTHY } } }
I0405 05:41:14.824013 236 test_util.cc:212] Using random seed: -278878933
I0405 05:41:14.839243 2543 catalog_manager.cc:1416] Servicing CreateTable request from {username='slave'} at 127.0.0.1:33584: name: "kudu.table_8" schema { columns { name: "key" type: INT32 is_key: true is_nullable: false encoding: AUTO_ENCODING compression: DEFAULT_COMPRESSION cfile_block_size: 0 } columns { name: "int_val" type: INT32 is_key: false is_nullable: false encoding: AUTO_ENCODING compression: DEFAULT_COMPRESSION cfile_block_size: 0 } columns { name: "string_val" type: STRING is_key: false is_nullable: true encoding: AUTO_ENCODING compression: DEFAULT_COMPRESSION cfile_block_size: 0 } } num_replicas: 1 split_rows_range_bounds { } partition_schema { range_schema { columns { name: "key" } } }
I0405 05:41:14.849943 2645 tablet_service.cc:1006] Processing CreateTablet for tablet 7c1c80db29c5465f97180d9c66ed9018 (table=kudu.table_8 [id=7969752d0e5e4f3590c4b096ba6983f5]), partition=RANGE (key) PARTITION UNBOUNDED
I0405 05:41:14.850502 2645 data_dirs.cc:938] Could only allocate 1 dirs of requested 3 for tablet 7c1c80db29c5465f97180d9c66ed9018. 1 dirs total, 0 dirs full, 0 dirs failed
I0405 05:41:14.857339 2730 tablet_bootstrap.cc:439] T 7c1c80db29c5465f97180d9c66ed9018 P 4e40b00c13b84ea58862bc98124e4b70: Bootstrap starting.
I0405 05:41:14.859731 2730 tablet_bootstrap.cc:590] T 7c1c80db29c5465f97180d9c66ed9018 P 4e40b00c13b84ea58862bc98124e4b70: No blocks or log segments found. Creating new log.
I0405 05:41:14.863391 2730 tablet_bootstrap.cc:439] T 7c1c80db29c5465f97180d9c66ed9018 P 4e40b00c13b84ea58862bc98124e4b70: No bootstrap required, opened a new log
I0405 05:41:14.863723 2730 ts_tablet_manager.cc:1053] T 7c1c80db29c5465f97180d9c66ed9018 P 4e40b00c13b84ea58862bc98124e4b70: Time spent bootstrapping tablet: real 0.006s user 0.002s sys 0.003s
I0405 05:41:14.864918 2730 raft_consensus.cc:340] T 7c1c80db29c5465f97180d9c66ed9018 P 4e40b00c13b84ea58862bc98124e4b70 [term 0 FOLLOWER]: Replica starting. Triggering 0 pending transactions. Active config: opid_index: -1 OBSOLETE_local: true peers { permanent_uuid: "4e40b00c13b84ea58862bc98124e4b70" member_type: VOTER last_known_addr { host: "127.0.59.1" port: 34015 } }
I0405 05:41:14.865290 2730 raft_consensus.cc:366] T 7c1c80db29c5465f97180d9c66ed9018 P 4e40b00c13b84ea58862bc98124e4b70 [term 0 FOLLOWER]: Consensus starting up: Expiring failure detector timer to make a prompt election more likely
I0405 05:41:14.865433 2730 raft_consensus.cc:705] T 7c1c80db29c5465f97180d9c66ed9018 P 4e40b00c13b84ea58862bc98124e4b70 [term 0 FOLLOWER]: Becoming Follower/Learner. State: Replica: 4e40b00c13b84ea58862bc98124e4b70, State: Initialized, Role: FOLLOWER
I0405 05:41:14.865761 2730 consensus_queue.cc:229] T 7c1c80db29c5465f97180d9c66ed9018 P 4e40b00c13b84ea58862bc98124e4b70 [NON_LEADER]: Queue going to NON_LEADER mode. State: All replicated index: 0, Majority replicated index: 0, Committed index: 0, Last appended: 0.0, Last appended by leader: 0, Current term: 0, Majority size: -1, State: 0, Mode: NON_LEADER, active raft config: opid_index: -1 OBSOLETE_local: true peers { permanent_uuid: "4e40b00c13b84ea58862bc98124e4b70" member_type: VOTER last_known_addr { host: "127.0.59.1" port: 34015 } }
I0405 05:41:14.866135 2730 raft_consensus.cc:380] T 7c1c80db29c5465f97180d9c66ed9018 P 4e40b00c13b84ea58862bc98124e4b70 [term 0 FOLLOWER]: Only one voter in the Raft config. Triggering election immediately
I0405 05:41:14.866271 2730 raft_consensus.cc:472] T 7c1c80db29c5465f97180d9c66ed9018 P 4e40b00c13b84ea58862bc98124e4b70 [term 0 FOLLOWER]: Starting leader election (initial election of a single-replica configuration)
I0405 05:41:14.866449 2730 raft_consensus.cc:2886] T 7c1c80db29c5465f97180d9c66ed9018 P 4e40b00c13b84ea58862bc98124e4b70 [term 0 FOLLOWER]: Advancing to term 1
I0405 05:41:14.869633 2730 raft_consensus.cc:494] T 7c1c80db29c5465f97180d9c66ed9018 P 4e40b00c13b84ea58862bc98124e4b70 [term 1 FOLLOWER]: Starting leader election with config: opid_index: -1 OBSOLETE_local: true peers { permanent_uuid: "4e40b00c13b84ea58862bc98124e4b70" member_type: VOTER last_known_addr { host: "127.0.59.1" port: 34015 } }
I0405 05:41:14.870076 2730 leader_election.cc:310] T 7c1c80db29c5465f97180d9c66ed9018 P 4e40b00c13b84ea58862bc98124e4b70 [CANDIDATE]: Term 1 election: Election decided. Result: candidate won. Election summary: received 1 responses out of 1 voters: 1 yes votes; 0 no votes. yes voters: 4e40b00c13b84ea58862bc98124e4b70; no voters:
I0405 05:41:14.870442 2730 leader_election.cc:296] T 7c1c80db29c5465f97180d9c66ed9018 P 4e40b00c13b84ea58862bc98124e4b70 [CANDIDATE]: Term 1 election: Requested vote from peers
I0405 05:41:14.870560 2732 raft_consensus.cc:2640] T 7c1c80db29c5465f97180d9c66ed9018 P 4e40b00c13b84ea58862bc98124e4b70 [term 1 FOLLOWER]: Leader election won for term 1
I0405 05:41:14.870860 2732 raft_consensus.cc:667] T 7c1c80db29c5465f97180d9c66ed9018 P 4e40b00c13b84ea58862bc98124e4b70 [term 1 LEADER]: Becoming Leader. State: Replica: 4e40b00c13b84ea58862bc98124e4b70, State: Running, Role: LEADER
I0405 05:41:14.871228 2730 ts_tablet_manager.cc:1081] T 7c1c80db29c5465f97180d9c66ed9018 P 4e40b00c13b84ea58862bc98124e4b70: Time spent starting tablet: real 0.007s user 0.008s sys 0.000s
I0405 05:41:14.871268 2732 consensus_queue.cc:206] T 7c1c80db29c5465f97180d9c66ed9018 P 4e40b00c13b84ea58862bc98124e4b70 [LEADER]: Queue going to LEADER mode. State: All replicated index: 0, Majority replicated index: 0, Committed index: 0, Last appended: 0.0, Last appended by leader: 0, Current term: 1, Majority size: 1, State: 0, Mode: LEADER, active raft config: opid_index: -1 OBSOLETE_local: true peers { permanent_uuid: "4e40b00c13b84ea58862bc98124e4b70" member_type: VOTER last_known_addr { host: "127.0.59.1" port: 34015 } }
I0405 05:41:14.874891 2543 catalog_manager.cc:3977] T 7c1c80db29c5465f97180d9c66ed9018 P 4e40b00c13b84ea58862bc98124e4b70 reported cstate change: term changed from 0 to 1, leader changed from to 4e40b00c13b84ea58862bc98124e4b70 (127.0.59.1). New cstate: current_term: 1 leader_uuid: "4e40b00c13b84ea58862bc98124e4b70" committed_config { opid_index: -1 OBSOLETE_local: true peers { permanent_uuid: "4e40b00c13b84ea58862bc98124e4b70" member_type: VOTER last_known_addr { host: "127.0.59.1" port: 34015 } health_report { overall_health: HEALTHY } } }
I0405 05:41:14.884841 236 test_util.cc:212] Using random seed: -278818102
I0405 05:41:14.899210 2543 catalog_manager.cc:1416] Servicing CreateTable request from {username='slave'} at 127.0.0.1:33586: name: "kudu.table_9" schema { columns { name: "key" type: INT32 is_key: true is_nullable: false encoding: AUTO_ENCODING compression: DEFAULT_COMPRESSION cfile_block_size: 0 } columns { name: "int_val" type: INT32 is_key: false is_nullable: false encoding: AUTO_ENCODING compression: DEFAULT_COMPRESSION cfile_block_size: 0 } columns { name: "string_val" type: STRING is_key: false is_nullable: true encoding: AUTO_ENCODING compression: DEFAULT_COMPRESSION cfile_block_size: 0 } } num_replicas: 1 split_rows_range_bounds { } partition_schema { range_schema { columns { name: "key" } } }
I0405 05:41:14.909605 2645 tablet_service.cc:1006] Processing CreateTablet for tablet 961c198d75a141e2b1432b1117815998 (table=kudu.table_9 [id=157e215e3c8748aabb19a192d30d74dd]), partition=RANGE (key) PARTITION UNBOUNDED
I0405 05:41:14.910148 2645 data_dirs.cc:938] Could only allocate 1 dirs of requested 3 for tablet 961c198d75a141e2b1432b1117815998. 1 dirs total, 0 dirs full, 0 dirs failed
I0405 05:41:14.916929 2730 tablet_bootstrap.cc:439] T 961c198d75a141e2b1432b1117815998 P 4e40b00c13b84ea58862bc98124e4b70: Bootstrap starting.
I0405 05:41:14.919432 2730 tablet_bootstrap.cc:590] T 961c198d75a141e2b1432b1117815998 P 4e40b00c13b84ea58862bc98124e4b70: No blocks or log segments found. Creating new log.
I0405 05:41:14.922490 2730 tablet_bootstrap.cc:439] T 961c198d75a141e2b1432b1117815998 P 4e40b00c13b84ea58862bc98124e4b70: No bootstrap required, opened a new log
I0405 05:41:14.922741 2730 ts_tablet_manager.cc:1053] T 961c198d75a141e2b1432b1117815998 P 4e40b00c13b84ea58862bc98124e4b70: Time spent bootstrapping tablet: real 0.006s user 0.005s sys 0.000s
I0405 05:41:14.924216 2730 raft_consensus.cc:340] T 961c198d75a141e2b1432b1117815998 P 4e40b00c13b84ea58862bc98124e4b70 [term 0 FOLLOWER]: Replica starting. Triggering 0 pending transactions. Active config: opid_index: -1 OBSOLETE_local: true peers { permanent_uuid: "4e40b00c13b84ea58862bc98124e4b70" member_type: VOTER last_known_addr { host: "127.0.59.1" port: 34015 } }
I0405 05:41:14.924633 2730 raft_consensus.cc:366] T 961c198d75a141e2b1432b1117815998 P 4e40b00c13b84ea58862bc98124e4b70 [term 0 FOLLOWER]: Consensus starting up: Expiring failure detector timer to make a prompt election more likely
I0405 05:41:14.924906 2730 raft_consensus.cc:705] T 961c198d75a141e2b1432b1117815998 P 4e40b00c13b84ea58862bc98124e4b70 [term 0 FOLLOWER]: Becoming Follower/Learner. State: Replica: 4e40b00c13b84ea58862bc98124e4b70, State: Initialized, Role: FOLLOWER
I0405 05:41:14.925272 2730 consensus_queue.cc:229] T 961c198d75a141e2b1432b1117815998 P 4e40b00c13b84ea58862bc98124e4b70 [NON_LEADER]: Queue going to NON_LEADER mode. State: All replicated index: 0, Majority replicated index: 0, Committed index: 0, Last appended: 0.0, Last appended by leader: 0, Current term: 0, Majority size: -1, State: 0, Mode: NON_LEADER, active raft config: opid_index: -1 OBSOLETE_local: true peers { permanent_uuid: "4e40b00c13b84ea58862bc98124e4b70" member_type: VOTER last_known_addr { host: "127.0.59.1" port: 34015 } }
I0405 05:41:14.925649 2730 raft_consensus.cc:380] T 961c198d75a141e2b1432b1117815998 P 4e40b00c13b84ea58862bc98124e4b70 [term 0 FOLLOWER]: Only one voter in the Raft config. Triggering election immediately
I0405 05:41:14.925773 2730 raft_consensus.cc:472] T 961c198d75a141e2b1432b1117815998 P 4e40b00c13b84ea58862bc98124e4b70 [term 0 FOLLOWER]: Starting leader election (initial election of a single-replica configuration)
I0405 05:41:14.925932 2730 raft_consensus.cc:2886] T 961c198d75a141e2b1432b1117815998 P 4e40b00c13b84ea58862bc98124e4b70 [term 0 FOLLOWER]: Advancing to term 1
I0405 05:41:14.929191 2730 raft_consensus.cc:494] T 961c198d75a141e2b1432b1117815998 P 4e40b00c13b84ea58862bc98124e4b70 [term 1 FOLLOWER]: Starting leader election with config: opid_index: -1 OBSOLETE_local: true peers { permanent_uuid: "4e40b00c13b84ea58862bc98124e4b70" member_type: VOTER last_known_addr { host: "127.0.59.1" port: 34015 } }
I0405 05:41:14.929577 2730 leader_election.cc:310] T 961c198d75a141e2b1432b1117815998 P 4e40b00c13b84ea58862bc98124e4b70 [CANDIDATE]: Term 1 election: Election decided. Result: candidate won. Election summary: received 1 responses out of 1 voters: 1 yes votes; 0 no votes. yes voters: 4e40b00c13b84ea58862bc98124e4b70; no voters:
I0405 05:41:14.930069 2730 leader_election.cc:296] T 961c198d75a141e2b1432b1117815998 P 4e40b00c13b84ea58862bc98124e4b70 [CANDIDATE]: Term 1 election: Requested vote from peers
I0405 05:41:14.930202 2732 raft_consensus.cc:2640] T 961c198d75a141e2b1432b1117815998 P 4e40b00c13b84ea58862bc98124e4b70 [term 1 FOLLOWER]: Leader election won for term 1
I0405 05:41:14.930498 2732 raft_consensus.cc:667] T 961c198d75a141e2b1432b1117815998 P 4e40b00c13b84ea58862bc98124e4b70 [term 1 LEADER]: Becoming Leader. State: Replica: 4e40b00c13b84ea58862bc98124e4b70, State: Running, Role: LEADER
I0405 05:41:14.930864 2732 consensus_queue.cc:206] T 961c198d75a141e2b1432b1117815998 P 4e40b00c13b84ea58862bc98124e4b70 [LEADER]: Queue going to LEADER mode. State: All replicated index: 0, Majority replicated index: 0, Committed index: 0, Last appended: 0.0, Last appended by leader: 0, Current term: 1, Majority size: 1, State: 0, Mode: LEADER, active raft config: opid_index: -1 OBSOLETE_local: true peers { permanent_uuid: "4e40b00c13b84ea58862bc98124e4b70" member_type: VOTER last_known_addr { host: "127.0.59.1" port: 34015 } }
I0405 05:41:14.931136 2730 ts_tablet_manager.cc:1081] T 961c198d75a141e2b1432b1117815998 P 4e40b00c13b84ea58862bc98124e4b70: Time spent starting tablet: real 0.008s user 0.008s sys 0.000s
I0405 05:41:14.935040 2543 catalog_manager.cc:3977] T 961c198d75a141e2b1432b1117815998 P 4e40b00c13b84ea58862bc98124e4b70 reported cstate change: term changed from 0 to 1, leader changed from to 4e40b00c13b84ea58862bc98124e4b70 (127.0.59.1). New cstate: current_term: 1 leader_uuid: "4e40b00c13b84ea58862bc98124e4b70" committed_config { opid_index: -1 OBSOLETE_local: true peers { permanent_uuid: "4e40b00c13b84ea58862bc98124e4b70" member_type: VOTER last_known_addr { host: "127.0.59.1" port: 34015 } health_report { overall_health: HEALTHY } } }
I0405 05:41:50.656548 236 external_mini_cluster.cc:1131] Killing /tmp/dist-test-taskvH0aH1/build/tsan/bin/kudu-tserver with pid 2577
I0405 05:41:50.678174 236 external_mini_cluster.cc:1131] Killing /tmp/dist-test-taskvH0aH1/build/tsan/bin/kudu-master with pid 2514 [ OK ] ToolTest.TestListTables (38855 ms) [ RUN ] ToolTest.TestHmsPrecheck 2019-04-05 05:41:51: Starting Hive Metastore Server Picked up JAVA_TOOL_OPTIONS: -Djava.net.preferIPv4Stack=true -Dderby.locks.deadlockTimeout=1 -Dderby.stream.error.file=/tmp/dist-test-taskvH0aH1/test-tmp/kudu-tool-test.0.ToolTest.TestHmsPrecheck.1554442812470121-236/minicluster-data/derby.log log4j:WARN No such property [conversionPattern] in org.apache.solr.util.SolrLogLayout. SLF4J: Class path contains multiple SLF4J bindings. SLF4J: Found binding in [jar:file:/tmp/dist-test-taskvH0aH1/thirdparty/src/hive-498021fa15186aee8b282d3c032fbd2cede6bec4/lib/log4j-slf4j-impl-2.6.2.jar!/org/slf4j/impl/StaticLoggerBinder.class] SLF4J: Found binding in [jar:file:/tmp/dist-test-taskvH0aH1/thirdparty/src/hadoop-2.8.5/share/hadoop/common/lib/slf4j-log4j12-1.7.10.jar!/org/slf4j/impl/StaticLoggerBinder.class] SLF4J: See http://www.slf4j.org/codes.html#multiple_bindings for an explanation. SLF4J: Actual binding is of type [org.apache.logging.slf4j.Log4jLoggerFactory] Starting hive metastore on port 0 2870 T1 odu.Log4JLogger.info Property hive.metastore.integral.jdo.pushdown unknown - will be ignored 2881 T1 odu.Log4JLogger.info Property datanucleus.cache.level2 unknown - will be ignored
I0405 05:42:01.340632 236 external_mini_cluster.cc:933] Running /tmp/dist-test-taskvH0aH1/build/tsan/bin/kudu-master /tmp/dist-test-taskvH0aH1/build/tsan/bin/kudu-master --fs_wal_dir=/tmp/dist-test-taskvH0aH1/test-tmp/kudu-tool-test.0.ToolTest.TestHmsPrecheck.1554442812470121-236/minicluster-data/master-0/wal --fs_data_dirs=/tmp/dist-test-taskvH0aH1/test-tmp/kudu-tool-test.0.ToolTest.TestHmsPrecheck.1554442812470121-236/minicluster-data/master-0/data --block_manager=log --webserver_interface=localhost --ipki_ca_key_size=1024 --tsk_num_rsa_bits=512 --rpc_bind_addresses=127.0.59.62:36859 --webserver_interface=127.0.59.62 --webserver_port=0 --never_fsync --ipki_server_key_size=1024 --enable_minidumps=false --redact=none --metrics_log_interval_ms=1000 --logtostderr --logbuflevel=-1 --log_dir=/tmp/dist-test-taskvH0aH1/test-tmp/kudu-tool-test.0.ToolTest.TestHmsPrecheck.1554442812470121-236/minicluster-data/master-0/logs --server_dump_info_path=/tmp/dist-test-taskvH0aH1/test-tmp/kudu-tool-test.0.ToolTest.TestHmsPrecheck.1554442812470121-236/minicluster-data/master-0/data/info.pb --server_dump_info_format=pb --rpc_server_allow_ephemeral_ports --unlock_experimental_flags --unlock_unsafe_flags --rpc_reuseport=true with env {} WARNING: Logging before InitGoogleLogging() is written to STDERR
W0405 05:42:01.496654 3188 flags.cc:406] Enabled unsafe flag: --rpc_server_allow_ephemeral_ports=true
W0405 05:42:01.497149 3188 flags.cc:406] Enabled unsafe flag: --never_fsync=true
W0405 05:42:01.508388 3188 flags.cc:406] Enabled experimental flag: --ipki_ca_key_size=1024
W0405 05:42:01.508556 3188 flags.cc:406] Enabled experimental flag: --ipki_server_key_size=1024
W0405 05:42:01.508714 3188 flags.cc:406] Enabled experimental flag: --tsk_num_rsa_bits=512
W0405 05:42:01.508855 3188 flags.cc:406] Enabled experimental flag: --rpc_reuseport=true
I0405 05:42:01.526065 3188 master_main.cc:73] Master server non-default flags: --fs_data_dirs=/tmp/dist-test-taskvH0aH1/test-tmp/kudu-tool-test.0.ToolTest.TestHmsPrecheck.1554442812470121-236/minicluster-data/master-0/data --fs_wal_dir=/tmp/dist-test-taskvH0aH1/test-tmp/kudu-tool-test.0.ToolTest.TestHmsPrecheck.1554442812470121-236/minicluster-data/master-0/wal --ipki_ca_key_size=1024 --ipki_server_key_size=1024 --tsk_num_rsa_bits=512 --rpc_bind_addresses=127.0.59.62:36859 --rpc_reuseport=true --rpc_server_allow_ephemeral_ports=true --metrics_log_interval_ms=1000 --server_dump_info_format=pb --server_dump_info_path=/tmp/dist-test-taskvH0aH1/test-tmp/kudu-tool-test.0.ToolTest.TestHmsPrecheck.1554442812470121-236/minicluster-data/master-0/data/info.pb --webserver_interface=127.0.59.62 --webserver_port=0 --never_fsync=true --redact=none --unlock_experimental_flags=true --unlock_unsafe_flags=true --enable_minidumps=false --log_dir=/tmp/dist-test-taskvH0aH1/test-tmp/kudu-tool-test.0.ToolTest.TestHmsPrecheck.1554442812470121-236/minicluster-data/master-0/logs --logbuflevel=-1 --logtostderr=true Master server version: kudu 1.10.0-cdh6.x-SNAPSHOT revision 7a1df1a09f5ce1f3a0bcbb40f71d73b44044f2bc build type FASTDEBUG built by jenkins at 04 Apr 2019 22:07:29 PST on quasar-byykkt-1.vpc.cloudera.com build id 304242 TSAN enabled
I0405 05:42:01.540630 3188 system_ntp.cc:199] NTP initialized. Skew: 500ppm Current error: 74516us
I0405 05:42:01.541765 3188 fs_manager.cc:263] Metadata directory not provided
I0405 05:42:01.541946 3188 fs_manager.cc:269] Using write-ahead log directory (fs_wal_dir) as metadata directory
I0405 05:42:01.542275 3188 server_base.cc:433] Could not load existing FS layout: Not found: could not find a healthy instance file
I0405 05:42:01.542389 3188 server_base.cc:434] Attempting to create new FS layout instead
I0405 05:42:01.545442 3188 fs_manager.cc:602] Generated new instance metadata in path /tmp/dist-test-taskvH0aH1/test-tmp/kudu-tool-test.0.ToolTest.TestHmsPrecheck.1554442812470121-236/minicluster-data/master-0/data/instance: uuid: "55c5b0b3a0b64545810b61836985798e" format_stamp: "Formatted at 2019-04-05 05:42:01 on dist-test-slave-dist-test-slave-bl6s"
I0405 05:42:01.546262 3188 fs_manager.cc:602] Generated new instance metadata in path /tmp/dist-test-taskvH0aH1/test-tmp/kudu-tool-test.0.ToolTest.TestHmsPrecheck.1554442812470121-236/minicluster-data/master-0/wal/instance: uuid: "55c5b0b3a0b64545810b61836985798e" format_stamp: "Formatted at 2019-04-05 05:42:01 on dist-test-slave-dist-test-slave-bl6s"
I0405 05:42:01.556793 3188 fs_manager.cc:503] Time spent creating directory manager: real 0.010s user 0.005s sys 0.005s
I0405 05:42:01.558094 3188 env_posix.cc:1676] Not raising this process' open files per process limit of 1048576; it is already as high as it can go
I0405 05:42:01.558634 3188 file_cache.cc:466] Constructed file cache lbm with capacity 419430
I0405 05:42:01.565640 3188 fs_manager.cc:419] Time spent opening block manager: real 0.002s user 0.002s sys 0.000s
I0405 05:42:01.565765 3188 fs_manager.cc:436] Opened local filesystem: /tmp/dist-test-taskvH0aH1/test-tmp/kudu-tool-test.0.ToolTest.TestHmsPrecheck.1554442812470121-236/minicluster-data/master-0/data,/tmp/dist-test-taskvH0aH1/test-tmp/kudu-tool-test.0.ToolTest.TestHmsPrecheck.1554442812470121-236/minicluster-data/master-0/wal uuid: "55c5b0b3a0b64545810b61836985798e" format_stamp: "Formatted at 2019-04-05 05:42:01 on dist-test-slave-dist-test-slave-bl6s"
I0405 05:42:01.566033 3188 fs_report.cc:352] FS layout report -------------------- wal directory: /tmp/dist-test-taskvH0aH1/test-tmp/kudu-tool-test.0.ToolTest.TestHmsPrecheck.1554442812470121-236/minicluster-data/master-0/wal metadata directory: /tmp/dist-test-taskvH0aH1/test-tmp/kudu-tool-test.0.ToolTest.TestHmsPrecheck.1554442812470121-236/minicluster-data/master-0/wal 1 data directories: /tmp/dist-test-taskvH0aH1/test-tmp/kudu-tool-test.0.ToolTest.TestHmsPrecheck.1554442812470121-236/minicluster-data/master-0/data/data Total live blocks: 0 Total live bytes: 0 Total live bytes (after alignment): 0 Total number of LBM containers: 0 (0 full) Did not check for missing blocks Did not check for orphaned blocks Total full LBM containers with extra space: 0 (0 repaired) Total full LBM container extra space in bytes: 0 (0 repaired) Total incomplete LBM containers: 0 (0 repaired) Total LBM partial records: 0 (0 repaired)
I0405 05:42:02.092701 3188 env_posix.cc:1676] Not raising this process' running threads per effective uid limit of 18446744073709551615; it is already as high as it can go
I0405 05:42:02.149993 3188 rpc_server.cc:205] RPC server started. Bound to: 127.0.59.62:36859
I0405 05:42:02.152554 3188 webserver.cc:308] Webserver started at http://127.0.59.62:35303/ using document root and password file
I0405 05:42:02.153602 3188 server_base.cc:608] Dumped server information to /tmp/dist-test-taskvH0aH1/test-tmp/kudu-tool-test.0.ToolTest.TestHmsPrecheck.1554442812470121-236/minicluster-data/master-0/data/info.pb
I0405 05:42:02.156795 3249 data_dirs.cc:938] Could only allocate 1 dirs of requested 3 for tablet 00000000000000000000000000000000. 1 dirs total, 0 dirs full, 0 dirs failed
I0405 05:42:02.161417 236 external_mini_cluster.cc:995] Started /tmp/dist-test-taskvH0aH1/build/tsan/bin/kudu-master as pid 3188
I0405 05:42:02.162972 236 external_mini_cluster.cc:933] Running /tmp/dist-test-taskvH0aH1/build/tsan/bin/kudu-tserver /tmp/dist-test-taskvH0aH1/build/tsan/bin/kudu-tserver --fs_wal_dir=/tmp/dist-test-taskvH0aH1/test-tmp/kudu-tool-test.0.ToolTest.TestHmsPrecheck.1554442812470121-236/minicluster-data/ts-0/wal --fs_data_dirs=/tmp/dist-test-taskvH0aH1/test-tmp/kudu-tool-test.0.ToolTest.TestHmsPrecheck.1554442812470121-236/minicluster-data/ts-0/data --block_manager=log --rpc_bind_addresses=127.0.59.1:0 --local_ip_for_outbound_sockets=127.0.59.1 --webserver_interface=127.0.59.1 --webserver_port=0 --tserver_master_addrs=127.0.59.62:36859 --never_fsync --ipki_server_key_size=1024 --enable_minidumps=false --redact=none --metrics_log_interval_ms=1000 --logtostderr --logbuflevel=-1 --log_dir=/tmp/dist-test-taskvH0aH1/test-tmp/kudu-tool-test.0.ToolTest.TestHmsPrecheck.1554442812470121-236/minicluster-data/ts-0/logs --server_dump_info_path=/tmp/dist-test-taskvH0aH1/test-tmp/kudu-tool-test.0.ToolTest.TestHmsPrecheck.1554442812470121-236/minicluster-data/ts-0/data/info.pb --server_dump_info_format=pb --rpc_server_allow_ephemeral_ports --unlock_experimental_flags --unlock_unsafe_flags with env {}
I0405 05:42:02.177253 3249 tablet_bootstrap.cc:439] T 00000000000000000000000000000000 P 55c5b0b3a0b64545810b61836985798e: Bootstrap starting.
I0405 05:42:02.180758 3249 tablet_bootstrap.cc:590] T 00000000000000000000000000000000 P 55c5b0b3a0b64545810b61836985798e: No blocks or log segments found. Creating new log.
I0405 05:42:02.182507 3249 log.cc:525] T 00000000000000000000000000000000 P 55c5b0b3a0b64545810b61836985798e: Log is configured to *not* fsync() on all Append() calls
I0405 05:42:02.185500 3249 tablet_bootstrap.cc:439] T 00000000000000000000000000000000 P 55c5b0b3a0b64545810b61836985798e: No bootstrap required, opened a new log
I0405 05:42:02.206112 3249 raft_consensus.cc:340] T 00000000000000000000000000000000 P 55c5b0b3a0b64545810b61836985798e [term 0 FOLLOWER]: Replica starting. Triggering 0 pending transactions. Active config: opid_index: -1 OBSOLETE_local: true peers { permanent_uuid: "55c5b0b3a0b64545810b61836985798e" member_type: VOTER }
I0405 05:42:02.206619 3249 raft_consensus.cc:366] T 00000000000000000000000000000000 P 55c5b0b3a0b64545810b61836985798e [term 0 FOLLOWER]: Consensus starting up: Expiring failure detector timer to make a prompt election more likely
I0405 05:42:02.206817 3249 raft_consensus.cc:705] T 00000000000000000000000000000000 P 55c5b0b3a0b64545810b61836985798e [term 0 FOLLOWER]: Becoming Follower/Learner. State: Replica: 55c5b0b3a0b64545810b61836985798e, State: Initialized, Role: FOLLOWER
I0405 05:42:02.207496 3249 consensus_queue.cc:229] T 00000000000000000000000000000000 P 55c5b0b3a0b64545810b61836985798e [NON_LEADER]: Queue going to NON_LEADER mode. State: All replicated index: 0, Majority replicated index: 0, Committed index: 0, Last appended: 0.0, Last appended by leader: 0, Current term: 0, Majority size: -1, State: 0, Mode: NON_LEADER, active raft config: opid_index: -1 OBSOLETE_local: true peers { permanent_uuid: "55c5b0b3a0b64545810b61836985798e" member_type: VOTER }
I0405 05:42:02.208000 3249 raft_consensus.cc:380] T 00000000000000000000000000000000 P 55c5b0b3a0b64545810b61836985798e [term 0 FOLLOWER]: Only one voter in the Raft config. Triggering election immediately
I0405 05:42:02.208250 3249 raft_consensus.cc:472] T 00000000000000000000000000000000 P 55c5b0b3a0b64545810b61836985798e [term 0 FOLLOWER]: Starting leader election (initial election of a single-replica configuration)
I0405 05:42:02.208519 3249 raft_consensus.cc:2886] T 00000000000000000000000000000000 P 55c5b0b3a0b64545810b61836985798e [term 0 FOLLOWER]: Advancing to term 1
I0405 05:42:02.213124 3249 raft_consensus.cc:494] T 00000000000000000000000000000000 P 55c5b0b3a0b64545810b61836985798e [term 1 FOLLOWER]: Starting leader election with config: opid_index: -1 OBSOLETE_local: true peers { permanent_uuid: "55c5b0b3a0b64545810b61836985798e" member_type: VOTER }
I0405 05:42:02.213757 3249 leader_election.cc:310] T 00000000000000000000000000000000 P 55c5b0b3a0b64545810b61836985798e [CANDIDATE]: Term 1 election: Election decided. Result: candidate won. Election summary: received 1 responses out of 1 voters: 1 yes votes; 0 no votes. yes voters: 55c5b0b3a0b64545810b61836985798e; no voters:
I0405 05:42:02.215637 3249 leader_election.cc:296] T 00000000000000000000000000000000 P 55c5b0b3a0b64545810b61836985798e [CANDIDATE]: Term 1 election: Requested vote from peers
I0405 05:42:02.215955 3252 raft_consensus.cc:2640] T 00000000000000000000000000000000 P 55c5b0b3a0b64545810b61836985798e [term 1 FOLLOWER]: Leader election won for term 1
I0405 05:42:02.318596 3252 raft_consensus.cc:667] T 00000000000000000000000000000000 P 55c5b0b3a0b64545810b61836985798e [term 1 LEADER]: Becoming Leader. State: Replica: 55c5b0b3a0b64545810b61836985798e, State: Running, Role: LEADER
I0405 05:42:02.319088 3252 consensus_queue.cc:206] T 00000000000000000000000000000000 P 55c5b0b3a0b64545810b61836985798e [LEADER]: Queue going to LEADER mode. State: All replicated index: 0, Majority replicated index: 0, Committed index: 0, Last appended: 0.0, Last appended by leader: 0, Current term: 1, Majority size: 1, State: 0, Mode: LEADER, active raft config: opid_index: -1 OBSOLETE_local: true peers { permanent_uuid: "55c5b0b3a0b64545810b61836985798e" member_type: VOTER }
I0405 05:42:02.323513 3249 sys_catalog.cc:337] T 00000000000000000000000000000000 P 55c5b0b3a0b64545810b61836985798e [sys.catalog]: SysCatalogTable state changed. Reason: Started TabletReplica. Latest consensus state: current_term: 1 leader_uuid: "55c5b0b3a0b64545810b61836985798e" committed_config { opid_index: -1 OBSOLETE_local: true peers { permanent_uuid: "55c5b0b3a0b64545810b61836985798e" member_type: VOTER } }
I0405 05:42:02.323572 3254 sys_catalog.cc:337] T 00000000000000000000000000000000 P 55c5b0b3a0b64545810b61836985798e [sys.catalog]: SysCatalogTable state changed. Reason: New leader 55c5b0b3a0b64545810b61836985798e. Latest consensus state: current_term: 1 leader_uuid: "55c5b0b3a0b64545810b61836985798e" committed_config { opid_index: -1 OBSOLETE_local: true peers { permanent_uuid: "55c5b0b3a0b64545810b61836985798e" member_type: VOTER } }
I0405 05:42:02.323513 3253 sys_catalog.cc:337] T 00000000000000000000000000000000 P 55c5b0b3a0b64545810b61836985798e [sys.catalog]: SysCatalogTable state changed. Reason: RaftConsensus started. Latest consensus state: current_term: 1 leader_uuid: "55c5b0b3a0b64545810b61836985798e" committed_config { opid_index: -1 OBSOLETE_local: true peers { permanent_uuid: "55c5b0b3a0b64545810b61836985798e" member_type: VOTER } }
I0405 05:42:02.324080 3249 sys_catalog.cc:340] T 00000000000000000000000000000000 P 55c5b0b3a0b64545810b61836985798e [sys.catalog]: This master's current role is: LEADER
I0405 05:42:02.324112 3254 sys_catalog.cc:340] T 00000000000000000000000000000000 P 55c5b0b3a0b64545810b61836985798e [sys.catalog]: This master's current role is: LEADER
I0405 05:42:02.324120 3253 sys_catalog.cc:340] T 00000000000000000000000000000000 P 55c5b0b3a0b64545810b61836985798e [sys.catalog]: This master's current role is: LEADER
I0405 05:42:02.327322 3249 sys_catalog.cc:424] T 00000000000000000000000000000000 P 55c5b0b3a0b64545810b61836985798e [sys.catalog]: configured and running, proceeding with master startup.
W0405 05:42:02.336066 3257 catalog_manager.cc:1113] T 00000000000000000000000000000000 P 55c5b0b3a0b64545810b61836985798e: acquiring CA information for follower catalog manager: Not found: root CA entry not found
W0405 05:42:02.336324 3257 catalog_manager.cc:594] Not found: root CA entry not found: failed to prepare follower catalog manager, will retry
I0405 05:42:02.336664 3256 catalog_manager.cc:1055] Loading table and tablet metadata into memory...
I0405 05:42:02.339872 3256 catalog_manager.cc:1066] Initializing Kudu internal certificate authority... WARNING: Logging before InitGoogleLogging() is written to STDERR
W0405 05:42:02.361315 3250 flags.cc:406] Enabled unsafe flag: --rpc_server_allow_ephemeral_ports=true
W0405 05:42:02.361876 3250 flags.cc:406] Enabled unsafe flag: --never_fsync=true
W0405 05:42:02.377054 3250 flags.cc:406] Enabled experimental flag: --ipki_server_key_size=1024
W0405 05:42:02.377585 3250 flags.cc:406] Enabled experimental flag: --local_ip_for_outbound_sockets=127.0.59.1
I0405 05:42:02.398988 3250 tablet_server_main.cc:78] Tablet server non-default flags: --fs_data_dirs=/tmp/dist-test-taskvH0aH1/test-tmp/kudu-tool-test.0.ToolTest.TestHmsPrecheck.1554442812470121-236/minicluster-data/ts-0/data --fs_wal_dir=/tmp/dist-test-taskvH0aH1/test-tmp/kudu-tool-test.0.ToolTest.TestHmsPrecheck.1554442812470121-236/minicluster-data/ts-0/wal --ipki_server_key_size=1024 --rpc_bind_addresses=127.0.59.1:0 --rpc_server_allow_ephemeral_ports=true --metrics_log_interval_ms=1000 --server_dump_info_format=pb --server_dump_info_path=/tmp/dist-test-taskvH0aH1/test-tmp/kudu-tool-test.0.ToolTest.TestHmsPrecheck.1554442812470121-236/minicluster-data/ts-0/data/info.pb --webserver_interface=127.0.59.1 --webserver_port=0 --tserver_master_addrs=127.0.59.62:36859 --never_fsync=true --redact=none --unlock_experimental_flags=true --unlock_unsafe_flags=true --enable_minidumps=false --local_ip_for_outbound_sockets=127.0.59.1 --log_dir=/tmp/dist-test-taskvH0aH1/test-tmp/kudu-tool-test.0.ToolTest.TestHmsPrecheck.1554442812470121-236/minicluster-data/ts-0/logs --logbuflevel=-1 --logtostderr=true Tablet server version: kudu 1.10.0-cdh6.x-SNAPSHOT revision 7a1df1a09f5ce1f3a0bcbb40f71d73b44044f2bc build type FASTDEBUG built by jenkins at 04 Apr 2019 22:07:29 PST on quasar-byykkt-1.vpc.cloudera.com build id 304242 TSAN enabled
I0405 05:42:02.399416 3256 catalog_manager.cc:950] Generated new certificate authority record
I0405 05:42:02.401623 3256 catalog_manager.cc:1075] Loading token signing keys...
I0405 05:42:02.424464 3250 system_ntp.cc:199] NTP initialized. Skew: 500ppm Current error: 75016us
I0405 05:42:02.425258 3250 fs_manager.cc:263] Metadata directory not provided
I0405 05:42:02.425446 3250 fs_manager.cc:269] Using write-ahead log directory (fs_wal_dir) as metadata directory
I0405 05:42:02.425796 3250 server_base.cc:433] Could not load existing FS layout: Not found: could not find a healthy instance file
I0405 05:42:02.425968 3250 server_base.cc:434] Attempting to create new FS layout instead
I0405 05:42:02.429409 3256 catalog_manager.cc:4281] T 00000000000000000000000000000000 P 55c5b0b3a0b64545810b61836985798e: Generated new TSK 0
I0405 05:42:02.429723 3250 fs_manager.cc:602] Generated new instance metadata in path /tmp/dist-test-taskvH0aH1/test-tmp/kudu-tool-test.0.ToolTest.TestHmsPrecheck.1554442812470121-236/minicluster-data/ts-0/data/instance: uuid: "1f47cd09f5484f14b00848e4d0df5edb" format_stamp: "Formatted at 2019-04-05 05:42:02 on dist-test-slave-dist-test-slave-bl6s"
I0405 05:42:02.430683 3250 fs_manager.cc:602] Generated new instance metadata in path /tmp/dist-test-taskvH0aH1/test-tmp/kudu-tool-test.0.ToolTest.TestHmsPrecheck.1554442812470121-236/minicluster-data/ts-0/wal/instance: uuid: "1f47cd09f5484f14b00848e4d0df5edb" format_stamp: "Formatted at 2019-04-05 05:42:02 on dist-test-slave-dist-test-slave-bl6s"
I0405 05:42:02.441042 3250 fs_manager.cc:503] Time spent creating directory manager: real 0.010s user 0.009s sys 0.001s
I0405 05:42:02.442332 3250 env_posix.cc:1676] Not raising this process' open files per process limit of 1048576; it is already as high as it can go
I0405 05:42:02.442850 3250 file_cache.cc:466] Constructed file cache lbm with capacity 419430
I0405 05:42:02.449560 3250 fs_manager.cc:419] Time spent opening block manager: real 0.002s user 0.002s sys 0.000s
I0405 05:42:02.449689 3250 fs_manager.cc:436] Opened local filesystem: /tmp/dist-test-taskvH0aH1/test-tmp/kudu-tool-test.0.ToolTest.TestHmsPrecheck.1554442812470121-236/minicluster-data/ts-0/data,/tmp/dist-test-taskvH0aH1/test-tmp/kudu-tool-test.0.ToolTest.TestHmsPrecheck.1554442812470121-236/minicluster-data/ts-0/wal uuid: "1f47cd09f5484f14b00848e4d0df5edb" format_stamp: "Formatted at 2019-04-05 05:42:02 on dist-test-slave-dist-test-slave-bl6s"
I0405 05:42:02.449951 3250 fs_report.cc:352] FS layout report -------------------- wal directory: /tmp/dist-test-taskvH0aH1/test-tmp/kudu-tool-test.0.ToolTest.TestHmsPrecheck.1554442812470121-236/minicluster-data/ts-0/wal metadata directory: /tmp/dist-test-taskvH0aH1/test-tmp/kudu-tool-test.0.ToolTest.TestHmsPrecheck.1554442812470121-236/minicluster-data/ts-0/wal 1 data directories: /tmp/dist-test-taskvH0aH1/test-tmp/kudu-tool-test.0.ToolTest.TestHmsPrecheck.1554442812470121-236/minicluster-data/ts-0/data/data Total live blocks: 0 Total live bytes: 0 Total live bytes (after alignment): 0 Total number of LBM containers: 0 (0 full) Did not check for missing blocks Did not check for orphaned blocks Total full LBM containers with extra space: 0 (0 repaired) Total full LBM container extra space in bytes: 0 (0 repaired) Total incomplete LBM containers: 0 (0 repaired) Total LBM partial records: 0 (0 repaired)
W0405 05:42:03.019611 3250 thread.cc:599] rpc reactor (reactor) Time spent creating pthread: real 0.541s user 0.130s sys 0.411s
W0405 05:42:03.019816 3250 thread.cc:566] rpc reactor (reactor) Time spent starting thread: real 0.542s user 0.130s sys 0.411s
I0405 05:42:03.079560 3250 env_posix.cc:1676] Not raising this process' running threads per effective uid limit of 18446744073709551615; it is already as high as it can go
I0405 05:42:03.084117 3250 ts_tablet_manager.cc:356] Loaded tablet metadata (0 total tablets, 0 live tablets)
I0405 05:42:03.084328 3250 ts_tablet_manager.cc:376] Registered 0 tablets
I0405 05:42:03.276338 3250 rpc_server.cc:205] RPC server started. Bound to: 127.0.59.1:33883
I0405 05:42:03.279660 3250 webserver.cc:308] Webserver started at http://127.0.59.1:39669/ using document root and password file
I0405 05:42:03.280776 3250 server_base.cc:608] Dumped server information to /tmp/dist-test-taskvH0aH1/test-tmp/kudu-tool-test.0.ToolTest.TestHmsPrecheck.1554442812470121-236/minicluster-data/ts-0/data/info.pb
I0405 05:42:03.287591 236 external_mini_cluster.cc:995] Started /tmp/dist-test-taskvH0aH1/build/tsan/bin/kudu-tserver as pid 3250
I0405 05:42:03.312011 3382 heartbeater.cc:345] Connected to a master server at 127.0.59.62:36859
I0405 05:42:03.312397 3382 heartbeater.cc:426] Registering TS with master...
I0405 05:42:03.313081 3382 heartbeater.cc:475] Master 127.0.59.62:36859 requested a full tablet report, sending...
I0405 05:42:03.315295 3216 ts_manager.cc:159] Registered new tserver with Master: 1f47cd09f5484f14b00848e4d0df5edb (127.0.59.1:33883)
I0405 05:42:03.317986 3216 master_service.cc:271] Signed X509 certificate for tserver {username='slave'} at 127.0.59.1:54755
I0405 05:42:03.318146 236 external_mini_cluster.cc:623] 1 TS(s) registered with all masters
I0405 05:42:03.354034 3216 catalog_manager.cc:1416] Servicing CreateTable request from {username='slave'} at 127.0.0.1:51726: name: "a.b" schema { columns { name: "foo" type: INT32 is_key: true is_nullable: false encoding: AUTO_ENCODING compression: DEFAULT_COMPRESSION cfile_block_size: 0 } } num_replicas: 1 split_rows_range_bounds { } partition_schema { range_schema { columns { name: "foo" } } }
I0405 05:42:03.408082 3319 tablet_service.cc:1006] Processing CreateTablet for tablet 12b8e24237724b87b477d37b2d11af36 (table=a.b [id=3a54afd54eb54a48a74c15e107a6a784]), partition=RANGE (foo) PARTITION UNBOUNDED
I0405 05:42:03.408915 3319 data_dirs.cc:938] Could only allocate 1 dirs of requested 3 for tablet 12b8e24237724b87b477d37b2d11af36. 1 dirs total, 0 dirs full, 0 dirs failed
I0405 05:42:03.427002 3398 tablet_bootstrap.cc:439] T 12b8e24237724b87b477d37b2d11af36 P 1f47cd09f5484f14b00848e4d0df5edb: Bootstrap starting.
I0405 05:42:03.434116 3398 tablet_bootstrap.cc:590] T 12b8e24237724b87b477d37b2d11af36 P 1f47cd09f5484f14b00848e4d0df5edb: No blocks or log segments found. Creating new log.
I0405 05:42:03.435714 3398 log.cc:525] T 12b8e24237724b87b477d37b2d11af36 P 1f47cd09f5484f14b00848e4d0df5edb: Log is configured to *not* fsync() on all Append() calls
I0405 05:42:03.443310 3398 tablet_bootstrap.cc:439] T 12b8e24237724b87b477d37b2d11af36 P 1f47cd09f5484f14b00848e4d0df5edb: No bootstrap required, opened a new log
I0405 05:42:03.443754 3398 ts_tablet_manager.cc:1053] T 12b8e24237724b87b477d37b2d11af36 P 1f47cd09f5484f14b00848e4d0df5edb: Time spent bootstrapping tablet: real 0.017s user 0.000s sys 0.006s
I0405 05:42:03.462177 3398 raft_consensus.cc:340] T 12b8e24237724b87b477d37b2d11af36 P 1f47cd09f5484f14b00848e4d0df5edb [term 0 FOLLOWER]: Replica starting. Triggering 0 pending transactions. Active config: opid_index: -1 OBSOLETE_local: true peers { permanent_uuid: "1f47cd09f5484f14b00848e4d0df5edb" member_type: VOTER last_known_addr { host: "127.0.59.1" port: 33883 } }
I0405 05:42:03.462863 3398 raft_consensus.cc:366] T 12b8e24237724b87b477d37b2d11af36 P 1f47cd09f5484f14b00848e4d0df5edb [term 0 FOLLOWER]: Consensus starting up: Expiring failure detector timer to make a prompt election more likely
I0405 05:42:03.463089 3398 raft_consensus.cc:705] T 12b8e24237724b87b477d37b2d11af36 P 1f47cd09f5484f14b00848e4d0df5edb [term 0 FOLLOWER]: Becoming Follower/Learner. State: Replica: 1f47cd09f5484f14b00848e4d0df5edb, State: Initialized, Role: FOLLOWER
