I0405 05:40:45.900740 1467 raft_consensus.cc:705] T b89228c0b8b64f8aa59460436a040572 P 3e8fb9a698764665b4082521a37740b3 [term 0 FOLLOWER]: Becoming Follower/Learner. State: Replica: 3e8fb9a698764665b4082521a37740b3, State: Initialized, Role: FOLLOWER
I0405 05:40:45.901059 1467 consensus_queue.cc:229] T b89228c0b8b64f8aa59460436a040572 P 3e8fb9a698764665b4082521a37740b3 [NON_LEADER]: Queue going to NON_LEADER mode. State: All replicated index: 0, Majority replicated index: 0, Committed index: 0, Last appended: 0.0, Last appended by leader: 0, Current term: 0, Majority size: -1, State: 0, Mode: NON_LEADER, active raft config: opid_index: -1 OBSOLETE_local: true peers { permanent_uuid: "3e8fb9a698764665b4082521a37740b3" member_type: VOTER last_known_addr { host: "127.0.59.1" port: 34407 } }
I0405 05:40:45.901387 1467 raft_consensus.cc:380] T b89228c0b8b64f8aa59460436a040572 P 3e8fb9a698764665b4082521a37740b3 [term 0 FOLLOWER]: Only one voter in the Raft config. Triggering election immediately
I0405 05:40:45.901525 1467 raft_consensus.cc:472] T b89228c0b8b64f8aa59460436a040572 P 3e8fb9a698764665b4082521a37740b3 [term 0 FOLLOWER]: Starting leader election (initial election of a single-replica configuration)
I0405 05:40:45.901693 1467 raft_consensus.cc:2886] T b89228c0b8b64f8aa59460436a040572 P 3e8fb9a698764665b4082521a37740b3 [term 0 FOLLOWER]: Advancing to term 1
I0405 05:40:45.904486 1467 raft_consensus.cc:494] T b89228c0b8b64f8aa59460436a040572 P 3e8fb9a698764665b4082521a37740b3 [term 1 FOLLOWER]: Starting leader election with config: opid_index: -1 OBSOLETE_local: true peers { permanent_uuid: "3e8fb9a698764665b4082521a37740b3" member_type: VOTER last_known_addr { host: "127.0.59.1" port: 34407 } }
I0405 05:40:45.904857 1467 leader_election.cc:310] T b89228c0b8b64f8aa59460436a040572 P 3e8fb9a698764665b4082521a37740b3 [CANDIDATE]: Term 1 election: Election decided. Result: candidate won. Election summary: received 1 responses out of 1 voters: 1 yes votes; 0 no votes. yes voters: 3e8fb9a698764665b4082521a37740b3; no voters:
I0405 05:40:45.905201 1467 leader_election.cc:296] T b89228c0b8b64f8aa59460436a040572 P 3e8fb9a698764665b4082521a37740b3 [CANDIDATE]: Term 1 election: Requested vote from peers
I0405 05:40:45.905305 1469 raft_consensus.cc:2640] T b89228c0b8b64f8aa59460436a040572 P 3e8fb9a698764665b4082521a37740b3 [term 1 FOLLOWER]: Leader election won for term 1
I0405 05:40:45.905623 1469 raft_consensus.cc:667] T b89228c0b8b64f8aa59460436a040572 P 3e8fb9a698764665b4082521a37740b3 [term 1 LEADER]: Becoming Leader. State: Replica: 3e8fb9a698764665b4082521a37740b3, State: Running, Role: LEADER
I0405 05:40:45.906103 1467 ts_tablet_manager.cc:1081] T b89228c0b8b64f8aa59460436a040572 P 3e8fb9a698764665b4082521a37740b3: Time spent starting tablet: real 0.007s user 0.006s sys 0.002s
I0405 05:40:45.905979 1469 consensus_queue.cc:206] T b89228c0b8b64f8aa59460436a040572 P 3e8fb9a698764665b4082521a37740b3 [LEADER]: Queue going to LEADER mode. State: All replicated index: 0, Majority replicated index: 0, Committed index: 0, Last appended: 0.0, Last appended by leader: 0, Current term: 1, Majority size: 1, State: 0, Mode: LEADER, active raft config: opid_index: -1 OBSOLETE_local: true peers { permanent_uuid: "3e8fb9a698764665b4082521a37740b3" member_type: VOTER last_known_addr { host: "127.0.59.1" port: 34407 } }
I0405 05:40:45.906484 1467 tablet_bootstrap.cc:439] T 51136496936e44e8ab763870c232d487 P 3e8fb9a698764665b4082521a37740b3: Bootstrap starting.
I0405 05:40:45.908713 1467 tablet_bootstrap.cc:590] T 51136496936e44e8ab763870c232d487 P 3e8fb9a698764665b4082521a37740b3: No blocks or log segments found. Creating new log.
I0405 05:40:45.912403 1276 catalog_manager.cc:3977] T b89228c0b8b64f8aa59460436a040572 P 3e8fb9a698764665b4082521a37740b3 reported cstate change: term changed from 0 to 1, leader changed from to 3e8fb9a698764665b4082521a37740b3 (127.0.59.1). New cstate: current_term: 1 leader_uuid: "3e8fb9a698764665b4082521a37740b3" committed_config { opid_index: -1 OBSOLETE_local: true peers { permanent_uuid: "3e8fb9a698764665b4082521a37740b3" member_type: VOTER last_known_addr { host: "127.0.59.1" port: 34407 } health_report { overall_health: HEALTHY } } }
I0405 05:40:45.913027 1467 tablet_bootstrap.cc:439] T 51136496936e44e8ab763870c232d487 P 3e8fb9a698764665b4082521a37740b3: No bootstrap required, opened a new log
I0405 05:40:45.913309 1467 ts_tablet_manager.cc:1053] T 51136496936e44e8ab763870c232d487 P 3e8fb9a698764665b4082521a37740b3: Time spent bootstrapping tablet: real 0.007s user 0.002s sys 0.003s
I0405 05:40:45.914355 1467 raft_consensus.cc:340] T 51136496936e44e8ab763870c232d487 P 3e8fb9a698764665b4082521a37740b3 [term 0 FOLLOWER]: Replica starting. Triggering 0 pending transactions. Active config: opid_index: -1 OBSOLETE_local: true peers { permanent_uuid: "3e8fb9a698764665b4082521a37740b3" member_type: VOTER last_known_addr { host: "127.0.59.1" port: 34407 } }
I0405 05:40:45.914667 1467 raft_consensus.cc:366] T 51136496936e44e8ab763870c232d487 P 3e8fb9a698764665b4082521a37740b3 [term 0 FOLLOWER]: Consensus starting up: Expiring failure detector timer to make a prompt election more likely
I0405 05:40:45.914868 1467 raft_consensus.cc:705] T 51136496936e44e8ab763870c232d487 P 3e8fb9a698764665b4082521a37740b3 [term 0 FOLLOWER]: Becoming Follower/Learner. State: Replica: 3e8fb9a698764665b4082521a37740b3, State: Initialized, Role: FOLLOWER
I0405 05:40:45.915274 1467 consensus_queue.cc:229] T 51136496936e44e8ab763870c232d487 P 3e8fb9a698764665b4082521a37740b3 [NON_LEADER]: Queue going to NON_LEADER mode. State: All replicated index: 0, Majority replicated index: 0, Committed index: 0, Last appended: 0.0, Last appended by leader: 0, Current term: 0, Majority size: -1, State: 0, Mode: NON_LEADER, active raft config: opid_index: -1 OBSOLETE_local: true peers { permanent_uuid: "3e8fb9a698764665b4082521a37740b3" member_type: VOTER last_known_addr { host: "127.0.59.1" port: 34407 } }
I0405 05:40:45.915725 1467 raft_consensus.cc:380] T 51136496936e44e8ab763870c232d487 P 3e8fb9a698764665b4082521a37740b3 [term 0 FOLLOWER]: Only one voter in the Raft config. Triggering election immediately
I0405 05:40:45.915868 1467 raft_consensus.cc:472] T 51136496936e44e8ab763870c232d487 P 3e8fb9a698764665b4082521a37740b3 [term 0 FOLLOWER]: Starting leader election (initial election of a single-replica configuration)
I0405 05:40:45.916045 1467 raft_consensus.cc:2886] T 51136496936e44e8ab763870c232d487 P 3e8fb9a698764665b4082521a37740b3 [term 0 FOLLOWER]: Advancing to term 1
I0405 05:40:45.919268 1467 raft_consensus.cc:494] T 51136496936e44e8ab763870c232d487 P 3e8fb9a698764665b4082521a37740b3 [term 1 FOLLOWER]: Starting leader election with config: opid_index: -1 OBSOLETE_local: true peers { permanent_uuid: "3e8fb9a698764665b4082521a37740b3" member_type: VOTER last_known_addr { host: "127.0.59.1" port: 34407 } }
I0405 05:40:45.919693 1467 leader_election.cc:310] T 51136496936e44e8ab763870c232d487 P 3e8fb9a698764665b4082521a37740b3 [CANDIDATE]: Term 1 election: Election decided. Result: candidate won. Election summary: received 1 responses out of 1 voters: 1 yes votes; 0 no votes. yes voters: 3e8fb9a698764665b4082521a37740b3; no voters:
I0405 05:40:45.920078 1467 leader_election.cc:296] T 51136496936e44e8ab763870c232d487 P 3e8fb9a698764665b4082521a37740b3 [CANDIDATE]: Term 1 election: Requested vote from peers
I0405 05:40:45.920164 1469 raft_consensus.cc:2640] T 51136496936e44e8ab763870c232d487 P 3e8fb9a698764665b4082521a37740b3 [term 1 FOLLOWER]: Leader election won for term 1
I0405 05:40:45.920578 1469 raft_consensus.cc:667] T 51136496936e44e8ab763870c232d487 P 3e8fb9a698764665b4082521a37740b3 [term 1 LEADER]: Becoming Leader. State: Replica: 3e8fb9a698764665b4082521a37740b3, State: Running, Role: LEADER
I0405 05:40:45.920876 1467 ts_tablet_manager.cc:1081] T 51136496936e44e8ab763870c232d487 P 3e8fb9a698764665b4082521a37740b3: Time spent starting tablet: real 0.007s user 0.004s sys 0.004s
I0405 05:40:45.920925 1469 consensus_queue.cc:206] T 51136496936e44e8ab763870c232d487 P 3e8fb9a698764665b4082521a37740b3 [LEADER]: Queue going to LEADER mode. State: All replicated index: 0, Majority replicated index: 0, Committed index: 0, Last appended: 0.0, Last appended by leader: 0, Current term: 1, Majority size: 1, State: 0, Mode: LEADER, active raft config: opid_index: -1 OBSOLETE_local: true peers { permanent_uuid: "3e8fb9a698764665b4082521a37740b3" member_type: VOTER last_known_addr { host: "127.0.59.1" port: 34407 } }
I0405 05:40:45.921286 1467 tablet_bootstrap.cc:439] T 237cfe4bde594dc5b5d4f7642260a6e1 P 3e8fb9a698764665b4082521a37740b3: Bootstrap starting.
I0405 05:40:45.924023 1467 tablet_bootstrap.cc:590] T 237cfe4bde594dc5b5d4f7642260a6e1 P 3e8fb9a698764665b4082521a37740b3: No blocks or log segments found. Creating new log.
I0405 05:40:45.924657 1276 catalog_manager.cc:3977] T 51136496936e44e8ab763870c232d487 P 3e8fb9a698764665b4082521a37740b3 reported cstate change: term changed from 0 to 1, leader changed from to 3e8fb9a698764665b4082521a37740b3 (127.0.59.1). New cstate: current_term: 1 leader_uuid: "3e8fb9a698764665b4082521a37740b3" committed_config { opid_index: -1 OBSOLETE_local: true peers { permanent_uuid: "3e8fb9a698764665b4082521a37740b3" member_type: VOTER last_known_addr { host: "127.0.59.1" port: 34407 } health_report { overall_health: HEALTHY } } }
I0405 05:40:45.927888 1467 tablet_bootstrap.cc:439] T 237cfe4bde594dc5b5d4f7642260a6e1 P 3e8fb9a698764665b4082521a37740b3: No bootstrap required, opened a new log
I0405 05:40:45.928222 1467 ts_tablet_manager.cc:1053] T 237cfe4bde594dc5b5d4f7642260a6e1 P 3e8fb9a698764665b4082521a37740b3: Time spent bootstrapping tablet: real 0.007s user 0.006s sys 0.000s
I0405 05:40:45.929651 1467 raft_consensus.cc:340] T 237cfe4bde594dc5b5d4f7642260a6e1 P 3e8fb9a698764665b4082521a37740b3 [term 0 FOLLOWER]: Replica starting. Triggering 0 pending transactions. Active config: opid_index: -1 OBSOLETE_local: true peers { permanent_uuid: "3e8fb9a698764665b4082521a37740b3" member_type: VOTER last_known_addr { host: "127.0.59.1" port: 34407 } }
I0405 05:40:45.930033 1467 raft_consensus.cc:366] T 237cfe4bde594dc5b5d4f7642260a6e1 P 3e8fb9a698764665b4082521a37740b3 [term 0 FOLLOWER]: Consensus starting up: Expiring failure detector timer to make a prompt election more likely
I0405 05:40:45.930331 1467 raft_consensus.cc:705] T 237cfe4bde594dc5b5d4f7642260a6e1 P 3e8fb9a698764665b4082521a37740b3 [term 0 FOLLOWER]: Becoming Follower/Learner. State: Replica: 3e8fb9a698764665b4082521a37740b3, State: Initialized, Role: FOLLOWER
I0405 05:40:45.930701 1467 consensus_queue.cc:229] T 237cfe4bde594dc5b5d4f7642260a6e1 P 3e8fb9a698764665b4082521a37740b3 [NON_LEADER]: Queue going to NON_LEADER mode. State: All replicated index: 0, Majority replicated index: 0, Committed index: 0, Last appended: 0.0, Last appended by leader: 0, Current term: 0, Majority size: -1, State: 0, Mode: NON_LEADER, active raft config: opid_index: -1 OBSOLETE_local: true peers { permanent_uuid: "3e8fb9a698764665b4082521a37740b3" member_type: VOTER last_known_addr { host: "127.0.59.1" port: 34407 } }
I0405 05:40:45.931092 1467 raft_consensus.cc:380] T 237cfe4bde594dc5b5d4f7642260a6e1 P 3e8fb9a698764665b4082521a37740b3 [term 0 FOLLOWER]: Only one voter in the Raft config. Triggering election immediately
I0405 05:40:45.931232 1467 raft_consensus.cc:472] T 237cfe4bde594dc5b5d4f7642260a6e1 P 3e8fb9a698764665b4082521a37740b3 [term 0 FOLLOWER]: Starting leader election (initial election of a single-replica configuration)
I0405 05:40:45.931396 1467 raft_consensus.cc:2886] T 237cfe4bde594dc5b5d4f7642260a6e1 P 3e8fb9a698764665b4082521a37740b3 [term 0 FOLLOWER]: Advancing to term 1
I0405 05:40:45.934589 1467 raft_consensus.cc:494] T 237cfe4bde594dc5b5d4f7642260a6e1 P 3e8fb9a698764665b4082521a37740b3 [term 1 FOLLOWER]: Starting leader election with config: opid_index: -1 OBSOLETE_local: true peers { permanent_uuid: "3e8fb9a698764665b4082521a37740b3" member_type: VOTER last_known_addr { host: "127.0.59.1" port: 34407 } }
I0405 05:40:45.934974 1467 leader_election.cc:310] T 237cfe4bde594dc5b5d4f7642260a6e1 P 3e8fb9a698764665b4082521a37740b3 [CANDIDATE]: Term 1 election: Election decided. Result: candidate won. Election summary: received 1 responses out of 1 voters: 1 yes votes; 0 no votes. yes voters: 3e8fb9a698764665b4082521a37740b3; no voters:
I0405 05:40:45.935331 1467 leader_election.cc:296] T 237cfe4bde594dc5b5d4f7642260a6e1 P 3e8fb9a698764665b4082521a37740b3 [CANDIDATE]: Term 1 election: Requested vote from peers
I0405 05:40:45.935447 1469 raft_consensus.cc:2640] T 237cfe4bde594dc5b5d4f7642260a6e1 P 3e8fb9a698764665b4082521a37740b3 [term 1 FOLLOWER]: Leader election won for term 1
I0405 05:40:45.935786 1469 raft_consensus.cc:667] T 237cfe4bde594dc5b5d4f7642260a6e1 P 3e8fb9a698764665b4082521a37740b3 [term 1 LEADER]: Becoming Leader. State: Replica: 3e8fb9a698764665b4082521a37740b3, State: Running, Role: LEADER
I0405 05:40:45.936262 1467 ts_tablet_manager.cc:1081] T 237cfe4bde594dc5b5d4f7642260a6e1 P 3e8fb9a698764665b4082521a37740b3: Time spent starting tablet: real 0.008s user 0.009s sys 0.000s
I0405 05:40:45.936137 1469 consensus_queue.cc:206] T 237cfe4bde594dc5b5d4f7642260a6e1 P 3e8fb9a698764665b4082521a37740b3 [LEADER]: Queue going to LEADER mode. State: All replicated index: 0, Majority replicated index: 0, Committed index: 0, Last appended: 0.0, Last appended by leader: 0, Current term: 1, Majority size: 1, State: 0, Mode: LEADER, active raft config: opid_index: -1 OBSOLETE_local: true peers { permanent_uuid: "3e8fb9a698764665b4082521a37740b3" member_type: VOTER last_known_addr { host: "127.0.59.1" port: 34407 } }
I0405 05:40:45.936666 1467 tablet_bootstrap.cc:439] T 4738983f4c574127b1fdde41bc9c0591 P 3e8fb9a698764665b4082521a37740b3: Bootstrap starting.
I0405 05:40:45.940026 1467 tablet_bootstrap.cc:590] T 4738983f4c574127b1fdde41bc9c0591 P 3e8fb9a698764665b4082521a37740b3: No blocks or log segments found. Creating new log.
I0405 05:40:45.940191 1276 catalog_manager.cc:3977] T 237cfe4bde594dc5b5d4f7642260a6e1 P 3e8fb9a698764665b4082521a37740b3 reported cstate change: term changed from 0 to 1, leader changed from to 3e8fb9a698764665b4082521a37740b3 (127.0.59.1). New cstate: current_term: 1 leader_uuid: "3e8fb9a698764665b4082521a37740b3" committed_config { opid_index: -1 OBSOLETE_local: true peers { permanent_uuid: "3e8fb9a698764665b4082521a37740b3" member_type: VOTER last_known_addr { host: "127.0.59.1" port: 34407 } health_report { overall_health: HEALTHY } } }
I0405 05:40:45.944236 1467 tablet_bootstrap.cc:439] T 4738983f4c574127b1fdde41bc9c0591 P 3e8fb9a698764665b4082521a37740b3: No bootstrap required, opened a new log
I0405 05:40:45.944586 1467 ts_tablet_manager.cc:1053] T 4738983f4c574127b1fdde41bc9c0591 P 3e8fb9a698764665b4082521a37740b3: Time spent bootstrapping tablet: real 0.008s user 0.004s sys 0.003s
I0405 05:40:45.945928 1467 raft_consensus.cc:340] T 4738983f4c574127b1fdde41bc9c0591 P 3e8fb9a698764665b4082521a37740b3 [term 0 FOLLOWER]: Replica starting. Triggering 0 pending transactions. Active config: opid_index: -1 OBSOLETE_local: true peers { permanent_uuid: "3e8fb9a698764665b4082521a37740b3" member_type: VOTER last_known_addr { host: "127.0.59.1" port: 34407 } }
I0405 05:40:45.946293 1467 raft_consensus.cc:366] T 4738983f4c574127b1fdde41bc9c0591 P 3e8fb9a698764665b4082521a37740b3 [term 0 FOLLOWER]: Consensus starting up: Expiring failure detector timer to make a prompt election more likely
I0405 05:40:45.946458 1467 raft_consensus.cc:705] T 4738983f4c574127b1fdde41bc9c0591 P 3e8fb9a698764665b4082521a37740b3 [term 0 FOLLOWER]: Becoming Follower/Learner. State: Replica: 3e8fb9a698764665b4082521a37740b3, State: Initialized, Role: FOLLOWER
I0405 05:40:45.946913 1467 consensus_queue.cc:229] T 4738983f4c574127b1fdde41bc9c0591 P 3e8fb9a698764665b4082521a37740b3 [NON_LEADER]: Queue going to NON_LEADER mode. State: All replicated index: 0, Majority replicated index: 0, Committed index: 0, Last appended: 0.0, Last appended by leader: 0, Current term: 0, Majority size: -1, State: 0, Mode: NON_LEADER, active raft config: opid_index: -1 OBSOLETE_local: true peers { permanent_uuid: "3e8fb9a698764665b4082521a37740b3" member_type: VOTER last_known_addr { host: "127.0.59.1" port: 34407 } }
I0405 05:40:45.947301 1467 raft_consensus.cc:380] T 4738983f4c574127b1fdde41bc9c0591 P 3e8fb9a698764665b4082521a37740b3 [term 0 FOLLOWER]: Only one voter in the Raft config. Triggering election immediately
I0405 05:40:45.947438 1467 raft_consensus.cc:472] T 4738983f4c574127b1fdde41bc9c0591 P 3e8fb9a698764665b4082521a37740b3 [term 0 FOLLOWER]: Starting leader election (initial election of a single-replica configuration)
I0405 05:40:45.947604 1467 raft_consensus.cc:2886] T 4738983f4c574127b1fdde41bc9c0591 P 3e8fb9a698764665b4082521a37740b3 [term 0 FOLLOWER]: Advancing to term 1
I0405 05:40:45.950824 1467 raft_consensus.cc:494] T 4738983f4c574127b1fdde41bc9c0591 P 3e8fb9a698764665b4082521a37740b3 [term 1 FOLLOWER]: Starting leader election with config: opid_index: -1 OBSOLETE_local: true peers { permanent_uuid: "3e8fb9a698764665b4082521a37740b3" member_type: VOTER last_known_addr { host: "127.0.59.1" port: 34407 } }
I0405 05:40:45.951299 1467 leader_election.cc:310] T 4738983f4c574127b1fdde41bc9c0591 P 3e8fb9a698764665b4082521a37740b3 [CANDIDATE]: Term 1 election: Election decided. Result: candidate won. Election summary: received 1 responses out of 1 voters: 1 yes votes; 0 no votes. yes voters: 3e8fb9a698764665b4082521a37740b3; no voters:
I0405 05:40:45.951671 1467 leader_election.cc:296] T 4738983f4c574127b1fdde41bc9c0591 P 3e8fb9a698764665b4082521a37740b3 [CANDIDATE]: Term 1 election: Requested vote from peers
I0405 05:40:45.951782 1469 raft_consensus.cc:2640] T 4738983f4c574127b1fdde41bc9c0591 P 3e8fb9a698764665b4082521a37740b3 [term 1 FOLLOWER]: Leader election won for term 1
I0405 05:40:45.952098 1469 raft_consensus.cc:667] T 4738983f4c574127b1fdde41bc9c0591 P 3e8fb9a698764665b4082521a37740b3 [term 1 LEADER]: Becoming Leader. State: Replica: 3e8fb9a698764665b4082521a37740b3, State: Running, Role: LEADER
I0405 05:40:45.952476 1467 ts_tablet_manager.cc:1081] T 4738983f4c574127b1fdde41bc9c0591 P 3e8fb9a698764665b4082521a37740b3: Time spent starting tablet: real 0.008s user 0.008s sys 0.000s
I0405 05:40:45.952446 1469 consensus_queue.cc:206] T 4738983f4c574127b1fdde41bc9c0591 P 3e8fb9a698764665b4082521a37740b3 [LEADER]: Queue going to LEADER mode. State: All replicated index: 0, Majority replicated index: 0, Committed index: 0, Last appended: 0.0, Last appended by leader: 0, Current term: 1, Majority size: 1, State: 0, Mode: LEADER, active raft config: opid_index: -1 OBSOLETE_local: true peers { permanent_uuid: "3e8fb9a698764665b4082521a37740b3" member_type: VOTER last_known_addr { host: "127.0.59.1" port: 34407 } }
I0405 05:40:45.952884 1467 tablet_bootstrap.cc:439] T 1d17dd16c7c44c8690168e2f5b4216ad P 3e8fb9a698764665b4082521a37740b3: Bootstrap starting.
I0405 05:40:45.955624 1467 tablet_bootstrap.cc:590] T 1d17dd16c7c44c8690168e2f5b4216ad P 3e8fb9a698764665b4082521a37740b3: No blocks or log segments found. Creating new log.
I0405 05:40:45.956831 1276 catalog_manager.cc:3977] T 4738983f4c574127b1fdde41bc9c0591 P 3e8fb9a698764665b4082521a37740b3 reported cstate change: term changed from 0 to 1, leader changed from to 3e8fb9a698764665b4082521a37740b3 (127.0.59.1). New cstate: current_term: 1 leader_uuid: "3e8fb9a698764665b4082521a37740b3" committed_config { opid_index: -1 OBSOLETE_local: true peers { permanent_uuid: "3e8fb9a698764665b4082521a37740b3" member_type: VOTER last_known_addr { host: "127.0.59.1" port: 34407 } health_report { overall_health: HEALTHY } } }
I0405 05:40:45.959683 1467 tablet_bootstrap.cc:439] T 1d17dd16c7c44c8690168e2f5b4216ad P 3e8fb9a698764665b4082521a37740b3: No bootstrap required, opened a new log
I0405 05:40:45.959928 1467 ts_tablet_manager.cc:1053] T 1d17dd16c7c44c8690168e2f5b4216ad P 3e8fb9a698764665b4082521a37740b3: Time spent bootstrapping tablet: real 0.007s user 0.003s sys 0.003s
I0405 05:40:45.961283 1467 raft_consensus.cc:340] T 1d17dd16c7c44c8690168e2f5b4216ad P 3e8fb9a698764665b4082521a37740b3 [term 0 FOLLOWER]: Replica starting. Triggering 0 pending transactions. Active config: opid_index: -1 OBSOLETE_local: true peers { permanent_uuid: "3e8fb9a698764665b4082521a37740b3" member_type: VOTER last_known_addr { host: "127.0.59.1" port: 34407 } }
I0405 05:40:45.961699 1467 raft_consensus.cc:366] T 1d17dd16c7c44c8690168e2f5b4216ad P 3e8fb9a698764665b4082521a37740b3 [term 0 FOLLOWER]: Consensus starting up: Expiring failure detector timer to make a prompt election more likely
I0405 05:40:45.961910 1467 raft_consensus.cc:705] T 1d17dd16c7c44c8690168e2f5b4216ad P 3e8fb9a698764665b4082521a37740b3 [term 0 FOLLOWER]: Becoming Follower/Learner. State: Replica: 3e8fb9a698764665b4082521a37740b3, State: Initialized, Role: FOLLOWER
I0405 05:40:45.962416 1467 consensus_queue.cc:229] T 1d17dd16c7c44c8690168e2f5b4216ad P 3e8fb9a698764665b4082521a37740b3 [NON_LEADER]: Queue going to NON_LEADER mode. State: All replicated index: 0, Majority replicated index: 0, Committed index: 0, Last appended: 0.0, Last appended by leader: 0, Current term: 0, Majority size: -1, State: 0, Mode: NON_LEADER, active raft config: opid_index: -1 OBSOLETE_local: true peers { permanent_uuid: "3e8fb9a698764665b4082521a37740b3" member_type: VOTER last_known_addr { host: "127.0.59.1" port: 34407 } }
I0405 05:40:45.962906 1467 raft_consensus.cc:380] T 1d17dd16c7c44c8690168e2f5b4216ad P 3e8fb9a698764665b4082521a37740b3 [term 0 FOLLOWER]: Only one voter in the Raft config. Triggering election immediately
I0405 05:40:45.963095 1467 raft_consensus.cc:472] T 1d17dd16c7c44c8690168e2f5b4216ad P 3e8fb9a698764665b4082521a37740b3 [term 0 FOLLOWER]: Starting leader election (initial election of a single-replica configuration)
I0405 05:40:45.963310 1467 raft_consensus.cc:2886] T 1d17dd16c7c44c8690168e2f5b4216ad P 3e8fb9a698764665b4082521a37740b3 [term 0 FOLLOWER]: Advancing to term 1
I0405 05:40:45.966648 1467 raft_consensus.cc:494] T 1d17dd16c7c44c8690168e2f5b4216ad P 3e8fb9a698764665b4082521a37740b3 [term 1 FOLLOWER]: Starting leader election with config: opid_index: -1 OBSOLETE_local: true peers { permanent_uuid: "3e8fb9a698764665b4082521a37740b3" member_type: VOTER last_known_addr { host: "127.0.59.1" port: 34407 } }
I0405 05:40:45.966997 1467 leader_election.cc:310] T 1d17dd16c7c44c8690168e2f5b4216ad P 3e8fb9a698764665b4082521a37740b3 [CANDIDATE]: Term 1 election: Election decided. Result: candidate won. Election summary: received 1 responses out of 1 voters: 1 yes votes; 0 no votes. yes voters: 3e8fb9a698764665b4082521a37740b3; no voters:
I0405 05:40:45.967334 1467 leader_election.cc:296] T 1d17dd16c7c44c8690168e2f5b4216ad P 3e8fb9a698764665b4082521a37740b3 [CANDIDATE]: Term 1 election: Requested vote from peers
I0405 05:40:45.967435 1469 raft_consensus.cc:2640] T 1d17dd16c7c44c8690168e2f5b4216ad P 3e8fb9a698764665b4082521a37740b3 [term 1 FOLLOWER]: Leader election won for term 1
I0405 05:40:45.967731 1469 raft_consensus.cc:667] T 1d17dd16c7c44c8690168e2f5b4216ad P 3e8fb9a698764665b4082521a37740b3 [term 1 LEADER]: Becoming Leader. State: Replica: 3e8fb9a698764665b4082521a37740b3, State: Running, Role: LEADER
I0405 05:40:45.968050 1469 consensus_queue.cc:206] T 1d17dd16c7c44c8690168e2f5b4216ad P 3e8fb9a698764665b4082521a37740b3 [LEADER]: Queue going to LEADER mode. State: All replicated index: 0, Majority replicated index: 0, Committed index: 0, Last appended: 0.0, Last appended by leader: 0, Current term: 1, Majority size: 1, State: 0, Mode: LEADER, active raft config: opid_index: -1 OBSOLETE_local: true peers { permanent_uuid: "3e8fb9a698764665b4082521a37740b3" member_type: VOTER last_known_addr { host: "127.0.59.1" port: 34407 } }
I0405 05:40:45.968463 1467 ts_tablet_manager.cc:1081] T 1d17dd16c7c44c8690168e2f5b4216ad P 3e8fb9a698764665b4082521a37740b3: Time spent starting tablet: real 0.008s user 0.004s sys 0.004s
I0405 05:40:45.968860 1467 tablet_bootstrap.cc:439] T 1db483145cd145efa5e8c206f6643f1a P 3e8fb9a698764665b4082521a37740b3: Bootstrap starting.
I0405 05:40:45.971894 1467 tablet_bootstrap.cc:590] T 1db483145cd145efa5e8c206f6643f1a P 3e8fb9a698764665b4082521a37740b3: No blocks or log segments found. Creating new log.
I0405 05:40:45.971526 1276 catalog_manager.cc:3977] T 1d17dd16c7c44c8690168e2f5b4216ad P 3e8fb9a698764665b4082521a37740b3 reported cstate change: term changed from 0 to 1, leader changed from to 3e8fb9a698764665b4082521a37740b3 (127.0.59.1). New cstate: current_term: 1 leader_uuid: "3e8fb9a698764665b4082521a37740b3" committed_config { opid_index: -1 OBSOLETE_local: true peers { permanent_uuid: "3e8fb9a698764665b4082521a37740b3" member_type: VOTER last_known_addr { host: "127.0.59.1" port: 34407 } health_report { overall_health: HEALTHY } } }
I0405 05:40:45.976980 1467 tablet_bootstrap.cc:439] T 1db483145cd145efa5e8c206f6643f1a P 3e8fb9a698764665b4082521a37740b3: No bootstrap required, opened a new log
I0405 05:40:45.977221 1467 ts_tablet_manager.cc:1053] T 1db483145cd145efa5e8c206f6643f1a P 3e8fb9a698764665b4082521a37740b3: Time spent bootstrapping tablet: real 0.008s user 0.004s sys 0.004s
I0405 05:40:45.978248 1467 raft_consensus.cc:340] T 1db483145cd145efa5e8c206f6643f1a P 3e8fb9a698764665b4082521a37740b3 [term 0 FOLLOWER]: Replica starting. Triggering 0 pending transactions. Active config: opid_index: -1 OBSOLETE_local: true peers { permanent_uuid: "3e8fb9a698764665b4082521a37740b3" member_type: VOTER last_known_addr { host: "127.0.59.1" port: 34407 } }
I0405 05:40:45.978543 1467 raft_consensus.cc:366] T 1db483145cd145efa5e8c206f6643f1a P 3e8fb9a698764665b4082521a37740b3 [term 0 FOLLOWER]: Consensus starting up: Expiring failure detector timer to make a prompt election more likely
I0405 05:40:45.978668 1467 raft_consensus.cc:705] T 1db483145cd145efa5e8c206f6643f1a P 3e8fb9a698764665b4082521a37740b3 [term 0 FOLLOWER]: Becoming Follower/Learner. State: Replica: 3e8fb9a698764665b4082521a37740b3, State: Initialized, Role: FOLLOWER
I0405 05:40:45.978946 1467 consensus_queue.cc:229] T 1db483145cd145efa5e8c206f6643f1a P 3e8fb9a698764665b4082521a37740b3 [NON_LEADER]: Queue going to NON_LEADER mode. State: All replicated index: 0, Majority replicated index: 0, Committed index: 0, Last appended: 0.0, Last appended by leader: 0, Current term: 0, Majority size: -1, State: 0, Mode: NON_LEADER, active raft config: opid_index: -1 OBSOLETE_local: true peers { permanent_uuid: "3e8fb9a698764665b4082521a37740b3" member_type: VOTER last_known_addr { host: "127.0.59.1" port: 34407 } }
I0405 05:40:45.979264 1467 raft_consensus.cc:380] T 1db483145cd145efa5e8c206f6643f1a P 3e8fb9a698764665b4082521a37740b3 [term 0 FOLLOWER]: Only one voter in the Raft config. Triggering election immediately
I0405 05:40:45.979393 1467 raft_consensus.cc:472] T 1db483145cd145efa5e8c206f6643f1a P 3e8fb9a698764665b4082521a37740b3 [term 0 FOLLOWER]: Starting leader election (initial election of a single-replica configuration)
I0405 05:40:45.979539 1467 raft_consensus.cc:2886] T 1db483145cd145efa5e8c206f6643f1a P 3e8fb9a698764665b4082521a37740b3 [term 0 FOLLOWER]: Advancing to term 1
I0405 05:40:45.982378 1467 raft_consensus.cc:494] T 1db483145cd145efa5e8c206f6643f1a P 3e8fb9a698764665b4082521a37740b3 [term 1 FOLLOWER]: Starting leader election with config: opid_index: -1 OBSOLETE_local: true peers { permanent_uuid: "3e8fb9a698764665b4082521a37740b3" member_type: VOTER last_known_addr { host: "127.0.59.1" port: 34407 } }
I0405 05:40:45.982739 1467 leader_election.cc:310] T 1db483145cd145efa5e8c206f6643f1a P 3e8fb9a698764665b4082521a37740b3 [CANDIDATE]: Term 1 election: Election decided. Result: candidate won. Election summary: received 1 responses out of 1 voters: 1 yes votes; 0 no votes. yes voters: 3e8fb9a698764665b4082521a37740b3; no voters:
I0405 05:40:45.983062 1467 leader_election.cc:296] T 1db483145cd145efa5e8c206f6643f1a P 3e8fb9a698764665b4082521a37740b3 [CANDIDATE]: Term 1 election: Requested vote from peers
I0405 05:40:45.983166 1469 raft_consensus.cc:2640] T 1db483145cd145efa5e8c206f6643f1a P 3e8fb9a698764665b4082521a37740b3 [term 1 FOLLOWER]: Leader election won for term 1
I0405 05:40:45.983475 1469 raft_consensus.cc:667] T 1db483145cd145efa5e8c206f6643f1a P 3e8fb9a698764665b4082521a37740b3 [term 1 LEADER]: Becoming Leader. State: Replica: 3e8fb9a698764665b4082521a37740b3, State: Running, Role: LEADER
I0405 05:40:45.983983 1467 ts_tablet_manager.cc:1081] T 1db483145cd145efa5e8c206f6643f1a P 3e8fb9a698764665b4082521a37740b3: Time spent starting tablet: real 0.007s user 0.007s sys 0.000s
I0405 05:40:45.983798 1469 consensus_queue.cc:206] T 1db483145cd145efa5e8c206f6643f1a P 3e8fb9a698764665b4082521a37740b3 [LEADER]: Queue going to LEADER mode. State: All replicated index: 0, Majority replicated index: 0, Committed index: 0, Last appended: 0.0, Last appended by leader: 0, Current term: 1, Majority size: 1, State: 0, Mode: LEADER, active raft config: opid_index: -1 OBSOLETE_local: true peers { permanent_uuid: "3e8fb9a698764665b4082521a37740b3" member_type: VOTER last_known_addr { host: "127.0.59.1" port: 34407 } }
I0405 05:40:45.990028 1276 catalog_manager.cc:3977] T 1db483145cd145efa5e8c206f6643f1a P 3e8fb9a698764665b4082521a37740b3 reported cstate change: term changed from 0 to 1, leader changed from to 3e8fb9a698764665b4082521a37740b3 (127.0.59.1). New cstate: current_term: 1 leader_uuid: "3e8fb9a698764665b4082521a37740b3" committed_config { opid_index: -1 OBSOLETE_local: true peers { permanent_uuid: "3e8fb9a698764665b4082521a37740b3" member_type: VOTER last_known_addr { host: "127.0.59.1" port: 34407 } health_report { overall_health: HEALTHY } } }
I0405 05:40:46.411993 1276 catalog_manager.cc:1890] Servicing DeleteTable request from {username='slave'} at 127.0.0.1:47498: table { table_name: "default.loadgen_auto_a3236e41762041af82782d61e2842a2f" } modify_external_catalogs: true
I0405 05:40:46.420368 1276 catalog_manager.cc:4216] T 00000000000000000000000000000000 P 602375174f824d7ebda42dc5b5d0a3a2: Sending DeleteTablet for 1 replicas of tablet 4738983f4c574127b1fdde41bc9c0591
I0405 05:40:46.420688 1276 catalog_manager.cc:3379] Sending DeleteTablet(TABLET_DATA_DELETED) for tablet 4738983f4c574127b1fdde41bc9c0591 on 3e8fb9a698764665b4082521a37740b3 (127.0.59.1:34407) (Table deleted at 2019-04-05 05:40:46 UTC)
I0405 05:40:46.421025 1276 catalog_manager.cc:4216] T 00000000000000000000000000000000 P 602375174f824d7ebda42dc5b5d0a3a2: Sending DeleteTablet for 1 replicas of tablet 237cfe4bde594dc5b5d4f7642260a6e1
I0405 05:40:46.421224 1276 catalog_manager.cc:3379] Sending DeleteTablet(TABLET_DATA_DELETED) for tablet 237cfe4bde594dc5b5d4f7642260a6e1 on 3e8fb9a698764665b4082521a37740b3 (127.0.59.1:34407) (Table deleted at 2019-04-05 05:40:46 UTC)
I0405 05:40:46.421530 1276 catalog_manager.cc:4216] T 00000000000000000000000000000000 P 602375174f824d7ebda42dc5b5d0a3a2: Sending DeleteTablet for 1 replicas of tablet 34c9b96f562f44aa81208b52e2b2babd
I0405 05:40:46.421797 1276 catalog_manager.cc:3379] Sending DeleteTablet(TABLET_DATA_DELETED) for tablet 34c9b96f562f44aa81208b52e2b2babd on 3e8fb9a698764665b4082521a37740b3 (127.0.59.1:34407) (Table deleted at 2019-04-05 05:40:46 UTC)
I0405 05:40:46.421938 1376 tablet_service.cc:1047] Processing DeleteTablet for tablet 4738983f4c574127b1fdde41bc9c0591 with delete_type TABLET_DATA_DELETED (Table deleted at 2019-04-05 05:40:46 UTC) from {username='slave'} at 127.0.0.1:39190
I0405 05:40:46.422137 1276 catalog_manager.cc:4216] T 00000000000000000000000000000000 P 602375174f824d7ebda42dc5b5d0a3a2: Sending DeleteTablet for 1 replicas of tablet 1db483145cd145efa5e8c206f6643f1a
I0405 05:40:46.422130 1372 tablet_service.cc:1047] Processing DeleteTablet for tablet 237cfe4bde594dc5b5d4f7642260a6e1 with delete_type TABLET_DATA_DELETED (Table deleted at 2019-04-05 05:40:46 UTC) from {username='slave'} at 127.0.0.1:39190
I0405 05:40:46.422384 1276 catalog_manager.cc:3379] Sending DeleteTablet(TABLET_DATA_DELETED) for tablet 1db483145cd145efa5e8c206f6643f1a on 3e8fb9a698764665b4082521a37740b3 (127.0.59.1:34407) (Table deleted at 2019-04-05 05:40:46 UTC)
I0405 05:40:46.422848 1372 tablet_service.cc:1047] Processing DeleteTablet for tablet 34c9b96f562f44aa81208b52e2b2babd with delete_type TABLET_DATA_DELETED (Table deleted at 2019-04-05 05:40:46 UTC) from {username='slave'} at 127.0.0.1:39190
I0405 05:40:46.423013 1276 catalog_manager.cc:4216] T 00000000000000000000000000000000 P 602375174f824d7ebda42dc5b5d0a3a2: Sending DeleteTablet for 1 replicas of tablet b89228c0b8b64f8aa59460436a040572
I0405 05:40:46.423254 1276 catalog_manager.cc:3379] Sending DeleteTablet(TABLET_DATA_DELETED) for tablet b89228c0b8b64f8aa59460436a040572 on 3e8fb9a698764665b4082521a37740b3 (127.0.59.1:34407) (Table deleted at 2019-04-05 05:40:46 UTC)
I0405 05:40:46.423300 1379 tablet_service.cc:1047] Processing DeleteTablet for tablet 1db483145cd145efa5e8c206f6643f1a with delete_type TABLET_DATA_DELETED (Table deleted at 2019-04-05 05:40:46 UTC) from {username='slave'} at 127.0.0.1:39190
I0405 05:40:46.423498 1276 catalog_manager.cc:4216] T 00000000000000000000000000000000 P 602375174f824d7ebda42dc5b5d0a3a2: Sending DeleteTablet for 1 replicas of tablet 51136496936e44e8ab763870c232d487
I0405 05:40:46.423758 1276 catalog_manager.cc:3379] Sending DeleteTablet(TABLET_DATA_DELETED) for tablet 51136496936e44e8ab763870c232d487 on 3e8fb9a698764665b4082521a37740b3 (127.0.59.1:34407) (Table deleted at 2019-04-05 05:40:46 UTC)
I0405 05:40:46.424046 1276 catalog_manager.cc:4216] T 00000000000000000000000000000000 P 602375174f824d7ebda42dc5b5d0a3a2: Sending DeleteTablet for 1 replicas of tablet dc5edbb341cc46538c98cbc2b2034487
I0405 05:40:46.424077 1379 tablet_service.cc:1047] Processing DeleteTablet for tablet b89228c0b8b64f8aa59460436a040572 with delete_type TABLET_DATA_DELETED (Table deleted at 2019-04-05 05:40:46 UTC) from {username='slave'} at 127.0.0.1:39190
I0405 05:40:46.424299 1276 catalog_manager.cc:3379] Sending DeleteTablet(TABLET_DATA_DELETED) for tablet dc5edbb341cc46538c98cbc2b2034487 on 3e8fb9a698764665b4082521a37740b3 (127.0.59.1:34407) (Table deleted at 2019-04-05 05:40:46 UTC)
I0405 05:40:46.424769 1379 tablet_service.cc:1047] Processing DeleteTablet for tablet 51136496936e44e8ab763870c232d487 with delete_type TABLET_DATA_DELETED (Table deleted at 2019-04-05 05:40:46 UTC) from {username='slave'} at 127.0.0.1:39190
I0405 05:40:46.425220 1379 tablet_service.cc:1047] Processing DeleteTablet for tablet dc5edbb341cc46538c98cbc2b2034487 with delete_type TABLET_DATA_DELETED (Table deleted at 2019-04-05 05:40:46 UTC) from {username='slave'} at 127.0.0.1:39190
I0405 05:40:46.425882 1276 catalog_manager.cc:4216] T 00000000000000000000000000000000 P 602375174f824d7ebda42dc5b5d0a3a2: Sending DeleteTablet for 1 replicas of tablet 1d17dd16c7c44c8690168e2f5b4216ad
I0405 05:40:46.426089 1276 catalog_manager.cc:3379] Sending DeleteTablet(TABLET_DATA_DELETED) for tablet 1d17dd16c7c44c8690168e2f5b4216ad on 3e8fb9a698764665b4082521a37740b3 (127.0.59.1:34407) (Table deleted at 2019-04-05 05:40:46 UTC)
I0405 05:40:46.425695 1503 tablet_replica.cc:264] T 4738983f4c574127b1fdde41bc9c0591 P 3e8fb9a698764665b4082521a37740b3: stopping tablet replica
I0405 05:40:46.426889 1379 tablet_service.cc:1047] Processing DeleteTablet for tablet 1d17dd16c7c44c8690168e2f5b4216ad with delete_type TABLET_DATA_DELETED (Table deleted at 2019-04-05 05:40:46 UTC) from {username='slave'} at 127.0.0.1:39190
I0405 05:40:46.426911 1503 raft_consensus.cc:2143] T 4738983f4c574127b1fdde41bc9c0591 P 3e8fb9a698764665b4082521a37740b3 [term 1 LEADER]: Raft consensus shutting down.
I0405 05:40:46.427335 1503 raft_consensus.cc:2170] T 4738983f4c574127b1fdde41bc9c0591 P 3e8fb9a698764665b4082521a37740b3 [term 1 FOLLOWER]: Raft consensus is shut down!
I0405 05:40:46.430742 1503 ts_tablet_manager.cc:1377] T 4738983f4c574127b1fdde41bc9c0591 P 3e8fb9a698764665b4082521a37740b3: Deleting tablet data with delete state TABLET_DATA_DELETED
I0405 05:40:46.437870 1503 ts_tablet_manager.cc:1390] T 4738983f4c574127b1fdde41bc9c0591 P 3e8fb9a698764665b4082521a37740b3: tablet deleted with delete type TABLET_DATA_DELETED: last-logged OpId 1.3
I0405 05:40:46.438066 1503 log.cc:990] T 4738983f4c574127b1fdde41bc9c0591 P 3e8fb9a698764665b4082521a37740b3: Deleting WAL directory at /tmp/dist-test-taskvH0aH1/test-tmp/kudu-tool-test.0.ToolTest.TestLoadgenHmsEnabled.1554442812470121-236/minicluster-data/ts-0/wal/wals/4738983f4c574127b1fdde41bc9c0591
I0405 05:40:46.438611 1503 ts_tablet_manager.cc:1411] T 4738983f4c574127b1fdde41bc9c0591 P 3e8fb9a698764665b4082521a37740b3: Deleting consensus metadata
I0405 05:40:46.440325 1503 tablet_replica.cc:264] T 237cfe4bde594dc5b5d4f7642260a6e1 P 3e8fb9a698764665b4082521a37740b3: stopping tablet replica
I0405 05:40:46.440526 1259 catalog_manager.cc:3357] TS 3e8fb9a698764665b4082521a37740b3 (127.0.59.1:34407): tablet 4738983f4c574127b1fdde41bc9c0591 (table default.loadgen_auto_a3236e41762041af82782d61e2842a2f [id=8bce9b2da0ae47daa75694e0871a2a76]) successfully deleted
I0405 05:40:46.440740 1503 raft_consensus.cc:2143] T 237cfe4bde594dc5b5d4f7642260a6e1 P 3e8fb9a698764665b4082521a37740b3 [term 1 LEADER]: Raft consensus shutting down.
I0405 05:40:46.441012 1503 raft_consensus.cc:2170] T 237cfe4bde594dc5b5d4f7642260a6e1 P 3e8fb9a698764665b4082521a37740b3 [term 1 FOLLOWER]: Raft consensus is shut down!
I0405 05:40:46.443186 1503 ts_tablet_manager.cc:1377] T 237cfe4bde594dc5b5d4f7642260a6e1 P 3e8fb9a698764665b4082521a37740b3: Deleting tablet data with delete state TABLET_DATA_DELETED
I0405 05:40:46.448973 1503 ts_tablet_manager.cc:1390] T 237cfe4bde594dc5b5d4f7642260a6e1 P 3e8fb9a698764665b4082521a37740b3: tablet deleted with delete type TABLET_DATA_DELETED: last-logged OpId 1.3
I0405 05:40:46.449131 1503 log.cc:990] T 237cfe4bde594dc5b5d4f7642260a6e1 P 3e8fb9a698764665b4082521a37740b3: Deleting WAL directory at /tmp/dist-test-taskvH0aH1/test-tmp/kudu-tool-test.0.ToolTest.TestLoadgenHmsEnabled.1554442812470121-236/minicluster-data/ts-0/wal/wals/237cfe4bde594dc5b5d4f7642260a6e1
I0405 05:40:46.449544 1503 ts_tablet_manager.cc:1411] T 237cfe4bde594dc5b5d4f7642260a6e1 P 3e8fb9a698764665b4082521a37740b3: Deleting consensus metadata
I0405 05:40:46.450899 1503 tablet_replica.cc:264] T 34c9b96f562f44aa81208b52e2b2babd P 3e8fb9a698764665b4082521a37740b3: stopping tablet replica
I0405 05:40:46.451149 1259 catalog_manager.cc:3357] TS 3e8fb9a698764665b4082521a37740b3 (127.0.59.1:34407): tablet 237cfe4bde594dc5b5d4f7642260a6e1 (table default.loadgen_auto_a3236e41762041af82782d61e2842a2f [id=8bce9b2da0ae47daa75694e0871a2a76]) successfully deleted
I0405 05:40:46.451308 1503 raft_consensus.cc:2143] T 34c9b96f562f44aa81208b52e2b2babd P 3e8fb9a698764665b4082521a37740b3 [term 1 LEADER]: Raft consensus shutting down.
I0405 05:40:46.451607 1503 raft_consensus.cc:2170] T 34c9b96f562f44aa81208b52e2b2babd P 3e8fb9a698764665b4082521a37740b3 [term 1 FOLLOWER]: Raft consensus is shut down!
I0405 05:40:46.453613 1503 ts_tablet_manager.cc:1377] T 34c9b96f562f44aa81208b52e2b2babd P 3e8fb9a698764665b4082521a37740b3: Deleting tablet data with delete state TABLET_DATA_DELETED
I0405 05:40:46.459420 1503 ts_tablet_manager.cc:1390] T 34c9b96f562f44aa81208b52e2b2babd P 3e8fb9a698764665b4082521a37740b3: tablet deleted with delete type TABLET_DATA_DELETED: last-logged OpId 1.3
I0405 05:40:46.459664 1503 log.cc:990] T 34c9b96f562f44aa81208b52e2b2babd P 3e8fb9a698764665b4082521a37740b3: Deleting WAL directory at /tmp/dist-test-taskvH0aH1/test-tmp/kudu-tool-test.0.ToolTest.TestLoadgenHmsEnabled.1554442812470121-236/minicluster-data/ts-0/wal/wals/34c9b96f562f44aa81208b52e2b2babd
I0405 05:40:46.460098 1503 ts_tablet_manager.cc:1411] T 34c9b96f562f44aa81208b52e2b2babd P 3e8fb9a698764665b4082521a37740b3: Deleting consensus metadata
I0405 05:40:46.461494 1503 tablet_replica.cc:264] T 1db483145cd145efa5e8c206f6643f1a P 3e8fb9a698764665b4082521a37740b3: stopping tablet replica
I0405 05:40:46.461732 1259 catalog_manager.cc:3357] TS 3e8fb9a698764665b4082521a37740b3 (127.0.59.1:34407): tablet 34c9b96f562f44aa81208b52e2b2babd (table default.loadgen_auto_a3236e41762041af82782d61e2842a2f [id=8bce9b2da0ae47daa75694e0871a2a76]) successfully deleted
I0405 05:40:46.461906 1503 raft_consensus.cc:2143] T 1db483145cd145efa5e8c206f6643f1a P 3e8fb9a698764665b4082521a37740b3 [term 1 LEADER]: Raft consensus shutting down.
I0405 05:40:46.462177 1503 raft_consensus.cc:2170] T 1db483145cd145efa5e8c206f6643f1a P 3e8fb9a698764665b4082521a37740b3 [term 1 FOLLOWER]: Raft consensus is shut down!
I0405 05:40:46.464609 1503 ts_tablet_manager.cc:1377] T 1db483145cd145efa5e8c206f6643f1a P 3e8fb9a698764665b4082521a37740b3: Deleting tablet data with delete state TABLET_DATA_DELETED
I0405 05:40:46.470434 1503 ts_tablet_manager.cc:1390] T 1db483145cd145efa5e8c206f6643f1a P 3e8fb9a698764665b4082521a37740b3: tablet deleted with delete type TABLET_DATA_DELETED: last-logged OpId 1.3
I0405 05:40:46.470607 1503 log.cc:990] T 1db483145cd145efa5e8c206f6643f1a P 3e8fb9a698764665b4082521a37740b3: Deleting WAL directory at /tmp/dist-test-taskvH0aH1/test-tmp/kudu-tool-test.0.ToolTest.TestLoadgenHmsEnabled.1554442812470121-236/minicluster-data/ts-0/wal/wals/1db483145cd145efa5e8c206f6643f1a
I0405 05:40:46.471014 1503 ts_tablet_manager.cc:1411] T 1db483145cd145efa5e8c206f6643f1a P 3e8fb9a698764665b4082521a37740b3: Deleting consensus metadata
I0405 05:40:46.472340 1503 tablet_replica.cc:264] T b89228c0b8b64f8aa59460436a040572 P 3e8fb9a698764665b4082521a37740b3: stopping tablet replica
I0405 05:40:46.472610 1259 catalog_manager.cc:3357] TS 3e8fb9a698764665b4082521a37740b3 (127.0.59.1:34407): tablet 1db483145cd145efa5e8c206f6643f1a (table default.loadgen_auto_a3236e41762041af82782d61e2842a2f [id=8bce9b2da0ae47daa75694e0871a2a76]) successfully deleted
I0405 05:40:46.472733 1503 raft_consensus.cc:2143] T b89228c0b8b64f8aa59460436a040572 P 3e8fb9a698764665b4082521a37740b3 [term 1 LEADER]: Raft consensus shutting down.
I0405 05:40:46.472990 1503 raft_consensus.cc:2170] T b89228c0b8b64f8aa59460436a040572 P 3e8fb9a698764665b4082521a37740b3 [term 1 FOLLOWER]: Raft consensus is shut down!
I0405 05:40:46.475114 1503 ts_tablet_manager.cc:1377] T b89228c0b8b64f8aa59460436a040572 P 3e8fb9a698764665b4082521a37740b3: Deleting tablet data with delete state TABLET_DATA_DELETED
I0405 05:40:46.480777 1503 ts_tablet_manager.cc:1390] T b89228c0b8b64f8aa59460436a040572 P 3e8fb9a698764665b4082521a37740b3: tablet deleted with delete type TABLET_DATA_DELETED: last-logged OpId 1.3
I0405 05:40:46.480937 1503 log.cc:990] T b89228c0b8b64f8aa59460436a040572 P 3e8fb9a698764665b4082521a37740b3: Deleting WAL directory at /tmp/dist-test-taskvH0aH1/test-tmp/kudu-tool-test.0.ToolTest.TestLoadgenHmsEnabled.1554442812470121-236/minicluster-data/ts-0/wal/wals/b89228c0b8b64f8aa59460436a040572
I0405 05:40:46.481334 1503 ts_tablet_manager.cc:1411] T b89228c0b8b64f8aa59460436a040572 P 3e8fb9a698764665b4082521a37740b3: Deleting consensus metadata
I0405 05:40:46.482669 1503 tablet_replica.cc:264] T 51136496936e44e8ab763870c232d487 P 3e8fb9a698764665b4082521a37740b3: stopping tablet replica
I0405 05:40:46.482921 1259 catalog_manager.cc:3357] TS 3e8fb9a698764665b4082521a37740b3 (127.0.59.1:34407): tablet b89228c0b8b64f8aa59460436a040572 (table default.loadgen_auto_a3236e41762041af82782d61e2842a2f [id=8bce9b2da0ae47daa75694e0871a2a76]) successfully deleted
I0405 05:40:46.483033 1503 raft_consensus.cc:2143] T 51136496936e44e8ab763870c232d487 P 3e8fb9a698764665b4082521a37740b3 [term 1 LEADER]: Raft consensus shutting down.
I0405 05:40:46.483289 1503 raft_consensus.cc:2170] T 51136496936e44e8ab763870c232d487 P 3e8fb9a698764665b4082521a37740b3 [term 1 FOLLOWER]: Raft consensus is shut down!
I0405 05:40:46.485612 1503 ts_tablet_manager.cc:1377] T 51136496936e44e8ab763870c232d487 P 3e8fb9a698764665b4082521a37740b3: Deleting tablet data with delete state TABLET_DATA_DELETED
I0405 05:40:46.491386 1503 ts_tablet_manager.cc:1390] T 51136496936e44e8ab763870c232d487 P 3e8fb9a698764665b4082521a37740b3: tablet deleted with delete type TABLET_DATA_DELETED: last-logged OpId 1.3
I0405 05:40:46.491554 1503 log.cc:990] T 51136496936e44e8ab763870c232d487 P 3e8fb9a698764665b4082521a37740b3: Deleting WAL directory at /tmp/dist-test-taskvH0aH1/test-tmp/kudu-tool-test.0.ToolTest.TestLoadgenHmsEnabled.1554442812470121-236/minicluster-data/ts-0/wal/wals/51136496936e44e8ab763870c232d487
I0405 05:40:46.491973 1503 ts_tablet_manager.cc:1411] T 51136496936e44e8ab763870c232d487 P 3e8fb9a698764665b4082521a37740b3: Deleting consensus metadata
I0405 05:40:46.493264 1503 tablet_replica.cc:264] T dc5edbb341cc46538c98cbc2b2034487 P 3e8fb9a698764665b4082521a37740b3: stopping tablet replica
I0405 05:40:46.493527 1259 catalog_manager.cc:3357] TS 3e8fb9a698764665b4082521a37740b3 (127.0.59.1:34407): tablet 51136496936e44e8ab763870c232d487 (table default.loadgen_auto_a3236e41762041af82782d61e2842a2f [id=8bce9b2da0ae47daa75694e0871a2a76]) successfully deleted
I0405 05:40:46.493636 1503 raft_consensus.cc:2143] T dc5edbb341cc46538c98cbc2b2034487 P 3e8fb9a698764665b4082521a37740b3 [term 1 LEADER]: Raft consensus shutting down.
I0405 05:40:46.493921 1503 raft_consensus.cc:2170] T dc5edbb341cc46538c98cbc2b2034487 P 3e8fb9a698764665b4082521a37740b3 [term 1 FOLLOWER]: Raft consensus is shut down!
I0405 05:40:46.495937 1503 ts_tablet_manager.cc:1377] T dc5edbb341cc46538c98cbc2b2034487 P 3e8fb9a698764665b4082521a37740b3: Deleting tablet data with delete state TABLET_DATA_DELETED
I0405 05:40:46.501518 1503 ts_tablet_manager.cc:1390] T dc5edbb341cc46538c98cbc2b2034487 P 3e8fb9a698764665b4082521a37740b3: tablet deleted with delete type TABLET_DATA_DELETED: last-logged OpId 1.3
I0405 05:40:46.501686 1503 log.cc:990] T dc5edbb341cc46538c98cbc2b2034487 P 3e8fb9a698764665b4082521a37740b3: Deleting WAL directory at /tmp/dist-test-taskvH0aH1/test-tmp/kudu-tool-test.0.ToolTest.TestLoadgenHmsEnabled.1554442812470121-236/minicluster-data/ts-0/wal/wals/dc5edbb341cc46538c98cbc2b2034487
I0405 05:40:46.502115 1503 ts_tablet_manager.cc:1411] T dc5edbb341cc46538c98cbc2b2034487 P 3e8fb9a698764665b4082521a37740b3: Deleting consensus metadata
I0405 05:40:46.503388 1503 tablet_replica.cc:264] T 1d17dd16c7c44c8690168e2f5b4216ad P 3e8fb9a698764665b4082521a37740b3: stopping tablet replica
I0405 05:40:46.503643 1259 catalog_manager.cc:3357] TS 3e8fb9a698764665b4082521a37740b3 (127.0.59.1:34407): tablet dc5edbb341cc46538c98cbc2b2034487 (table default.loadgen_auto_a3236e41762041af82782d61e2842a2f [id=8bce9b2da0ae47daa75694e0871a2a76]) successfully deleted
I0405 05:40:46.503736 1503 raft_consensus.cc:2143] T 1d17dd16c7c44c8690168e2f5b4216ad P 3e8fb9a698764665b4082521a37740b3 [term 1 LEADER]: Raft consensus shutting down.
I0405 05:40:46.504001 1503 raft_consensus.cc:2170] T 1d17dd16c7c44c8690168e2f5b4216ad P 3e8fb9a698764665b4082521a37740b3 [term 1 FOLLOWER]: Raft consensus is shut down!
I0405 05:40:46.506083 1503 ts_tablet_manager.cc:1377] T 1d17dd16c7c44c8690168e2f5b4216ad P 3e8fb9a698764665b4082521a37740b3: Deleting tablet data with delete state TABLET_DATA_DELETED
I0405 05:40:46.511760 1503 ts_tablet_manager.cc:1390] T 1d17dd16c7c44c8690168e2f5b4216ad P 3e8fb9a698764665b4082521a37740b3: tablet deleted with delete type TABLET_DATA_DELETED: last-logged OpId 1.3
I0405 05:40:46.511924 1503 log.cc:990] T 1d17dd16c7c44c8690168e2f5b4216ad P 3e8fb9a698764665b4082521a37740b3: Deleting WAL directory at /tmp/dist-test-taskvH0aH1/test-tmp/kudu-tool-test.0.ToolTest.TestLoadgenHmsEnabled.1554442812470121-236/minicluster-data/ts-0/wal/wals/1d17dd16c7c44c8690168e2f5b4216ad
I0405 05:40:46.512326 1503 ts_tablet_manager.cc:1411] T 1d17dd16c7c44c8690168e2f5b4216ad P 3e8fb9a698764665b4082521a37740b3: Deleting consensus metadata
I0405 05:40:46.513965 1259 catalog_manager.cc:3357] TS 3e8fb9a698764665b4082521a37740b3 (127.0.59.1:34407): tablet 1d17dd16c7c44c8690168e2f5b4216ad (table default.loadgen_auto_a3236e41762041af82782d61e2842a2f [id=8bce9b2da0ae47daa75694e0871a2a76]) successfully deleted
I0405 05:40:47.453002 236 external_mini_cluster.cc:1131] Killing /tmp/dist-test-taskvH0aH1/build/tsan/bin/kudu-tserver with pid 1311
I0405 05:40:47.477048 236 external_mini_cluster.cc:1131] Killing /tmp/dist-test-taskvH0aH1/build/tsan/bin/kudu-master with pid 1249 Shutting down hive metastore. [ OK ] ToolTest.TestLoadgenHmsEnabled (16547 ms) [ RUN ] ToolTest.TestRemoteReplicaCopy
