I0403 04:30:03.441241 4375 raft_consensus.cc:340] T de3b0c305fac4d36b985d1fb4d9aaec7 P 044ea632909f48798d31d12121175e22 [term 0 FOLLOWER]: Replica starting. Triggering 0 pending transactions. Active config: opid_index: -1 OBSOLETE_local: false peers { permanent_uuid: "11450928935045a4ba6b3fe1f6abdc74" member_type: VOTER last_known_addr { host: "127.3.136.65" port: 40453 } } peers { permanent_uuid: "044ea632909f48798d31d12121175e22" member_type: VOTER last_known_addr { host: "127.3.136.68" port: 33265 } } peers { permanent_uuid: "ecedc3ab196045ee8930bad21a3ee783" member_type: VOTER last_known_addr { host: "127.3.136.66" port: 38357 } } peers { permanent_uuid: "4113b93e9c344be3b7525177662acbec" member_type: VOTER last_known_addr { host: "127.3.136.69" port: 45129 } } peers { permanent_uuid: "483a2fe0451049d7aa9c1ecf522b5f34" member_type: VOTER last_known_addr { host: "127.3.136.67" port: 42747 } }
I0403 04:30:03.441519 4375 raft_consensus.cc:366] T de3b0c305fac4d36b985d1fb4d9aaec7 P 044ea632909f48798d31d12121175e22 [term 0 FOLLOWER]: Consensus starting up: Expiring failure detector timer to make a prompt election more likely
I0403 04:30:03.441603 4375 raft_consensus.cc:705] T de3b0c305fac4d36b985d1fb4d9aaec7 P 044ea632909f48798d31d12121175e22 [term 0 FOLLOWER]: Becoming Follower/Learner. State: Replica: 044ea632909f48798d31d12121175e22, State: Initialized, Role: FOLLOWER
I0403 04:30:03.441900 4375 consensus_queue.cc:229] T de3b0c305fac4d36b985d1fb4d9aaec7 P 044ea632909f48798d31d12121175e22 [NON_LEADER]: Queue going to NON_LEADER mode. State: All replicated index: 0, Majority replicated index: 0, Committed index: 0, Last appended: 0.0, Last appended by leader: 0, Current term: 0, Majority size: -1, State: 0, Mode: NON_LEADER, active raft config: opid_index: -1 OBSOLETE_local: false peers { permanent_uuid: "11450928935045a4ba6b3fe1f6abdc74" member_type: VOTER last_known_addr { host: "127.3.136.65" port: 40453 } } peers { permanent_uuid: "044ea632909f48798d31d12121175e22" member_type: VOTER last_known_addr { host: "127.3.136.68" port: 33265 } } peers { permanent_uuid: "ecedc3ab196045ee8930bad21a3ee783" member_type: VOTER last_known_addr { host: "127.3.136.66" port: 38357 } } peers { permanent_uuid: "4113b93e9c344be3b7525177662acbec" member_type: VOTER last_known_addr { host: "127.3.136.69" port: 45129 } } peers { permanent_uuid: "483a2fe0451049d7aa9c1ecf522b5f34" member_type: VOTER last_known_addr { host: "127.3.136.67" port: 42747 } }
I0403 04:30:03.442620 4375 ts_tablet_manager.cc:1081] T de3b0c305fac4d36b985d1fb4d9aaec7 P 044ea632909f48798d31d12121175e22: Time spent starting tablet: real 0.002s user 0.002s sys 0.000s
I0403 04:30:03.473134 4383 raft_consensus.cc:472] T ecb404942614408494c7d83555d13b9c P 11450928935045a4ba6b3fe1f6abdc74 [term 0 FOLLOWER]: Starting pre-election (no leader contacted us within the election timeout)
I0403 04:30:03.473328 4383 raft_consensus.cc:494] T ecb404942614408494c7d83555d13b9c P 11450928935045a4ba6b3fe1f6abdc74 [term 0 FOLLOWER]: Starting pre-election with config: opid_index: -1 OBSOLETE_local: false peers { permanent_uuid: "ecedc3ab196045ee8930bad21a3ee783" member_type: VOTER last_known_addr { host: "127.3.136.66" port: 38357 } } peers { permanent_uuid: "044ea632909f48798d31d12121175e22" member_type: VOTER last_known_addr { host: "127.3.136.68" port: 33265 } } peers { permanent_uuid: "11450928935045a4ba6b3fe1f6abdc74" member_type: VOTER last_known_addr { host: "127.3.136.65" port: 40453 } } peers { permanent_uuid: "483a2fe0451049d7aa9c1ecf522b5f34" member_type: VOTER last_known_addr { host: "127.3.136.67" port: 42747 } } peers { permanent_uuid: "4113b93e9c344be3b7525177662acbec" member_type: VOTER last_known_addr { host: "127.3.136.69" port: 45129 } }
I0403 04:30:03.474869 4383 leader_election.cc:296] T ecb404942614408494c7d83555d13b9c P 11450928935045a4ba6b3fe1f6abdc74 [CANDIDATE]: Term 1 pre-election: Requested pre-vote from peers ecedc3ab196045ee8930bad21a3ee783 (127.3.136.66:38357), 044ea632909f48798d31d12121175e22 (127.3.136.68:33265), 483a2fe0451049d7aa9c1ecf522b5f34 (127.3.136.67:42747), 4113b93e9c344be3b7525177662acbec (127.3.136.69:45129)
W0403 04:30:03.482149 3863 tablet.cc:1786] T de3b0c305fac4d36b985d1fb4d9aaec7 P 11450928935045a4ba6b3fe1f6abdc74: Can't schedule compaction. Clean time has not been advanced past its initial value.
I0403 04:30:03.482728 4384 raft_consensus.cc:472] T ecb404942614408494c7d83555d13b9c P 483a2fe0451049d7aa9c1ecf522b5f34 [term 0 FOLLOWER]: Starting pre-election (no leader contacted us within the election timeout)
I0403 04:30:03.482949 4384 raft_consensus.cc:494] T ecb404942614408494c7d83555d13b9c P 483a2fe0451049d7aa9c1ecf522b5f34 [term 0 FOLLOWER]: Starting pre-election with config: opid_index: -1 OBSOLETE_local: false peers { permanent_uuid: "ecedc3ab196045ee8930bad21a3ee783" member_type: VOTER last_known_addr { host: "127.3.136.66" port: 38357 } } peers { permanent_uuid: "044ea632909f48798d31d12121175e22" member_type: VOTER last_known_addr { host: "127.3.136.68" port: 33265 } } peers { permanent_uuid: "11450928935045a4ba6b3fe1f6abdc74" member_type: VOTER last_known_addr { host: "127.3.136.65" port: 40453 } } peers { permanent_uuid: "483a2fe0451049d7aa9c1ecf522b5f34" member_type: VOTER last_known_addr { host: "127.3.136.67" port: 42747 } } peers { permanent_uuid: "4113b93e9c344be3b7525177662acbec" member_type: VOTER last_known_addr { host: "127.3.136.69" port: 45129 } }
W0403 04:30:03.483481 4352 tablet.cc:1786] T de3b0c305fac4d36b985d1fb4d9aaec7 P 4113b93e9c344be3b7525177662acbec: Can't schedule compaction. Clean time has not been advanced past its initial value.
W0403 04:30:03.485303 4230 tablet.cc:1786] T de3b0c305fac4d36b985d1fb4d9aaec7 P 044ea632909f48798d31d12121175e22: Can't schedule compaction. Clean time has not been advanced past its initial value.
I0403 04:30:03.484623 4384 leader_election.cc:296] T ecb404942614408494c7d83555d13b9c P 483a2fe0451049d7aa9c1ecf522b5f34 [CANDIDATE]: Term 1 pre-election: Requested pre-vote from peers ecedc3ab196045ee8930bad21a3ee783 (127.3.136.66:38357), 044ea632909f48798d31d12121175e22 (127.3.136.68:33265), 11450928935045a4ba6b3fe1f6abdc74 (127.3.136.65:40453), 4113b93e9c344be3b7525177662acbec (127.3.136.69:45129)
I0403 04:30:03.491164 4385 raft_consensus.cc:472] T de3b0c305fac4d36b985d1fb4d9aaec7 P 4113b93e9c344be3b7525177662acbec [term 0 FOLLOWER]: Starting pre-election (no leader contacted us within the election timeout)
I0403 04:30:03.491359 4385 raft_consensus.cc:494] T de3b0c305fac4d36b985d1fb4d9aaec7 P 4113b93e9c344be3b7525177662acbec [term 0 FOLLOWER]: Starting pre-election with config: opid_index: -1 OBSOLETE_local: false peers { permanent_uuid: "11450928935045a4ba6b3fe1f6abdc74" member_type: VOTER last_known_addr { host: "127.3.136.65" port: 40453 } } peers { permanent_uuid: "044ea632909f48798d31d12121175e22" member_type: VOTER last_known_addr { host: "127.3.136.68" port: 33265 } } peers { permanent_uuid: "ecedc3ab196045ee8930bad21a3ee783" member_type: VOTER last_known_addr { host: "127.3.136.66" port: 38357 } } peers { permanent_uuid: "4113b93e9c344be3b7525177662acbec" member_type: VOTER last_known_addr { host: "127.3.136.69" port: 45129 } } peers { permanent_uuid: "483a2fe0451049d7aa9c1ecf522b5f34" member_type: VOTER last_known_addr { host: "127.3.136.67" port: 42747 } }
I0403 04:30:03.492898 4385 leader_election.cc:296] T de3b0c305fac4d36b985d1fb4d9aaec7 P 4113b93e9c344be3b7525177662acbec [CANDIDATE]: Term 1 pre-election: Requested pre-vote from peers 11450928935045a4ba6b3fe1f6abdc74 (127.3.136.65:40453), 044ea632909f48798d31d12121175e22 (127.3.136.68:33265), ecedc3ab196045ee8930bad21a3ee783 (127.3.136.66:38357), 483a2fe0451049d7aa9c1ecf522b5f34 (127.3.136.67:42747)
W0403 04:30:03.495211 3986 tablet.cc:1786] T de3b0c305fac4d36b985d1fb4d9aaec7 P ecedc3ab196045ee8930bad21a3ee783: Can't schedule compaction. Clean time has not been advanced past its initial value.
W0403 04:30:03.495524 4108 tablet.cc:1786] T de3b0c305fac4d36b985d1fb4d9aaec7 P 483a2fe0451049d7aa9c1ecf522b5f34: Can't schedule compaction. Clean time has not been advanced past its initial value.
I0403 04:30:03.512915 4186 tablet_service.cc:1276] Received RequestConsensusVote() RPC: tablet_id: "ecb404942614408494c7d83555d13b9c" candidate_uuid: "483a2fe0451049d7aa9c1ecf522b5f34" candidate_term: 1 candidate_status { last_received { term: 0 index: 0 } } ignore_live_leader: false dest_uuid: "044ea632909f48798d31d12121175e22" is_pre_election: true
I0403 04:30:03.513363 4186 raft_consensus.cc:2346] T ecb404942614408494c7d83555d13b9c P 044ea632909f48798d31d12121175e22 [term 0 FOLLOWER]: Leader pre-election vote request: Granting yes vote for candidate 483a2fe0451049d7aa9c1ecf522b5f34 in term 0.
I0403 04:30:03.514235 3942 tablet_service.cc:1276] Received RequestConsensusVote() RPC: tablet_id: "ecb404942614408494c7d83555d13b9c" candidate_uuid: "483a2fe0451049d7aa9c1ecf522b5f34" candidate_term: 1 candidate_status { last_received { term: 0 index: 0 } } ignore_live_leader: false dest_uuid: "ecedc3ab196045ee8930bad21a3ee783" is_pre_election: true
I0403 04:30:03.514653 3942 raft_consensus.cc:2346] T ecb404942614408494c7d83555d13b9c P ecedc3ab196045ee8930bad21a3ee783 [term 0 FOLLOWER]: Leader pre-election vote request: Granting yes vote for candidate 483a2fe0451049d7aa9c1ecf522b5f34 in term 0.
I0403 04:30:03.515208 3997 leader_election.cc:310] T ecb404942614408494c7d83555d13b9c P 483a2fe0451049d7aa9c1ecf522b5f34 [CANDIDATE]: Term 1 pre-election: Election decided. Result: candidate won. Election summary: received 3 responses out of 5 voters: 3 yes votes; 0 no votes. yes voters: 044ea632909f48798d31d12121175e22, 483a2fe0451049d7aa9c1ecf522b5f34, ecedc3ab196045ee8930bad21a3ee783; no voters:
I0403 04:30:03.515542 4383 raft_consensus.cc:472] T de3b0c305fac4d36b985d1fb4d9aaec7 P 11450928935045a4ba6b3fe1f6abdc74 [term 0 FOLLOWER]: Starting pre-election (no leader contacted us within the election timeout)
I0403 04:30:03.515735 4384 raft_consensus.cc:2640] T ecb404942614408494c7d83555d13b9c P 483a2fe0451049d7aa9c1ecf522b5f34 [term 0 FOLLOWER]: Leader pre-election won for term 1
I0403 04:30:03.515832 4384 raft_consensus.cc:472] T ecb404942614408494c7d83555d13b9c P 483a2fe0451049d7aa9c1ecf522b5f34 [term 0 FOLLOWER]: Starting leader election (no leader contacted us within the election timeout)
I0403 04:30:03.515708 4383 raft_consensus.cc:494] T de3b0c305fac4d36b985d1fb4d9aaec7 P 11450928935045a4ba6b3fe1f6abdc74 [term 0 FOLLOWER]: Starting pre-election with config: opid_index: -1 OBSOLETE_local: false peers { permanent_uuid: "11450928935045a4ba6b3fe1f6abdc74" member_type: VOTER last_known_addr { host: "127.3.136.65" port: 40453 } } peers { permanent_uuid: "044ea632909f48798d31d12121175e22" member_type: VOTER last_known_addr { host: "127.3.136.68" port: 33265 } } peers { permanent_uuid: "ecedc3ab196045ee8930bad21a3ee783" member_type: VOTER last_known_addr { host: "127.3.136.66" port: 38357 } } peers { permanent_uuid: "4113b93e9c344be3b7525177662acbec" member_type: VOTER last_known_addr { host: "127.3.136.69" port: 45129 } } peers { permanent_uuid: "483a2fe0451049d7aa9c1ecf522b5f34" member_type: VOTER last_known_addr { host: "127.3.136.67" port: 42747 } }
I0403 04:30:03.515985 4384 raft_consensus.cc:2886] T ecb404942614408494c7d83555d13b9c P 483a2fe0451049d7aa9c1ecf522b5f34 [term 0 FOLLOWER]: Advancing to term 1
I0403 04:30:03.516957 4383 leader_election.cc:296] T de3b0c305fac4d36b985d1fb4d9aaec7 P 11450928935045a4ba6b3fe1f6abdc74 [CANDIDATE]: Term 1 pre-election: Requested pre-vote from peers 044ea632909f48798d31d12121175e22 (127.3.136.68:33265), ecedc3ab196045ee8930bad21a3ee783 (127.3.136.66:38357), 4113b93e9c344be3b7525177662acbec (127.3.136.69:45129), 483a2fe0451049d7aa9c1ecf522b5f34 (127.3.136.67:42747)
I0403 04:30:03.517184 4308 tablet_service.cc:1276] Received RequestConsensusVote() RPC: tablet_id: "ecb404942614408494c7d83555d13b9c" candidate_uuid: "483a2fe0451049d7aa9c1ecf522b5f34" candidate_term: 1 candidate_status { last_received { term: 0 index: 0 } } ignore_live_leader: false dest_uuid: "4113b93e9c344be3b7525177662acbec" is_pre_election: true
I0403 04:30:03.517566 4308 raft_consensus.cc:2346] T ecb404942614408494c7d83555d13b9c P 4113b93e9c344be3b7525177662acbec [term 0 FOLLOWER]: Leader pre-election vote request: Granting yes vote for candidate 483a2fe0451049d7aa9c1ecf522b5f34 in term 0.
I0403 04:30:03.520159 4384 raft_consensus.cc:494] T ecb404942614408494c7d83555d13b9c P 483a2fe0451049d7aa9c1ecf522b5f34 [term 1 FOLLOWER]: Starting leader election with config: opid_index: -1 OBSOLETE_local: false peers { permanent_uuid: "ecedc3ab196045ee8930bad21a3ee783" member_type: VOTER last_known_addr { host: "127.3.136.66" port: 38357 } } peers { permanent_uuid: "044ea632909f48798d31d12121175e22" member_type: VOTER last_known_addr { host: "127.3.136.68" port: 33265 } } peers { permanent_uuid: "11450928935045a4ba6b3fe1f6abdc74" member_type: VOTER last_known_addr { host: "127.3.136.65" port: 40453 } } peers { permanent_uuid: "483a2fe0451049d7aa9c1ecf522b5f34" member_type: VOTER last_known_addr { host: "127.3.136.67" port: 42747 } } peers { permanent_uuid: "4113b93e9c344be3b7525177662acbec" member_type: VOTER last_known_addr { host: "127.3.136.69" port: 45129 } }
I0403 04:30:03.521710 4384 leader_election.cc:296] T ecb404942614408494c7d83555d13b9c P 483a2fe0451049d7aa9c1ecf522b5f34 [CANDIDATE]: Term 1 election: Requested vote from peers ecedc3ab196045ee8930bad21a3ee783 (127.3.136.66:38357), 044ea632909f48798d31d12121175e22 (127.3.136.68:33265), 11450928935045a4ba6b3fe1f6abdc74 (127.3.136.65:40453), 4113b93e9c344be3b7525177662acbec (127.3.136.69:45129)
I0403 04:30:03.522356 4186 tablet_service.cc:1276] Received RequestConsensusVote() RPC: tablet_id: "ecb404942614408494c7d83555d13b9c" candidate_uuid: "483a2fe0451049d7aa9c1ecf522b5f34" candidate_term: 1 candidate_status { last_received { term: 0 index: 0 } } ignore_live_leader: false dest_uuid: "044ea632909f48798d31d12121175e22"
I0403 04:30:03.522557 4186 raft_consensus.cc:2886] T ecb404942614408494c7d83555d13b9c P 044ea632909f48798d31d12121175e22 [term 0 FOLLOWER]: Advancing to term 1
I0403 04:30:03.523929 3819 tablet_service.cc:1276] Received RequestConsensusVote() RPC: tablet_id: "ecb404942614408494c7d83555d13b9c" candidate_uuid: "483a2fe0451049d7aa9c1ecf522b5f34" candidate_term: 1 candidate_status { last_received { term: 0 index: 0 } } ignore_live_leader: false dest_uuid: "11450928935045a4ba6b3fe1f6abdc74" is_pre_election: true
I0403 04:30:03.524327 3818 tablet_service.cc:1276] Received RequestConsensusVote() RPC: tablet_id: "ecb404942614408494c7d83555d13b9c" candidate_uuid: "483a2fe0451049d7aa9c1ecf522b5f34" candidate_term: 1 candidate_status { last_received { term: 0 index: 0 } } ignore_live_leader: false dest_uuid: "11450928935045a4ba6b3fe1f6abdc74"
I0403 04:30:03.524368 3819 raft_consensus.cc:2346] T ecb404942614408494c7d83555d13b9c P 11450928935045a4ba6b3fe1f6abdc74 [term 0 FOLLOWER]: Leader pre-election vote request: Granting yes vote for candidate 483a2fe0451049d7aa9c1ecf522b5f34 in term 0.
I0403 04:30:03.525066 3818 raft_consensus.cc:2321] T ecb404942614408494c7d83555d13b9c P 11450928935045a4ba6b3fe1f6abdc74 [term 0 FOLLOWER]: Leader election vote request: Denying vote to candidate 483a2fe0451049d7aa9c1ecf522b5f34 for term 1 because replica is already servicing an update from a current leader or another vote.
I0403 04:30:03.525306 4186 raft_consensus.cc:2346] T ecb404942614408494c7d83555d13b9c P 044ea632909f48798d31d12121175e22 [term 1 FOLLOWER]: Leader election vote request: Granting yes vote for candidate 483a2fe0451049d7aa9c1ecf522b5f34 in term 1.
I0403 04:30:03.525959 3942 tablet_service.cc:1276] Received RequestConsensusVote() RPC: tablet_id: "ecb404942614408494c7d83555d13b9c" candidate_uuid: "11450928935045a4ba6b3fe1f6abdc74" candidate_term: 1 candidate_status { last_received { term: 0 index: 0 } } ignore_live_leader: false dest_uuid: "ecedc3ab196045ee8930bad21a3ee783" is_pre_election: true
I0403 04:30:03.526171 3942 raft_consensus.cc:2346] T ecb404942614408494c7d83555d13b9c P ecedc3ab196045ee8930bad21a3ee783 [term 0 FOLLOWER]: Leader pre-election vote request: Granting yes vote for candidate 11450928935045a4ba6b3fe1f6abdc74 in term 0.
I0403 04:30:03.526335 4308 tablet_service.cc:1276] Received RequestConsensusVote() RPC: tablet_id: "ecb404942614408494c7d83555d13b9c" candidate_uuid: "483a2fe0451049d7aa9c1ecf522b5f34" candidate_term: 1 candidate_status { last_received { term: 0 index: 0 } } ignore_live_leader: false dest_uuid: "4113b93e9c344be3b7525177662acbec"
I0403 04:30:03.526512 4308 raft_consensus.cc:2886] T ecb404942614408494c7d83555d13b9c P 4113b93e9c344be3b7525177662acbec [term 0 FOLLOWER]: Advancing to term 1
I0403 04:30:03.526827 3942 tablet_service.cc:1276] Received RequestConsensusVote() RPC: tablet_id: "de3b0c305fac4d36b985d1fb4d9aaec7" candidate_uuid: "11450928935045a4ba6b3fe1f6abdc74" candidate_term: 1 candidate_status { last_received { term: 0 index: 0 } } ignore_live_leader: false dest_uuid: "ecedc3ab196045ee8930bad21a3ee783" is_pre_election: true
I0403 04:30:03.526983 3942 raft_consensus.cc:2346] T de3b0c305fac4d36b985d1fb4d9aaec7 P ecedc3ab196045ee8930bad21a3ee783 [term 0 FOLLOWER]: Leader pre-election vote request: Granting yes vote for candidate 11450928935045a4ba6b3fe1f6abdc74 in term 0.
I0403 04:30:03.528720 3942 tablet_service.cc:1276] Received RequestConsensusVote() RPC: tablet_id: "ecb404942614408494c7d83555d13b9c" candidate_uuid: "483a2fe0451049d7aa9c1ecf522b5f34" candidate_term: 1 candidate_status { last_received { term: 0 index: 0 } } ignore_live_leader: false dest_uuid: "ecedc3ab196045ee8930bad21a3ee783"
I0403 04:30:03.528865 3942 raft_consensus.cc:2886] T ecb404942614408494c7d83555d13b9c P ecedc3ab196045ee8930bad21a3ee783 [term 0 FOLLOWER]: Advancing to term 1
I0403 04:30:03.530665 4186 tablet_service.cc:1276] Received RequestConsensusVote() RPC: tablet_id: "ecb404942614408494c7d83555d13b9c" candidate_uuid: "11450928935045a4ba6b3fe1f6abdc74" candidate_term: 1 candidate_status { last_received { term: 0 index: 0 } } ignore_live_leader: false dest_uuid: "044ea632909f48798d31d12121175e22" is_pre_election: true
I0403 04:30:03.530798 4185 tablet_service.cc:1276] Received RequestConsensusVote() RPC: tablet_id: "de3b0c305fac4d36b985d1fb4d9aaec7" candidate_uuid: "11450928935045a4ba6b3fe1f6abdc74" candidate_term: 1 candidate_status { last_received { term: 0 index: 0 } } ignore_live_leader: false dest_uuid: "044ea632909f48798d31d12121175e22" is_pre_election: true
I0403 04:30:03.531062 4185 raft_consensus.cc:2346] T de3b0c305fac4d36b985d1fb4d9aaec7 P 044ea632909f48798d31d12121175e22 [term 0 FOLLOWER]: Leader pre-election vote request: Granting yes vote for candidate 11450928935045a4ba6b3fe1f6abdc74 in term 0.
I0403 04:30:03.531292 4186 raft_consensus.cc:2276] T ecb404942614408494c7d83555d13b9c P 044ea632909f48798d31d12121175e22 [term 1 FOLLOWER]: Leader pre-election vote request: Denying vote to candidate 11450928935045a4ba6b3fe1f6abdc74 in current term 1: Already voted for candidate 483a2fe0451049d7aa9c1ecf522b5f34 in this term.
I0403 04:30:03.531395 3942 raft_consensus.cc:2346] T ecb404942614408494c7d83555d13b9c P ecedc3ab196045ee8930bad21a3ee783 [term 1 FOLLOWER]: Leader election vote request: Granting yes vote for candidate 483a2fe0451049d7aa9c1ecf522b5f34 in term 1.
I0403 04:30:03.531798 3997 leader_election.cc:310] T ecb404942614408494c7d83555d13b9c P 483a2fe0451049d7aa9c1ecf522b5f34 [CANDIDATE]: Term 1 election: Election decided. Result: candidate won. Election summary: received 4 responses out of 5 voters: 3 yes votes; 1 no votes. yes voters: 044ea632909f48798d31d12121175e22, 483a2fe0451049d7aa9c1ecf522b5f34, ecedc3ab196045ee8930bad21a3ee783; no voters: 11450928935045a4ba6b3fe1f6abdc74
I0403 04:30:03.531709 3753 leader_election.cc:310] T de3b0c305fac4d36b985d1fb4d9aaec7 P 11450928935045a4ba6b3fe1f6abdc74 [CANDIDATE]: Term 1 pre-election: Election decided. Result: candidate won. Election summary: received 3 responses out of 5 voters: 3 yes votes; 0 no votes. yes voters: 044ea632909f48798d31d12121175e22, 11450928935045a4ba6b3fe1f6abdc74, ecedc3ab196045ee8930bad21a3ee783; no voters:
I0403 04:30:03.532155 4384 raft_consensus.cc:2640] T ecb404942614408494c7d83555d13b9c P 483a2fe0451049d7aa9c1ecf522b5f34 [term 1 FOLLOWER]: Leader election won for term 1
I0403 04:30:03.532251 4383 raft_consensus.cc:2640] T de3b0c305fac4d36b985d1fb4d9aaec7 P 11450928935045a4ba6b3fe1f6abdc74 [term 0 FOLLOWER]: Leader pre-election won for term 1
I0403 04:30:03.532343 4383 raft_consensus.cc:472] T de3b0c305fac4d36b985d1fb4d9aaec7 P 11450928935045a4ba6b3fe1f6abdc74 [term 0 FOLLOWER]: Starting leader election (no leader contacted us within the election timeout)
I0403 04:30:03.532426 4383 raft_consensus.cc:2886] T de3b0c305fac4d36b985d1fb4d9aaec7 P 11450928935045a4ba6b3fe1f6abdc74 [term 0 FOLLOWER]: Advancing to term 1
I0403 04:30:03.533073 4384 raft_consensus.cc:667] T ecb404942614408494c7d83555d13b9c P 483a2fe0451049d7aa9c1ecf522b5f34 [term 1 LEADER]: Becoming Leader. State: Replica: 483a2fe0451049d7aa9c1ecf522b5f34, State: Running, Role: LEADER
I0403 04:30:03.533512 4384 consensus_queue.cc:206] T ecb404942614408494c7d83555d13b9c P 483a2fe0451049d7aa9c1ecf522b5f34 [LEADER]: Queue going to LEADER mode. State: All replicated index: 0, Majority replicated index: 0, Committed index: 0, Last appended: 0.0, Last appended by leader: 0, Current term: 1, Majority size: 3, State: 0, Mode: LEADER, active raft config: opid_index: -1 OBSOLETE_local: false peers { permanent_uuid: "ecedc3ab196045ee8930bad21a3ee783" member_type: VOTER last_known_addr { host: "127.3.136.66" port: 38357 } } peers { permanent_uuid: "044ea632909f48798d31d12121175e22" member_type: VOTER last_known_addr { host: "127.3.136.68" port: 33265 } } peers { permanent_uuid: "11450928935045a4ba6b3fe1f6abdc74" member_type: VOTER last_known_addr { host: "127.3.136.65" port: 40453 } } peers { permanent_uuid: "483a2fe0451049d7aa9c1ecf522b5f34" member_type: VOTER last_known_addr { host: "127.3.136.67" port: 42747 } } peers { permanent_uuid: "4113b93e9c344be3b7525177662acbec" member_type: VOTER last_known_addr { host: "127.3.136.69" port: 45129 } }
I0403 04:30:03.535171 4308 raft_consensus.cc:2346] T ecb404942614408494c7d83555d13b9c P 4113b93e9c344be3b7525177662acbec [term 1 FOLLOWER]: Leader election vote request: Granting yes vote for candidate 483a2fe0451049d7aa9c1ecf522b5f34 in term 1.
I0403 04:30:03.535967 4186 tablet_service.cc:1276] Received RequestConsensusVote() RPC: tablet_id: "de3b0c305fac4d36b985d1fb4d9aaec7" candidate_uuid: "4113b93e9c344be3b7525177662acbec" candidate_term: 1 candidate_status { last_received { term: 0 index: 0 } } ignore_live_leader: false dest_uuid: "044ea632909f48798d31d12121175e22" is_pre_election: true
I0403 04:30:03.536164 4186 raft_consensus.cc:2346] T de3b0c305fac4d36b985d1fb4d9aaec7 P 044ea632909f48798d31d12121175e22 [term 0 FOLLOWER]: Leader pre-election vote request: Granting yes vote for candidate 4113b93e9c344be3b7525177662acbec in term 0.
I0403 04:30:03.536123 4383 raft_consensus.cc:494] T de3b0c305fac4d36b985d1fb4d9aaec7 P 11450928935045a4ba6b3fe1f6abdc74 [term 1 FOLLOWER]: Starting leader election with config: opid_index: -1 OBSOLETE_local: false peers { permanent_uuid: "11450928935045a4ba6b3fe1f6abdc74" member_type: VOTER last_known_addr { host: "127.3.136.65" port: 40453 } } peers { permanent_uuid: "044ea632909f48798d31d12121175e22" member_type: VOTER last_known_addr { host: "127.3.136.68" port: 33265 } } peers { permanent_uuid: "ecedc3ab196045ee8930bad21a3ee783" member_type: VOTER last_known_addr { host: "127.3.136.66" port: 38357 } } peers { permanent_uuid: "4113b93e9c344be3b7525177662acbec" member_type: VOTER last_known_addr { host: "127.3.136.69" port: 45129 } } peers { permanent_uuid: "483a2fe0451049d7aa9c1ecf522b5f34" member_type: VOTER last_known_addr { host: "127.3.136.67" port: 42747 } }
I0403 04:30:03.537221 4383 leader_election.cc:296] T de3b0c305fac4d36b985d1fb4d9aaec7 P 11450928935045a4ba6b3fe1f6abdc74 [CANDIDATE]: Term 1 election: Requested vote from peers 044ea632909f48798d31d12121175e22 (127.3.136.68:33265), ecedc3ab196045ee8930bad21a3ee783 (127.3.136.66:38357), 4113b93e9c344be3b7525177662acbec (127.3.136.69:45129), 483a2fe0451049d7aa9c1ecf522b5f34 (127.3.136.67:42747)
I0403 04:30:03.537245 4186 tablet_service.cc:1276] Received RequestConsensusVote() RPC: tablet_id: "de3b0c305fac4d36b985d1fb4d9aaec7" candidate_uuid: "11450928935045a4ba6b3fe1f6abdc74" candidate_term: 1 candidate_status { last_received { term: 0 index: 0 } } ignore_live_leader: false dest_uuid: "044ea632909f48798d31d12121175e22"
I0403 04:30:03.537405 4186 raft_consensus.cc:2886] T de3b0c305fac4d36b985d1fb4d9aaec7 P 044ea632909f48798d31d12121175e22 [term 0 FOLLOWER]: Advancing to term 1
I0403 04:30:03.538008 3942 tablet_service.cc:1276] Received RequestConsensusVote() RPC: tablet_id: "de3b0c305fac4d36b985d1fb4d9aaec7" candidate_uuid: "11450928935045a4ba6b3fe1f6abdc74" candidate_term: 1 candidate_status { last_received { term: 0 index: 0 } } ignore_live_leader: false dest_uuid: "ecedc3ab196045ee8930bad21a3ee783"
I0403 04:30:03.538235 3942 raft_consensus.cc:2886] T de3b0c305fac4d36b985d1fb4d9aaec7 P ecedc3ab196045ee8930bad21a3ee783 [term 0 FOLLOWER]: Advancing to term 1
I0403 04:30:03.539743 4186 raft_consensus.cc:2346] T de3b0c305fac4d36b985d1fb4d9aaec7 P 044ea632909f48798d31d12121175e22 [term 1 FOLLOWER]: Leader election vote request: Granting yes vote for candidate 11450928935045a4ba6b3fe1f6abdc74 in term 1.
I0403 04:30:03.540591 3942 raft_consensus.cc:2346] T de3b0c305fac4d36b985d1fb4d9aaec7 P ecedc3ab196045ee8930bad21a3ee783 [term 1 FOLLOWER]: Leader election vote request: Granting yes vote for candidate 11450928935045a4ba6b3fe1f6abdc74 in term 1.
I0403 04:30:03.542001 4064 tablet_service.cc:1276] Received RequestConsensusVote() RPC: tablet_id: "ecb404942614408494c7d83555d13b9c" candidate_uuid: "11450928935045a4ba6b3fe1f6abdc74" candidate_term: 1 candidate_status { last_received { term: 0 index: 0 } } ignore_live_leader: false dest_uuid: "483a2fe0451049d7aa9c1ecf522b5f34" is_pre_election: true
I0403 04:30:03.543056 4063 tablet_service.cc:1276] Received RequestConsensusVote() RPC: tablet_id: "de3b0c305fac4d36b985d1fb4d9aaec7" candidate_uuid: "11450928935045a4ba6b3fe1f6abdc74" candidate_term: 1 candidate_status { last_received { term: 0 index: 0 } } ignore_live_leader: false dest_uuid: "483a2fe0451049d7aa9c1ecf522b5f34" is_pre_election: true
I0403 04:30:03.543161 3752 leader_election.cc:310] T de3b0c305fac4d36b985d1fb4d9aaec7 P 11450928935045a4ba6b3fe1f6abdc74 [CANDIDATE]: Term 1 election: Election decided. Result: candidate won. Election summary: received 3 responses out of 5 voters: 3 yes votes; 0 no votes. yes voters: 044ea632909f48798d31d12121175e22, 11450928935045a4ba6b3fe1f6abdc74, ecedc3ab196045ee8930bad21a3ee783; no voters:
I0403 04:30:03.543360 4063 raft_consensus.cc:2346] T de3b0c305fac4d36b985d1fb4d9aaec7 P 483a2fe0451049d7aa9c1ecf522b5f34 [term 0 FOLLOWER]: Leader pre-election vote request: Granting yes vote for candidate 11450928935045a4ba6b3fe1f6abdc74 in term 0.
I0403 04:30:03.543663 4383 raft_consensus.cc:2640] T de3b0c305fac4d36b985d1fb4d9aaec7 P 11450928935045a4ba6b3fe1f6abdc74 [term 1 FOLLOWER]: Leader election won for term 1
I0403 04:30:03.543889 4062 tablet_service.cc:1276] Received RequestConsensusVote() RPC: tablet_id: "de3b0c305fac4d36b985d1fb4d9aaec7" candidate_uuid: "11450928935045a4ba6b3fe1f6abdc74" candidate_term: 1 candidate_status { last_received { term: 0 index: 0 } } ignore_live_leader: false dest_uuid: "483a2fe0451049d7aa9c1ecf522b5f34"
I0403 04:30:03.544118 4062 raft_consensus.cc:2886] T de3b0c305fac4d36b985d1fb4d9aaec7 P 483a2fe0451049d7aa9c1ecf522b5f34 [term 0 FOLLOWER]: Advancing to term 1
I0403 04:30:03.544281 3818 tablet_service.cc:1276] Received RequestConsensusVote() RPC: tablet_id: "de3b0c305fac4d36b985d1fb4d9aaec7" candidate_uuid: "4113b93e9c344be3b7525177662acbec" candidate_term: 1 candidate_status { last_received { term: 0 index: 0 } } ignore_live_leader: false dest_uuid: "11450928935045a4ba6b3fe1f6abdc74" is_pre_election: true
I0403 04:30:03.544546 4383 raft_consensus.cc:667] T de3b0c305fac4d36b985d1fb4d9aaec7 P 11450928935045a4ba6b3fe1f6abdc74 [term 1 LEADER]: Becoming Leader. State: Replica: 11450928935045a4ba6b3fe1f6abdc74, State: Running, Role: LEADER
I0403 04:30:03.544920 4308 tablet_service.cc:1276] Received RequestConsensusVote() RPC: tablet_id: "ecb404942614408494c7d83555d13b9c" candidate_uuid: "11450928935045a4ba6b3fe1f6abdc74" candidate_term: 1 candidate_status { last_received { term: 0 index: 0 } } ignore_live_leader: false dest_uuid: "4113b93e9c344be3b7525177662acbec" is_pre_election: true
I0403 04:30:03.545145 4308 raft_consensus.cc:2276] T ecb404942614408494c7d83555d13b9c P 4113b93e9c344be3b7525177662acbec [term 1 FOLLOWER]: Leader pre-election vote request: Denying vote to candidate 11450928935045a4ba6b3fe1f6abdc74 in current term 1: Already voted for candidate 483a2fe0451049d7aa9c1ecf522b5f34 in this term.
I0403 04:30:03.544962 4383 consensus_queue.cc:206] T de3b0c305fac4d36b985d1fb4d9aaec7 P 11450928935045a4ba6b3fe1f6abdc74 [LEADER]: Queue going to LEADER mode. State: All replicated index: 0, Majority replicated index: 0, Committed index: 0, Last appended: 0.0, Last appended by leader: 0, Current term: 1, Majority size: 3, State: 0, Mode: LEADER, active raft config: opid_index: -1 OBSOLETE_local: false peers { permanent_uuid: "11450928935045a4ba6b3fe1f6abdc74" member_type: VOTER last_known_addr { host: "127.3.136.65" port: 40453 } } peers { permanent_uuid: "044ea632909f48798d31d12121175e22" member_type: VOTER last_known_addr { host: "127.3.136.68" port: 33265 } } peers { permanent_uuid: "ecedc3ab196045ee8930bad21a3ee783" member_type: VOTER last_known_addr { host: "127.3.136.66" port: 38357 } } peers { permanent_uuid: "4113b93e9c344be3b7525177662acbec" member_type: VOTER last_known_addr { host: "127.3.136.69" port: 45129 } } peers { permanent_uuid: "483a2fe0451049d7aa9c1ecf522b5f34" member_type: VOTER last_known_addr { host: "127.3.136.67" port: 42747 } }
I0403 04:30:03.546022 4308 tablet_service.cc:1276] Received RequestConsensusVote() RPC: tablet_id: "de3b0c305fac4d36b985d1fb4d9aaec7" candidate_uuid: "11450928935045a4ba6b3fe1f6abdc74" candidate_term: 1 candidate_status { last_received { term: 0 index: 0 } } ignore_live_leader: false dest_uuid: "4113b93e9c344be3b7525177662acbec" is_pre_election: true
I0403 04:30:03.546227 4308 raft_consensus.cc:2346] T de3b0c305fac4d36b985d1fb4d9aaec7 P 4113b93e9c344be3b7525177662acbec [term 0 FOLLOWER]: Leader pre-election vote request: Granting yes vote for candidate 11450928935045a4ba6b3fe1f6abdc74 in term 0.
I0403 04:30:03.547019 4308 tablet_service.cc:1276] Received RequestConsensusVote() RPC: tablet_id: "de3b0c305fac4d36b985d1fb4d9aaec7" candidate_uuid: "11450928935045a4ba6b3fe1f6abdc74" candidate_term: 1 candidate_status { last_received { term: 0 index: 0 } } ignore_live_leader: false dest_uuid: "4113b93e9c344be3b7525177662acbec"
I0403 04:30:03.547202 4308 raft_consensus.cc:2886] T de3b0c305fac4d36b985d1fb4d9aaec7 P 4113b93e9c344be3b7525177662acbec [term 0 FOLLOWER]: Advancing to term 1
I0403 04:30:03.547510 4062 raft_consensus.cc:2346] T de3b0c305fac4d36b985d1fb4d9aaec7 P 483a2fe0451049d7aa9c1ecf522b5f34 [term 1 FOLLOWER]: Leader election vote request: Granting yes vote for candidate 11450928935045a4ba6b3fe1f6abdc74 in term 1.
I0403 04:30:03.549356 3818 raft_consensus.cc:2307] T de3b0c305fac4d36b985d1fb4d9aaec7 P 11450928935045a4ba6b3fe1f6abdc74 [term 1 LEADER]: Leader pre-election vote request: Denying vote to candidate 4113b93e9c344be3b7525177662acbec for term 1 because replica is either leader or believes a valid leader to be alive.
I0403 04:30:03.549685 4308 raft_consensus.cc:2346] T de3b0c305fac4d36b985d1fb4d9aaec7 P 4113b93e9c344be3b7525177662acbec [term 1 FOLLOWER]: Leader election vote request: Granting yes vote for candidate 11450928935045a4ba6b3fe1f6abdc74 in term 1.
I0403 04:30:03.550237 4064 raft_consensus.cc:2307] T ecb404942614408494c7d83555d13b9c P 483a2fe0451049d7aa9c1ecf522b5f34 [term 1 LEADER]: Leader pre-election vote request: Denying vote to candidate 11450928935045a4ba6b3fe1f6abdc74 for term 1 because replica is either leader or believes a valid leader to be alive.
I0403 04:30:03.551192 3753 leader_election.cc:310] T ecb404942614408494c7d83555d13b9c P 11450928935045a4ba6b3fe1f6abdc74 [CANDIDATE]: Term 1 pre-election: Election decided. Result: candidate lost. Election summary: received 5 responses out of 5 voters: 2 yes votes; 3 no votes. yes voters: 11450928935045a4ba6b3fe1f6abdc74, ecedc3ab196045ee8930bad21a3ee783; no voters: 044ea632909f48798d31d12121175e22, 4113b93e9c344be3b7525177662acbec, 483a2fe0451049d7aa9c1ecf522b5f34
I0403 04:30:03.551625 4383 raft_consensus.cc:2886] T ecb404942614408494c7d83555d13b9c P 11450928935045a4ba6b3fe1f6abdc74 [term 0 FOLLOWER]: Advancing to term 1
I0403 04:30:03.551072 3696 catalog_manager.cc:3977] T de3b0c305fac4d36b985d1fb4d9aaec7 P 11450928935045a4ba6b3fe1f6abdc74 reported cstate change: term changed from 0 to 1, leader changed from to 11450928935045a4ba6b3fe1f6abdc74 (127.3.136.65). New cstate: current_term: 1 leader_uuid: "11450928935045a4ba6b3fe1f6abdc74" committed_config { opid_index: -1 OBSOLETE_local: false peers { permanent_uuid: "11450928935045a4ba6b3fe1f6abdc74" member_type: VOTER last_known_addr { host: "127.3.136.65" port: 40453 } health_report { overall_health: HEALTHY } } peers { permanent_uuid: "044ea632909f48798d31d12121175e22" member_type: VOTER last_known_addr { host: "127.3.136.68" port: 33265 } health_report { overall_health: UNKNOWN } } peers { permanent_uuid: "ecedc3ab196045ee8930bad21a3ee783" member_type: VOTER last_known_addr { host: "127.3.136.66" port: 38357 } health_report { overall_health: UNKNOWN } } peers { permanent_uuid: "4113b93e9c344be3b7525177662acbec" member_type: VOTER last_known_addr { host: "127.3.136.69" port: 45129 } health_report { overall_health: UNKNOWN } } peers { permanent_uuid: "483a2fe0451049d7aa9c1ecf522b5f34" member_type: VOTER last_known_addr { host: "127.3.136.67" port: 42747 } health_report { overall_health: UNKNOWN } } }
I0403 04:30:03.552950 3697 catalog_manager.cc:3977] T ecb404942614408494c7d83555d13b9c P 483a2fe0451049d7aa9c1ecf522b5f34 reported cstate change: term changed from 0 to 1, leader changed from to 483a2fe0451049d7aa9c1ecf522b5f34 (127.3.136.67). New cstate: current_term: 1 leader_uuid: "483a2fe0451049d7aa9c1ecf522b5f34" committed_config { opid_index: -1 OBSOLETE_local: false peers { permanent_uuid: "ecedc3ab196045ee8930bad21a3ee783" member_type: VOTER last_known_addr { host: "127.3.136.66" port: 38357 } health_report { overall_health: UNKNOWN } } peers { permanent_uuid: "044ea632909f48798d31d12121175e22" member_type: VOTER last_known_addr { host: "127.3.136.68" port: 33265 } health_report { overall_health: UNKNOWN } } peers { permanent_uuid: "11450928935045a4ba6b3fe1f6abdc74" member_type: VOTER last_known_addr { host: "127.3.136.65" port: 40453 } health_report { overall_health: UNKNOWN } } peers { permanent_uuid: "483a2fe0451049d7aa9c1ecf522b5f34" member_type: VOTER last_known_addr { host: "127.3.136.67" port: 42747 } health_report { overall_health: HEALTHY } } peers { permanent_uuid: "4113b93e9c344be3b7525177662acbec" member_type: VOTER last_known_addr { host: "127.3.136.69" port: 45129 } health_report { overall_health: UNKNOWN } } }
I0403 04:30:03.553936 4383 raft_consensus.cc:2588] T ecb404942614408494c7d83555d13b9c P 11450928935045a4ba6b3fe1f6abdc74 [term 1 FOLLOWER]: Leader pre-election lost for term 1. Reason: could not achieve majority
I0403 04:30:03.556416 3942 tablet_service.cc:1276] Received RequestConsensusVote() RPC: tablet_id: "de3b0c305fac4d36b985d1fb4d9aaec7" candidate_uuid: "4113b93e9c344be3b7525177662acbec" candidate_term: 1 candidate_status { last_received { term: 0 index: 0 } } ignore_live_leader: false dest_uuid: "ecedc3ab196045ee8930bad21a3ee783" is_pre_election: true
I0403 04:30:03.556614 3942 raft_consensus.cc:2276] T de3b0c305fac4d36b985d1fb4d9aaec7 P ecedc3ab196045ee8930bad21a3ee783 [term 1 FOLLOWER]: Leader pre-election vote request: Denying vote to candidate 4113b93e9c344be3b7525177662acbec in current term 1: Already voted for candidate 11450928935045a4ba6b3fe1f6abdc74 in this term.
I0403 04:30:03.559082 4064 tablet_service.cc:1276] Received RequestConsensusVote() RPC: tablet_id: "de3b0c305fac4d36b985d1fb4d9aaec7" candidate_uuid: "4113b93e9c344be3b7525177662acbec" candidate_term: 1 candidate_status { last_received { term: 0 index: 0 } } ignore_live_leader: false dest_uuid: "483a2fe0451049d7aa9c1ecf522b5f34" is_pre_election: true
I0403 04:30:03.559257 4064 raft_consensus.cc:2276] T de3b0c305fac4d36b985d1fb4d9aaec7 P 483a2fe0451049d7aa9c1ecf522b5f34 [term 1 FOLLOWER]: Leader pre-election vote request: Denying vote to candidate 4113b93e9c344be3b7525177662acbec in current term 1: Already voted for candidate 11450928935045a4ba6b3fe1f6abdc74 in this term.
I0403 04:30:03.559656 4242 leader_election.cc:310] T de3b0c305fac4d36b985d1fb4d9aaec7 P 4113b93e9c344be3b7525177662acbec [CANDIDATE]: Term 1 pre-election: Election decided. Result: candidate lost. Election summary: received 5 responses out of 5 voters: 2 yes votes; 3 no votes. yes voters: 044ea632909f48798d31d12121175e22, 4113b93e9c344be3b7525177662acbec; no voters: 11450928935045a4ba6b3fe1f6abdc74, 483a2fe0451049d7aa9c1ecf522b5f34, ecedc3ab196045ee8930bad21a3ee783
I0403 04:30:03.560014 4385 raft_consensus.cc:2588] T de3b0c305fac4d36b985d1fb4d9aaec7 P 4113b93e9c344be3b7525177662acbec [term 1 FOLLOWER]: Leader pre-election lost for term 1. Reason: could not achieve majority
W0403 04:30:03.837361 4411 flags.cc:406] Enabled unsafe flag: --never_fsync=true Using table 'bench_auto_flush_background_random'
I0403 04:30:03.905268 3818 raft_consensus.cc:1181] T ecb404942614408494c7d83555d13b9c P 11450928935045a4ba6b3fe1f6abdc74 [term 1 FOLLOWER]: Refusing update from remote peer 483a2fe0451049d7aa9c1ecf522b5f34: Log matching property violated. Preceding OpId in replica: term: 0 index: 0. Preceding OpId from leader: term: 1 index: 2. (index mismatch)
I0403 04:30:03.905395 4308 raft_consensus.cc:1181] T ecb404942614408494c7d83555d13b9c P 4113b93e9c344be3b7525177662acbec [term 1 FOLLOWER]: Refusing update from remote peer 483a2fe0451049d7aa9c1ecf522b5f34: Log matching property violated. Preceding OpId in replica: term: 0 index: 0. Preceding OpId from leader: term: 1 index: 2. (index mismatch)
I0403 04:30:03.906050 4064 raft_consensus.cc:1181] T de3b0c305fac4d36b985d1fb4d9aaec7 P 483a2fe0451049d7aa9c1ecf522b5f34 [term 1 FOLLOWER]: Refusing update from remote peer 11450928935045a4ba6b3fe1f6abdc74: Log matching property violated. Preceding OpId in replica: term: 0 index: 0. Preceding OpId from leader: term: 1 index: 2. (index mismatch)
I0403 04:30:03.906172 3942 raft_consensus.cc:1181] T de3b0c305fac4d36b985d1fb4d9aaec7 P ecedc3ab196045ee8930bad21a3ee783 [term 1 FOLLOWER]: Refusing update from remote peer 11450928935045a4ba6b3fe1f6abdc74: Log matching property violated. Preceding OpId in replica: term: 0 index: 0. Preceding OpId from leader: term: 1 index: 2. (index mismatch)
I0403 04:30:03.906396 4384 consensus_queue.cc:984] T ecb404942614408494c7d83555d13b9c P 483a2fe0451049d7aa9c1ecf522b5f34 [LEADER]: Connected to new peer: Peer: permanent_uuid: "11450928935045a4ba6b3fe1f6abdc74" member_type: VOTER last_known_addr { host: "127.3.136.65" port: 40453 }, Status: LMP_MISMATCH, Last received: 0.0, Next index: 1, Last known committed idx: 0, Time since last communication: 0.000s
I0403 04:30:03.907080 4308 raft_consensus.cc:1181] T de3b0c305fac4d36b985d1fb4d9aaec7 P 4113b93e9c344be3b7525177662acbec [term 1 FOLLOWER]: Refusing update from remote peer 11450928935045a4ba6b3fe1f6abdc74: Log matching property violated. Preceding OpId in replica: term: 0 index: 0. Preceding OpId from leader: term: 1 index: 2. (index mismatch)
I0403 04:30:03.907027 4384 consensus_queue.cc:984] T ecb404942614408494c7d83555d13b9c P 483a2fe0451049d7aa9c1ecf522b5f34 [LEADER]: Connected to new peer: Peer: permanent_uuid: "4113b93e9c344be3b7525177662acbec" member_type: VOTER last_known_addr { host: "127.3.136.69" port: 45129 }, Status: LMP_MISMATCH, Last received: 0.0, Next index: 1, Last known committed idx: 0, Time since last communication: 0.000s
I0403 04:30:03.906976 4409 consensus_queue.cc:984] T de3b0c305fac4d36b985d1fb4d9aaec7 P 11450928935045a4ba6b3fe1f6abdc74 [LEADER]: Connected to new peer: Peer: permanent_uuid: "483a2fe0451049d7aa9c1ecf522b5f34" member_type: VOTER last_known_addr { host: "127.3.136.67" port: 42747 }, Status: LMP_MISMATCH, Last received: 0.0, Next index: 1, Last known committed idx: 0, Time since last communication: 0.000s
I0403 04:30:03.907682 4409 consensus_queue.cc:984] T de3b0c305fac4d36b985d1fb4d9aaec7 P 11450928935045a4ba6b3fe1f6abdc74 [LEADER]: Connected to new peer: Peer: permanent_uuid: "ecedc3ab196045ee8930bad21a3ee783" member_type: VOTER last_known_addr { host: "127.3.136.66" port: 38357 }, Status: LMP_MISMATCH, Last received: 0.0, Next index: 1, Last known committed idx: 0, Time since last communication: 0.000s
I0403 04:30:03.907794 4186 raft_consensus.cc:1181] T de3b0c305fac4d36b985d1fb4d9aaec7 P 044ea632909f48798d31d12121175e22 [term 1 FOLLOWER]: Refusing update from remote peer 11450928935045a4ba6b3fe1f6abdc74: Log matching property violated. Preceding OpId in replica: term: 0 index: 0. Preceding OpId from leader: term: 1 index: 2. (index mismatch)
I0403 04:30:03.907999 4409 consensus_queue.cc:984] T de3b0c305fac4d36b985d1fb4d9aaec7 P 11450928935045a4ba6b3fe1f6abdc74 [LEADER]: Connected to new peer: Peer: permanent_uuid: "4113b93e9c344be3b7525177662acbec" member_type: VOTER last_known_addr { host: "127.3.136.69" port: 45129 }, Status: LMP_MISMATCH, Last received: 0.0, Next index: 1, Last known committed idx: 0, Time since last communication: 0.000s
I0403 04:30:03.908674 4428 consensus_queue.cc:984] T de3b0c305fac4d36b985d1fb4d9aaec7 P 11450928935045a4ba6b3fe1f6abdc74 [LEADER]: Connected to new peer: Peer: permanent_uuid: "044ea632909f48798d31d12121175e22" member_type: VOTER last_known_addr { host: "127.3.136.68" port: 33265 }, Status: LMP_MISMATCH, Last received: 0.0, Next index: 1, Last known committed idx: 0, Time since last communication: 0.000s
I0403 04:30:03.909818 3942 raft_consensus.cc:1181] T ecb404942614408494c7d83555d13b9c P ecedc3ab196045ee8930bad21a3ee783 [term 1 FOLLOWER]: Refusing update from remote peer 483a2fe0451049d7aa9c1ecf522b5f34: Log matching property violated. Preceding OpId in replica: term: 0 index: 0. Preceding OpId from leader: term: 1 index: 2. (index mismatch)
I0403 04:30:03.911046 4407 consensus_queue.cc:984] T ecb404942614408494c7d83555d13b9c P 483a2fe0451049d7aa9c1ecf522b5f34 [LEADER]: Connected to new peer: Peer: permanent_uuid: "ecedc3ab196045ee8930bad21a3ee783" member_type: VOTER last_known_addr { host: "127.3.136.66" port: 38357 }, Status: LMP_MISMATCH, Last received: 0.0, Next index: 1, Last known committed idx: 0, Time since last communication: 0.000s
I0403 04:30:03.912302 4186 raft_consensus.cc:1181] T ecb404942614408494c7d83555d13b9c P 044ea632909f48798d31d12121175e22 [term 1 FOLLOWER]: Refusing update from remote peer 483a2fe0451049d7aa9c1ecf522b5f34: Log matching property violated. Preceding OpId in replica: term: 0 index: 0. Preceding OpId from leader: term: 1 index: 2. (index mismatch)
I0403 04:30:03.916237 4427 consensus_queue.cc:984] T ecb404942614408494c7d83555d13b9c P 483a2fe0451049d7aa9c1ecf522b5f34 [LEADER]: Connected to new peer: Peer: permanent_uuid: "044ea632909f48798d31d12121175e22" member_type: VOTER last_known_addr { host: "127.3.136.68" port: 33265 }, Status: LMP_MISMATCH, Last received: 0.0, Next index: 1, Last known committed idx: 0, Time since last communication: 0.000s
I0403 04:30:03.942888 4426 mvcc.cc:203] Tried to move safe_time back from 6366272732791357440 to 6366272731326304256. Current Snapshot: MvccSnapshot[committed={T|T < 6366272732791357440}]
I0403 04:30:03.943078 4436 mvcc.cc:203] Tried to move safe_time back from 6366272732791357440 to 6366272731326304256. Current Snapshot: MvccSnapshot[committed={T|T < 6366272732791357440}]
I0403 04:30:03.947284 4431 mvcc.cc:203] Tried to move safe_time back from 6366272732791357440 to 6366272731326304256. Current Snapshot: MvccSnapshot[committed={T|T < 6366272732791357440}]
I0403 04:30:03.958731 4434 mvcc.cc:203] Tried to move safe_time back from 6366272732787621888 to 6366272731279302656. Current Snapshot: MvccSnapshot[committed={T|T < 6366272732787621888}]
I0403 04:30:03.977046 4448 mvcc.cc:203] Tried to move safe_time back from 6366272732791357440 to 6366272731326304256. Current Snapshot: MvccSnapshot[committed={T|T < 6366272732791357440}] Generator report time total : 105.63 ms time per row: 6.60189 ms Scanner report expected rows: 16 actual rows : 16
I0403 04:30:04.144680 3617 external_mini_cluster.cc:1172] Attempting to check leaks for /tmp/dist-test-tasks9LKQH/build/asan/bin/kudu-tserver pid 3732
I0403 04:30:04.159507 3859 generic_service.cc:171] Checking for leaks (request via RPC)
I0403 04:30:04.221020 3617 external_mini_cluster.cc:1131] Killing /tmp/dist-test-tasks9LKQH/build/asan/bin/kudu-tserver with pid 3732
I0403 04:30:04.232538 3617 external_mini_cluster.cc:1172] Attempting to check leaks for /tmp/dist-test-tasks9LKQH/build/asan/bin/kudu-tserver pid 3866
I0403 04:30:04.237645 3982 generic_service.cc:171] Checking for leaks (request via RPC)
I0403 04:30:04.309010 3617 external_mini_cluster.cc:1131] Killing /tmp/dist-test-tasks9LKQH/build/asan/bin/kudu-tserver with pid 3866
I0403 04:30:04.319723 3617 external_mini_cluster.cc:1172] Attempting to check leaks for /tmp/dist-test-tasks9LKQH/build/asan/bin/kudu-tserver pid 3988
I0403 04:30:04.325137 4104 generic_service.cc:171] Checking for leaks (request via RPC)
I0403 04:30:04.376929 3617 external_mini_cluster.cc:1131] Killing /tmp/dist-test-tasks9LKQH/build/asan/bin/kudu-tserver with pid 3988
I0403 04:30:04.385793 3617 external_mini_cluster.cc:1172] Attempting to check leaks for /tmp/dist-test-tasks9LKQH/build/asan/bin/kudu-tserver pid 4110
I0403 04:30:04.391438 4226 generic_service.cc:171] Checking for leaks (request via RPC)
I0403 04:30:04.441771 3617 external_mini_cluster.cc:1131] Killing /tmp/dist-test-tasks9LKQH/build/asan/bin/kudu-tserver with pid 4110
I0403 04:30:04.450090 3617 external_mini_cluster.cc:1172] Attempting to check leaks for /tmp/dist-test-tasks9LKQH/build/asan/bin/kudu-tserver pid 4232
I0403 04:30:04.456182 4348 generic_service.cc:171] Checking for leaks (request via RPC)
I0403 04:30:04.505049 3617 external_mini_cluster.cc:1131] Killing /tmp/dist-test-tasks9LKQH/build/asan/bin/kudu-tserver with pid 4232
I0403 04:30:04.513758 3617 external_mini_cluster.cc:1172] Attempting to check leaks for /tmp/dist-test-tasks9LKQH/build/asan/bin/kudu-master pid 3672
I0403 04:30:04.514847 3728 generic_service.cc:171] Checking for leaks (request via RPC)
I0403 04:30:04.581138 3617 external_mini_cluster.cc:1131] Killing /tmp/dist-test-tasks9LKQH/build/asan/bin/kudu-master with pid 3672 [ OK ] ToolTest.TestLoadgenAutoFlushBackgroundRandom (3062 ms) [ RUN ] ToolTest.TestLoadgenHmsEnabled 2019-04-03 04:30:05: Starting Hive Metastore Server Picked up JAVA_TOOL_OPTIONS: -Djava.net.preferIPv4Stack=true -Dderby.locks.deadlockTimeout=1 -Dderby.stream.error.file=/tmp/dist-test-tasks9LKQH/test-tmp/kudu-tool-test.0.ToolTest.TestLoadgenHmsEnabled.1554265799459872-3617/minicluster-data/derby.log log4j:WARN No such property [conversionPattern] in org.apache.solr.util.SolrLogLayout. SLF4J: Class path contains multiple SLF4J bindings. SLF4J: Found binding in [jar:file:/tmp/dist-test-tasks9LKQH/thirdparty/src/hive-498021fa15186aee8b282d3c032fbd2cede6bec4/lib/log4j-slf4j-impl-2.6.2.jar!/org/slf4j/impl/StaticLoggerBinder.class] SLF4J: Found binding in [jar:file:/tmp/dist-test-tasks9LKQH/thirdparty/src/hadoop-2.8.5/share/hadoop/common/lib/slf4j-log4j12-1.7.10.jar!/org/slf4j/impl/StaticLoggerBinder.class] SLF4J: See http://www.slf4j.org/codes.html#multiple_bindings for an explanation. SLF4J: Actual binding is of type [org.apache.logging.slf4j.Log4jLoggerFactory] Starting hive metastore on port 0 2738 T1 odu.Log4JLogger.info Property hive.metastore.integral.jdo.pushdown unknown - will be ignored 2752 T1 odu.Log4JLogger.info Property datanucleus.cache.level2 unknown - will be ignored
I0403 04:30:15.207703 3617 external_mini_cluster.cc:933] Running /tmp/dist-test-tasks9LKQH/build/asan/bin/kudu-master /tmp/dist-test-tasks9LKQH/build/asan/bin/kudu-master --fs_wal_dir=/tmp/dist-test-tasks9LKQH/test-tmp/kudu-tool-test.0.ToolTest.TestLoadgenHmsEnabled.1554265799459872-3617/minicluster-data/master-0/wal --fs_data_dirs=/tmp/dist-test-tasks9LKQH/test-tmp/kudu-tool-test.0.ToolTest.TestLoadgenHmsEnabled.1554265799459872-3617/minicluster-data/master-0/data --block_manager=log --webserver_interface=localhost --ipki_ca_key_size=1024 --tsk_num_rsa_bits=512 --rpc_bind_addresses=127.3.136.126:46817 --webserver_interface=127.3.136.126 --webserver_port=0 --never_fsync --ipki_server_key_size=1024 --enable_minidumps=false --redact=none --metrics_log_interval_ms=1000 --logtostderr --logbuflevel=-1 --log_dir=/tmp/dist-test-tasks9LKQH/test-tmp/kudu-tool-test.0.ToolTest.TestLoadgenHmsEnabled.1554265799459872-3617/minicluster-data/master-0/logs --server_dump_info_path=/tmp/dist-test-tasks9LKQH/test-tmp/kudu-tool-test.0.ToolTest.TestLoadgenHmsEnabled.1554265799459872-3617/minicluster-data/master-0/data/info.pb --server_dump_info_format=pb --rpc_server_allow_ephemeral_ports --unlock_experimental_flags --unlock_unsafe_flags --rpc_reuseport=true with env {} WARNING: Logging before InitGoogleLogging() is written to STDERR
W0403 04:30:15.381475 4589 flags.cc:406] Enabled unsafe flag: --rpc_server_allow_ephemeral_ports=true
