I0403 04:30:24.301517 6029 raft_consensus.cc:380] T 59d5f17b79394a28a0e3bbd5c81bc86a P f063f40f9f714d2fb4cf81d9c55f7060 [term 0 FOLLOWER]: Only one voter in the Raft config. Triggering election immediately
I0403 04:30:24.301610 6029 raft_consensus.cc:472] T 59d5f17b79394a28a0e3bbd5c81bc86a P f063f40f9f714d2fb4cf81d9c55f7060 [term 0 FOLLOWER]: Starting leader election (initial election of a single-replica configuration)
I0403 04:30:24.301710 6029 raft_consensus.cc:2886] T 59d5f17b79394a28a0e3bbd5c81bc86a P f063f40f9f714d2fb4cf81d9c55f7060 [term 0 FOLLOWER]: Advancing to term 1
I0403 04:30:24.303551 6029 raft_consensus.cc:494] T 59d5f17b79394a28a0e3bbd5c81bc86a P f063f40f9f714d2fb4cf81d9c55f7060 [term 1 FOLLOWER]: Starting leader election with config: opid_index: -1 OBSOLETE_local: true peers { permanent_uuid: "f063f40f9f714d2fb4cf81d9c55f7060" member_type: VOTER last_known_addr { host: "127.3.136.65" port: 45421 } }
I0403 04:30:24.303998 6029 leader_election.cc:310] T 59d5f17b79394a28a0e3bbd5c81bc86a P f063f40f9f714d2fb4cf81d9c55f7060 [CANDIDATE]: Term 1 election: Election decided. Result: candidate won. Election summary: received 1 responses out of 1 voters: 1 yes votes; 0 no votes. yes voters: f063f40f9f714d2fb4cf81d9c55f7060; no voters:
I0403 04:30:24.304582 6031 raft_consensus.cc:2640] T 59d5f17b79394a28a0e3bbd5c81bc86a P f063f40f9f714d2fb4cf81d9c55f7060 [term 1 FOLLOWER]: Leader election won for term 1
I0403 04:30:24.304922 6029 leader_election.cc:296] T 59d5f17b79394a28a0e3bbd5c81bc86a P f063f40f9f714d2fb4cf81d9c55f7060 [CANDIDATE]: Term 1 election: Requested vote from peers
I0403 04:30:24.305794 6011 heartbeater.cc:467] Master 127.3.136.126:44085 was elected leader, sending a full tablet report...
I0403 04:30:24.305800 6031 raft_consensus.cc:667] T 59d5f17b79394a28a0e3bbd5c81bc86a P f063f40f9f714d2fb4cf81d9c55f7060 [term 1 LEADER]: Becoming Leader. State: Replica: f063f40f9f714d2fb4cf81d9c55f7060, State: Running, Role: LEADER
I0403 04:30:24.306299 6031 consensus_queue.cc:206] T 59d5f17b79394a28a0e3bbd5c81bc86a P f063f40f9f714d2fb4cf81d9c55f7060 [LEADER]: Queue going to LEADER mode. State: All replicated index: 0, Majority replicated index: 0, Committed index: 0, Last appended: 0.0, Last appended by leader: 0, Current term: 1, Majority size: 1, State: 0, Mode: LEADER, active raft config: opid_index: -1 OBSOLETE_local: true peers { permanent_uuid: "f063f40f9f714d2fb4cf81d9c55f7060" member_type: VOTER last_known_addr { host: "127.3.136.65" port: 45421 } }
I0403 04:30:24.306594 6029 ts_tablet_manager.cc:1081] T 59d5f17b79394a28a0e3bbd5c81bc86a P f063f40f9f714d2fb4cf81d9c55f7060: Time spent starting tablet: real 0.012s user 0.007s sys 0.004s
I0403 04:30:24.309295 5847 catalog_manager.cc:3977] T 59d5f17b79394a28a0e3bbd5c81bc86a P f063f40f9f714d2fb4cf81d9c55f7060 reported cstate change: term changed from 0 to 1, leader changed from to f063f40f9f714d2fb4cf81d9c55f7060 (127.3.136.65). New cstate: current_term: 1 leader_uuid: "f063f40f9f714d2fb4cf81d9c55f7060" committed_config { opid_index: -1 OBSOLETE_local: true peers { permanent_uuid: "f063f40f9f714d2fb4cf81d9c55f7060" member_type: VOTER last_known_addr { host: "127.3.136.65" port: 45421 } health_report { overall_health: HEALTHY } } }
I0403 04:30:24.315387 3617 test_util.cc:212] Using random seed: -1235728483
I0403 04:30:24.323810 5847 catalog_manager.cc:1416] Servicing CreateTable request from {username='slave'} at 127.0.0.1:49144: name: "kudu.table_1" schema { columns { name: "key" type: INT32 is_key: true is_nullable: false encoding: AUTO_ENCODING compression: DEFAULT_COMPRESSION cfile_block_size: 0 } columns { name: "int_val" type: INT32 is_key: false is_nullable: false encoding: AUTO_ENCODING compression: DEFAULT_COMPRESSION cfile_block_size: 0 } columns { name: "string_val" type: STRING is_key: false is_nullable: true encoding: AUTO_ENCODING compression: DEFAULT_COMPRESSION cfile_block_size: 0 } } num_replicas: 1 split_rows_range_bounds { } partition_schema { range_schema { columns { name: "key" } } }
I0403 04:30:24.329346 5948 tablet_service.cc:1006] Processing CreateTablet for tablet fa67e791d0214f13a60254b31cfc80e0 (table=kudu.table_1 [id=3117ff29abf442d89d2ac06c46587a61]), partition=RANGE (key) PARTITION UNBOUNDED
I0403 04:30:24.329664 5948 data_dirs.cc:938] Could only allocate 1 dirs of requested 3 for tablet fa67e791d0214f13a60254b31cfc80e0. 1 dirs total, 0 dirs full, 0 dirs failed
I0403 04:30:24.333513 6029 tablet_bootstrap.cc:439] T fa67e791d0214f13a60254b31cfc80e0 P f063f40f9f714d2fb4cf81d9c55f7060: Bootstrap starting.
I0403 04:30:24.334686 6029 tablet_bootstrap.cc:590] T fa67e791d0214f13a60254b31cfc80e0 P f063f40f9f714d2fb4cf81d9c55f7060: No blocks or log segments found. Creating new log.
I0403 04:30:24.336087 6029 tablet_bootstrap.cc:439] T fa67e791d0214f13a60254b31cfc80e0 P f063f40f9f714d2fb4cf81d9c55f7060: No bootstrap required, opened a new log
I0403 04:30:24.336200 6029 ts_tablet_manager.cc:1053] T fa67e791d0214f13a60254b31cfc80e0 P f063f40f9f714d2fb4cf81d9c55f7060: Time spent bootstrapping tablet: real 0.003s user 0.002s sys 0.000s
I0403 04:30:24.336817 6029 raft_consensus.cc:340] T fa67e791d0214f13a60254b31cfc80e0 P f063f40f9f714d2fb4cf81d9c55f7060 [term 0 FOLLOWER]: Replica starting. Triggering 0 pending transactions. Active config: opid_index: -1 OBSOLETE_local: true peers { permanent_uuid: "f063f40f9f714d2fb4cf81d9c55f7060" member_type: VOTER last_known_addr { host: "127.3.136.65" port: 45421 } }
I0403 04:30:24.336935 6029 raft_consensus.cc:366] T fa67e791d0214f13a60254b31cfc80e0 P f063f40f9f714d2fb4cf81d9c55f7060 [term 0 FOLLOWER]: Consensus starting up: Expiring failure detector timer to make a prompt election more likely
I0403 04:30:24.337007 6029 raft_consensus.cc:705] T fa67e791d0214f13a60254b31cfc80e0 P f063f40f9f714d2fb4cf81d9c55f7060 [term 0 FOLLOWER]: Becoming Follower/Learner. State: Replica: f063f40f9f714d2fb4cf81d9c55f7060, State: Initialized, Role: FOLLOWER
I0403 04:30:24.337172 6029 consensus_queue.cc:229] T fa67e791d0214f13a60254b31cfc80e0 P f063f40f9f714d2fb4cf81d9c55f7060 [NON_LEADER]: Queue going to NON_LEADER mode. State: All replicated index: 0, Majority replicated index: 0, Committed index: 0, Last appended: 0.0, Last appended by leader: 0, Current term: 0, Majority size: -1, State: 0, Mode: NON_LEADER, active raft config: opid_index: -1 OBSOLETE_local: true peers { permanent_uuid: "f063f40f9f714d2fb4cf81d9c55f7060" member_type: VOTER last_known_addr { host: "127.3.136.65" port: 45421 } }
I0403 04:30:24.337299 6029 raft_consensus.cc:380] T fa67e791d0214f13a60254b31cfc80e0 P f063f40f9f714d2fb4cf81d9c55f7060 [term 0 FOLLOWER]: Only one voter in the Raft config. Triggering election immediately
I0403 04:30:24.337384 6029 raft_consensus.cc:472] T fa67e791d0214f13a60254b31cfc80e0 P f063f40f9f714d2fb4cf81d9c55f7060 [term 0 FOLLOWER]: Starting leader election (initial election of a single-replica configuration)
I0403 04:30:24.337476 6029 raft_consensus.cc:2886] T fa67e791d0214f13a60254b31cfc80e0 P f063f40f9f714d2fb4cf81d9c55f7060 [term 0 FOLLOWER]: Advancing to term 1
I0403 04:30:24.339051 6029 raft_consensus.cc:494] T fa67e791d0214f13a60254b31cfc80e0 P f063f40f9f714d2fb4cf81d9c55f7060 [term 1 FOLLOWER]: Starting leader election with config: opid_index: -1 OBSOLETE_local: true peers { permanent_uuid: "f063f40f9f714d2fb4cf81d9c55f7060" member_type: VOTER last_known_addr { host: "127.3.136.65" port: 45421 } }
I0403 04:30:24.339224 6029 leader_election.cc:310] T fa67e791d0214f13a60254b31cfc80e0 P f063f40f9f714d2fb4cf81d9c55f7060 [CANDIDATE]: Term 1 election: Election decided. Result: candidate won. Election summary: received 1 responses out of 1 voters: 1 yes votes; 0 no votes. yes voters: f063f40f9f714d2fb4cf81d9c55f7060; no voters:
I0403 04:30:24.339414 6029 leader_election.cc:296] T fa67e791d0214f13a60254b31cfc80e0 P f063f40f9f714d2fb4cf81d9c55f7060 [CANDIDATE]: Term 1 election: Requested vote from peers
I0403 04:30:24.339490 6031 raft_consensus.cc:2640] T fa67e791d0214f13a60254b31cfc80e0 P f063f40f9f714d2fb4cf81d9c55f7060 [term 1 FOLLOWER]: Leader election won for term 1
I0403 04:30:24.339670 6031 raft_consensus.cc:667] T fa67e791d0214f13a60254b31cfc80e0 P f063f40f9f714d2fb4cf81d9c55f7060 [term 1 LEADER]: Becoming Leader. State: Replica: f063f40f9f714d2fb4cf81d9c55f7060, State: Running, Role: LEADER
I0403 04:30:24.339823 6029 ts_tablet_manager.cc:1081] T fa67e791d0214f13a60254b31cfc80e0 P f063f40f9f714d2fb4cf81d9c55f7060: Time spent starting tablet: real 0.004s user 0.004s sys 0.000s
I0403 04:30:24.339849 6031 consensus_queue.cc:206] T fa67e791d0214f13a60254b31cfc80e0 P f063f40f9f714d2fb4cf81d9c55f7060 [LEADER]: Queue going to LEADER mode. State: All replicated index: 0, Majority replicated index: 0, Committed index: 0, Last appended: 0.0, Last appended by leader: 0, Current term: 1, Majority size: 1, State: 0, Mode: LEADER, active raft config: opid_index: -1 OBSOLETE_local: true peers { permanent_uuid: "f063f40f9f714d2fb4cf81d9c55f7060" member_type: VOTER last_known_addr { host: "127.3.136.65" port: 45421 } }
I0403 04:30:24.341274 5847 catalog_manager.cc:3977] T fa67e791d0214f13a60254b31cfc80e0 P f063f40f9f714d2fb4cf81d9c55f7060 reported cstate change: term changed from 0 to 1, leader changed from to f063f40f9f714d2fb4cf81d9c55f7060 (127.3.136.65). New cstate: current_term: 1 leader_uuid: "f063f40f9f714d2fb4cf81d9c55f7060" committed_config { opid_index: -1 OBSOLETE_local: true peers { permanent_uuid: "f063f40f9f714d2fb4cf81d9c55f7060" member_type: VOTER last_known_addr { host: "127.3.136.65" port: 45421 } health_report { overall_health: HEALTHY } } }
I0403 04:30:24.348048 3617 test_util.cc:212] Using random seed: -1235696007
I0403 04:30:24.356591 5847 catalog_manager.cc:1416] Servicing CreateTable request from {username='slave'} at 127.0.0.1:49146: name: "kudu.table_2" schema { columns { name: "key" type: INT32 is_key: true is_nullable: false encoding: AUTO_ENCODING compression: DEFAULT_COMPRESSION cfile_block_size: 0 } columns { name: "int_val" type: INT32 is_key: false is_nullable: false encoding: AUTO_ENCODING compression: DEFAULT_COMPRESSION cfile_block_size: 0 } columns { name: "string_val" type: STRING is_key: false is_nullable: true encoding: AUTO_ENCODING compression: DEFAULT_COMPRESSION cfile_block_size: 0 } } num_replicas: 1 split_rows_range_bounds { } partition_schema { range_schema { columns { name: "key" } } }
I0403 04:30:24.362192 5948 tablet_service.cc:1006] Processing CreateTablet for tablet 5ff4883fc4c94ec3929261a60dfc7414 (table=kudu.table_2 [id=dcb84bdc3b25444496e45a3b2db6dc4d]), partition=RANGE (key) PARTITION UNBOUNDED
I0403 04:30:24.362581 5948 data_dirs.cc:938] Could only allocate 1 dirs of requested 3 for tablet 5ff4883fc4c94ec3929261a60dfc7414. 1 dirs total, 0 dirs full, 0 dirs failed
I0403 04:30:24.365980 6029 tablet_bootstrap.cc:439] T 5ff4883fc4c94ec3929261a60dfc7414 P f063f40f9f714d2fb4cf81d9c55f7060: Bootstrap starting.
I0403 04:30:24.367054 6029 tablet_bootstrap.cc:590] T 5ff4883fc4c94ec3929261a60dfc7414 P f063f40f9f714d2fb4cf81d9c55f7060: No blocks or log segments found. Creating new log.
I0403 04:30:24.368750 6029 tablet_bootstrap.cc:439] T 5ff4883fc4c94ec3929261a60dfc7414 P f063f40f9f714d2fb4cf81d9c55f7060: No bootstrap required, opened a new log
I0403 04:30:24.368875 6029 ts_tablet_manager.cc:1053] T 5ff4883fc4c94ec3929261a60dfc7414 P f063f40f9f714d2fb4cf81d9c55f7060: Time spent bootstrapping tablet: real 0.003s user 0.002s sys 0.000s
I0403 04:30:24.369396 6029 raft_consensus.cc:340] T 5ff4883fc4c94ec3929261a60dfc7414 P f063f40f9f714d2fb4cf81d9c55f7060 [term 0 FOLLOWER]: Replica starting. Triggering 0 pending transactions. Active config: opid_index: -1 OBSOLETE_local: true peers { permanent_uuid: "f063f40f9f714d2fb4cf81d9c55f7060" member_type: VOTER last_known_addr { host: "127.3.136.65" port: 45421 } }
I0403 04:30:24.369531 6029 raft_consensus.cc:366] T 5ff4883fc4c94ec3929261a60dfc7414 P f063f40f9f714d2fb4cf81d9c55f7060 [term 0 FOLLOWER]: Consensus starting up: Expiring failure detector timer to make a prompt election more likely
I0403 04:30:24.369596 6029 raft_consensus.cc:705] T 5ff4883fc4c94ec3929261a60dfc7414 P f063f40f9f714d2fb4cf81d9c55f7060 [term 0 FOLLOWER]: Becoming Follower/Learner. State: Replica: f063f40f9f714d2fb4cf81d9c55f7060, State: Initialized, Role: FOLLOWER
I0403 04:30:24.369766 6029 consensus_queue.cc:229] T 5ff4883fc4c94ec3929261a60dfc7414 P f063f40f9f714d2fb4cf81d9c55f7060 [NON_LEADER]: Queue going to NON_LEADER mode. State: All replicated index: 0, Majority replicated index: 0, Committed index: 0, Last appended: 0.0, Last appended by leader: 0, Current term: 0, Majority size: -1, State: 0, Mode: NON_LEADER, active raft config: opid_index: -1 OBSOLETE_local: true peers { permanent_uuid: "f063f40f9f714d2fb4cf81d9c55f7060" member_type: VOTER last_known_addr { host: "127.3.136.65" port: 45421 } }
I0403 04:30:24.369920 6029 raft_consensus.cc:380] T 5ff4883fc4c94ec3929261a60dfc7414 P f063f40f9f714d2fb4cf81d9c55f7060 [term 0 FOLLOWER]: Only one voter in the Raft config. Triggering election immediately
I0403 04:30:24.369997 6029 raft_consensus.cc:472] T 5ff4883fc4c94ec3929261a60dfc7414 P f063f40f9f714d2fb4cf81d9c55f7060 [term 0 FOLLOWER]: Starting leader election (initial election of a single-replica configuration)
I0403 04:30:24.370070 6029 raft_consensus.cc:2886] T 5ff4883fc4c94ec3929261a60dfc7414 P f063f40f9f714d2fb4cf81d9c55f7060 [term 0 FOLLOWER]: Advancing to term 1
I0403 04:30:24.371601 6029 raft_consensus.cc:494] T 5ff4883fc4c94ec3929261a60dfc7414 P f063f40f9f714d2fb4cf81d9c55f7060 [term 1 FOLLOWER]: Starting leader election with config: opid_index: -1 OBSOLETE_local: true peers { permanent_uuid: "f063f40f9f714d2fb4cf81d9c55f7060" member_type: VOTER last_known_addr { host: "127.3.136.65" port: 45421 } }
I0403 04:30:24.371767 6029 leader_election.cc:310] T 5ff4883fc4c94ec3929261a60dfc7414 P f063f40f9f714d2fb4cf81d9c55f7060 [CANDIDATE]: Term 1 election: Election decided. Result: candidate won. Election summary: received 1 responses out of 1 voters: 1 yes votes; 0 no votes. yes voters: f063f40f9f714d2fb4cf81d9c55f7060; no voters:
I0403 04:30:24.371986 6029 leader_election.cc:296] T 5ff4883fc4c94ec3929261a60dfc7414 P f063f40f9f714d2fb4cf81d9c55f7060 [CANDIDATE]: Term 1 election: Requested vote from peers
I0403 04:30:24.372081 6031 raft_consensus.cc:2640] T 5ff4883fc4c94ec3929261a60dfc7414 P f063f40f9f714d2fb4cf81d9c55f7060 [term 1 FOLLOWER]: Leader election won for term 1
I0403 04:30:24.372246 6031 raft_consensus.cc:667] T 5ff4883fc4c94ec3929261a60dfc7414 P f063f40f9f714d2fb4cf81d9c55f7060 [term 1 LEADER]: Becoming Leader. State: Replica: f063f40f9f714d2fb4cf81d9c55f7060, State: Running, Role: LEADER
I0403 04:30:24.372506 6029 ts_tablet_manager.cc:1081] T 5ff4883fc4c94ec3929261a60dfc7414 P f063f40f9f714d2fb4cf81d9c55f7060: Time spent starting tablet: real 0.004s user 0.004s sys 0.000s
I0403 04:30:24.372452 6031 consensus_queue.cc:206] T 5ff4883fc4c94ec3929261a60dfc7414 P f063f40f9f714d2fb4cf81d9c55f7060 [LEADER]: Queue going to LEADER mode. State: All replicated index: 0, Majority replicated index: 0, Committed index: 0, Last appended: 0.0, Last appended by leader: 0, Current term: 1, Majority size: 1, State: 0, Mode: LEADER, active raft config: opid_index: -1 OBSOLETE_local: true peers { permanent_uuid: "f063f40f9f714d2fb4cf81d9c55f7060" member_type: VOTER last_known_addr { host: "127.3.136.65" port: 45421 } }
I0403 04:30:24.374050 5847 catalog_manager.cc:3977] T 5ff4883fc4c94ec3929261a60dfc7414 P f063f40f9f714d2fb4cf81d9c55f7060 reported cstate change: term changed from 0 to 1, leader changed from to f063f40f9f714d2fb4cf81d9c55f7060 (127.3.136.65). New cstate: current_term: 1 leader_uuid: "f063f40f9f714d2fb4cf81d9c55f7060" committed_config { opid_index: -1 OBSOLETE_local: true peers { permanent_uuid: "f063f40f9f714d2fb4cf81d9c55f7060" member_type: VOTER last_known_addr { host: "127.3.136.65" port: 45421 } health_report { overall_health: HEALTHY } } }
I0403 04:30:24.381064 3617 test_util.cc:212] Using random seed: -1235663041
I0403 04:30:24.389304 5847 catalog_manager.cc:1416] Servicing CreateTable request from {username='slave'} at 127.0.0.1:49148: name: "kudu.table_3" schema { columns { name: "key" type: INT32 is_key: true is_nullable: false encoding: AUTO_ENCODING compression: DEFAULT_COMPRESSION cfile_block_size: 0 } columns { name: "int_val" type: INT32 is_key: false is_nullable: false encoding: AUTO_ENCODING compression: DEFAULT_COMPRESSION cfile_block_size: 0 } columns { name: "string_val" type: STRING is_key: false is_nullable: true encoding: AUTO_ENCODING compression: DEFAULT_COMPRESSION cfile_block_size: 0 } } num_replicas: 1 split_rows_range_bounds { } partition_schema { range_schema { columns { name: "key" } } }
I0403 04:30:24.394094 5948 tablet_service.cc:1006] Processing CreateTablet for tablet 38c4d2907b9d4a1f928b27cf14c49f0c (table=kudu.table_3 [id=79d03c2a3e034ffcb6c0a2e9bd3a1a3d]), partition=RANGE (key) PARTITION UNBOUNDED
I0403 04:30:24.394471 5948 data_dirs.cc:938] Could only allocate 1 dirs of requested 3 for tablet 38c4d2907b9d4a1f928b27cf14c49f0c. 1 dirs total, 0 dirs full, 0 dirs failed
I0403 04:30:24.397853 6029 tablet_bootstrap.cc:439] T 38c4d2907b9d4a1f928b27cf14c49f0c P f063f40f9f714d2fb4cf81d9c55f7060: Bootstrap starting.
I0403 04:30:24.398838 6029 tablet_bootstrap.cc:590] T 38c4d2907b9d4a1f928b27cf14c49f0c P f063f40f9f714d2fb4cf81d9c55f7060: No blocks or log segments found. Creating new log.
I0403 04:30:24.400399 6029 tablet_bootstrap.cc:439] T 38c4d2907b9d4a1f928b27cf14c49f0c P f063f40f9f714d2fb4cf81d9c55f7060: No bootstrap required, opened a new log
I0403 04:30:24.400519 6029 ts_tablet_manager.cc:1053] T 38c4d2907b9d4a1f928b27cf14c49f0c P f063f40f9f714d2fb4cf81d9c55f7060: Time spent bootstrapping tablet: real 0.003s user 0.000s sys 0.002s
I0403 04:30:24.401005 6029 raft_consensus.cc:340] T 38c4d2907b9d4a1f928b27cf14c49f0c P f063f40f9f714d2fb4cf81d9c55f7060 [term 0 FOLLOWER]: Replica starting. Triggering 0 pending transactions. Active config: opid_index: -1 OBSOLETE_local: true peers { permanent_uuid: "f063f40f9f714d2fb4cf81d9c55f7060" member_type: VOTER last_known_addr { host: "127.3.136.65" port: 45421 } }
I0403 04:30:24.401131 6029 raft_consensus.cc:366] T 38c4d2907b9d4a1f928b27cf14c49f0c P f063f40f9f714d2fb4cf81d9c55f7060 [term 0 FOLLOWER]: Consensus starting up: Expiring failure detector timer to make a prompt election more likely
I0403 04:30:24.401182 6029 raft_consensus.cc:705] T 38c4d2907b9d4a1f928b27cf14c49f0c P f063f40f9f714d2fb4cf81d9c55f7060 [term 0 FOLLOWER]: Becoming Follower/Learner. State: Replica: f063f40f9f714d2fb4cf81d9c55f7060, State: Initialized, Role: FOLLOWER
I0403 04:30:24.401365 6029 consensus_queue.cc:229] T 38c4d2907b9d4a1f928b27cf14c49f0c P f063f40f9f714d2fb4cf81d9c55f7060 [NON_LEADER]: Queue going to NON_LEADER mode. State: All replicated index: 0, Majority replicated index: 0, Committed index: 0, Last appended: 0.0, Last appended by leader: 0, Current term: 0, Majority size: -1, State: 0, Mode: NON_LEADER, active raft config: opid_index: -1 OBSOLETE_local: true peers { permanent_uuid: "f063f40f9f714d2fb4cf81d9c55f7060" member_type: VOTER last_known_addr { host: "127.3.136.65" port: 45421 } }
I0403 04:30:24.401574 6029 raft_consensus.cc:380] T 38c4d2907b9d4a1f928b27cf14c49f0c P f063f40f9f714d2fb4cf81d9c55f7060 [term 0 FOLLOWER]: Only one voter in the Raft config. Triggering election immediately
I0403 04:30:24.401634 6029 raft_consensus.cc:472] T 38c4d2907b9d4a1f928b27cf14c49f0c P f063f40f9f714d2fb4cf81d9c55f7060 [term 0 FOLLOWER]: Starting leader election (initial election of a single-replica configuration)
I0403 04:30:24.401718 6029 raft_consensus.cc:2886] T 38c4d2907b9d4a1f928b27cf14c49f0c P f063f40f9f714d2fb4cf81d9c55f7060 [term 0 FOLLOWER]: Advancing to term 1
I0403 04:30:24.403112 6029 raft_consensus.cc:494] T 38c4d2907b9d4a1f928b27cf14c49f0c P f063f40f9f714d2fb4cf81d9c55f7060 [term 1 FOLLOWER]: Starting leader election with config: opid_index: -1 OBSOLETE_local: true peers { permanent_uuid: "f063f40f9f714d2fb4cf81d9c55f7060" member_type: VOTER last_known_addr { host: "127.3.136.65" port: 45421 } }
I0403 04:30:24.403362 6029 leader_election.cc:310] T 38c4d2907b9d4a1f928b27cf14c49f0c P f063f40f9f714d2fb4cf81d9c55f7060 [CANDIDATE]: Term 1 election: Election decided. Result: candidate won. Election summary: received 1 responses out of 1 voters: 1 yes votes; 0 no votes. yes voters: f063f40f9f714d2fb4cf81d9c55f7060; no voters:
I0403 04:30:24.403518 6029 leader_election.cc:296] T 38c4d2907b9d4a1f928b27cf14c49f0c P f063f40f9f714d2fb4cf81d9c55f7060 [CANDIDATE]: Term 1 election: Requested vote from peers
I0403 04:30:24.403736 6032 raft_consensus.cc:2640] T 38c4d2907b9d4a1f928b27cf14c49f0c P f063f40f9f714d2fb4cf81d9c55f7060 [term 1 FOLLOWER]: Leader election won for term 1
I0403 04:30:24.403924 6029 ts_tablet_manager.cc:1081] T 38c4d2907b9d4a1f928b27cf14c49f0c P f063f40f9f714d2fb4cf81d9c55f7060: Time spent starting tablet: real 0.003s user 0.002s sys 0.001s
I0403 04:30:24.403925 6032 raft_consensus.cc:667] T 38c4d2907b9d4a1f928b27cf14c49f0c P f063f40f9f714d2fb4cf81d9c55f7060 [term 1 LEADER]: Becoming Leader. State: Replica: f063f40f9f714d2fb4cf81d9c55f7060, State: Running, Role: LEADER
I0403 04:30:24.404188 6032 consensus_queue.cc:206] T 38c4d2907b9d4a1f928b27cf14c49f0c P f063f40f9f714d2fb4cf81d9c55f7060 [LEADER]: Queue going to LEADER mode. State: All replicated index: 0, Majority replicated index: 0, Committed index: 0, Last appended: 0.0, Last appended by leader: 0, Current term: 1, Majority size: 1, State: 0, Mode: LEADER, active raft config: opid_index: -1 OBSOLETE_local: true peers { permanent_uuid: "f063f40f9f714d2fb4cf81d9c55f7060" member_type: VOTER last_known_addr { host: "127.3.136.65" port: 45421 } }
I0403 04:30:24.410817 5847 catalog_manager.cc:3977] T 38c4d2907b9d4a1f928b27cf14c49f0c P f063f40f9f714d2fb4cf81d9c55f7060 reported cstate change: term changed from 0 to 1, leader changed from to f063f40f9f714d2fb4cf81d9c55f7060 (127.3.136.65). New cstate: current_term: 1 leader_uuid: "f063f40f9f714d2fb4cf81d9c55f7060" committed_config { opid_index: -1 OBSOLETE_local: true peers { permanent_uuid: "f063f40f9f714d2fb4cf81d9c55f7060" member_type: VOTER last_known_addr { host: "127.3.136.65" port: 45421 } health_report { overall_health: HEALTHY } } }
I0403 04:30:24.419442 3617 test_util.cc:212] Using random seed: -1235624718
I0403 04:30:24.428514 5847 catalog_manager.cc:1416] Servicing CreateTable request from {username='slave'} at 127.0.0.1:49150: name: "kudu.table_4" schema { columns { name: "key" type: INT32 is_key: true is_nullable: false encoding: AUTO_ENCODING compression: DEFAULT_COMPRESSION cfile_block_size: 0 } columns { name: "int_val" type: INT32 is_key: false is_nullable: false encoding: AUTO_ENCODING compression: DEFAULT_COMPRESSION cfile_block_size: 0 } columns { name: "string_val" type: STRING is_key: false is_nullable: true encoding: AUTO_ENCODING compression: DEFAULT_COMPRESSION cfile_block_size: 0 } } num_replicas: 1 split_rows_range_bounds { } partition_schema { range_schema { columns { name: "key" } } }
I0403 04:30:24.433881 5948 tablet_service.cc:1006] Processing CreateTablet for tablet 638a1fcf6ef1450282709c5af4355608 (table=kudu.table_4 [id=ab70f0d59be2462dadfec8399b9ac236]), partition=RANGE (key) PARTITION UNBOUNDED
I0403 04:30:24.434187 5948 data_dirs.cc:938] Could only allocate 1 dirs of requested 3 for tablet 638a1fcf6ef1450282709c5af4355608. 1 dirs total, 0 dirs full, 0 dirs failed
I0403 04:30:24.438127 6029 tablet_bootstrap.cc:439] T 638a1fcf6ef1450282709c5af4355608 P f063f40f9f714d2fb4cf81d9c55f7060: Bootstrap starting.
I0403 04:30:24.439151 6029 tablet_bootstrap.cc:590] T 638a1fcf6ef1450282709c5af4355608 P f063f40f9f714d2fb4cf81d9c55f7060: No blocks or log segments found. Creating new log.
I0403 04:30:24.440635 6029 tablet_bootstrap.cc:439] T 638a1fcf6ef1450282709c5af4355608 P f063f40f9f714d2fb4cf81d9c55f7060: No bootstrap required, opened a new log
I0403 04:30:24.440745 6029 ts_tablet_manager.cc:1053] T 638a1fcf6ef1450282709c5af4355608 P f063f40f9f714d2fb4cf81d9c55f7060: Time spent bootstrapping tablet: real 0.003s user 0.001s sys 0.000s
I0403 04:30:24.441267 6029 raft_consensus.cc:340] T 638a1fcf6ef1450282709c5af4355608 P f063f40f9f714d2fb4cf81d9c55f7060 [term 0 FOLLOWER]: Replica starting. Triggering 0 pending transactions. Active config: opid_index: -1 OBSOLETE_local: true peers { permanent_uuid: "f063f40f9f714d2fb4cf81d9c55f7060" member_type: VOTER last_known_addr { host: "127.3.136.65" port: 45421 } }
I0403 04:30:24.441409 6029 raft_consensus.cc:366] T 638a1fcf6ef1450282709c5af4355608 P f063f40f9f714d2fb4cf81d9c55f7060 [term 0 FOLLOWER]: Consensus starting up: Expiring failure detector timer to make a prompt election more likely
I0403 04:30:24.441453 6029 raft_consensus.cc:705] T 638a1fcf6ef1450282709c5af4355608 P f063f40f9f714d2fb4cf81d9c55f7060 [term 0 FOLLOWER]: Becoming Follower/Learner. State: Replica: f063f40f9f714d2fb4cf81d9c55f7060, State: Initialized, Role: FOLLOWER
I0403 04:30:24.441625 6029 consensus_queue.cc:229] T 638a1fcf6ef1450282709c5af4355608 P f063f40f9f714d2fb4cf81d9c55f7060 [NON_LEADER]: Queue going to NON_LEADER mode. State: All replicated index: 0, Majority replicated index: 0, Committed index: 0, Last appended: 0.0, Last appended by leader: 0, Current term: 0, Majority size: -1, State: 0, Mode: NON_LEADER, active raft config: opid_index: -1 OBSOLETE_local: true peers { permanent_uuid: "f063f40f9f714d2fb4cf81d9c55f7060" member_type: VOTER last_known_addr { host: "127.3.136.65" port: 45421 } }
I0403 04:30:24.441758 6029 raft_consensus.cc:380] T 638a1fcf6ef1450282709c5af4355608 P f063f40f9f714d2fb4cf81d9c55f7060 [term 0 FOLLOWER]: Only one voter in the Raft config. Triggering election immediately
I0403 04:30:24.441923 6029 raft_consensus.cc:472] T 638a1fcf6ef1450282709c5af4355608 P f063f40f9f714d2fb4cf81d9c55f7060 [term 0 FOLLOWER]: Starting leader election (initial election of a single-replica configuration)
I0403 04:30:24.441983 6029 raft_consensus.cc:2886] T 638a1fcf6ef1450282709c5af4355608 P f063f40f9f714d2fb4cf81d9c55f7060 [term 0 FOLLOWER]: Advancing to term 1
I0403 04:30:24.443493 6029 raft_consensus.cc:494] T 638a1fcf6ef1450282709c5af4355608 P f063f40f9f714d2fb4cf81d9c55f7060 [term 1 FOLLOWER]: Starting leader election with config: opid_index: -1 OBSOLETE_local: true peers { permanent_uuid: "f063f40f9f714d2fb4cf81d9c55f7060" member_type: VOTER last_known_addr { host: "127.3.136.65" port: 45421 } }
I0403 04:30:24.443698 6029 leader_election.cc:310] T 638a1fcf6ef1450282709c5af4355608 P f063f40f9f714d2fb4cf81d9c55f7060 [CANDIDATE]: Term 1 election: Election decided. Result: candidate won. Election summary: received 1 responses out of 1 voters: 1 yes votes; 0 no votes. yes voters: f063f40f9f714d2fb4cf81d9c55f7060; no voters:
I0403 04:30:24.443881 6029 leader_election.cc:296] T 638a1fcf6ef1450282709c5af4355608 P f063f40f9f714d2fb4cf81d9c55f7060 [CANDIDATE]: Term 1 election: Requested vote from peers
I0403 04:30:24.443943 6032 raft_consensus.cc:2640] T 638a1fcf6ef1450282709c5af4355608 P f063f40f9f714d2fb4cf81d9c55f7060 [term 1 FOLLOWER]: Leader election won for term 1
I0403 04:30:24.444094 6032 raft_consensus.cc:667] T 638a1fcf6ef1450282709c5af4355608 P f063f40f9f714d2fb4cf81d9c55f7060 [term 1 LEADER]: Becoming Leader. State: Replica: f063f40f9f714d2fb4cf81d9c55f7060, State: Running, Role: LEADER
I0403 04:30:24.444267 6032 consensus_queue.cc:206] T 638a1fcf6ef1450282709c5af4355608 P f063f40f9f714d2fb4cf81d9c55f7060 [LEADER]: Queue going to LEADER mode. State: All replicated index: 0, Majority replicated index: 0, Committed index: 0, Last appended: 0.0, Last appended by leader: 0, Current term: 1, Majority size: 1, State: 0, Mode: LEADER, active raft config: opid_index: -1 OBSOLETE_local: true peers { permanent_uuid: "f063f40f9f714d2fb4cf81d9c55f7060" member_type: VOTER last_known_addr { host: "127.3.136.65" port: 45421 } }
I0403 04:30:24.444418 6029 ts_tablet_manager.cc:1081] T 638a1fcf6ef1450282709c5af4355608 P f063f40f9f714d2fb4cf81d9c55f7060: Time spent starting tablet: real 0.004s user 0.004s sys 0.000s
I0403 04:30:24.445770 5847 catalog_manager.cc:3977] T 638a1fcf6ef1450282709c5af4355608 P f063f40f9f714d2fb4cf81d9c55f7060 reported cstate change: term changed from 0 to 1, leader changed from to f063f40f9f714d2fb4cf81d9c55f7060 (127.3.136.65). New cstate: current_term: 1 leader_uuid: "f063f40f9f714d2fb4cf81d9c55f7060" committed_config { opid_index: -1 OBSOLETE_local: true peers { permanent_uuid: "f063f40f9f714d2fb4cf81d9c55f7060" member_type: VOTER last_known_addr { host: "127.3.136.65" port: 45421 } health_report { overall_health: HEALTHY } } }
I0403 04:30:24.453374 3617 test_util.cc:212] Using random seed: -1235590960
I0403 04:30:24.461814 5847 catalog_manager.cc:1416] Servicing CreateTable request from {username='slave'} at 127.0.0.1:49152: name: "kudu.table_5" schema { columns { name: "key" type: INT32 is_key: true is_nullable: false encoding: AUTO_ENCODING compression: DEFAULT_COMPRESSION cfile_block_size: 0 } columns { name: "int_val" type: INT32 is_key: false is_nullable: false encoding: AUTO_ENCODING compression: DEFAULT_COMPRESSION cfile_block_size: 0 } columns { name: "string_val" type: STRING is_key: false is_nullable: true encoding: AUTO_ENCODING compression: DEFAULT_COMPRESSION cfile_block_size: 0 } } num_replicas: 1 split_rows_range_bounds { } partition_schema { range_schema { columns { name: "key" } } }
I0403 04:30:24.466987 5948 tablet_service.cc:1006] Processing CreateTablet for tablet 84ede476321c49838fbfa25edee8f88b (table=kudu.table_5 [id=1a988816521b486d8d834765989a8418]), partition=RANGE (key) PARTITION UNBOUNDED
I0403 04:30:24.467310 5948 data_dirs.cc:938] Could only allocate 1 dirs of requested 3 for tablet 84ede476321c49838fbfa25edee8f88b. 1 dirs total, 0 dirs full, 0 dirs failed
I0403 04:30:24.471137 6029 tablet_bootstrap.cc:439] T 84ede476321c49838fbfa25edee8f88b P f063f40f9f714d2fb4cf81d9c55f7060: Bootstrap starting.
I0403 04:30:24.472152 6029 tablet_bootstrap.cc:590] T 84ede476321c49838fbfa25edee8f88b P f063f40f9f714d2fb4cf81d9c55f7060: No blocks or log segments found. Creating new log.
I0403 04:30:24.473691 6029 tablet_bootstrap.cc:439] T 84ede476321c49838fbfa25edee8f88b P f063f40f9f714d2fb4cf81d9c55f7060: No bootstrap required, opened a new log
I0403 04:30:24.473788 6029 ts_tablet_manager.cc:1053] T 84ede476321c49838fbfa25edee8f88b P f063f40f9f714d2fb4cf81d9c55f7060: Time spent bootstrapping tablet: real 0.003s user 0.002s sys 0.000s
I0403 04:30:24.474341 6029 raft_consensus.cc:340] T 84ede476321c49838fbfa25edee8f88b P f063f40f9f714d2fb4cf81d9c55f7060 [term 0 FOLLOWER]: Replica starting. Triggering 0 pending transactions. Active config: opid_index: -1 OBSOLETE_local: true peers { permanent_uuid: "f063f40f9f714d2fb4cf81d9c55f7060" member_type: VOTER last_known_addr { host: "127.3.136.65" port: 45421 } }
I0403 04:30:24.474462 6029 raft_consensus.cc:366] T 84ede476321c49838fbfa25edee8f88b P f063f40f9f714d2fb4cf81d9c55f7060 [term 0 FOLLOWER]: Consensus starting up: Expiring failure detector timer to make a prompt election more likely
I0403 04:30:24.474514 6029 raft_consensus.cc:705] T 84ede476321c49838fbfa25edee8f88b P f063f40f9f714d2fb4cf81d9c55f7060 [term 0 FOLLOWER]: Becoming Follower/Learner. State: Replica: f063f40f9f714d2fb4cf81d9c55f7060, State: Initialized, Role: FOLLOWER
I0403 04:30:24.474655 6029 consensus_queue.cc:229] T 84ede476321c49838fbfa25edee8f88b P f063f40f9f714d2fb4cf81d9c55f7060 [NON_LEADER]: Queue going to NON_LEADER mode. State: All replicated index: 0, Majority replicated index: 0, Committed index: 0, Last appended: 0.0, Last appended by leader: 0, Current term: 0, Majority size: -1, State: 0, Mode: NON_LEADER, active raft config: opid_index: -1 OBSOLETE_local: true peers { permanent_uuid: "f063f40f9f714d2fb4cf81d9c55f7060" member_type: VOTER last_known_addr { host: "127.3.136.65" port: 45421 } }
I0403 04:30:24.474772 6029 raft_consensus.cc:380] T 84ede476321c49838fbfa25edee8f88b P f063f40f9f714d2fb4cf81d9c55f7060 [term 0 FOLLOWER]: Only one voter in the Raft config. Triggering election immediately
I0403 04:30:24.474817 6029 raft_consensus.cc:472] T 84ede476321c49838fbfa25edee8f88b P f063f40f9f714d2fb4cf81d9c55f7060 [term 0 FOLLOWER]: Starting leader election (initial election of a single-replica configuration)
I0403 04:30:24.474880 6029 raft_consensus.cc:2886] T 84ede476321c49838fbfa25edee8f88b P f063f40f9f714d2fb4cf81d9c55f7060 [term 0 FOLLOWER]: Advancing to term 1
I0403 04:30:24.476310 6029 raft_consensus.cc:494] T 84ede476321c49838fbfa25edee8f88b P f063f40f9f714d2fb4cf81d9c55f7060 [term 1 FOLLOWER]: Starting leader election with config: opid_index: -1 OBSOLETE_local: true peers { permanent_uuid: "f063f40f9f714d2fb4cf81d9c55f7060" member_type: VOTER last_known_addr { host: "127.3.136.65" port: 45421 } }
I0403 04:30:24.476564 6029 leader_election.cc:310] T 84ede476321c49838fbfa25edee8f88b P f063f40f9f714d2fb4cf81d9c55f7060 [CANDIDATE]: Term 1 election: Election decided. Result: candidate won. Election summary: received 1 responses out of 1 voters: 1 yes votes; 0 no votes. yes voters: f063f40f9f714d2fb4cf81d9c55f7060; no voters:
I0403 04:30:24.476786 6029 leader_election.cc:296] T 84ede476321c49838fbfa25edee8f88b P f063f40f9f714d2fb4cf81d9c55f7060 [CANDIDATE]: Term 1 election: Requested vote from peers
I0403 04:30:24.476887 6032 raft_consensus.cc:2640] T 84ede476321c49838fbfa25edee8f88b P f063f40f9f714d2fb4cf81d9c55f7060 [term 1 FOLLOWER]: Leader election won for term 1
I0403 04:30:24.477068 6032 raft_consensus.cc:667] T 84ede476321c49838fbfa25edee8f88b P f063f40f9f714d2fb4cf81d9c55f7060 [term 1 LEADER]: Becoming Leader. State: Replica: f063f40f9f714d2fb4cf81d9c55f7060, State: Running, Role: LEADER
I0403 04:30:24.477258 6032 consensus_queue.cc:206] T 84ede476321c49838fbfa25edee8f88b P f063f40f9f714d2fb4cf81d9c55f7060 [LEADER]: Queue going to LEADER mode. State: All replicated index: 0, Majority replicated index: 0, Committed index: 0, Last appended: 0.0, Last appended by leader: 0, Current term: 1, Majority size: 1, State: 0, Mode: LEADER, active raft config: opid_index: -1 OBSOLETE_local: true peers { permanent_uuid: "f063f40f9f714d2fb4cf81d9c55f7060" member_type: VOTER last_known_addr { host: "127.3.136.65" port: 45421 } }
I0403 04:30:24.477394 6029 ts_tablet_manager.cc:1081] T 84ede476321c49838fbfa25edee8f88b P f063f40f9f714d2fb4cf81d9c55f7060: Time spent starting tablet: real 0.003s user 0.003s sys 0.000s
I0403 04:30:24.478735 5847 catalog_manager.cc:3977] T 84ede476321c49838fbfa25edee8f88b P f063f40f9f714d2fb4cf81d9c55f7060 reported cstate change: term changed from 0 to 1, leader changed from to f063f40f9f714d2fb4cf81d9c55f7060 (127.3.136.65). New cstate: current_term: 1 leader_uuid: "f063f40f9f714d2fb4cf81d9c55f7060" committed_config { opid_index: -1 OBSOLETE_local: true peers { permanent_uuid: "f063f40f9f714d2fb4cf81d9c55f7060" member_type: VOTER last_known_addr { host: "127.3.136.65" port: 45421 } health_report { overall_health: HEALTHY } } }
I0403 04:30:24.481873 3617 test_util.cc:212] Using random seed: -1235562114
I0403 04:30:24.490355 5846 catalog_manager.cc:1416] Servicing CreateTable request from {username='slave'} at 127.0.0.1:49154: name: "kudu.table_6" schema { columns { name: "key" type: INT32 is_key: true is_nullable: false encoding: AUTO_ENCODING compression: DEFAULT_COMPRESSION cfile_block_size: 0 } columns { name: "int_val" type: INT32 is_key: false is_nullable: false encoding: AUTO_ENCODING compression: DEFAULT_COMPRESSION cfile_block_size: 0 } columns { name: "string_val" type: STRING is_key: false is_nullable: true encoding: AUTO_ENCODING compression: DEFAULT_COMPRESSION cfile_block_size: 0 } } num_replicas: 1 split_rows_range_bounds { } partition_schema { range_schema { columns { name: "key" } } }
I0403 04:30:24.495470 5948 tablet_service.cc:1006] Processing CreateTablet for tablet 3048dfdbf20548b8bbd866066c7563d9 (table=kudu.table_6 [id=cbf25ed6f4b34b9f8774faf12344cd54]), partition=RANGE (key) PARTITION UNBOUNDED
I0403 04:30:24.495790 5948 data_dirs.cc:938] Could only allocate 1 dirs of requested 3 for tablet 3048dfdbf20548b8bbd866066c7563d9. 1 dirs total, 0 dirs full, 0 dirs failed
I0403 04:30:24.499538 6029 tablet_bootstrap.cc:439] T 3048dfdbf20548b8bbd866066c7563d9 P f063f40f9f714d2fb4cf81d9c55f7060: Bootstrap starting.
I0403 04:30:24.500670 6029 tablet_bootstrap.cc:590] T 3048dfdbf20548b8bbd866066c7563d9 P f063f40f9f714d2fb4cf81d9c55f7060: No blocks or log segments found. Creating new log.
I0403 04:30:24.502436 6029 tablet_bootstrap.cc:439] T 3048dfdbf20548b8bbd866066c7563d9 P f063f40f9f714d2fb4cf81d9c55f7060: No bootstrap required, opened a new log
I0403 04:30:24.502559 6029 ts_tablet_manager.cc:1053] T 3048dfdbf20548b8bbd866066c7563d9 P f063f40f9f714d2fb4cf81d9c55f7060: Time spent bootstrapping tablet: real 0.003s user 0.002s sys 0.000s
I0403 04:30:24.503166 6029 raft_consensus.cc:340] T 3048dfdbf20548b8bbd866066c7563d9 P f063f40f9f714d2fb4cf81d9c55f7060 [term 0 FOLLOWER]: Replica starting. Triggering 0 pending transactions. Active config: opid_index: -1 OBSOLETE_local: true peers { permanent_uuid: "f063f40f9f714d2fb4cf81d9c55f7060" member_type: VOTER last_known_addr { host: "127.3.136.65" port: 45421 } }
I0403 04:30:24.503290 6029 raft_consensus.cc:366] T 3048dfdbf20548b8bbd866066c7563d9 P f063f40f9f714d2fb4cf81d9c55f7060 [term 0 FOLLOWER]: Consensus starting up: Expiring failure detector timer to make a prompt election more likely
I0403 04:30:24.503362 6029 raft_consensus.cc:705] T 3048dfdbf20548b8bbd866066c7563d9 P f063f40f9f714d2fb4cf81d9c55f7060 [term 0 FOLLOWER]: Becoming Follower/Learner. State: Replica: f063f40f9f714d2fb4cf81d9c55f7060, State: Initialized, Role: FOLLOWER
I0403 04:30:24.503533 6029 consensus_queue.cc:229] T 3048dfdbf20548b8bbd866066c7563d9 P f063f40f9f714d2fb4cf81d9c55f7060 [NON_LEADER]: Queue going to NON_LEADER mode. State: All replicated index: 0, Majority replicated index: 0, Committed index: 0, Last appended: 0.0, Last appended by leader: 0, Current term: 0, Majority size: -1, State: 0, Mode: NON_LEADER, active raft config: opid_index: -1 OBSOLETE_local: true peers { permanent_uuid: "f063f40f9f714d2fb4cf81d9c55f7060" member_type: VOTER last_known_addr { host: "127.3.136.65" port: 45421 } }
I0403 04:30:24.503650 6029 raft_consensus.cc:380] T 3048dfdbf20548b8bbd866066c7563d9 P f063f40f9f714d2fb4cf81d9c55f7060 [term 0 FOLLOWER]: Only one voter in the Raft config. Triggering election immediately
I0403 04:30:24.503727 6029 raft_consensus.cc:472] T 3048dfdbf20548b8bbd866066c7563d9 P f063f40f9f714d2fb4cf81d9c55f7060 [term 0 FOLLOWER]: Starting leader election (initial election of a single-replica configuration)
I0403 04:30:24.503800 6029 raft_consensus.cc:2886] T 3048dfdbf20548b8bbd866066c7563d9 P f063f40f9f714d2fb4cf81d9c55f7060 [term 0 FOLLOWER]: Advancing to term 1
I0403 04:30:24.505373 6029 raft_consensus.cc:494] T 3048dfdbf20548b8bbd866066c7563d9 P f063f40f9f714d2fb4cf81d9c55f7060 [term 1 FOLLOWER]: Starting leader election with config: opid_index: -1 OBSOLETE_local: true peers { permanent_uuid: "f063f40f9f714d2fb4cf81d9c55f7060" member_type: VOTER last_known_addr { host: "127.3.136.65" port: 45421 } }
I0403 04:30:24.505570 6029 leader_election.cc:310] T 3048dfdbf20548b8bbd866066c7563d9 P f063f40f9f714d2fb4cf81d9c55f7060 [CANDIDATE]: Term 1 election: Election decided. Result: candidate won. Election summary: received 1 responses out of 1 voters: 1 yes votes; 0 no votes. yes voters: f063f40f9f714d2fb4cf81d9c55f7060; no voters:
I0403 04:30:24.505760 6029 leader_election.cc:296] T 3048dfdbf20548b8bbd866066c7563d9 P f063f40f9f714d2fb4cf81d9c55f7060 [CANDIDATE]: Term 1 election: Requested vote from peers
I0403 04:30:24.505842 6032 raft_consensus.cc:2640] T 3048dfdbf20548b8bbd866066c7563d9 P f063f40f9f714d2fb4cf81d9c55f7060 [term 1 FOLLOWER]: Leader election won for term 1
I0403 04:30:24.506006 6032 raft_consensus.cc:667] T 3048dfdbf20548b8bbd866066c7563d9 P f063f40f9f714d2fb4cf81d9c55f7060 [term 1 LEADER]: Becoming Leader. State: Replica: f063f40f9f714d2fb4cf81d9c55f7060, State: Running, Role: LEADER
I0403 04:30:24.506243 6029 ts_tablet_manager.cc:1081] T 3048dfdbf20548b8bbd866066c7563d9 P f063f40f9f714d2fb4cf81d9c55f7060: Time spent starting tablet: real 0.004s user 0.004s sys 0.000s
I0403 04:30:24.506207 6032 consensus_queue.cc:206] T 3048dfdbf20548b8bbd866066c7563d9 P f063f40f9f714d2fb4cf81d9c55f7060 [LEADER]: Queue going to LEADER mode. State: All replicated index: 0, Majority replicated index: 0, Committed index: 0, Last appended: 0.0, Last appended by leader: 0, Current term: 1, Majority size: 1, State: 0, Mode: LEADER, active raft config: opid_index: -1 OBSOLETE_local: true peers { permanent_uuid: "f063f40f9f714d2fb4cf81d9c55f7060" member_type: VOTER last_known_addr { host: "127.3.136.65" port: 45421 } }
I0403 04:30:24.507912 5846 catalog_manager.cc:3977] T 3048dfdbf20548b8bbd866066c7563d9 P f063f40f9f714d2fb4cf81d9c55f7060 reported cstate change: term changed from 0 to 1, leader changed from to f063f40f9f714d2fb4cf81d9c55f7060 (127.3.136.65). New cstate: current_term: 1 leader_uuid: "f063f40f9f714d2fb4cf81d9c55f7060" committed_config { opid_index: -1 OBSOLETE_local: true peers { permanent_uuid: "f063f40f9f714d2fb4cf81d9c55f7060" member_type: VOTER last_known_addr { host: "127.3.136.65" port: 45421 } health_report { overall_health: HEALTHY } } }
I0403 04:30:24.515787 3617 test_util.cc:212] Using random seed: -1235528019
I0403 04:30:24.524374 5846 catalog_manager.cc:1416] Servicing CreateTable request from {username='slave'} at 127.0.0.1:49156: name: "kudu.table_7" schema { columns { name: "key" type: INT32 is_key: true is_nullable: false encoding: AUTO_ENCODING compression: DEFAULT_COMPRESSION cfile_block_size: 0 } columns { name: "int_val" type: INT32 is_key: false is_nullable: false encoding: AUTO_ENCODING compression: DEFAULT_COMPRESSION cfile_block_size: 0 } columns { name: "string_val" type: STRING is_key: false is_nullable: true encoding: AUTO_ENCODING compression: DEFAULT_COMPRESSION cfile_block_size: 0 } } num_replicas: 1 split_rows_range_bounds { } partition_schema { range_schema { columns { name: "key" } } }
I0403 04:30:24.529444 5948 tablet_service.cc:1006] Processing CreateTablet for tablet 1fb7ce97f33f4d3a998376704b730b56 (table=kudu.table_7 [id=e5a840064854438ebbc87157c7572fba]), partition=RANGE (key) PARTITION UNBOUNDED
I0403 04:30:24.529736 5948 data_dirs.cc:938] Could only allocate 1 dirs of requested 3 for tablet 1fb7ce97f33f4d3a998376704b730b56. 1 dirs total, 0 dirs full, 0 dirs failed
I0403 04:30:24.533031 6029 tablet_bootstrap.cc:439] T 1fb7ce97f33f4d3a998376704b730b56 P f063f40f9f714d2fb4cf81d9c55f7060: Bootstrap starting.
I0403 04:30:24.534128 6029 tablet_bootstrap.cc:590] T 1fb7ce97f33f4d3a998376704b730b56 P f063f40f9f714d2fb4cf81d9c55f7060: No blocks or log segments found. Creating new log.
I0403 04:30:24.535569 6029 tablet_bootstrap.cc:439] T 1fb7ce97f33f4d3a998376704b730b56 P f063f40f9f714d2fb4cf81d9c55f7060: No bootstrap required, opened a new log
I0403 04:30:24.535689 6029 ts_tablet_manager.cc:1053] T 1fb7ce97f33f4d3a998376704b730b56 P f063f40f9f714d2fb4cf81d9c55f7060: Time spent bootstrapping tablet: real 0.003s user 0.002s sys 0.000s
I0403 04:30:24.536327 6029 raft_consensus.cc:340] T 1fb7ce97f33f4d3a998376704b730b56 P f063f40f9f714d2fb4cf81d9c55f7060 [term 0 FOLLOWER]: Replica starting. Triggering 0 pending transactions. Active config: opid_index: -1 OBSOLETE_local: true peers { permanent_uuid: "f063f40f9f714d2fb4cf81d9c55f7060" member_type: VOTER last_known_addr { host: "127.3.136.65" port: 45421 } }
I0403 04:30:24.536432 6029 raft_consensus.cc:366] T 1fb7ce97f33f4d3a998376704b730b56 P f063f40f9f714d2fb4cf81d9c55f7060 [term 0 FOLLOWER]: Consensus starting up: Expiring failure detector timer to make a prompt election more likely
I0403 04:30:24.536500 6029 raft_consensus.cc:705] T 1fb7ce97f33f4d3a998376704b730b56 P f063f40f9f714d2fb4cf81d9c55f7060 [term 0 FOLLOWER]: Becoming Follower/Learner. State: Replica: f063f40f9f714d2fb4cf81d9c55f7060, State: Initialized, Role: FOLLOWER
I0403 04:30:24.536667 6029 consensus_queue.cc:229] T 1fb7ce97f33f4d3a998376704b730b56 P f063f40f9f714d2fb4cf81d9c55f7060 [NON_LEADER]: Queue going to NON_LEADER mode. State: All replicated index: 0, Majority replicated index: 0, Committed index: 0, Last appended: 0.0, Last appended by leader: 0, Current term: 0, Majority size: -1, State: 0, Mode: NON_LEADER, active raft config: opid_index: -1 OBSOLETE_local: true peers { permanent_uuid: "f063f40f9f714d2fb4cf81d9c55f7060" member_type: VOTER last_known_addr { host: "127.3.136.65" port: 45421 } }
I0403 04:30:24.536820 6029 raft_consensus.cc:380] T 1fb7ce97f33f4d3a998376704b730b56 P f063f40f9f714d2fb4cf81d9c55f7060 [term 0 FOLLOWER]: Only one voter in the Raft config. Triggering election immediately
I0403 04:30:24.536892 6029 raft_consensus.cc:472] T 1fb7ce97f33f4d3a998376704b730b56 P f063f40f9f714d2fb4cf81d9c55f7060 [term 0 FOLLOWER]: Starting leader election (initial election of a single-replica configuration)
I0403 04:30:24.536983 6029 raft_consensus.cc:2886] T 1fb7ce97f33f4d3a998376704b730b56 P f063f40f9f714d2fb4cf81d9c55f7060 [term 0 FOLLOWER]: Advancing to term 1
I0403 04:30:24.538442 6029 raft_consensus.cc:494] T 1fb7ce97f33f4d3a998376704b730b56 P f063f40f9f714d2fb4cf81d9c55f7060 [term 1 FOLLOWER]: Starting leader election with config: opid_index: -1 OBSOLETE_local: true peers { permanent_uuid: "f063f40f9f714d2fb4cf81d9c55f7060" member_type: VOTER last_known_addr { host: "127.3.136.65" port: 45421 } }
I0403 04:30:24.538635 6029 leader_election.cc:310] T 1fb7ce97f33f4d3a998376704b730b56 P f063f40f9f714d2fb4cf81d9c55f7060 [CANDIDATE]: Term 1 election: Election decided. Result: candidate won. Election summary: received 1 responses out of 1 voters: 1 yes votes; 0 no votes. yes voters: f063f40f9f714d2fb4cf81d9c55f7060; no voters:
I0403 04:30:24.538847 6029 leader_election.cc:296] T 1fb7ce97f33f4d3a998376704b730b56 P f063f40f9f714d2fb4cf81d9c55f7060 [CANDIDATE]: Term 1 election: Requested vote from peers
I0403 04:30:24.538947 6032 raft_consensus.cc:2640] T 1fb7ce97f33f4d3a998376704b730b56 P f063f40f9f714d2fb4cf81d9c55f7060 [term 1 FOLLOWER]: Leader election won for term 1
I0403 04:30:24.539070 6032 raft_consensus.cc:667] T 1fb7ce97f33f4d3a998376704b730b56 P f063f40f9f714d2fb4cf81d9c55f7060 [term 1 LEADER]: Becoming Leader. State: Replica: f063f40f9f714d2fb4cf81d9c55f7060, State: Running, Role: LEADER
I0403 04:30:24.539239 6032 consensus_queue.cc:206] T 1fb7ce97f33f4d3a998376704b730b56 P f063f40f9f714d2fb4cf81d9c55f7060 [LEADER]: Queue going to LEADER mode. State: All replicated index: 0, Majority replicated index: 0, Committed index: 0, Last appended: 0.0, Last appended by leader: 0, Current term: 1, Majority size: 1, State: 0, Mode: LEADER, active raft config: opid_index: -1 OBSOLETE_local: true peers { permanent_uuid: "f063f40f9f714d2fb4cf81d9c55f7060" member_type: VOTER last_known_addr { host: "127.3.136.65" port: 45421 } }
I0403 04:30:24.539530 6029 ts_tablet_manager.cc:1081] T 1fb7ce97f33f4d3a998376704b730b56 P f063f40f9f714d2fb4cf81d9c55f7060: Time spent starting tablet: real 0.004s user 0.004s sys 0.000s
I0403 04:30:24.546473 5846 catalog_manager.cc:3977] T 1fb7ce97f33f4d3a998376704b730b56 P f063f40f9f714d2fb4cf81d9c55f7060 reported cstate change: term changed from 0 to 1, leader changed from to f063f40f9f714d2fb4cf81d9c55f7060 (127.3.136.65). New cstate: current_term: 1 leader_uuid: "f063f40f9f714d2fb4cf81d9c55f7060" committed_config { opid_index: -1 OBSOLETE_local: true peers { permanent_uuid: "f063f40f9f714d2fb4cf81d9c55f7060" member_type: VOTER last_known_addr { host: "127.3.136.65" port: 45421 } health_report { overall_health: HEALTHY } } }
I0403 04:30:24.555002 3617 test_util.cc:212] Using random seed: -1235489001
I0403 04:30:24.563328 5846 catalog_manager.cc:1416] Servicing CreateTable request from {username='slave'} at 127.0.0.1:49158: name: "kudu.table_8" schema { columns { name: "key" type: INT32 is_key: true is_nullable: false encoding: AUTO_ENCODING compression: DEFAULT_COMPRESSION cfile_block_size: 0 } columns { name: "int_val" type: INT32 is_key: false is_nullable: false encoding: AUTO_ENCODING compression: DEFAULT_COMPRESSION cfile_block_size: 0 } columns { name: "string_val" type: STRING is_key: false is_nullable: true encoding: AUTO_ENCODING compression: DEFAULT_COMPRESSION cfile_block_size: 0 } } num_replicas: 1 split_rows_range_bounds { } partition_schema { range_schema { columns { name: "key" } } }
I0403 04:30:24.568464 5948 tablet_service.cc:1006] Processing CreateTablet for tablet 7065522f378740e99f4f590c37fcea3d (table=kudu.table_8 [id=e5754b739c7e4ecfa21a8faf9d69affc]), partition=RANGE (key) PARTITION UNBOUNDED
I0403 04:30:24.568751 5948 data_dirs.cc:938] Could only allocate 1 dirs of requested 3 for tablet 7065522f378740e99f4f590c37fcea3d. 1 dirs total, 0 dirs full, 0 dirs failed
I0403 04:30:24.572165 6029 tablet_bootstrap.cc:439] T 7065522f378740e99f4f590c37fcea3d P f063f40f9f714d2fb4cf81d9c55f7060: Bootstrap starting.
I0403 04:30:24.573346 6029 tablet_bootstrap.cc:590] T 7065522f378740e99f4f590c37fcea3d P f063f40f9f714d2fb4cf81d9c55f7060: No blocks or log segments found. Creating new log.
I0403 04:30:24.574913 6029 tablet_bootstrap.cc:439] T 7065522f378740e99f4f590c37fcea3d P f063f40f9f714d2fb4cf81d9c55f7060: No bootstrap required, opened a new log
I0403 04:30:24.575057 6029 ts_tablet_manager.cc:1053] T 7065522f378740e99f4f590c37fcea3d P f063f40f9f714d2fb4cf81d9c55f7060: Time spent bootstrapping tablet: real 0.003s user 0.002s sys 0.000s
