I0403 04:30:18.547088 5299 consensus_queue.cc:229] T 42a8d1f034a14a309ea38db4ae424e03 P c5eb563f0f254100b5e86c37ec5229bb [NON_LEADER]: Queue going to NON_LEADER mode. State: All replicated index: 0, Majority replicated index: 0, Committed index: 0, Last appended: 0.0, Last appended by leader: 0, Current term: 0, Majority size: -1, State: 0, Mode: NON_LEADER, active raft config: opid_index: -1 OBSOLETE_local: false peers { permanent_uuid: "e94ae8064c284fceb0d8ce973d21b48e" member_type: VOTER last_known_addr { host: "dist-test-slave-dist-test-slave-1l7r" port: 34339 } } peers { permanent_uuid: "71eb4565f22f4adfb6690d16bf8df52e" member_type: VOTER last_known_addr { host: "dist-test-slave-dist-test-slave-1l7r" port: 33395 } } peers { permanent_uuid: "c5eb563f0f254100b5e86c37ec5229bb" member_type: VOTER last_known_addr { host: "dist-test-slave-dist-test-slave-1l7r" port: 41331 } }
I0403 04:30:18.547338 5300 consensus_queue.cc:229] T 60f7d94f6b1e4ed5b6f3d1527c8e07b3 P 71eb4565f22f4adfb6690d16bf8df52e [NON_LEADER]: Queue going to NON_LEADER mode. State: All replicated index: 0, Majority replicated index: 0, Committed index: 0, Last appended: 0.0, Last appended by leader: 0, Current term: 0, Majority size: -1, State: 0, Mode: NON_LEADER, active raft config: opid_index: -1 OBSOLETE_local: false peers { permanent_uuid: "71eb4565f22f4adfb6690d16bf8df52e" member_type: VOTER last_known_addr { host: "dist-test-slave-dist-test-slave-1l7r" port: 33395 } } peers { permanent_uuid: "e94ae8064c284fceb0d8ce973d21b48e" member_type: VOTER last_known_addr { host: "dist-test-slave-dist-test-slave-1l7r" port: 34339 } } peers { permanent_uuid: "c5eb563f0f254100b5e86c37ec5229bb" member_type: VOTER last_known_addr { host: "dist-test-slave-dist-test-slave-1l7r" port: 41331 } }
I0403 04:30:18.547922 5300 ts_tablet_manager.cc:1081] T 60f7d94f6b1e4ed5b6f3d1527c8e07b3 P 71eb4565f22f4adfb6690d16bf8df52e: Time spent starting tablet: real 0.001s user 0.000s sys 0.000s
I0403 04:30:18.548735 5299 ts_tablet_manager.cc:1081] T 42a8d1f034a14a309ea38db4ae424e03 P c5eb563f0f254100b5e86c37ec5229bb: Time spent starting tablet: real 0.003s user 0.001s sys 0.000s
I0403 04:30:18.548954 5299 tablet_bootstrap.cc:439] T c2d1395ec3654af19c5e2d22f35c7852 P c5eb563f0f254100b5e86c37ec5229bb: Bootstrap starting.
I0403 04:30:18.550393 5299 tablet_bootstrap.cc:590] T c2d1395ec3654af19c5e2d22f35c7852 P c5eb563f0f254100b5e86c37ec5229bb: No blocks or log segments found. Creating new log.
I0403 04:30:18.551652 5299 tablet_bootstrap.cc:439] T c2d1395ec3654af19c5e2d22f35c7852 P c5eb563f0f254100b5e86c37ec5229bb: No bootstrap required, opened a new log
I0403 04:30:18.551775 5299 ts_tablet_manager.cc:1053] T c2d1395ec3654af19c5e2d22f35c7852 P c5eb563f0f254100b5e86c37ec5229bb: Time spent bootstrapping tablet: real 0.003s user 0.002s sys 0.000s
I0403 04:30:18.552237 5299 raft_consensus.cc:340] T c2d1395ec3654af19c5e2d22f35c7852 P c5eb563f0f254100b5e86c37ec5229bb [term 0 FOLLOWER]: Replica starting. Triggering 0 pending transactions. Active config: opid_index: -1 OBSOLETE_local: false peers { permanent_uuid: "e94ae8064c284fceb0d8ce973d21b48e" member_type: VOTER last_known_addr { host: "dist-test-slave-dist-test-slave-1l7r" port: 34339 } } peers { permanent_uuid: "71eb4565f22f4adfb6690d16bf8df52e" member_type: VOTER last_known_addr { host: "dist-test-slave-dist-test-slave-1l7r" port: 33395 } } peers { permanent_uuid: "c5eb563f0f254100b5e86c37ec5229bb" member_type: VOTER last_known_addr { host: "dist-test-slave-dist-test-slave-1l7r" port: 41331 } }
I0403 04:30:18.552425 5299 raft_consensus.cc:705] T c2d1395ec3654af19c5e2d22f35c7852 P c5eb563f0f254100b5e86c37ec5229bb [term 0 FOLLOWER]: Becoming Follower/Learner. State: Replica: c5eb563f0f254100b5e86c37ec5229bb, State: Initialized, Role: FOLLOWER
I0403 04:30:18.552546 5299 consensus_queue.cc:229] T c2d1395ec3654af19c5e2d22f35c7852 P c5eb563f0f254100b5e86c37ec5229bb [NON_LEADER]: Queue going to NON_LEADER mode. State: All replicated index: 0, Majority replicated index: 0, Committed index: 0, Last appended: 0.0, Last appended by leader: 0, Current term: 0, Majority size: -1, State: 0, Mode: NON_LEADER, active raft config: opid_index: -1 OBSOLETE_local: false peers { permanent_uuid: "e94ae8064c284fceb0d8ce973d21b48e" member_type: VOTER last_known_addr { host: "dist-test-slave-dist-test-slave-1l7r" port: 34339 } } peers { permanent_uuid: "71eb4565f22f4adfb6690d16bf8df52e" member_type: VOTER last_known_addr { host: "dist-test-slave-dist-test-slave-1l7r" port: 33395 } } peers { permanent_uuid: "c5eb563f0f254100b5e86c37ec5229bb" member_type: VOTER last_known_addr { host: "dist-test-slave-dist-test-slave-1l7r" port: 41331 } }
I0403 04:30:18.552928 5299 ts_tablet_manager.cc:1081] T c2d1395ec3654af19c5e2d22f35c7852 P c5eb563f0f254100b5e86c37ec5229bb: Time spent starting tablet: real 0.001s user 0.000s sys 0.000s
W0403 04:30:18.626739 5035 tablet.cc:1786] T 42a8d1f034a14a309ea38db4ae424e03 P e94ae8064c284fceb0d8ce973d21b48e: Can't schedule compaction. Clean time has not been advanced past its initial value.
W0403 04:30:18.638638 5158 tablet.cc:1786] T 42a8d1f034a14a309ea38db4ae424e03 P 71eb4565f22f4adfb6690d16bf8df52e: Can't schedule compaction. Clean time has not been advanced past its initial value.
W0403 04:30:18.662583 5280 tablet.cc:1786] T 42a8d1f034a14a309ea38db4ae424e03 P c5eb563f0f254100b5e86c37ec5229bb: Can't schedule compaction. Clean time has not been advanced past its initial value.
W0403 04:30:18.848856 5333 ts_tablet_manager.cc:474] T 60f7d94f6b1e4ed5b6f3d1527c8e07b3 P 71eb4565f22f4adfb6690d16bf8df52e: Tablet Copy: Invalid argument: Leader has replica of tablet 60f7d94f6b1e4ed5b6f3d1527c8e07b3 with term -1, which is lower than last-logged term 0 on local replica. Rejecting tablet copy request
I0403 04:30:19.169631 5333 tablet_replica.cc:264] T 60f7d94f6b1e4ed5b6f3d1527c8e07b3 P 71eb4565f22f4adfb6690d16bf8df52e: stopping tablet replica
I0403 04:30:19.169984 5333 raft_consensus.cc:2143] T 60f7d94f6b1e4ed5b6f3d1527c8e07b3 P 71eb4565f22f4adfb6690d16bf8df52e [term 0 FOLLOWER]: Raft consensus shutting down.
I0403 04:30:19.170264 5333 raft_consensus.cc:2170] T 60f7d94f6b1e4ed5b6f3d1527c8e07b3 P 71eb4565f22f4adfb6690d16bf8df52e [term 0 FOLLOWER]: Raft consensus is shut down!
I0403 04:30:19.171346 5333 ts_tablet_manager.cc:1377] T 60f7d94f6b1e4ed5b6f3d1527c8e07b3 P 71eb4565f22f4adfb6690d16bf8df52e: Deleting tablet data with delete state TABLET_DATA_TOMBSTONED
I0403 04:30:19.174885 5333 ts_tablet_manager.cc:1390] T 60f7d94f6b1e4ed5b6f3d1527c8e07b3 P 71eb4565f22f4adfb6690d16bf8df52e: tablet deleted with delete type TABLET_DATA_TOMBSTONED: last-logged OpId 0.0
I0403 04:30:19.174998 5333 log.cc:990] T 60f7d94f6b1e4ed5b6f3d1527c8e07b3 P 71eb4565f22f4adfb6690d16bf8df52e: Deleting WAL directory at /tmp/dist-test-tasks9LKQH/test-tmp/kudu-tool-test.0.ToolTest.TestRemoteReplicaCopy.1554265799459872-3617/minicluster-data/ts-1/wal/wals/60f7d94f6b1e4ed5b6f3d1527c8e07b3
I0403 04:30:19.175424 5333 ts_tablet_manager.cc:676] T 60f7d94f6b1e4ed5b6f3d1527c8e07b3 P 71eb4565f22f4adfb6690d16bf8df52e: Initiating tablet copy from peer e94ae8064c284fceb0d8ce973d21b48e (dist-test-slave-dist-test-slave-1l7r:34339)
I0403 04:30:19.175771 5333 tablet_copy_client.cc:240] T 60f7d94f6b1e4ed5b6f3d1527c8e07b3 P 71eb4565f22f4adfb6690d16bf8df52e: tablet copy: Beginning tablet copy session from remote peer at address dist-test-slave-dist-test-slave-1l7r:34339
I0403 04:30:19.181224 5011 tablet_copy_service.cc:135] P e94ae8064c284fceb0d8ce973d21b48e: Received BeginTabletCopySession request for tablet 60f7d94f6b1e4ed5b6f3d1527c8e07b3 from peer 71eb4565f22f4adfb6690d16bf8df52e ({username='slave'} at 172.17.0.2:34839)
I0403 04:30:19.181401 5011 tablet_copy_service.cc:156] P e94ae8064c284fceb0d8ce973d21b48e: Beginning new tablet copy session on tablet 60f7d94f6b1e4ed5b6f3d1527c8e07b3 from peer 71eb4565f22f4adfb6690d16bf8df52e at {username='slave'} at 172.17.0.2:34839: session id = 71eb4565f22f4adfb6690d16bf8df52e-60f7d94f6b1e4ed5b6f3d1527c8e07b3
I0403 04:30:19.184103 5011 tablet_copy_source_session.cc:202] T 60f7d94f6b1e4ed5b6f3d1527c8e07b3 P e94ae8064c284fceb0d8ce973d21b48e: Tablet Copy: opened 0 blocks and 1 log segments
I0403 04:30:19.185376 5333 ts_tablet_manager.cc:1377] T 60f7d94f6b1e4ed5b6f3d1527c8e07b3 P 71eb4565f22f4adfb6690d16bf8df52e: Deleting tablet data with delete state TABLET_DATA_COPYING
I0403 04:30:19.188556 5333 ts_tablet_manager.cc:1390] T 60f7d94f6b1e4ed5b6f3d1527c8e07b3 P 71eb4565f22f4adfb6690d16bf8df52e: tablet deleted with delete type TABLET_DATA_COPYING: last-logged OpId 0.0
I0403 04:30:19.188750 5333 data_dirs.cc:938] Could only allocate 1 dirs of requested 3 for tablet 60f7d94f6b1e4ed5b6f3d1527c8e07b3. 1 dirs total, 0 dirs full, 0 dirs failed
I0403 04:30:19.190642 5333 tablet_copy_client.cc:575] T 60f7d94f6b1e4ed5b6f3d1527c8e07b3 P 71eb4565f22f4adfb6690d16bf8df52e: tablet copy: Starting download of 0 data blocks...
I0403 04:30:19.190783 5333 tablet_copy_client.cc:538] T 60f7d94f6b1e4ed5b6f3d1527c8e07b3 P 71eb4565f22f4adfb6690d16bf8df52e: tablet copy: Starting download of 1 WAL segments...
I0403 04:30:19.192386 5333 tablet_copy_client.cc:414] T 60f7d94f6b1e4ed5b6f3d1527c8e07b3 P 71eb4565f22f4adfb6690d16bf8df52e: tablet copy: Tablet Copy complete. Replacing tablet superblock.
I0403 04:30:19.194384 5333 tablet_bootstrap.cc:439] T 60f7d94f6b1e4ed5b6f3d1527c8e07b3 P 71eb4565f22f4adfb6690d16bf8df52e: Bootstrap starting.
I0403 04:30:19.198493 5333 tablet_bootstrap.cc:439] T 60f7d94f6b1e4ed5b6f3d1527c8e07b3 P 71eb4565f22f4adfb6690d16bf8df52e: Bootstrap replayed 1/1 log segments. Stats: ops{read=0 overwritten=0 applied=0 ignored=0} inserts{seen=0 ignored=0} mutations{seen=0 ignored=0} orphaned_commits=0. Pending: 0 replicates
I0403 04:30:19.198863 5333 tablet_bootstrap.cc:439] T 60f7d94f6b1e4ed5b6f3d1527c8e07b3 P 71eb4565f22f4adfb6690d16bf8df52e: Bootstrap complete.
I0403 04:30:19.199062 5333 ts_tablet_manager.cc:1053] T 60f7d94f6b1e4ed5b6f3d1527c8e07b3 P 71eb4565f22f4adfb6690d16bf8df52e: Time spent bootstrapping tablet: real 0.005s user 0.003s sys 0.000s
I0403 04:30:19.199862 5333 raft_consensus.cc:340] T 60f7d94f6b1e4ed5b6f3d1527c8e07b3 P 71eb4565f22f4adfb6690d16bf8df52e [term 0 FOLLOWER]: Replica starting. Triggering 0 pending transactions. Active config: opid_index: -1 OBSOLETE_local: false peers { permanent_uuid: "71eb4565f22f4adfb6690d16bf8df52e" member_type: VOTER last_known_addr { host: "dist-test-slave-dist-test-slave-1l7r" port: 33395 } } peers { permanent_uuid: "e94ae8064c284fceb0d8ce973d21b48e" member_type: VOTER last_known_addr { host: "dist-test-slave-dist-test-slave-1l7r" port: 34339 } } peers { permanent_uuid: "c5eb563f0f254100b5e86c37ec5229bb" member_type: VOTER last_known_addr { host: "dist-test-slave-dist-test-slave-1l7r" port: 41331 } }
I0403 04:30:19.200134 5333 raft_consensus.cc:705] T 60f7d94f6b1e4ed5b6f3d1527c8e07b3 P 71eb4565f22f4adfb6690d16bf8df52e [term 0 FOLLOWER]: Becoming Follower/Learner. State: Replica: 71eb4565f22f4adfb6690d16bf8df52e, State: Initialized, Role: FOLLOWER
I0403 04:30:19.200302 5333 consensus_queue.cc:229] T 60f7d94f6b1e4ed5b6f3d1527c8e07b3 P 71eb4565f22f4adfb6690d16bf8df52e [NON_LEADER]: Queue going to NON_LEADER mode. State: All replicated index: 0, Majority replicated index: 0, Committed index: 0, Last appended: 0.0, Last appended by leader: 0, Current term: 0, Majority size: -1, State: 0, Mode: NON_LEADER, active raft config: opid_index: -1 OBSOLETE_local: false peers { permanent_uuid: "71eb4565f22f4adfb6690d16bf8df52e" member_type: VOTER last_known_addr { host: "dist-test-slave-dist-test-slave-1l7r" port: 33395 } } peers { permanent_uuid: "e94ae8064c284fceb0d8ce973d21b48e" member_type: VOTER last_known_addr { host: "dist-test-slave-dist-test-slave-1l7r" port: 34339 } } peers { permanent_uuid: "c5eb563f0f254100b5e86c37ec5229bb" member_type: VOTER last_known_addr { host: "dist-test-slave-dist-test-slave-1l7r" port: 41331 } }
I0403 04:30:19.201229 5333 ts_tablet_manager.cc:1081] T 60f7d94f6b1e4ed5b6f3d1527c8e07b3 P 71eb4565f22f4adfb6690d16bf8df52e: Time spent starting tablet: real 0.002s user 0.002s sys 0.001s
I0403 04:30:19.202093 5011 tablet_copy_service.cc:325] P e94ae8064c284fceb0d8ce973d21b48e: Request end of tablet copy session 71eb4565f22f4adfb6690d16bf8df52e-60f7d94f6b1e4ed5b6f3d1527c8e07b3 received from {username='slave'} at 172.17.0.2:34839
I0403 04:30:19.202235 5011 tablet_copy_service.cc:413] P e94ae8064c284fceb0d8ce973d21b48e: ending tablet copy session 71eb4565f22f4adfb6690d16bf8df52e-60f7d94f6b1e4ed5b6f3d1527c8e07b3 on tablet 60f7d94f6b1e4ed5b6f3d1527c8e07b3 with peer 71eb4565f22f4adfb6690d16bf8df52e
I0403 04:30:19.242547 5092 tablet_service.cc:1047] Processing DeleteTablet for tablet 42a8d1f034a14a309ea38db4ae424e03 with delete_type TABLET_DATA_TOMBSTONED from {username='slave'} at 172.17.0.2:34478
I0403 04:30:19.246295 5359 tablet_replica.cc:264] T 42a8d1f034a14a309ea38db4ae424e03 P 71eb4565f22f4adfb6690d16bf8df52e: stopping tablet replica
I0403 04:30:19.246498 5359 raft_consensus.cc:2143] T 42a8d1f034a14a309ea38db4ae424e03 P 71eb4565f22f4adfb6690d16bf8df52e [term 0 FOLLOWER]: Raft consensus shutting down.
I0403 04:30:19.246691 5359 raft_consensus.cc:2170] T 42a8d1f034a14a309ea38db4ae424e03 P 71eb4565f22f4adfb6690d16bf8df52e [term 0 FOLLOWER]: Raft consensus is shut down!
I0403 04:30:19.247416 5359 ts_tablet_manager.cc:1377] T 42a8d1f034a14a309ea38db4ae424e03 P 71eb4565f22f4adfb6690d16bf8df52e: Deleting tablet data with delete state TABLET_DATA_TOMBSTONED
I0403 04:30:19.250975 5359 ts_tablet_manager.cc:1390] T 42a8d1f034a14a309ea38db4ae424e03 P 71eb4565f22f4adfb6690d16bf8df52e: tablet deleted with delete type TABLET_DATA_TOMBSTONED: last-logged OpId 0.0
I0403 04:30:19.251055 5359 log.cc:990] T 42a8d1f034a14a309ea38db4ae424e03 P 71eb4565f22f4adfb6690d16bf8df52e: Deleting WAL directory at /tmp/dist-test-tasks9LKQH/test-tmp/kudu-tool-test.0.ToolTest.TestRemoteReplicaCopy.1554265799459872-3617/minicluster-data/ts-1/wal/wals/42a8d1f034a14a309ea38db4ae424e03
I0403 04:30:19.251869 3617 external_mini_cluster.cc:1172] Attempting to check leaks for /tmp/dist-test-tasks9LKQH/build/asan/bin/kudu-tserver pid 5038
I0403 04:30:19.252661 5154 generic_service.cc:171] Checking for leaks (request via RPC)
I0403 04:30:19.307423 3617 external_mini_cluster.cc:1131] Killing /tmp/dist-test-tasks9LKQH/build/asan/bin/kudu-tserver with pid 5038
I0403 04:30:19.606496 3617 external_mini_cluster.cc:933] Running /tmp/dist-test-tasks9LKQH/build/asan/bin/kudu-tserver /tmp/dist-test-tasks9LKQH/build/asan/bin/kudu-tserver --fs_wal_dir=/tmp/dist-test-tasks9LKQH/test-tmp/kudu-tool-test.0.ToolTest.TestRemoteReplicaCopy.1554265799459872-3617/minicluster-data/ts-1/wal --fs_data_dirs=/tmp/dist-test-tasks9LKQH/test-tmp/kudu-tool-test.0.ToolTest.TestRemoteReplicaCopy.1554265799459872-3617/minicluster-data/ts-1/data --block_manager=log --rpc_bind_addresses=0.0.0.0:33395 --local_ip_for_outbound_sockets=0.0.0.0 --webserver_port=39269 --webserver_interface=0.0.0.0 --tserver_master_addrs=dist-test-slave-dist-test-slave-1l7r:42049 --never_fsync --ipki_server_key_size=1024 --enable_minidumps=false --redact=none --metrics_log_interval_ms=1000 --logtostderr --logbuflevel=-1 --log_dir=/tmp/dist-test-tasks9LKQH/test-tmp/kudu-tool-test.0.ToolTest.TestRemoteReplicaCopy.1554265799459872-3617/minicluster-data/ts-1/logs --server_dump_info_path=/tmp/dist-test-tasks9LKQH/test-tmp/kudu-tool-test.0.ToolTest.TestRemoteReplicaCopy.1554265799459872-3617/minicluster-data/ts-1/data/info.pb --server_dump_info_format=pb --rpc_server_allow_ephemeral_ports --unlock_experimental_flags --unlock_unsafe_flags --enable_leader_failure_detection=false with env {} WARNING: Logging before InitGoogleLogging() is written to STDERR
W0403 04:30:19.746788 5369 flags.cc:406] Enabled unsafe flag: --enable_leader_failure_detection=false
W0403 04:30:19.747012 5369 flags.cc:406] Enabled unsafe flag: --rpc_server_allow_ephemeral_ports=true
W0403 04:30:19.747123 5369 flags.cc:406] Enabled unsafe flag: --never_fsync=true
W0403 04:30:19.749495 5369 flags.cc:406] Enabled experimental flag: --ipki_server_key_size=1024
W0403 04:30:19.749634 5369 flags.cc:406] Enabled experimental flag: --local_ip_for_outbound_sockets=0.0.0.0
I0403 04:30:19.753551 5369 tablet_server_main.cc:78] Tablet server non-default flags: --enable_leader_failure_detection=false --fs_data_dirs=/tmp/dist-test-tasks9LKQH/test-tmp/kudu-tool-test.0.ToolTest.TestRemoteReplicaCopy.1554265799459872-3617/minicluster-data/ts-1/data --fs_wal_dir=/tmp/dist-test-tasks9LKQH/test-tmp/kudu-tool-test.0.ToolTest.TestRemoteReplicaCopy.1554265799459872-3617/minicluster-data/ts-1/wal --ipki_server_key_size=1024 --rpc_bind_addresses=0.0.0.0:33395 --rpc_server_allow_ephemeral_ports=true --metrics_log_interval_ms=1000 --server_dump_info_format=pb --server_dump_info_path=/tmp/dist-test-tasks9LKQH/test-tmp/kudu-tool-test.0.ToolTest.TestRemoteReplicaCopy.1554265799459872-3617/minicluster-data/ts-1/data/info.pb --webserver_interface=0.0.0.0 --webserver_port=39269 --tserver_master_addrs=dist-test-slave-dist-test-slave-1l7r:42049 --never_fsync=true --redact=none --unlock_experimental_flags=true --unlock_unsafe_flags=true --enable_minidumps=false --local_ip_for_outbound_sockets=0.0.0.0 --log_dir=/tmp/dist-test-tasks9LKQH/test-tmp/kudu-tool-test.0.ToolTest.TestRemoteReplicaCopy.1554265799459872-3617/minicluster-data/ts-1/logs --logbuflevel=-1 --logtostderr=true Tablet server version: kudu 1.10.0-cdh6.x-SNAPSHOT revision 0352bd622196e5ae299faf22e5564590d013ed73 build type FASTDEBUG built by jenkins at 02 Apr 2019 20:47:09 PST on quasar-daxdrg-1.vpc.cloudera.com build id 302510 ASAN enabled
I0403 04:30:19.761885 5369 system_ntp.cc:199] NTP initialized. Skew: 500ppm Current error: 211635us
I0403 04:30:19.762502 5369 fs_manager.cc:263] Metadata directory not provided
I0403 04:30:19.762573 5369 fs_manager.cc:269] Using write-ahead log directory (fs_wal_dir) as metadata directory
I0403 04:30:19.767637 5369 fs_manager.cc:399] Time spent opening directory manager: real 0.004s user 0.004s sys 0.001s
I0403 04:30:19.768296 5369 env_posix.cc:1676] Not raising this process' open files per process limit of 1048576; it is already as high as it can go
I0403 04:30:19.768811 5369 file_cache.cc:466] Constructed file cache lbm with capacity 419430
I0403 04:30:19.771468 5369 fs_manager.cc:419] Time spent opening block manager: real 0.002s user 0.001s sys 0.000s
I0403 04:30:19.771551 5369 fs_manager.cc:436] Opened local filesystem: /tmp/dist-test-tasks9LKQH/test-tmp/kudu-tool-test.0.ToolTest.TestRemoteReplicaCopy.1554265799459872-3617/minicluster-data/ts-1/data,/tmp/dist-test-tasks9LKQH/test-tmp/kudu-tool-test.0.ToolTest.TestRemoteReplicaCopy.1554265799459872-3617/minicluster-data/ts-1/wal uuid: "71eb4565f22f4adfb6690d16bf8df52e" format_stamp: "Formatted at 2019-04-03 04:30:18 on dist-test-slave-dist-test-slave-1l7r"
I0403 04:30:19.772426 5369 fs_report.cc:352] FS layout report -------------------- wal directory: /tmp/dist-test-tasks9LKQH/test-tmp/kudu-tool-test.0.ToolTest.TestRemoteReplicaCopy.1554265799459872-3617/minicluster-data/ts-1/wal metadata directory: /tmp/dist-test-tasks9LKQH/test-tmp/kudu-tool-test.0.ToolTest.TestRemoteReplicaCopy.1554265799459872-3617/minicluster-data/ts-1/wal 1 data directories: /tmp/dist-test-tasks9LKQH/test-tmp/kudu-tool-test.0.ToolTest.TestRemoteReplicaCopy.1554265799459872-3617/minicluster-data/ts-1/data/data Total live blocks: 0 Total live bytes: 0 Total live bytes (after alignment): 0 Total number of LBM containers: 0 (0 full) Did not check for missing blocks Did not check for orphaned blocks Total full LBM containers with extra space: 0 (0 repaired) Total full LBM container extra space in bytes: 0 (0 repaired) Total incomplete LBM containers: 0 (0 repaired) Total LBM partial records: 0 (0 repaired)
I0403 04:30:19.796058 5369 env_posix.cc:1676] Not raising this process' running threads per effective uid limit of 18446744073709551615; it is already as high as it can go
I0403 04:30:19.797719 5369 ts_tablet_manager.cc:344] Loading tablet metadata (0/2 complete)
I0403 04:30:19.804607 5369 ts_tablet_manager.cc:356] Loaded tablet metadata (2 total tablets, 1 live tablets)
I0403 04:30:19.804661 5369 ts_tablet_manager.cc:362] Registering tablets (0/1 complete)
I0403 04:30:19.806494 5369 ts_tablet_manager.cc:376] Registered 1 tablets
I0403 04:30:19.806949 5384 tablet_bootstrap.cc:439] T 60f7d94f6b1e4ed5b6f3d1527c8e07b3 P 71eb4565f22f4adfb6690d16bf8df52e: Bootstrap starting.
I0403 04:30:19.820886 5384 log.cc:525] T 60f7d94f6b1e4ed5b6f3d1527c8e07b3 P 71eb4565f22f4adfb6690d16bf8df52e: Log is configured to *not* fsync() on all Append() calls
I0403 04:30:19.823218 5384 tablet_bootstrap.cc:439] T 60f7d94f6b1e4ed5b6f3d1527c8e07b3 P 71eb4565f22f4adfb6690d16bf8df52e: Bootstrap replayed 1/1 log segments. Stats: ops{read=0 overwritten=0 applied=0 ignored=0} inserts{seen=0 ignored=0} mutations{seen=0 ignored=0} orphaned_commits=0. Pending: 0 replicates
I0403 04:30:19.823623 5384 tablet_bootstrap.cc:439] T 60f7d94f6b1e4ed5b6f3d1527c8e07b3 P 71eb4565f22f4adfb6690d16bf8df52e: Bootstrap complete.
I0403 04:30:19.824434 5384 ts_tablet_manager.cc:1053] T 60f7d94f6b1e4ed5b6f3d1527c8e07b3 P 71eb4565f22f4adfb6690d16bf8df52e: Time spent bootstrapping tablet: real 0.018s user 0.005s sys 0.010s
I0403 04:30:19.842087 5384 raft_consensus.cc:340] T 60f7d94f6b1e4ed5b6f3d1527c8e07b3 P 71eb4565f22f4adfb6690d16bf8df52e [term 0 FOLLOWER]: Replica starting. Triggering 0 pending transactions. Active config: opid_index: -1 OBSOLETE_local: false peers { permanent_uuid: "71eb4565f22f4adfb6690d16bf8df52e" member_type: VOTER last_known_addr { host: "dist-test-slave-dist-test-slave-1l7r" port: 33395 } } peers { permanent_uuid: "e94ae8064c284fceb0d8ce973d21b48e" member_type: VOTER last_known_addr { host: "dist-test-slave-dist-test-slave-1l7r" port: 34339 } } peers { permanent_uuid: "c5eb563f0f254100b5e86c37ec5229bb" member_type: VOTER last_known_addr { host: "dist-test-slave-dist-test-slave-1l7r" port: 41331 } }
I0403 04:30:19.847543 5384 raft_consensus.cc:705] T 60f7d94f6b1e4ed5b6f3d1527c8e07b3 P 71eb4565f22f4adfb6690d16bf8df52e [term 0 FOLLOWER]: Becoming Follower/Learner. State: Replica: 71eb4565f22f4adfb6690d16bf8df52e, State: Initialized, Role: FOLLOWER
I0403 04:30:19.847878 5369 rpc_server.cc:205] RPC server started. Bound to: 0.0.0.0:33395
I0403 04:30:19.847970 5384 consensus_queue.cc:229] T 60f7d94f6b1e4ed5b6f3d1527c8e07b3 P 71eb4565f22f4adfb6690d16bf8df52e [NON_LEADER]: Queue going to NON_LEADER mode. State: All replicated index: 0, Majority replicated index: 0, Committed index: 0, Last appended: 0.0, Last appended by leader: 0, Current term: 0, Majority size: -1, State: 0, Mode: NON_LEADER, active raft config: opid_index: -1 OBSOLETE_local: false peers { permanent_uuid: "71eb4565f22f4adfb6690d16bf8df52e" member_type: VOTER last_known_addr { host: "dist-test-slave-dist-test-slave-1l7r" port: 33395 } } peers { permanent_uuid: "e94ae8064c284fceb0d8ce973d21b48e" member_type: VOTER last_known_addr { host: "dist-test-slave-dist-test-slave-1l7r" port: 34339 } } peers { permanent_uuid: "c5eb563f0f254100b5e86c37ec5229bb" member_type: VOTER last_known_addr { host: "dist-test-slave-dist-test-slave-1l7r" port: 41331 } }
I0403 04:30:19.849306 5369 webserver.cc:308] Webserver started at http://0.0.0.0:39269/ using document root and password file
I0403 04:30:19.849663 5384 ts_tablet_manager.cc:1081] T 60f7d94f6b1e4ed5b6f3d1527c8e07b3 P 71eb4565f22f4adfb6690d16bf8df52e: Time spent starting tablet: real 0.025s user 0.017s sys 0.008s
I0403 04:30:19.850210 5369 server_base.cc:608] Dumped server information to /tmp/dist-test-tasks9LKQH/test-tmp/kudu-tool-test.0.ToolTest.TestRemoteReplicaCopy.1554265799459872-3617/minicluster-data/ts-1/data/info.pb
W0403 04:30:19.851689 5492 tablet.cc:1786] T 60f7d94f6b1e4ed5b6f3d1527c8e07b3 P 71eb4565f22f4adfb6690d16bf8df52e: Can't schedule compaction. Clean time has not been advanced past its initial value.
I0403 04:30:19.857054 3617 external_mini_cluster.cc:995] Started /tmp/dist-test-tasks9LKQH/build/asan/bin/kudu-tserver as pid 5369
I0403 04:30:19.859789 5491 heartbeater.cc:345] Connected to a master server at dist-test-slave-dist-test-slave-1l7r:42049
I0403 04:30:19.859988 5491 heartbeater.cc:426] Registering TS with master...
I0403 04:30:19.860677 5491 heartbeater.cc:475] Master dist-test-slave-dist-test-slave-1l7r:42049 requested a full tablet report, sending...
I0403 04:30:19.862248 4870 ts_manager.cc:159] Re-registered known tserver with Master: 71eb4565f22f4adfb6690d16bf8df52e (dist-test-slave-dist-test-slave-1l7r:33395)
I0403 04:30:19.863986 4870 master_service.cc:271] Signed X509 certificate for tserver {username='slave'} at 172.17.0.2:56567
I0403 04:30:20.125746 5518 tablet_replica.cc:264] T 42a8d1f034a14a309ea38db4ae424e03 P 71eb4565f22f4adfb6690d16bf8df52e: stopping tablet replica
I0403 04:30:20.125919 5518 raft_consensus.cc:2143] T 42a8d1f034a14a309ea38db4ae424e03 P 71eb4565f22f4adfb6690d16bf8df52e [term 0 FOLLOWER]: Raft consensus shutting down.
I0403 04:30:20.126052 5518 raft_consensus.cc:2170] T 42a8d1f034a14a309ea38db4ae424e03 P 71eb4565f22f4adfb6690d16bf8df52e [term 0 FOLLOWER]: Raft consensus is shut down!
I0403 04:30:20.126266 5518 ts_tablet_manager.cc:676] T 42a8d1f034a14a309ea38db4ae424e03 P 71eb4565f22f4adfb6690d16bf8df52e: Initiating tablet copy from peer e94ae8064c284fceb0d8ce973d21b48e (dist-test-slave-dist-test-slave-1l7r:34339)
I0403 04:30:20.126479 5518 tablet_copy_client.cc:203] T 42a8d1f034a14a309ea38db4ae424e03 P 71eb4565f22f4adfb6690d16bf8df52e: tablet copy: overwriting existing tombstoned replica with an unknown last-logged opid
I0403 04:30:20.126722 5518 tablet_copy_client.cc:240] T 42a8d1f034a14a309ea38db4ae424e03 P 71eb4565f22f4adfb6690d16bf8df52e: tablet copy: Beginning tablet copy session from remote peer at address dist-test-slave-dist-test-slave-1l7r:34339
I0403 04:30:20.131367 5011 tablet_copy_service.cc:135] P e94ae8064c284fceb0d8ce973d21b48e: Received BeginTabletCopySession request for tablet 42a8d1f034a14a309ea38db4ae424e03 from peer 71eb4565f22f4adfb6690d16bf8df52e ({username='slave'} at 172.17.0.2:50771)
I0403 04:30:20.131494 5011 tablet_copy_service.cc:156] P e94ae8064c284fceb0d8ce973d21b48e: Beginning new tablet copy session on tablet 42a8d1f034a14a309ea38db4ae424e03 from peer 71eb4565f22f4adfb6690d16bf8df52e at {username='slave'} at 172.17.0.2:50771: session id = 71eb4565f22f4adfb6690d16bf8df52e-42a8d1f034a14a309ea38db4ae424e03
I0403 04:30:20.133399 5011 tablet_copy_source_session.cc:202] T 42a8d1f034a14a309ea38db4ae424e03 P e94ae8064c284fceb0d8ce973d21b48e: Tablet Copy: opened 0 blocks and 1 log segments
I0403 04:30:20.134524 5518 ts_tablet_manager.cc:1377] T 42a8d1f034a14a309ea38db4ae424e03 P 71eb4565f22f4adfb6690d16bf8df52e: Deleting tablet data with delete state TABLET_DATA_COPYING
I0403 04:30:20.141680 5518 ts_tablet_manager.cc:1390] T 42a8d1f034a14a309ea38db4ae424e03 P 71eb4565f22f4adfb6690d16bf8df52e: tablet deleted with delete type TABLET_DATA_COPYING: last-logged OpId unknown
I0403 04:30:20.141965 5518 data_dirs.cc:938] Could only allocate 1 dirs of requested 3 for tablet 42a8d1f034a14a309ea38db4ae424e03. 1 dirs total, 0 dirs full, 0 dirs failed
I0403 04:30:20.143843 5518 tablet_copy_client.cc:575] T 42a8d1f034a14a309ea38db4ae424e03 P 71eb4565f22f4adfb6690d16bf8df52e: tablet copy: Starting download of 0 data blocks...
I0403 04:30:20.144014 5518 tablet_copy_client.cc:538] T 42a8d1f034a14a309ea38db4ae424e03 P 71eb4565f22f4adfb6690d16bf8df52e: tablet copy: Starting download of 1 WAL segments...
I0403 04:30:20.145455 5518 tablet_copy_client.cc:414] T 42a8d1f034a14a309ea38db4ae424e03 P 71eb4565f22f4adfb6690d16bf8df52e: tablet copy: Tablet Copy complete. Replacing tablet superblock.
I0403 04:30:20.147397 5518 tablet_bootstrap.cc:439] T 42a8d1f034a14a309ea38db4ae424e03 P 71eb4565f22f4adfb6690d16bf8df52e: Bootstrap starting.
I0403 04:30:20.154605 5518 tablet_bootstrap.cc:439] T 42a8d1f034a14a309ea38db4ae424e03 P 71eb4565f22f4adfb6690d16bf8df52e: Bootstrap replayed 1/1 log segments. Stats: ops{read=0 overwritten=0 applied=0 ignored=0} inserts{seen=0 ignored=0} mutations{seen=0 ignored=0} orphaned_commits=0. Pending: 0 replicates
I0403 04:30:20.154966 5518 tablet_bootstrap.cc:439] T 42a8d1f034a14a309ea38db4ae424e03 P 71eb4565f22f4adfb6690d16bf8df52e: Bootstrap complete.
I0403 04:30:20.155138 5518 ts_tablet_manager.cc:1053] T 42a8d1f034a14a309ea38db4ae424e03 P 71eb4565f22f4adfb6690d16bf8df52e: Time spent bootstrapping tablet: real 0.008s user 0.008s sys 0.000s
I0403 04:30:20.155903 5518 raft_consensus.cc:340] T 42a8d1f034a14a309ea38db4ae424e03 P 71eb4565f22f4adfb6690d16bf8df52e [term 0 FOLLOWER]: Replica starting. Triggering 0 pending transactions. Active config: opid_index: -1 OBSOLETE_local: false peers { permanent_uuid: "e94ae8064c284fceb0d8ce973d21b48e" member_type: VOTER last_known_addr { host: "dist-test-slave-dist-test-slave-1l7r" port: 34339 } } peers { permanent_uuid: "71eb4565f22f4adfb6690d16bf8df52e" member_type: VOTER last_known_addr { host: "dist-test-slave-dist-test-slave-1l7r" port: 33395 } } peers { permanent_uuid: "c5eb563f0f254100b5e86c37ec5229bb" member_type: VOTER last_known_addr { host: "dist-test-slave-dist-test-slave-1l7r" port: 41331 } }
I0403 04:30:20.156110 5518 raft_consensus.cc:705] T 42a8d1f034a14a309ea38db4ae424e03 P 71eb4565f22f4adfb6690d16bf8df52e [term 0 FOLLOWER]: Becoming Follower/Learner. State: Replica: 71eb4565f22f4adfb6690d16bf8df52e, State: Initialized, Role: FOLLOWER
I0403 04:30:20.156270 5518 consensus_queue.cc:229] T 42a8d1f034a14a309ea38db4ae424e03 P 71eb4565f22f4adfb6690d16bf8df52e [NON_LEADER]: Queue going to NON_LEADER mode. State: All replicated index: 0, Majority replicated index: 0, Committed index: 0, Last appended: 0.0, Last appended by leader: 0, Current term: 0, Majority size: -1, State: 0, Mode: NON_LEADER, active raft config: opid_index: -1 OBSOLETE_local: false peers { permanent_uuid: "e94ae8064c284fceb0d8ce973d21b48e" member_type: VOTER last_known_addr { host: "dist-test-slave-dist-test-slave-1l7r" port: 34339 } } peers { permanent_uuid: "71eb4565f22f4adfb6690d16bf8df52e" member_type: VOTER last_known_addr { host: "dist-test-slave-dist-test-slave-1l7r" port: 33395 } } peers { permanent_uuid: "c5eb563f0f254100b5e86c37ec5229bb" member_type: VOTER last_known_addr { host: "dist-test-slave-dist-test-slave-1l7r" port: 41331 } }
I0403 04:30:20.156742 5491 heartbeater.cc:467] Master dist-test-slave-dist-test-slave-1l7r:42049 was elected leader, sending a full tablet report...
I0403 04:30:20.156810 5518 ts_tablet_manager.cc:1081] T 42a8d1f034a14a309ea38db4ae424e03 P 71eb4565f22f4adfb6690d16bf8df52e: Time spent starting tablet: real 0.002s user 0.002s sys 0.000s
I0403 04:30:20.157619 5011 tablet_copy_service.cc:325] P e94ae8064c284fceb0d8ce973d21b48e: Request end of tablet copy session 71eb4565f22f4adfb6690d16bf8df52e-42a8d1f034a14a309ea38db4ae424e03 received from {username='slave'} at 172.17.0.2:50771
I0403 04:30:20.157714 5011 tablet_copy_service.cc:413] P e94ae8064c284fceb0d8ce973d21b48e: ending tablet copy session 71eb4565f22f4adfb6690d16bf8df52e-42a8d1f034a14a309ea38db4ae424e03 on tablet 42a8d1f034a14a309ea38db4ae424e03 with peer 71eb4565f22f4adfb6690d16bf8df52e
I0403 04:30:20.455324 5518 ts_tablet_manager.cc:676] T c2d1395ec3654af19c5e2d22f35c7852 P 71eb4565f22f4adfb6690d16bf8df52e: Initiating tablet copy from peer e94ae8064c284fceb0d8ce973d21b48e (dist-test-slave-dist-test-slave-1l7r:34339)
I0403 04:30:20.455541 5518 tablet_copy_client.cc:240] T c2d1395ec3654af19c5e2d22f35c7852 P 71eb4565f22f4adfb6690d16bf8df52e: tablet copy: Beginning tablet copy session from remote peer at address dist-test-slave-dist-test-slave-1l7r:34339
I0403 04:30:20.456130 5011 tablet_copy_service.cc:135] P e94ae8064c284fceb0d8ce973d21b48e: Received BeginTabletCopySession request for tablet c2d1395ec3654af19c5e2d22f35c7852 from peer 71eb4565f22f4adfb6690d16bf8df52e ({username='slave'} at 172.17.0.2:50771)
I0403 04:30:20.456251 5011 tablet_copy_service.cc:156] P e94ae8064c284fceb0d8ce973d21b48e: Beginning new tablet copy session on tablet c2d1395ec3654af19c5e2d22f35c7852 from peer 71eb4565f22f4adfb6690d16bf8df52e at {username='slave'} at 172.17.0.2:50771: session id = 71eb4565f22f4adfb6690d16bf8df52e-c2d1395ec3654af19c5e2d22f35c7852
I0403 04:30:20.458173 5011 tablet_copy_source_session.cc:202] T c2d1395ec3654af19c5e2d22f35c7852 P e94ae8064c284fceb0d8ce973d21b48e: Tablet Copy: opened 0 blocks and 1 log segments
I0403 04:30:20.459278 5518 data_dirs.cc:938] Could only allocate 1 dirs of requested 3 for tablet c2d1395ec3654af19c5e2d22f35c7852. 1 dirs total, 0 dirs full, 0 dirs failed
I0403 04:30:20.463217 5518 tablet_copy_client.cc:575] T c2d1395ec3654af19c5e2d22f35c7852 P 71eb4565f22f4adfb6690d16bf8df52e: tablet copy: Starting download of 0 data blocks...
I0403 04:30:20.463484 5518 tablet_copy_client.cc:538] T c2d1395ec3654af19c5e2d22f35c7852 P 71eb4565f22f4adfb6690d16bf8df52e: tablet copy: Starting download of 1 WAL segments...
I0403 04:30:20.464676 5518 tablet_copy_client.cc:414] T c2d1395ec3654af19c5e2d22f35c7852 P 71eb4565f22f4adfb6690d16bf8df52e: tablet copy: Tablet Copy complete. Replacing tablet superblock.
I0403 04:30:20.466517 5518 tablet_bootstrap.cc:439] T c2d1395ec3654af19c5e2d22f35c7852 P 71eb4565f22f4adfb6690d16bf8df52e: Bootstrap starting.
I0403 04:30:20.469698 5518 tablet_bootstrap.cc:439] T c2d1395ec3654af19c5e2d22f35c7852 P 71eb4565f22f4adfb6690d16bf8df52e: Bootstrap replayed 1/1 log segments. Stats: ops{read=0 overwritten=0 applied=0 ignored=0} inserts{seen=0 ignored=0} mutations{seen=0 ignored=0} orphaned_commits=0. Pending: 0 replicates
I0403 04:30:20.470106 5518 tablet_bootstrap.cc:439] T c2d1395ec3654af19c5e2d22f35c7852 P 71eb4565f22f4adfb6690d16bf8df52e: Bootstrap complete.
I0403 04:30:20.470460 5518 ts_tablet_manager.cc:1053] T c2d1395ec3654af19c5e2d22f35c7852 P 71eb4565f22f4adfb6690d16bf8df52e: Time spent bootstrapping tablet: real 0.004s user 0.003s sys 0.001s
I0403 04:30:20.471173 5518 raft_consensus.cc:340] T c2d1395ec3654af19c5e2d22f35c7852 P 71eb4565f22f4adfb6690d16bf8df52e [term 0 FOLLOWER]: Replica starting. Triggering 0 pending transactions. Active config: opid_index: -1 OBSOLETE_local: false peers { permanent_uuid: "e94ae8064c284fceb0d8ce973d21b48e" member_type: VOTER last_known_addr { host: "dist-test-slave-dist-test-slave-1l7r" port: 34339 } } peers { permanent_uuid: "71eb4565f22f4adfb6690d16bf8df52e" member_type: VOTER last_known_addr { host: "dist-test-slave-dist-test-slave-1l7r" port: 33395 } } peers { permanent_uuid: "c5eb563f0f254100b5e86c37ec5229bb" member_type: VOTER last_known_addr { host: "dist-test-slave-dist-test-slave-1l7r" port: 41331 } }
I0403 04:30:20.471405 5518 raft_consensus.cc:705] T c2d1395ec3654af19c5e2d22f35c7852 P 71eb4565f22f4adfb6690d16bf8df52e [term 0 FOLLOWER]: Becoming Follower/Learner. State: Replica: 71eb4565f22f4adfb6690d16bf8df52e, State: Initialized, Role: FOLLOWER
I0403 04:30:20.471560 5518 consensus_queue.cc:229] T c2d1395ec3654af19c5e2d22f35c7852 P 71eb4565f22f4adfb6690d16bf8df52e [NON_LEADER]: Queue going to NON_LEADER mode. State: All replicated index: 0, Majority replicated index: 0, Committed index: 0, Last appended: 0.0, Last appended by leader: 0, Current term: 0, Majority size: -1, State: 0, Mode: NON_LEADER, active raft config: opid_index: -1 OBSOLETE_local: false peers { permanent_uuid: "e94ae8064c284fceb0d8ce973d21b48e" member_type: VOTER last_known_addr { host: "dist-test-slave-dist-test-slave-1l7r" port: 34339 } } peers { permanent_uuid: "71eb4565f22f4adfb6690d16bf8df52e" member_type: VOTER last_known_addr { host: "dist-test-slave-dist-test-slave-1l7r" port: 33395 } } peers { permanent_uuid: "c5eb563f0f254100b5e86c37ec5229bb" member_type: VOTER last_known_addr { host: "dist-test-slave-dist-test-slave-1l7r" port: 41331 } }
I0403 04:30:20.472172 5518 ts_tablet_manager.cc:1081] T c2d1395ec3654af19c5e2d22f35c7852 P 71eb4565f22f4adfb6690d16bf8df52e: Time spent starting tablet: real 0.002s user 0.000s sys 0.000s
I0403 04:30:20.473050 5011 tablet_copy_service.cc:325] P e94ae8064c284fceb0d8ce973d21b48e: Request end of tablet copy session 71eb4565f22f4adfb6690d16bf8df52e-c2d1395ec3654af19c5e2d22f35c7852 received from {username='slave'} at 172.17.0.2:50771
I0403 04:30:20.473163 5011 tablet_copy_service.cc:413] P e94ae8064c284fceb0d8ce973d21b48e: ending tablet copy session 71eb4565f22f4adfb6690d16bf8df52e-c2d1395ec3654af19c5e2d22f35c7852 on tablet c2d1395ec3654af19c5e2d22f35c7852 with peer 71eb4565f22f4adfb6690d16bf8df52e
I0403 04:30:20.515457 3617 external_mini_cluster.cc:1172] Attempting to check leaks for /tmp/dist-test-tasks9LKQH/build/asan/bin/kudu-tserver pid 4904
I0403 04:30:20.516603 5031 generic_service.cc:171] Checking for leaks (request via RPC)
I0403 04:30:20.563961 3617 external_mini_cluster.cc:1131] Killing /tmp/dist-test-tasks9LKQH/build/asan/bin/kudu-tserver with pid 4904
W0403 04:30:20.573101 4852 connection.cc:647] server connection from 172.17.0.2:42211 recv error: Network error: recv error from 0.0.0.0:0: Transport endpoint is not connected (error 107)
I0403 04:30:20.573575 3617 external_mini_cluster.cc:1172] Attempting to check leaks for /tmp/dist-test-tasks9LKQH/build/asan/bin/kudu-tserver pid 5369
I0403 04:30:20.574461 5487 generic_service.cc:171] Checking for leaks (request via RPC)
I0403 04:30:20.621886 3617 external_mini_cluster.cc:1131] Killing /tmp/dist-test-tasks9LKQH/build/asan/bin/kudu-tserver with pid 5369
I0403 04:30:20.630600 3617 external_mini_cluster.cc:1172] Attempting to check leaks for /tmp/dist-test-tasks9LKQH/build/asan/bin/kudu-tserver pid 5160
I0403 04:30:20.635918 5276 generic_service.cc:171] Checking for leaks (request via RPC)
I0403 04:30:20.680878 3617 external_mini_cluster.cc:1131] Killing /tmp/dist-test-tasks9LKQH/build/asan/bin/kudu-tserver with pid 5160
I0403 04:30:20.689654 3617 external_mini_cluster.cc:1172] Attempting to check leaks for /tmp/dist-test-tasks9LKQH/build/asan/bin/kudu-master pid 4844
I0403 04:30:20.690701 4900 generic_service.cc:171] Checking for leaks (request via RPC)
I0403 04:30:20.756749 3617 external_mini_cluster.cc:1131] Killing /tmp/dist-test-tasks9LKQH/build/asan/bin/kudu-master with pid 4844 [ OK ] ToolTest.TestRemoteReplicaCopy (3529 ms) [ RUN ] ToolTest.TestLocalReplicaCMetaOps
I0403 04:30:20.776808 3617 internal_mini_cluster.cc:146] Creating distributed mini masters. Addrs: 127.3.136.126:32775
I0403 04:30:20.782770 3617 system_ntp.cc:199] NTP initialized. Skew: 500ppm Current error: 212135us
I0403 04:30:20.783023 3617 fs_manager.cc:263] Metadata directory not provided
I0403 04:30:20.783085 3617 fs_manager.cc:269] Using write-ahead log directory (fs_wal_dir) as metadata directory
I0403 04:30:20.783228 3617 server_base.cc:433] Could not load existing FS layout: Not found: could not find a healthy instance file
I0403 04:30:20.783303 3617 server_base.cc:434] Attempting to create new FS layout instead
I0403 04:30:20.783919 3617 fs_manager.cc:602] Generated new instance metadata in path /tmp/dist-test-tasks9LKQH/test-tmp/kudu-tool-test.0.ToolTest.TestLocalReplicaCMetaOps.1554265799459872-3617/minicluster-data/master-0-root/instance: uuid: "df0cee1abdbc46799d5d6c4ac3334887" format_stamp: "Formatted at 2019-04-03 04:30:20 on dist-test-slave-dist-test-slave-1l7r"
I0403 04:30:20.786916 3617 fs_manager.cc:503] Time spent creating directory manager: real 0.003s user 0.002s sys 0.003s
I0403 04:30:20.787972 3617 file_cache.cc:466] Constructed file cache lbm with capacity 419430
I0403 04:30:20.789517 3617 fs_manager.cc:419] Time spent opening block manager: real 0.001s user 0.000s sys 0.000s
I0403 04:30:20.789574 3617 fs_manager.cc:436] Opened local filesystem: /tmp/dist-test-tasks9LKQH/test-tmp/kudu-tool-test.0.ToolTest.TestLocalReplicaCMetaOps.1554265799459872-3617/minicluster-data/master-0-root uuid: "df0cee1abdbc46799d5d6c4ac3334887" format_stamp: "Formatted at 2019-04-03 04:30:20 on dist-test-slave-dist-test-slave-1l7r"
I0403 04:30:20.789677 3617 fs_report.cc:352] FS layout report -------------------- wal directory: /tmp/dist-test-tasks9LKQH/test-tmp/kudu-tool-test.0.ToolTest.TestLocalReplicaCMetaOps.1554265799459872-3617/minicluster-data/master-0-root metadata directory: /tmp/dist-test-tasks9LKQH/test-tmp/kudu-tool-test.0.ToolTest.TestLocalReplicaCMetaOps.1554265799459872-3617/minicluster-data/master-0-root 1 data directories: /tmp/dist-test-tasks9LKQH/test-tmp/kudu-tool-test.0.ToolTest.TestLocalReplicaCMetaOps.1554265799459872-3617/minicluster-data/master-0-root/data Total live blocks: 0 Total live bytes: 0 Total live bytes (after alignment): 0 Total number of LBM containers: 0 (0 full) Did not check for missing blocks Did not check for orphaned blocks Total full LBM containers with extra space: 0 (0 repaired) Total full LBM container extra space in bytes: 0 (0 repaired) Total incomplete LBM containers: 0 (0 repaired) Total LBM partial records: 0 (0 repaired)
I0403 04:30:20.806509 3617 env_posix.cc:1676] Not raising this process' running threads per effective uid limit of 18446744073709551615; it is already as high as it can go
I0403 04:30:20.822460 3617 rpc_server.cc:205] RPC server started. Bound to: 127.3.136.126:32775
I0403 04:30:20.823647 3617 webserver.cc:308] Webserver started at http://127.3.136.126:41515/ using document root and password file
I0403 04:30:20.825806 5603 data_dirs.cc:938] Could only allocate 1 dirs of requested 3 for tablet 00000000000000000000000000000000. 1 dirs total, 0 dirs full, 0 dirs failed
I0403 04:30:20.834960 5603 tablet_bootstrap.cc:439] T 00000000000000000000000000000000 P df0cee1abdbc46799d5d6c4ac3334887: Bootstrap starting.
I0403 04:30:20.837366 5603 tablet_bootstrap.cc:590] T 00000000000000000000000000000000 P df0cee1abdbc46799d5d6c4ac3334887: No blocks or log segments found. Creating new log.
I0403 04:30:20.838372 5603 log.cc:525] T 00000000000000000000000000000000 P df0cee1abdbc46799d5d6c4ac3334887: Log is configured to *not* fsync() on all Append() calls
I0403 04:30:20.839944 5603 tablet_bootstrap.cc:439] T 00000000000000000000000000000000 P df0cee1abdbc46799d5d6c4ac3334887: No bootstrap required, opened a new log
I0403 04:30:20.846277 5603 raft_consensus.cc:340] T 00000000000000000000000000000000 P df0cee1abdbc46799d5d6c4ac3334887 [term 0 FOLLOWER]: Replica starting. Triggering 0 pending transactions. Active config: opid_index: -1 OBSOLETE_local: true peers { permanent_uuid: "df0cee1abdbc46799d5d6c4ac3334887" member_type: VOTER }
I0403 04:30:20.846544 5603 raft_consensus.cc:366] T 00000000000000000000000000000000 P df0cee1abdbc46799d5d6c4ac3334887 [term 0 FOLLOWER]: Consensus starting up: Expiring failure detector timer to make a prompt election more likely
I0403 04:30:20.846637 5603 raft_consensus.cc:705] T 00000000000000000000000000000000 P df0cee1abdbc46799d5d6c4ac3334887 [term 0 FOLLOWER]: Becoming Follower/Learner. State: Replica: df0cee1abdbc46799d5d6c4ac3334887, State: Initialized, Role: FOLLOWER
I0403 04:30:20.847185 5603 consensus_queue.cc:229] T 00000000000000000000000000000000 P df0cee1abdbc46799d5d6c4ac3334887 [NON_LEADER]: Queue going to NON_LEADER mode. State: All replicated index: 0, Majority replicated index: 0, Committed index: 0, Last appended: 0.0, Last appended by leader: 0, Current term: 0, Majority size: -1, State: 0, Mode: NON_LEADER, active raft config: opid_index: -1 OBSOLETE_local: true peers { permanent_uuid: "df0cee1abdbc46799d5d6c4ac3334887" member_type: VOTER }
I0403 04:30:20.847369 5603 raft_consensus.cc:380] T 00000000000000000000000000000000 P df0cee1abdbc46799d5d6c4ac3334887 [term 0 FOLLOWER]: Only one voter in the Raft config. Triggering election immediately
I0403 04:30:20.847470 5603 raft_consensus.cc:472] T 00000000000000000000000000000000 P df0cee1abdbc46799d5d6c4ac3334887 [term 0 FOLLOWER]: Starting leader election (initial election of a single-replica configuration)
I0403 04:30:20.847594 5603 raft_consensus.cc:2886] T 00000000000000000000000000000000 P df0cee1abdbc46799d5d6c4ac3334887 [term 0 FOLLOWER]: Advancing to term 1
I0403 04:30:20.849215 5603 raft_consensus.cc:494] T 00000000000000000000000000000000 P df0cee1abdbc46799d5d6c4ac3334887 [term 1 FOLLOWER]: Starting leader election with config: opid_index: -1 OBSOLETE_local: true peers { permanent_uuid: "df0cee1abdbc46799d5d6c4ac3334887" member_type: VOTER }
I0403 04:30:20.849656 5603 leader_election.cc:310] T 00000000000000000000000000000000 P df0cee1abdbc46799d5d6c4ac3334887 [CANDIDATE]: Term 1 election: Election decided. Result: candidate won. Election summary: received 1 responses out of 1 voters: 1 yes votes; 0 no votes. yes voters: df0cee1abdbc46799d5d6c4ac3334887; no voters:
I0403 04:30:20.850478 5605 raft_consensus.cc:2640] T 00000000000000000000000000000000 P df0cee1abdbc46799d5d6c4ac3334887 [term 1 FOLLOWER]: Leader election won for term 1
I0403 04:30:20.850809 5603 leader_election.cc:296] T 00000000000000000000000000000000 P df0cee1abdbc46799d5d6c4ac3334887 [CANDIDATE]: Term 1 election: Requested vote from peers
I0403 04:30:20.851603 5605 raft_consensus.cc:667] T 00000000000000000000000000000000 P df0cee1abdbc46799d5d6c4ac3334887 [term 1 LEADER]: Becoming Leader. State: Replica: df0cee1abdbc46799d5d6c4ac3334887, State: Running, Role: LEADER
I0403 04:30:20.851971 5605 consensus_queue.cc:206] T 00000000000000000000000000000000 P df0cee1abdbc46799d5d6c4ac3334887 [LEADER]: Queue going to LEADER mode. State: All replicated index: 0, Majority replicated index: 0, Committed index: 0, Last appended: 0.0, Last appended by leader: 0, Current term: 1, Majority size: 1, State: 0, Mode: LEADER, active raft config: opid_index: -1 OBSOLETE_local: true peers { permanent_uuid: "df0cee1abdbc46799d5d6c4ac3334887" member_type: VOTER }
I0403 04:30:20.855157 5607 sys_catalog.cc:337] T 00000000000000000000000000000000 P df0cee1abdbc46799d5d6c4ac3334887 [sys.catalog]: SysCatalogTable state changed. Reason: New leader df0cee1abdbc46799d5d6c4ac3334887. Latest consensus state: current_term: 1 leader_uuid: "df0cee1abdbc46799d5d6c4ac3334887" committed_config { opid_index: -1 OBSOLETE_local: true peers { permanent_uuid: "df0cee1abdbc46799d5d6c4ac3334887" member_type: VOTER } }
I0403 04:30:20.855762 5607 sys_catalog.cc:340] T 00000000000000000000000000000000 P df0cee1abdbc46799d5d6c4ac3334887 [sys.catalog]: This master's current role is: LEADER
I0403 04:30:20.855937 5603 sys_catalog.cc:337] T 00000000000000000000000000000000 P df0cee1abdbc46799d5d6c4ac3334887 [sys.catalog]: SysCatalogTable state changed. Reason: Started TabletReplica. Latest consensus state: current_term: 1 leader_uuid: "df0cee1abdbc46799d5d6c4ac3334887" committed_config { opid_index: -1 OBSOLETE_local: true peers { permanent_uuid: "df0cee1abdbc46799d5d6c4ac3334887" member_type: VOTER } }
I0403 04:30:20.856166 5603 sys_catalog.cc:340] T 00000000000000000000000000000000 P df0cee1abdbc46799d5d6c4ac3334887 [sys.catalog]: This master's current role is: LEADER
I0403 04:30:20.856184 5606 sys_catalog.cc:337] T 00000000000000000000000000000000 P df0cee1abdbc46799d5d6c4ac3334887 [sys.catalog]: SysCatalogTable state changed. Reason: RaftConsensus started. Latest consensus state: current_term: 1 leader_uuid: "df0cee1abdbc46799d5d6c4ac3334887" committed_config { opid_index: -1 OBSOLETE_local: true peers { permanent_uuid: "df0cee1abdbc46799d5d6c4ac3334887" member_type: VOTER } }
I0403 04:30:20.856575 5606 sys_catalog.cc:340] T 00000000000000000000000000000000 P df0cee1abdbc46799d5d6c4ac3334887 [sys.catalog]: This master's current role is: LEADER
I0403 04:30:20.857393 5603 sys_catalog.cc:424] T 00000000000000000000000000000000 P df0cee1abdbc46799d5d6c4ac3334887 [sys.catalog]: configured and running, proceeding with master startup.
I0403 04:30:20.857565 5611 catalog_manager.cc:1055] Loading table and tablet metadata into memory...
I0403 04:30:20.858073 3617 internal_mini_cluster.cc:166] Waiting to initialize catalog manager on master 0
I0403 04:30:20.867988 5611 catalog_manager.cc:1066] Initializing Kudu internal certificate authority...
I0403 04:30:20.940126 5611 catalog_manager.cc:950] Generated new certificate authority record
I0403 04:30:20.942163 5611 catalog_manager.cc:1075] Loading token signing keys...
I0403 04:30:20.953999 5611 catalog_manager.cc:4281] T 00000000000000000000000000000000 P df0cee1abdbc46799d5d6c4ac3334887: Generated new TSK 0
I0403 04:30:20.990648 3617 system_ntp.cc:199] NTP initialized. Skew: 500ppm Current error: 212135us
I0403 04:30:20.990885 3617 fs_manager.cc:263] Metadata directory not provided
I0403 04:30:20.990957 3617 fs_manager.cc:269] Using write-ahead log directory (fs_wal_dir) as metadata directory
I0403 04:30:20.991114 3617 server_base.cc:433] Could not load existing FS layout: Not found: could not find a healthy instance file
I0403 04:30:20.991173 3617 server_base.cc:434] Attempting to create new FS layout instead
I0403 04:30:20.991896 3617 fs_manager.cc:602] Generated new instance metadata in path /tmp/dist-test-tasks9LKQH/test-tmp/kudu-tool-test.0.ToolTest.TestLocalReplicaCMetaOps.1554265799459872-3617/minicluster-data/ts-0-root/instance: uuid: "29a6685089da43978e6e04963789cba9" format_stamp: "Formatted at 2019-04-03 04:30:20 on dist-test-slave-dist-test-slave-1l7r"
I0403 04:30:21.006623 3617 fs_manager.cc:503] Time spent creating directory manager: real 0.014s user 0.004s sys 0.010s
I0403 04:30:21.007928 3617 file_cache.cc:466] Constructed file cache lbm with capacity 419430
I0403 04:30:21.009918 3617 fs_manager.cc:419] Time spent opening block manager: real 0.001s user 0.000s sys 0.000s
I0403 04:30:21.010008 3617 fs_manager.cc:436] Opened local filesystem: /tmp/dist-test-tasks9LKQH/test-tmp/kudu-tool-test.0.ToolTest.TestLocalReplicaCMetaOps.1554265799459872-3617/minicluster-data/ts-0-root uuid: "29a6685089da43978e6e04963789cba9" format_stamp: "Formatted at 2019-04-03 04:30:20 on dist-test-slave-dist-test-slave-1l7r"
