I0403 04:30:16.230479 4802 raft_consensus.cc:667] T 9396bf196c824a0baaf1ed6843c5f6aa P 6d6620f761814204a26502e29a199ab7 [term 1 LEADER]: Becoming Leader. State: Replica: 6d6620f761814204a26502e29a199ab7, State: Running, Role: LEADER
I0403 04:30:16.230572 4800 ts_tablet_manager.cc:1081] T 9396bf196c824a0baaf1ed6843c5f6aa P 6d6620f761814204a26502e29a199ab7: Time spent starting tablet: real 0.004s user 0.002s sys 0.001s
I0403 04:30:16.230659 4802 consensus_queue.cc:206] T 9396bf196c824a0baaf1ed6843c5f6aa P 6d6620f761814204a26502e29a199ab7 [LEADER]: Queue going to LEADER mode. State: All replicated index: 0, Majority replicated index: 0, Committed index: 0, Last appended: 0.0, Last appended by leader: 0, Current term: 1, Majority size: 1, State: 0, Mode: LEADER, active raft config: opid_index: -1 OBSOLETE_local: true peers { permanent_uuid: "6d6620f761814204a26502e29a199ab7" member_type: VOTER last_known_addr { host: "127.3.136.65" port: 39877 } }
I0403 04:30:16.230813 4800 tablet_bootstrap.cc:439] T b68ca8195f294cb29beac1261fc88ee7 P 6d6620f761814204a26502e29a199ab7: Bootstrap starting.
I0403 04:30:16.231925 4800 tablet_bootstrap.cc:590] T b68ca8195f294cb29beac1261fc88ee7 P 6d6620f761814204a26502e29a199ab7: No blocks or log segments found. Creating new log.
I0403 04:30:16.233569 4800 tablet_bootstrap.cc:439] T b68ca8195f294cb29beac1261fc88ee7 P 6d6620f761814204a26502e29a199ab7: No bootstrap required, opened a new log
I0403 04:30:16.233693 4800 ts_tablet_manager.cc:1053] T b68ca8195f294cb29beac1261fc88ee7 P 6d6620f761814204a26502e29a199ab7: Time spent bootstrapping tablet: real 0.003s user 0.002s sys 0.001s
I0403 04:30:16.234030 4615 catalog_manager.cc:3977] T 9396bf196c824a0baaf1ed6843c5f6aa P 6d6620f761814204a26502e29a199ab7 reported cstate change: term changed from 0 to 1, leader changed from to 6d6620f761814204a26502e29a199ab7 (127.3.136.65). New cstate: current_term: 1 leader_uuid: "6d6620f761814204a26502e29a199ab7" committed_config { opid_index: -1 OBSOLETE_local: true peers { permanent_uuid: "6d6620f761814204a26502e29a199ab7" member_type: VOTER last_known_addr { host: "127.3.136.65" port: 39877 } health_report { overall_health: HEALTHY } } }
I0403 04:30:16.234439 4800 raft_consensus.cc:340] T b68ca8195f294cb29beac1261fc88ee7 P 6d6620f761814204a26502e29a199ab7 [term 0 FOLLOWER]: Replica starting. Triggering 0 pending transactions. Active config: opid_index: -1 OBSOLETE_local: true peers { permanent_uuid: "6d6620f761814204a26502e29a199ab7" member_type: VOTER last_known_addr { host: "127.3.136.65" port: 39877 } }
I0403 04:30:16.234594 4800 raft_consensus.cc:366] T b68ca8195f294cb29beac1261fc88ee7 P 6d6620f761814204a26502e29a199ab7 [term 0 FOLLOWER]: Consensus starting up: Expiring failure detector timer to make a prompt election more likely
I0403 04:30:16.234675 4800 raft_consensus.cc:705] T b68ca8195f294cb29beac1261fc88ee7 P 6d6620f761814204a26502e29a199ab7 [term 0 FOLLOWER]: Becoming Follower/Learner. State: Replica: 6d6620f761814204a26502e29a199ab7, State: Initialized, Role: FOLLOWER
I0403 04:30:16.234849 4800 consensus_queue.cc:229] T b68ca8195f294cb29beac1261fc88ee7 P 6d6620f761814204a26502e29a199ab7 [NON_LEADER]: Queue going to NON_LEADER mode. State: All replicated index: 0, Majority replicated index: 0, Committed index: 0, Last appended: 0.0, Last appended by leader: 0, Current term: 0, Majority size: -1, State: 0, Mode: NON_LEADER, active raft config: opid_index: -1 OBSOLETE_local: true peers { permanent_uuid: "6d6620f761814204a26502e29a199ab7" member_type: VOTER last_known_addr { host: "127.3.136.65" port: 39877 } }
I0403 04:30:16.234988 4800 raft_consensus.cc:380] T b68ca8195f294cb29beac1261fc88ee7 P 6d6620f761814204a26502e29a199ab7 [term 0 FOLLOWER]: Only one voter in the Raft config. Triggering election immediately
I0403 04:30:16.235033 4800 raft_consensus.cc:472] T b68ca8195f294cb29beac1261fc88ee7 P 6d6620f761814204a26502e29a199ab7 [term 0 FOLLOWER]: Starting leader election (initial election of a single-replica configuration)
I0403 04:30:16.235095 4800 raft_consensus.cc:2886] T b68ca8195f294cb29beac1261fc88ee7 P 6d6620f761814204a26502e29a199ab7 [term 0 FOLLOWER]: Advancing to term 1
I0403 04:30:16.236918 4800 raft_consensus.cc:494] T b68ca8195f294cb29beac1261fc88ee7 P 6d6620f761814204a26502e29a199ab7 [term 1 FOLLOWER]: Starting leader election with config: opid_index: -1 OBSOLETE_local: true peers { permanent_uuid: "6d6620f761814204a26502e29a199ab7" member_type: VOTER last_known_addr { host: "127.3.136.65" port: 39877 } }
I0403 04:30:16.237087 4800 leader_election.cc:310] T b68ca8195f294cb29beac1261fc88ee7 P 6d6620f761814204a26502e29a199ab7 [CANDIDATE]: Term 1 election: Election decided. Result: candidate won. Election summary: received 1 responses out of 1 voters: 1 yes votes; 0 no votes. yes voters: 6d6620f761814204a26502e29a199ab7; no voters:
I0403 04:30:16.237236 4800 leader_election.cc:296] T b68ca8195f294cb29beac1261fc88ee7 P 6d6620f761814204a26502e29a199ab7 [CANDIDATE]: Term 1 election: Requested vote from peers
I0403 04:30:16.237468 4803 raft_consensus.cc:2640] T b68ca8195f294cb29beac1261fc88ee7 P 6d6620f761814204a26502e29a199ab7 [term 1 FOLLOWER]: Leader election won for term 1
I0403 04:30:16.237632 4803 raft_consensus.cc:667] T b68ca8195f294cb29beac1261fc88ee7 P 6d6620f761814204a26502e29a199ab7 [term 1 LEADER]: Becoming Leader. State: Replica: 6d6620f761814204a26502e29a199ab7, State: Running, Role: LEADER
I0403 04:30:16.237907 4803 consensus_queue.cc:206] T b68ca8195f294cb29beac1261fc88ee7 P 6d6620f761814204a26502e29a199ab7 [LEADER]: Queue going to LEADER mode. State: All replicated index: 0, Majority replicated index: 0, Committed index: 0, Last appended: 0.0, Last appended by leader: 0, Current term: 1, Majority size: 1, State: 0, Mode: LEADER, active raft config: opid_index: -1 OBSOLETE_local: true peers { permanent_uuid: "6d6620f761814204a26502e29a199ab7" member_type: VOTER last_known_addr { host: "127.3.136.65" port: 39877 } }
I0403 04:30:16.239259 4800 ts_tablet_manager.cc:1081] T b68ca8195f294cb29beac1261fc88ee7 P 6d6620f761814204a26502e29a199ab7: Time spent starting tablet: real 0.005s user 0.004s sys 0.000s
I0403 04:30:16.239557 4800 tablet_bootstrap.cc:439] T f159e2b79e934aeab5a4a0ad5ac877ee P 6d6620f761814204a26502e29a199ab7: Bootstrap starting.
I0403 04:30:16.239763 4615 catalog_manager.cc:3977] T b68ca8195f294cb29beac1261fc88ee7 P 6d6620f761814204a26502e29a199ab7 reported cstate change: term changed from 0 to 1, leader changed from to 6d6620f761814204a26502e29a199ab7 (127.3.136.65). New cstate: current_term: 1 leader_uuid: "6d6620f761814204a26502e29a199ab7" committed_config { opid_index: -1 OBSOLETE_local: true peers { permanent_uuid: "6d6620f761814204a26502e29a199ab7" member_type: VOTER last_known_addr { host: "127.3.136.65" port: 39877 } health_report { overall_health: HEALTHY } } }
I0403 04:30:16.240566 4800 tablet_bootstrap.cc:590] T f159e2b79e934aeab5a4a0ad5ac877ee P 6d6620f761814204a26502e29a199ab7: No blocks or log segments found. Creating new log.
I0403 04:30:16.242266 4800 tablet_bootstrap.cc:439] T f159e2b79e934aeab5a4a0ad5ac877ee P 6d6620f761814204a26502e29a199ab7: No bootstrap required, opened a new log
I0403 04:30:16.242409 4800 ts_tablet_manager.cc:1053] T f159e2b79e934aeab5a4a0ad5ac877ee P 6d6620f761814204a26502e29a199ab7: Time spent bootstrapping tablet: real 0.003s user 0.001s sys 0.000s
I0403 04:30:16.243134 4800 raft_consensus.cc:340] T f159e2b79e934aeab5a4a0ad5ac877ee P 6d6620f761814204a26502e29a199ab7 [term 0 FOLLOWER]: Replica starting. Triggering 0 pending transactions. Active config: opid_index: -1 OBSOLETE_local: true peers { permanent_uuid: "6d6620f761814204a26502e29a199ab7" member_type: VOTER last_known_addr { host: "127.3.136.65" port: 39877 } }
I0403 04:30:16.243288 4800 raft_consensus.cc:366] T f159e2b79e934aeab5a4a0ad5ac877ee P 6d6620f761814204a26502e29a199ab7 [term 0 FOLLOWER]: Consensus starting up: Expiring failure detector timer to make a prompt election more likely
I0403 04:30:16.243376 4800 raft_consensus.cc:705] T f159e2b79e934aeab5a4a0ad5ac877ee P 6d6620f761814204a26502e29a199ab7 [term 0 FOLLOWER]: Becoming Follower/Learner. State: Replica: 6d6620f761814204a26502e29a199ab7, State: Initialized, Role: FOLLOWER
I0403 04:30:16.243569 4800 consensus_queue.cc:229] T f159e2b79e934aeab5a4a0ad5ac877ee P 6d6620f761814204a26502e29a199ab7 [NON_LEADER]: Queue going to NON_LEADER mode. State: All replicated index: 0, Majority replicated index: 0, Committed index: 0, Last appended: 0.0, Last appended by leader: 0, Current term: 0, Majority size: -1, State: 0, Mode: NON_LEADER, active raft config: opid_index: -1 OBSOLETE_local: true peers { permanent_uuid: "6d6620f761814204a26502e29a199ab7" member_type: VOTER last_known_addr { host: "127.3.136.65" port: 39877 } }
I0403 04:30:16.243705 4800 raft_consensus.cc:380] T f159e2b79e934aeab5a4a0ad5ac877ee P 6d6620f761814204a26502e29a199ab7 [term 0 FOLLOWER]: Only one voter in the Raft config. Triggering election immediately
I0403 04:30:16.243777 4800 raft_consensus.cc:472] T f159e2b79e934aeab5a4a0ad5ac877ee P 6d6620f761814204a26502e29a199ab7 [term 0 FOLLOWER]: Starting leader election (initial election of a single-replica configuration)
I0403 04:30:16.243849 4800 raft_consensus.cc:2886] T f159e2b79e934aeab5a4a0ad5ac877ee P 6d6620f761814204a26502e29a199ab7 [term 0 FOLLOWER]: Advancing to term 1
I0403 04:30:16.245362 4800 raft_consensus.cc:494] T f159e2b79e934aeab5a4a0ad5ac877ee P 6d6620f761814204a26502e29a199ab7 [term 1 FOLLOWER]: Starting leader election with config: opid_index: -1 OBSOLETE_local: true peers { permanent_uuid: "6d6620f761814204a26502e29a199ab7" member_type: VOTER last_known_addr { host: "127.3.136.65" port: 39877 } }
I0403 04:30:16.245512 4800 leader_election.cc:310] T f159e2b79e934aeab5a4a0ad5ac877ee P 6d6620f761814204a26502e29a199ab7 [CANDIDATE]: Term 1 election: Election decided. Result: candidate won. Election summary: received 1 responses out of 1 voters: 1 yes votes; 0 no votes. yes voters: 6d6620f761814204a26502e29a199ab7; no voters:
I0403 04:30:16.245707 4800 leader_election.cc:296] T f159e2b79e934aeab5a4a0ad5ac877ee P 6d6620f761814204a26502e29a199ab7 [CANDIDATE]: Term 1 election: Requested vote from peers
I0403 04:30:16.245765 4802 raft_consensus.cc:2640] T f159e2b79e934aeab5a4a0ad5ac877ee P 6d6620f761814204a26502e29a199ab7 [term 1 FOLLOWER]: Leader election won for term 1
I0403 04:30:16.246040 4802 raft_consensus.cc:667] T f159e2b79e934aeab5a4a0ad5ac877ee P 6d6620f761814204a26502e29a199ab7 [term 1 LEADER]: Becoming Leader. State: Replica: 6d6620f761814204a26502e29a199ab7, State: Running, Role: LEADER
I0403 04:30:16.246109 4800 ts_tablet_manager.cc:1081] T f159e2b79e934aeab5a4a0ad5ac877ee P 6d6620f761814204a26502e29a199ab7: Time spent starting tablet: real 0.004s user 0.004s sys 0.000s
I0403 04:30:16.246256 4802 consensus_queue.cc:206] T f159e2b79e934aeab5a4a0ad5ac877ee P 6d6620f761814204a26502e29a199ab7 [LEADER]: Queue going to LEADER mode. State: All replicated index: 0, Majority replicated index: 0, Committed index: 0, Last appended: 0.0, Last appended by leader: 0, Current term: 1, Majority size: 1, State: 0, Mode: LEADER, active raft config: opid_index: -1 OBSOLETE_local: true peers { permanent_uuid: "6d6620f761814204a26502e29a199ab7" member_type: VOTER last_known_addr { host: "127.3.136.65" port: 39877 } }
I0403 04:30:16.246381 4800 tablet_bootstrap.cc:439] T 0e9d1943a8a24c80893fa2b98d1aa24e P 6d6620f761814204a26502e29a199ab7: Bootstrap starting.
I0403 04:30:16.247823 4800 tablet_bootstrap.cc:590] T 0e9d1943a8a24c80893fa2b98d1aa24e P 6d6620f761814204a26502e29a199ab7: No blocks or log segments found. Creating new log.
I0403 04:30:16.248066 4615 catalog_manager.cc:3977] T f159e2b79e934aeab5a4a0ad5ac877ee P 6d6620f761814204a26502e29a199ab7 reported cstate change: term changed from 0 to 1, leader changed from to 6d6620f761814204a26502e29a199ab7 (127.3.136.65). New cstate: current_term: 1 leader_uuid: "6d6620f761814204a26502e29a199ab7" committed_config { opid_index: -1 OBSOLETE_local: true peers { permanent_uuid: "6d6620f761814204a26502e29a199ab7" member_type: VOTER last_known_addr { host: "127.3.136.65" port: 39877 } health_report { overall_health: HEALTHY } } }
I0403 04:30:16.249722 4800 tablet_bootstrap.cc:439] T 0e9d1943a8a24c80893fa2b98d1aa24e P 6d6620f761814204a26502e29a199ab7: No bootstrap required, opened a new log
I0403 04:30:16.249884 4800 ts_tablet_manager.cc:1053] T 0e9d1943a8a24c80893fa2b98d1aa24e P 6d6620f761814204a26502e29a199ab7: Time spent bootstrapping tablet: real 0.004s user 0.002s sys 0.001s
I0403 04:30:16.250586 4800 raft_consensus.cc:340] T 0e9d1943a8a24c80893fa2b98d1aa24e P 6d6620f761814204a26502e29a199ab7 [term 0 FOLLOWER]: Replica starting. Triggering 0 pending transactions. Active config: opid_index: -1 OBSOLETE_local: true peers { permanent_uuid: "6d6620f761814204a26502e29a199ab7" member_type: VOTER last_known_addr { host: "127.3.136.65" port: 39877 } }
I0403 04:30:16.250699 4800 raft_consensus.cc:366] T 0e9d1943a8a24c80893fa2b98d1aa24e P 6d6620f761814204a26502e29a199ab7 [term 0 FOLLOWER]: Consensus starting up: Expiring failure detector timer to make a prompt election more likely
I0403 04:30:16.250773 4800 raft_consensus.cc:705] T 0e9d1943a8a24c80893fa2b98d1aa24e P 6d6620f761814204a26502e29a199ab7 [term 0 FOLLOWER]: Becoming Follower/Learner. State: Replica: 6d6620f761814204a26502e29a199ab7, State: Initialized, Role: FOLLOWER
I0403 04:30:16.250952 4800 consensus_queue.cc:229] T 0e9d1943a8a24c80893fa2b98d1aa24e P 6d6620f761814204a26502e29a199ab7 [NON_LEADER]: Queue going to NON_LEADER mode. State: All replicated index: 0, Majority replicated index: 0, Committed index: 0, Last appended: 0.0, Last appended by leader: 0, Current term: 0, Majority size: -1, State: 0, Mode: NON_LEADER, active raft config: opid_index: -1 OBSOLETE_local: true peers { permanent_uuid: "6d6620f761814204a26502e29a199ab7" member_type: VOTER last_known_addr { host: "127.3.136.65" port: 39877 } }
I0403 04:30:16.251101 4800 raft_consensus.cc:380] T 0e9d1943a8a24c80893fa2b98d1aa24e P 6d6620f761814204a26502e29a199ab7 [term 0 FOLLOWER]: Only one voter in the Raft config. Triggering election immediately
I0403 04:30:16.251161 4800 raft_consensus.cc:472] T 0e9d1943a8a24c80893fa2b98d1aa24e P 6d6620f761814204a26502e29a199ab7 [term 0 FOLLOWER]: Starting leader election (initial election of a single-replica configuration)
I0403 04:30:16.251245 4800 raft_consensus.cc:2886] T 0e9d1943a8a24c80893fa2b98d1aa24e P 6d6620f761814204a26502e29a199ab7 [term 0 FOLLOWER]: Advancing to term 1
I0403 04:30:16.252725 4800 raft_consensus.cc:494] T 0e9d1943a8a24c80893fa2b98d1aa24e P 6d6620f761814204a26502e29a199ab7 [term 1 FOLLOWER]: Starting leader election with config: opid_index: -1 OBSOLETE_local: true peers { permanent_uuid: "6d6620f761814204a26502e29a199ab7" member_type: VOTER last_known_addr { host: "127.3.136.65" port: 39877 } }
I0403 04:30:16.252910 4800 leader_election.cc:310] T 0e9d1943a8a24c80893fa2b98d1aa24e P 6d6620f761814204a26502e29a199ab7 [CANDIDATE]: Term 1 election: Election decided. Result: candidate won. Election summary: received 1 responses out of 1 voters: 1 yes votes; 0 no votes. yes voters: 6d6620f761814204a26502e29a199ab7; no voters:
I0403 04:30:16.253087 4800 leader_election.cc:296] T 0e9d1943a8a24c80893fa2b98d1aa24e P 6d6620f761814204a26502e29a199ab7 [CANDIDATE]: Term 1 election: Requested vote from peers
I0403 04:30:16.253185 4802 raft_consensus.cc:2640] T 0e9d1943a8a24c80893fa2b98d1aa24e P 6d6620f761814204a26502e29a199ab7 [term 1 FOLLOWER]: Leader election won for term 1
I0403 04:30:16.253372 4802 raft_consensus.cc:667] T 0e9d1943a8a24c80893fa2b98d1aa24e P 6d6620f761814204a26502e29a199ab7 [term 1 LEADER]: Becoming Leader. State: Replica: 6d6620f761814204a26502e29a199ab7, State: Running, Role: LEADER
I0403 04:30:16.253522 4800 ts_tablet_manager.cc:1081] T 0e9d1943a8a24c80893fa2b98d1aa24e P 6d6620f761814204a26502e29a199ab7: Time spent starting tablet: real 0.004s user 0.000s sys 0.000s
I0403 04:30:16.253552 4802 consensus_queue.cc:206] T 0e9d1943a8a24c80893fa2b98d1aa24e P 6d6620f761814204a26502e29a199ab7 [LEADER]: Queue going to LEADER mode. State: All replicated index: 0, Majority replicated index: 0, Committed index: 0, Last appended: 0.0, Last appended by leader: 0, Current term: 1, Majority size: 1, State: 0, Mode: LEADER, active raft config: opid_index: -1 OBSOLETE_local: true peers { permanent_uuid: "6d6620f761814204a26502e29a199ab7" member_type: VOTER last_known_addr { host: "127.3.136.65" port: 39877 } }
I0403 04:30:16.254995 4615 catalog_manager.cc:3977] T 0e9d1943a8a24c80893fa2b98d1aa24e P 6d6620f761814204a26502e29a199ab7 reported cstate change: term changed from 0 to 1, leader changed from to 6d6620f761814204a26502e29a199ab7 (127.3.136.65). New cstate: current_term: 1 leader_uuid: "6d6620f761814204a26502e29a199ab7" committed_config { opid_index: -1 OBSOLETE_local: true peers { permanent_uuid: "6d6620f761814204a26502e29a199ab7" member_type: VOTER last_known_addr { host: "127.3.136.65" port: 39877 } health_report { overall_health: HEALTHY } } }
I0403 04:30:16.527770 4612 catalog_manager.cc:1890] Servicing DeleteTable request from {username='slave'} at 127.0.0.1:36614: table { table_name: "default.loadgen_auto_fa94f2d102984805bcd5fa0412c2cf60" } modify_external_catalogs: true
I0403 04:30:16.531780 4612 catalog_manager.cc:4216] T 00000000000000000000000000000000 P 77c8a5045689493587ca6e1a94ec8142: Sending DeleteTablet for 1 replicas of tablet 9396bf196c824a0baaf1ed6843c5f6aa
I0403 04:30:16.532011 4612 catalog_manager.cc:3379] Sending DeleteTablet(TABLET_DATA_DELETED) for tablet 9396bf196c824a0baaf1ed6843c5f6aa on 6d6620f761814204a26502e29a199ab7 (127.3.136.65:39877) (Table deleted at 2019-04-03 04:30:16 UTC)
I0403 04:30:16.532253 4612 catalog_manager.cc:4216] T 00000000000000000000000000000000 P 77c8a5045689493587ca6e1a94ec8142: Sending DeleteTablet for 1 replicas of tablet 0e9d1943a8a24c80893fa2b98d1aa24e
I0403 04:30:16.532394 4612 catalog_manager.cc:3379] Sending DeleteTablet(TABLET_DATA_DELETED) for tablet 0e9d1943a8a24c80893fa2b98d1aa24e on 6d6620f761814204a26502e29a199ab7 (127.3.136.65:39877) (Table deleted at 2019-04-03 04:30:16 UTC)
I0403 04:30:16.532527 4612 catalog_manager.cc:4216] T 00000000000000000000000000000000 P 77c8a5045689493587ca6e1a94ec8142: Sending DeleteTablet for 1 replicas of tablet dc1fbe5fca484c9d897dd97bbd009f71
I0403 04:30:16.532687 4612 catalog_manager.cc:3379] Sending DeleteTablet(TABLET_DATA_DELETED) for tablet dc1fbe5fca484c9d897dd97bbd009f71 on 6d6620f761814204a26502e29a199ab7 (127.3.136.65:39877) (Table deleted at 2019-04-03 04:30:16 UTC)
I0403 04:30:16.532830 4612 catalog_manager.cc:4216] T 00000000000000000000000000000000 P 77c8a5045689493587ca6e1a94ec8142: Sending DeleteTablet for 1 replicas of tablet bebe1f9ee5644cc5a6a3f9a21b1fc8aa
I0403 04:30:16.532814 4709 tablet_service.cc:1047] Processing DeleteTablet for tablet 9396bf196c824a0baaf1ed6843c5f6aa with delete_type TABLET_DATA_DELETED (Table deleted at 2019-04-03 04:30:16 UTC) from {username='slave'} at 127.0.0.1:34818
I0403 04:30:16.532923 4715 tablet_service.cc:1047] Processing DeleteTablet for tablet 0e9d1943a8a24c80893fa2b98d1aa24e with delete_type TABLET_DATA_DELETED (Table deleted at 2019-04-03 04:30:16 UTC) from {username='slave'} at 127.0.0.1:34818
I0403 04:30:16.532966 4612 catalog_manager.cc:3379] Sending DeleteTablet(TABLET_DATA_DELETED) for tablet bebe1f9ee5644cc5a6a3f9a21b1fc8aa on 6d6620f761814204a26502e29a199ab7 (127.3.136.65:39877) (Table deleted at 2019-04-03 04:30:16 UTC)
I0403 04:30:16.533088 4612 catalog_manager.cc:4216] T 00000000000000000000000000000000 P 77c8a5045689493587ca6e1a94ec8142: Sending DeleteTablet for 1 replicas of tablet c75e1d213af7404eb9b378aa601d88e1
I0403 04:30:16.533221 4612 catalog_manager.cc:3379] Sending DeleteTablet(TABLET_DATA_DELETED) for tablet c75e1d213af7404eb9b378aa601d88e1 on 6d6620f761814204a26502e29a199ab7 (127.3.136.65:39877) (Table deleted at 2019-04-03 04:30:16 UTC)
I0403 04:30:16.533380 4612 catalog_manager.cc:4216] T 00000000000000000000000000000000 P 77c8a5045689493587ca6e1a94ec8142: Sending DeleteTablet for 1 replicas of tablet 4ba297fa8e1e475d87d6cd01c57615d2
I0403 04:30:16.533498 4612 catalog_manager.cc:3379] Sending DeleteTablet(TABLET_DATA_DELETED) for tablet 4ba297fa8e1e475d87d6cd01c57615d2 on 6d6620f761814204a26502e29a199ab7 (127.3.136.65:39877) (Table deleted at 2019-04-03 04:30:16 UTC)
I0403 04:30:16.533669 4714 tablet_service.cc:1047] Processing DeleteTablet for tablet bebe1f9ee5644cc5a6a3f9a21b1fc8aa with delete_type TABLET_DATA_DELETED (Table deleted at 2019-04-03 04:30:16 UTC) from {username='slave'} at 127.0.0.1:34818
I0403 04:30:16.533754 4612 catalog_manager.cc:4216] T 00000000000000000000000000000000 P 77c8a5045689493587ca6e1a94ec8142: Sending DeleteTablet for 1 replicas of tablet f159e2b79e934aeab5a4a0ad5ac877ee
I0403 04:30:16.533852 4715 tablet_service.cc:1047] Processing DeleteTablet for tablet dc1fbe5fca484c9d897dd97bbd009f71 with delete_type TABLET_DATA_DELETED (Table deleted at 2019-04-03 04:30:16 UTC) from {username='slave'} at 127.0.0.1:34818
I0403 04:30:16.533901 4612 catalog_manager.cc:3379] Sending DeleteTablet(TABLET_DATA_DELETED) for tablet f159e2b79e934aeab5a4a0ad5ac877ee on 6d6620f761814204a26502e29a199ab7 (127.3.136.65:39877) (Table deleted at 2019-04-03 04:30:16 UTC)
I0403 04:30:16.534183 4715 tablet_service.cc:1047] Processing DeleteTablet for tablet 4ba297fa8e1e475d87d6cd01c57615d2 with delete_type TABLET_DATA_DELETED (Table deleted at 2019-04-03 04:30:16 UTC) from {username='slave'} at 127.0.0.1:34818
I0403 04:30:16.534190 4714 tablet_service.cc:1047] Processing DeleteTablet for tablet c75e1d213af7404eb9b378aa601d88e1 with delete_type TABLET_DATA_DELETED (Table deleted at 2019-04-03 04:30:16 UTC) from {username='slave'} at 127.0.0.1:34818
I0403 04:30:16.534443 4710 tablet_service.cc:1047] Processing DeleteTablet for tablet f159e2b79e934aeab5a4a0ad5ac877ee with delete_type TABLET_DATA_DELETED (Table deleted at 2019-04-03 04:30:16 UTC) from {username='slave'} at 127.0.0.1:34818
I0403 04:30:16.534566 4612 catalog_manager.cc:4216] T 00000000000000000000000000000000 P 77c8a5045689493587ca6e1a94ec8142: Sending DeleteTablet for 1 replicas of tablet b68ca8195f294cb29beac1261fc88ee7
I0403 04:30:16.534679 4612 catalog_manager.cc:3379] Sending DeleteTablet(TABLET_DATA_DELETED) for tablet b68ca8195f294cb29beac1261fc88ee7 on 6d6620f761814204a26502e29a199ab7 (127.3.136.65:39877) (Table deleted at 2019-04-03 04:30:16 UTC)
I0403 04:30:16.535384 4710 tablet_service.cc:1047] Processing DeleteTablet for tablet b68ca8195f294cb29beac1261fc88ee7 with delete_type TABLET_DATA_DELETED (Table deleted at 2019-04-03 04:30:16 UTC) from {username='slave'} at 127.0.0.1:34818
I0403 04:30:16.535670 4835 tablet_replica.cc:264] T 9396bf196c824a0baaf1ed6843c5f6aa P 6d6620f761814204a26502e29a199ab7: stopping tablet replica
I0403 04:30:16.535982 4835 raft_consensus.cc:2143] T 9396bf196c824a0baaf1ed6843c5f6aa P 6d6620f761814204a26502e29a199ab7 [term 1 LEADER]: Raft consensus shutting down.
I0403 04:30:16.536221 4835 raft_consensus.cc:2170] T 9396bf196c824a0baaf1ed6843c5f6aa P 6d6620f761814204a26502e29a199ab7 [term 1 FOLLOWER]: Raft consensus is shut down!
I0403 04:30:16.538491 4835 ts_tablet_manager.cc:1377] T 9396bf196c824a0baaf1ed6843c5f6aa P 6d6620f761814204a26502e29a199ab7: Deleting tablet data with delete state TABLET_DATA_DELETED
I0403 04:30:16.543743 4835 ts_tablet_manager.cc:1390] T 9396bf196c824a0baaf1ed6843c5f6aa P 6d6620f761814204a26502e29a199ab7: tablet deleted with delete type TABLET_DATA_DELETED: last-logged OpId 1.3
I0403 04:30:16.543834 4835 log.cc:990] T 9396bf196c824a0baaf1ed6843c5f6aa P 6d6620f761814204a26502e29a199ab7: Deleting WAL directory at /tmp/dist-test-tasks9LKQH/test-tmp/kudu-tool-test.0.ToolTest.TestLoadgenHmsEnabled.1554265799459872-3617/minicluster-data/ts-0/wal/wals/9396bf196c824a0baaf1ed6843c5f6aa
I0403 04:30:16.544248 4835 ts_tablet_manager.cc:1411] T 9396bf196c824a0baaf1ed6843c5f6aa P 6d6620f761814204a26502e29a199ab7: Deleting consensus metadata
I0403 04:30:16.545557 4835 tablet_replica.cc:264] T 0e9d1943a8a24c80893fa2b98d1aa24e P 6d6620f761814204a26502e29a199ab7: stopping tablet replica
I0403 04:30:16.545673 4597 catalog_manager.cc:3357] TS 6d6620f761814204a26502e29a199ab7 (127.3.136.65:39877): tablet 9396bf196c824a0baaf1ed6843c5f6aa (table default.loadgen_auto_fa94f2d102984805bcd5fa0412c2cf60 [id=06bb83fade4645b3a47ce3e1c98c8f88]) successfully deleted
I0403 04:30:16.545708 4835 raft_consensus.cc:2143] T 0e9d1943a8a24c80893fa2b98d1aa24e P 6d6620f761814204a26502e29a199ab7 [term 1 LEADER]: Raft consensus shutting down.
I0403 04:30:16.545819 4835 raft_consensus.cc:2170] T 0e9d1943a8a24c80893fa2b98d1aa24e P 6d6620f761814204a26502e29a199ab7 [term 1 FOLLOWER]: Raft consensus is shut down!
I0403 04:30:16.546627 4835 ts_tablet_manager.cc:1377] T 0e9d1943a8a24c80893fa2b98d1aa24e P 6d6620f761814204a26502e29a199ab7: Deleting tablet data with delete state TABLET_DATA_DELETED
I0403 04:30:16.549463 4835 ts_tablet_manager.cc:1390] T 0e9d1943a8a24c80893fa2b98d1aa24e P 6d6620f761814204a26502e29a199ab7: tablet deleted with delete type TABLET_DATA_DELETED: last-logged OpId 1.3
I0403 04:30:16.549552 4835 log.cc:990] T 0e9d1943a8a24c80893fa2b98d1aa24e P 6d6620f761814204a26502e29a199ab7: Deleting WAL directory at /tmp/dist-test-tasks9LKQH/test-tmp/kudu-tool-test.0.ToolTest.TestLoadgenHmsEnabled.1554265799459872-3617/minicluster-data/ts-0/wal/wals/0e9d1943a8a24c80893fa2b98d1aa24e
I0403 04:30:16.549899 4835 ts_tablet_manager.cc:1411] T 0e9d1943a8a24c80893fa2b98d1aa24e P 6d6620f761814204a26502e29a199ab7: Deleting consensus metadata
I0403 04:30:16.550556 4835 tablet_replica.cc:264] T bebe1f9ee5644cc5a6a3f9a21b1fc8aa P 6d6620f761814204a26502e29a199ab7: stopping tablet replica
I0403 04:30:16.550662 4597 catalog_manager.cc:3357] TS 6d6620f761814204a26502e29a199ab7 (127.3.136.65:39877): tablet 0e9d1943a8a24c80893fa2b98d1aa24e (table default.loadgen_auto_fa94f2d102984805bcd5fa0412c2cf60 [id=06bb83fade4645b3a47ce3e1c98c8f88]) successfully deleted
I0403 04:30:16.550684 4835 raft_consensus.cc:2143] T bebe1f9ee5644cc5a6a3f9a21b1fc8aa P 6d6620f761814204a26502e29a199ab7 [term 1 LEADER]: Raft consensus shutting down.
I0403 04:30:16.550812 4835 raft_consensus.cc:2170] T bebe1f9ee5644cc5a6a3f9a21b1fc8aa P 6d6620f761814204a26502e29a199ab7 [term 1 FOLLOWER]: Raft consensus is shut down!
I0403 04:30:16.551582 4835 ts_tablet_manager.cc:1377] T bebe1f9ee5644cc5a6a3f9a21b1fc8aa P 6d6620f761814204a26502e29a199ab7: Deleting tablet data with delete state TABLET_DATA_DELETED
I0403 04:30:16.554494 4835 ts_tablet_manager.cc:1390] T bebe1f9ee5644cc5a6a3f9a21b1fc8aa P 6d6620f761814204a26502e29a199ab7: tablet deleted with delete type TABLET_DATA_DELETED: last-logged OpId 1.3
I0403 04:30:16.554567 4835 log.cc:990] T bebe1f9ee5644cc5a6a3f9a21b1fc8aa P 6d6620f761814204a26502e29a199ab7: Deleting WAL directory at /tmp/dist-test-tasks9LKQH/test-tmp/kudu-tool-test.0.ToolTest.TestLoadgenHmsEnabled.1554265799459872-3617/minicluster-data/ts-0/wal/wals/bebe1f9ee5644cc5a6a3f9a21b1fc8aa
I0403 04:30:16.554888 4835 ts_tablet_manager.cc:1411] T bebe1f9ee5644cc5a6a3f9a21b1fc8aa P 6d6620f761814204a26502e29a199ab7: Deleting consensus metadata
I0403 04:30:16.555501 4835 tablet_replica.cc:264] T dc1fbe5fca484c9d897dd97bbd009f71 P 6d6620f761814204a26502e29a199ab7: stopping tablet replica
I0403 04:30:16.555608 4597 catalog_manager.cc:3357] TS 6d6620f761814204a26502e29a199ab7 (127.3.136.65:39877): tablet bebe1f9ee5644cc5a6a3f9a21b1fc8aa (table default.loadgen_auto_fa94f2d102984805bcd5fa0412c2cf60 [id=06bb83fade4645b3a47ce3e1c98c8f88]) successfully deleted
I0403 04:30:16.555640 4835 raft_consensus.cc:2143] T dc1fbe5fca484c9d897dd97bbd009f71 P 6d6620f761814204a26502e29a199ab7 [term 1 LEADER]: Raft consensus shutting down.
I0403 04:30:16.555747 4835 raft_consensus.cc:2170] T dc1fbe5fca484c9d897dd97bbd009f71 P 6d6620f761814204a26502e29a199ab7 [term 1 FOLLOWER]: Raft consensus is shut down!
I0403 04:30:16.556505 4835 ts_tablet_manager.cc:1377] T dc1fbe5fca484c9d897dd97bbd009f71 P 6d6620f761814204a26502e29a199ab7: Deleting tablet data with delete state TABLET_DATA_DELETED
I0403 04:30:16.559355 4835 ts_tablet_manager.cc:1390] T dc1fbe5fca484c9d897dd97bbd009f71 P 6d6620f761814204a26502e29a199ab7: tablet deleted with delete type TABLET_DATA_DELETED: last-logged OpId 1.3
I0403 04:30:16.559444 4835 log.cc:990] T dc1fbe5fca484c9d897dd97bbd009f71 P 6d6620f761814204a26502e29a199ab7: Deleting WAL directory at /tmp/dist-test-tasks9LKQH/test-tmp/kudu-tool-test.0.ToolTest.TestLoadgenHmsEnabled.1554265799459872-3617/minicluster-data/ts-0/wal/wals/dc1fbe5fca484c9d897dd97bbd009f71
I0403 04:30:16.559746 4835 ts_tablet_manager.cc:1411] T dc1fbe5fca484c9d897dd97bbd009f71 P 6d6620f761814204a26502e29a199ab7: Deleting consensus metadata
I0403 04:30:16.560379 4835 tablet_replica.cc:264] T 4ba297fa8e1e475d87d6cd01c57615d2 P 6d6620f761814204a26502e29a199ab7: stopping tablet replica
I0403 04:30:16.560480 4597 catalog_manager.cc:3357] TS 6d6620f761814204a26502e29a199ab7 (127.3.136.65:39877): tablet dc1fbe5fca484c9d897dd97bbd009f71 (table default.loadgen_auto_fa94f2d102984805bcd5fa0412c2cf60 [id=06bb83fade4645b3a47ce3e1c98c8f88]) successfully deleted
I0403 04:30:16.560501 4835 raft_consensus.cc:2143] T 4ba297fa8e1e475d87d6cd01c57615d2 P 6d6620f761814204a26502e29a199ab7 [term 1 LEADER]: Raft consensus shutting down.
I0403 04:30:16.560621 4835 raft_consensus.cc:2170] T 4ba297fa8e1e475d87d6cd01c57615d2 P 6d6620f761814204a26502e29a199ab7 [term 1 FOLLOWER]: Raft consensus is shut down!
I0403 04:30:16.561399 4835 ts_tablet_manager.cc:1377] T 4ba297fa8e1e475d87d6cd01c57615d2 P 6d6620f761814204a26502e29a199ab7: Deleting tablet data with delete state TABLET_DATA_DELETED
I0403 04:30:16.564322 4835 ts_tablet_manager.cc:1390] T 4ba297fa8e1e475d87d6cd01c57615d2 P 6d6620f761814204a26502e29a199ab7: tablet deleted with delete type TABLET_DATA_DELETED: last-logged OpId 1.3
I0403 04:30:16.564407 4835 log.cc:990] T 4ba297fa8e1e475d87d6cd01c57615d2 P 6d6620f761814204a26502e29a199ab7: Deleting WAL directory at /tmp/dist-test-tasks9LKQH/test-tmp/kudu-tool-test.0.ToolTest.TestLoadgenHmsEnabled.1554265799459872-3617/minicluster-data/ts-0/wal/wals/4ba297fa8e1e475d87d6cd01c57615d2
I0403 04:30:16.564708 4835 ts_tablet_manager.cc:1411] T 4ba297fa8e1e475d87d6cd01c57615d2 P 6d6620f761814204a26502e29a199ab7: Deleting consensus metadata
I0403 04:30:16.565310 4835 tablet_replica.cc:264] T c75e1d213af7404eb9b378aa601d88e1 P 6d6620f761814204a26502e29a199ab7: stopping tablet replica
I0403 04:30:16.565434 4597 catalog_manager.cc:3357] TS 6d6620f761814204a26502e29a199ab7 (127.3.136.65:39877): tablet 4ba297fa8e1e475d87d6cd01c57615d2 (table default.loadgen_auto_fa94f2d102984805bcd5fa0412c2cf60 [id=06bb83fade4645b3a47ce3e1c98c8f88]) successfully deleted
I0403 04:30:16.565456 4835 raft_consensus.cc:2143] T c75e1d213af7404eb9b378aa601d88e1 P 6d6620f761814204a26502e29a199ab7 [term 1 LEADER]: Raft consensus shutting down.
I0403 04:30:16.565567 4835 raft_consensus.cc:2170] T c75e1d213af7404eb9b378aa601d88e1 P 6d6620f761814204a26502e29a199ab7 [term 1 FOLLOWER]: Raft consensus is shut down!
I0403 04:30:16.566377 4835 ts_tablet_manager.cc:1377] T c75e1d213af7404eb9b378aa601d88e1 P 6d6620f761814204a26502e29a199ab7: Deleting tablet data with delete state TABLET_DATA_DELETED
I0403 04:30:16.569190 4835 ts_tablet_manager.cc:1390] T c75e1d213af7404eb9b378aa601d88e1 P 6d6620f761814204a26502e29a199ab7: tablet deleted with delete type TABLET_DATA_DELETED: last-logged OpId 1.3
I0403 04:30:16.569278 4835 log.cc:990] T c75e1d213af7404eb9b378aa601d88e1 P 6d6620f761814204a26502e29a199ab7: Deleting WAL directory at /tmp/dist-test-tasks9LKQH/test-tmp/kudu-tool-test.0.ToolTest.TestLoadgenHmsEnabled.1554265799459872-3617/minicluster-data/ts-0/wal/wals/c75e1d213af7404eb9b378aa601d88e1
I0403 04:30:16.569579 4835 ts_tablet_manager.cc:1411] T c75e1d213af7404eb9b378aa601d88e1 P 6d6620f761814204a26502e29a199ab7: Deleting consensus metadata
I0403 04:30:16.570243 4835 tablet_replica.cc:264] T f159e2b79e934aeab5a4a0ad5ac877ee P 6d6620f761814204a26502e29a199ab7: stopping tablet replica
I0403 04:30:16.570379 4835 raft_consensus.cc:2143] T f159e2b79e934aeab5a4a0ad5ac877ee P 6d6620f761814204a26502e29a199ab7 [term 1 LEADER]: Raft consensus shutting down.
I0403 04:30:16.570367 4597 catalog_manager.cc:3357] TS 6d6620f761814204a26502e29a199ab7 (127.3.136.65:39877): tablet c75e1d213af7404eb9b378aa601d88e1 (table default.loadgen_auto_fa94f2d102984805bcd5fa0412c2cf60 [id=06bb83fade4645b3a47ce3e1c98c8f88]) successfully deleted
I0403 04:30:16.570509 4835 raft_consensus.cc:2170] T f159e2b79e934aeab5a4a0ad5ac877ee P 6d6620f761814204a26502e29a199ab7 [term 1 FOLLOWER]: Raft consensus is shut down!
I0403 04:30:16.571255 4835 ts_tablet_manager.cc:1377] T f159e2b79e934aeab5a4a0ad5ac877ee P 6d6620f761814204a26502e29a199ab7: Deleting tablet data with delete state TABLET_DATA_DELETED
I0403 04:30:16.574168 4835 ts_tablet_manager.cc:1390] T f159e2b79e934aeab5a4a0ad5ac877ee P 6d6620f761814204a26502e29a199ab7: tablet deleted with delete type TABLET_DATA_DELETED: last-logged OpId 1.3
I0403 04:30:16.574244 4835 log.cc:990] T f159e2b79e934aeab5a4a0ad5ac877ee P 6d6620f761814204a26502e29a199ab7: Deleting WAL directory at /tmp/dist-test-tasks9LKQH/test-tmp/kudu-tool-test.0.ToolTest.TestLoadgenHmsEnabled.1554265799459872-3617/minicluster-data/ts-0/wal/wals/f159e2b79e934aeab5a4a0ad5ac877ee
I0403 04:30:16.574563 4835 ts_tablet_manager.cc:1411] T f159e2b79e934aeab5a4a0ad5ac877ee P 6d6620f761814204a26502e29a199ab7: Deleting consensus metadata
I0403 04:30:16.575183 4835 tablet_replica.cc:264] T b68ca8195f294cb29beac1261fc88ee7 P 6d6620f761814204a26502e29a199ab7: stopping tablet replica
I0403 04:30:16.575330 4835 raft_consensus.cc:2143] T b68ca8195f294cb29beac1261fc88ee7 P 6d6620f761814204a26502e29a199ab7 [term 1 LEADER]: Raft consensus shutting down.
I0403 04:30:16.575294 4597 catalog_manager.cc:3357] TS 6d6620f761814204a26502e29a199ab7 (127.3.136.65:39877): tablet f159e2b79e934aeab5a4a0ad5ac877ee (table default.loadgen_auto_fa94f2d102984805bcd5fa0412c2cf60 [id=06bb83fade4645b3a47ce3e1c98c8f88]) successfully deleted
I0403 04:30:16.575448 4835 raft_consensus.cc:2170] T b68ca8195f294cb29beac1261fc88ee7 P 6d6620f761814204a26502e29a199ab7 [term 1 FOLLOWER]: Raft consensus is shut down!
I0403 04:30:16.576205 4835 ts_tablet_manager.cc:1377] T b68ca8195f294cb29beac1261fc88ee7 P 6d6620f761814204a26502e29a199ab7: Deleting tablet data with delete state TABLET_DATA_DELETED
I0403 04:30:16.579077 4835 ts_tablet_manager.cc:1390] T b68ca8195f294cb29beac1261fc88ee7 P 6d6620f761814204a26502e29a199ab7: tablet deleted with delete type TABLET_DATA_DELETED: last-logged OpId 1.3
I0403 04:30:16.579164 4835 log.cc:990] T b68ca8195f294cb29beac1261fc88ee7 P 6d6620f761814204a26502e29a199ab7: Deleting WAL directory at /tmp/dist-test-tasks9LKQH/test-tmp/kudu-tool-test.0.ToolTest.TestLoadgenHmsEnabled.1554265799459872-3617/minicluster-data/ts-0/wal/wals/b68ca8195f294cb29beac1261fc88ee7
I0403 04:30:16.579474 4835 ts_tablet_manager.cc:1411] T b68ca8195f294cb29beac1261fc88ee7 P 6d6620f761814204a26502e29a199ab7: Deleting consensus metadata
I0403 04:30:16.580193 4597 catalog_manager.cc:3357] TS 6d6620f761814204a26502e29a199ab7 (127.3.136.65:39877): tablet b68ca8195f294cb29beac1261fc88ee7 (table default.loadgen_auto_fa94f2d102984805bcd5fa0412c2cf60 [id=06bb83fade4645b3a47ce3e1c98c8f88]) successfully deleted
I0403 04:30:16.588742 3617 external_mini_cluster.cc:1172] Attempting to check leaks for /tmp/dist-test-tasks9LKQH/build/asan/bin/kudu-tserver pid 4649
I0403 04:30:16.593972 4776 generic_service.cc:171] Checking for leaks (request via RPC)
I0403 04:30:16.653221 3617 external_mini_cluster.cc:1131] Killing /tmp/dist-test-tasks9LKQH/build/asan/bin/kudu-tserver with pid 4649
I0403 04:30:16.662883 3617 external_mini_cluster.cc:1172] Attempting to check leaks for /tmp/dist-test-tasks9LKQH/build/asan/bin/kudu-master pid 4589
I0403 04:30:16.663694 4645 generic_service.cc:171] Checking for leaks (request via RPC)
I0403 04:30:16.729090 3617 external_mini_cluster.cc:1131] Killing /tmp/dist-test-tasks9LKQH/build/asan/bin/kudu-master with pid 4589 Shutting down hive metastore. [ OK ] ToolTest.TestLoadgenHmsEnabled (12644 ms) [ RUN ] ToolTest.TestRemoteReplicaCopy
I0403 04:30:17.249140 3617 external_mini_cluster.cc:933] Running /tmp/dist-test-tasks9LKQH/build/asan/bin/kudu-master /tmp/dist-test-tasks9LKQH/build/asan/bin/kudu-master --fs_wal_dir=/tmp/dist-test-tasks9LKQH/test-tmp/kudu-tool-test.0.ToolTest.TestRemoteReplicaCopy.1554265799459872-3617/minicluster-data/master-0/wal --fs_data_dirs=/tmp/dist-test-tasks9LKQH/test-tmp/kudu-tool-test.0.ToolTest.TestRemoteReplicaCopy.1554265799459872-3617/minicluster-data/master-0/data --block_manager=log --webserver_interface=localhost --ipki_ca_key_size=1024 --tsk_num_rsa_bits=512 --rpc_bind_addresses=0.0.0.0:42049 --webserver_interface=0.0.0.0 --webserver_port=0 --never_fsync --ipki_server_key_size=1024 --enable_minidumps=false --redact=none --metrics_log_interval_ms=1000 --logtostderr --logbuflevel=-1 --log_dir=/tmp/dist-test-tasks9LKQH/test-tmp/kudu-tool-test.0.ToolTest.TestRemoteReplicaCopy.1554265799459872-3617/minicluster-data/master-0/logs --server_dump_info_path=/tmp/dist-test-tasks9LKQH/test-tmp/kudu-tool-test.0.ToolTest.TestRemoteReplicaCopy.1554265799459872-3617/minicluster-data/master-0/data/info.pb --server_dump_info_format=pb --rpc_server_allow_ephemeral_ports --unlock_experimental_flags --unlock_unsafe_flags --catalog_manager_wait_for_new_tablets_to_elect_leader=false --rpc_reuseport=true with env {} WARNING: Logging before InitGoogleLogging() is written to STDERR
W0403 04:30:17.420990 4844 flags.cc:406] Enabled unsafe flag: --rpc_server_allow_ephemeral_ports=true
W0403 04:30:17.421192 4844 flags.cc:406] Enabled unsafe flag: --never_fsync=true
W0403 04:30:17.423645 4844 flags.cc:406] Enabled experimental flag: --ipki_ca_key_size=1024
W0403 04:30:17.423691 4844 flags.cc:406] Enabled experimental flag: --ipki_server_key_size=1024
W0403 04:30:17.423740 4844 flags.cc:406] Enabled experimental flag: --tsk_num_rsa_bits=512
W0403 04:30:17.423780 4844 flags.cc:406] Enabled experimental flag: --rpc_reuseport=true
I0403 04:30:17.427978 4844 master_main.cc:73] Master server non-default flags: --fs_data_dirs=/tmp/dist-test-tasks9LKQH/test-tmp/kudu-tool-test.0.ToolTest.TestRemoteReplicaCopy.1554265799459872-3617/minicluster-data/master-0/data --fs_wal_dir=/tmp/dist-test-tasks9LKQH/test-tmp/kudu-tool-test.0.ToolTest.TestRemoteReplicaCopy.1554265799459872-3617/minicluster-data/master-0/wal --catalog_manager_wait_for_new_tablets_to_elect_leader=false --ipki_ca_key_size=1024 --ipki_server_key_size=1024 --tsk_num_rsa_bits=512 --rpc_bind_addresses=0.0.0.0:42049 --rpc_reuseport=true --rpc_server_allow_ephemeral_ports=true --metrics_log_interval_ms=1000 --server_dump_info_format=pb --server_dump_info_path=/tmp/dist-test-tasks9LKQH/test-tmp/kudu-tool-test.0.ToolTest.TestRemoteReplicaCopy.1554265799459872-3617/minicluster-data/master-0/data/info.pb --webserver_interface=0.0.0.0 --webserver_port=0 --never_fsync=true --redact=none --unlock_experimental_flags=true --unlock_unsafe_flags=true --enable_minidumps=false --log_dir=/tmp/dist-test-tasks9LKQH/test-tmp/kudu-tool-test.0.ToolTest.TestRemoteReplicaCopy.1554265799459872-3617/minicluster-data/master-0/logs --logbuflevel=-1 --logtostderr=true Master server version: kudu 1.10.0-cdh6.x-SNAPSHOT revision 0352bd622196e5ae299faf22e5564590d013ed73 build type FASTDEBUG built by jenkins at 02 Apr 2019 20:47:09 PST on quasar-daxdrg-1.vpc.cloudera.com build id 302510 ASAN enabled
I0403 04:30:17.433931 4844 system_ntp.cc:199] NTP initialized. Skew: 500ppm Current error: 210635us
I0403 04:30:17.435019 4844 fs_manager.cc:263] Metadata directory not provided
I0403 04:30:17.435097 4844 fs_manager.cc:269] Using write-ahead log directory (fs_wal_dir) as metadata directory
I0403 04:30:17.435359 4844 server_base.cc:433] Could not load existing FS layout: Not found: could not find a healthy instance file
I0403 04:30:17.435436 4844 server_base.cc:434] Attempting to create new FS layout instead
I0403 04:30:17.437757 4844 fs_manager.cc:602] Generated new instance metadata in path /tmp/dist-test-tasks9LKQH/test-tmp/kudu-tool-test.0.ToolTest.TestRemoteReplicaCopy.1554265799459872-3617/minicluster-data/master-0/data/instance: uuid: "8c269f7599f44b898b14d4fc9509ff33" format_stamp: "Formatted at 2019-04-03 04:30:17 on dist-test-slave-dist-test-slave-1l7r"
I0403 04:30:17.438310 4844 fs_manager.cc:602] Generated new instance metadata in path /tmp/dist-test-tasks9LKQH/test-tmp/kudu-tool-test.0.ToolTest.TestRemoteReplicaCopy.1554265799459872-3617/minicluster-data/master-0/wal/instance: uuid: "8c269f7599f44b898b14d4fc9509ff33" format_stamp: "Formatted at 2019-04-03 04:30:17 on dist-test-slave-dist-test-slave-1l7r"
I0403 04:30:17.444387 4844 fs_manager.cc:503] Time spent creating directory manager: real 0.006s user 0.005s sys 0.000s
I0403 04:30:17.445508 4844 env_posix.cc:1676] Not raising this process' open files per process limit of 1048576; it is already as high as it can go
I0403 04:30:17.446113 4844 file_cache.cc:466] Constructed file cache lbm with capacity 419430
I0403 04:30:17.448989 4844 fs_manager.cc:419] Time spent opening block manager: real 0.002s user 0.001s sys 0.000s
I0403 04:30:17.449048 4844 fs_manager.cc:436] Opened local filesystem: /tmp/dist-test-tasks9LKQH/test-tmp/kudu-tool-test.0.ToolTest.TestRemoteReplicaCopy.1554265799459872-3617/minicluster-data/master-0/data,/tmp/dist-test-tasks9LKQH/test-tmp/kudu-tool-test.0.ToolTest.TestRemoteReplicaCopy.1554265799459872-3617/minicluster-data/master-0/wal uuid: "8c269f7599f44b898b14d4fc9509ff33" format_stamp: "Formatted at 2019-04-03 04:30:17 on dist-test-slave-dist-test-slave-1l7r"
I0403 04:30:17.449169 4844 fs_report.cc:352] FS layout report -------------------- wal directory: /tmp/dist-test-tasks9LKQH/test-tmp/kudu-tool-test.0.ToolTest.TestRemoteReplicaCopy.1554265799459872-3617/minicluster-data/master-0/wal metadata directory: /tmp/dist-test-tasks9LKQH/test-tmp/kudu-tool-test.0.ToolTest.TestRemoteReplicaCopy.1554265799459872-3617/minicluster-data/master-0/wal 1 data directories: /tmp/dist-test-tasks9LKQH/test-tmp/kudu-tool-test.0.ToolTest.TestRemoteReplicaCopy.1554265799459872-3617/minicluster-data/master-0/data/data Total live blocks: 0 Total live bytes: 0 Total live bytes (after alignment): 0 Total number of LBM containers: 0 (0 full) Did not check for missing blocks Did not check for orphaned blocks Total full LBM containers with extra space: 0 (0 repaired) Total full LBM container extra space in bytes: 0 (0 repaired) Total incomplete LBM containers: 0 (0 repaired) Total LBM partial records: 0 (0 repaired)
I0403 04:30:17.482230 4844 env_posix.cc:1676] Not raising this process' running threads per effective uid limit of 18446744073709551615; it is already as high as it can go
I0403 04:30:17.496569 4844 rpc_server.cc:205] RPC server started. Bound to: 0.0.0.0:42049
I0403 04:30:17.497516 4844 webserver.cc:308] Webserver started at http://0.0.0.0:39947/ using document root and password file
I0403 04:30:17.498287 4844 server_base.cc:608] Dumped server information to /tmp/dist-test-tasks9LKQH/test-tmp/kudu-tool-test.0.ToolTest.TestRemoteReplicaCopy.1554265799459872-3617/minicluster-data/master-0/data/info.pb
I0403 04:30:17.501291 4903 data_dirs.cc:938] Could only allocate 1 dirs of requested 3 for tablet 00000000000000000000000000000000. 1 dirs total, 0 dirs full, 0 dirs failed
I0403 04:30:17.508622 3617 external_mini_cluster.cc:995] Started /tmp/dist-test-tasks9LKQH/build/asan/bin/kudu-master as pid 4844
I0403 04:30:17.509286 3617 external_mini_cluster.cc:933] Running /tmp/dist-test-tasks9LKQH/build/asan/bin/kudu-tserver /tmp/dist-test-tasks9LKQH/build/asan/bin/kudu-tserver --fs_wal_dir=/tmp/dist-test-tasks9LKQH/test-tmp/kudu-tool-test.0.ToolTest.TestRemoteReplicaCopy.1554265799459872-3617/minicluster-data/ts-0/wal --fs_data_dirs=/tmp/dist-test-tasks9LKQH/test-tmp/kudu-tool-test.0.ToolTest.TestRemoteReplicaCopy.1554265799459872-3617/minicluster-data/ts-0/data --block_manager=log --rpc_bind_addresses=0.0.0.0:0 --local_ip_for_outbound_sockets=0.0.0.0 --webserver_interface=0.0.0.0 --webserver_port=0 --tserver_master_addrs=dist-test-slave-dist-test-slave-1l7r:42049 --never_fsync --ipki_server_key_size=1024 --enable_minidumps=false --redact=none --metrics_log_interval_ms=1000 --logtostderr --logbuflevel=-1 --log_dir=/tmp/dist-test-tasks9LKQH/test-tmp/kudu-tool-test.0.ToolTest.TestRemoteReplicaCopy.1554265799459872-3617/minicluster-data/ts-0/logs --server_dump_info_path=/tmp/dist-test-tasks9LKQH/test-tmp/kudu-tool-test.0.ToolTest.TestRemoteReplicaCopy.1554265799459872-3617/minicluster-data/ts-0/data/info.pb --server_dump_info_format=pb --rpc_server_allow_ephemeral_ports --unlock_experimental_flags --unlock_unsafe_flags --enable_leader_failure_detection=false with env {}
I0403 04:30:17.512866 4903 tablet_bootstrap.cc:439] T 00000000000000000000000000000000 P 8c269f7599f44b898b14d4fc9509ff33: Bootstrap starting.
I0403 04:30:17.515544 4903 tablet_bootstrap.cc:590] T 00000000000000000000000000000000 P 8c269f7599f44b898b14d4fc9509ff33: No blocks or log segments found. Creating new log.
I0403 04:30:17.516521 4903 log.cc:525] T 00000000000000000000000000000000 P 8c269f7599f44b898b14d4fc9509ff33: Log is configured to *not* fsync() on all Append() calls
I0403 04:30:17.518214 4903 tablet_bootstrap.cc:439] T 00000000000000000000000000000000 P 8c269f7599f44b898b14d4fc9509ff33: No bootstrap required, opened a new log
I0403 04:30:17.525182 4903 raft_consensus.cc:340] T 00000000000000000000000000000000 P 8c269f7599f44b898b14d4fc9509ff33 [term 0 FOLLOWER]: Replica starting. Triggering 0 pending transactions. Active config: opid_index: -1 OBSOLETE_local: true peers { permanent_uuid: "8c269f7599f44b898b14d4fc9509ff33" member_type: VOTER }
I0403 04:30:17.525420 4903 raft_consensus.cc:366] T 00000000000000000000000000000000 P 8c269f7599f44b898b14d4fc9509ff33 [term 0 FOLLOWER]: Consensus starting up: Expiring failure detector timer to make a prompt election more likely
I0403 04:30:17.525501 4903 raft_consensus.cc:705] T 00000000000000000000000000000000 P 8c269f7599f44b898b14d4fc9509ff33 [term 0 FOLLOWER]: Becoming Follower/Learner. State: Replica: 8c269f7599f44b898b14d4fc9509ff33, State: Initialized, Role: FOLLOWER
I0403 04:30:17.526021 4903 consensus_queue.cc:229] T 00000000000000000000000000000000 P 8c269f7599f44b898b14d4fc9509ff33 [NON_LEADER]: Queue going to NON_LEADER mode. State: All replicated index: 0, Majority replicated index: 0, Committed index: 0, Last appended: 0.0, Last appended by leader: 0, Current term: 0, Majority size: -1, State: 0, Mode: NON_LEADER, active raft config: opid_index: -1 OBSOLETE_local: true peers { permanent_uuid: "8c269f7599f44b898b14d4fc9509ff33" member_type: VOTER }
I0403 04:30:17.526206 4903 raft_consensus.cc:380] T 00000000000000000000000000000000 P 8c269f7599f44b898b14d4fc9509ff33 [term 0 FOLLOWER]: Only one voter in the Raft config. Triggering election immediately
I0403 04:30:17.526355 4903 raft_consensus.cc:472] T 00000000000000000000000000000000 P 8c269f7599f44b898b14d4fc9509ff33 [term 0 FOLLOWER]: Starting leader election (initial election of a single-replica configuration)
I0403 04:30:17.526473 4903 raft_consensus.cc:2886] T 00000000000000000000000000000000 P 8c269f7599f44b898b14d4fc9509ff33 [term 0 FOLLOWER]: Advancing to term 1
I0403 04:30:17.528069 4903 raft_consensus.cc:494] T 00000000000000000000000000000000 P 8c269f7599f44b898b14d4fc9509ff33 [term 1 FOLLOWER]: Starting leader election with config: opid_index: -1 OBSOLETE_local: true peers { permanent_uuid: "8c269f7599f44b898b14d4fc9509ff33" member_type: VOTER }
I0403 04:30:17.528458 4903 leader_election.cc:310] T 00000000000000000000000000000000 P 8c269f7599f44b898b14d4fc9509ff33 [CANDIDATE]: Term 1 election: Election decided. Result: candidate won. Election summary: received 1 responses out of 1 voters: 1 yes votes; 0 no votes. yes voters: 8c269f7599f44b898b14d4fc9509ff33; no voters:
I0403 04:30:17.529145 4906 raft_consensus.cc:2640] T 00000000000000000000000000000000 P 8c269f7599f44b898b14d4fc9509ff33 [term 1 FOLLOWER]: Leader election won for term 1
I0403 04:30:17.529520 4903 leader_election.cc:296] T 00000000000000000000000000000000 P 8c269f7599f44b898b14d4fc9509ff33 [CANDIDATE]: Term 1 election: Requested vote from peers
I0403 04:30:17.529744 4906 raft_consensus.cc:667] T 00000000000000000000000000000000 P 8c269f7599f44b898b14d4fc9509ff33 [term 1 LEADER]: Becoming Leader. State: Replica: 8c269f7599f44b898b14d4fc9509ff33, State: Running, Role: LEADER
I0403 04:30:17.530356 4906 consensus_queue.cc:206] T 00000000000000000000000000000000 P 8c269f7599f44b898b14d4fc9509ff33 [LEADER]: Queue going to LEADER mode. State: All replicated index: 0, Majority replicated index: 0, Committed index: 0, Last appended: 0.0, Last appended by leader: 0, Current term: 1, Majority size: 1, State: 0, Mode: LEADER, active raft config: opid_index: -1 OBSOLETE_local: true peers { permanent_uuid: "8c269f7599f44b898b14d4fc9509ff33" member_type: VOTER }
I0403 04:30:17.534237 4907 sys_catalog.cc:337] T 00000000000000000000000000000000 P 8c269f7599f44b898b14d4fc9509ff33 [sys.catalog]: SysCatalogTable state changed. Reason: New leader 8c269f7599f44b898b14d4fc9509ff33. Latest consensus state: current_term: 1 leader_uuid: "8c269f7599f44b898b14d4fc9509ff33" committed_config { opid_index: -1 OBSOLETE_local: true peers { permanent_uuid: "8c269f7599f44b898b14d4fc9509ff33" member_type: VOTER } }
I0403 04:30:17.534512 4907 sys_catalog.cc:340] T 00000000000000000000000000000000 P 8c269f7599f44b898b14d4fc9509ff33 [sys.catalog]: This master's current role is: LEADER
