I0403 04:30:17.535109 4903 sys_catalog.cc:337] T 00000000000000000000000000000000 P 8c269f7599f44b898b14d4fc9509ff33 [sys.catalog]: SysCatalogTable state changed. Reason: Started TabletReplica. Latest consensus state: current_term: 1 leader_uuid: "8c269f7599f44b898b14d4fc9509ff33" committed_config { opid_index: -1 OBSOLETE_local: true peers { permanent_uuid: "8c269f7599f44b898b14d4fc9509ff33" member_type: VOTER } }
I0403 04:30:17.535106 4908 sys_catalog.cc:337] T 00000000000000000000000000000000 P 8c269f7599f44b898b14d4fc9509ff33 [sys.catalog]: SysCatalogTable state changed. Reason: RaftConsensus started. Latest consensus state: current_term: 1 leader_uuid: "8c269f7599f44b898b14d4fc9509ff33" committed_config { opid_index: -1 OBSOLETE_local: true peers { permanent_uuid: "8c269f7599f44b898b14d4fc9509ff33" member_type: VOTER } }
I0403 04:30:17.535337 4903 sys_catalog.cc:340] T 00000000000000000000000000000000 P 8c269f7599f44b898b14d4fc9509ff33 [sys.catalog]: This master's current role is: LEADER
I0403 04:30:17.535449 4908 sys_catalog.cc:340] T 00000000000000000000000000000000 P 8c269f7599f44b898b14d4fc9509ff33 [sys.catalog]: This master's current role is: LEADER
I0403 04:30:17.536659 4903 sys_catalog.cc:424] T 00000000000000000000000000000000 P 8c269f7599f44b898b14d4fc9509ff33 [sys.catalog]: configured and running, proceeding with master startup.
I0403 04:30:17.536844 4912 catalog_manager.cc:1055] Loading table and tablet metadata into memory...
I0403 04:30:17.537271 4913 catalog_manager.cc:536] Waiting for catalog manager background task thread to start: Service unavailable: Catalog manager is not initialized. State: Starting
I0403 04:30:17.543856 4912 catalog_manager.cc:1066] Initializing Kudu internal certificate authority...
I0403 04:30:17.590095 4912 catalog_manager.cc:950] Generated new certificate authority record
I0403 04:30:17.591383 4912 catalog_manager.cc:1075] Loading token signing keys...
I0403 04:30:17.599895 4912 catalog_manager.cc:4281] T 00000000000000000000000000000000 P 8c269f7599f44b898b14d4fc9509ff33: Generated new TSK 0 WARNING: Logging before InitGoogleLogging() is written to STDERR
W0403 04:30:17.705052 4904 flags.cc:406] Enabled unsafe flag: --enable_leader_failure_detection=false
W0403 04:30:17.705396 4904 flags.cc:406] Enabled unsafe flag: --rpc_server_allow_ephemeral_ports=true
W0403 04:30:17.705515 4904 flags.cc:406] Enabled unsafe flag: --never_fsync=true
W0403 04:30:17.708999 4904 flags.cc:406] Enabled experimental flag: --ipki_server_key_size=1024
W0403 04:30:17.709178 4904 flags.cc:406] Enabled experimental flag: --local_ip_for_outbound_sockets=0.0.0.0
I0403 04:30:17.714973 4904 tablet_server_main.cc:78] Tablet server non-default flags: --enable_leader_failure_detection=false --fs_data_dirs=/tmp/dist-test-tasks9LKQH/test-tmp/kudu-tool-test.0.ToolTest.TestRemoteReplicaCopy.1554265799459872-3617/minicluster-data/ts-0/data --fs_wal_dir=/tmp/dist-test-tasks9LKQH/test-tmp/kudu-tool-test.0.ToolTest.TestRemoteReplicaCopy.1554265799459872-3617/minicluster-data/ts-0/wal --ipki_server_key_size=1024 --rpc_bind_addresses=0.0.0.0:0 --rpc_server_allow_ephemeral_ports=true --metrics_log_interval_ms=1000 --server_dump_info_format=pb --server_dump_info_path=/tmp/dist-test-tasks9LKQH/test-tmp/kudu-tool-test.0.ToolTest.TestRemoteReplicaCopy.1554265799459872-3617/minicluster-data/ts-0/data/info.pb --webserver_interface=0.0.0.0 --webserver_port=0 --tserver_master_addrs=dist-test-slave-dist-test-slave-1l7r:42049 --never_fsync=true --redact=none --unlock_experimental_flags=true --unlock_unsafe_flags=true --enable_minidumps=false --local_ip_for_outbound_sockets=0.0.0.0 --log_dir=/tmp/dist-test-tasks9LKQH/test-tmp/kudu-tool-test.0.ToolTest.TestRemoteReplicaCopy.1554265799459872-3617/minicluster-data/ts-0/logs --logbuflevel=-1 --logtostderr=true Tablet server version: kudu 1.10.0-cdh6.x-SNAPSHOT revision 0352bd622196e5ae299faf22e5564590d013ed73 build type FASTDEBUG built by jenkins at 02 Apr 2019 20:47:09 PST on quasar-daxdrg-1.vpc.cloudera.com build id 302510 ASAN enabled
I0403 04:30:17.725503 4904 system_ntp.cc:199] NTP initialized. Skew: 500ppm Current error: 210635us
I0403 04:30:17.726372 4904 fs_manager.cc:263] Metadata directory not provided
I0403 04:30:17.726464 4904 fs_manager.cc:269] Using write-ahead log directory (fs_wal_dir) as metadata directory
I0403 04:30:17.726821 4904 server_base.cc:433] Could not load existing FS layout: Not found: could not find a healthy instance file
I0403 04:30:17.726914 4904 server_base.cc:434] Attempting to create new FS layout instead
I0403 04:30:17.730180 4904 fs_manager.cc:602] Generated new instance metadata in path /tmp/dist-test-tasks9LKQH/test-tmp/kudu-tool-test.0.ToolTest.TestRemoteReplicaCopy.1554265799459872-3617/minicluster-data/ts-0/data/instance: uuid: "e94ae8064c284fceb0d8ce973d21b48e" format_stamp: "Formatted at 2019-04-03 04:30:17 on dist-test-slave-dist-test-slave-1l7r"
I0403 04:30:17.730971 4904 fs_manager.cc:602] Generated new instance metadata in path /tmp/dist-test-tasks9LKQH/test-tmp/kudu-tool-test.0.ToolTest.TestRemoteReplicaCopy.1554265799459872-3617/minicluster-data/ts-0/wal/instance: uuid: "e94ae8064c284fceb0d8ce973d21b48e" format_stamp: "Formatted at 2019-04-03 04:30:17 on dist-test-slave-dist-test-slave-1l7r"
I0403 04:30:17.740170 4904 fs_manager.cc:503] Time spent creating directory manager: real 0.009s user 0.005s sys 0.004s
I0403 04:30:17.741715 4904 env_posix.cc:1676] Not raising this process' open files per process limit of 1048576; it is already as high as it can go
I0403 04:30:17.742507 4904 file_cache.cc:466] Constructed file cache lbm with capacity 419430
I0403 04:30:17.751459 4904 fs_manager.cc:419] Time spent opening block manager: real 0.007s user 0.000s sys 0.006s
I0403 04:30:17.751549 4904 fs_manager.cc:436] Opened local filesystem: /tmp/dist-test-tasks9LKQH/test-tmp/kudu-tool-test.0.ToolTest.TestRemoteReplicaCopy.1554265799459872-3617/minicluster-data/ts-0/data,/tmp/dist-test-tasks9LKQH/test-tmp/kudu-tool-test.0.ToolTest.TestRemoteReplicaCopy.1554265799459872-3617/minicluster-data/ts-0/wal uuid: "e94ae8064c284fceb0d8ce973d21b48e" format_stamp: "Formatted at 2019-04-03 04:30:17 on dist-test-slave-dist-test-slave-1l7r"
I0403 04:30:17.751724 4904 fs_report.cc:352] FS layout report -------------------- wal directory: /tmp/dist-test-tasks9LKQH/test-tmp/kudu-tool-test.0.ToolTest.TestRemoteReplicaCopy.1554265799459872-3617/minicluster-data/ts-0/wal metadata directory: /tmp/dist-test-tasks9LKQH/test-tmp/kudu-tool-test.0.ToolTest.TestRemoteReplicaCopy.1554265799459872-3617/minicluster-data/ts-0/wal 1 data directories: /tmp/dist-test-tasks9LKQH/test-tmp/kudu-tool-test.0.ToolTest.TestRemoteReplicaCopy.1554265799459872-3617/minicluster-data/ts-0/data/data Total live blocks: 0 Total live bytes: 0 Total live bytes (after alignment): 0 Total number of LBM containers: 0 (0 full) Did not check for missing blocks Did not check for orphaned blocks Total full LBM containers with extra space: 0 (0 repaired) Total full LBM container extra space in bytes: 0 (0 repaired) Total incomplete LBM containers: 0 (0 repaired) Total LBM partial records: 0 (0 repaired)
I0403 04:30:17.786840 4904 env_posix.cc:1676] Not raising this process' running threads per effective uid limit of 18446744073709551615; it is already as high as it can go
I0403 04:30:17.788653 4904 ts_tablet_manager.cc:356] Loaded tablet metadata (0 total tablets, 0 live tablets)
I0403 04:30:17.788718 4904 ts_tablet_manager.cc:376] Registered 0 tablets
I0403 04:30:17.863510 4904 rpc_server.cc:205] RPC server started. Bound to: 0.0.0.0:34339
I0403 04:30:17.864976 4904 webserver.cc:308] Webserver started at http://0.0.0.0:44861/ using document root and password file
I0403 04:30:17.866065 4904 server_base.cc:608] Dumped server information to /tmp/dist-test-tasks9LKQH/test-tmp/kudu-tool-test.0.ToolTest.TestRemoteReplicaCopy.1554265799459872-3617/minicluster-data/ts-0/data/info.pb
I0403 04:30:17.870925 3617 external_mini_cluster.cc:995] Started /tmp/dist-test-tasks9LKQH/build/asan/bin/kudu-tserver as pid 4904
I0403 04:30:17.871618 3617 external_mini_cluster.cc:933] Running /tmp/dist-test-tasks9LKQH/build/asan/bin/kudu-tserver /tmp/dist-test-tasks9LKQH/build/asan/bin/kudu-tserver --fs_wal_dir=/tmp/dist-test-tasks9LKQH/test-tmp/kudu-tool-test.0.ToolTest.TestRemoteReplicaCopy.1554265799459872-3617/minicluster-data/ts-1/wal --fs_data_dirs=/tmp/dist-test-tasks9LKQH/test-tmp/kudu-tool-test.0.ToolTest.TestRemoteReplicaCopy.1554265799459872-3617/minicluster-data/ts-1/data --block_manager=log --rpc_bind_addresses=0.0.0.0:0 --local_ip_for_outbound_sockets=0.0.0.0 --webserver_interface=0.0.0.0 --webserver_port=0 --tserver_master_addrs=dist-test-slave-dist-test-slave-1l7r:42049 --never_fsync --ipki_server_key_size=1024 --enable_minidumps=false --redact=none --metrics_log_interval_ms=1000 --logtostderr --logbuflevel=-1 --log_dir=/tmp/dist-test-tasks9LKQH/test-tmp/kudu-tool-test.0.ToolTest.TestRemoteReplicaCopy.1554265799459872-3617/minicluster-data/ts-1/logs --server_dump_info_path=/tmp/dist-test-tasks9LKQH/test-tmp/kudu-tool-test.0.ToolTest.TestRemoteReplicaCopy.1554265799459872-3617/minicluster-data/ts-1/data/info.pb --server_dump_info_format=pb --rpc_server_allow_ephemeral_ports --unlock_experimental_flags --unlock_unsafe_flags --enable_leader_failure_detection=false with env {}
I0403 04:30:17.886587 5034 heartbeater.cc:345] Connected to a master server at dist-test-slave-dist-test-slave-1l7r:42049
I0403 04:30:17.886765 5034 heartbeater.cc:426] Registering TS with master...
I0403 04:30:17.887392 5034 heartbeater.cc:475] Master dist-test-slave-dist-test-slave-1l7r:42049 requested a full tablet report, sending...
I0403 04:30:17.888972 4870 ts_manager.cc:159] Registered new tserver with Master: e94ae8064c284fceb0d8ce973d21b48e (dist-test-slave-dist-test-slave-1l7r:34339)
I0403 04:30:17.890703 4870 master_service.cc:271] Signed X509 certificate for tserver {username='slave'} at 172.17.0.2:42211 WARNING: Logging before InitGoogleLogging() is written to STDERR
W0403 04:30:18.057082 5038 flags.cc:406] Enabled unsafe flag: --enable_leader_failure_detection=false
W0403 04:30:18.057296 5038 flags.cc:406] Enabled unsafe flag: --rpc_server_allow_ephemeral_ports=true
W0403 04:30:18.057394 5038 flags.cc:406] Enabled unsafe flag: --never_fsync=true
W0403 04:30:18.059515 5038 flags.cc:406] Enabled experimental flag: --ipki_server_key_size=1024
W0403 04:30:18.059628 5038 flags.cc:406] Enabled experimental flag: --local_ip_for_outbound_sockets=0.0.0.0
I0403 04:30:18.063400 5038 tablet_server_main.cc:78] Tablet server non-default flags: --enable_leader_failure_detection=false --fs_data_dirs=/tmp/dist-test-tasks9LKQH/test-tmp/kudu-tool-test.0.ToolTest.TestRemoteReplicaCopy.1554265799459872-3617/minicluster-data/ts-1/data --fs_wal_dir=/tmp/dist-test-tasks9LKQH/test-tmp/kudu-tool-test.0.ToolTest.TestRemoteReplicaCopy.1554265799459872-3617/minicluster-data/ts-1/wal --ipki_server_key_size=1024 --rpc_bind_addresses=0.0.0.0:0 --rpc_server_allow_ephemeral_ports=true --metrics_log_interval_ms=1000 --server_dump_info_format=pb --server_dump_info_path=/tmp/dist-test-tasks9LKQH/test-tmp/kudu-tool-test.0.ToolTest.TestRemoteReplicaCopy.1554265799459872-3617/minicluster-data/ts-1/data/info.pb --webserver_interface=0.0.0.0 --webserver_port=0 --tserver_master_addrs=dist-test-slave-dist-test-slave-1l7r:42049 --never_fsync=true --redact=none --unlock_experimental_flags=true --unlock_unsafe_flags=true --enable_minidumps=false --local_ip_for_outbound_sockets=0.0.0.0 --log_dir=/tmp/dist-test-tasks9LKQH/test-tmp/kudu-tool-test.0.ToolTest.TestRemoteReplicaCopy.1554265799459872-3617/minicluster-data/ts-1/logs --logbuflevel=-1 --logtostderr=true Tablet server version: kudu 1.10.0-cdh6.x-SNAPSHOT revision 0352bd622196e5ae299faf22e5564590d013ed73 build type FASTDEBUG built by jenkins at 02 Apr 2019 20:47:09 PST on quasar-daxdrg-1.vpc.cloudera.com build id 302510 ASAN enabled
I0403 04:30:18.070600 5038 system_ntp.cc:199] NTP initialized. Skew: 500ppm Current error: 211135us
I0403 04:30:18.071156 5038 fs_manager.cc:263] Metadata directory not provided
I0403 04:30:18.071223 5038 fs_manager.cc:269] Using write-ahead log directory (fs_wal_dir) as metadata directory
I0403 04:30:18.071502 5038 server_base.cc:433] Could not load existing FS layout: Not found: could not find a healthy instance file
I0403 04:30:18.071566 5038 server_base.cc:434] Attempting to create new FS layout instead
I0403 04:30:18.073900 5038 fs_manager.cc:602] Generated new instance metadata in path /tmp/dist-test-tasks9LKQH/test-tmp/kudu-tool-test.0.ToolTest.TestRemoteReplicaCopy.1554265799459872-3617/minicluster-data/ts-1/data/instance: uuid: "71eb4565f22f4adfb6690d16bf8df52e" format_stamp: "Formatted at 2019-04-03 04:30:18 on dist-test-slave-dist-test-slave-1l7r"
I0403 04:30:18.074453 5038 fs_manager.cc:602] Generated new instance metadata in path /tmp/dist-test-tasks9LKQH/test-tmp/kudu-tool-test.0.ToolTest.TestRemoteReplicaCopy.1554265799459872-3617/minicluster-data/ts-1/wal/instance: uuid: "71eb4565f22f4adfb6690d16bf8df52e" format_stamp: "Formatted at 2019-04-03 04:30:18 on dist-test-slave-dist-test-slave-1l7r"
I0403 04:30:18.080229 5038 fs_manager.cc:503] Time spent creating directory manager: real 0.006s user 0.005s sys 0.000s
I0403 04:30:18.081364 5038 env_posix.cc:1676] Not raising this process' open files per process limit of 1048576; it is already as high as it can go
I0403 04:30:18.081931 5038 file_cache.cc:466] Constructed file cache lbm with capacity 419430
I0403 04:30:18.084733 5038 fs_manager.cc:419] Time spent opening block manager: real 0.002s user 0.001s sys 0.000s
I0403 04:30:18.084806 5038 fs_manager.cc:436] Opened local filesystem: /tmp/dist-test-tasks9LKQH/test-tmp/kudu-tool-test.0.ToolTest.TestRemoteReplicaCopy.1554265799459872-3617/minicluster-data/ts-1/data,/tmp/dist-test-tasks9LKQH/test-tmp/kudu-tool-test.0.ToolTest.TestRemoteReplicaCopy.1554265799459872-3617/minicluster-data/ts-1/wal uuid: "71eb4565f22f4adfb6690d16bf8df52e" format_stamp: "Formatted at 2019-04-03 04:30:18 on dist-test-slave-dist-test-slave-1l7r"
I0403 04:30:18.084957 5038 fs_report.cc:352] FS layout report -------------------- wal directory: /tmp/dist-test-tasks9LKQH/test-tmp/kudu-tool-test.0.ToolTest.TestRemoteReplicaCopy.1554265799459872-3617/minicluster-data/ts-1/wal metadata directory: /tmp/dist-test-tasks9LKQH/test-tmp/kudu-tool-test.0.ToolTest.TestRemoteReplicaCopy.1554265799459872-3617/minicluster-data/ts-1/wal 1 data directories: /tmp/dist-test-tasks9LKQH/test-tmp/kudu-tool-test.0.ToolTest.TestRemoteReplicaCopy.1554265799459872-3617/minicluster-data/ts-1/data/data Total live blocks: 0 Total live bytes: 0 Total live bytes (after alignment): 0 Total number of LBM containers: 0 (0 full) Did not check for missing blocks Did not check for orphaned blocks Total full LBM containers with extra space: 0 (0 repaired) Total full LBM container extra space in bytes: 0 (0 repaired) Total incomplete LBM containers: 0 (0 repaired) Total LBM partial records: 0 (0 repaired)
I0403 04:30:18.107553 5038 env_posix.cc:1676] Not raising this process' running threads per effective uid limit of 18446744073709551615; it is already as high as it can go
I0403 04:30:18.109134 5038 ts_tablet_manager.cc:356] Loaded tablet metadata (0 total tablets, 0 live tablets)
I0403 04:30:18.109206 5038 ts_tablet_manager.cc:376] Registered 0 tablets
I0403 04:30:18.135448 5038 rpc_server.cc:205] RPC server started. Bound to: 0.0.0.0:33395
I0403 04:30:18.136425 5038 webserver.cc:308] Webserver started at http://0.0.0.0:39269/ using document root and password file
I0403 04:30:18.137112 5038 server_base.cc:608] Dumped server information to /tmp/dist-test-tasks9LKQH/test-tmp/kudu-tool-test.0.ToolTest.TestRemoteReplicaCopy.1554265799459872-3617/minicluster-data/ts-1/data/info.pb
I0403 04:30:18.145160 3617 external_mini_cluster.cc:995] Started /tmp/dist-test-tasks9LKQH/build/asan/bin/kudu-tserver as pid 5038
I0403 04:30:18.145802 3617 external_mini_cluster.cc:933] Running /tmp/dist-test-tasks9LKQH/build/asan/bin/kudu-tserver /tmp/dist-test-tasks9LKQH/build/asan/bin/kudu-tserver --fs_wal_dir=/tmp/dist-test-tasks9LKQH/test-tmp/kudu-tool-test.0.ToolTest.TestRemoteReplicaCopy.1554265799459872-3617/minicluster-data/ts-2/wal --fs_data_dirs=/tmp/dist-test-tasks9LKQH/test-tmp/kudu-tool-test.0.ToolTest.TestRemoteReplicaCopy.1554265799459872-3617/minicluster-data/ts-2/data --block_manager=log --rpc_bind_addresses=0.0.0.0:0 --local_ip_for_outbound_sockets=0.0.0.0 --webserver_interface=0.0.0.0 --webserver_port=0 --tserver_master_addrs=dist-test-slave-dist-test-slave-1l7r:42049 --never_fsync --ipki_server_key_size=1024 --enable_minidumps=false --redact=none --metrics_log_interval_ms=1000 --logtostderr --logbuflevel=-1 --log_dir=/tmp/dist-test-tasks9LKQH/test-tmp/kudu-tool-test.0.ToolTest.TestRemoteReplicaCopy.1554265799459872-3617/minicluster-data/ts-2/logs --server_dump_info_path=/tmp/dist-test-tasks9LKQH/test-tmp/kudu-tool-test.0.ToolTest.TestRemoteReplicaCopy.1554265799459872-3617/minicluster-data/ts-2/data/info.pb --server_dump_info_format=pb --rpc_server_allow_ephemeral_ports --unlock_experimental_flags --unlock_unsafe_flags --enable_leader_failure_detection=false with env {}
I0403 04:30:18.150028 5157 heartbeater.cc:345] Connected to a master server at dist-test-slave-dist-test-slave-1l7r:42049
I0403 04:30:18.150214 5157 heartbeater.cc:426] Registering TS with master...
I0403 04:30:18.150882 5157 heartbeater.cc:475] Master dist-test-slave-dist-test-slave-1l7r:42049 requested a full tablet report, sending...
I0403 04:30:18.151907 4870 ts_manager.cc:159] Registered new tserver with Master: 71eb4565f22f4adfb6690d16bf8df52e (dist-test-slave-dist-test-slave-1l7r:33395)
I0403 04:30:18.152779 4870 master_service.cc:271] Signed X509 certificate for tserver {username='slave'} at 172.17.0.2:33859 WARNING: Logging before InitGoogleLogging() is written to STDERR
W0403 04:30:18.289274 5160 flags.cc:406] Enabled unsafe flag: --enable_leader_failure_detection=false
W0403 04:30:18.289520 5160 flags.cc:406] Enabled unsafe flag: --rpc_server_allow_ephemeral_ports=true
W0403 04:30:18.289633 5160 flags.cc:406] Enabled unsafe flag: --never_fsync=true
W0403 04:30:18.291950 5160 flags.cc:406] Enabled experimental flag: --ipki_server_key_size=1024
W0403 04:30:18.292104 5160 flags.cc:406] Enabled experimental flag: --local_ip_for_outbound_sockets=0.0.0.0
I0403 04:30:18.296010 5160 tablet_server_main.cc:78] Tablet server non-default flags: --enable_leader_failure_detection=false --fs_data_dirs=/tmp/dist-test-tasks9LKQH/test-tmp/kudu-tool-test.0.ToolTest.TestRemoteReplicaCopy.1554265799459872-3617/minicluster-data/ts-2/data --fs_wal_dir=/tmp/dist-test-tasks9LKQH/test-tmp/kudu-tool-test.0.ToolTest.TestRemoteReplicaCopy.1554265799459872-3617/minicluster-data/ts-2/wal --ipki_server_key_size=1024 --rpc_bind_addresses=0.0.0.0:0 --rpc_server_allow_ephemeral_ports=true --metrics_log_interval_ms=1000 --server_dump_info_format=pb --server_dump_info_path=/tmp/dist-test-tasks9LKQH/test-tmp/kudu-tool-test.0.ToolTest.TestRemoteReplicaCopy.1554265799459872-3617/minicluster-data/ts-2/data/info.pb --webserver_interface=0.0.0.0 --webserver_port=0 --tserver_master_addrs=dist-test-slave-dist-test-slave-1l7r:42049 --never_fsync=true --redact=none --unlock_experimental_flags=true --unlock_unsafe_flags=true --enable_minidumps=false --local_ip_for_outbound_sockets=0.0.0.0 --log_dir=/tmp/dist-test-tasks9LKQH/test-tmp/kudu-tool-test.0.ToolTest.TestRemoteReplicaCopy.1554265799459872-3617/minicluster-data/ts-2/logs --logbuflevel=-1 --logtostderr=true Tablet server version: kudu 1.10.0-cdh6.x-SNAPSHOT revision 0352bd622196e5ae299faf22e5564590d013ed73 build type FASTDEBUG built by jenkins at 02 Apr 2019 20:47:09 PST on quasar-daxdrg-1.vpc.cloudera.com build id 302510 ASAN enabled
I0403 04:30:18.303565 5160 system_ntp.cc:199] NTP initialized. Skew: 500ppm Current error: 211135us
I0403 04:30:18.304188 5160 fs_manager.cc:263] Metadata directory not provided
I0403 04:30:18.304252 5160 fs_manager.cc:269] Using write-ahead log directory (fs_wal_dir) as metadata directory
I0403 04:30:18.304554 5160 server_base.cc:433] Could not load existing FS layout: Not found: could not find a healthy instance file
I0403 04:30:18.304618 5160 server_base.cc:434] Attempting to create new FS layout instead
I0403 04:30:18.307178 5160 fs_manager.cc:602] Generated new instance metadata in path /tmp/dist-test-tasks9LKQH/test-tmp/kudu-tool-test.0.ToolTest.TestRemoteReplicaCopy.1554265799459872-3617/minicluster-data/ts-2/data/instance: uuid: "c5eb563f0f254100b5e86c37ec5229bb" format_stamp: "Formatted at 2019-04-03 04:30:18 on dist-test-slave-dist-test-slave-1l7r"
I0403 04:30:18.307721 5160 fs_manager.cc:602] Generated new instance metadata in path /tmp/dist-test-tasks9LKQH/test-tmp/kudu-tool-test.0.ToolTest.TestRemoteReplicaCopy.1554265799459872-3617/minicluster-data/ts-2/wal/instance: uuid: "c5eb563f0f254100b5e86c37ec5229bb" format_stamp: "Formatted at 2019-04-03 04:30:18 on dist-test-slave-dist-test-slave-1l7r"
I0403 04:30:18.314033 5160 fs_manager.cc:503] Time spent creating directory manager: real 0.006s user 0.007s sys 0.001s
I0403 04:30:18.315227 5160 env_posix.cc:1676] Not raising this process' open files per process limit of 1048576; it is already as high as it can go
I0403 04:30:18.315774 5160 file_cache.cc:466] Constructed file cache lbm with capacity 419430
I0403 04:30:18.318472 5160 fs_manager.cc:419] Time spent opening block manager: real 0.002s user 0.001s sys 0.000s
I0403 04:30:18.318543 5160 fs_manager.cc:436] Opened local filesystem: /tmp/dist-test-tasks9LKQH/test-tmp/kudu-tool-test.0.ToolTest.TestRemoteReplicaCopy.1554265799459872-3617/minicluster-data/ts-2/data,/tmp/dist-test-tasks9LKQH/test-tmp/kudu-tool-test.0.ToolTest.TestRemoteReplicaCopy.1554265799459872-3617/minicluster-data/ts-2/wal uuid: "c5eb563f0f254100b5e86c37ec5229bb" format_stamp: "Formatted at 2019-04-03 04:30:18 on dist-test-slave-dist-test-slave-1l7r"
I0403 04:30:18.318665 5160 fs_report.cc:352] FS layout report -------------------- wal directory: /tmp/dist-test-tasks9LKQH/test-tmp/kudu-tool-test.0.ToolTest.TestRemoteReplicaCopy.1554265799459872-3617/minicluster-data/ts-2/wal metadata directory: /tmp/dist-test-tasks9LKQH/test-tmp/kudu-tool-test.0.ToolTest.TestRemoteReplicaCopy.1554265799459872-3617/minicluster-data/ts-2/wal 1 data directories: /tmp/dist-test-tasks9LKQH/test-tmp/kudu-tool-test.0.ToolTest.TestRemoteReplicaCopy.1554265799459872-3617/minicluster-data/ts-2/data/data Total live blocks: 0 Total live bytes: 0 Total live bytes (after alignment): 0 Total number of LBM containers: 0 (0 full) Did not check for missing blocks Did not check for orphaned blocks Total full LBM containers with extra space: 0 (0 repaired) Total full LBM container extra space in bytes: 0 (0 repaired) Total incomplete LBM containers: 0 (0 repaired) Total LBM partial records: 0 (0 repaired)
I0403 04:30:18.378898 5160 env_posix.cc:1676] Not raising this process' running threads per effective uid limit of 18446744073709551615; it is already as high as it can go
I0403 04:30:18.380807 5160 ts_tablet_manager.cc:356] Loaded tablet metadata (0 total tablets, 0 live tablets)
I0403 04:30:18.380872 5160 ts_tablet_manager.cc:376] Registered 0 tablets
I0403 04:30:18.409188 5160 rpc_server.cc:205] RPC server started. Bound to: 0.0.0.0:41331
I0403 04:30:18.410295 5160 webserver.cc:308] Webserver started at http://0.0.0.0:38989/ using document root and password file
I0403 04:30:18.411120 5160 server_base.cc:608] Dumped server information to /tmp/dist-test-tasks9LKQH/test-tmp/kudu-tool-test.0.ToolTest.TestRemoteReplicaCopy.1554265799459872-3617/minicluster-data/ts-2/data/info.pb
I0403 04:30:18.417270 3617 external_mini_cluster.cc:995] Started /tmp/dist-test-tasks9LKQH/build/asan/bin/kudu-tserver as pid 5160
I0403 04:30:18.425776 5279 heartbeater.cc:345] Connected to a master server at dist-test-slave-dist-test-slave-1l7r:42049
I0403 04:30:18.426004 5279 heartbeater.cc:426] Registering TS with master...
I0403 04:30:18.426648 5279 heartbeater.cc:475] Master dist-test-slave-dist-test-slave-1l7r:42049 requested a full tablet report, sending...
I0403 04:30:18.427850 4870 ts_manager.cc:159] Registered new tserver with Master: c5eb563f0f254100b5e86c37ec5229bb (dist-test-slave-dist-test-slave-1l7r:41331)
I0403 04:30:18.428972 3617 external_mini_cluster.cc:623] 3 TS(s) registered with all masters
I0403 04:30:18.429149 4870 master_service.cc:271] Signed X509 certificate for tserver {username='slave'} at 172.17.0.2:42005
I0403 04:30:18.431063 3617 test_util.cc:212] Using random seed: -1241612748
I0403 04:30:18.442350 4870 catalog_manager.cc:1416] Servicing CreateTable request from {username='slave'} at 172.17.0.2:54864: name: "test-workload" schema { columns { name: "key" type: INT32 is_key: true is_nullable: false encoding: AUTO_ENCODING compression: DEFAULT_COMPRESSION cfile_block_size: 0 } columns { name: "int_val" type: INT32 is_key: false is_nullable: false encoding: AUTO_ENCODING compression: DEFAULT_COMPRESSION cfile_block_size: 0 } columns { name: "string_val" type: STRING is_key: false is_nullable: true encoding: AUTO_ENCODING compression: DEFAULT_COMPRESSION cfile_block_size: 0 } } num_replicas: 3 split_rows_range_bounds { rows: "\004\001\000\252\252\252*\004\001\000TUUU" } partition_schema { range_schema { columns { name: "key" } } }
W0403 04:30:18.447877 4870 catalog_manager.cc:1575] The number of live tablet servers is not enough to re-replicate a tablet replica of the newly created table test-workload in case of a server failure: 4 tablet servers would be needed, 3 are available. Consider bringing up more tablet servers.
I0403 04:30:18.474443 4970 tablet_service.cc:1006] Processing CreateTablet for tablet c2d1395ec3654af19c5e2d22f35c7852 (table=test-workload [id=f4fdd3d4e3b648efa653aa009a31d7f8]), partition=RANGE (key) PARTITION 715827882 <= VALUES < 1431655764
I0403 04:30:18.474645 5216 tablet_service.cc:1006] Processing CreateTablet for tablet 42a8d1f034a14a309ea38db4ae424e03 (table=test-workload [id=f4fdd3d4e3b648efa653aa009a31d7f8]), partition=RANGE (key) PARTITION VALUES < 715827882
I0403 04:30:18.474395 5092 tablet_service.cc:1006] Processing CreateTablet for tablet 60f7d94f6b1e4ed5b6f3d1527c8e07b3 (table=test-workload [id=f4fdd3d4e3b648efa653aa009a31d7f8]), partition=RANGE (key) PARTITION VALUES >= 1431655764
I0403 04:30:18.475878 5092 data_dirs.cc:938] Could only allocate 1 dirs of requested 3 for tablet 60f7d94f6b1e4ed5b6f3d1527c8e07b3. 1 dirs total, 0 dirs full, 0 dirs failed
I0403 04:30:18.475893 4970 data_dirs.cc:938] Could only allocate 1 dirs of requested 3 for tablet c2d1395ec3654af19c5e2d22f35c7852. 1 dirs total, 0 dirs full, 0 dirs failed
I0403 04:30:18.475893 5216 data_dirs.cc:938] Could only allocate 1 dirs of requested 3 for tablet 42a8d1f034a14a309ea38db4ae424e03. 1 dirs total, 0 dirs full, 0 dirs failed
I0403 04:30:18.478020 5094 tablet_service.cc:1006] Processing CreateTablet for tablet 42a8d1f034a14a309ea38db4ae424e03 (table=test-workload [id=f4fdd3d4e3b648efa653aa009a31d7f8]), partition=RANGE (key) PARTITION VALUES < 715827882
I0403 04:30:18.478212 4969 tablet_service.cc:1006] Processing CreateTablet for tablet 60f7d94f6b1e4ed5b6f3d1527c8e07b3 (table=test-workload [id=f4fdd3d4e3b648efa653aa009a31d7f8]), partition=RANGE (key) PARTITION VALUES >= 1431655764
I0403 04:30:18.478442 5094 data_dirs.cc:938] Could only allocate 1 dirs of requested 3 for tablet 42a8d1f034a14a309ea38db4ae424e03. 1 dirs total, 0 dirs full, 0 dirs failed
I0403 04:30:18.478647 4969 data_dirs.cc:938] Could only allocate 1 dirs of requested 3 for tablet 60f7d94f6b1e4ed5b6f3d1527c8e07b3. 1 dirs total, 0 dirs full, 0 dirs failed
I0403 04:30:18.478556 5215 tablet_service.cc:1006] Processing CreateTablet for tablet c2d1395ec3654af19c5e2d22f35c7852 (table=test-workload [id=f4fdd3d4e3b648efa653aa009a31d7f8]), partition=RANGE (key) PARTITION 715827882 <= VALUES < 1431655764
I0403 04:30:18.478658 5214 tablet_service.cc:1006] Processing CreateTablet for tablet 60f7d94f6b1e4ed5b6f3d1527c8e07b3 (table=test-workload [id=f4fdd3d4e3b648efa653aa009a31d7f8]), partition=RANGE (key) PARTITION VALUES >= 1431655764
I0403 04:30:18.479152 5215 data_dirs.cc:938] Could only allocate 1 dirs of requested 3 for tablet c2d1395ec3654af19c5e2d22f35c7852. 1 dirs total, 0 dirs full, 0 dirs failed
I0403 04:30:18.479060 4971 tablet_service.cc:1006] Processing CreateTablet for tablet 42a8d1f034a14a309ea38db4ae424e03 (table=test-workload [id=f4fdd3d4e3b648efa653aa009a31d7f8]), partition=RANGE (key) PARTITION VALUES < 715827882
I0403 04:30:18.479074 5093 tablet_service.cc:1006] Processing CreateTablet for tablet c2d1395ec3654af19c5e2d22f35c7852 (table=test-workload [id=f4fdd3d4e3b648efa653aa009a31d7f8]), partition=RANGE (key) PARTITION 715827882 <= VALUES < 1431655764
I0403 04:30:18.479362 5214 data_dirs.cc:938] Could only allocate 1 dirs of requested 3 for tablet 60f7d94f6b1e4ed5b6f3d1527c8e07b3. 1 dirs total, 0 dirs full, 0 dirs failed
I0403 04:30:18.479460 4971 data_dirs.cc:938] Could only allocate 1 dirs of requested 3 for tablet 42a8d1f034a14a309ea38db4ae424e03. 1 dirs total, 0 dirs full, 0 dirs failed
I0403 04:30:18.479651 5093 data_dirs.cc:938] Could only allocate 1 dirs of requested 3 for tablet c2d1395ec3654af19c5e2d22f35c7852. 1 dirs total, 0 dirs full, 0 dirs failed
I0403 04:30:18.503185 5298 tablet_bootstrap.cc:439] T 42a8d1f034a14a309ea38db4ae424e03 P e94ae8064c284fceb0d8ce973d21b48e: Bootstrap starting.
I0403 04:30:18.505776 5298 tablet_bootstrap.cc:590] T 42a8d1f034a14a309ea38db4ae424e03 P e94ae8064c284fceb0d8ce973d21b48e: No blocks or log segments found. Creating new log.
I0403 04:30:18.509253 5300 tablet_bootstrap.cc:439] T 42a8d1f034a14a309ea38db4ae424e03 P 71eb4565f22f4adfb6690d16bf8df52e: Bootstrap starting.
I0403 04:30:18.512450 5300 tablet_bootstrap.cc:590] T 42a8d1f034a14a309ea38db4ae424e03 P 71eb4565f22f4adfb6690d16bf8df52e: No blocks or log segments found. Creating new log.
I0403 04:30:18.513619 5298 log.cc:525] T 42a8d1f034a14a309ea38db4ae424e03 P e94ae8064c284fceb0d8ce973d21b48e: Log is configured to *not* fsync() on all Append() calls
I0403 04:30:18.514995 5299 tablet_bootstrap.cc:439] T 60f7d94f6b1e4ed5b6f3d1527c8e07b3 P c5eb563f0f254100b5e86c37ec5229bb: Bootstrap starting.
I0403 04:30:18.515794 5300 log.cc:525] T 42a8d1f034a14a309ea38db4ae424e03 P 71eb4565f22f4adfb6690d16bf8df52e: Log is configured to *not* fsync() on all Append() calls
I0403 04:30:18.515964 5298 tablet_bootstrap.cc:439] T 42a8d1f034a14a309ea38db4ae424e03 P e94ae8064c284fceb0d8ce973d21b48e: No bootstrap required, opened a new log
I0403 04:30:18.516209 5298 ts_tablet_manager.cc:1053] T 42a8d1f034a14a309ea38db4ae424e03 P e94ae8064c284fceb0d8ce973d21b48e: Time spent bootstrapping tablet: real 0.013s user 0.005s sys 0.000s
I0403 04:30:18.518950 5300 tablet_bootstrap.cc:439] T 42a8d1f034a14a309ea38db4ae424e03 P 71eb4565f22f4adfb6690d16bf8df52e: No bootstrap required, opened a new log
I0403 04:30:18.519168 5300 ts_tablet_manager.cc:1053] T 42a8d1f034a14a309ea38db4ae424e03 P 71eb4565f22f4adfb6690d16bf8df52e: Time spent bootstrapping tablet: real 0.010s user 0.000s sys 0.007s
I0403 04:30:18.520279 5299 tablet_bootstrap.cc:590] T 60f7d94f6b1e4ed5b6f3d1527c8e07b3 P c5eb563f0f254100b5e86c37ec5229bb: No blocks or log segments found. Creating new log.
I0403 04:30:18.521446 5299 log.cc:525] T 60f7d94f6b1e4ed5b6f3d1527c8e07b3 P c5eb563f0f254100b5e86c37ec5229bb: Log is configured to *not* fsync() on all Append() calls
I0403 04:30:18.522955 5299 tablet_bootstrap.cc:439] T 60f7d94f6b1e4ed5b6f3d1527c8e07b3 P c5eb563f0f254100b5e86c37ec5229bb: No bootstrap required, opened a new log
I0403 04:30:18.523201 5299 ts_tablet_manager.cc:1053] T 60f7d94f6b1e4ed5b6f3d1527c8e07b3 P c5eb563f0f254100b5e86c37ec5229bb: Time spent bootstrapping tablet: real 0.008s user 0.005s sys 0.000s
I0403 04:30:18.525447 5300 raft_consensus.cc:340] T 42a8d1f034a14a309ea38db4ae424e03 P 71eb4565f22f4adfb6690d16bf8df52e [term 0 FOLLOWER]: Replica starting. Triggering 0 pending transactions. Active config: opid_index: -1 OBSOLETE_local: false peers { permanent_uuid: "e94ae8064c284fceb0d8ce973d21b48e" member_type: VOTER last_known_addr { host: "dist-test-slave-dist-test-slave-1l7r" port: 34339 } } peers { permanent_uuid: "71eb4565f22f4adfb6690d16bf8df52e" member_type: VOTER last_known_addr { host: "dist-test-slave-dist-test-slave-1l7r" port: 33395 } } peers { permanent_uuid: "c5eb563f0f254100b5e86c37ec5229bb" member_type: VOTER last_known_addr { host: "dist-test-slave-dist-test-slave-1l7r" port: 41331 } }
I0403 04:30:18.525480 5298 raft_consensus.cc:340] T 42a8d1f034a14a309ea38db4ae424e03 P e94ae8064c284fceb0d8ce973d21b48e [term 0 FOLLOWER]: Replica starting. Triggering 0 pending transactions. Active config: opid_index: -1 OBSOLETE_local: false peers { permanent_uuid: "e94ae8064c284fceb0d8ce973d21b48e" member_type: VOTER last_known_addr { host: "dist-test-slave-dist-test-slave-1l7r" port: 34339 } } peers { permanent_uuid: "71eb4565f22f4adfb6690d16bf8df52e" member_type: VOTER last_known_addr { host: "dist-test-slave-dist-test-slave-1l7r" port: 33395 } } peers { permanent_uuid: "c5eb563f0f254100b5e86c37ec5229bb" member_type: VOTER last_known_addr { host: "dist-test-slave-dist-test-slave-1l7r" port: 41331 } }
I0403 04:30:18.525878 5300 raft_consensus.cc:705] T 42a8d1f034a14a309ea38db4ae424e03 P 71eb4565f22f4adfb6690d16bf8df52e [term 0 FOLLOWER]: Becoming Follower/Learner. State: Replica: 71eb4565f22f4adfb6690d16bf8df52e, State: Initialized, Role: FOLLOWER
I0403 04:30:18.525916 5298 raft_consensus.cc:705] T 42a8d1f034a14a309ea38db4ae424e03 P e94ae8064c284fceb0d8ce973d21b48e [term 0 FOLLOWER]: Becoming Follower/Learner. State: Replica: e94ae8064c284fceb0d8ce973d21b48e, State: Initialized, Role: FOLLOWER
I0403 04:30:18.526180 5300 consensus_queue.cc:229] T 42a8d1f034a14a309ea38db4ae424e03 P 71eb4565f22f4adfb6690d16bf8df52e [NON_LEADER]: Queue going to NON_LEADER mode. State: All replicated index: 0, Majority replicated index: 0, Committed index: 0, Last appended: 0.0, Last appended by leader: 0, Current term: 0, Majority size: -1, State: 0, Mode: NON_LEADER, active raft config: opid_index: -1 OBSOLETE_local: false peers { permanent_uuid: "e94ae8064c284fceb0d8ce973d21b48e" member_type: VOTER last_known_addr { host: "dist-test-slave-dist-test-slave-1l7r" port: 34339 } } peers { permanent_uuid: "71eb4565f22f4adfb6690d16bf8df52e" member_type: VOTER last_known_addr { host: "dist-test-slave-dist-test-slave-1l7r" port: 33395 } } peers { permanent_uuid: "c5eb563f0f254100b5e86c37ec5229bb" member_type: VOTER last_known_addr { host: "dist-test-slave-dist-test-slave-1l7r" port: 41331 } }
I0403 04:30:18.526252 5298 consensus_queue.cc:229] T 42a8d1f034a14a309ea38db4ae424e03 P e94ae8064c284fceb0d8ce973d21b48e [NON_LEADER]: Queue going to NON_LEADER mode. State: All replicated index: 0, Majority replicated index: 0, Committed index: 0, Last appended: 0.0, Last appended by leader: 0, Current term: 0, Majority size: -1, State: 0, Mode: NON_LEADER, active raft config: opid_index: -1 OBSOLETE_local: false peers { permanent_uuid: "e94ae8064c284fceb0d8ce973d21b48e" member_type: VOTER last_known_addr { host: "dist-test-slave-dist-test-slave-1l7r" port: 34339 } } peers { permanent_uuid: "71eb4565f22f4adfb6690d16bf8df52e" member_type: VOTER last_known_addr { host: "dist-test-slave-dist-test-slave-1l7r" port: 33395 } } peers { permanent_uuid: "c5eb563f0f254100b5e86c37ec5229bb" member_type: VOTER last_known_addr { host: "dist-test-slave-dist-test-slave-1l7r" port: 41331 } }
I0403 04:30:18.527159 5034 heartbeater.cc:467] Master dist-test-slave-dist-test-slave-1l7r:42049 was elected leader, sending a full tablet report...
I0403 04:30:18.528540 5298 ts_tablet_manager.cc:1081] T 42a8d1f034a14a309ea38db4ae424e03 P e94ae8064c284fceb0d8ce973d21b48e: Time spent starting tablet: real 0.012s user 0.010s sys 0.000s
I0403 04:30:18.528931 5298 tablet_bootstrap.cc:439] T 60f7d94f6b1e4ed5b6f3d1527c8e07b3 P e94ae8064c284fceb0d8ce973d21b48e: Bootstrap starting.
I0403 04:30:18.530211 5157 heartbeater.cc:467] Master dist-test-slave-dist-test-slave-1l7r:42049 was elected leader, sending a full tablet report...
I0403 04:30:18.530387 5298 tablet_bootstrap.cc:590] T 60f7d94f6b1e4ed5b6f3d1527c8e07b3 P e94ae8064c284fceb0d8ce973d21b48e: No blocks or log segments found. Creating new log.
I0403 04:30:18.532383 5298 tablet_bootstrap.cc:439] T 60f7d94f6b1e4ed5b6f3d1527c8e07b3 P e94ae8064c284fceb0d8ce973d21b48e: No bootstrap required, opened a new log
I0403 04:30:18.532057 5299 raft_consensus.cc:340] T 60f7d94f6b1e4ed5b6f3d1527c8e07b3 P c5eb563f0f254100b5e86c37ec5229bb [term 0 FOLLOWER]: Replica starting. Triggering 0 pending transactions. Active config: opid_index: -1 OBSOLETE_local: false peers { permanent_uuid: "71eb4565f22f4adfb6690d16bf8df52e" member_type: VOTER last_known_addr { host: "dist-test-slave-dist-test-slave-1l7r" port: 33395 } } peers { permanent_uuid: "e94ae8064c284fceb0d8ce973d21b48e" member_type: VOTER last_known_addr { host: "dist-test-slave-dist-test-slave-1l7r" port: 34339 } } peers { permanent_uuid: "c5eb563f0f254100b5e86c37ec5229bb" member_type: VOTER last_known_addr { host: "dist-test-slave-dist-test-slave-1l7r" port: 41331 } }
I0403 04:30:18.532487 5299 raft_consensus.cc:705] T 60f7d94f6b1e4ed5b6f3d1527c8e07b3 P c5eb563f0f254100b5e86c37ec5229bb [term 0 FOLLOWER]: Becoming Follower/Learner. State: Replica: c5eb563f0f254100b5e86c37ec5229bb, State: Initialized, Role: FOLLOWER
I0403 04:30:18.532522 5298 ts_tablet_manager.cc:1053] T 60f7d94f6b1e4ed5b6f3d1527c8e07b3 P e94ae8064c284fceb0d8ce973d21b48e: Time spent bootstrapping tablet: real 0.004s user 0.003s sys 0.000s
I0403 04:30:18.532771 5299 consensus_queue.cc:229] T 60f7d94f6b1e4ed5b6f3d1527c8e07b3 P c5eb563f0f254100b5e86c37ec5229bb [NON_LEADER]: Queue going to NON_LEADER mode. State: All replicated index: 0, Majority replicated index: 0, Committed index: 0, Last appended: 0.0, Last appended by leader: 0, Current term: 0, Majority size: -1, State: 0, Mode: NON_LEADER, active raft config: opid_index: -1 OBSOLETE_local: false peers { permanent_uuid: "71eb4565f22f4adfb6690d16bf8df52e" member_type: VOTER last_known_addr { host: "dist-test-slave-dist-test-slave-1l7r" port: 33395 } } peers { permanent_uuid: "e94ae8064c284fceb0d8ce973d21b48e" member_type: VOTER last_known_addr { host: "dist-test-slave-dist-test-slave-1l7r" port: 34339 } } peers { permanent_uuid: "c5eb563f0f254100b5e86c37ec5229bb" member_type: VOTER last_known_addr { host: "dist-test-slave-dist-test-slave-1l7r" port: 41331 } }
I0403 04:30:18.533354 5300 ts_tablet_manager.cc:1081] T 42a8d1f034a14a309ea38db4ae424e03 P 71eb4565f22f4adfb6690d16bf8df52e: Time spent starting tablet: real 0.014s user 0.000s sys 0.012s
I0403 04:30:18.533349 5298 raft_consensus.cc:340] T 60f7d94f6b1e4ed5b6f3d1527c8e07b3 P e94ae8064c284fceb0d8ce973d21b48e [term 0 FOLLOWER]: Replica starting. Triggering 0 pending transactions. Active config: opid_index: -1 OBSOLETE_local: false peers { permanent_uuid: "71eb4565f22f4adfb6690d16bf8df52e" member_type: VOTER last_known_addr { host: "dist-test-slave-dist-test-slave-1l7r" port: 33395 } } peers { permanent_uuid: "e94ae8064c284fceb0d8ce973d21b48e" member_type: VOTER last_known_addr { host: "dist-test-slave-dist-test-slave-1l7r" port: 34339 } } peers { permanent_uuid: "c5eb563f0f254100b5e86c37ec5229bb" member_type: VOTER last_known_addr { host: "dist-test-slave-dist-test-slave-1l7r" port: 41331 } }
I0403 04:30:18.533632 5298 raft_consensus.cc:705] T 60f7d94f6b1e4ed5b6f3d1527c8e07b3 P e94ae8064c284fceb0d8ce973d21b48e [term 0 FOLLOWER]: Becoming Follower/Learner. State: Replica: e94ae8064c284fceb0d8ce973d21b48e, State: Initialized, Role: FOLLOWER
I0403 04:30:18.533685 5279 heartbeater.cc:467] Master dist-test-slave-dist-test-slave-1l7r:42049 was elected leader, sending a full tablet report...
I0403 04:30:18.533712 5300 tablet_bootstrap.cc:439] T c2d1395ec3654af19c5e2d22f35c7852 P 71eb4565f22f4adfb6690d16bf8df52e: Bootstrap starting.
I0403 04:30:18.533818 5298 consensus_queue.cc:229] T 60f7d94f6b1e4ed5b6f3d1527c8e07b3 P e94ae8064c284fceb0d8ce973d21b48e [NON_LEADER]: Queue going to NON_LEADER mode. State: All replicated index: 0, Majority replicated index: 0, Committed index: 0, Last appended: 0.0, Last appended by leader: 0, Current term: 0, Majority size: -1, State: 0, Mode: NON_LEADER, active raft config: opid_index: -1 OBSOLETE_local: false peers { permanent_uuid: "71eb4565f22f4adfb6690d16bf8df52e" member_type: VOTER last_known_addr { host: "dist-test-slave-dist-test-slave-1l7r" port: 33395 } } peers { permanent_uuid: "e94ae8064c284fceb0d8ce973d21b48e" member_type: VOTER last_known_addr { host: "dist-test-slave-dist-test-slave-1l7r" port: 34339 } } peers { permanent_uuid: "c5eb563f0f254100b5e86c37ec5229bb" member_type: VOTER last_known_addr { host: "dist-test-slave-dist-test-slave-1l7r" port: 41331 } }
I0403 04:30:18.534487 5298 ts_tablet_manager.cc:1081] T 60f7d94f6b1e4ed5b6f3d1527c8e07b3 P e94ae8064c284fceb0d8ce973d21b48e: Time spent starting tablet: real 0.002s user 0.002s sys 0.000s
I0403 04:30:18.534746 5298 tablet_bootstrap.cc:439] T c2d1395ec3654af19c5e2d22f35c7852 P e94ae8064c284fceb0d8ce973d21b48e: Bootstrap starting.
I0403 04:30:18.535240 5300 tablet_bootstrap.cc:590] T c2d1395ec3654af19c5e2d22f35c7852 P 71eb4565f22f4adfb6690d16bf8df52e: No blocks or log segments found. Creating new log.
I0403 04:30:18.536069 5299 ts_tablet_manager.cc:1081] T 60f7d94f6b1e4ed5b6f3d1527c8e07b3 P c5eb563f0f254100b5e86c37ec5229bb: Time spent starting tablet: real 0.013s user 0.007s sys 0.004s
I0403 04:30:18.536336 5298 tablet_bootstrap.cc:590] T c2d1395ec3654af19c5e2d22f35c7852 P e94ae8064c284fceb0d8ce973d21b48e: No blocks or log segments found. Creating new log.
I0403 04:30:18.536468 5299 tablet_bootstrap.cc:439] T 42a8d1f034a14a309ea38db4ae424e03 P c5eb563f0f254100b5e86c37ec5229bb: Bootstrap starting.
I0403 04:30:18.538167 5298 tablet_bootstrap.cc:439] T c2d1395ec3654af19c5e2d22f35c7852 P e94ae8064c284fceb0d8ce973d21b48e: No bootstrap required, opened a new log
I0403 04:30:18.538244 5300 tablet_bootstrap.cc:439] T c2d1395ec3654af19c5e2d22f35c7852 P 71eb4565f22f4adfb6690d16bf8df52e: No bootstrap required, opened a new log
I0403 04:30:18.538369 5298 ts_tablet_manager.cc:1053] T c2d1395ec3654af19c5e2d22f35c7852 P e94ae8064c284fceb0d8ce973d21b48e: Time spent bootstrapping tablet: real 0.004s user 0.002s sys 0.000s
I0403 04:30:18.538450 5300 ts_tablet_manager.cc:1053] T c2d1395ec3654af19c5e2d22f35c7852 P 71eb4565f22f4adfb6690d16bf8df52e: Time spent bootstrapping tablet: real 0.005s user 0.003s sys 0.000s
I0403 04:30:18.539103 5298 raft_consensus.cc:340] T c2d1395ec3654af19c5e2d22f35c7852 P e94ae8064c284fceb0d8ce973d21b48e [term 0 FOLLOWER]: Replica starting. Triggering 0 pending transactions. Active config: opid_index: -1 OBSOLETE_local: false peers { permanent_uuid: "e94ae8064c284fceb0d8ce973d21b48e" member_type: VOTER last_known_addr { host: "dist-test-slave-dist-test-slave-1l7r" port: 34339 } } peers { permanent_uuid: "71eb4565f22f4adfb6690d16bf8df52e" member_type: VOTER last_known_addr { host: "dist-test-slave-dist-test-slave-1l7r" port: 33395 } } peers { permanent_uuid: "c5eb563f0f254100b5e86c37ec5229bb" member_type: VOTER last_known_addr { host: "dist-test-slave-dist-test-slave-1l7r" port: 41331 } }
I0403 04:30:18.539283 5300 raft_consensus.cc:340] T c2d1395ec3654af19c5e2d22f35c7852 P 71eb4565f22f4adfb6690d16bf8df52e [term 0 FOLLOWER]: Replica starting. Triggering 0 pending transactions. Active config: opid_index: -1 OBSOLETE_local: false peers { permanent_uuid: "e94ae8064c284fceb0d8ce973d21b48e" member_type: VOTER last_known_addr { host: "dist-test-slave-dist-test-slave-1l7r" port: 34339 } } peers { permanent_uuid: "71eb4565f22f4adfb6690d16bf8df52e" member_type: VOTER last_known_addr { host: "dist-test-slave-dist-test-slave-1l7r" port: 33395 } } peers { permanent_uuid: "c5eb563f0f254100b5e86c37ec5229bb" member_type: VOTER last_known_addr { host: "dist-test-slave-dist-test-slave-1l7r" port: 41331 } }
I0403 04:30:18.539516 5298 raft_consensus.cc:705] T c2d1395ec3654af19c5e2d22f35c7852 P e94ae8064c284fceb0d8ce973d21b48e [term 0 FOLLOWER]: Becoming Follower/Learner. State: Replica: e94ae8064c284fceb0d8ce973d21b48e, State: Initialized, Role: FOLLOWER
I0403 04:30:18.539687 5298 consensus_queue.cc:229] T c2d1395ec3654af19c5e2d22f35c7852 P e94ae8064c284fceb0d8ce973d21b48e [NON_LEADER]: Queue going to NON_LEADER mode. State: All replicated index: 0, Majority replicated index: 0, Committed index: 0, Last appended: 0.0, Last appended by leader: 0, Current term: 0, Majority size: -1, State: 0, Mode: NON_LEADER, active raft config: opid_index: -1 OBSOLETE_local: false peers { permanent_uuid: "e94ae8064c284fceb0d8ce973d21b48e" member_type: VOTER last_known_addr { host: "dist-test-slave-dist-test-slave-1l7r" port: 34339 } } peers { permanent_uuid: "71eb4565f22f4adfb6690d16bf8df52e" member_type: VOTER last_known_addr { host: "dist-test-slave-dist-test-slave-1l7r" port: 33395 } } peers { permanent_uuid: "c5eb563f0f254100b5e86c37ec5229bb" member_type: VOTER last_known_addr { host: "dist-test-slave-dist-test-slave-1l7r" port: 41331 } }
I0403 04:30:18.540658 5299 tablet_bootstrap.cc:590] T 42a8d1f034a14a309ea38db4ae424e03 P c5eb563f0f254100b5e86c37ec5229bb: No blocks or log segments found. Creating new log.
I0403 04:30:18.540694 5298 ts_tablet_manager.cc:1081] T c2d1395ec3654af19c5e2d22f35c7852 P e94ae8064c284fceb0d8ce973d21b48e: Time spent starting tablet: real 0.002s user 0.000s sys 0.001s
I0403 04:30:18.541398 5300 raft_consensus.cc:705] T c2d1395ec3654af19c5e2d22f35c7852 P 71eb4565f22f4adfb6690d16bf8df52e [term 0 FOLLOWER]: Becoming Follower/Learner. State: Replica: 71eb4565f22f4adfb6690d16bf8df52e, State: Initialized, Role: FOLLOWER
I0403 04:30:18.541604 5300 consensus_queue.cc:229] T c2d1395ec3654af19c5e2d22f35c7852 P 71eb4565f22f4adfb6690d16bf8df52e [NON_LEADER]: Queue going to NON_LEADER mode. State: All replicated index: 0, Majority replicated index: 0, Committed index: 0, Last appended: 0.0, Last appended by leader: 0, Current term: 0, Majority size: -1, State: 0, Mode: NON_LEADER, active raft config: opid_index: -1 OBSOLETE_local: false peers { permanent_uuid: "e94ae8064c284fceb0d8ce973d21b48e" member_type: VOTER last_known_addr { host: "dist-test-slave-dist-test-slave-1l7r" port: 34339 } } peers { permanent_uuid: "71eb4565f22f4adfb6690d16bf8df52e" member_type: VOTER last_known_addr { host: "dist-test-slave-dist-test-slave-1l7r" port: 33395 } } peers { permanent_uuid: "c5eb563f0f254100b5e86c37ec5229bb" member_type: VOTER last_known_addr { host: "dist-test-slave-dist-test-slave-1l7r" port: 41331 } }
I0403 04:30:18.542639 5300 ts_tablet_manager.cc:1081] T c2d1395ec3654af19c5e2d22f35c7852 P 71eb4565f22f4adfb6690d16bf8df52e: Time spent starting tablet: real 0.004s user 0.000s sys 0.001s
I0403 04:30:18.542919 5300 tablet_bootstrap.cc:439] T 60f7d94f6b1e4ed5b6f3d1527c8e07b3 P 71eb4565f22f4adfb6690d16bf8df52e: Bootstrap starting.
I0403 04:30:18.544327 5300 tablet_bootstrap.cc:590] T 60f7d94f6b1e4ed5b6f3d1527c8e07b3 P 71eb4565f22f4adfb6690d16bf8df52e: No blocks or log segments found. Creating new log.
I0403 04:30:18.545712 5299 tablet_bootstrap.cc:439] T 42a8d1f034a14a309ea38db4ae424e03 P c5eb563f0f254100b5e86c37ec5229bb: No bootstrap required, opened a new log
I0403 04:30:18.545922 5299 ts_tablet_manager.cc:1053] T 42a8d1f034a14a309ea38db4ae424e03 P c5eb563f0f254100b5e86c37ec5229bb: Time spent bootstrapping tablet: real 0.009s user 0.000s sys 0.002s
I0403 04:30:18.546169 5300 tablet_bootstrap.cc:439] T 60f7d94f6b1e4ed5b6f3d1527c8e07b3 P 71eb4565f22f4adfb6690d16bf8df52e: No bootstrap required, opened a new log
I0403 04:30:18.546329 5300 ts_tablet_manager.cc:1053] T 60f7d94f6b1e4ed5b6f3d1527c8e07b3 P 71eb4565f22f4adfb6690d16bf8df52e: Time spent bootstrapping tablet: real 0.003s user 0.000s sys 0.002s
I0403 04:30:18.546741 5299 raft_consensus.cc:340] T 42a8d1f034a14a309ea38db4ae424e03 P c5eb563f0f254100b5e86c37ec5229bb [term 0 FOLLOWER]: Replica starting. Triggering 0 pending transactions. Active config: opid_index: -1 OBSOLETE_local: false peers { permanent_uuid: "e94ae8064c284fceb0d8ce973d21b48e" member_type: VOTER last_known_addr { host: "dist-test-slave-dist-test-slave-1l7r" port: 34339 } } peers { permanent_uuid: "71eb4565f22f4adfb6690d16bf8df52e" member_type: VOTER last_known_addr { host: "dist-test-slave-dist-test-slave-1l7r" port: 33395 } } peers { permanent_uuid: "c5eb563f0f254100b5e86c37ec5229bb" member_type: VOTER last_known_addr { host: "dist-test-slave-dist-test-slave-1l7r" port: 41331 } }
I0403 04:30:18.546958 5299 raft_consensus.cc:705] T 42a8d1f034a14a309ea38db4ae424e03 P c5eb563f0f254100b5e86c37ec5229bb [term 0 FOLLOWER]: Becoming Follower/Learner. State: Replica: c5eb563f0f254100b5e86c37ec5229bb, State: Initialized, Role: FOLLOWER
I0403 04:30:18.546950 5300 raft_consensus.cc:340] T 60f7d94f6b1e4ed5b6f3d1527c8e07b3 P 71eb4565f22f4adfb6690d16bf8df52e [term 0 FOLLOWER]: Replica starting. Triggering 0 pending transactions. Active config: opid_index: -1 OBSOLETE_local: false peers { permanent_uuid: "71eb4565f22f4adfb6690d16bf8df52e" member_type: VOTER last_known_addr { host: "dist-test-slave-dist-test-slave-1l7r" port: 33395 } } peers { permanent_uuid: "e94ae8064c284fceb0d8ce973d21b48e" member_type: VOTER last_known_addr { host: "dist-test-slave-dist-test-slave-1l7r" port: 34339 } } peers { permanent_uuid: "c5eb563f0f254100b5e86c37ec5229bb" member_type: VOTER last_known_addr { host: "dist-test-slave-dist-test-slave-1l7r" port: 41331 } }
I0403 04:30:18.547192 5300 raft_consensus.cc:705] T 60f7d94f6b1e4ed5b6f3d1527c8e07b3 P 71eb4565f22f4adfb6690d16bf8df52e [term 0 FOLLOWER]: Becoming Follower/Learner. State: Replica: 71eb4565f22f4adfb6690d16bf8df52e, State: Initialized, Role: FOLLOWER
