W0403 04:30:15.381687 4589 flags.cc:406] Enabled unsafe flag: --never_fsync=true
W0403 04:30:15.384126 4589 flags.cc:406] Enabled experimental flag: --ipki_ca_key_size=1024
W0403 04:30:15.384171 4589 flags.cc:406] Enabled experimental flag: --ipki_server_key_size=1024
W0403 04:30:15.384229 4589 flags.cc:406] Enabled experimental flag: --tsk_num_rsa_bits=512
W0403 04:30:15.384282 4589 flags.cc:406] Enabled experimental flag: --rpc_reuseport=true
I0403 04:30:15.388504 4589 master_main.cc:73] Master server non-default flags: --fs_data_dirs=/tmp/dist-test-tasks9LKQH/test-tmp/kudu-tool-test.0.ToolTest.TestLoadgenHmsEnabled.1554265799459872-3617/minicluster-data/master-0/data --fs_wal_dir=/tmp/dist-test-tasks9LKQH/test-tmp/kudu-tool-test.0.ToolTest.TestLoadgenHmsEnabled.1554265799459872-3617/minicluster-data/master-0/wal --ipki_ca_key_size=1024 --ipki_server_key_size=1024 --tsk_num_rsa_bits=512 --rpc_bind_addresses=127.3.136.126:46817 --rpc_reuseport=true --rpc_server_allow_ephemeral_ports=true --metrics_log_interval_ms=1000 --server_dump_info_format=pb --server_dump_info_path=/tmp/dist-test-tasks9LKQH/test-tmp/kudu-tool-test.0.ToolTest.TestLoadgenHmsEnabled.1554265799459872-3617/minicluster-data/master-0/data/info.pb --webserver_interface=127.3.136.126 --webserver_port=0 --never_fsync=true --redact=none --unlock_experimental_flags=true --unlock_unsafe_flags=true --enable_minidumps=false --log_dir=/tmp/dist-test-tasks9LKQH/test-tmp/kudu-tool-test.0.ToolTest.TestLoadgenHmsEnabled.1554265799459872-3617/minicluster-data/master-0/logs --logbuflevel=-1 --logtostderr=true Master server version: kudu 1.10.0-cdh6.x-SNAPSHOT revision 0352bd622196e5ae299faf22e5564590d013ed73 build type FASTDEBUG built by jenkins at 02 Apr 2019 20:47:09 PST on quasar-daxdrg-1.vpc.cloudera.com build id 302510 ASAN enabled
I0403 04:30:15.394429 4589 system_ntp.cc:199] NTP initialized. Skew: 500ppm Current error: 209635us
I0403 04:30:15.395550 4589 fs_manager.cc:263] Metadata directory not provided
I0403 04:30:15.395630 4589 fs_manager.cc:269] Using write-ahead log directory (fs_wal_dir) as metadata directory
I0403 04:30:15.395933 4589 server_base.cc:433] Could not load existing FS layout: Not found: could not find a healthy instance file
I0403 04:30:15.396013 4589 server_base.cc:434] Attempting to create new FS layout instead
I0403 04:30:15.398877 4589 fs_manager.cc:602] Generated new instance metadata in path /tmp/dist-test-tasks9LKQH/test-tmp/kudu-tool-test.0.ToolTest.TestLoadgenHmsEnabled.1554265799459872-3617/minicluster-data/master-0/data/instance: uuid: "77c8a5045689493587ca6e1a94ec8142" format_stamp: "Formatted at 2019-04-03 04:30:15 on dist-test-slave-dist-test-slave-1l7r"
I0403 04:30:15.399456 4589 fs_manager.cc:602] Generated new instance metadata in path /tmp/dist-test-tasks9LKQH/test-tmp/kudu-tool-test.0.ToolTest.TestLoadgenHmsEnabled.1554265799459872-3617/minicluster-data/master-0/wal/instance: uuid: "77c8a5045689493587ca6e1a94ec8142" format_stamp: "Formatted at 2019-04-03 04:30:15 on dist-test-slave-dist-test-slave-1l7r"
I0403 04:30:15.405577 4589 fs_manager.cc:503] Time spent creating directory manager: real 0.006s user 0.006s sys 0.001s
I0403 04:30:15.406709 4589 env_posix.cc:1676] Not raising this process' open files per process limit of 1048576; it is already as high as it can go
I0403 04:30:15.407245 4589 file_cache.cc:466] Constructed file cache lbm with capacity 419430
I0403 04:30:15.410084 4589 fs_manager.cc:419] Time spent opening block manager: real 0.002s user 0.001s sys 0.000s
I0403 04:30:15.410140 4589 fs_manager.cc:436] Opened local filesystem: /tmp/dist-test-tasks9LKQH/test-tmp/kudu-tool-test.0.ToolTest.TestLoadgenHmsEnabled.1554265799459872-3617/minicluster-data/master-0/data,/tmp/dist-test-tasks9LKQH/test-tmp/kudu-tool-test.0.ToolTest.TestLoadgenHmsEnabled.1554265799459872-3617/minicluster-data/master-0/wal uuid: "77c8a5045689493587ca6e1a94ec8142" format_stamp: "Formatted at 2019-04-03 04:30:15 on dist-test-slave-dist-test-slave-1l7r"
I0403 04:30:15.410284 4589 fs_report.cc:352] FS layout report -------------------- wal directory: /tmp/dist-test-tasks9LKQH/test-tmp/kudu-tool-test.0.ToolTest.TestLoadgenHmsEnabled.1554265799459872-3617/minicluster-data/master-0/wal metadata directory: /tmp/dist-test-tasks9LKQH/test-tmp/kudu-tool-test.0.ToolTest.TestLoadgenHmsEnabled.1554265799459872-3617/minicluster-data/master-0/wal 1 data directories: /tmp/dist-test-tasks9LKQH/test-tmp/kudu-tool-test.0.ToolTest.TestLoadgenHmsEnabled.1554265799459872-3617/minicluster-data/master-0/data/data Total live blocks: 0 Total live bytes: 0 Total live bytes (after alignment): 0 Total number of LBM containers: 0 (0 full) Did not check for missing blocks Did not check for orphaned blocks Total full LBM containers with extra space: 0 (0 repaired) Total full LBM container extra space in bytes: 0 (0 repaired) Total incomplete LBM containers: 0 (0 repaired) Total LBM partial records: 0 (0 repaired)
I0403 04:30:15.458637 4589 env_posix.cc:1676] Not raising this process' running threads per effective uid limit of 18446744073709551615; it is already as high as it can go
I0403 04:30:15.472103 4589 rpc_server.cc:205] RPC server started. Bound to: 127.3.136.126:46817
I0403 04:30:15.473044 4589 webserver.cc:308] Webserver started at http://127.3.136.126:37507/ using document root and password file
I0403 04:30:15.473630 4589 server_base.cc:608] Dumped server information to /tmp/dist-test-tasks9LKQH/test-tmp/kudu-tool-test.0.ToolTest.TestLoadgenHmsEnabled.1554265799459872-3617/minicluster-data/master-0/data/info.pb
I0403 04:30:15.476514 4648 data_dirs.cc:938] Could only allocate 1 dirs of requested 3 for tablet 00000000000000000000000000000000. 1 dirs total, 0 dirs full, 0 dirs failed
I0403 04:30:15.477241 3617 external_mini_cluster.cc:995] Started /tmp/dist-test-tasks9LKQH/build/asan/bin/kudu-master as pid 4589
I0403 04:30:15.478135 3617 external_mini_cluster.cc:933] Running /tmp/dist-test-tasks9LKQH/build/asan/bin/kudu-tserver /tmp/dist-test-tasks9LKQH/build/asan/bin/kudu-tserver --fs_wal_dir=/tmp/dist-test-tasks9LKQH/test-tmp/kudu-tool-test.0.ToolTest.TestLoadgenHmsEnabled.1554265799459872-3617/minicluster-data/ts-0/wal --fs_data_dirs=/tmp/dist-test-tasks9LKQH/test-tmp/kudu-tool-test.0.ToolTest.TestLoadgenHmsEnabled.1554265799459872-3617/minicluster-data/ts-0/data --block_manager=log --rpc_bind_addresses=127.3.136.65:0 --local_ip_for_outbound_sockets=127.3.136.65 --webserver_interface=127.3.136.65 --webserver_port=0 --tserver_master_addrs=127.3.136.126:46817 --never_fsync --ipki_server_key_size=1024 --enable_minidumps=false --redact=none --metrics_log_interval_ms=1000 --logtostderr --logbuflevel=-1 --log_dir=/tmp/dist-test-tasks9LKQH/test-tmp/kudu-tool-test.0.ToolTest.TestLoadgenHmsEnabled.1554265799459872-3617/minicluster-data/ts-0/logs --server_dump_info_path=/tmp/dist-test-tasks9LKQH/test-tmp/kudu-tool-test.0.ToolTest.TestLoadgenHmsEnabled.1554265799459872-3617/minicluster-data/ts-0/data/info.pb --server_dump_info_format=pb --rpc_server_allow_ephemeral_ports --unlock_experimental_flags --unlock_unsafe_flags with env {}
I0403 04:30:15.487488 4648 tablet_bootstrap.cc:439] T 00000000000000000000000000000000 P 77c8a5045689493587ca6e1a94ec8142: Bootstrap starting.
I0403 04:30:15.497938 4648 tablet_bootstrap.cc:590] T 00000000000000000000000000000000 P 77c8a5045689493587ca6e1a94ec8142: No blocks or log segments found. Creating new log.
I0403 04:30:15.498838 4648 log.cc:525] T 00000000000000000000000000000000 P 77c8a5045689493587ca6e1a94ec8142: Log is configured to *not* fsync() on all Append() calls
I0403 04:30:15.507097 4648 tablet_bootstrap.cc:439] T 00000000000000000000000000000000 P 77c8a5045689493587ca6e1a94ec8142: No bootstrap required, opened a new log
I0403 04:30:15.517338 4648 raft_consensus.cc:340] T 00000000000000000000000000000000 P 77c8a5045689493587ca6e1a94ec8142 [term 0 FOLLOWER]: Replica starting. Triggering 0 pending transactions. Active config: opid_index: -1 OBSOLETE_local: true peers { permanent_uuid: "77c8a5045689493587ca6e1a94ec8142" member_type: VOTER }
I0403 04:30:15.517673 4648 raft_consensus.cc:366] T 00000000000000000000000000000000 P 77c8a5045689493587ca6e1a94ec8142 [term 0 FOLLOWER]: Consensus starting up: Expiring failure detector timer to make a prompt election more likely
I0403 04:30:15.517755 4648 raft_consensus.cc:705] T 00000000000000000000000000000000 P 77c8a5045689493587ca6e1a94ec8142 [term 0 FOLLOWER]: Becoming Follower/Learner. State: Replica: 77c8a5045689493587ca6e1a94ec8142, State: Initialized, Role: FOLLOWER
I0403 04:30:15.518405 4648 consensus_queue.cc:229] T 00000000000000000000000000000000 P 77c8a5045689493587ca6e1a94ec8142 [NON_LEADER]: Queue going to NON_LEADER mode. State: All replicated index: 0, Majority replicated index: 0, Committed index: 0, Last appended: 0.0, Last appended by leader: 0, Current term: 0, Majority size: -1, State: 0, Mode: NON_LEADER, active raft config: opid_index: -1 OBSOLETE_local: true peers { permanent_uuid: "77c8a5045689493587ca6e1a94ec8142" member_type: VOTER }
I0403 04:30:15.518631 4648 raft_consensus.cc:380] T 00000000000000000000000000000000 P 77c8a5045689493587ca6e1a94ec8142 [term 0 FOLLOWER]: Only one voter in the Raft config. Triggering election immediately
I0403 04:30:15.518731 4648 raft_consensus.cc:472] T 00000000000000000000000000000000 P 77c8a5045689493587ca6e1a94ec8142 [term 0 FOLLOWER]: Starting leader election (initial election of a single-replica configuration)
I0403 04:30:15.518854 4648 raft_consensus.cc:2886] T 00000000000000000000000000000000 P 77c8a5045689493587ca6e1a94ec8142 [term 0 FOLLOWER]: Advancing to term 1
I0403 04:30:15.521201 4648 raft_consensus.cc:494] T 00000000000000000000000000000000 P 77c8a5045689493587ca6e1a94ec8142 [term 1 FOLLOWER]: Starting leader election with config: opid_index: -1 OBSOLETE_local: true peers { permanent_uuid: "77c8a5045689493587ca6e1a94ec8142" member_type: VOTER }
I0403 04:30:15.521677 4648 leader_election.cc:310] T 00000000000000000000000000000000 P 77c8a5045689493587ca6e1a94ec8142 [CANDIDATE]: Term 1 election: Election decided. Result: candidate won. Election summary: received 1 responses out of 1 voters: 1 yes votes; 0 no votes. yes voters: 77c8a5045689493587ca6e1a94ec8142; no voters:
I0403 04:30:15.522554 4651 raft_consensus.cc:2640] T 00000000000000000000000000000000 P 77c8a5045689493587ca6e1a94ec8142 [term 1 FOLLOWER]: Leader election won for term 1
I0403 04:30:15.522928 4648 leader_election.cc:296] T 00000000000000000000000000000000 P 77c8a5045689493587ca6e1a94ec8142 [CANDIDATE]: Term 1 election: Requested vote from peers
I0403 04:30:15.523803 4651 raft_consensus.cc:667] T 00000000000000000000000000000000 P 77c8a5045689493587ca6e1a94ec8142 [term 1 LEADER]: Becoming Leader. State: Replica: 77c8a5045689493587ca6e1a94ec8142, State: Running, Role: LEADER
I0403 04:30:15.524216 4651 consensus_queue.cc:206] T 00000000000000000000000000000000 P 77c8a5045689493587ca6e1a94ec8142 [LEADER]: Queue going to LEADER mode. State: All replicated index: 0, Majority replicated index: 0, Committed index: 0, Last appended: 0.0, Last appended by leader: 0, Current term: 1, Majority size: 1, State: 0, Mode: LEADER, active raft config: opid_index: -1 OBSOLETE_local: true peers { permanent_uuid: "77c8a5045689493587ca6e1a94ec8142" member_type: VOTER }
I0403 04:30:15.527736 4653 sys_catalog.cc:337] T 00000000000000000000000000000000 P 77c8a5045689493587ca6e1a94ec8142 [sys.catalog]: SysCatalogTable state changed. Reason: New leader 77c8a5045689493587ca6e1a94ec8142. Latest consensus state: current_term: 1 leader_uuid: "77c8a5045689493587ca6e1a94ec8142" committed_config { opid_index: -1 OBSOLETE_local: true peers { permanent_uuid: "77c8a5045689493587ca6e1a94ec8142" member_type: VOTER } }
I0403 04:30:15.528750 4653 sys_catalog.cc:340] T 00000000000000000000000000000000 P 77c8a5045689493587ca6e1a94ec8142 [sys.catalog]: This master's current role is: LEADER
I0403 04:30:15.528802 4648 sys_catalog.cc:337] T 00000000000000000000000000000000 P 77c8a5045689493587ca6e1a94ec8142 [sys.catalog]: SysCatalogTable state changed. Reason: Started TabletReplica. Latest consensus state: current_term: 1 leader_uuid: "77c8a5045689493587ca6e1a94ec8142" committed_config { opid_index: -1 OBSOLETE_local: true peers { permanent_uuid: "77c8a5045689493587ca6e1a94ec8142" member_type: VOTER } }
I0403 04:30:15.528501 4652 sys_catalog.cc:337] T 00000000000000000000000000000000 P 77c8a5045689493587ca6e1a94ec8142 [sys.catalog]: SysCatalogTable state changed. Reason: RaftConsensus started. Latest consensus state: current_term: 1 leader_uuid: "77c8a5045689493587ca6e1a94ec8142" committed_config { opid_index: -1 OBSOLETE_local: true peers { permanent_uuid: "77c8a5045689493587ca6e1a94ec8142" member_type: VOTER } }
I0403 04:30:15.529063 4648 sys_catalog.cc:340] T 00000000000000000000000000000000 P 77c8a5045689493587ca6e1a94ec8142 [sys.catalog]: This master's current role is: LEADER
I0403 04:30:15.530736 4648 sys_catalog.cc:424] T 00000000000000000000000000000000 P 77c8a5045689493587ca6e1a94ec8142 [sys.catalog]: configured and running, proceeding with master startup.
I0403 04:30:15.529165 4652 sys_catalog.cc:340] T 00000000000000000000000000000000 P 77c8a5045689493587ca6e1a94ec8142 [sys.catalog]: This master's current role is: LEADER
I0403 04:30:15.531590 4657 catalog_manager.cc:1055] Loading table and tablet metadata into memory...
I0403 04:30:15.533398 4658 catalog_manager.cc:536] Waiting for catalog manager background task thread to start: Service unavailable: Catalog manager is not initialized. State: Starting
I0403 04:30:15.536245 4657 catalog_manager.cc:1066] Initializing Kudu internal certificate authority...
I0403 04:30:15.591898 4657 catalog_manager.cc:950] Generated new certificate authority record
I0403 04:30:15.593216 4657 catalog_manager.cc:1075] Loading token signing keys...
I0403 04:30:15.602238 4657 catalog_manager.cc:4281] T 00000000000000000000000000000000 P 77c8a5045689493587ca6e1a94ec8142: Generated new TSK 0 WARNING: Logging before InitGoogleLogging() is written to STDERR
W0403 04:30:15.680457 4649 flags.cc:406] Enabled unsafe flag: --rpc_server_allow_ephemeral_ports=true
W0403 04:30:15.680733 4649 flags.cc:406] Enabled unsafe flag: --never_fsync=true
W0403 04:30:15.684159 4649 flags.cc:406] Enabled experimental flag: --ipki_server_key_size=1024
W0403 04:30:15.684324 4649 flags.cc:406] Enabled experimental flag: --local_ip_for_outbound_sockets=127.3.136.65
I0403 04:30:15.690618 4649 tablet_server_main.cc:78] Tablet server non-default flags: --fs_data_dirs=/tmp/dist-test-tasks9LKQH/test-tmp/kudu-tool-test.0.ToolTest.TestLoadgenHmsEnabled.1554265799459872-3617/minicluster-data/ts-0/data --fs_wal_dir=/tmp/dist-test-tasks9LKQH/test-tmp/kudu-tool-test.0.ToolTest.TestLoadgenHmsEnabled.1554265799459872-3617/minicluster-data/ts-0/wal --ipki_server_key_size=1024 --rpc_bind_addresses=127.3.136.65:0 --rpc_server_allow_ephemeral_ports=true --metrics_log_interval_ms=1000 --server_dump_info_format=pb --server_dump_info_path=/tmp/dist-test-tasks9LKQH/test-tmp/kudu-tool-test.0.ToolTest.TestLoadgenHmsEnabled.1554265799459872-3617/minicluster-data/ts-0/data/info.pb --webserver_interface=127.3.136.65 --webserver_port=0 --tserver_master_addrs=127.3.136.126:46817 --never_fsync=true --redact=none --unlock_experimental_flags=true --unlock_unsafe_flags=true --enable_minidumps=false --local_ip_for_outbound_sockets=127.3.136.65 --log_dir=/tmp/dist-test-tasks9LKQH/test-tmp/kudu-tool-test.0.ToolTest.TestLoadgenHmsEnabled.1554265799459872-3617/minicluster-data/ts-0/logs --logbuflevel=-1 --logtostderr=true Tablet server version: kudu 1.10.0-cdh6.x-SNAPSHOT revision 0352bd622196e5ae299faf22e5564590d013ed73 build type FASTDEBUG built by jenkins at 02 Apr 2019 20:47:09 PST on quasar-daxdrg-1.vpc.cloudera.com build id 302510 ASAN enabled
I0403 04:30:15.700532 4649 system_ntp.cc:199] NTP initialized. Skew: 500ppm Current error: 209635us
I0403 04:30:15.701290 4649 fs_manager.cc:263] Metadata directory not provided
I0403 04:30:15.701409 4649 fs_manager.cc:269] Using write-ahead log directory (fs_wal_dir) as metadata directory
I0403 04:30:15.701746 4649 server_base.cc:433] Could not load existing FS layout: Not found: could not find a healthy instance file
I0403 04:30:15.701875 4649 server_base.cc:434] Attempting to create new FS layout instead
I0403 04:30:15.705111 4649 fs_manager.cc:602] Generated new instance metadata in path /tmp/dist-test-tasks9LKQH/test-tmp/kudu-tool-test.0.ToolTest.TestLoadgenHmsEnabled.1554265799459872-3617/minicluster-data/ts-0/data/instance: uuid: "6d6620f761814204a26502e29a199ab7" format_stamp: "Formatted at 2019-04-03 04:30:15 on dist-test-slave-dist-test-slave-1l7r"
I0403 04:30:15.705974 4649 fs_manager.cc:602] Generated new instance metadata in path /tmp/dist-test-tasks9LKQH/test-tmp/kudu-tool-test.0.ToolTest.TestLoadgenHmsEnabled.1554265799459872-3617/minicluster-data/ts-0/wal/instance: uuid: "6d6620f761814204a26502e29a199ab7" format_stamp: "Formatted at 2019-04-03 04:30:15 on dist-test-slave-dist-test-slave-1l7r"
I0403 04:30:15.719534 4649 fs_manager.cc:503] Time spent creating directory manager: real 0.013s user 0.008s sys 0.004s
I0403 04:30:15.721024 4649 env_posix.cc:1676] Not raising this process' open files per process limit of 1048576; it is already as high as it can go
I0403 04:30:15.721700 4649 file_cache.cc:466] Constructed file cache lbm with capacity 419430
I0403 04:30:15.727452 4649 fs_manager.cc:419] Time spent opening block manager: real 0.004s user 0.000s sys 0.003s
I0403 04:30:15.727528 4649 fs_manager.cc:436] Opened local filesystem: /tmp/dist-test-tasks9LKQH/test-tmp/kudu-tool-test.0.ToolTest.TestLoadgenHmsEnabled.1554265799459872-3617/minicluster-data/ts-0/data,/tmp/dist-test-tasks9LKQH/test-tmp/kudu-tool-test.0.ToolTest.TestLoadgenHmsEnabled.1554265799459872-3617/minicluster-data/ts-0/wal uuid: "6d6620f761814204a26502e29a199ab7" format_stamp: "Formatted at 2019-04-03 04:30:15 on dist-test-slave-dist-test-slave-1l7r"
I0403 04:30:15.727731 4649 fs_report.cc:352] FS layout report -------------------- wal directory: /tmp/dist-test-tasks9LKQH/test-tmp/kudu-tool-test.0.ToolTest.TestLoadgenHmsEnabled.1554265799459872-3617/minicluster-data/ts-0/wal metadata directory: /tmp/dist-test-tasks9LKQH/test-tmp/kudu-tool-test.0.ToolTest.TestLoadgenHmsEnabled.1554265799459872-3617/minicluster-data/ts-0/wal 1 data directories: /tmp/dist-test-tasks9LKQH/test-tmp/kudu-tool-test.0.ToolTest.TestLoadgenHmsEnabled.1554265799459872-3617/minicluster-data/ts-0/data/data Total live blocks: 0 Total live bytes: 0 Total live bytes (after alignment): 0 Total number of LBM containers: 0 (0 full) Did not check for missing blocks Did not check for orphaned blocks Total full LBM containers with extra space: 0 (0 repaired) Total full LBM container extra space in bytes: 0 (0 repaired) Total incomplete LBM containers: 0 (0 repaired) Total LBM partial records: 0 (0 repaired)
I0403 04:30:15.798355 4649 env_posix.cc:1676] Not raising this process' running threads per effective uid limit of 18446744073709551615; it is already as high as it can go
I0403 04:30:15.800498 4649 ts_tablet_manager.cc:356] Loaded tablet metadata (0 total tablets, 0 live tablets)
I0403 04:30:15.800565 4649 ts_tablet_manager.cc:376] Registered 0 tablets
I0403 04:30:15.829599 4649 rpc_server.cc:205] RPC server started. Bound to: 127.3.136.65:39877
I0403 04:30:15.830976 4649 webserver.cc:308] Webserver started at http://127.3.136.65:41521/ using document root and password file
I0403 04:30:15.831768 4649 server_base.cc:608] Dumped server information to /tmp/dist-test-tasks9LKQH/test-tmp/kudu-tool-test.0.ToolTest.TestLoadgenHmsEnabled.1554265799459872-3617/minicluster-data/ts-0/data/info.pb
I0403 04:30:15.836722 3617 external_mini_cluster.cc:995] Started /tmp/dist-test-tasks9LKQH/build/asan/bin/kudu-tserver as pid 4649
I0403 04:30:15.852998 4779 heartbeater.cc:345] Connected to a master server at 127.3.136.126:46817
I0403 04:30:15.853219 4779 heartbeater.cc:426] Registering TS with master...
I0403 04:30:15.853752 4779 heartbeater.cc:475] Master 127.3.136.126:46817 requested a full tablet report, sending...
I0403 04:30:15.855537 4615 ts_manager.cc:159] Registered new tserver with Master: 6d6620f761814204a26502e29a199ab7 (127.3.136.65:39877)
I0403 04:30:15.857568 4615 master_service.cc:271] Signed X509 certificate for tserver {username='slave'} at 127.3.136.65:56089
I0403 04:30:15.857650 3617 external_mini_cluster.cc:623] 1 TS(s) registered with all masters
I0403 04:30:16.112743 4615 catalog_manager.cc:1416] Servicing CreateTable request from {username='slave'} at 127.0.0.1:36614: name: "default.loadgen_auto_fa94f2d102984805bcd5fa0412c2cf60" schema { columns { name: "key" type: INT64 is_key: true is_nullable: false encoding: AUTO_ENCODING compression: DEFAULT_COMPRESSION cfile_block_size: 0 } columns { name: "int_val" type: INT32 is_key: false is_nullable: true encoding: AUTO_ENCODING compression: DEFAULT_COMPRESSION cfile_block_size: 0 } columns { name: "string_val" type: STRING is_key: false is_nullable: true encoding: AUTO_ENCODING compression: DEFAULT_COMPRESSION cfile_block_size: 0 } } num_replicas: 1 split_rows_range_bounds { } partition_schema { hash_bucket_schemas { columns { name: "key" } num_buckets: 8 seed: 0 } }
I0403 04:30:16.142957 4711 tablet_service.cc:1006] Processing CreateTablet for tablet 4ba297fa8e1e475d87d6cd01c57615d2 (table=default.loadgen_auto_fa94f2d102984805bcd5fa0412c2cf60 [id=06bb83fade4645b3a47ce3e1c98c8f88]), partition=HASH (key) PARTITION 5, RANGE (key) PARTITION UNBOUNDED
I0403 04:30:16.142781 4709 tablet_service.cc:1006] Processing CreateTablet for tablet b68ca8195f294cb29beac1261fc88ee7 (table=default.loadgen_auto_fa94f2d102984805bcd5fa0412c2cf60 [id=06bb83fade4645b3a47ce3e1c98c8f88]), partition=HASH (key) PARTITION 7, RANGE (key) PARTITION UNBOUNDED
I0403 04:30:16.143033 4713 tablet_service.cc:1006] Processing CreateTablet for tablet bebe1f9ee5644cc5a6a3f9a21b1fc8aa (table=default.loadgen_auto_fa94f2d102984805bcd5fa0412c2cf60 [id=06bb83fade4645b3a47ce3e1c98c8f88]), partition=HASH (key) PARTITION 3, RANGE (key) PARTITION UNBOUNDED
I0403 04:30:16.143477 4715 tablet_service.cc:1006] Processing CreateTablet for tablet 0e9d1943a8a24c80893fa2b98d1aa24e (table=default.loadgen_auto_fa94f2d102984805bcd5fa0412c2cf60 [id=06bb83fade4645b3a47ce3e1c98c8f88]), partition=HASH (key) PARTITION 1, RANGE (key) PARTITION UNBOUNDED
I0403 04:30:16.143545 4710 tablet_service.cc:1006] Processing CreateTablet for tablet f159e2b79e934aeab5a4a0ad5ac877ee (table=default.loadgen_auto_fa94f2d102984805bcd5fa0412c2cf60 [id=06bb83fade4645b3a47ce3e1c98c8f88]), partition=HASH (key) PARTITION 6, RANGE (key) PARTITION UNBOUNDED
I0403 04:30:16.143100 4714 tablet_service.cc:1006] Processing CreateTablet for tablet dc1fbe5fca484c9d897dd97bbd009f71 (table=default.loadgen_auto_fa94f2d102984805bcd5fa0412c2cf60 [id=06bb83fade4645b3a47ce3e1c98c8f88]), partition=HASH (key) PARTITION 2, RANGE (key) PARTITION UNBOUNDED
I0403 04:30:16.144158 4711 data_dirs.cc:938] Could only allocate 1 dirs of requested 3 for tablet 4ba297fa8e1e475d87d6cd01c57615d2. 1 dirs total, 0 dirs full, 0 dirs failed
I0403 04:30:16.143903 4712 tablet_service.cc:1006] Processing CreateTablet for tablet c75e1d213af7404eb9b378aa601d88e1 (table=default.loadgen_auto_fa94f2d102984805bcd5fa0412c2cf60 [id=06bb83fade4645b3a47ce3e1c98c8f88]), partition=HASH (key) PARTITION 4, RANGE (key) PARTITION UNBOUNDED
I0403 04:30:16.143483 4716 tablet_service.cc:1006] Processing CreateTablet for tablet 9396bf196c824a0baaf1ed6843c5f6aa (table=default.loadgen_auto_fa94f2d102984805bcd5fa0412c2cf60 [id=06bb83fade4645b3a47ce3e1c98c8f88]), partition=HASH (key) PARTITION 0, RANGE (key) PARTITION UNBOUNDED
I0403 04:30:16.144985 4713 data_dirs.cc:938] Could only allocate 1 dirs of requested 3 for tablet bebe1f9ee5644cc5a6a3f9a21b1fc8aa. 1 dirs total, 0 dirs full, 0 dirs failed
I0403 04:30:16.145284 4714 data_dirs.cc:938] Could only allocate 1 dirs of requested 3 for tablet dc1fbe5fca484c9d897dd97bbd009f71. 1 dirs total, 0 dirs full, 0 dirs failed
I0403 04:30:16.145958 4710 data_dirs.cc:938] Could only allocate 1 dirs of requested 3 for tablet f159e2b79e934aeab5a4a0ad5ac877ee. 1 dirs total, 0 dirs full, 0 dirs failed
I0403 04:30:16.146674 4715 data_dirs.cc:938] Could only allocate 1 dirs of requested 3 for tablet 0e9d1943a8a24c80893fa2b98d1aa24e. 1 dirs total, 0 dirs full, 0 dirs failed
I0403 04:30:16.147127 4709 data_dirs.cc:938] Could only allocate 1 dirs of requested 3 for tablet b68ca8195f294cb29beac1261fc88ee7. 1 dirs total, 0 dirs full, 0 dirs failed
I0403 04:30:16.147506 4716 data_dirs.cc:938] Could only allocate 1 dirs of requested 3 for tablet 9396bf196c824a0baaf1ed6843c5f6aa. 1 dirs total, 0 dirs full, 0 dirs failed
I0403 04:30:16.148027 4712 data_dirs.cc:938] Could only allocate 1 dirs of requested 3 for tablet c75e1d213af7404eb9b378aa601d88e1. 1 dirs total, 0 dirs full, 0 dirs failed
I0403 04:30:16.183431 4800 tablet_bootstrap.cc:439] T dc1fbe5fca484c9d897dd97bbd009f71 P 6d6620f761814204a26502e29a199ab7: Bootstrap starting.
I0403 04:30:16.185575 4800 tablet_bootstrap.cc:590] T dc1fbe5fca484c9d897dd97bbd009f71 P 6d6620f761814204a26502e29a199ab7: No blocks or log segments found. Creating new log.
I0403 04:30:16.186751 4800 log.cc:525] T dc1fbe5fca484c9d897dd97bbd009f71 P 6d6620f761814204a26502e29a199ab7: Log is configured to *not* fsync() on all Append() calls
I0403 04:30:16.187980 4800 tablet_bootstrap.cc:439] T dc1fbe5fca484c9d897dd97bbd009f71 P 6d6620f761814204a26502e29a199ab7: No bootstrap required, opened a new log
I0403 04:30:16.188218 4800 ts_tablet_manager.cc:1053] T dc1fbe5fca484c9d897dd97bbd009f71 P 6d6620f761814204a26502e29a199ab7: Time spent bootstrapping tablet: real 0.005s user 0.004s sys 0.000s
I0403 04:30:16.194047 4800 raft_consensus.cc:340] T dc1fbe5fca484c9d897dd97bbd009f71 P 6d6620f761814204a26502e29a199ab7 [term 0 FOLLOWER]: Replica starting. Triggering 0 pending transactions. Active config: opid_index: -1 OBSOLETE_local: true peers { permanent_uuid: "6d6620f761814204a26502e29a199ab7" member_type: VOTER last_known_addr { host: "127.3.136.65" port: 39877 } }
I0403 04:30:16.194392 4800 raft_consensus.cc:366] T dc1fbe5fca484c9d897dd97bbd009f71 P 6d6620f761814204a26502e29a199ab7 [term 0 FOLLOWER]: Consensus starting up: Expiring failure detector timer to make a prompt election more likely
I0403 04:30:16.194448 4800 raft_consensus.cc:705] T dc1fbe5fca484c9d897dd97bbd009f71 P 6d6620f761814204a26502e29a199ab7 [term 0 FOLLOWER]: Becoming Follower/Learner. State: Replica: 6d6620f761814204a26502e29a199ab7, State: Initialized, Role: FOLLOWER
I0403 04:30:16.194789 4800 consensus_queue.cc:229] T dc1fbe5fca484c9d897dd97bbd009f71 P 6d6620f761814204a26502e29a199ab7 [NON_LEADER]: Queue going to NON_LEADER mode. State: All replicated index: 0, Majority replicated index: 0, Committed index: 0, Last appended: 0.0, Last appended by leader: 0, Current term: 0, Majority size: -1, State: 0, Mode: NON_LEADER, active raft config: opid_index: -1 OBSOLETE_local: true peers { permanent_uuid: "6d6620f761814204a26502e29a199ab7" member_type: VOTER last_known_addr { host: "127.3.136.65" port: 39877 } }
I0403 04:30:16.194980 4800 raft_consensus.cc:380] T dc1fbe5fca484c9d897dd97bbd009f71 P 6d6620f761814204a26502e29a199ab7 [term 0 FOLLOWER]: Only one voter in the Raft config. Triggering election immediately
I0403 04:30:16.195053 4800 raft_consensus.cc:472] T dc1fbe5fca484c9d897dd97bbd009f71 P 6d6620f761814204a26502e29a199ab7 [term 0 FOLLOWER]: Starting leader election (initial election of a single-replica configuration)
I0403 04:30:16.195152 4800 raft_consensus.cc:2886] T dc1fbe5fca484c9d897dd97bbd009f71 P 6d6620f761814204a26502e29a199ab7 [term 0 FOLLOWER]: Advancing to term 1
I0403 04:30:16.196720 4800 raft_consensus.cc:494] T dc1fbe5fca484c9d897dd97bbd009f71 P 6d6620f761814204a26502e29a199ab7 [term 1 FOLLOWER]: Starting leader election with config: opid_index: -1 OBSOLETE_local: true peers { permanent_uuid: "6d6620f761814204a26502e29a199ab7" member_type: VOTER last_known_addr { host: "127.3.136.65" port: 39877 } }
I0403 04:30:16.197022 4800 leader_election.cc:310] T dc1fbe5fca484c9d897dd97bbd009f71 P 6d6620f761814204a26502e29a199ab7 [CANDIDATE]: Term 1 election: Election decided. Result: candidate won. Election summary: received 1 responses out of 1 voters: 1 yes votes; 0 no votes. yes voters: 6d6620f761814204a26502e29a199ab7; no voters:
I0403 04:30:16.197574 4802 raft_consensus.cc:2640] T dc1fbe5fca484c9d897dd97bbd009f71 P 6d6620f761814204a26502e29a199ab7 [term 1 FOLLOWER]: Leader election won for term 1
I0403 04:30:16.197942 4800 leader_election.cc:296] T dc1fbe5fca484c9d897dd97bbd009f71 P 6d6620f761814204a26502e29a199ab7 [CANDIDATE]: Term 1 election: Requested vote from peers
I0403 04:30:16.198628 4779 heartbeater.cc:467] Master 127.3.136.126:46817 was elected leader, sending a full tablet report...
I0403 04:30:16.198618 4802 raft_consensus.cc:667] T dc1fbe5fca484c9d897dd97bbd009f71 P 6d6620f761814204a26502e29a199ab7 [term 1 LEADER]: Becoming Leader. State: Replica: 6d6620f761814204a26502e29a199ab7, State: Running, Role: LEADER
I0403 04:30:16.198976 4802 consensus_queue.cc:206] T dc1fbe5fca484c9d897dd97bbd009f71 P 6d6620f761814204a26502e29a199ab7 [LEADER]: Queue going to LEADER mode. State: All replicated index: 0, Majority replicated index: 0, Committed index: 0, Last appended: 0.0, Last appended by leader: 0, Current term: 1, Majority size: 1, State: 0, Mode: LEADER, active raft config: opid_index: -1 OBSOLETE_local: true peers { permanent_uuid: "6d6620f761814204a26502e29a199ab7" member_type: VOTER last_known_addr { host: "127.3.136.65" port: 39877 } }
I0403 04:30:16.200536 4800 ts_tablet_manager.cc:1081] T dc1fbe5fca484c9d897dd97bbd009f71 P 6d6620f761814204a26502e29a199ab7: Time spent starting tablet: real 0.012s user 0.011s sys 0.000s
I0403 04:30:16.200834 4800 tablet_bootstrap.cc:439] T bebe1f9ee5644cc5a6a3f9a21b1fc8aa P 6d6620f761814204a26502e29a199ab7: Bootstrap starting.
I0403 04:30:16.202469 4800 tablet_bootstrap.cc:590] T bebe1f9ee5644cc5a6a3f9a21b1fc8aa P 6d6620f761814204a26502e29a199ab7: No blocks or log segments found. Creating new log.
I0403 04:30:16.202776 4615 catalog_manager.cc:3977] T dc1fbe5fca484c9d897dd97bbd009f71 P 6d6620f761814204a26502e29a199ab7 reported cstate change: term changed from 0 to 1, leader changed from to 6d6620f761814204a26502e29a199ab7 (127.3.136.65). New cstate: current_term: 1 leader_uuid: "6d6620f761814204a26502e29a199ab7" committed_config { opid_index: -1 OBSOLETE_local: true peers { permanent_uuid: "6d6620f761814204a26502e29a199ab7" member_type: VOTER last_known_addr { host: "127.3.136.65" port: 39877 } health_report { overall_health: HEALTHY } } }
I0403 04:30:16.204244 4800 tablet_bootstrap.cc:439] T bebe1f9ee5644cc5a6a3f9a21b1fc8aa P 6d6620f761814204a26502e29a199ab7: No bootstrap required, opened a new log
I0403 04:30:16.204377 4800 ts_tablet_manager.cc:1053] T bebe1f9ee5644cc5a6a3f9a21b1fc8aa P 6d6620f761814204a26502e29a199ab7: Time spent bootstrapping tablet: real 0.004s user 0.000s sys 0.003s
I0403 04:30:16.205096 4800 raft_consensus.cc:340] T bebe1f9ee5644cc5a6a3f9a21b1fc8aa P 6d6620f761814204a26502e29a199ab7 [term 0 FOLLOWER]: Replica starting. Triggering 0 pending transactions. Active config: opid_index: -1 OBSOLETE_local: true peers { permanent_uuid: "6d6620f761814204a26502e29a199ab7" member_type: VOTER last_known_addr { host: "127.3.136.65" port: 39877 } }
I0403 04:30:16.205205 4800 raft_consensus.cc:366] T bebe1f9ee5644cc5a6a3f9a21b1fc8aa P 6d6620f761814204a26502e29a199ab7 [term 0 FOLLOWER]: Consensus starting up: Expiring failure detector timer to make a prompt election more likely
I0403 04:30:16.205277 4800 raft_consensus.cc:705] T bebe1f9ee5644cc5a6a3f9a21b1fc8aa P 6d6620f761814204a26502e29a199ab7 [term 0 FOLLOWER]: Becoming Follower/Learner. State: Replica: 6d6620f761814204a26502e29a199ab7, State: Initialized, Role: FOLLOWER
I0403 04:30:16.205814 4800 consensus_queue.cc:229] T bebe1f9ee5644cc5a6a3f9a21b1fc8aa P 6d6620f761814204a26502e29a199ab7 [NON_LEADER]: Queue going to NON_LEADER mode. State: All replicated index: 0, Majority replicated index: 0, Committed index: 0, Last appended: 0.0, Last appended by leader: 0, Current term: 0, Majority size: -1, State: 0, Mode: NON_LEADER, active raft config: opid_index: -1 OBSOLETE_local: true peers { permanent_uuid: "6d6620f761814204a26502e29a199ab7" member_type: VOTER last_known_addr { host: "127.3.136.65" port: 39877 } }
I0403 04:30:16.205989 4800 raft_consensus.cc:380] T bebe1f9ee5644cc5a6a3f9a21b1fc8aa P 6d6620f761814204a26502e29a199ab7 [term 0 FOLLOWER]: Only one voter in the Raft config. Triggering election immediately
I0403 04:30:16.206054 4800 raft_consensus.cc:472] T bebe1f9ee5644cc5a6a3f9a21b1fc8aa P 6d6620f761814204a26502e29a199ab7 [term 0 FOLLOWER]: Starting leader election (initial election of a single-replica configuration)
I0403 04:30:16.206146 4800 raft_consensus.cc:2886] T bebe1f9ee5644cc5a6a3f9a21b1fc8aa P 6d6620f761814204a26502e29a199ab7 [term 0 FOLLOWER]: Advancing to term 1
I0403 04:30:16.207909 4800 raft_consensus.cc:494] T bebe1f9ee5644cc5a6a3f9a21b1fc8aa P 6d6620f761814204a26502e29a199ab7 [term 1 FOLLOWER]: Starting leader election with config: opid_index: -1 OBSOLETE_local: true peers { permanent_uuid: "6d6620f761814204a26502e29a199ab7" member_type: VOTER last_known_addr { host: "127.3.136.65" port: 39877 } }
I0403 04:30:16.208112 4800 leader_election.cc:310] T bebe1f9ee5644cc5a6a3f9a21b1fc8aa P 6d6620f761814204a26502e29a199ab7 [CANDIDATE]: Term 1 election: Election decided. Result: candidate won. Election summary: received 1 responses out of 1 voters: 1 yes votes; 0 no votes. yes voters: 6d6620f761814204a26502e29a199ab7; no voters:
I0403 04:30:16.208348 4800 leader_election.cc:296] T bebe1f9ee5644cc5a6a3f9a21b1fc8aa P 6d6620f761814204a26502e29a199ab7 [CANDIDATE]: Term 1 election: Requested vote from peers
I0403 04:30:16.208420 4802 raft_consensus.cc:2640] T bebe1f9ee5644cc5a6a3f9a21b1fc8aa P 6d6620f761814204a26502e29a199ab7 [term 1 FOLLOWER]: Leader election won for term 1
I0403 04:30:16.208583 4802 raft_consensus.cc:667] T bebe1f9ee5644cc5a6a3f9a21b1fc8aa P 6d6620f761814204a26502e29a199ab7 [term 1 LEADER]: Becoming Leader. State: Replica: 6d6620f761814204a26502e29a199ab7, State: Running, Role: LEADER
I0403 04:30:16.208902 4800 ts_tablet_manager.cc:1081] T bebe1f9ee5644cc5a6a3f9a21b1fc8aa P 6d6620f761814204a26502e29a199ab7: Time spent starting tablet: real 0.004s user 0.003s sys 0.002s
I0403 04:30:16.208765 4802 consensus_queue.cc:206] T bebe1f9ee5644cc5a6a3f9a21b1fc8aa P 6d6620f761814204a26502e29a199ab7 [LEADER]: Queue going to LEADER mode. State: All replicated index: 0, Majority replicated index: 0, Committed index: 0, Last appended: 0.0, Last appended by leader: 0, Current term: 1, Majority size: 1, State: 0, Mode: LEADER, active raft config: opid_index: -1 OBSOLETE_local: true peers { permanent_uuid: "6d6620f761814204a26502e29a199ab7" member_type: VOTER last_known_addr { host: "127.3.136.65" port: 39877 } }
I0403 04:30:16.209165 4800 tablet_bootstrap.cc:439] T c75e1d213af7404eb9b378aa601d88e1 P 6d6620f761814204a26502e29a199ab7: Bootstrap starting.
I0403 04:30:16.210919 4800 tablet_bootstrap.cc:590] T c75e1d213af7404eb9b378aa601d88e1 P 6d6620f761814204a26502e29a199ab7: No blocks or log segments found. Creating new log.
I0403 04:30:16.211194 4615 catalog_manager.cc:3977] T bebe1f9ee5644cc5a6a3f9a21b1fc8aa P 6d6620f761814204a26502e29a199ab7 reported cstate change: term changed from 0 to 1, leader changed from to 6d6620f761814204a26502e29a199ab7 (127.3.136.65). New cstate: current_term: 1 leader_uuid: "6d6620f761814204a26502e29a199ab7" committed_config { opid_index: -1 OBSOLETE_local: true peers { permanent_uuid: "6d6620f761814204a26502e29a199ab7" member_type: VOTER last_known_addr { host: "127.3.136.65" port: 39877 } health_report { overall_health: HEALTHY } } }
I0403 04:30:16.212404 4800 tablet_bootstrap.cc:439] T c75e1d213af7404eb9b378aa601d88e1 P 6d6620f761814204a26502e29a199ab7: No bootstrap required, opened a new log
I0403 04:30:16.212533 4800 ts_tablet_manager.cc:1053] T c75e1d213af7404eb9b378aa601d88e1 P 6d6620f761814204a26502e29a199ab7: Time spent bootstrapping tablet: real 0.003s user 0.003s sys 0.000s
I0403 04:30:16.213122 4800 raft_consensus.cc:340] T c75e1d213af7404eb9b378aa601d88e1 P 6d6620f761814204a26502e29a199ab7 [term 0 FOLLOWER]: Replica starting. Triggering 0 pending transactions. Active config: opid_index: -1 OBSOLETE_local: true peers { permanent_uuid: "6d6620f761814204a26502e29a199ab7" member_type: VOTER last_known_addr { host: "127.3.136.65" port: 39877 } }
I0403 04:30:16.213274 4800 raft_consensus.cc:366] T c75e1d213af7404eb9b378aa601d88e1 P 6d6620f761814204a26502e29a199ab7 [term 0 FOLLOWER]: Consensus starting up: Expiring failure detector timer to make a prompt election more likely
I0403 04:30:16.213361 4800 raft_consensus.cc:705] T c75e1d213af7404eb9b378aa601d88e1 P 6d6620f761814204a26502e29a199ab7 [term 0 FOLLOWER]: Becoming Follower/Learner. State: Replica: 6d6620f761814204a26502e29a199ab7, State: Initialized, Role: FOLLOWER
I0403 04:30:16.213523 4800 consensus_queue.cc:229] T c75e1d213af7404eb9b378aa601d88e1 P 6d6620f761814204a26502e29a199ab7 [NON_LEADER]: Queue going to NON_LEADER mode. State: All replicated index: 0, Majority replicated index: 0, Committed index: 0, Last appended: 0.0, Last appended by leader: 0, Current term: 0, Majority size: -1, State: 0, Mode: NON_LEADER, active raft config: opid_index: -1 OBSOLETE_local: true peers { permanent_uuid: "6d6620f761814204a26502e29a199ab7" member_type: VOTER last_known_addr { host: "127.3.136.65" port: 39877 } }
I0403 04:30:16.213634 4800 raft_consensus.cc:380] T c75e1d213af7404eb9b378aa601d88e1 P 6d6620f761814204a26502e29a199ab7 [term 0 FOLLOWER]: Only one voter in the Raft config. Triggering election immediately
I0403 04:30:16.213711 4800 raft_consensus.cc:472] T c75e1d213af7404eb9b378aa601d88e1 P 6d6620f761814204a26502e29a199ab7 [term 0 FOLLOWER]: Starting leader election (initial election of a single-replica configuration)
I0403 04:30:16.213791 4800 raft_consensus.cc:2886] T c75e1d213af7404eb9b378aa601d88e1 P 6d6620f761814204a26502e29a199ab7 [term 0 FOLLOWER]: Advancing to term 1
I0403 04:30:16.215150 4800 raft_consensus.cc:494] T c75e1d213af7404eb9b378aa601d88e1 P 6d6620f761814204a26502e29a199ab7 [term 1 FOLLOWER]: Starting leader election with config: opid_index: -1 OBSOLETE_local: true peers { permanent_uuid: "6d6620f761814204a26502e29a199ab7" member_type: VOTER last_known_addr { host: "127.3.136.65" port: 39877 } }
I0403 04:30:16.215370 4800 leader_election.cc:310] T c75e1d213af7404eb9b378aa601d88e1 P 6d6620f761814204a26502e29a199ab7 [CANDIDATE]: Term 1 election: Election decided. Result: candidate won. Election summary: received 1 responses out of 1 voters: 1 yes votes; 0 no votes. yes voters: 6d6620f761814204a26502e29a199ab7; no voters:
I0403 04:30:16.215570 4800 leader_election.cc:296] T c75e1d213af7404eb9b378aa601d88e1 P 6d6620f761814204a26502e29a199ab7 [CANDIDATE]: Term 1 election: Requested vote from peers
I0403 04:30:16.215692 4802 raft_consensus.cc:2640] T c75e1d213af7404eb9b378aa601d88e1 P 6d6620f761814204a26502e29a199ab7 [term 1 FOLLOWER]: Leader election won for term 1
I0403 04:30:16.215898 4802 raft_consensus.cc:667] T c75e1d213af7404eb9b378aa601d88e1 P 6d6620f761814204a26502e29a199ab7 [term 1 LEADER]: Becoming Leader. State: Replica: 6d6620f761814204a26502e29a199ab7, State: Running, Role: LEADER
I0403 04:30:16.215920 4800 ts_tablet_manager.cc:1081] T c75e1d213af7404eb9b378aa601d88e1 P 6d6620f761814204a26502e29a199ab7: Time spent starting tablet: real 0.003s user 0.000s sys 0.002s
I0403 04:30:16.216174 4800 tablet_bootstrap.cc:439] T 4ba297fa8e1e475d87d6cd01c57615d2 P 6d6620f761814204a26502e29a199ab7: Bootstrap starting.
I0403 04:30:16.216161 4802 consensus_queue.cc:206] T c75e1d213af7404eb9b378aa601d88e1 P 6d6620f761814204a26502e29a199ab7 [LEADER]: Queue going to LEADER mode. State: All replicated index: 0, Majority replicated index: 0, Committed index: 0, Last appended: 0.0, Last appended by leader: 0, Current term: 1, Majority size: 1, State: 0, Mode: LEADER, active raft config: opid_index: -1 OBSOLETE_local: true peers { permanent_uuid: "6d6620f761814204a26502e29a199ab7" member_type: VOTER last_known_addr { host: "127.3.136.65" port: 39877 } }
I0403 04:30:16.217589 4800 tablet_bootstrap.cc:590] T 4ba297fa8e1e475d87d6cd01c57615d2 P 6d6620f761814204a26502e29a199ab7: No blocks or log segments found. Creating new log.
I0403 04:30:16.217802 4615 catalog_manager.cc:3977] T c75e1d213af7404eb9b378aa601d88e1 P 6d6620f761814204a26502e29a199ab7 reported cstate change: term changed from 0 to 1, leader changed from to 6d6620f761814204a26502e29a199ab7 (127.3.136.65). New cstate: current_term: 1 leader_uuid: "6d6620f761814204a26502e29a199ab7" committed_config { opid_index: -1 OBSOLETE_local: true peers { permanent_uuid: "6d6620f761814204a26502e29a199ab7" member_type: VOTER last_known_addr { host: "127.3.136.65" port: 39877 } health_report { overall_health: HEALTHY } } }
I0403 04:30:16.219764 4800 tablet_bootstrap.cc:439] T 4ba297fa8e1e475d87d6cd01c57615d2 P 6d6620f761814204a26502e29a199ab7: No bootstrap required, opened a new log
I0403 04:30:16.219879 4800 ts_tablet_manager.cc:1053] T 4ba297fa8e1e475d87d6cd01c57615d2 P 6d6620f761814204a26502e29a199ab7: Time spent bootstrapping tablet: real 0.004s user 0.003s sys 0.000s
I0403 04:30:16.220466 4800 raft_consensus.cc:340] T 4ba297fa8e1e475d87d6cd01c57615d2 P 6d6620f761814204a26502e29a199ab7 [term 0 FOLLOWER]: Replica starting. Triggering 0 pending transactions. Active config: opid_index: -1 OBSOLETE_local: true peers { permanent_uuid: "6d6620f761814204a26502e29a199ab7" member_type: VOTER last_known_addr { host: "127.3.136.65" port: 39877 } }
I0403 04:30:16.220600 4800 raft_consensus.cc:366] T 4ba297fa8e1e475d87d6cd01c57615d2 P 6d6620f761814204a26502e29a199ab7 [term 0 FOLLOWER]: Consensus starting up: Expiring failure detector timer to make a prompt election more likely
I0403 04:30:16.220670 4800 raft_consensus.cc:705] T 4ba297fa8e1e475d87d6cd01c57615d2 P 6d6620f761814204a26502e29a199ab7 [term 0 FOLLOWER]: Becoming Follower/Learner. State: Replica: 6d6620f761814204a26502e29a199ab7, State: Initialized, Role: FOLLOWER
I0403 04:30:16.220832 4800 consensus_queue.cc:229] T 4ba297fa8e1e475d87d6cd01c57615d2 P 6d6620f761814204a26502e29a199ab7 [NON_LEADER]: Queue going to NON_LEADER mode. State: All replicated index: 0, Majority replicated index: 0, Committed index: 0, Last appended: 0.0, Last appended by leader: 0, Current term: 0, Majority size: -1, State: 0, Mode: NON_LEADER, active raft config: opid_index: -1 OBSOLETE_local: true peers { permanent_uuid: "6d6620f761814204a26502e29a199ab7" member_type: VOTER last_known_addr { host: "127.3.136.65" port: 39877 } }
I0403 04:30:16.220965 4800 raft_consensus.cc:380] T 4ba297fa8e1e475d87d6cd01c57615d2 P 6d6620f761814204a26502e29a199ab7 [term 0 FOLLOWER]: Only one voter in the Raft config. Triggering election immediately
I0403 04:30:16.221031 4800 raft_consensus.cc:472] T 4ba297fa8e1e475d87d6cd01c57615d2 P 6d6620f761814204a26502e29a199ab7 [term 0 FOLLOWER]: Starting leader election (initial election of a single-replica configuration)
I0403 04:30:16.221124 4800 raft_consensus.cc:2886] T 4ba297fa8e1e475d87d6cd01c57615d2 P 6d6620f761814204a26502e29a199ab7 [term 0 FOLLOWER]: Advancing to term 1
I0403 04:30:16.222911 4800 raft_consensus.cc:494] T 4ba297fa8e1e475d87d6cd01c57615d2 P 6d6620f761814204a26502e29a199ab7 [term 1 FOLLOWER]: Starting leader election with config: opid_index: -1 OBSOLETE_local: true peers { permanent_uuid: "6d6620f761814204a26502e29a199ab7" member_type: VOTER last_known_addr { host: "127.3.136.65" port: 39877 } }
I0403 04:30:16.223089 4800 leader_election.cc:310] T 4ba297fa8e1e475d87d6cd01c57615d2 P 6d6620f761814204a26502e29a199ab7 [CANDIDATE]: Term 1 election: Election decided. Result: candidate won. Election summary: received 1 responses out of 1 voters: 1 yes votes; 0 no votes. yes voters: 6d6620f761814204a26502e29a199ab7; no voters:
I0403 04:30:16.223248 4800 leader_election.cc:296] T 4ba297fa8e1e475d87d6cd01c57615d2 P 6d6620f761814204a26502e29a199ab7 [CANDIDATE]: Term 1 election: Requested vote from peers
I0403 04:30:16.223322 4802 raft_consensus.cc:2640] T 4ba297fa8e1e475d87d6cd01c57615d2 P 6d6620f761814204a26502e29a199ab7 [term 1 FOLLOWER]: Leader election won for term 1
I0403 04:30:16.223498 4802 raft_consensus.cc:667] T 4ba297fa8e1e475d87d6cd01c57615d2 P 6d6620f761814204a26502e29a199ab7 [term 1 LEADER]: Becoming Leader. State: Replica: 6d6620f761814204a26502e29a199ab7, State: Running, Role: LEADER
I0403 04:30:16.223661 4802 consensus_queue.cc:206] T 4ba297fa8e1e475d87d6cd01c57615d2 P 6d6620f761814204a26502e29a199ab7 [LEADER]: Queue going to LEADER mode. State: All replicated index: 0, Majority replicated index: 0, Committed index: 0, Last appended: 0.0, Last appended by leader: 0, Current term: 1, Majority size: 1, State: 0, Mode: LEADER, active raft config: opid_index: -1 OBSOLETE_local: true peers { permanent_uuid: "6d6620f761814204a26502e29a199ab7" member_type: VOTER last_known_addr { host: "127.3.136.65" port: 39877 } }
I0403 04:30:16.223773 4800 ts_tablet_manager.cc:1081] T 4ba297fa8e1e475d87d6cd01c57615d2 P 6d6620f761814204a26502e29a199ab7: Time spent starting tablet: real 0.004s user 0.004s sys 0.000s
I0403 04:30:16.223940 4800 tablet_bootstrap.cc:439] T 9396bf196c824a0baaf1ed6843c5f6aa P 6d6620f761814204a26502e29a199ab7: Bootstrap starting.
I0403 04:30:16.225373 4800 tablet_bootstrap.cc:590] T 9396bf196c824a0baaf1ed6843c5f6aa P 6d6620f761814204a26502e29a199ab7: No blocks or log segments found. Creating new log.
I0403 04:30:16.225373 4615 catalog_manager.cc:3977] T 4ba297fa8e1e475d87d6cd01c57615d2 P 6d6620f761814204a26502e29a199ab7 reported cstate change: term changed from 0 to 1, leader changed from to 6d6620f761814204a26502e29a199ab7 (127.3.136.65). New cstate: current_term: 1 leader_uuid: "6d6620f761814204a26502e29a199ab7" committed_config { opid_index: -1 OBSOLETE_local: true peers { permanent_uuid: "6d6620f761814204a26502e29a199ab7" member_type: VOTER last_known_addr { host: "127.3.136.65" port: 39877 } health_report { overall_health: HEALTHY } } }
I0403 04:30:16.226790 4800 tablet_bootstrap.cc:439] T 9396bf196c824a0baaf1ed6843c5f6aa P 6d6620f761814204a26502e29a199ab7: No bootstrap required, opened a new log
I0403 04:30:16.226936 4800 ts_tablet_manager.cc:1053] T 9396bf196c824a0baaf1ed6843c5f6aa P 6d6620f761814204a26502e29a199ab7: Time spent bootstrapping tablet: real 0.003s user 0.001s sys 0.002s
I0403 04:30:16.227520 4800 raft_consensus.cc:340] T 9396bf196c824a0baaf1ed6843c5f6aa P 6d6620f761814204a26502e29a199ab7 [term 0 FOLLOWER]: Replica starting. Triggering 0 pending transactions. Active config: opid_index: -1 OBSOLETE_local: true peers { permanent_uuid: "6d6620f761814204a26502e29a199ab7" member_type: VOTER last_known_addr { host: "127.3.136.65" port: 39877 } }
I0403 04:30:16.227632 4800 raft_consensus.cc:366] T 9396bf196c824a0baaf1ed6843c5f6aa P 6d6620f761814204a26502e29a199ab7 [term 0 FOLLOWER]: Consensus starting up: Expiring failure detector timer to make a prompt election more likely
I0403 04:30:16.227689 4800 raft_consensus.cc:705] T 9396bf196c824a0baaf1ed6843c5f6aa P 6d6620f761814204a26502e29a199ab7 [term 0 FOLLOWER]: Becoming Follower/Learner. State: Replica: 6d6620f761814204a26502e29a199ab7, State: Initialized, Role: FOLLOWER
I0403 04:30:16.227843 4800 consensus_queue.cc:229] T 9396bf196c824a0baaf1ed6843c5f6aa P 6d6620f761814204a26502e29a199ab7 [NON_LEADER]: Queue going to NON_LEADER mode. State: All replicated index: 0, Majority replicated index: 0, Committed index: 0, Last appended: 0.0, Last appended by leader: 0, Current term: 0, Majority size: -1, State: 0, Mode: NON_LEADER, active raft config: opid_index: -1 OBSOLETE_local: true peers { permanent_uuid: "6d6620f761814204a26502e29a199ab7" member_type: VOTER last_known_addr { host: "127.3.136.65" port: 39877 } }
I0403 04:30:16.227962 4800 raft_consensus.cc:380] T 9396bf196c824a0baaf1ed6843c5f6aa P 6d6620f761814204a26502e29a199ab7 [term 0 FOLLOWER]: Only one voter in the Raft config. Triggering election immediately
I0403 04:30:16.228041 4800 raft_consensus.cc:472] T 9396bf196c824a0baaf1ed6843c5f6aa P 6d6620f761814204a26502e29a199ab7 [term 0 FOLLOWER]: Starting leader election (initial election of a single-replica configuration)
I0403 04:30:16.228134 4800 raft_consensus.cc:2886] T 9396bf196c824a0baaf1ed6843c5f6aa P 6d6620f761814204a26502e29a199ab7 [term 0 FOLLOWER]: Advancing to term 1
I0403 04:30:16.229903 4800 raft_consensus.cc:494] T 9396bf196c824a0baaf1ed6843c5f6aa P 6d6620f761814204a26502e29a199ab7 [term 1 FOLLOWER]: Starting leader election with config: opid_index: -1 OBSOLETE_local: true peers { permanent_uuid: "6d6620f761814204a26502e29a199ab7" member_type: VOTER last_known_addr { host: "127.3.136.65" port: 39877 } }
I0403 04:30:16.230058 4800 leader_election.cc:310] T 9396bf196c824a0baaf1ed6843c5f6aa P 6d6620f761814204a26502e29a199ab7 [CANDIDATE]: Term 1 election: Election decided. Result: candidate won. Election summary: received 1 responses out of 1 voters: 1 yes votes; 0 no votes. yes voters: 6d6620f761814204a26502e29a199ab7; no voters:
I0403 04:30:16.230217 4800 leader_election.cc:296] T 9396bf196c824a0baaf1ed6843c5f6aa P 6d6620f761814204a26502e29a199ab7 [CANDIDATE]: Term 1 election: Requested vote from peers
I0403 04:30:16.230298 4802 raft_consensus.cc:2640] T 9396bf196c824a0baaf1ed6843c5f6aa P 6d6620f761814204a26502e29a199ab7 [term 1 FOLLOWER]: Leader election won for term 1
