I0403 04:31:12.550493 7398 raft_consensus.cc:2886] T 00000000000000000000000000000000 P ee98b1ce6d9246a489069b51110e2d96 [term 0 FOLLOWER]: Advancing to term 1
I0403 04:31:12.552100 7398 raft_consensus.cc:494] T 00000000000000000000000000000000 P ee98b1ce6d9246a489069b51110e2d96 [term 1 FOLLOWER]: Starting leader election with config: opid_index: -1 OBSOLETE_local: true peers { permanent_uuid: "ee98b1ce6d9246a489069b51110e2d96" member_type: VOTER }
I0403 04:31:12.552477 7398 leader_election.cc:310] T 00000000000000000000000000000000 P ee98b1ce6d9246a489069b51110e2d96 [CANDIDATE]: Term 1 election: Election decided. Result: candidate won. Election summary: received 1 responses out of 1 voters: 1 yes votes; 0 no votes. yes voters: ee98b1ce6d9246a489069b51110e2d96; no voters:
I0403 04:31:12.553086 7398 leader_election.cc:296] T 00000000000000000000000000000000 P ee98b1ce6d9246a489069b51110e2d96 [CANDIDATE]: Term 1 election: Requested vote from peers
I0403 04:31:12.553298 7401 raft_consensus.cc:2640] T 00000000000000000000000000000000 P ee98b1ce6d9246a489069b51110e2d96 [term 1 FOLLOWER]: Leader election won for term 1
I0403 04:31:12.554291 7401 raft_consensus.cc:667] T 00000000000000000000000000000000 P ee98b1ce6d9246a489069b51110e2d96 [term 1 LEADER]: Becoming Leader. State: Replica: ee98b1ce6d9246a489069b51110e2d96, State: Running, Role: LEADER
I0403 04:31:12.554740 7401 consensus_queue.cc:206] T 00000000000000000000000000000000 P ee98b1ce6d9246a489069b51110e2d96 [LEADER]: Queue going to LEADER mode. State: All replicated index: 0, Majority replicated index: 0, Committed index: 0, Last appended: 0.0, Last appended by leader: 0, Current term: 1, Majority size: 1, State: 0, Mode: LEADER, active raft config: opid_index: -1 OBSOLETE_local: true peers { permanent_uuid: "ee98b1ce6d9246a489069b51110e2d96" member_type: VOTER }
I0403 04:31:12.559275 7398 sys_catalog.cc:337] T 00000000000000000000000000000000 P ee98b1ce6d9246a489069b51110e2d96 [sys.catalog]: SysCatalogTable state changed. Reason: Started TabletReplica. Latest consensus state: current_term: 1 leader_uuid: "ee98b1ce6d9246a489069b51110e2d96" committed_config { opid_index: -1 OBSOLETE_local: true peers { permanent_uuid: "ee98b1ce6d9246a489069b51110e2d96" member_type: VOTER } }
I0403 04:31:12.559604 7398 sys_catalog.cc:340] T 00000000000000000000000000000000 P ee98b1ce6d9246a489069b51110e2d96 [sys.catalog]: This master's current role is: LEADER
I0403 04:31:12.559779 7402 sys_catalog.cc:337] T 00000000000000000000000000000000 P ee98b1ce6d9246a489069b51110e2d96 [sys.catalog]: SysCatalogTable state changed. Reason: RaftConsensus started. Latest consensus state: current_term: 1 leader_uuid: "ee98b1ce6d9246a489069b51110e2d96" committed_config { opid_index: -1 OBSOLETE_local: true peers { permanent_uuid: "ee98b1ce6d9246a489069b51110e2d96" member_type: VOTER } }
I0403 04:31:12.560171 7402 sys_catalog.cc:340] T 00000000000000000000000000000000 P ee98b1ce6d9246a489069b51110e2d96 [sys.catalog]: This master's current role is: LEADER
I0403 04:31:12.562471 7398 sys_catalog.cc:424] T 00000000000000000000000000000000 P ee98b1ce6d9246a489069b51110e2d96 [sys.catalog]: configured and running, proceeding with master startup.
I0403 04:31:12.562471 7403 sys_catalog.cc:337] T 00000000000000000000000000000000 P ee98b1ce6d9246a489069b51110e2d96 [sys.catalog]: SysCatalogTable state changed. Reason: New leader ee98b1ce6d9246a489069b51110e2d96. Latest consensus state: current_term: 1 leader_uuid: "ee98b1ce6d9246a489069b51110e2d96" committed_config { opid_index: -1 OBSOLETE_local: true peers { permanent_uuid: "ee98b1ce6d9246a489069b51110e2d96" member_type: VOTER } }
I0403 04:31:12.562772 7403 sys_catalog.cc:340] T 00000000000000000000000000000000 P ee98b1ce6d9246a489069b51110e2d96 [sys.catalog]: This master's current role is: LEADER
I0403 04:31:12.563020 7407 catalog_manager.cc:1055] Loading table and tablet metadata into memory...
I0403 04:31:12.566998 7407 catalog_manager.cc:1066] Initializing Kudu internal certificate authority...
I0403 04:31:12.626078 7407 catalog_manager.cc:950] Generated new certificate authority record
I0403 04:31:12.627384 7407 catalog_manager.cc:1075] Loading token signing keys...
I0403 04:31:12.637032 7407 catalog_manager.cc:4281] T 00000000000000000000000000000000 P ee98b1ce6d9246a489069b51110e2d96: Generated new TSK 0 WARNING: Logging before InitGoogleLogging() is written to STDERR
W0403 04:31:12.734681 7399 flags.cc:406] Enabled unsafe flag: --rpc_server_allow_ephemeral_ports=true
W0403 04:31:12.734972 7399 flags.cc:406] Enabled unsafe flag: --never_fsync=true
W0403 04:31:12.738658 7399 flags.cc:406] Enabled experimental flag: --ipki_server_key_size=1024
W0403 04:31:12.738829 7399 flags.cc:406] Enabled experimental flag: --local_ip_for_outbound_sockets=127.3.136.65
I0403 04:31:12.750030 7399 tablet_server_main.cc:78] Tablet server non-default flags: --fs_data_dirs=/tmp/dist-test-tasks9LKQH/test-tmp/kudu-tool-test.0.ToolTestKerberosParameterized_ToolTestKerberosParameterized.TestCheckAndManualFixHmsMetadata_0.1554265799459872-3617/minicluster-data/ts-0/data --fs_wal_dir=/tmp/dist-test-tasks9LKQH/test-tmp/kudu-tool-test.0.ToolTestKerberosParameterized_ToolTestKerberosParameterized.TestCheckAndManualFixHmsMetadata_0.1554265799459872-3617/minicluster-data/ts-0/wal --ipki_server_key_size=1024 --rpc_bind_addresses=127.3.136.65:0 --rpc_server_allow_ephemeral_ports=true --metrics_log_interval_ms=1000 --server_dump_info_format=pb --server_dump_info_path=/tmp/dist-test-tasks9LKQH/test-tmp/kudu-tool-test.0.ToolTestKerberosParameterized_ToolTestKerberosParameterized.TestCheckAndManualFixHmsMetadata_0.1554265799459872-3617/minicluster-data/ts-0/data/info.pb --webserver_interface=127.3.136.65 --webserver_port=0 --tserver_master_addrs=127.3.136.126:37289 --never_fsync=true --redact=none --unlock_experimental_flags=true --unlock_unsafe_flags=true --enable_minidumps=false --local_ip_for_outbound_sockets=127.3.136.65 --log_dir=/tmp/dist-test-tasks9LKQH/test-tmp/kudu-tool-test.0.ToolTestKerberosParameterized_ToolTestKerberosParameterized.TestCheckAndManualFixHmsMetadata_0.1554265799459872-3617/minicluster-data/ts-0/logs --logbuflevel=-1 --logtostderr=true Tablet server version: kudu 1.10.0-cdh6.x-SNAPSHOT revision 0352bd622196e5ae299faf22e5564590d013ed73 build type FASTDEBUG built by jenkins at 02 Apr 2019 20:47:09 PST on quasar-daxdrg-1.vpc.cloudera.com build id 302510 ASAN enabled
I0403 04:31:12.759835 7399 system_ntp.cc:199] NTP initialized. Skew: 500ppm Current error: 238135us
I0403 04:31:12.760715 7399 fs_manager.cc:263] Metadata directory not provided
I0403 04:31:12.760849 7399 fs_manager.cc:269] Using write-ahead log directory (fs_wal_dir) as metadata directory
I0403 04:31:12.761216 7399 server_base.cc:433] Could not load existing FS layout: Not found: could not find a healthy instance file
I0403 04:31:12.761332 7399 server_base.cc:434] Attempting to create new FS layout instead
I0403 04:31:12.764798 7399 fs_manager.cc:602] Generated new instance metadata in path /tmp/dist-test-tasks9LKQH/test-tmp/kudu-tool-test.0.ToolTestKerberosParameterized_ToolTestKerberosParameterized.TestCheckAndManualFixHmsMetadata_0.1554265799459872-3617/minicluster-data/ts-0/data/instance: uuid: "a6156d4c53754f0d8fa78d4f22592a61" format_stamp: "Formatted at 2019-04-03 04:31:12 on dist-test-slave-dist-test-slave-1l7r"
I0403 04:31:12.765651 7399 fs_manager.cc:602] Generated new instance metadata in path /tmp/dist-test-tasks9LKQH/test-tmp/kudu-tool-test.0.ToolTestKerberosParameterized_ToolTestKerberosParameterized.TestCheckAndManualFixHmsMetadata_0.1554265799459872-3617/minicluster-data/ts-0/wal/instance: uuid: "a6156d4c53754f0d8fa78d4f22592a61" format_stamp: "Formatted at 2019-04-03 04:31:12 on dist-test-slave-dist-test-slave-1l7r"
I0403 04:31:12.776048 7399 fs_manager.cc:503] Time spent creating directory manager: real 0.010s user 0.005s sys 0.004s
I0403 04:31:12.777751 7399 env_posix.cc:1676] Not raising this process' open files per process limit of 1048576; it is already as high as it can go
I0403 04:31:12.778512 7399 file_cache.cc:466] Constructed file cache lbm with capacity 419430
I0403 04:31:12.787554 7399 fs_manager.cc:419] Time spent opening block manager: real 0.007s user 0.003s sys 0.004s
I0403 04:31:12.787636 7399 fs_manager.cc:436] Opened local filesystem: /tmp/dist-test-tasks9LKQH/test-tmp/kudu-tool-test.0.ToolTestKerberosParameterized_ToolTestKerberosParameterized.TestCheckAndManualFixHmsMetadata_0.1554265799459872-3617/minicluster-data/ts-0/data,/tmp/dist-test-tasks9LKQH/test-tmp/kudu-tool-test.0.ToolTestKerberosParameterized_ToolTestKerberosParameterized.TestCheckAndManualFixHmsMetadata_0.1554265799459872-3617/minicluster-data/ts-0/wal uuid: "a6156d4c53754f0d8fa78d4f22592a61" format_stamp: "Formatted at 2019-04-03 04:31:12 on dist-test-slave-dist-test-slave-1l7r"
I0403 04:31:12.787859 7399 fs_report.cc:352] FS layout report -------------------- wal directory: /tmp/dist-test-tasks9LKQH/test-tmp/kudu-tool-test.0.ToolTestKerberosParameterized_ToolTestKerberosParameterized.TestCheckAndManualFixHmsMetadata_0.1554265799459872-3617/minicluster-data/ts-0/wal metadata directory: /tmp/dist-test-tasks9LKQH/test-tmp/kudu-tool-test.0.ToolTestKerberosParameterized_ToolTestKerberosParameterized.TestCheckAndManualFixHmsMetadata_0.1554265799459872-3617/minicluster-data/ts-0/wal 1 data directories: /tmp/dist-test-tasks9LKQH/test-tmp/kudu-tool-test.0.ToolTestKerberosParameterized_ToolTestKerberosParameterized.TestCheckAndManualFixHmsMetadata_0.1554265799459872-3617/minicluster-data/ts-0/data/data Total live blocks: 0 Total live bytes: 0 Total live bytes (after alignment): 0 Total number of LBM containers: 0 (0 full) Did not check for missing blocks Did not check for orphaned blocks Total full LBM containers with extra space: 0 (0 repaired) Total full LBM container extra space in bytes: 0 (0 repaired) Total incomplete LBM containers: 0 (0 repaired) Total LBM partial records: 0 (0 repaired)
I0403 04:31:12.926462 7399 env_posix.cc:1676] Not raising this process' running threads per effective uid limit of 18446744073709551615; it is already as high as it can go
I0403 04:31:12.928828 7399 ts_tablet_manager.cc:356] Loaded tablet metadata (0 total tablets, 0 live tablets)
I0403 04:31:12.928912 7399 ts_tablet_manager.cc:376] Registered 0 tablets
I0403 04:31:13.060519 7399 rpc_server.cc:205] RPC server started. Bound to: 127.3.136.65:37243
I0403 04:31:13.061731 7399 webserver.cc:308] Webserver started at http://127.3.136.65:43529/ using document root and password file
I0403 04:31:13.062391 7399 server_base.cc:608] Dumped server information to /tmp/dist-test-tasks9LKQH/test-tmp/kudu-tool-test.0.ToolTestKerberosParameterized_ToolTestKerberosParameterized.TestCheckAndManualFixHmsMetadata_0.1554265799459872-3617/minicluster-data/ts-0/data/info.pb
I0403 04:31:13.063654 3617 external_mini_cluster.cc:995] Started /tmp/dist-test-tasks9LKQH/build/asan/bin/kudu-tserver as pid 7399
I0403 04:31:13.078397 7529 heartbeater.cc:345] Connected to a master server at 127.3.136.126:37289
I0403 04:31:13.078543 7529 heartbeater.cc:426] Registering TS with master...
I0403 04:31:13.078995 7529 heartbeater.cc:475] Master 127.3.136.126:37289 requested a full tablet report, sending...
I0403 04:31:13.080500 7364 ts_manager.cc:159] Registered new tserver with Master: a6156d4c53754f0d8fa78d4f22592a61 (127.3.136.65:37243)
I0403 04:31:13.082259 7364 master_service.cc:271] Signed X509 certificate for tserver {username='slave'} at 127.3.136.65:42261
I0403 04:31:13.082486 3617 external_mini_cluster.cc:623] 1 TS(s) registered with all masters
I0403 04:31:13.112906 7364 catalog_manager.cc:1416] Servicing CreateTable request from {username='slave'} at 127.0.0.1:53992: name: "default.duplicate_hms_tables" schema { columns { name: "foo" type: INT32 is_key: true is_nullable: false encoding: AUTO_ENCODING compression: DEFAULT_COMPRESSION cfile_block_size: 0 } } num_replicas: 1 split_rows_range_bounds { } partition_schema { range_schema { columns { name: "foo" } } }
I0403 04:31:13.138315 7466 tablet_service.cc:1006] Processing CreateTablet for tablet 665d999897184f60938dc31a1f2880b3 (table=default.duplicate_hms_tables [id=0639fb81fb1e44a5bce82d4d6f1f9dd3]), partition=RANGE (foo) PARTITION UNBOUNDED
I0403 04:31:13.139086 7466 data_dirs.cc:938] Could only allocate 1 dirs of requested 3 for tablet 665d999897184f60938dc31a1f2880b3. 1 dirs total, 0 dirs full, 0 dirs failed
I0403 04:31:13.148447 7544 tablet_bootstrap.cc:439] T 665d999897184f60938dc31a1f2880b3 P a6156d4c53754f0d8fa78d4f22592a61: Bootstrap starting.
I0403 04:31:13.150588 7544 tablet_bootstrap.cc:590] T 665d999897184f60938dc31a1f2880b3 P a6156d4c53754f0d8fa78d4f22592a61: No blocks or log segments found. Creating new log.
I0403 04:31:13.151486 7544 log.cc:525] T 665d999897184f60938dc31a1f2880b3 P a6156d4c53754f0d8fa78d4f22592a61: Log is configured to *not* fsync() on all Append() calls
I0403 04:31:13.153288 7544 tablet_bootstrap.cc:439] T 665d999897184f60938dc31a1f2880b3 P a6156d4c53754f0d8fa78d4f22592a61: No bootstrap required, opened a new log
I0403 04:31:13.153533 7544 ts_tablet_manager.cc:1053] T 665d999897184f60938dc31a1f2880b3 P a6156d4c53754f0d8fa78d4f22592a61: Time spent bootstrapping tablet: real 0.005s user 0.004s sys 0.000s
I0403 04:31:13.159448 7544 raft_consensus.cc:340] T 665d999897184f60938dc31a1f2880b3 P a6156d4c53754f0d8fa78d4f22592a61 [term 0 FOLLOWER]: Replica starting. Triggering 0 pending transactions. Active config: opid_index: -1 OBSOLETE_local: true peers { permanent_uuid: "a6156d4c53754f0d8fa78d4f22592a61" member_type: VOTER last_known_addr { host: "127.3.136.65" port: 37243 } }
I0403 04:31:13.159737 7544 raft_consensus.cc:366] T 665d999897184f60938dc31a1f2880b3 P a6156d4c53754f0d8fa78d4f22592a61 [term 0 FOLLOWER]: Consensus starting up: Expiring failure detector timer to make a prompt election more likely
I0403 04:31:13.159792 7544 raft_consensus.cc:705] T 665d999897184f60938dc31a1f2880b3 P a6156d4c53754f0d8fa78d4f22592a61 [term 0 FOLLOWER]: Becoming Follower/Learner. State: Replica: a6156d4c53754f0d8fa78d4f22592a61, State: Initialized, Role: FOLLOWER
I0403 04:31:13.160125 7544 consensus_queue.cc:229] T 665d999897184f60938dc31a1f2880b3 P a6156d4c53754f0d8fa78d4f22592a61 [NON_LEADER]: Queue going to NON_LEADER mode. State: All replicated index: 0, Majority replicated index: 0, Committed index: 0, Last appended: 0.0, Last appended by leader: 0, Current term: 0, Majority size: -1, State: 0, Mode: NON_LEADER, active raft config: opid_index: -1 OBSOLETE_local: true peers { permanent_uuid: "a6156d4c53754f0d8fa78d4f22592a61" member_type: VOTER last_known_addr { host: "127.3.136.65" port: 37243 } }
I0403 04:31:13.160310 7544 raft_consensus.cc:380] T 665d999897184f60938dc31a1f2880b3 P a6156d4c53754f0d8fa78d4f22592a61 [term 0 FOLLOWER]: Only one voter in the Raft config. Triggering election immediately
I0403 04:31:13.160403 7544 raft_consensus.cc:472] T 665d999897184f60938dc31a1f2880b3 P a6156d4c53754f0d8fa78d4f22592a61 [term 0 FOLLOWER]: Starting leader election (initial election of a single-replica configuration)
I0403 04:31:13.160493 7544 raft_consensus.cc:2886] T 665d999897184f60938dc31a1f2880b3 P a6156d4c53754f0d8fa78d4f22592a61 [term 0 FOLLOWER]: Advancing to term 1
I0403 04:31:13.162039 7544 raft_consensus.cc:494] T 665d999897184f60938dc31a1f2880b3 P a6156d4c53754f0d8fa78d4f22592a61 [term 1 FOLLOWER]: Starting leader election with config: opid_index: -1 OBSOLETE_local: true peers { permanent_uuid: "a6156d4c53754f0d8fa78d4f22592a61" member_type: VOTER last_known_addr { host: "127.3.136.65" port: 37243 } }
I0403 04:31:13.162398 7544 leader_election.cc:310] T 665d999897184f60938dc31a1f2880b3 P a6156d4c53754f0d8fa78d4f22592a61 [CANDIDATE]: Term 1 election: Election decided. Result: candidate won. Election summary: received 1 responses out of 1 voters: 1 yes votes; 0 no votes. yes voters: a6156d4c53754f0d8fa78d4f22592a61; no voters:
I0403 04:31:13.162919 7544 leader_election.cc:296] T 665d999897184f60938dc31a1f2880b3 P a6156d4c53754f0d8fa78d4f22592a61 [CANDIDATE]: Term 1 election: Requested vote from peers
I0403 04:31:13.163062 7546 raft_consensus.cc:2640] T 665d999897184f60938dc31a1f2880b3 P a6156d4c53754f0d8fa78d4f22592a61 [term 1 FOLLOWER]: Leader election won for term 1
I0403 04:31:13.163852 7529 heartbeater.cc:467] Master 127.3.136.126:37289 was elected leader, sending a full tablet report...
I0403 04:31:13.164026 7546 raft_consensus.cc:667] T 665d999897184f60938dc31a1f2880b3 P a6156d4c53754f0d8fa78d4f22592a61 [term 1 LEADER]: Becoming Leader. State: Replica: a6156d4c53754f0d8fa78d4f22592a61, State: Running, Role: LEADER
I0403 04:31:13.164511 7546 consensus_queue.cc:206] T 665d999897184f60938dc31a1f2880b3 P a6156d4c53754f0d8fa78d4f22592a61 [LEADER]: Queue going to LEADER mode. State: All replicated index: 0, Majority replicated index: 0, Committed index: 0, Last appended: 0.0, Last appended by leader: 0, Current term: 1, Majority size: 1, State: 0, Mode: LEADER, active raft config: opid_index: -1 OBSOLETE_local: true peers { permanent_uuid: "a6156d4c53754f0d8fa78d4f22592a61" member_type: VOTER last_known_addr { host: "127.3.136.65" port: 37243 } }
I0403 04:31:13.164933 7544 ts_tablet_manager.cc:1081] T 665d999897184f60938dc31a1f2880b3 P a6156d4c53754f0d8fa78d4f22592a61: Time spent starting tablet: real 0.011s user 0.004s sys 0.007s
I0403 04:31:13.167750 7364 catalog_manager.cc:3977] T 665d999897184f60938dc31a1f2880b3 P a6156d4c53754f0d8fa78d4f22592a61 reported cstate change: term changed from 0 to 1, leader changed from to a6156d4c53754f0d8fa78d4f22592a61 (127.3.136.65). New cstate: current_term: 1 leader_uuid: "a6156d4c53754f0d8fa78d4f22592a61" committed_config { opid_index: -1 OBSOLETE_local: true peers { permanent_uuid: "a6156d4c53754f0d8fa78d4f22592a61" member_type: VOTER last_known_addr { host: "127.3.136.65" port: 37243 } health_report { overall_health: HEALTHY } } }
I0403 04:31:13.915915 7364 catalog_manager.cc:1416] Servicing CreateTable request from {username='slave'} at 127.0.0.1:53992: name: "default.hive-incompatible-name" schema { columns { name: "foo" type: INT32 is_key: true is_nullable: false encoding: AUTO_ENCODING compression: DEFAULT_COMPRESSION cfile_block_size: 0 } } num_replicas: 1 split_rows_range_bounds { } partition_schema { range_schema { columns { name: "foo" } } }
I0403 04:31:13.922817 7466 tablet_service.cc:1006] Processing CreateTablet for tablet a587105a328647debc94c1f8e7f34a9a (table=default.hive-incompatible-name [id=0eeb1a84386147ff8a0c6b30a3bf77a9]), partition=RANGE (foo) PARTITION UNBOUNDED
I0403 04:31:13.923178 7466 data_dirs.cc:938] Could only allocate 1 dirs of requested 3 for tablet a587105a328647debc94c1f8e7f34a9a. 1 dirs total, 0 dirs full, 0 dirs failed
I0403 04:31:13.927522 7577 tablet_bootstrap.cc:439] T a587105a328647debc94c1f8e7f34a9a P a6156d4c53754f0d8fa78d4f22592a61: Bootstrap starting.
I0403 04:31:13.928742 7577 tablet_bootstrap.cc:590] T a587105a328647debc94c1f8e7f34a9a P a6156d4c53754f0d8fa78d4f22592a61: No blocks or log segments found. Creating new log.
I0403 04:31:13.930375 7577 tablet_bootstrap.cc:439] T a587105a328647debc94c1f8e7f34a9a P a6156d4c53754f0d8fa78d4f22592a61: No bootstrap required, opened a new log
I0403 04:31:13.930476 7577 ts_tablet_manager.cc:1053] T a587105a328647debc94c1f8e7f34a9a P a6156d4c53754f0d8fa78d4f22592a61: Time spent bootstrapping tablet: real 0.003s user 0.002s sys 0.000s
I0403 04:31:13.931146 7577 raft_consensus.cc:340] T a587105a328647debc94c1f8e7f34a9a P a6156d4c53754f0d8fa78d4f22592a61 [term 0 FOLLOWER]: Replica starting. Triggering 0 pending transactions. Active config: opid_index: -1 OBSOLETE_local: true peers { permanent_uuid: "a6156d4c53754f0d8fa78d4f22592a61" member_type: VOTER last_known_addr { host: "127.3.136.65" port: 37243 } }
I0403 04:31:13.931286 7577 raft_consensus.cc:366] T a587105a328647debc94c1f8e7f34a9a P a6156d4c53754f0d8fa78d4f22592a61 [term 0 FOLLOWER]: Consensus starting up: Expiring failure detector timer to make a prompt election more likely
I0403 04:31:13.931358 7577 raft_consensus.cc:705] T a587105a328647debc94c1f8e7f34a9a P a6156d4c53754f0d8fa78d4f22592a61 [term 0 FOLLOWER]: Becoming Follower/Learner. State: Replica: a6156d4c53754f0d8fa78d4f22592a61, State: Initialized, Role: FOLLOWER
I0403 04:31:13.931499 7577 consensus_queue.cc:229] T a587105a328647debc94c1f8e7f34a9a P a6156d4c53754f0d8fa78d4f22592a61 [NON_LEADER]: Queue going to NON_LEADER mode. State: All replicated index: 0, Majority replicated index: 0, Committed index: 0, Last appended: 0.0, Last appended by leader: 0, Current term: 0, Majority size: -1, State: 0, Mode: NON_LEADER, active raft config: opid_index: -1 OBSOLETE_local: true peers { permanent_uuid: "a6156d4c53754f0d8fa78d4f22592a61" member_type: VOTER last_known_addr { host: "127.3.136.65" port: 37243 } }
I0403 04:31:13.931651 7577 raft_consensus.cc:380] T a587105a328647debc94c1f8e7f34a9a P a6156d4c53754f0d8fa78d4f22592a61 [term 0 FOLLOWER]: Only one voter in the Raft config. Triggering election immediately
I0403 04:31:13.931696 7577 raft_consensus.cc:472] T a587105a328647debc94c1f8e7f34a9a P a6156d4c53754f0d8fa78d4f22592a61 [term 0 FOLLOWER]: Starting leader election (initial election of a single-replica configuration)
I0403 04:31:13.931762 7577 raft_consensus.cc:2886] T a587105a328647debc94c1f8e7f34a9a P a6156d4c53754f0d8fa78d4f22592a61 [term 0 FOLLOWER]: Advancing to term 1
I0403 04:31:13.933534 7577 raft_consensus.cc:494] T a587105a328647debc94c1f8e7f34a9a P a6156d4c53754f0d8fa78d4f22592a61 [term 1 FOLLOWER]: Starting leader election with config: opid_index: -1 OBSOLETE_local: true peers { permanent_uuid: "a6156d4c53754f0d8fa78d4f22592a61" member_type: VOTER last_known_addr { host: "127.3.136.65" port: 37243 } }
I0403 04:31:13.933715 7577 leader_election.cc:310] T a587105a328647debc94c1f8e7f34a9a P a6156d4c53754f0d8fa78d4f22592a61 [CANDIDATE]: Term 1 election: Election decided. Result: candidate won. Election summary: received 1 responses out of 1 voters: 1 yes votes; 0 no votes. yes voters: a6156d4c53754f0d8fa78d4f22592a61; no voters:
I0403 04:31:13.934172 7579 raft_consensus.cc:2640] T a587105a328647debc94c1f8e7f34a9a P a6156d4c53754f0d8fa78d4f22592a61 [term 1 FOLLOWER]: Leader election won for term 1
I0403 04:31:13.934417 7577 leader_election.cc:296] T a587105a328647debc94c1f8e7f34a9a P a6156d4c53754f0d8fa78d4f22592a61 [CANDIDATE]: Term 1 election: Requested vote from peers
I0403 04:31:13.935016 7579 raft_consensus.cc:667] T a587105a328647debc94c1f8e7f34a9a P a6156d4c53754f0d8fa78d4f22592a61 [term 1 LEADER]: Becoming Leader. State: Replica: a6156d4c53754f0d8fa78d4f22592a61, State: Running, Role: LEADER
I0403 04:31:13.935279 7579 consensus_queue.cc:206] T a587105a328647debc94c1f8e7f34a9a P a6156d4c53754f0d8fa78d4f22592a61 [LEADER]: Queue going to LEADER mode. State: All replicated index: 0, Majority replicated index: 0, Committed index: 0, Last appended: 0.0, Last appended by leader: 0, Current term: 1, Majority size: 1, State: 0, Mode: LEADER, active raft config: opid_index: -1 OBSOLETE_local: true peers { permanent_uuid: "a6156d4c53754f0d8fa78d4f22592a61" member_type: VOTER last_known_addr { host: "127.3.136.65" port: 37243 } }
I0403 04:31:13.936069 7577 ts_tablet_manager.cc:1081] T a587105a328647debc94c1f8e7f34a9a P a6156d4c53754f0d8fa78d4f22592a61: Time spent starting tablet: real 0.005s user 0.004s sys 0.000s
I0403 04:31:13.937183 7365 catalog_manager.cc:3977] T a587105a328647debc94c1f8e7f34a9a P a6156d4c53754f0d8fa78d4f22592a61 reported cstate change: term changed from 0 to 1, leader changed from to a6156d4c53754f0d8fa78d4f22592a61 (127.3.136.65). New cstate: current_term: 1 leader_uuid: "a6156d4c53754f0d8fa78d4f22592a61" committed_config { opid_index: -1 OBSOLETE_local: true peers { permanent_uuid: "a6156d4c53754f0d8fa78d4f22592a61" member_type: VOTER last_known_addr { host: "127.3.136.65" port: 37243 } health_report { overall_health: HEALTHY } } }
I0403 04:31:13.948714 7365 catalog_manager.cc:1416] Servicing CreateTable request from {username='slave'} at 127.0.0.1:53992: name: "no_database" schema { columns { name: "foo" type: INT32 is_key: true is_nullable: false encoding: AUTO_ENCODING compression: DEFAULT_COMPRESSION cfile_block_size: 0 } } num_replicas: 1 split_rows_range_bounds { } partition_schema { range_schema { columns { name: "foo" } } }
I0403 04:31:13.953743 7466 tablet_service.cc:1006] Processing CreateTablet for tablet 63c2b7f7a3e24ec3b57dbbb4c5e76358 (table=no_database [id=38a227aa7fe64e4ebac5316d392feb03]), partition=RANGE (foo) PARTITION UNBOUNDED
I0403 04:31:13.954043 7466 data_dirs.cc:938] Could only allocate 1 dirs of requested 3 for tablet 63c2b7f7a3e24ec3b57dbbb4c5e76358. 1 dirs total, 0 dirs full, 0 dirs failed
I0403 04:31:13.957945 7577 tablet_bootstrap.cc:439] T 63c2b7f7a3e24ec3b57dbbb4c5e76358 P a6156d4c53754f0d8fa78d4f22592a61: Bootstrap starting.
I0403 04:31:13.959095 7577 tablet_bootstrap.cc:590] T 63c2b7f7a3e24ec3b57dbbb4c5e76358 P a6156d4c53754f0d8fa78d4f22592a61: No blocks or log segments found. Creating new log.
I0403 04:31:13.960538 7577 tablet_bootstrap.cc:439] T 63c2b7f7a3e24ec3b57dbbb4c5e76358 P a6156d4c53754f0d8fa78d4f22592a61: No bootstrap required, opened a new log
I0403 04:31:13.960664 7577 ts_tablet_manager.cc:1053] T 63c2b7f7a3e24ec3b57dbbb4c5e76358 P a6156d4c53754f0d8fa78d4f22592a61: Time spent bootstrapping tablet: real 0.003s user 0.002s sys 0.000s
I0403 04:31:13.961230 7577 raft_consensus.cc:340] T 63c2b7f7a3e24ec3b57dbbb4c5e76358 P a6156d4c53754f0d8fa78d4f22592a61 [term 0 FOLLOWER]: Replica starting. Triggering 0 pending transactions. Active config: opid_index: -1 OBSOLETE_local: true peers { permanent_uuid: "a6156d4c53754f0d8fa78d4f22592a61" member_type: VOTER last_known_addr { host: "127.3.136.65" port: 37243 } }
I0403 04:31:13.961375 7577 raft_consensus.cc:366] T 63c2b7f7a3e24ec3b57dbbb4c5e76358 P a6156d4c53754f0d8fa78d4f22592a61 [term 0 FOLLOWER]: Consensus starting up: Expiring failure detector timer to make a prompt election more likely
I0403 04:31:13.961446 7577 raft_consensus.cc:705] T 63c2b7f7a3e24ec3b57dbbb4c5e76358 P a6156d4c53754f0d8fa78d4f22592a61 [term 0 FOLLOWER]: Becoming Follower/Learner. State: Replica: a6156d4c53754f0d8fa78d4f22592a61, State: Initialized, Role: FOLLOWER
I0403 04:31:13.961647 7577 consensus_queue.cc:229] T 63c2b7f7a3e24ec3b57dbbb4c5e76358 P a6156d4c53754f0d8fa78d4f22592a61 [NON_LEADER]: Queue going to NON_LEADER mode. State: All replicated index: 0, Majority replicated index: 0, Committed index: 0, Last appended: 0.0, Last appended by leader: 0, Current term: 0, Majority size: -1, State: 0, Mode: NON_LEADER, active raft config: opid_index: -1 OBSOLETE_local: true peers { permanent_uuid: "a6156d4c53754f0d8fa78d4f22592a61" member_type: VOTER last_known_addr { host: "127.3.136.65" port: 37243 } }
I0403 04:31:13.961777 7577 raft_consensus.cc:380] T 63c2b7f7a3e24ec3b57dbbb4c5e76358 P a6156d4c53754f0d8fa78d4f22592a61 [term 0 FOLLOWER]: Only one voter in the Raft config. Triggering election immediately
I0403 04:31:13.961879 7577 raft_consensus.cc:472] T 63c2b7f7a3e24ec3b57dbbb4c5e76358 P a6156d4c53754f0d8fa78d4f22592a61 [term 0 FOLLOWER]: Starting leader election (initial election of a single-replica configuration)
I0403 04:31:13.961954 7577 raft_consensus.cc:2886] T 63c2b7f7a3e24ec3b57dbbb4c5e76358 P a6156d4c53754f0d8fa78d4f22592a61 [term 0 FOLLOWER]: Advancing to term 1
I0403 04:31:13.963348 7577 raft_consensus.cc:494] T 63c2b7f7a3e24ec3b57dbbb4c5e76358 P a6156d4c53754f0d8fa78d4f22592a61 [term 1 FOLLOWER]: Starting leader election with config: opid_index: -1 OBSOLETE_local: true peers { permanent_uuid: "a6156d4c53754f0d8fa78d4f22592a61" member_type: VOTER last_known_addr { host: "127.3.136.65" port: 37243 } }
I0403 04:31:13.963538 7577 leader_election.cc:310] T 63c2b7f7a3e24ec3b57dbbb4c5e76358 P a6156d4c53754f0d8fa78d4f22592a61 [CANDIDATE]: Term 1 election: Election decided. Result: candidate won. Election summary: received 1 responses out of 1 voters: 1 yes votes; 0 no votes. yes voters: a6156d4c53754f0d8fa78d4f22592a61; no voters:
I0403 04:31:13.963734 7577 leader_election.cc:296] T 63c2b7f7a3e24ec3b57dbbb4c5e76358 P a6156d4c53754f0d8fa78d4f22592a61 [CANDIDATE]: Term 1 election: Requested vote from peers
I0403 04:31:13.963788 7579 raft_consensus.cc:2640] T 63c2b7f7a3e24ec3b57dbbb4c5e76358 P a6156d4c53754f0d8fa78d4f22592a61 [term 1 FOLLOWER]: Leader election won for term 1
I0403 04:31:13.963984 7579 raft_consensus.cc:667] T 63c2b7f7a3e24ec3b57dbbb4c5e76358 P a6156d4c53754f0d8fa78d4f22592a61 [term 1 LEADER]: Becoming Leader. State: Replica: a6156d4c53754f0d8fa78d4f22592a61, State: Running, Role: LEADER
I0403 04:31:13.964162 7579 consensus_queue.cc:206] T 63c2b7f7a3e24ec3b57dbbb4c5e76358 P a6156d4c53754f0d8fa78d4f22592a61 [LEADER]: Queue going to LEADER mode. State: All replicated index: 0, Majority replicated index: 0, Committed index: 0, Last appended: 0.0, Last appended by leader: 0, Current term: 1, Majority size: 1, State: 0, Mode: LEADER, active raft config: opid_index: -1 OBSOLETE_local: true peers { permanent_uuid: "a6156d4c53754f0d8fa78d4f22592a61" member_type: VOTER last_known_addr { host: "127.3.136.65" port: 37243 } }
I0403 04:31:13.964339 7577 ts_tablet_manager.cc:1081] T 63c2b7f7a3e24ec3b57dbbb4c5e76358 P a6156d4c53754f0d8fa78d4f22592a61: Time spent starting tablet: real 0.004s user 0.004s sys 0.000s
I0403 04:31:13.966367 7365 catalog_manager.cc:3977] T 63c2b7f7a3e24ec3b57dbbb4c5e76358 P a6156d4c53754f0d8fa78d4f22592a61 reported cstate change: term changed from 0 to 1, leader changed from to a6156d4c53754f0d8fa78d4f22592a61 (127.3.136.65). New cstate: current_term: 1 leader_uuid: "a6156d4c53754f0d8fa78d4f22592a61" committed_config { opid_index: -1 OBSOLETE_local: true peers { permanent_uuid: "a6156d4c53754f0d8fa78d4f22592a61" member_type: VOTER last_known_addr { host: "127.3.136.65" port: 37243 } health_report { overall_health: HEALTHY } } }
I0403 04:31:13.974082 7365 catalog_manager.cc:1416] Servicing CreateTable request from {username='slave'} at 127.0.0.1:53992: name: "non_existent_database.table" schema { columns { name: "foo" type: INT32 is_key: true is_nullable: false encoding: AUTO_ENCODING compression: DEFAULT_COMPRESSION cfile_block_size: 0 } } num_replicas: 1 split_rows_range_bounds { } partition_schema { range_schema { columns { name: "foo" } } }
I0403 04:31:13.978888 7466 tablet_service.cc:1006] Processing CreateTablet for tablet cb07c565d64e4f2db9742a9d7339d7d9 (table=non_existent_database.table [id=b99535637ed74857ad05f98a38434037]), partition=RANGE (foo) PARTITION UNBOUNDED
I0403 04:31:13.979185 7466 data_dirs.cc:938] Could only allocate 1 dirs of requested 3 for tablet cb07c565d64e4f2db9742a9d7339d7d9. 1 dirs total, 0 dirs full, 0 dirs failed
I0403 04:31:13.982750 7577 tablet_bootstrap.cc:439] T cb07c565d64e4f2db9742a9d7339d7d9 P a6156d4c53754f0d8fa78d4f22592a61: Bootstrap starting.
I0403 04:31:13.983784 7577 tablet_bootstrap.cc:590] T cb07c565d64e4f2db9742a9d7339d7d9 P a6156d4c53754f0d8fa78d4f22592a61: No blocks or log segments found. Creating new log.
I0403 04:31:13.985232 7577 tablet_bootstrap.cc:439] T cb07c565d64e4f2db9742a9d7339d7d9 P a6156d4c53754f0d8fa78d4f22592a61: No bootstrap required, opened a new log
I0403 04:31:13.985410 7577 ts_tablet_manager.cc:1053] T cb07c565d64e4f2db9742a9d7339d7d9 P a6156d4c53754f0d8fa78d4f22592a61: Time spent bootstrapping tablet: real 0.003s user 0.002s sys 0.000s
I0403 04:31:13.986091 7577 raft_consensus.cc:340] T cb07c565d64e4f2db9742a9d7339d7d9 P a6156d4c53754f0d8fa78d4f22592a61 [term 0 FOLLOWER]: Replica starting. Triggering 0 pending transactions. Active config: opid_index: -1 OBSOLETE_local: true peers { permanent_uuid: "a6156d4c53754f0d8fa78d4f22592a61" member_type: VOTER last_known_addr { host: "127.3.136.65" port: 37243 } }
I0403 04:31:13.986259 7577 raft_consensus.cc:366] T cb07c565d64e4f2db9742a9d7339d7d9 P a6156d4c53754f0d8fa78d4f22592a61 [term 0 FOLLOWER]: Consensus starting up: Expiring failure detector timer to make a prompt election more likely
I0403 04:31:13.986379 7577 raft_consensus.cc:705] T cb07c565d64e4f2db9742a9d7339d7d9 P a6156d4c53754f0d8fa78d4f22592a61 [term 0 FOLLOWER]: Becoming Follower/Learner. State: Replica: a6156d4c53754f0d8fa78d4f22592a61, State: Initialized, Role: FOLLOWER
I0403 04:31:13.986560 7577 consensus_queue.cc:229] T cb07c565d64e4f2db9742a9d7339d7d9 P a6156d4c53754f0d8fa78d4f22592a61 [NON_LEADER]: Queue going to NON_LEADER mode. State: All replicated index: 0, Majority replicated index: 0, Committed index: 0, Last appended: 0.0, Last appended by leader: 0, Current term: 0, Majority size: -1, State: 0, Mode: NON_LEADER, active raft config: opid_index: -1 OBSOLETE_local: true peers { permanent_uuid: "a6156d4c53754f0d8fa78d4f22592a61" member_type: VOTER last_known_addr { host: "127.3.136.65" port: 37243 } }
I0403 04:31:13.986738 7577 raft_consensus.cc:380] T cb07c565d64e4f2db9742a9d7339d7d9 P a6156d4c53754f0d8fa78d4f22592a61 [term 0 FOLLOWER]: Only one voter in the Raft config. Triggering election immediately
I0403 04:31:13.986794 7577 raft_consensus.cc:472] T cb07c565d64e4f2db9742a9d7339d7d9 P a6156d4c53754f0d8fa78d4f22592a61 [term 0 FOLLOWER]: Starting leader election (initial election of a single-replica configuration)
I0403 04:31:13.986896 7577 raft_consensus.cc:2886] T cb07c565d64e4f2db9742a9d7339d7d9 P a6156d4c53754f0d8fa78d4f22592a61 [term 0 FOLLOWER]: Advancing to term 1
I0403 04:31:13.988433 7577 raft_consensus.cc:494] T cb07c565d64e4f2db9742a9d7339d7d9 P a6156d4c53754f0d8fa78d4f22592a61 [term 1 FOLLOWER]: Starting leader election with config: opid_index: -1 OBSOLETE_local: true peers { permanent_uuid: "a6156d4c53754f0d8fa78d4f22592a61" member_type: VOTER last_known_addr { host: "127.3.136.65" port: 37243 } }
I0403 04:31:13.988626 7577 leader_election.cc:310] T cb07c565d64e4f2db9742a9d7339d7d9 P a6156d4c53754f0d8fa78d4f22592a61 [CANDIDATE]: Term 1 election: Election decided. Result: candidate won. Election summary: received 1 responses out of 1 voters: 1 yes votes; 0 no votes. yes voters: a6156d4c53754f0d8fa78d4f22592a61; no voters:
I0403 04:31:13.988824 7577 leader_election.cc:296] T cb07c565d64e4f2db9742a9d7339d7d9 P a6156d4c53754f0d8fa78d4f22592a61 [CANDIDATE]: Term 1 election: Requested vote from peers
I0403 04:31:13.988939 7581 raft_consensus.cc:2640] T cb07c565d64e4f2db9742a9d7339d7d9 P a6156d4c53754f0d8fa78d4f22592a61 [term 1 FOLLOWER]: Leader election won for term 1
I0403 04:31:13.989205 7581 raft_consensus.cc:667] T cb07c565d64e4f2db9742a9d7339d7d9 P a6156d4c53754f0d8fa78d4f22592a61 [term 1 LEADER]: Becoming Leader. State: Replica: a6156d4c53754f0d8fa78d4f22592a61, State: Running, Role: LEADER
I0403 04:31:13.989511 7577 ts_tablet_manager.cc:1081] T cb07c565d64e4f2db9742a9d7339d7d9 P a6156d4c53754f0d8fa78d4f22592a61: Time spent starting tablet: real 0.004s user 0.004s sys 0.000s
I0403 04:31:13.989557 7581 consensus_queue.cc:206] T cb07c565d64e4f2db9742a9d7339d7d9 P a6156d4c53754f0d8fa78d4f22592a61 [LEADER]: Queue going to LEADER mode. State: All replicated index: 0, Majority replicated index: 0, Committed index: 0, Last appended: 0.0, Last appended by leader: 0, Current term: 1, Majority size: 1, State: 0, Mode: LEADER, active raft config: opid_index: -1 OBSOLETE_local: true peers { permanent_uuid: "a6156d4c53754f0d8fa78d4f22592a61" member_type: VOTER last_known_addr { host: "127.3.136.65" port: 37243 } }
I0403 04:31:13.991313 7365 catalog_manager.cc:3977] T cb07c565d64e4f2db9742a9d7339d7d9 P a6156d4c53754f0d8fa78d4f22592a61 reported cstate change: term changed from 0 to 1, leader changed from to a6156d4c53754f0d8fa78d4f22592a61 (127.3.136.65). New cstate: current_term: 1 leader_uuid: "a6156d4c53754f0d8fa78d4f22592a61" committed_config { opid_index: -1 OBSOLETE_local: true peers { permanent_uuid: "a6156d4c53754f0d8fa78d4f22592a61" member_type: VOTER last_known_addr { host: "127.3.136.65" port: 37243 } health_report { overall_health: HEALTHY } } }
I0403 04:31:14.046702 7365 catalog_manager.cc:1416] Servicing CreateTable request from {username='slave'} at 127.0.0.1:53992: name: "impala::default.conflicting_legacy_table" schema { columns { name: "foo" type: INT32 is_key: true is_nullable: false encoding: AUTO_ENCODING compression: DEFAULT_COMPRESSION cfile_block_size: 0 } } num_replicas: 1 split_rows_range_bounds { } partition_schema { range_schema { columns { name: "foo" } } }
I0403 04:31:14.053212 7466 tablet_service.cc:1006] Processing CreateTablet for tablet fd99dc8271b74c0bad544b0411cdbec1 (table=impala::default.conflicting_legacy_table [id=75604c96724e4647aabca4c591566085]), partition=RANGE (foo) PARTITION UNBOUNDED
I0403 04:31:14.053633 7466 data_dirs.cc:938] Could only allocate 1 dirs of requested 3 for tablet fd99dc8271b74c0bad544b0411cdbec1. 1 dirs total, 0 dirs full, 0 dirs failed
I0403 04:31:14.057337 7577 tablet_bootstrap.cc:439] T fd99dc8271b74c0bad544b0411cdbec1 P a6156d4c53754f0d8fa78d4f22592a61: Bootstrap starting.
I0403 04:31:14.058728 7577 tablet_bootstrap.cc:590] T fd99dc8271b74c0bad544b0411cdbec1 P a6156d4c53754f0d8fa78d4f22592a61: No blocks or log segments found. Creating new log.
I0403 04:31:14.060587 7577 tablet_bootstrap.cc:439] T fd99dc8271b74c0bad544b0411cdbec1 P a6156d4c53754f0d8fa78d4f22592a61: No bootstrap required, opened a new log
I0403 04:31:14.060717 7577 ts_tablet_manager.cc:1053] T fd99dc8271b74c0bad544b0411cdbec1 P a6156d4c53754f0d8fa78d4f22592a61: Time spent bootstrapping tablet: real 0.003s user 0.003s sys 0.000s
I0403 04:31:14.061298 7577 raft_consensus.cc:340] T fd99dc8271b74c0bad544b0411cdbec1 P a6156d4c53754f0d8fa78d4f22592a61 [term 0 FOLLOWER]: Replica starting. Triggering 0 pending transactions. Active config: opid_index: -1 OBSOLETE_local: true peers { permanent_uuid: "a6156d4c53754f0d8fa78d4f22592a61" member_type: VOTER last_known_addr { host: "127.3.136.65" port: 37243 } }
I0403 04:31:14.061473 7577 raft_consensus.cc:366] T fd99dc8271b74c0bad544b0411cdbec1 P a6156d4c53754f0d8fa78d4f22592a61 [term 0 FOLLOWER]: Consensus starting up: Expiring failure detector timer to make a prompt election more likely
I0403 04:31:14.061539 7577 raft_consensus.cc:705] T fd99dc8271b74c0bad544b0411cdbec1 P a6156d4c53754f0d8fa78d4f22592a61 [term 0 FOLLOWER]: Becoming Follower/Learner. State: Replica: a6156d4c53754f0d8fa78d4f22592a61, State: Initialized, Role: FOLLOWER
I0403 04:31:14.061761 7577 consensus_queue.cc:229] T fd99dc8271b74c0bad544b0411cdbec1 P a6156d4c53754f0d8fa78d4f22592a61 [NON_LEADER]: Queue going to NON_LEADER mode. State: All replicated index: 0, Majority replicated index: 0, Committed index: 0, Last appended: 0.0, Last appended by leader: 0, Current term: 0, Majority size: -1, State: 0, Mode: NON_LEADER, active raft config: opid_index: -1 OBSOLETE_local: true peers { permanent_uuid: "a6156d4c53754f0d8fa78d4f22592a61" member_type: VOTER last_known_addr { host: "127.3.136.65" port: 37243 } }
I0403 04:31:14.061926 7577 raft_consensus.cc:380] T fd99dc8271b74c0bad544b0411cdbec1 P a6156d4c53754f0d8fa78d4f22592a61 [term 0 FOLLOWER]: Only one voter in the Raft config. Triggering election immediately
I0403 04:31:14.062031 7577 raft_consensus.cc:472] T fd99dc8271b74c0bad544b0411cdbec1 P a6156d4c53754f0d8fa78d4f22592a61 [term 0 FOLLOWER]: Starting leader election (initial election of a single-replica configuration)
I0403 04:31:14.062108 7577 raft_consensus.cc:2886] T fd99dc8271b74c0bad544b0411cdbec1 P a6156d4c53754f0d8fa78d4f22592a61 [term 0 FOLLOWER]: Advancing to term 1
I0403 04:31:14.063905 7577 raft_consensus.cc:494] T fd99dc8271b74c0bad544b0411cdbec1 P a6156d4c53754f0d8fa78d4f22592a61 [term 1 FOLLOWER]: Starting leader election with config: opid_index: -1 OBSOLETE_local: true peers { permanent_uuid: "a6156d4c53754f0d8fa78d4f22592a61" member_type: VOTER last_known_addr { host: "127.3.136.65" port: 37243 } }
I0403 04:31:14.064095 7577 leader_election.cc:310] T fd99dc8271b74c0bad544b0411cdbec1 P a6156d4c53754f0d8fa78d4f22592a61 [CANDIDATE]: Term 1 election: Election decided. Result: candidate won. Election summary: received 1 responses out of 1 voters: 1 yes votes; 0 no votes. yes voters: a6156d4c53754f0d8fa78d4f22592a61; no voters:
I0403 04:31:14.064298 7577 leader_election.cc:296] T fd99dc8271b74c0bad544b0411cdbec1 P a6156d4c53754f0d8fa78d4f22592a61 [CANDIDATE]: Term 1 election: Requested vote from peers
I0403 04:31:14.064383 7581 raft_consensus.cc:2640] T fd99dc8271b74c0bad544b0411cdbec1 P a6156d4c53754f0d8fa78d4f22592a61 [term 1 FOLLOWER]: Leader election won for term 1
I0403 04:31:14.064522 7581 raft_consensus.cc:667] T fd99dc8271b74c0bad544b0411cdbec1 P a6156d4c53754f0d8fa78d4f22592a61 [term 1 LEADER]: Becoming Leader. State: Replica: a6156d4c53754f0d8fa78d4f22592a61, State: Running, Role: LEADER
I0403 04:31:14.064900 7577 ts_tablet_manager.cc:1081] T fd99dc8271b74c0bad544b0411cdbec1 P a6156d4c53754f0d8fa78d4f22592a61: Time spent starting tablet: real 0.004s user 0.004s sys 0.000s
I0403 04:31:14.064788 7581 consensus_queue.cc:206] T fd99dc8271b74c0bad544b0411cdbec1 P a6156d4c53754f0d8fa78d4f22592a61 [LEADER]: Queue going to LEADER mode. State: All replicated index: 0, Majority replicated index: 0, Committed index: 0, Last appended: 0.0, Last appended by leader: 0, Current term: 1, Majority size: 1, State: 0, Mode: LEADER, active raft config: opid_index: -1 OBSOLETE_local: true peers { permanent_uuid: "a6156d4c53754f0d8fa78d4f22592a61" member_type: VOTER last_known_addr { host: "127.3.136.65" port: 37243 } }
W0403 04:31:14.065966 7530 tablet.cc:1786] T fd99dc8271b74c0bad544b0411cdbec1 P a6156d4c53754f0d8fa78d4f22592a61: Can't schedule compaction. Clean time has not been advanced past its initial value.
I0403 04:31:14.066457 7365 catalog_manager.cc:3977] T fd99dc8271b74c0bad544b0411cdbec1 P a6156d4c53754f0d8fa78d4f22592a61 reported cstate change: term changed from 0 to 1, leader changed from to a6156d4c53754f0d8fa78d4f22592a61 (127.3.136.65). New cstate: current_term: 1 leader_uuid: "a6156d4c53754f0d8fa78d4f22592a61" committed_config { opid_index: -1 OBSOLETE_local: true peers { permanent_uuid: "a6156d4c53754f0d8fa78d4f22592a61" member_type: VOTER last_known_addr { host: "127.3.136.65" port: 37243 } health_report { overall_health: HEALTHY } } }
I0403 04:31:14.073235 7365 catalog_manager.cc:1416] Servicing CreateTable request from {username='slave'} at 127.0.0.1:53992: name: "default.conflicting_legacy_table" schema { columns { name: "foo" type: INT32 is_key: true is_nullable: false encoding: AUTO_ENCODING compression: DEFAULT_COMPRESSION cfile_block_size: 0 } } num_replicas: 1 split_rows_range_bounds { } partition_schema { range_schema { columns { name: "foo" } } }
I0403 04:31:14.078380 7466 tablet_service.cc:1006] Processing CreateTablet for tablet c22241c2fe31406c98c4d81cfaec0307 (table=default.conflicting_legacy_table [id=d988011e68064d109b2d1be6398c06cd]), partition=RANGE (foo) PARTITION UNBOUNDED
I0403 04:31:14.078722 7466 data_dirs.cc:938] Could only allocate 1 dirs of requested 3 for tablet c22241c2fe31406c98c4d81cfaec0307. 1 dirs total, 0 dirs full, 0 dirs failed
I0403 04:31:14.082367 7577 tablet_bootstrap.cc:439] T c22241c2fe31406c98c4d81cfaec0307 P a6156d4c53754f0d8fa78d4f22592a61: Bootstrap starting.
I0403 04:31:14.083338 7577 tablet_bootstrap.cc:590] T c22241c2fe31406c98c4d81cfaec0307 P a6156d4c53754f0d8fa78d4f22592a61: No blocks or log segments found. Creating new log.
I0403 04:31:14.084671 7577 tablet_bootstrap.cc:439] T c22241c2fe31406c98c4d81cfaec0307 P a6156d4c53754f0d8fa78d4f22592a61: No bootstrap required, opened a new log
I0403 04:31:14.084805 7577 ts_tablet_manager.cc:1053] T c22241c2fe31406c98c4d81cfaec0307 P a6156d4c53754f0d8fa78d4f22592a61: Time spent bootstrapping tablet: real 0.003s user 0.002s sys 0.000s
I0403 04:31:14.085443 7577 raft_consensus.cc:340] T c22241c2fe31406c98c4d81cfaec0307 P a6156d4c53754f0d8fa78d4f22592a61 [term 0 FOLLOWER]: Replica starting. Triggering 0 pending transactions. Active config: opid_index: -1 OBSOLETE_local: true peers { permanent_uuid: "a6156d4c53754f0d8fa78d4f22592a61" member_type: VOTER last_known_addr { host: "127.3.136.65" port: 37243 } }
I0403 04:31:14.085561 7577 raft_consensus.cc:366] T c22241c2fe31406c98c4d81cfaec0307 P a6156d4c53754f0d8fa78d4f22592a61 [term 0 FOLLOWER]: Consensus starting up: Expiring failure detector timer to make a prompt election more likely
I0403 04:31:14.085628 7577 raft_consensus.cc:705] T c22241c2fe31406c98c4d81cfaec0307 P a6156d4c53754f0d8fa78d4f22592a61 [term 0 FOLLOWER]: Becoming Follower/Learner. State: Replica: a6156d4c53754f0d8fa78d4f22592a61, State: Initialized, Role: FOLLOWER
I0403 04:31:14.085801 7577 consensus_queue.cc:229] T c22241c2fe31406c98c4d81cfaec0307 P a6156d4c53754f0d8fa78d4f22592a61 [NON_LEADER]: Queue going to NON_LEADER mode. State: All replicated index: 0, Majority replicated index: 0, Committed index: 0, Last appended: 0.0, Last appended by leader: 0, Current term: 0, Majority size: -1, State: 0, Mode: NON_LEADER, active raft config: opid_index: -1 OBSOLETE_local: true peers { permanent_uuid: "a6156d4c53754f0d8fa78d4f22592a61" member_type: VOTER last_known_addr { host: "127.3.136.65" port: 37243 } }
I0403 04:31:14.085965 7577 raft_consensus.cc:380] T c22241c2fe31406c98c4d81cfaec0307 P a6156d4c53754f0d8fa78d4f22592a61 [term 0 FOLLOWER]: Only one voter in the Raft config. Triggering election immediately
I0403 04:31:14.086024 7577 raft_consensus.cc:472] T c22241c2fe31406c98c4d81cfaec0307 P a6156d4c53754f0d8fa78d4f22592a61 [term 0 FOLLOWER]: Starting leader election (initial election of a single-replica configuration)
I0403 04:31:14.086117 7577 raft_consensus.cc:2886] T c22241c2fe31406c98c4d81cfaec0307 P a6156d4c53754f0d8fa78d4f22592a61 [term 0 FOLLOWER]: Advancing to term 1
I0403 04:31:14.087524 7577 raft_consensus.cc:494] T c22241c2fe31406c98c4d81cfaec0307 P a6156d4c53754f0d8fa78d4f22592a61 [term 1 FOLLOWER]: Starting leader election with config: opid_index: -1 OBSOLETE_local: true peers { permanent_uuid: "a6156d4c53754f0d8fa78d4f22592a61" member_type: VOTER last_known_addr { host: "127.3.136.65" port: 37243 } }
I0403 04:31:14.087725 7577 leader_election.cc:310] T c22241c2fe31406c98c4d81cfaec0307 P a6156d4c53754f0d8fa78d4f22592a61 [CANDIDATE]: Term 1 election: Election decided. Result: candidate won. Election summary: received 1 responses out of 1 voters: 1 yes votes; 0 no votes. yes voters: a6156d4c53754f0d8fa78d4f22592a61; no voters:
I0403 04:31:14.087918 7577 leader_election.cc:296] T c22241c2fe31406c98c4d81cfaec0307 P a6156d4c53754f0d8fa78d4f22592a61 [CANDIDATE]: Term 1 election: Requested vote from peers
I0403 04:31:14.088004 7581 raft_consensus.cc:2640] T c22241c2fe31406c98c4d81cfaec0307 P a6156d4c53754f0d8fa78d4f22592a61 [term 1 FOLLOWER]: Leader election won for term 1
I0403 04:31:14.088193 7581 raft_consensus.cc:667] T c22241c2fe31406c98c4d81cfaec0307 P a6156d4c53754f0d8fa78d4f22592a61 [term 1 LEADER]: Becoming Leader. State: Replica: a6156d4c53754f0d8fa78d4f22592a61, State: Running, Role: LEADER
I0403 04:31:14.088413 7581 consensus_queue.cc:206] T c22241c2fe31406c98c4d81cfaec0307 P a6156d4c53754f0d8fa78d4f22592a61 [LEADER]: Queue going to LEADER mode. State: All replicated index: 0, Majority replicated index: 0, Committed index: 0, Last appended: 0.0, Last appended by leader: 0, Current term: 1, Majority size: 1, State: 0, Mode: LEADER, active raft config: opid_index: -1 OBSOLETE_local: true peers { permanent_uuid: "a6156d4c53754f0d8fa78d4f22592a61" member_type: VOTER last_known_addr { host: "127.3.136.65" port: 37243 } }
I0403 04:31:14.088542 7577 ts_tablet_manager.cc:1081] T c22241c2fe31406c98c4d81cfaec0307 P a6156d4c53754f0d8fa78d4f22592a61: Time spent starting tablet: real 0.004s user 0.004s sys 0.000s
I0403 04:31:14.090015 7365 catalog_manager.cc:3977] T c22241c2fe31406c98c4d81cfaec0307 P a6156d4c53754f0d8fa78d4f22592a61 reported cstate change: term changed from 0 to 1, leader changed from to a6156d4c53754f0d8fa78d4f22592a61 (127.3.136.65). New cstate: current_term: 1 leader_uuid: "a6156d4c53754f0d8fa78d4f22592a61" committed_config { opid_index: -1 OBSOLETE_local: true peers { permanent_uuid: "a6156d4c53754f0d8fa78d4f22592a61" member_type: VOTER last_known_addr { host: "127.3.136.65" port: 37243 } health_report { overall_health: HEALTHY } } }
I0403 04:31:14.097493 3617 external_mini_cluster.cc:1172] Attempting to check leaks for /tmp/dist-test-tasks9LKQH/build/asan/bin/kudu-master pid 7339
I0403 04:31:14.098374 7395 generic_service.cc:171] Checking for leaks (request via RPC)
I0403 04:31:14.163614 3617 external_mini_cluster.cc:1131] Killing /tmp/dist-test-tasks9LKQH/build/asan/bin/kudu-master with pid 7339
