I0403 04:30:42.671113 6644 raft_consensus.cc:472] T 1d5d25f0457e448280292f2db2c86904 P 998b9e7c25de4a63b277c4a3606de0ef [term 0 FOLLOWER]: Starting leader election (initial election of a single-replica configuration)
I0403 04:30:42.671227 6644 raft_consensus.cc:2886] T 1d5d25f0457e448280292f2db2c86904 P 998b9e7c25de4a63b277c4a3606de0ef [term 0 FOLLOWER]: Advancing to term 1
I0403 04:30:42.672660 6644 raft_consensus.cc:494] T 1d5d25f0457e448280292f2db2c86904 P 998b9e7c25de4a63b277c4a3606de0ef [term 1 FOLLOWER]: Starting leader election with config: opid_index: -1 OBSOLETE_local: true peers { permanent_uuid: "998b9e7c25de4a63b277c4a3606de0ef" member_type: VOTER last_known_addr { host: "127.3.136.65" port: 38885 } }
I0403 04:30:42.672819 6644 leader_election.cc:310] T 1d5d25f0457e448280292f2db2c86904 P 998b9e7c25de4a63b277c4a3606de0ef [CANDIDATE]: Term 1 election: Election decided. Result: candidate won. Election summary: received 1 responses out of 1 voters: 1 yes votes; 0 no votes. yes voters: 998b9e7c25de4a63b277c4a3606de0ef; no voters:
I0403 04:30:42.673028 6644 leader_election.cc:296] T 1d5d25f0457e448280292f2db2c86904 P 998b9e7c25de4a63b277c4a3606de0ef [CANDIDATE]: Term 1 election: Requested vote from peers
I0403 04:30:42.673094 6647 raft_consensus.cc:2640] T 1d5d25f0457e448280292f2db2c86904 P 998b9e7c25de4a63b277c4a3606de0ef [term 1 FOLLOWER]: Leader election won for term 1
I0403 04:30:42.673243 6647 raft_consensus.cc:667] T 1d5d25f0457e448280292f2db2c86904 P 998b9e7c25de4a63b277c4a3606de0ef [term 1 LEADER]: Becoming Leader. State: Replica: 998b9e7c25de4a63b277c4a3606de0ef, State: Running, Role: LEADER
I0403 04:30:42.673533 6644 ts_tablet_manager.cc:1081] T 1d5d25f0457e448280292f2db2c86904 P 998b9e7c25de4a63b277c4a3606de0ef: Time spent starting tablet: real 0.004s user 0.003s sys 0.000s
I0403 04:30:42.673465 6647 consensus_queue.cc:206] T 1d5d25f0457e448280292f2db2c86904 P 998b9e7c25de4a63b277c4a3606de0ef [LEADER]: Queue going to LEADER mode. State: All replicated index: 0, Majority replicated index: 0, Committed index: 0, Last appended: 0.0, Last appended by leader: 0, Current term: 1, Majority size: 1, State: 0, Mode: LEADER, active raft config: opid_index: -1 OBSOLETE_local: true peers { permanent_uuid: "998b9e7c25de4a63b277c4a3606de0ef" member_type: VOTER last_known_addr { host: "127.3.136.65" port: 38885 } }
I0403 04:30:42.674945 6468 catalog_manager.cc:3977] T 1d5d25f0457e448280292f2db2c86904 P 998b9e7c25de4a63b277c4a3606de0ef reported cstate change: term changed from 0 to 1, leader changed from to 998b9e7c25de4a63b277c4a3606de0ef (127.3.136.65). New cstate: current_term: 1 leader_uuid: "998b9e7c25de4a63b277c4a3606de0ef" committed_config { opid_index: -1 OBSOLETE_local: true peers { permanent_uuid: "998b9e7c25de4a63b277c4a3606de0ef" member_type: VOTER last_known_addr { host: "127.3.136.65" port: 38885 } health_report { overall_health: HEALTHY } } }
I0403 04:30:42.678864 6467 catalog_manager.cc:1416] Servicing CreateTable request from {username='slave'} at 127.0.0.1:49762: name: "foo.BAR" schema { columns { name: "foo" type: INT32 is_key: true is_nullable: false encoding: AUTO_ENCODING compression: DEFAULT_COMPRESSION cfile_block_size: 0 } } num_replicas: 1 split_rows_range_bounds { } partition_schema { range_schema { columns { name: "foo" } } }
I0403 04:30:42.683650 6568 tablet_service.cc:1006] Processing CreateTablet for tablet e1f1b5025d85481b9473eb6f9ed06f4a (table=foo.BAR [id=4421c65000b042ca8df6f4bd056a7612]), partition=RANGE (foo) PARTITION UNBOUNDED
I0403 04:30:42.683938 6568 data_dirs.cc:938] Could only allocate 1 dirs of requested 3 for tablet e1f1b5025d85481b9473eb6f9ed06f4a. 1 dirs total, 0 dirs full, 0 dirs failed
I0403 04:30:42.687630 6644 tablet_bootstrap.cc:439] T e1f1b5025d85481b9473eb6f9ed06f4a P 998b9e7c25de4a63b277c4a3606de0ef: Bootstrap starting.
I0403 04:30:42.688577 6644 tablet_bootstrap.cc:590] T e1f1b5025d85481b9473eb6f9ed06f4a P 998b9e7c25de4a63b277c4a3606de0ef: No blocks or log segments found. Creating new log.
I0403 04:30:42.690052 6644 tablet_bootstrap.cc:439] T e1f1b5025d85481b9473eb6f9ed06f4a P 998b9e7c25de4a63b277c4a3606de0ef: No bootstrap required, opened a new log
I0403 04:30:42.690178 6644 ts_tablet_manager.cc:1053] T e1f1b5025d85481b9473eb6f9ed06f4a P 998b9e7c25de4a63b277c4a3606de0ef: Time spent bootstrapping tablet: real 0.003s user 0.002s sys 0.000s
I0403 04:30:42.690770 6644 raft_consensus.cc:340] T e1f1b5025d85481b9473eb6f9ed06f4a P 998b9e7c25de4a63b277c4a3606de0ef [term 0 FOLLOWER]: Replica starting. Triggering 0 pending transactions. Active config: opid_index: -1 OBSOLETE_local: true peers { permanent_uuid: "998b9e7c25de4a63b277c4a3606de0ef" member_type: VOTER last_known_addr { host: "127.3.136.65" port: 38885 } }
I0403 04:30:42.690907 6644 raft_consensus.cc:366] T e1f1b5025d85481b9473eb6f9ed06f4a P 998b9e7c25de4a63b277c4a3606de0ef [term 0 FOLLOWER]: Consensus starting up: Expiring failure detector timer to make a prompt election more likely
I0403 04:30:42.690996 6644 raft_consensus.cc:705] T e1f1b5025d85481b9473eb6f9ed06f4a P 998b9e7c25de4a63b277c4a3606de0ef [term 0 FOLLOWER]: Becoming Follower/Learner. State: Replica: 998b9e7c25de4a63b277c4a3606de0ef, State: Initialized, Role: FOLLOWER
I0403 04:30:42.691167 6644 consensus_queue.cc:229] T e1f1b5025d85481b9473eb6f9ed06f4a P 998b9e7c25de4a63b277c4a3606de0ef [NON_LEADER]: Queue going to NON_LEADER mode. State: All replicated index: 0, Majority replicated index: 0, Committed index: 0, Last appended: 0.0, Last appended by leader: 0, Current term: 0, Majority size: -1, State: 0, Mode: NON_LEADER, active raft config: opid_index: -1 OBSOLETE_local: true peers { permanent_uuid: "998b9e7c25de4a63b277c4a3606de0ef" member_type: VOTER last_known_addr { host: "127.3.136.65" port: 38885 } }
I0403 04:30:42.691350 6644 raft_consensus.cc:380] T e1f1b5025d85481b9473eb6f9ed06f4a P 998b9e7c25de4a63b277c4a3606de0ef [term 0 FOLLOWER]: Only one voter in the Raft config. Triggering election immediately
I0403 04:30:42.691404 6644 raft_consensus.cc:472] T e1f1b5025d85481b9473eb6f9ed06f4a P 998b9e7c25de4a63b277c4a3606de0ef [term 0 FOLLOWER]: Starting leader election (initial election of a single-replica configuration)
I0403 04:30:42.691488 6644 raft_consensus.cc:2886] T e1f1b5025d85481b9473eb6f9ed06f4a P 998b9e7c25de4a63b277c4a3606de0ef [term 0 FOLLOWER]: Advancing to term 1
I0403 04:30:42.693084 6644 raft_consensus.cc:494] T e1f1b5025d85481b9473eb6f9ed06f4a P 998b9e7c25de4a63b277c4a3606de0ef [term 1 FOLLOWER]: Starting leader election with config: opid_index: -1 OBSOLETE_local: true peers { permanent_uuid: "998b9e7c25de4a63b277c4a3606de0ef" member_type: VOTER last_known_addr { host: "127.3.136.65" port: 38885 } }
I0403 04:30:42.693334 6644 leader_election.cc:310] T e1f1b5025d85481b9473eb6f9ed06f4a P 998b9e7c25de4a63b277c4a3606de0ef [CANDIDATE]: Term 1 election: Election decided. Result: candidate won. Election summary: received 1 responses out of 1 voters: 1 yes votes; 0 no votes. yes voters: 998b9e7c25de4a63b277c4a3606de0ef; no voters:
I0403 04:30:42.693552 6644 leader_election.cc:296] T e1f1b5025d85481b9473eb6f9ed06f4a P 998b9e7c25de4a63b277c4a3606de0ef [CANDIDATE]: Term 1 election: Requested vote from peers
I0403 04:30:42.693658 6647 raft_consensus.cc:2640] T e1f1b5025d85481b9473eb6f9ed06f4a P 998b9e7c25de4a63b277c4a3606de0ef [term 1 FOLLOWER]: Leader election won for term 1
I0403 04:30:42.693797 6647 raft_consensus.cc:667] T e1f1b5025d85481b9473eb6f9ed06f4a P 998b9e7c25de4a63b277c4a3606de0ef [term 1 LEADER]: Becoming Leader. State: Replica: 998b9e7c25de4a63b277c4a3606de0ef, State: Running, Role: LEADER
I0403 04:30:42.694034 6647 consensus_queue.cc:206] T e1f1b5025d85481b9473eb6f9ed06f4a P 998b9e7c25de4a63b277c4a3606de0ef [LEADER]: Queue going to LEADER mode. State: All replicated index: 0, Majority replicated index: 0, Committed index: 0, Last appended: 0.0, Last appended by leader: 0, Current term: 1, Majority size: 1, State: 0, Mode: LEADER, active raft config: opid_index: -1 OBSOLETE_local: true peers { permanent_uuid: "998b9e7c25de4a63b277c4a3606de0ef" member_type: VOTER last_known_addr { host: "127.3.136.65" port: 38885 } }
I0403 04:30:42.694173 6644 ts_tablet_manager.cc:1081] T e1f1b5025d85481b9473eb6f9ed06f4a P 998b9e7c25de4a63b277c4a3606de0ef: Time spent starting tablet: real 0.004s user 0.000s sys 0.004s
I0403 04:30:42.695524 6467 catalog_manager.cc:3977] T e1f1b5025d85481b9473eb6f9ed06f4a P 998b9e7c25de4a63b277c4a3606de0ef reported cstate change: term changed from 0 to 1, leader changed from to 998b9e7c25de4a63b277c4a3606de0ef (127.3.136.65). New cstate: current_term: 1 leader_uuid: "998b9e7c25de4a63b277c4a3606de0ef" committed_config { opid_index: -1 OBSOLETE_local: true peers { permanent_uuid: "998b9e7c25de4a63b277c4a3606de0ef" member_type: VOTER last_known_addr { host: "127.3.136.65" port: 38885 } health_report { overall_health: HEALTHY } } }
I0403 04:30:42.698823 6467 catalog_manager.cc:1416] Servicing CreateTable request from {username='slave'} at 127.0.0.1:49762: name: "fuzz" schema { columns { name: "foo" type: INT32 is_key: true is_nullable: false encoding: AUTO_ENCODING compression: DEFAULT_COMPRESSION cfile_block_size: 0 } } num_replicas: 1 split_rows_range_bounds { } partition_schema { range_schema { columns { name: "foo" } } }
I0403 04:30:42.705868 6568 tablet_service.cc:1006] Processing CreateTablet for tablet 3ca801901e0d45d6beada436f77fba1e (table=fuzz [id=89c55700952c4e0396a01699171aa631]), partition=RANGE (foo) PARTITION UNBOUNDED
I0403 04:30:42.706140 6568 data_dirs.cc:938] Could only allocate 1 dirs of requested 3 for tablet 3ca801901e0d45d6beada436f77fba1e. 1 dirs total, 0 dirs full, 0 dirs failed
I0403 04:30:42.709693 6644 tablet_bootstrap.cc:439] T 3ca801901e0d45d6beada436f77fba1e P 998b9e7c25de4a63b277c4a3606de0ef: Bootstrap starting.
I0403 04:30:42.710741 6644 tablet_bootstrap.cc:590] T 3ca801901e0d45d6beada436f77fba1e P 998b9e7c25de4a63b277c4a3606de0ef: No blocks or log segments found. Creating new log.
I0403 04:30:42.712225 6644 tablet_bootstrap.cc:439] T 3ca801901e0d45d6beada436f77fba1e P 998b9e7c25de4a63b277c4a3606de0ef: No bootstrap required, opened a new log
I0403 04:30:42.712388 6644 ts_tablet_manager.cc:1053] T 3ca801901e0d45d6beada436f77fba1e P 998b9e7c25de4a63b277c4a3606de0ef: Time spent bootstrapping tablet: real 0.003s user 0.002s sys 0.000s
I0403 04:30:42.712920 6644 raft_consensus.cc:340] T 3ca801901e0d45d6beada436f77fba1e P 998b9e7c25de4a63b277c4a3606de0ef [term 0 FOLLOWER]: Replica starting. Triggering 0 pending transactions. Active config: opid_index: -1 OBSOLETE_local: true peers { permanent_uuid: "998b9e7c25de4a63b277c4a3606de0ef" member_type: VOTER last_known_addr { host: "127.3.136.65" port: 38885 } }
I0403 04:30:42.713069 6644 raft_consensus.cc:366] T 3ca801901e0d45d6beada436f77fba1e P 998b9e7c25de4a63b277c4a3606de0ef [term 0 FOLLOWER]: Consensus starting up: Expiring failure detector timer to make a prompt election more likely
I0403 04:30:42.713129 6644 raft_consensus.cc:705] T 3ca801901e0d45d6beada436f77fba1e P 998b9e7c25de4a63b277c4a3606de0ef [term 0 FOLLOWER]: Becoming Follower/Learner. State: Replica: 998b9e7c25de4a63b277c4a3606de0ef, State: Initialized, Role: FOLLOWER
I0403 04:30:42.713258 6644 consensus_queue.cc:229] T 3ca801901e0d45d6beada436f77fba1e P 998b9e7c25de4a63b277c4a3606de0ef [NON_LEADER]: Queue going to NON_LEADER mode. State: All replicated index: 0, Majority replicated index: 0, Committed index: 0, Last appended: 0.0, Last appended by leader: 0, Current term: 0, Majority size: -1, State: 0, Mode: NON_LEADER, active raft config: opid_index: -1 OBSOLETE_local: true peers { permanent_uuid: "998b9e7c25de4a63b277c4a3606de0ef" member_type: VOTER last_known_addr { host: "127.3.136.65" port: 38885 } }
I0403 04:30:42.713392 6644 raft_consensus.cc:380] T 3ca801901e0d45d6beada436f77fba1e P 998b9e7c25de4a63b277c4a3606de0ef [term 0 FOLLOWER]: Only one voter in the Raft config. Triggering election immediately
I0403 04:30:42.713445 6644 raft_consensus.cc:472] T 3ca801901e0d45d6beada436f77fba1e P 998b9e7c25de4a63b277c4a3606de0ef [term 0 FOLLOWER]: Starting leader election (initial election of a single-replica configuration)
I0403 04:30:42.713498 6644 raft_consensus.cc:2886] T 3ca801901e0d45d6beada436f77fba1e P 998b9e7c25de4a63b277c4a3606de0ef [term 0 FOLLOWER]: Advancing to term 1
I0403 04:30:42.714835 6644 raft_consensus.cc:494] T 3ca801901e0d45d6beada436f77fba1e P 998b9e7c25de4a63b277c4a3606de0ef [term 1 FOLLOWER]: Starting leader election with config: opid_index: -1 OBSOLETE_local: true peers { permanent_uuid: "998b9e7c25de4a63b277c4a3606de0ef" member_type: VOTER last_known_addr { host: "127.3.136.65" port: 38885 } }
I0403 04:30:42.715019 6644 leader_election.cc:310] T 3ca801901e0d45d6beada436f77fba1e P 998b9e7c25de4a63b277c4a3606de0ef [CANDIDATE]: Term 1 election: Election decided. Result: candidate won. Election summary: received 1 responses out of 1 voters: 1 yes votes; 0 no votes. yes voters: 998b9e7c25de4a63b277c4a3606de0ef; no voters:
I0403 04:30:42.715250 6644 leader_election.cc:296] T 3ca801901e0d45d6beada436f77fba1e P 998b9e7c25de4a63b277c4a3606de0ef [CANDIDATE]: Term 1 election: Requested vote from peers
I0403 04:30:42.715330 6647 raft_consensus.cc:2640] T 3ca801901e0d45d6beada436f77fba1e P 998b9e7c25de4a63b277c4a3606de0ef [term 1 FOLLOWER]: Leader election won for term 1
I0403 04:30:42.715610 6647 raft_consensus.cc:667] T 3ca801901e0d45d6beada436f77fba1e P 998b9e7c25de4a63b277c4a3606de0ef [term 1 LEADER]: Becoming Leader. State: Replica: 998b9e7c25de4a63b277c4a3606de0ef, State: Running, Role: LEADER
I0403 04:30:42.715641 6644 ts_tablet_manager.cc:1081] T 3ca801901e0d45d6beada436f77fba1e P 998b9e7c25de4a63b277c4a3606de0ef: Time spent starting tablet: real 0.003s user 0.004s sys 0.000s
I0403 04:30:42.715821 6647 consensus_queue.cc:206] T 3ca801901e0d45d6beada436f77fba1e P 998b9e7c25de4a63b277c4a3606de0ef [LEADER]: Queue going to LEADER mode. State: All replicated index: 0, Majority replicated index: 0, Committed index: 0, Last appended: 0.0, Last appended by leader: 0, Current term: 1, Majority size: 1, State: 0, Mode: LEADER, active raft config: opid_index: -1 OBSOLETE_local: true peers { permanent_uuid: "998b9e7c25de4a63b277c4a3606de0ef" member_type: VOTER last_known_addr { host: "127.3.136.65" port: 38885 } }
I0403 04:30:42.717463 6467 catalog_manager.cc:3977] T 3ca801901e0d45d6beada436f77fba1e P 998b9e7c25de4a63b277c4a3606de0ef reported cstate change: term changed from 0 to 1, leader changed from to 998b9e7c25de4a63b277c4a3606de0ef (127.3.136.65). New cstate: current_term: 1 leader_uuid: "998b9e7c25de4a63b277c4a3606de0ef" committed_config { opid_index: -1 OBSOLETE_local: true peers { permanent_uuid: "998b9e7c25de4a63b277c4a3606de0ef" member_type: VOTER last_known_addr { host: "127.3.136.65" port: 38885 } health_report { overall_health: HEALTHY } } }
I0403 04:30:42.721357 6468 catalog_manager.cc:1416] Servicing CreateTable request from {username='slave'} at 127.0.0.1:49762: name: "FUZZ" schema { columns { name: "foo" type: INT32 is_key: true is_nullable: false encoding: AUTO_ENCODING compression: DEFAULT_COMPRESSION cfile_block_size: 0 } } num_replicas: 1 split_rows_range_bounds { } partition_schema { range_schema { columns { name: "foo" } } }
I0403 04:30:42.726140 6568 tablet_service.cc:1006] Processing CreateTablet for tablet 89261dfca2f840b9bdd80558f080297b (table=FUZZ [id=a5a4648b947640c58ec6e83b05a101f4]), partition=RANGE (foo) PARTITION UNBOUNDED
I0403 04:30:42.726447 6568 data_dirs.cc:938] Could only allocate 1 dirs of requested 3 for tablet 89261dfca2f840b9bdd80558f080297b. 1 dirs total, 0 dirs full, 0 dirs failed
I0403 04:30:42.730258 6644 tablet_bootstrap.cc:439] T 89261dfca2f840b9bdd80558f080297b P 998b9e7c25de4a63b277c4a3606de0ef: Bootstrap starting.
I0403 04:30:42.731237 6644 tablet_bootstrap.cc:590] T 89261dfca2f840b9bdd80558f080297b P 998b9e7c25de4a63b277c4a3606de0ef: No blocks or log segments found. Creating new log.
I0403 04:30:42.732816 6644 tablet_bootstrap.cc:439] T 89261dfca2f840b9bdd80558f080297b P 998b9e7c25de4a63b277c4a3606de0ef: No bootstrap required, opened a new log
I0403 04:30:42.732992 6644 ts_tablet_manager.cc:1053] T 89261dfca2f840b9bdd80558f080297b P 998b9e7c25de4a63b277c4a3606de0ef: Time spent bootstrapping tablet: real 0.003s user 0.002s sys 0.000s
I0403 04:30:42.733490 6644 raft_consensus.cc:340] T 89261dfca2f840b9bdd80558f080297b P 998b9e7c25de4a63b277c4a3606de0ef [term 0 FOLLOWER]: Replica starting. Triggering 0 pending transactions. Active config: opid_index: -1 OBSOLETE_local: true peers { permanent_uuid: "998b9e7c25de4a63b277c4a3606de0ef" member_type: VOTER last_known_addr { host: "127.3.136.65" port: 38885 } }
I0403 04:30:42.733592 6644 raft_consensus.cc:366] T 89261dfca2f840b9bdd80558f080297b P 998b9e7c25de4a63b277c4a3606de0ef [term 0 FOLLOWER]: Consensus starting up: Expiring failure detector timer to make a prompt election more likely
I0403 04:30:42.733664 6644 raft_consensus.cc:705] T 89261dfca2f840b9bdd80558f080297b P 998b9e7c25de4a63b277c4a3606de0ef [term 0 FOLLOWER]: Becoming Follower/Learner. State: Replica: 998b9e7c25de4a63b277c4a3606de0ef, State: Initialized, Role: FOLLOWER
I0403 04:30:42.733868 6644 consensus_queue.cc:229] T 89261dfca2f840b9bdd80558f080297b P 998b9e7c25de4a63b277c4a3606de0ef [NON_LEADER]: Queue going to NON_LEADER mode. State: All replicated index: 0, Majority replicated index: 0, Committed index: 0, Last appended: 0.0, Last appended by leader: 0, Current term: 0, Majority size: -1, State: 0, Mode: NON_LEADER, active raft config: opid_index: -1 OBSOLETE_local: true peers { permanent_uuid: "998b9e7c25de4a63b277c4a3606de0ef" member_type: VOTER last_known_addr { host: "127.3.136.65" port: 38885 } }
I0403 04:30:42.734026 6644 raft_consensus.cc:380] T 89261dfca2f840b9bdd80558f080297b P 998b9e7c25de4a63b277c4a3606de0ef [term 0 FOLLOWER]: Only one voter in the Raft config. Triggering election immediately
I0403 04:30:42.734114 6644 raft_consensus.cc:472] T 89261dfca2f840b9bdd80558f080297b P 998b9e7c25de4a63b277c4a3606de0ef [term 0 FOLLOWER]: Starting leader election (initial election of a single-replica configuration)
I0403 04:30:42.734223 6644 raft_consensus.cc:2886] T 89261dfca2f840b9bdd80558f080297b P 998b9e7c25de4a63b277c4a3606de0ef [term 0 FOLLOWER]: Advancing to term 1
I0403 04:30:42.735865 6644 raft_consensus.cc:494] T 89261dfca2f840b9bdd80558f080297b P 998b9e7c25de4a63b277c4a3606de0ef [term 1 FOLLOWER]: Starting leader election with config: opid_index: -1 OBSOLETE_local: true peers { permanent_uuid: "998b9e7c25de4a63b277c4a3606de0ef" member_type: VOTER last_known_addr { host: "127.3.136.65" port: 38885 } }
I0403 04:30:42.736084 6644 leader_election.cc:310] T 89261dfca2f840b9bdd80558f080297b P 998b9e7c25de4a63b277c4a3606de0ef [CANDIDATE]: Term 1 election: Election decided. Result: candidate won. Election summary: received 1 responses out of 1 voters: 1 yes votes; 0 no votes. yes voters: 998b9e7c25de4a63b277c4a3606de0ef; no voters:
I0403 04:30:42.736263 6644 leader_election.cc:296] T 89261dfca2f840b9bdd80558f080297b P 998b9e7c25de4a63b277c4a3606de0ef [CANDIDATE]: Term 1 election: Requested vote from peers
I0403 04:30:42.736348 6647 raft_consensus.cc:2640] T 89261dfca2f840b9bdd80558f080297b P 998b9e7c25de4a63b277c4a3606de0ef [term 1 FOLLOWER]: Leader election won for term 1
I0403 04:30:42.736582 6647 raft_consensus.cc:667] T 89261dfca2f840b9bdd80558f080297b P 998b9e7c25de4a63b277c4a3606de0ef [term 1 LEADER]: Becoming Leader. State: Replica: 998b9e7c25de4a63b277c4a3606de0ef, State: Running, Role: LEADER
I0403 04:30:42.736680 6644 ts_tablet_manager.cc:1081] T 89261dfca2f840b9bdd80558f080297b P 998b9e7c25de4a63b277c4a3606de0ef: Time spent starting tablet: real 0.004s user 0.001s sys 0.000s
I0403 04:30:42.736771 6647 consensus_queue.cc:206] T 89261dfca2f840b9bdd80558f080297b P 998b9e7c25de4a63b277c4a3606de0ef [LEADER]: Queue going to LEADER mode. State: All replicated index: 0, Majority replicated index: 0, Committed index: 0, Last appended: 0.0, Last appended by leader: 0, Current term: 1, Majority size: 1, State: 0, Mode: LEADER, active raft config: opid_index: -1 OBSOLETE_local: true peers { permanent_uuid: "998b9e7c25de4a63b277c4a3606de0ef" member_type: VOTER last_known_addr { host: "127.3.136.65" port: 38885 } }
I0403 04:30:42.738270 6468 catalog_manager.cc:3977] T 89261dfca2f840b9bdd80558f080297b P 998b9e7c25de4a63b277c4a3606de0ef reported cstate change: term changed from 0 to 1, leader changed from to 998b9e7c25de4a63b277c4a3606de0ef (127.3.136.65). New cstate: current_term: 1 leader_uuid: "998b9e7c25de4a63b277c4a3606de0ef" committed_config { opid_index: -1 OBSOLETE_local: true peers { permanent_uuid: "998b9e7c25de4a63b277c4a3606de0ef" member_type: VOTER last_known_addr { host: "127.3.136.65" port: 38885 } health_report { overall_health: HEALTHY } } }
I0403 04:30:42.745790 6468 catalog_manager.cc:1416] Servicing CreateTable request from {username='slave'} at 127.0.0.1:49762: name: "a.b!" schema { columns { name: "foo" type: INT32 is_key: true is_nullable: false encoding: AUTO_ENCODING compression: DEFAULT_COMPRESSION cfile_block_size: 0 } } num_replicas: 1 split_rows_range_bounds { } partition_schema { range_schema { columns { name: "foo" } } }
I0403 04:30:42.750607 6568 tablet_service.cc:1006] Processing CreateTablet for tablet f98ef8a08fb74852a4a49a7616d8cc85 (table=a.b! [id=a6600e2795f445fc83177497e0c0277b]), partition=RANGE (foo) PARTITION UNBOUNDED
I0403 04:30:42.750914 6568 data_dirs.cc:938] Could only allocate 1 dirs of requested 3 for tablet f98ef8a08fb74852a4a49a7616d8cc85. 1 dirs total, 0 dirs full, 0 dirs failed
I0403 04:30:42.754492 6644 tablet_bootstrap.cc:439] T f98ef8a08fb74852a4a49a7616d8cc85 P 998b9e7c25de4a63b277c4a3606de0ef: Bootstrap starting.
I0403 04:30:42.755553 6644 tablet_bootstrap.cc:590] T f98ef8a08fb74852a4a49a7616d8cc85 P 998b9e7c25de4a63b277c4a3606de0ef: No blocks or log segments found. Creating new log.
I0403 04:30:42.757084 6644 tablet_bootstrap.cc:439] T f98ef8a08fb74852a4a49a7616d8cc85 P 998b9e7c25de4a63b277c4a3606de0ef: No bootstrap required, opened a new log
I0403 04:30:42.757270 6644 ts_tablet_manager.cc:1053] T f98ef8a08fb74852a4a49a7616d8cc85 P 998b9e7c25de4a63b277c4a3606de0ef: Time spent bootstrapping tablet: real 0.003s user 0.002s sys 0.000s
I0403 04:30:42.757956 6644 raft_consensus.cc:340] T f98ef8a08fb74852a4a49a7616d8cc85 P 998b9e7c25de4a63b277c4a3606de0ef [term 0 FOLLOWER]: Replica starting. Triggering 0 pending transactions. Active config: opid_index: -1 OBSOLETE_local: true peers { permanent_uuid: "998b9e7c25de4a63b277c4a3606de0ef" member_type: VOTER last_known_addr { host: "127.3.136.65" port: 38885 } }
I0403 04:30:42.758087 6644 raft_consensus.cc:366] T f98ef8a08fb74852a4a49a7616d8cc85 P 998b9e7c25de4a63b277c4a3606de0ef [term 0 FOLLOWER]: Consensus starting up: Expiring failure detector timer to make a prompt election more likely
I0403 04:30:42.758162 6644 raft_consensus.cc:705] T f98ef8a08fb74852a4a49a7616d8cc85 P 998b9e7c25de4a63b277c4a3606de0ef [term 0 FOLLOWER]: Becoming Follower/Learner. State: Replica: 998b9e7c25de4a63b277c4a3606de0ef, State: Initialized, Role: FOLLOWER
I0403 04:30:42.758442 6644 consensus_queue.cc:229] T f98ef8a08fb74852a4a49a7616d8cc85 P 998b9e7c25de4a63b277c4a3606de0ef [NON_LEADER]: Queue going to NON_LEADER mode. State: All replicated index: 0, Majority replicated index: 0, Committed index: 0, Last appended: 0.0, Last appended by leader: 0, Current term: 0, Majority size: -1, State: 0, Mode: NON_LEADER, active raft config: opid_index: -1 OBSOLETE_local: true peers { permanent_uuid: "998b9e7c25de4a63b277c4a3606de0ef" member_type: VOTER last_known_addr { host: "127.3.136.65" port: 38885 } }
I0403 04:30:42.758587 6644 raft_consensus.cc:380] T f98ef8a08fb74852a4a49a7616d8cc85 P 998b9e7c25de4a63b277c4a3606de0ef [term 0 FOLLOWER]: Only one voter in the Raft config. Triggering election immediately
I0403 04:30:42.758659 6644 raft_consensus.cc:472] T f98ef8a08fb74852a4a49a7616d8cc85 P 998b9e7c25de4a63b277c4a3606de0ef [term 0 FOLLOWER]: Starting leader election (initial election of a single-replica configuration)
I0403 04:30:42.758752 6644 raft_consensus.cc:2886] T f98ef8a08fb74852a4a49a7616d8cc85 P 998b9e7c25de4a63b277c4a3606de0ef [term 0 FOLLOWER]: Advancing to term 1
I0403 04:30:42.760504 6644 raft_consensus.cc:494] T f98ef8a08fb74852a4a49a7616d8cc85 P 998b9e7c25de4a63b277c4a3606de0ef [term 1 FOLLOWER]: Starting leader election with config: opid_index: -1 OBSOLETE_local: true peers { permanent_uuid: "998b9e7c25de4a63b277c4a3606de0ef" member_type: VOTER last_known_addr { host: "127.3.136.65" port: 38885 } }
I0403 04:30:42.760715 6644 leader_election.cc:310] T f98ef8a08fb74852a4a49a7616d8cc85 P 998b9e7c25de4a63b277c4a3606de0ef [CANDIDATE]: Term 1 election: Election decided. Result: candidate won. Election summary: received 1 responses out of 1 voters: 1 yes votes; 0 no votes. yes voters: 998b9e7c25de4a63b277c4a3606de0ef; no voters:
I0403 04:30:42.760917 6644 leader_election.cc:296] T f98ef8a08fb74852a4a49a7616d8cc85 P 998b9e7c25de4a63b277c4a3606de0ef [CANDIDATE]: Term 1 election: Requested vote from peers
I0403 04:30:42.760985 6647 raft_consensus.cc:2640] T f98ef8a08fb74852a4a49a7616d8cc85 P 998b9e7c25de4a63b277c4a3606de0ef [term 1 FOLLOWER]: Leader election won for term 1
I0403 04:30:42.761188 6647 raft_consensus.cc:667] T f98ef8a08fb74852a4a49a7616d8cc85 P 998b9e7c25de4a63b277c4a3606de0ef [term 1 LEADER]: Becoming Leader. State: Replica: 998b9e7c25de4a63b277c4a3606de0ef, State: Running, Role: LEADER
I0403 04:30:42.761406 6644 ts_tablet_manager.cc:1081] T f98ef8a08fb74852a4a49a7616d8cc85 P 998b9e7c25de4a63b277c4a3606de0ef: Time spent starting tablet: real 0.004s user 0.004s sys 0.000s
I0403 04:30:42.761370 6647 consensus_queue.cc:206] T f98ef8a08fb74852a4a49a7616d8cc85 P 998b9e7c25de4a63b277c4a3606de0ef [LEADER]: Queue going to LEADER mode. State: All replicated index: 0, Majority replicated index: 0, Committed index: 0, Last appended: 0.0, Last appended by leader: 0, Current term: 1, Majority size: 1, State: 0, Mode: LEADER, active raft config: opid_index: -1 OBSOLETE_local: true peers { permanent_uuid: "998b9e7c25de4a63b277c4a3606de0ef" member_type: VOTER last_known_addr { host: "127.3.136.65" port: 38885 } }
I0403 04:30:42.762948 6468 catalog_manager.cc:3977] T f98ef8a08fb74852a4a49a7616d8cc85 P 998b9e7c25de4a63b277c4a3606de0ef reported cstate change: term changed from 0 to 1, leader changed from to 998b9e7c25de4a63b277c4a3606de0ef (127.3.136.65). New cstate: current_term: 1 leader_uuid: "998b9e7c25de4a63b277c4a3606de0ef" committed_config { opid_index: -1 OBSOLETE_local: true peers { permanent_uuid: "998b9e7c25de4a63b277c4a3606de0ef" member_type: VOTER last_known_addr { host: "127.3.136.65" port: 38885 } health_report { overall_health: HEALTHY } } }
I0403 04:30:42.770529 6468 catalog_manager.cc:1416] Servicing CreateTable request from {username='slave'} at 127.0.0.1:49762: name: "A.B!" schema { columns { name: "foo" type: INT32 is_key: true is_nullable: false encoding: AUTO_ENCODING compression: DEFAULT_COMPRESSION cfile_block_size: 0 } } num_replicas: 1 split_rows_range_bounds { } partition_schema { range_schema { columns { name: "foo" } } }
I0403 04:30:42.775339 6568 tablet_service.cc:1006] Processing CreateTablet for tablet 34964e7ea2cf435abec787d3aa1cded2 (table=A.B! [id=d7bcf7c5c14e4a1da9dc626671f55e1f]), partition=RANGE (foo) PARTITION UNBOUNDED
I0403 04:30:42.775627 6568 data_dirs.cc:938] Could only allocate 1 dirs of requested 3 for tablet 34964e7ea2cf435abec787d3aa1cded2. 1 dirs total, 0 dirs full, 0 dirs failed
I0403 04:30:42.779309 6644 tablet_bootstrap.cc:439] T 34964e7ea2cf435abec787d3aa1cded2 P 998b9e7c25de4a63b277c4a3606de0ef: Bootstrap starting.
I0403 04:30:42.780354 6644 tablet_bootstrap.cc:590] T 34964e7ea2cf435abec787d3aa1cded2 P 998b9e7c25de4a63b277c4a3606de0ef: No blocks or log segments found. Creating new log.
I0403 04:30:42.781783 6644 tablet_bootstrap.cc:439] T 34964e7ea2cf435abec787d3aa1cded2 P 998b9e7c25de4a63b277c4a3606de0ef: No bootstrap required, opened a new log
I0403 04:30:42.781920 6644 ts_tablet_manager.cc:1053] T 34964e7ea2cf435abec787d3aa1cded2 P 998b9e7c25de4a63b277c4a3606de0ef: Time spent bootstrapping tablet: real 0.003s user 0.002s sys 0.000s
I0403 04:30:42.782462 6644 raft_consensus.cc:340] T 34964e7ea2cf435abec787d3aa1cded2 P 998b9e7c25de4a63b277c4a3606de0ef [term 0 FOLLOWER]: Replica starting. Triggering 0 pending transactions. Active config: opid_index: -1 OBSOLETE_local: true peers { permanent_uuid: "998b9e7c25de4a63b277c4a3606de0ef" member_type: VOTER last_known_addr { host: "127.3.136.65" port: 38885 } }
I0403 04:30:42.782569 6644 raft_consensus.cc:366] T 34964e7ea2cf435abec787d3aa1cded2 P 998b9e7c25de4a63b277c4a3606de0ef [term 0 FOLLOWER]: Consensus starting up: Expiring failure detector timer to make a prompt election more likely
I0403 04:30:42.782624 6644 raft_consensus.cc:705] T 34964e7ea2cf435abec787d3aa1cded2 P 998b9e7c25de4a63b277c4a3606de0ef [term 0 FOLLOWER]: Becoming Follower/Learner. State: Replica: 998b9e7c25de4a63b277c4a3606de0ef, State: Initialized, Role: FOLLOWER
I0403 04:30:42.782786 6644 consensus_queue.cc:229] T 34964e7ea2cf435abec787d3aa1cded2 P 998b9e7c25de4a63b277c4a3606de0ef [NON_LEADER]: Queue going to NON_LEADER mode. State: All replicated index: 0, Majority replicated index: 0, Committed index: 0, Last appended: 0.0, Last appended by leader: 0, Current term: 0, Majority size: -1, State: 0, Mode: NON_LEADER, active raft config: opid_index: -1 OBSOLETE_local: true peers { permanent_uuid: "998b9e7c25de4a63b277c4a3606de0ef" member_type: VOTER last_known_addr { host: "127.3.136.65" port: 38885 } }
I0403 04:30:42.782933 6644 raft_consensus.cc:380] T 34964e7ea2cf435abec787d3aa1cded2 P 998b9e7c25de4a63b277c4a3606de0ef [term 0 FOLLOWER]: Only one voter in the Raft config. Triggering election immediately
I0403 04:30:42.782995 6644 raft_consensus.cc:472] T 34964e7ea2cf435abec787d3aa1cded2 P 998b9e7c25de4a63b277c4a3606de0ef [term 0 FOLLOWER]: Starting leader election (initial election of a single-replica configuration)
I0403 04:30:42.783057 6644 raft_consensus.cc:2886] T 34964e7ea2cf435abec787d3aa1cded2 P 998b9e7c25de4a63b277c4a3606de0ef [term 0 FOLLOWER]: Advancing to term 1
I0403 04:30:42.784564 6644 raft_consensus.cc:494] T 34964e7ea2cf435abec787d3aa1cded2 P 998b9e7c25de4a63b277c4a3606de0ef [term 1 FOLLOWER]: Starting leader election with config: opid_index: -1 OBSOLETE_local: true peers { permanent_uuid: "998b9e7c25de4a63b277c4a3606de0ef" member_type: VOTER last_known_addr { host: "127.3.136.65" port: 38885 } }
I0403 04:30:42.784731 6644 leader_election.cc:310] T 34964e7ea2cf435abec787d3aa1cded2 P 998b9e7c25de4a63b277c4a3606de0ef [CANDIDATE]: Term 1 election: Election decided. Result: candidate won. Election summary: received 1 responses out of 1 voters: 1 yes votes; 0 no votes. yes voters: 998b9e7c25de4a63b277c4a3606de0ef; no voters:
I0403 04:30:42.784904 6644 leader_election.cc:296] T 34964e7ea2cf435abec787d3aa1cded2 P 998b9e7c25de4a63b277c4a3606de0ef [CANDIDATE]: Term 1 election: Requested vote from peers
I0403 04:30:42.784996 6647 raft_consensus.cc:2640] T 34964e7ea2cf435abec787d3aa1cded2 P 998b9e7c25de4a63b277c4a3606de0ef [term 1 FOLLOWER]: Leader election won for term 1
I0403 04:30:42.785202 6647 raft_consensus.cc:667] T 34964e7ea2cf435abec787d3aa1cded2 P 998b9e7c25de4a63b277c4a3606de0ef [term 1 LEADER]: Becoming Leader. State: Replica: 998b9e7c25de4a63b277c4a3606de0ef, State: Running, Role: LEADER
I0403 04:30:42.785429 6647 consensus_queue.cc:206] T 34964e7ea2cf435abec787d3aa1cded2 P 998b9e7c25de4a63b277c4a3606de0ef [LEADER]: Queue going to LEADER mode. State: All replicated index: 0, Majority replicated index: 0, Committed index: 0, Last appended: 0.0, Last appended by leader: 0, Current term: 1, Majority size: 1, State: 0, Mode: LEADER, active raft config: opid_index: -1 OBSOLETE_local: true peers { permanent_uuid: "998b9e7c25de4a63b277c4a3606de0ef" member_type: VOTER last_known_addr { host: "127.3.136.65" port: 38885 } }
I0403 04:30:42.785606 6644 ts_tablet_manager.cc:1081] T 34964e7ea2cf435abec787d3aa1cded2 P 998b9e7c25de4a63b277c4a3606de0ef: Time spent starting tablet: real 0.004s user 0.003s sys 0.000s
I0403 04:30:42.787793 6468 catalog_manager.cc:3977] T 34964e7ea2cf435abec787d3aa1cded2 P 998b9e7c25de4a63b277c4a3606de0ef reported cstate change: term changed from 0 to 1, leader changed from to 998b9e7c25de4a63b277c4a3606de0ef (127.3.136.65). New cstate: current_term: 1 leader_uuid: "998b9e7c25de4a63b277c4a3606de0ef" committed_config { opid_index: -1 OBSOLETE_local: true peers { permanent_uuid: "998b9e7c25de4a63b277c4a3606de0ef" member_type: VOTER last_known_addr { host: "127.3.136.65" port: 38885 } health_report { overall_health: HEALTHY } } }
I0403 04:30:43.370198 6468 catalog_manager.cc:2314] Servicing AlterTable request from {username='slave'} at 127.0.0.1:49768: table { table_name: "FOO.bar" } new_table_name: "foo.bar2" modify_external_catalogs: true
I0403 04:30:43.377923 6691 tablet.cc:1269] T 1d5d25f0457e448280292f2db2c86904 P 998b9e7c25de4a63b277c4a3606de0ef: Alter schema from ( 10:foo INT32 NOT NULL, PRIMARY KEY (foo) ) version 0 to ( 10:foo INT32 NOT NULL, PRIMARY KEY (foo) ) version 1
I0403 04:30:43.383611 6468 catalog_manager.cc:4423] T 00000000000000000000000000000000 P 10dd2b69327842a9b8112139d0a57418: foo.bar2 [id=d2772c02d29a4ad3ad0504a69bc6f79f] alter complete (version 1)
I0403 04:30:43.680246 6467 catalog_manager.cc:2314] Servicing AlterTable request from {username='slave'} at 127.0.0.1:49770: table { table_name: "foo.BAR" } new_table_name: "foo.bar3" modify_external_catalogs: true
I0403 04:30:43.684994 6691 tablet.cc:1269] T e1f1b5025d85481b9473eb6f9ed06f4a P 998b9e7c25de4a63b277c4a3606de0ef: Alter schema from ( 10:foo INT32 NOT NULL, PRIMARY KEY (foo) ) version 0 to ( 10:foo INT32 NOT NULL, PRIMARY KEY (foo) ) version 1
I0403 04:30:43.690279 6467 catalog_manager.cc:4423] T 00000000000000000000000000000000 P 10dd2b69327842a9b8112139d0a57418: foo.bar3 [id=4421c65000b042ca8df6f4bd056a7612] alter complete (version 1)
I0403 04:30:44.034262 3617 external_mini_cluster.cc:1172] Attempting to check leaks for /tmp/dist-test-tasks9LKQH/build/asan/bin/kudu-master pid 6442
I0403 04:30:44.035388 6498 generic_service.cc:171] Checking for leaks (request via RPC)
I0403 04:30:44.100147 3617 external_mini_cluster.cc:1131] Killing /tmp/dist-test-tasks9LKQH/build/asan/bin/kudu-master with pid 6442
I0403 04:30:44.111608 3617 external_mini_cluster.cc:933] Running /tmp/dist-test-tasks9LKQH/build/asan/bin/kudu-master /tmp/dist-test-tasks9LKQH/build/asan/bin/kudu-master --fs_wal_dir=/tmp/dist-test-tasks9LKQH/test-tmp/kudu-tool-test.0.ToolTest.TestHmsPrecheck.1554265799459872-3617/minicluster-data/master-0/wal --fs_data_dirs=/tmp/dist-test-tasks9LKQH/test-tmp/kudu-tool-test.0.ToolTest.TestHmsPrecheck.1554265799459872-3617/minicluster-data/master-0/data --block_manager=log --webserver_interface=localhost --ipki_ca_key_size=1024 --tsk_num_rsa_bits=512 --rpc_bind_addresses=127.3.136.126:38219 --webserver_interface=127.3.136.126 --webserver_port=45919 --never_fsync --ipki_server_key_size=1024 --enable_minidumps=false --redact=none --metrics_log_interval_ms=1000 --logtostderr --logbuflevel=-1 --log_dir=/tmp/dist-test-tasks9LKQH/test-tmp/kudu-tool-test.0.ToolTest.TestHmsPrecheck.1554265799459872-3617/minicluster-data/master-0/logs --server_dump_info_path=/tmp/dist-test-tasks9LKQH/test-tmp/kudu-tool-test.0.ToolTest.TestHmsPrecheck.1554265799459872-3617/minicluster-data/master-0/data/info.pb --server_dump_info_format=pb --rpc_server_allow_ephemeral_ports --unlock_experimental_flags --unlock_unsafe_flags --rpc_reuseport=true --hive_metastore_uris=thrift://127.0.0.1:37745 --hive_metastore_sasl_enabled=false with env {} WARNING: Logging before InitGoogleLogging() is written to STDERR
W0403 04:30:44.285959 6716 flags.cc:406] Enabled unsafe flag: --rpc_server_allow_ephemeral_ports=true
W0403 04:30:44.286201 6716 flags.cc:406] Enabled unsafe flag: --never_fsync=true
W0403 04:30:44.289662 6716 flags.cc:406] Enabled experimental flag: --hive_metastore_sasl_enabled=false
W0403 04:30:44.289759 6716 flags.cc:406] Enabled experimental flag: --hive_metastore_uris=thrift://127.0.0.1:37745
W0403 04:30:44.289868 6716 flags.cc:406] Enabled experimental flag: --ipki_ca_key_size=1024
W0403 04:30:44.289930 6716 flags.cc:406] Enabled experimental flag: --ipki_server_key_size=1024
W0403 04:30:44.289994 6716 flags.cc:406] Enabled experimental flag: --tsk_num_rsa_bits=512
W0403 04:30:44.290058 6716 flags.cc:406] Enabled experimental flag: --rpc_reuseport=true
I0403 04:30:44.294682 6716 master_main.cc:73] Master server non-default flags: --fs_data_dirs=/tmp/dist-test-tasks9LKQH/test-tmp/kudu-tool-test.0.ToolTest.TestHmsPrecheck.1554265799459872-3617/minicluster-data/master-0/data --fs_wal_dir=/tmp/dist-test-tasks9LKQH/test-tmp/kudu-tool-test.0.ToolTest.TestHmsPrecheck.1554265799459872-3617/minicluster-data/master-0/wal --hive_metastore_uris=thrift://127.0.0.1:37745 --ipki_ca_key_size=1024 --ipki_server_key_size=1024 --tsk_num_rsa_bits=512 --rpc_bind_addresses=127.3.136.126:38219 --rpc_reuseport=true --rpc_server_allow_ephemeral_ports=true --metrics_log_interval_ms=1000 --server_dump_info_format=pb --server_dump_info_path=/tmp/dist-test-tasks9LKQH/test-tmp/kudu-tool-test.0.ToolTest.TestHmsPrecheck.1554265799459872-3617/minicluster-data/master-0/data/info.pb --webserver_interface=127.3.136.126 --webserver_port=45919 --never_fsync=true --redact=none --unlock_experimental_flags=true --unlock_unsafe_flags=true --enable_minidumps=false --log_dir=/tmp/dist-test-tasks9LKQH/test-tmp/kudu-tool-test.0.ToolTest.TestHmsPrecheck.1554265799459872-3617/minicluster-data/master-0/logs --logbuflevel=-1 --logtostderr=true Master server version: kudu 1.10.0-cdh6.x-SNAPSHOT revision 0352bd622196e5ae299faf22e5564590d013ed73 build type FASTDEBUG built by jenkins at 02 Apr 2019 20:47:09 PST on quasar-daxdrg-1.vpc.cloudera.com build id 302510 ASAN enabled
I0403 04:30:44.300833 6716 system_ntp.cc:199] NTP initialized. Skew: 500ppm Current error: 224135us
I0403 04:30:44.302039 6716 fs_manager.cc:263] Metadata directory not provided
I0403 04:30:44.302130 6716 fs_manager.cc:269] Using write-ahead log directory (fs_wal_dir) as metadata directory
I0403 04:30:44.307467 6716 fs_manager.cc:399] Time spent opening directory manager: real 0.004s user 0.002s sys 0.002s
I0403 04:30:44.308145 6716 env_posix.cc:1676] Not raising this process' open files per process limit of 1048576; it is already as high as it can go
I0403 04:30:44.308733 6716 file_cache.cc:466] Constructed file cache lbm with capacity 419430
I0403 04:30:44.311596 6716 fs_manager.cc:419] Time spent opening block manager: real 0.002s user 0.001s sys 0.000s
I0403 04:30:44.311669 6716 fs_manager.cc:436] Opened local filesystem: /tmp/dist-test-tasks9LKQH/test-tmp/kudu-tool-test.0.ToolTest.TestHmsPrecheck.1554265799459872-3617/minicluster-data/master-0/data,/tmp/dist-test-tasks9LKQH/test-tmp/kudu-tool-test.0.ToolTest.TestHmsPrecheck.1554265799459872-3617/minicluster-data/master-0/wal uuid: "10dd2b69327842a9b8112139d0a57418" format_stamp: "Formatted at 2019-04-03 04:30:42 on dist-test-slave-dist-test-slave-1l7r"
I0403 04:30:44.312752 6716 fs_report.cc:352] FS layout report -------------------- wal directory: /tmp/dist-test-tasks9LKQH/test-tmp/kudu-tool-test.0.ToolTest.TestHmsPrecheck.1554265799459872-3617/minicluster-data/master-0/wal metadata directory: /tmp/dist-test-tasks9LKQH/test-tmp/kudu-tool-test.0.ToolTest.TestHmsPrecheck.1554265799459872-3617/minicluster-data/master-0/wal 1 data directories: /tmp/dist-test-tasks9LKQH/test-tmp/kudu-tool-test.0.ToolTest.TestHmsPrecheck.1554265799459872-3617/minicluster-data/master-0/data/data Total live blocks: 0 Total live bytes: 0 Total live bytes (after alignment): 0 Total number of LBM containers: 0 (0 full) Did not check for missing blocks Did not check for orphaned blocks Total full LBM containers with extra space: 0 (0 repaired) Total full LBM container extra space in bytes: 0 (0 repaired) Total incomplete LBM containers: 0 (0 repaired) Total LBM partial records: 0 (0 repaired)
I0403 04:30:44.338182 6716 env_posix.cc:1676] Not raising this process' running threads per effective uid limit of 18446744073709551615; it is already as high as it can go
I0403 04:30:44.352955 6716 rpc_server.cc:205] RPC server started. Bound to: 127.3.136.126:38219
I0403 04:30:44.353971 6716 webserver.cc:308] Webserver started at http://127.3.136.126:45919/ using document root and password file
I0403 04:30:44.354679 6716 server_base.cc:608] Dumped server information to /tmp/dist-test-tasks9LKQH/test-tmp/kudu-tool-test.0.ToolTest.TestHmsPrecheck.1554265799459872-3617/minicluster-data/master-0/data/info.pb
I0403 04:30:44.361980 6775 tablet_bootstrap.cc:439] T 00000000000000000000000000000000 P 10dd2b69327842a9b8112139d0a57418: Bootstrap starting.
I0403 04:30:44.364825 3617 external_mini_cluster.cc:995] Started /tmp/dist-test-tasks9LKQH/build/asan/bin/kudu-master as pid 6716
I0403 04:30:44.383203 6775 log.cc:525] T 00000000000000000000000000000000 P 10dd2b69327842a9b8112139d0a57418: Log is configured to *not* fsync() on all Append() calls
I0403 04:30:44.414714 6775 tablet_bootstrap.cc:439] T 00000000000000000000000000000000 P 10dd2b69327842a9b8112139d0a57418: Bootstrap replayed 1/1 log segments. Stats: ops{read=32 overwritten=0 applied=32 ignored=0} inserts{seen=18 ignored=0} mutations{seen=21 ignored=0} orphaned_commits=0. Pending: 0 replicates
I0403 04:30:44.415176 6775 tablet_bootstrap.cc:439] T 00000000000000000000000000000000 P 10dd2b69327842a9b8112139d0a57418: Bootstrap complete.
I0403 04:30:44.422813 6775 raft_consensus.cc:340] T 00000000000000000000000000000000 P 10dd2b69327842a9b8112139d0a57418 [term 1 FOLLOWER]: Replica starting. Triggering 0 pending transactions. Active config: opid_index: -1 OBSOLETE_local: true peers { permanent_uuid: "10dd2b69327842a9b8112139d0a57418" member_type: VOTER }
I0403 04:30:44.423712 6775 raft_consensus.cc:705] T 00000000000000000000000000000000 P 10dd2b69327842a9b8112139d0a57418 [term 1 FOLLOWER]: Becoming Follower/Learner. State: Replica: 10dd2b69327842a9b8112139d0a57418, State: Initialized, Role: FOLLOWER
I0403 04:30:44.424192 6775 consensus_queue.cc:229] T 00000000000000000000000000000000 P 10dd2b69327842a9b8112139d0a57418 [NON_LEADER]: Queue going to NON_LEADER mode. State: All replicated index: 0, Majority replicated index: 0, Committed index: 32, Last appended: 1.32, Last appended by leader: 32, Current term: 0, Majority size: -1, State: 0, Mode: NON_LEADER, active raft config: opid_index: -1 OBSOLETE_local: true peers { permanent_uuid: "10dd2b69327842a9b8112139d0a57418" member_type: VOTER }
I0403 04:30:44.424387 6775 raft_consensus.cc:380] T 00000000000000000000000000000000 P 10dd2b69327842a9b8112139d0a57418 [term 1 FOLLOWER]: Only one voter in the Raft config. Triggering election immediately
I0403 04:30:44.424484 6775 raft_consensus.cc:472] T 00000000000000000000000000000000 P 10dd2b69327842a9b8112139d0a57418 [term 1 FOLLOWER]: Starting leader election (initial election of a single-replica configuration)
I0403 04:30:44.424614 6775 raft_consensus.cc:2886] T 00000000000000000000000000000000 P 10dd2b69327842a9b8112139d0a57418 [term 1 FOLLOWER]: Advancing to term 2
I0403 04:30:44.430421 6775 raft_consensus.cc:494] T 00000000000000000000000000000000 P 10dd2b69327842a9b8112139d0a57418 [term 2 FOLLOWER]: Starting leader election with config: opid_index: -1 OBSOLETE_local: true peers { permanent_uuid: "10dd2b69327842a9b8112139d0a57418" member_type: VOTER }
I0403 04:30:44.431006 6775 leader_election.cc:310] T 00000000000000000000000000000000 P 10dd2b69327842a9b8112139d0a57418 [CANDIDATE]: Term 2 election: Election decided. Result: candidate won. Election summary: received 1 responses out of 1 voters: 1 yes votes; 0 no votes. yes voters: 10dd2b69327842a9b8112139d0a57418; no voters:
I0403 04:30:44.431969 6779 raft_consensus.cc:2640] T 00000000000000000000000000000000 P 10dd2b69327842a9b8112139d0a57418 [term 2 FOLLOWER]: Leader election won for term 2
I0403 04:30:44.432353 6775 leader_election.cc:296] T 00000000000000000000000000000000 P 10dd2b69327842a9b8112139d0a57418 [CANDIDATE]: Term 2 election: Requested vote from peers
I0403 04:30:44.433145 6779 raft_consensus.cc:667] T 00000000000000000000000000000000 P 10dd2b69327842a9b8112139d0a57418 [term 2 LEADER]: Becoming Leader. State: Replica: 10dd2b69327842a9b8112139d0a57418, State: Running, Role: LEADER
I0403 04:30:44.433656 6779 consensus_queue.cc:206] T 00000000000000000000000000000000 P 10dd2b69327842a9b8112139d0a57418 [LEADER]: Queue going to LEADER mode. State: All replicated index: 0, Majority replicated index: 32, Committed index: 32, Last appended: 1.32, Last appended by leader: 32, Current term: 2, Majority size: 1, State: 0, Mode: LEADER, active raft config: opid_index: -1 OBSOLETE_local: true peers { permanent_uuid: "10dd2b69327842a9b8112139d0a57418" member_type: VOTER }
I0403 04:30:44.436362 6780 sys_catalog.cc:337] T 00000000000000000000000000000000 P 10dd2b69327842a9b8112139d0a57418 [sys.catalog]: SysCatalogTable state changed. Reason: RaftConsensus started. Latest consensus state: current_term: 2 leader_uuid: "10dd2b69327842a9b8112139d0a57418" committed_config { opid_index: -1 OBSOLETE_local: true peers { permanent_uuid: "10dd2b69327842a9b8112139d0a57418" member_type: VOTER } }
I0403 04:30:44.436941 6780 sys_catalog.cc:340] T 00000000000000000000000000000000 P 10dd2b69327842a9b8112139d0a57418 [sys.catalog]: This master's current role is: LEADER
I0403 04:30:44.437743 6775 sys_catalog.cc:337] T 00000000000000000000000000000000 P 10dd2b69327842a9b8112139d0a57418 [sys.catalog]: SysCatalogTable state changed. Reason: Started TabletReplica. Latest consensus state: current_term: 2 leader_uuid: "10dd2b69327842a9b8112139d0a57418" committed_config { opid_index: -1 OBSOLETE_local: true peers { permanent_uuid: "10dd2b69327842a9b8112139d0a57418" member_type: VOTER } }
I0403 04:30:44.438030 6775 sys_catalog.cc:340] T 00000000000000000000000000000000 P 10dd2b69327842a9b8112139d0a57418 [sys.catalog]: This master's current role is: LEADER
I0403 04:30:44.437762 6781 sys_catalog.cc:337] T 00000000000000000000000000000000 P 10dd2b69327842a9b8112139d0a57418 [sys.catalog]: SysCatalogTable state changed. Reason: New leader 10dd2b69327842a9b8112139d0a57418. Latest consensus state: current_term: 2 leader_uuid: "10dd2b69327842a9b8112139d0a57418" committed_config { opid_index: -1 OBSOLETE_local: true peers { permanent_uuid: "10dd2b69327842a9b8112139d0a57418" member_type: VOTER } }
I0403 04:30:44.438119 6781 sys_catalog.cc:340] T 00000000000000000000000000000000 P 10dd2b69327842a9b8112139d0a57418 [sys.catalog]: This master's current role is: LEADER
I0403 04:30:44.439275 6775 sys_catalog.cc:424] T 00000000000000000000000000000000 P 10dd2b69327842a9b8112139d0a57418 [sys.catalog]: configured and running, proceeding with master startup.
I0403 04:30:44.439466 6785 catalog_manager.cc:1055] Loading table and tablet metadata into memory...
I0403 04:30:44.445333 6785 catalog_manager.cc:354] Loaded metadata for table foo.bar3 [id=4421c65000b042ca8df6f4bd056a7612]
I0403 04:30:44.445624 6785 catalog_manager.cc:354] Loaded metadata for table a.b [id=6e8c7f3b880d4a4da61309b4203d9f1e]
I0403 04:30:44.445865 6785 catalog_manager.cc:354] Loaded metadata for table fuzz [id=89c55700952c4e0396a01699171aa631]
I0403 04:30:44.446149 6785 catalog_manager.cc:354] Loaded metadata for table foo.bar [id=96705529c3e94be6b29e4620b13ad220]
I0403 04:30:44.446452 6785 catalog_manager.cc:354] Loaded metadata for table FUZZ [id=a5a4648b947640c58ec6e83b05a101f4]
I0403 04:30:44.446795 6785 catalog_manager.cc:354] Loaded metadata for table a.b! [id=a6600e2795f445fc83177497e0c0277b]
I0403 04:30:44.447064 6785 catalog_manager.cc:354] Loaded metadata for table foo.bar2 [id=d2772c02d29a4ad3ad0504a69bc6f79f]
I0403 04:30:44.447351 6785 catalog_manager.cc:354] Loaded metadata for table A.B! [id=d7bcf7c5c14e4a1da9dc626671f55e1f]
I0403 04:30:44.449273 6785 catalog_manager.cc:408] Loaded metadata for tablet 1d5d25f0457e448280292f2db2c86904 (table foo.bar2 [id=d2772c02d29a4ad3ad0504a69bc6f79f])
I0403 04:30:44.449551 6785 catalog_manager.cc:408] Loaded metadata for tablet 1fb52711cb4843edaf117ecf9e2d5614 (table foo.bar [id=96705529c3e94be6b29e4620b13ad220])
I0403 04:30:44.449774 6785 catalog_manager.cc:408] Loaded metadata for tablet 34964e7ea2cf435abec787d3aa1cded2 (table A.B! [id=d7bcf7c5c14e4a1da9dc626671f55e1f])
I0403 04:30:44.450027 6785 catalog_manager.cc:408] Loaded metadata for tablet 3936e68084424ee28622d192a7574764 (table a.b [id=6e8c7f3b880d4a4da61309b4203d9f1e])
I0403 04:30:44.450309 6785 catalog_manager.cc:408] Loaded metadata for tablet 3ca801901e0d45d6beada436f77fba1e (table fuzz [id=89c55700952c4e0396a01699171aa631])
I0403 04:30:44.450579 6785 catalog_manager.cc:408] Loaded metadata for tablet 89261dfca2f840b9bdd80558f080297b (table FUZZ [id=a5a4648b947640c58ec6e83b05a101f4])
I0403 04:30:44.450886 6785 catalog_manager.cc:408] Loaded metadata for tablet e1f1b5025d85481b9473eb6f9ed06f4a (table foo.bar3 [id=4421c65000b042ca8df6f4bd056a7612])
I0403 04:30:44.451192 6785 catalog_manager.cc:408] Loaded metadata for tablet f98ef8a08fb74852a4a49a7616d8cc85 (table a.b! [id=a6600e2795f445fc83177497e0c0277b])
I0403 04:30:44.451375 6785 catalog_manager.cc:1066] Initializing Kudu internal certificate authority...
I0403 04:30:44.454913 6785 catalog_manager.cc:1075] Loading token signing keys...
I0403 04:30:44.456331 6785 catalog_manager.cc:4292] T 00000000000000000000000000000000 P 10dd2b69327842a9b8112139d0a57418: Loaded TSK: 0
I0403 04:30:44.459014 6788 hms_notification_log_listener.cc:228] Skipping Hive Metastore notification log poll: Service unavailable: Catalog manager is not initialized. State: Starting
